186.103.157.39 - - [24/Jul/2018:10:22:59 -0300] "GET /cormun/static/Resources/PXToolsLoginBottom.png HTTP/1.1" 200 1389
186.103.157.39 - - [24/Jul/2018:10:22:59 -0300] "GET /cormun/static/Resources/PXToolsButtonLeft21.png HTTP/1.1" 200 1287
186.103.157.39 - - [24/Jul/2018:10:22:59 -0300] "GET /cormun/static/Resources/PXToolsLoginBackground.png HTTP/1.1" 200 1164
186.103.157.39 - - [24/Jul/2018:10:22:59 -0300] "GET /cormun/static/Resources/PXToolsButtonRight21.png HTTP/1.1" 200 1283
186.103.157.39 - - [24/Jul/2018:10:22:59 -0300] "GET /cormun/static/Resources/PXToolsButtonBackground2.png HTTP/1.1" 200 1181
186.103.157.39 - - [24/Jul/2018:10:22:59 -0300] "GET /cormun/static/Resources/PXToolsLoginTop.png HTTP/1.1" 200 1337
186.103.157.39 - - [24/Jul/2018:10:23:00 -0300] "GET /cormun/static/Resources/indicator.gif HTTP/1.1" 200 1553
186.103.157.39 - - [24/Jul/2018:10:23:00 -0300] "GET /cormun/servlet/hlogin HTTP/1.1" 200 1725
186.103.157.39 - - [24/Jul/2018:10:23:01 -0300] "GET /favicon.ico HTTP/1.1" 200 21630
192.168.10.96 - - [24/Jul/2018:10:23:05 -0300] "POST /digitalizacion/servlet/trdocumentos?d0ea55d53e43a44a4fa3eb1d17a8ef4f,,gx-no-cache=1532438372195 HTTP/1.1" 200 4335
192.168.10.96 - - [24/Jul/2018:10:23:09 -0300] "GET /digitalizacion/servlet/wbadjunto?6033,PU HTTP/1.1" 302 -
192.168.10.96 - - [24/Jul/2018:10:23:10 -0300] "GET /digitalizacion/PublicTempStorage/8461039.tmp HTTP/1.1" 200 802991
186.103.157.39 - - [24/Jul/2018:10:23:13 -0300] "POST /cormun/servlet/hlogin?2098c4e94189caa75dbc66b64c57c47f,gx-no-cache=1532438520677 HTTP/1.1" 200 90
186.103.157.39 - - [24/Jul/2018:10:23:13 -0300] "GET /cormun/servlet/hpexe_link HTTP/1.1" 200 945
186.103.157.39 - - [24/Jul/2018:10:23:13 -0300] "GET /cormun/static/gxcfg.js?20177612121792 HTTP/1.1" 200 953
186.103.157.39 - - [24/Jul/2018:10:23:13 -0300] "GET /cormun/static/hpexe_link.js?20177612121795 HTTP/1.1" 200 625
186.103.157.39 - - [24/Jul/2018:10:23:13 -0300] "GET /cormun/static/Resources/Spanish/PXTools.css?1155365 HTTP/1.1" 200 89042
186.103.157.39 - - [24/Jul/2018:10:23:13 -0300] "GET /cormun/servlet/hhome HTTP/1.1" 200 3936
186.103.157.39 - - [24/Jul/2018:10:23:13 -0300] "GET /cormun/static/Shared/jqueryui/jquery-ui.min.css?1245370 HTTP/1.1" 200 30288
186.103.157.39 - - [24/Jul/2018:10:23:13 -0300] "GET /cormun/static/SmoothNavMenu/resources/ddsmoothmenu.css?1012540 HTTP/1.1" 200 2223
186.103.157.39 - - [24/Jul/2018:10:23:13 -0300] "GET /cormun/static/scaMessage/css/jquery.pnotify.default.css?1716380 HTTP/1.1" 200 1707
186.103.157.39 - - [24/Jul/2018:10:23:13 -0300] "GET /cormun/static/SmoothNavMenu/resources/ddsmoothmenu-v.css?1012540 HTTP/1.1" 200 1188
186.103.157.39 - - [24/Jul/2018:10:23:13 -0300] "GET /cormun/static/gxcfg.js?20175251212442 HTTP/1.1" 200 953
186.103.157.39 - - [24/Jul/2018:10:23:13 -0300] "GET /cormun/static/PXToolsJavascripts/pexe_autoreload.js HTTP/1.1" 200 1762
186.103.157.39 - - [24/Jul/2018:10:23:13 -0300] "GET /cormun/static/PXToolsJavascripts/pexe_cookies.js HTTP/1.1" 200 792
186.103.157.39 - - [24/Jul/2018:10:23:13 -0300] "GET /cormun/static/PXToolsJavascripts/pexe_windows.js HTTP/1.1" 200 15207
186.103.157.39 - - [24/Jul/2018:10:23:13 -0300] "GET /cormun/static/PXToolsJavascripts/pexe_grid.js HTTP/1.1" 200 7559
186.103.157.39 - - [24/Jul/2018:10:23:13 -0300] "GET /cormun/static/PXToolsJavascripts/pexe_griddivfix.js HTTP/1.1" 200 6644
186.103.157.39 - - [24/Jul/2018:10:23:13 -0300] "GET /cormun/static/PXToolsJavascripts/pexe_menus.js HTTP/1.1" 200 1286
186.103.157.39 - - [24/Jul/2018:10:23:13 -0300] "GET /cormun/static/PXToolsJavascripts/pexe_link.js HTTP/1.1" 200 5671
186.103.157.39 - - [24/Jul/2018:10:23:13 -0300] "GET /cormun/static/PXToolsJavascripts/pexe_menudivfix.js HTTP/1.1" 200 333
186.103.157.39 - - [24/Jul/2018:10:23:14 -0300] "GET /cormun/static/PXToolsJavascripts/pexe_oav.js HTTP/1.1" 200 645
186.103.157.39 - - [24/Jul/2018:10:23:14 -0300] "GET /cormun/static/PXToolsJavascripts/pexe_layers.js HTTP/1.1" 200 4114
186.103.157.39 - - [24/Jul/2018:10:23:14 -0300] "GET /cormun/static/PXToolsJavascripts/pexe_scrolldiv.js HTTP/1.1" 200 4138
186.103.157.39 - - [24/Jul/2018:10:23:14 -0300] "GET /cormun/static/PXToolsJavascripts/pexe_popup.js HTTP/1.1" 200 13458
186.103.157.39 - - [24/Jul/2018:10:23:14 -0300] "GET /cormun/static/PXToolsJavascripts/pexe_picture.js HTTP/1.1" 200 689
186.103.157.39 - - [24/Jul/2018:10:23:14 -0300] "GET /cormun/static/PXToolsJavascripts/pexe_oavdivfix.js HTTP/1.1" 200 639
186.103.157.39 - - [24/Jul/2018:10:23:14 -0300] "GET /cormun/static/PXToolsJavascripts/pexe_tabdivfix.js HTTP/1.1" 200 876
186.103.157.39 - - [24/Jul/2018:10:23:14 -0300] "GET /cormun/static/PXToolsJavascripts/pexe_tabs.js HTTP/1.1" 200 3748
186.103.157.39 - - [24/Jul/2018:10:23:14 -0300] "GET /cormun/static/PXToolsJavascripts/pexe_upload.js HTTP/1.1" 200 1423
186.103.157.39 - - [24/Jul/2018:10:23:14 -0300] "GET /cormun/static/PXToolsJavascripts/PXToolsJavascriptsRender.js HTTP/1.1" 200 367
186.103.157.39 - - [24/Jul/2018:10:23:14 -0300] "GET /cormun/static/Resources/logo4.png HTTP/1.1" 200 6582
186.103.157.39 - - [24/Jul/2018:10:23:14 -0300] "GET /cormun/static/Resources/PXToolsHeaderActionsLeft.png HTTP/1.1" 200 1118
186.103.157.39 - - [24/Jul/2018:10:23:14 -0300] "GET /cormun/static/RunJS/RunJS.js HTTP/1.1" 200 288
186.103.157.39 - - [24/Jul/2018:10:23:14 -0300] "GET /cormun/static/Shared/ext/locale/ext-lang-en.js HTTP/1.1" 200 10940
186.103.157.39 - - [24/Jul/2018:10:23:14 -0300] "GET /cormun/static/Resources/PXToolsFooterBackground2.png HTTP/1.1" 200 1172
186.103.157.39 - - [24/Jul/2018:10:23:14 -0300] "GET /cormun/static/Resources/PXToolsHeaderBackground2.png HTTP/1.1" 200 1174
186.103.157.39 - - [24/Jul/2018:10:23:14 -0300] "GET /cormun/static/Resources/PXToolsDataTitle.png HTTP/1.1" 200 1173
186.79.112.71 - - [24/Jul/2018:10:23:14 -0300] "GET /cormun/servlet/trlicencias? HTTP/1.1" 200 9083
186.103.157.39 - - [24/Jul/2018:10:23:15 -0300] "GET /cormun/static/Resources/PXToolsHeaderActionsBackground.png HTTP/1.1" 200 484
186.103.157.39 - - [24/Jul/2018:10:23:15 -0300] "GET /cormun/static/Resources/PXToolsHeaderSecurity.png HTTP/1.1" 200 4166
186.103.157.39 - - [24/Jul/2018:10:23:15 -0300] "GET /cormun/static/Resources/PXToolsHeaderHome.png HTTP/1.1" 200 4147
186.103.157.39 - - [24/Jul/2018:10:23:15 -0300] "GET /cormun/static/Resources/PXToolsHeaderPreferences.png HTTP/1.1" 200 4189
186.79.112.71 - - [24/Jul/2018:10:23:15 -0300] "GET /cormun/servlet/trlicencias? HTTP/1.1" 200 9082
186.103.157.39 - - [24/Jul/2018:10:23:15 -0300] "GET /cormun/static/Resources/PXToolsHeaderLogin.png HTTP/1.1" 200 4279
186.103.157.39 - - [24/Jul/2018:10:23:15 -0300] "GET /cormun/static/Resources/PXToolsHeaderActionsRight.png HTTP/1.1" 200 1201
186.103.157.39 - - [24/Jul/2018:10:23:15 -0300] "GET /cormun/static/hhome.js?20175251212450 HTTP/1.1" 200 777
186.103.157.39 - - [24/Jul/2018:10:23:15 -0300] "GET /cormun/static/hwchdr01.js?201752511465785 HTTP/1.1" 200 1183
186.103.157.39 - - [24/Jul/2018:10:23:16 -0300] "GET /cormun/static/hpexe_recentlink.js?20177611595044 HTTP/1.1" 200 2144
186.103.157.39 - - [24/Jul/2018:10:23:16 -0300] "GET /cormun/static/hpexe_scripts.js?201752511465715 HTTP/1.1" 200 1544
186.103.157.39 - - [24/Jul/2018:10:23:16 -0300] "GET /cormun/static/hpexe_messagecontroller.js?20177611595012 HTTP/1.1" 200 870
186.103.157.39 - - [24/Jul/2018:10:23:16 -0300] "GET /cormun/static/hpexe_messagepopupcomponent.js?20161017169425 HTTP/1.1" 200 605
186.103.157.39 - - [24/Jul/2018:10:23:16 -0300] "GET /cormun/static/hpexe_messagegenexuscomponent.js?201752511465344 HTTP/1.1" 200 587
186.103.157.39 - - [24/Jul/2018:10:23:16 -0300] "GET /cormun/static/cmcontrolpreferences.js?201752511465670 HTTP/1.1" 200 1375
186.103.157.39 - - [24/Jul/2018:10:23:16 -0300] "GET /cormun/static/Shared/jquery/jquery-1.4.2.min.js HTTP/1.1" 200 72174
186.103.157.39 - - [24/Jul/2018:10:23:16 -0300] "GET /cormun/static/SmoothNavMenu/resources/ddsmoothmenu.js HTTP/1.1" 200 12712
186.103.157.39 - - [24/Jul/2018:10:23:17 -0300] "GET /cormun/static/gxui/gxui-all.js HTTP/1.1" 200 107772
186.103.157.39 - - [24/Jul/2018:10:23:17 -0300] "GET /cormun/static/SmoothNavMenu/resources/SmoothNavMenuRender.js HTTP/1.1" 200 5951
186.103.157.39 - - [24/Jul/2018:10:23:17 -0300] "GET /cormun/static/scaMessage/js/jquery.pnotify.min.js HTTP/1.1" 200 13038
186.103.157.39 - - [24/Jul/2018:10:23:18 -0300] "GET /cormun/static/scaMessage/scaMessageRender.js HTTP/1.1" 200 11977
186.103.157.39 - - [24/Jul/2018:10:23:18 -0300] "GET /cormun/static/hmpwkw03.js?20177612122668 HTTP/1.1" 200 3965
186.103.157.39 - - [24/Jul/2018:10:23:19 -0300] "GET /cormun/static/Shared/jquery/jquery-1.10.2.min.js HTTP/1.1" 200 273199
186.79.112.71 - - [24/Jul/2018:10:23:19 -0300] "POST /cormun/servlet/trlicencias?3128a939a7a538c7b34c4c2a2a254283,,gx-no-cache=1532434924995 HTTP/1.1" 200 6339
186.79.112.71 - - [24/Jul/2018:10:23:20 -0300] "GET /cormun/static/Shared/jqueryui/images/ui-bg_highlight-soft_100_c6c2c8_1x100.png HTTP/1.1" 404 1117
186.79.112.71 - - [24/Jul/2018:10:23:20 -0300] "GET /cormun/static/Shared/jqueryui/images/ui-icons_82798d_256x240.png HTTP/1.1" 404 1089
186.79.112.71 - - [24/Jul/2018:10:23:20 -0300] "GET /cormun/static/Shared/jqueryui/images/ui-bg_flat_55_fafafa_40x100.png HTTP/1.1" 404 1097
186.79.112.71 - - [24/Jul/2018:10:23:20 -0300] "GET /cormun/static/Shared/jqueryui/images/ui-icons_8d78a5_256x240.png HTTP/1.1" 404 1089
186.103.157.39 - - [24/Jul/2018:10:23:21 -0300] "GET /cormun/static/Shared/ext/ext-all.js HTTP/1.1" 200 1289687
186.79.112.71 - - [24/Jul/2018:10:23:22 -0300] "GET /cormun/servlet/alicenciaprn?13302901,L,20180724000000,PU HTTP/1.1" 200 1528
186.103.157.235 - - [24/Jul/2018:10:23:47 -0300] "GET /cormun/servlet/licenciaspermisos?f068a3a836e9f7ae91ebc8149c4123e897ec5b4bea299f177d53da9d1fec2968936366b86a6d54e0bc6d836f950c7d3b2dfe75631917cde7a769b26d7af470a6fe7e25d281ab7f639ec0ae781471b3f2bc9050104d54f76fe627678e0e9c8fe94af1af77ea93def9cf9c2204813989f9149cd0a07782f1a682a52f82657c402a3629b571afbeba41489c5c826d4160cd0bd71c1c0b1cd98e9acb4315390b8033269cf9a6ff6d5c0c1af18173bf4a6226,gx-no-cache=1532438554405 HTTP/1.1" 200 30
186.103.157.235 - - [24/Jul/2018:10:23:47 -0300] "GET /cormun/servlet/licenciaspermisos?f068a3a836e9f7ae91ebc8149c4123e8fcce60923dd792ba5419c17d6e29e92dc0d09e2cda4cc777f72605eee537d5781886ea0a8176704f737e8bd2a781096828dfbb8f0b0d1174ff7af19f176e54443f28239290431c197175803ea86adf1bd3ce93450bddcfa11a97404117bc8983a9abb8ad6365aa7fafcb035105750c09113bf7b6ba06e02038a7a6d62612f42b29843ee543046f81cc3de57e8f6fb501ce1e1b22f99fd711556dabeeb92d0e30,gx-no-cache=1532438555466 HTTP/1.1" 200 29
186.103.157.235 - - [24/Jul/2018:10:23:57 -0300] "POST /cormun/servlet/licenciaspermisos?41b6d89e6614e8cc54ae8c0b70901642,INS,0,,,,gx-no-cache=1532438555504 HTTP/1.1" 200 93
186.103.157.235 - - [24/Jul/2018:10:23:57 -0300] "GET /cormun/servlet/hpexe_return? HTTP/1.1" 200 1015
186.103.157.235 - - [24/Jul/2018:10:23:57 -0300] "GET /cormun/static/gxcfg.js?2016101716175148 HTTP/1.1" 200 953
186.103.157.235 - - [24/Jul/2018:10:23:57 -0300] "GET /cormun/static/Resources/Spanish/PXTools.css?167811 HTTP/1.1" 200 89042
186.103.157.235 - - [24/Jul/2018:10:23:57 -0300] "GET /cormun/static/hpexe_return.js?2016101716175153 HTTP/1.1" 200 1633
186.103.157.235 - - [24/Jul/2018:10:23:57 -0300] "GET /cormun/servlet/trlicencias HTTP/1.1" 200 10800
186.103.157.235 - - [24/Jul/2018:10:23:57 -0300] "GET /cormun//static/Resources/PXToolsGridUpdate.png HTTP/1.1" 200 2984
186.103.157.235 - - [24/Jul/2018:10:23:58 -0300] "GET /cormun/servlet/trlicencias HTTP/1.1" 200 10795
186.103.157.235 - - [24/Jul/2018:10:23:58 -0300] "GET /cormun//static/Resources/PXToolsGridDelete.png HTTP/1.1" 200 357
192.168.10.96 - - [24/Jul/2018:10:23:59 -0300] "POST /digitalizacion/servlet/trdocumentos?d0ea55d53e43a44a4fa3eb1d17a8ef4f,,gx-no-cache=1532438426242 HTTP/1.1" 200 4263
192.168.10.96 - - [24/Jul/2018:10:24:06 -0300] "GET /digitalizacion/servlet/wbadjunto?4687,PU HTTP/1.1" 302 -
192.168.10.96 - - [24/Jul/2018:10:24:06 -0300] "GET /digitalizacion/PublicTempStorage/9155264.tmp HTTP/1.1" 200 943205
164.77.113.188 - - [24/Jul/2018:10:24:15 -0300] "GET /cormun/static/menuarrow.gif HTTP/1.1" 404 1015
190.101.8.3 - - [24/Jul/2018:10:24:21 -0300] "GET /cormun/servlet/hlogin HTTP/1.1" 200 1722
190.101.8.3 - - [24/Jul/2018:10:24:22 -0300] "POST /cormun/servlet/hlogin?51cafb61bb337da9b9c7f09af5acd53c,gx-no-cache=1532438589033 HTTP/1.1" 200 90
190.101.8.3 - - [24/Jul/2018:10:24:22 -0300] "GET /cormun/servlet/hpexe_link HTTP/1.1" 200 958
190.101.8.3 - - [24/Jul/2018:10:24:23 -0300] "GET /cormun/servlet/trlicencias HTTP/1.1" 200 21685
190.101.8.3 - - [24/Jul/2018:10:24:24 -0300] "GET /cormun/servlet/trlicencias HTTP/1.1" 200 21699
186.103.159.182 - - [24/Jul/2018:10:24:26 -0300] "GET /cormun/servlet/solicitudot?7fb24c117c955969039a33ffc1d243cc8a4f257976f17a7037719af1ec0236fbbeed61b65a18fd62eda95cc52fcd88f4,gx-no-cache=1532438595862 HTTP/1.1" 200 30
190.101.8.3 - - [24/Jul/2018:10:24:30 -0300] "GET /cormun/servlet/licenciaspermisos?INS,0,,, HTTP/1.1" 200 7879
190.101.8.3 - - [24/Jul/2018:10:24:30 -0300] "GET /cormun/servlet/licenciaspermisos?INS,0,,, HTTP/1.1" 200 7887
186.103.157.235 - - [24/Jul/2018:10:24:34 -0300] "GET /cormun/servlet/trlicenciaspermisosadjuntos?16879963,20180724000000,L, HTTP/1.1" 200 6585
186.103.157.235 - - [24/Jul/2018:10:24:35 -0300] "GET /cormun/static/gxcfg.js?20177612163414 HTTP/1.1" 200 953
186.103.157.235 - - [24/Jul/2018:10:24:35 -0300] "GET /cormun/static/trlicenciaspermisosadjuntos.js?20177612163719 HTTP/1.1" 200 21036
186.103.157.235 - - [24/Jul/2018:10:24:35 -0300] "GET /cormun/servlet/trlicenciaspermisosadjuntos?16879963,20180724000000,L, HTTP/1.1" 200 6586
190.101.8.3 - - [24/Jul/2018:10:24:36 -0300] "GET /cormun/servlet/licenciaspermisos?bffaf0e6444b7330ce4f8caa08d41c4928d97d16722ea58809861701ea39349113b597a6f73cb5fafee2d6ef4801d36c,gx-no-cache=1532438603200 HTTP/1.1" 200 92
190.101.8.3 - - [24/Jul/2018:10:24:37 -0300] "POST /cormun/servlet/licenciaspermisos?51cafb61bb337da9b9c7f09af5acd53c,INS,0,,,,gx-no-cache=1532438603375 HTTP/1.1" 200 4878
186.103.157.39 - - [24/Jul/2018:10:24:38 -0300] "GET /cormun/static/Shared/jqueryui/jquery-ui.min.js HTTP/1.1" 200 240427
186.103.157.235 - - [24/Jul/2018:10:24:38 -0300] "GET /cormun/servlet/licenciaspermisosadjuntos?INS,16879963,L,20180724000000,, HTTP/1.1" 200 5885
186.103.157.235 - - [24/Jul/2018:10:24:38 -0300] "GET /cormun/static/gxcfg.js?2017761263592 HTTP/1.1" 200 953
186.103.157.235 - - [24/Jul/2018:10:24:38 -0300] "GET /cormun/static/licenciaspermisosadjuntos.js?201776126362 HTTP/1.1" 200 8760
186.103.157.39 - - [24/Jul/2018:10:24:38 -0300] "GET /cormun/servlet/hhome HTTP/1.1" 200 3933
186.103.157.235 - - [24/Jul/2018:10:24:38 -0300] "GET /cormun/static/about:blank HTTP/1.1" 404 1011
186.103.157.39 - - [24/Jul/2018:10:24:38 -0300] "GET /cormun/static/SmoothNavMenu/resources/images/down.gif HTTP/1.1" 200 854
186.103.157.235 - - [24/Jul/2018:10:24:39 -0300] "GET /cormun/servlet/licenciaspermisosadjuntos?INS,16879963,L,20180724000000,, HTTP/1.1" 200 5873
186.103.159.182 - - [24/Jul/2018:10:24:40 -0300] "POST /cormun/servlet/solicitudot?gx-no-cache=1532438609892 HTTP/1.1" 200 30
192.168.10.96 - - [24/Jul/2018:10:24:40 -0300] "POST /digitalizacion/servlet/trdocumentos?d0ea55d53e43a44a4fa3eb1d17a8ef4f,,gx-no-cache=1532438467512 HTTP/1.1" 200 5030
192.168.10.96 - - [24/Jul/2018:10:24:43 -0300] "GET /digitalizacion/servlet/wbadjunto?5156,PU HTTP/1.1" 302 -
192.168.10.96 - - [24/Jul/2018:10:24:43 -0300] "GET /digitalizacion/PublicTempStorage/557970.tmp HTTP/1.1" 200 891716
186.103.159.182 - - [24/Jul/2018:10:25:02 -0300] "GET /cormun/servlet/prcontratosol?17134794,,,,,MD,,gxPopupLevel%3D0%3B HTTP/1.1" 200 8089
190.101.8.3 - - [24/Jul/2018:10:25:03 -0300] "GET /cormun/static/menuarrow.gif HTTP/1.1" 404 1015
186.103.157.235 - - [24/Jul/2018:10:25:04 -0300] "POST /cormun/servlet/licenciaspermisosadjuntos?41b6d89e6614e8cc54ae8c0b70901642,INS,16879963,L,20180724000000,, HTTP/1.1" 200 116
186.103.157.235 - - [24/Jul/2018:10:25:04 -0300] "GET /cormun/servlet/hpexe_return? HTTP/1.1" 200 1045
186.103.157.235 - - [24/Jul/2018:10:25:04 -0300] "GET /cormun/servlet/trlicenciaspermisosadjuntos?16879963,20180724000000,L, HTTP/1.1" 200 7083
186.103.157.235 - - [24/Jul/2018:10:25:05 -0300] "GET /cormun/servlet/trlicenciaspermisosadjuntos?16879963,20180724000000,L, HTTP/1.1" 200 7080
186.103.157.235 - - [24/Jul/2018:10:25:08 -0300] "POST /cormun/servlet/trlicenciaspermisosadjuntos?41b6d89e6614e8cc54ae8c0b70901642,16879963,20180724000000,L,,gx-no-cache=1532438636810 HTTP/1.1" 200 90
186.103.157.235 - - [24/Jul/2018:10:25:09 -0300] "GET /cormun/servlet/hpexe_link HTTP/1.1" 200 989
186.103.157.235 - - [24/Jul/2018:10:25:09 -0300] "GET /cormun/servlet/trlicencias HTTP/1.1" 200 10798
186.103.157.235 - - [24/Jul/2018:10:25:09 -0300] "GET /cormun/servlet/trlicencias HTTP/1.1" 200 10795
192.168.10.96 - - [24/Jul/2018:10:25:11 -0300] "POST /digitalizacion/servlet/trdocumentos?d0ea55d53e43a44a4fa3eb1d17a8ef4f,,gx-no-cache=1532438497594 HTTP/1.1" 200 3773
186.103.157.235 - - [24/Jul/2018:10:25:14 -0300] "POST /cormun/servlet/trlicencias?41b6d89e6614e8cc54ae8c0b70901642,gx-no-cache=1532438642571 HTTP/1.1" 200 8092
186.103.157.235 - - [24/Jul/2018:10:25:15 -0300] "GET /cormun/static/Shared/jqueryui/images/ui-bg_highlight-soft_100_c6c2c8_1x100.png HTTP/1.1" 404 1117
186.103.157.235 - - [24/Jul/2018:10:25:15 -0300] "GET /cormun/static/Shared/jqueryui/images/ui-icons_82798d_256x240.png HTTP/1.1" 404 1089
186.103.157.235 - - [24/Jul/2018:10:25:15 -0300] "GET /cormun/static/Shared/jqueryui/images/ui-icons_8d78a5_256x240.png HTTP/1.1" 404 1089
186.103.157.235 - - [24/Jul/2018:10:25:15 -0300] "GET /cormun/static/Shared/jqueryui/images/ui-bg_flat_55_fafafa_40x100.png HTTP/1.1" 404 1097
186.103.159.182 - - [24/Jul/2018:10:25:31 -0300] "POST /cormun/servlet/solicitudot?19b0b92ff98d3cd8378c35ed9408871e,INS,0,0,,gx-no-cache=1532438659961 HTTP/1.1" 200 93
186.103.159.182 - - [24/Jul/2018:10:25:31 -0300] "GET /cormun/servlet/hpexe_return? HTTP/1.1" 200 1001
186.103.159.182 - - [24/Jul/2018:10:25:31 -0300] "GET /cormun/static/gxcfg.js?2016101716175148 HTTP/1.1" 200 953
186.103.159.182 - - [24/Jul/2018:10:25:31 -0300] "GET /cormun/static/hpexe_return.js?2016101716175153 HTTP/1.1" 200 1633
186.103.159.182 - - [24/Jul/2018:10:25:31 -0300] "GET /cormun/static/Resources/Spanish/PXTools.css?167811 HTTP/1.1" 200 89042
186.103.159.182 - - [24/Jul/2018:10:25:31 -0300] "GET /cormun/servlet/trsolicitudot HTTP/1.1" 200 9512
186.103.159.182 - - [24/Jul/2018:10:25:33 -0300] "GET /cormun/servlet/trsolicitudot HTTP/1.1" 200 9508
186.103.159.182 - - [24/Jul/2018:10:25:37 -0300] "GET /cormun/static/menuarrow.gif HTTP/1.1" 404 1015
192.168.10.96 - - [24/Jul/2018:10:25:42 -0300] "POST /digitalizacion/servlet/trdocumentos?d0ea55d53e43a44a4fa3eb1d17a8ef4f,,gx-no-cache=1532438528862 HTTP/1.1" 200 4323
186.103.159.182 - - [24/Jul/2018:10:25:43 -0300] "POST /cormun/servlet/trsolicitudot?19b0b92ff98d3cd8378c35ed9408871e,gx-no-cache=1532438672411 HTTP/1.1" 200 5860
192.168.10.96 - - [24/Jul/2018:10:25:45 -0300] "GET /digitalizacion/servlet/wbadjunto?6241,PU HTTP/1.1" 302 -
192.168.10.96 - - [24/Jul/2018:10:25:45 -0300] "GET /digitalizacion/PublicTempStorage/3744710.tmp HTTP/1.1" 200 927212
192.168.10.96 - - [24/Jul/2018:10:25:51 -0300] "GET /digitalizacion/servlet/wbadjunto?6242,PU HTTP/1.1" 302 -
192.168.10.96 - - [24/Jul/2018:10:25:51 -0300] "GET /digitalizacion/PublicTempStorage/613072.tmp HTTP/1.1" 200 1158113
192.168.10.96 - - [24/Jul/2018:10:25:56 -0300] "GET /digitalizacion/servlet/wbadjunto?6241,PU HTTP/1.1" 302 -
192.168.10.96 - - [24/Jul/2018:10:25:56 -0300] "GET /digitalizacion/PublicTempStorage/5241366.tmp HTTP/1.1" 200 927212
186.103.159.182 - - [24/Jul/2018:10:26:01 -0300] "POST /cormun/servlet/trsolicitudot?19b0b92ff98d3cd8378c35ed9408871e,gx-no-cache=1532438690642 HTTP/1.1" 200 105
186.103.159.182 - - [24/Jul/2018:10:26:01 -0300] "GET /cormun/servlet/solicitudot?UPD,2018,11878, HTTP/1.1" 200 15537
186.103.159.182 - - [24/Jul/2018:10:26:02 -0300] "GET /cormun/servlet/solicitudot?UPD,2018,11878, HTTP/1.1" 200 15546
186.103.159.182 - - [24/Jul/2018:10:26:03 -0300] "POST /cormun/servlet/solicitudot?gx-no-cache=1532438692273 HTTP/1.1" 200 3438
186.103.159.182 - - [24/Jul/2018:10:26:03 -0300] "POST /cormun/servlet/solicitudot?19b0b92ff98d3cd8378c35ed9408871e,UPD,2018,11878,,gx-no-cache=1532438692548 HTTP/1.1" 200 11763
186.103.159.182 - - [24/Jul/2018:10:26:03 -0300] "GET /cormun/servlet/solicitudot?7fb24c117c955969039a33ffc1d243ccd806cd8505123568da49068281805744eb9e2495e9e2738c5d3f473297d9df01,gx-no-cache=1532438692762 HTTP/1.1" 200 30
186.103.159.182 - - [24/Jul/2018:10:26:03 -0300] "GET /cormun/servlet/solicitudot?7fb24c117c955969039a33ffc1d243cc8d279e7936fc06d672b574e694e94a9b2c24a9c44d065120491a0885ef904a8794e879fa6ec287fbe32c8b2222dfe52b,gx-no-cache=1532438692821 HTTP/1.1" 200 30
186.103.159.182 - - [24/Jul/2018:10:26:03 -0300] "GET /cormun/servlet/solicitudot?7fb24c117c955969039a33ffc1d243cc488ed11d3ca2870a7de0d3caab9c7653d895e7e44d5415daa5ea444b8e45f5c72f9dd603ca07b29975125fcebd5cde80,gx-no-cache=1532438692877 HTTP/1.1" 200 53
186.103.159.182 - - [24/Jul/2018:10:26:03 -0300] "POST /cormun/servlet/solicitudot?gx-no-cache=1532438692936 HTTP/1.1" 200 256
186.103.159.182 - - [24/Jul/2018:10:26:03 -0300] "GET /cormun/servlet/solicitudot?7fb24c117c955969039a33ffc1d243cc86dbf0e71c0d01c9f68f89562ed25533852dd53ce42127161373600b19eefaa85df2ceacc96a5ccea296de9a92b7bd04c6e56b59fc347065e847c181b79a3751e8fa3edebff5094cf5326891b5f11054349dbf24da054ae2e136f2fe4a51015def98c8db1ff5428f3fa06756b0fb6df5672f4dd5d43de055f1834a184b6f8a74e7d47ade654afe258ac192e7cf3011fb4bd02fcfb92622d4241ff094aed1b42a322f2b652857f0e7e991b021d237f3c00c136b2441d385970678979b64c739f8d2a9ab26e7d8faac49ecc176c66f15fb0120e7e824f5544700c4703815e9ddcd5d6dffa08b56dfad2c0120e6dd5b307bf475bafded21af046913e8876fa0a1158b9af528a50277f2fe0dfbc8c90325d96e1292fbd5579f2060ba368c5988d752ac855a232a94c5f972e98d565dfb76f4c6d76a07fcc503119c772f3122d0d0f4276a6c3ff22732f9afabd5fde5c8c7222dca338ac3c00e6d1068939b3d16b9160b1cf2a28304816e49239190c08ca980,gx-no-cache=1532438692982 HTTP/1.1" 200 30
186.103.159.182 - - [24/Jul/2018:10:26:03 -0300] "POST /cormun/servlet/solicitudot?gx-no-cache=1532438693391 HTTP/1.1" 200 30
186.103.159.182 - - [24/Jul/2018:10:26:04 -0300] "POST /cormun/servlet/solicitudot?gx-no-cache=1532438693426 HTTP/1.1" 200 1376
186.103.159.182 - - [24/Jul/2018:10:26:04 -0300] "POST /cormun/servlet/solicitudot?gx-no-cache=1532438693547 HTTP/1.1" 200 41
186.103.159.182 - - [24/Jul/2018:10:26:04 -0300] "POST /cormun/servlet/solicitudot?gx-no-cache=1532438694303 HTTP/1.1" 200 256
186.103.159.182 - - [24/Jul/2018:10:26:05 -0300] "GET /cormun/servlet/solicitudot?7fb24c117c955969039a33ffc1d243cc86dbf0e71c0d01c9f68f89562ed25533852dd53ce42127161373600b19eefaa85df2ceacc96a5ccea296de9a92b7bd04c6e56b59fc347065e847c181b79a3751e8fa3edebff5094cf5326891b5f11054349dbf24da054ae2e136f2fe4a51015def98c8db1ff5428f3fa06756b0fb6df5672f4dd5d43de055f1834a184b6f8a74e7d47ade654afe258ac192e7cf3011fb4bd02fcfb92622d4241ff094aed1b42a322f2b652857f0e7e991b021d237f3c00c136b2441d385970678979b64c739f8d2a9ab26e7d8faac49ecc176c66f15fb0120e7e824f5544700c4703815e9ddcd5d6dffa08b56dfad2c0120e6dd5b307bf475bafded21af046913e8876fa0a1158b9af528a50277f2fe0dfbc8c90325d96e1292fbd5579f2060ba368c5988d752ac855a232a94c5f972e98d565dfb76f4c6d76a07fcc503119c772f3122d0d0f4276a6c3ff22732f9afabd5fde5c8c7222dca338ac3c00e6d1068939b3d16b9160b1cf2a28304816e49239190c08ca980,gx-no-cache=1532438694366 HTTP/1.1" 200 30
186.103.159.182 - - [24/Jul/2018:10:26:09 -0300] "POST /cormun/servlet/solicitudot?gx-no-cache=1532438698367 HTTP/1.1" 200 30
186.103.159.182 - - [24/Jul/2018:10:26:14 -0300] "POST /cormun/servlet/solicitudot?gx-no-cache=1532438704273 HTTP/1.1" 200 1376
186.103.159.182 - - [24/Jul/2018:10:26:14 -0300] "POST /cormun/servlet/solicitudot?gx-no-cache=1532438704380 HTTP/1.1" 200 41
186.103.159.182 - - [24/Jul/2018:10:26:15 -0300] "GET /cormun/servlet/solicitudot?7fb24c117c955969039a33ffc1d243ccdbc16dd11cfd2071dc12b56a141d7a16beefe6fb2873300d4d85edbaf4ea69c74bc8ceaff1fd3b1b5565063fcee0fef2ec08acf9856e074b5d3938541df16dbbea88c4bf0506c203df25228f7768c03a4715e2613bcc60116980a9fccca3a9da56f4342cbd834bddfc587f7ba41a6d259735d1316a6cd47267424718954b7c03b90b55e723e8d83f711e26c912b785ac,gx-no-cache=1532438704439 HTTP/1.1" 200 29
186.103.159.182 - - [24/Jul/2018:10:26:15 -0300] "POST /cormun/servlet/solicitudot?gx-no-cache=1532438704467 HTTP/1.1" 200 1357
186.103.159.182 - - [24/Jul/2018:10:26:15 -0300] "POST /cormun/servlet/solicitudot?gx-no-cache=1532438704569 HTTP/1.1" 200 1258
186.103.159.182 - - [24/Jul/2018:10:26:15 -0300] "GET /cormun/servlet/solicitudot?7fb24c117c955969039a33ffc1d243cc8a4f257976f17a7037719af1ec0236fbbeed61b65a18fd62eda95cc52fcd88f4,gx-no-cache=1532438704680 HTTP/1.1" 200 30
186.103.159.182 - - [24/Jul/2018:10:26:15 -0300] "POST /cormun/servlet/solicitudot?gx-no-cache=1532438704779 HTTP/1.1" 200 30
186.103.159.182 - - [24/Jul/2018:10:26:15 -0300] "POST /cormun/servlet/solicitudot?19b0b92ff98d3cd8378c35ed9408871e,UPD,2018,11878,,gx-no-cache=1532438704871 HTTP/1.1" 200 93
186.103.159.182 - - [24/Jul/2018:10:26:15 -0300] "GET /cormun/servlet/hpexe_return? HTTP/1.1" 200 1028
186.103.159.182 - - [24/Jul/2018:10:26:15 -0300] "GET /cormun/servlet/trsolicitudot?gx-no-cache=1532438672411 HTTP/1.1" 200 8874
186.103.159.182 - - [24/Jul/2018:10:26:16 -0300] "GET /cormun/servlet/trsolicitudot?gx-no-cache=1532438672411 HTTP/1.1" 200 8892
192.168.10.96 - - [24/Jul/2018:10:26:20 -0300] "POST /digitalizacion/servlet/trdocumentos?d0ea55d53e43a44a4fa3eb1d17a8ef4f,,gx-no-cache=1532438566678 HTTP/1.1" 200 3434
192.168.10.96 - - [24/Jul/2018:10:26:22 -0300] "GET /digitalizacion/servlet/wbadjunto?6358,PU HTTP/1.1" 302 -
192.168.10.96 - - [24/Jul/2018:10:26:22 -0300] "GET /digitalizacion/PublicTempStorage/3684289.tmp HTTP/1.1" 200 1075822
186.79.112.71 - - [24/Jul/2018:10:26:26 -0300] "GET /cormun/servlet/hlogin HTTP/1.1" 200 1739
192.168.10.96 - - [24/Jul/2018:10:26:26 -0300] "GET /digitalizacion/servlet/wbadjunto?6359,PU HTTP/1.1" 302 -
192.168.10.96 - - [24/Jul/2018:10:26:26 -0300] "GET /digitalizacion/PublicTempStorage/7408181.tmp HTTP/1.1" 200 1003946
186.103.159.182 - - [24/Jul/2018:10:26:42 -0300] "GET /cormun/servlet/solicitudot?INS,0,0, HTTP/1.1" 200 13749
186.103.159.182 - - [24/Jul/2018:10:26:43 -0300] "GET /cormun/servlet/solicitudot?INS,0,0, HTTP/1.1" 200 13731
186.103.159.182 - - [24/Jul/2018:10:26:49 -0300] "POST /cormun/servlet/solicitudot?gx-no-cache=1532438739066 HTTP/1.1" 200 3425
186.103.159.182 - - [24/Jul/2018:10:26:50 -0300] "POST /cormun/servlet/solicitudot?19b0b92ff98d3cd8378c35ed9408871e,INS,0,0,,gx-no-cache=1532438739301 HTTP/1.1" 200 10612
186.103.159.182 - - [24/Jul/2018:10:26:50 -0300] "GET /cormun/servlet/solicitudot?7fb24c117c955969039a33ffc1d243ccd806cd8505123568da490682818057447b31ed7fb0d90a7d47a372074ba13c28,gx-no-cache=1532438739839 HTTP/1.1" 200 30
190.101.8.3 - - [24/Jul/2018:10:26:58 -0300] "GET /cormun/servlet/licenciaspermisos?bffaf0e6444b7330ce4f8caa08d41c4960d12cb2d55b9c8954626a8ef2826c39f19241ecf922ffc61f237ac095c3897b62f9550dad8b2a8a03771810bd5c4552df09fb4b9507a9f31fdb09bec40605a1e046396c843e1f30d0e7ee1a57db1ff4c34e3c969288d68c5584e080de2a251144874234b225c99a5082624e5093e568a57c772e623f901224876b1dbd6e6ca51788b392bc80a01e79def0da91b525de59ee99cbca876410caec95e666cccf23,gx-no-cache=1532438745215 HTTP/1.1" 200 30
190.101.8.3 - - [24/Jul/2018:10:26:58 -0300] "GET /cormun/servlet/licenciaspermisos?bffaf0e6444b7330ce4f8caa08d41c49628d84894df227b54b31f8bb1c10bd133baadf3315c2c89696042b044ae54c9dc2021fc0ad6cd0c50fd3488c0a68286dc0267754459d07da759e3250e2e5bb8adfb9b86aa77be915e2a44900158ca7d52df5cf286332bf01c060da73f353358dd13dfd5083492d1d0ff65af81c81e32fc009268687308f33786f487b142ff936399221b61f5e602eeb42da4bced04b5ec81858ff822ae20003fe3effd95278f4,gx-no-cache=1532438745298 HTTP/1.1" 200 29
190.101.8.3 - - [24/Jul/2018:10:26:59 -0300] "POST /cormun/servlet/licenciaspermisos?51cafb61bb337da9b9c7f09af5acd53c,INS,0,,,,gx-no-cache=1532438745345 HTTP/1.1" 200 93
190.101.8.3 - - [24/Jul/2018:10:26:59 -0300] "GET /cormun/servlet/hpexe_return? HTTP/1.1" 200 1014
190.101.8.3 - - [24/Jul/2018:10:26:59 -0300] "GET /cormun/static/gxcfg.js?2016101716175148 HTTP/1.1" 304 -
190.101.8.3 - - [24/Jul/2018:10:27:00 -0300] "GET /cormun/servlet/trlicencias HTTP/1.1" 200 22016
190.101.8.3 - - [24/Jul/2018:10:27:01 -0300] "GET /cormun/servlet/trlicencias HTTP/1.1" 200 22004
186.103.159.182 - - [24/Jul/2018:10:27:35 -0300] "GET /cormun/servlet/trsolicitudot? HTTP/1.1" 200 8871
186.103.159.182 - - [24/Jul/2018:10:27:36 -0300] "GET /cormun/servlet/trsolicitudot? HTTP/1.1" 200 8870
186.103.159.182 - - [24/Jul/2018:10:27:39 -0300] "GET /cormun/servlet/solicitudot?INS,0,0, HTTP/1.1" 200 13726
186.103.159.182 - - [24/Jul/2018:10:27:40 -0300] "GET /cormun/servlet/solicitudot?INS,0,0, HTTP/1.1" 200 13731
190.101.8.3 - - [24/Jul/2018:10:27:46 -0300] "GET /cormun/servlet/alicenciaprn?17477251,L,20180724000000,PU HTTP/1.1" 200 1542
186.103.159.182 - - [24/Jul/2018:10:27:48 -0300] "POST /cormun/servlet/solicitudot?gx-no-cache=1532438797856 HTTP/1.1" 200 3425
186.103.159.182 - - [24/Jul/2018:10:27:48 -0300] "POST /cormun/servlet/solicitudot?19b0b92ff98d3cd8378c35ed9408871e,INS,0,0,,gx-no-cache=1532438798013 HTTP/1.1" 200 10587
186.103.159.182 - - [24/Jul/2018:10:27:48 -0300] "GET /cormun/servlet/solicitudot?7fb24c117c955969039a33ffc1d243ccd806cd8505123568da490682818057447b31ed7fb0d90a7d47a372074ba13c28,gx-no-cache=1532438798321 HTTP/1.1" 200 30
186.103.159.182 - - [24/Jul/2018:10:27:53 -0300] "GET /cormun/servlet/solicitudot?7fb24c117c955969039a33ffc1d243cc8d279e7936fc06d672b574e694e94a9b2c24a9c44d065120491a0885ef904a8707bd6bb80ae42791e53bad912839d3bc,gx-no-cache=1532438802481 HTTP/1.1" 200 30
186.103.159.182 - - [24/Jul/2018:10:27:53 -0300] "GET /cormun/servlet/solicitudot?7fb24c117c955969039a33ffc1d243cc309ef4bda86248efc70fa6b746ad03b8,gx-no-cache=1532438802509 HTTP/1.1" 200 53
186.103.159.182 - - [24/Jul/2018:10:27:53 -0300] "POST /cormun/servlet/solicitudot?gx-no-cache=1532438802550 HTTP/1.1" 200 255
186.103.159.182 - - [24/Jul/2018:10:27:53 -0300] "GET /cormun/servlet/solicitudot?7fb24c117c955969039a33ffc1d243cc86dbf0e71c0d01c9f68f89562ed25533852dd53ce42127161373600b19eefaa85df2ceacc96a5ccea296de9a92b7bd04c6e56b59fc347065e847c181b79a3751e8fa3edebff5094cf5326891b5f11054349dbf24da054ae2e136f2fe4a51015def98c8db1ff5428f3fa06756b0fb6df5672f4dd5d43de055f1834a184b6f8a74e7d47ade654afe258ac192e7cf3011fb4bd02fcfb92622d4241ff094aed1b42a322f2b652857f0e7e991b021d237f3c00c136b2441d385970678979b64c739f8d2a9ab26e7d8faac49ecc176c66f15fb0120e7e824f5544700c4703815e9ddcd5d6dffa08b56dfad2c0120e6dd5b307bf475bafded21af046913e8876fa0a1158b9af528a50277f2fe0dfbc8c90325d96e1292fbd5579f2060ba368c5988d752ac855a232a94c5f972e98d565dfb76f4c6d76a07fcc503119c772f3122d0d0f4276a6c3ff22732f9afabd5fde5c8c7222dca338ac3c00e6d1068939b3d16b916089a0c4e122f6fd25f15592011d554a3,gx-no-cache=1532438802584 HTTP/1.1" 200 30
186.103.159.182 - - [24/Jul/2018:10:27:58 -0300] "POST /cormun/servlet/solicitudot?gx-no-cache=1532438807630 HTTP/1.1" 200 30
186.103.159.182 - - [24/Jul/2018:10:28:07 -0300] "GET /cormun/servlet/trsolicitudot? HTTP/1.1" 200 8871
186.103.159.182 - - [24/Jul/2018:10:28:08 -0300] "GET /cormun/servlet/trsolicitudot? HTTP/1.1" 200 8870
186.103.159.182 - - [24/Jul/2018:10:28:11 -0300] "GET /cormun/servlet/solicitudot?INS,0,0, HTTP/1.1" 200 13726
186.103.159.182 - - [24/Jul/2018:10:28:12 -0300] "GET /cormun/servlet/solicitudot?INS,0,0, HTTP/1.1" 200 13731
186.103.159.182 - - [24/Jul/2018:10:28:20 -0300] "GET /cormun/servlet/prfichaempleado?,MD,,gxPopupLevel%3D0%3B HTTP/1.1" 200 9427
186.103.159.182 - - [24/Jul/2018:10:28:24 -0300] "POST /cormun/servlet/prfichaempleado?19b0b92ff98d3cd8378c35ed9408871e,,MD,,gxPopupLevel%3D0%3B,gx-no-cache=1532438833378 HTTP/1.1" 200 3797
192.168.10.96 - - [24/Jul/2018:10:28:28 -0300] "POST /digitalizacion/servlet/trdocumentos?d0ea55d53e43a44a4fa3eb1d17a8ef4f,,gx-no-cache=1532438695150 HTTP/1.1" 200 3263
186.103.159.182 - - [24/Jul/2018:10:28:31 -0300] "POST /cormun/servlet/solicitudot?gx-no-cache=1532438840199 HTTP/1.1" 200 3425
186.103.159.182 - - [24/Jul/2018:10:28:31 -0300] "POST /cormun/servlet/solicitudot?19b0b92ff98d3cd8378c35ed9408871e,INS,0,0,,gx-no-cache=1532438840692 HTTP/1.1" 200 10587
186.103.159.182 - - [24/Jul/2018:10:28:31 -0300] "GET /cormun/servlet/solicitudot?7fb24c117c955969039a33ffc1d243ccd806cd8505123568da490682818057447b31ed7fb0d90a7d47a372074ba13c28,gx-no-cache=1532438840881 HTTP/1.1" 200 30
186.103.159.182 - - [24/Jul/2018:10:28:31 -0300] "GET /cormun/servlet/solicitudot?7fb24c117c955969039a33ffc1d243cc8d279e7936fc06d672b574e694e94a9b2c24a9c44d065120491a0885ef904a8707bd6bb80ae42791e53bad912839d3bc,gx-no-cache=1532438840917 HTTP/1.1" 200 30
186.103.159.182 - - [24/Jul/2018:10:28:31 -0300] "GET /cormun/servlet/solicitudot?7fb24c117c955969039a33ffc1d243cc309ef4bda86248efc70fa6b746ad03b8,gx-no-cache=1532438840946 HTTP/1.1" 200 53
186.103.159.182 - - [24/Jul/2018:10:28:31 -0300] "POST /cormun/servlet/solicitudot?gx-no-cache=1532438840981 HTTP/1.1" 200 255
192.168.10.96 - - [24/Jul/2018:10:28:32 -0300] "GET /digitalizacion/servlet/wbadjunto?4297,PU HTTP/1.1" 302 -
192.168.10.96 - - [24/Jul/2018:10:28:32 -0300] "GET /digitalizacion/PublicTempStorage/8882734.tmp HTTP/1.1" 200 1111718
186.103.159.182 - - [24/Jul/2018:10:28:32 -0300] "GET /cormun/servlet/solicitudot?7fb24c117c955969039a33ffc1d243cc86dbf0e71c0d01c9f68f89562ed25533852dd53ce42127161373600b19eefaa85df2ceacc96a5ccea296de9a92b7bd04c6e56b59fc347065e847c181b79a3751e8fa3edebff5094cf5326891b5f11054349dbf24da054ae2e136f2fe4a51015def98c8db1ff5428f3fa06756b0fb6df5672f4dd5d43de055f1834a184b6f8a74e7d47ade654afe258ac192e7cf3011fb4bd02fcfb92622d4241ff094aed1b42a322f2b652857f0e7e991b021d237f3c00c136b2441d385970678979b64c739f8d2a9ab26e7d8faac49ecc176c66f15fb0120e7e824f5544700c4703815e9ddcd5d6dffa08b56dfad2c0120e6dd5b307bf475bafded21af046913e8876fa0a1158b9af528a50277f2fe0dfbc8c90325d96e1292fbd5579f2060ba368c5988d752ac855a232a94c5f972e98d565dfb76f4c6d76a07fcc503119c772f3122d0d0f4276a6c3ff22732f9afabd5fde5c8c7222dca338ac3c00e6d1068939b3d16b916089a0c4e122f6fd25f15592011d554a3,gx-no-cache=1532438841017 HTTP/1.1" 200 30
186.103.159.182 - - [24/Jul/2018:10:28:32 -0300] "POST /cormun/servlet/solicitudot?gx-no-cache=1532438841965 HTTP/1.1" 200 30
186.103.159.182 - - [24/Jul/2018:10:28:32 -0300] "POST /cormun/servlet/solicitudot?gx-no-cache=1532438841998 HTTP/1.1" 200 1376
186.103.159.182 - - [24/Jul/2018:10:28:32 -0300] "POST /cormun/servlet/solicitudot?gx-no-cache=1532438842054 HTTP/1.1" 200 38
186.103.159.182 - - [24/Jul/2018:10:28:32 -0300] "GET /cormun/servlet/solicitudot?7fb24c117c955969039a33ffc1d243cc89c781f1b8709f23f784ded910de1ecc96b9ba2767bb41386b74487d72fdaba049a6c09417d8405350b82055449b62b7737d974db2cc4d7fc3429354ef9d34d823eb9e9e426a0ec4658bc675169fc12c8f9ee26908a0113a9a4e95254daf14e15a4808afa414c262ed748b5536e50d33129a42c0d0b92c22ab70d527383b932bed7f87b70554bede16a2575150bf84a7,gx-no-cache=1532438842084 HTTP/1.1" 200 29
186.103.159.182 - - [24/Jul/2018:10:28:32 -0300] "POST /cormun/servlet/solicitudot?gx-no-cache=1532438842112 HTTP/1.1" 200 1357
186.103.159.182 - - [24/Jul/2018:10:28:32 -0300] "POST /cormun/servlet/solicitudot?gx-no-cache=1532438842177 HTTP/1.1" 200 1258
186.103.159.182 - - [24/Jul/2018:10:28:32 -0300] "GET /cormun/servlet/solicitudot?7fb24c117c955969039a33ffc1d243ccc1082c148abb5122f096fac313c7ed93,gx-no-cache=1532438842228 HTTP/1.1" 200 30
186.103.159.182 - - [24/Jul/2018:10:28:32 -0300] "POST /cormun/servlet/solicitudot?gx-no-cache=1532438842264 HTTP/1.1" 200 30
186.103.159.182 - - [24/Jul/2018:10:28:37 -0300] "POST /cormun/servlet/solicitudot?gx-no-cache=1532438846735 HTTP/1.1" 200 30
186.103.157.39 - - [24/Jul/2018:10:28:39 -0300] "GET /cormun/servlet/trlicencias? HTTP/1.1" 200 8022
186.103.157.39 - - [24/Jul/2018:10:28:40 -0300] "GET /cormun/static/gxui/gxui-all.css?110300 HTTP/1.1" 200 2179
186.103.157.39 - - [24/Jul/2018:10:28:40 -0300] "GET /cormun/static/calendar-system.css?75620 HTTP/1.1" 200 5572
186.103.157.39 - - [24/Jul/2018:10:28:40 -0300] "GET /cormun/static/gxcfg.js?20176272054169 HTTP/1.1" 200 953
186.103.157.39 - - [24/Jul/2018:10:28:40 -0300] "GET /cormun/static/calendar.js?85251 HTTP/1.1" 200 26246
186.103.157.39 - - [24/Jul/2018:10:28:40 -0300] "GET /cormun/static/Resources/Spanish/PXTools.css?17315867 HTTP/1.1" 200 89042
186.103.157.39 - - [24/Jul/2018:10:28:40 -0300] "GET /cormun/static/calendar-setup.js?85251 HTTP/1.1" 200 2588
186.103.157.39 - - [24/Jul/2018:10:28:40 -0300] "GET /cormun/static/calendar-es.js?85251 HTTP/1.1" 200 1901
186.103.157.39 - - [24/Jul/2018:10:28:40 -0300] "GET /cormun/static/Resources/PXTools/calendar.png HTTP/1.1" 200 1306
186.103.157.39 - - [24/Jul/2018:10:28:40 -0300] "GET /cormun/static/Resources/PXToolsDataSearch.png HTTP/1.1" 200 419
186.103.157.39 - - [24/Jul/2018:10:28:40 -0300] "GET /cormun/static/Shared/ext/resources/css/ext-all.css?205870 HTTP/1.1" 200 416045
186.103.157.39 - - [24/Jul/2018:10:28:40 -0300] "GET /cormun/static/gxdec.js?85251 HTTP/1.1" 200 19579
186.103.157.39 - - [24/Jul/2018:10:28:40 -0300] "GET /cormun/static/Resources/PXToolsGridFirstDisabled.gif HTTP/1.1" 200 100
186.103.157.39 - - [24/Jul/2018:10:28:40 -0300] "GET /cormun/static/Resources/PXToolsGridPreviousDisabled.gif HTTP/1.1" 200 90
186.103.157.39 - - [24/Jul/2018:10:28:40 -0300] "GET /cormun/static/Resources/PXToolsGridNextDisabled.gif HTTP/1.1" 200 90
186.103.157.39 - - [24/Jul/2018:10:28:40 -0300] "GET /cormun/static/Resources/PXToolsGridLastDisabled.gif HTTP/1.1" 200 98
186.103.157.39 - - [24/Jul/2018:10:28:40 -0300] "GET /cormun/static/Resources/PXToolsGridPage.gif HTTP/1.1" 200 725
186.103.157.39 - - [24/Jul/2018:10:28:40 -0300] "GET /cormun/static/Resources/PXToolsActionExcel.png HTTP/1.1" 200 3187
186.103.157.39 - - [24/Jul/2018:10:28:40 -0300] "GET /cormun/static/Resources/PXToolsGridNew.png HTTP/1.1" 200 2949
186.103.159.182 - - [24/Jul/2018:10:28:50 -0300] "GET /cormun/servlet/trsolicitudot? HTTP/1.1" 200 8871
186.103.159.182 - - [24/Jul/2018:10:28:50 -0300] "GET /cormun/servlet/trsolicitudot? HTTP/1.1" 200 8870
186.103.159.182 - - [24/Jul/2018:10:28:53 -0300] "GET /cormun/static/menuarrow.gif HTTP/1.1" 404 1015
192.168.10.96 - - [24/Jul/2018:10:29:00 -0300] "POST /digitalizacion/servlet/trdocumentos?d0ea55d53e43a44a4fa3eb1d17a8ef4f,,gx-no-cache=1532438727005 HTTP/1.1" 200 3950
186.103.159.182 - - [24/Jul/2018:10:29:01 -0300] "POST /cormun/servlet/trsolicitudot?19b0b92ff98d3cd8378c35ed9408871e,,gx-no-cache=1532438870612 HTTP/1.1" 200 6539
192.168.10.96 - - [24/Jul/2018:10:29:03 -0300] "GET /digitalizacion/servlet/wbadjunto?4254,PU HTTP/1.1" 302 -
192.168.10.96 - - [24/Jul/2018:10:29:03 -0300] "GET /digitalizacion/PublicTempStorage/10455.tmp HTTP/1.1" 200 1202703
186.103.159.182 - - [24/Jul/2018:10:29:10 -0300] "POST /cormun/servlet/solicitudot?gx-no-cache=1532438879732 HTTP/1.1" 200 1376
186.103.159.182 - - [24/Jul/2018:10:29:10 -0300] "POST /cormun/servlet/solicitudot?gx-no-cache=1532438879782 HTTP/1.1" 200 38
186.103.159.182 - - [24/Jul/2018:10:29:15 -0300] "GET /cormun/servlet/trsolicitudot? HTTP/1.1" 200 9541
186.103.159.182 - - [24/Jul/2018:10:29:16 -0300] "GET /cormun/servlet/trsolicitudot? HTTP/1.1" 200 9536
186.103.159.182 - - [24/Jul/2018:10:29:19 -0300] "GET /cormun/static/menuarrow.gif HTTP/1.1" 404 1015
186.103.159.44 - - [24/Jul/2018:10:29:23 -0300] "GET /cormun/servlet/licenciaspermisos?d695c46ca344790540c28922ec86bf81e22c3bbe33f35ddd00bffaed21cb6656afcfb8357d3166c99885b5f3b811cb56,gx-no-cache=1532438891198 HTTP/1.1" 200 98
186.103.159.44 - - [24/Jul/2018:10:29:23 -0300] "POST /cormun/servlet/licenciaspermisos?cc08bfdf236c566fa1073cbff26c98a2,INS,0,,,,gx-no-cache=1532438891284 HTTP/1.1" 200 4893
192.168.10.96 - - [24/Jul/2018:10:29:25 -0300] "POST /digitalizacion/servlet/trdocumentos?d0ea55d53e43a44a4fa3eb1d17a8ef4f,,gx-no-cache=1532438752126 HTTP/1.1" 200 6631
157.55.39.188 - - [24/Jul/2018:10:29:27 -0300] "GET /cormun/servlet/hpexe_return HTTP/1.1" 200 1039
186.103.159.182 - - [24/Jul/2018:10:29:39 -0300] "POST /cormun/servlet/trsolicitudot?19b0b92ff98d3cd8378c35ed9408871e,,gx-no-cache=1532438908404 HTTP/1.1" 200 5860
207.46.13.75 - - [24/Jul/2018:10:29:40 -0300] "GET /cormun/static/RunJS/RunJS.js HTTP/1.1" 200 288
207.46.13.75 - - [24/Jul/2018:10:29:41 -0300] "GET /cormun/static/gxpopupSD.js?85251 HTTP/1.1" 200 22377
207.46.13.75 - - [24/Jul/2018:10:29:41 -0300] "GET /cormun/static/gxtimezone.js?85251 HTTP/1.1" 200 5781
186.103.159.182 - - [24/Jul/2018:10:29:43 -0300] "POST /cormun/servlet/trsolicitudot?19b0b92ff98d3cd8378c35ed9408871e,,gx-no-cache=1532438912897 HTTP/1.1" 200 105
186.103.159.182 - - [24/Jul/2018:10:29:43 -0300] "GET /cormun/servlet/solicitudot?UPD,2018,11878, HTTP/1.1" 200 15529
186.103.159.182 - - [24/Jul/2018:10:29:44 -0300] "GET /cormun/servlet/solicitudot?UPD,2018,11878, HTTP/1.1" 200 15539
186.103.159.182 - - [24/Jul/2018:10:29:45 -0300] "POST /cormun/servlet/solicitudot?gx-no-cache=1532438914320 HTTP/1.1" 200 3438
157.55.39.188 - - [24/Jul/2018:10:29:45 -0300] "GET /cormun/static/Resources/Spanish/PXTools.css?167811 HTTP/1.1" 200 89042
186.103.159.182 - - [24/Jul/2018:10:29:45 -0300] "POST /cormun/servlet/solicitudot?19b0b92ff98d3cd8378c35ed9408871e,UPD,2018,11878,,gx-no-cache=1532438914759 HTTP/1.1" 200 11762
186.103.159.182 - - [24/Jul/2018:10:29:45 -0300] "GET /cormun/servlet/solicitudot?7fb24c117c955969039a33ffc1d243ccd806cd8505123568da49068281805744eb9e2495e9e2738c5d3f473297d9df01,gx-no-cache=1532438915222 HTTP/1.1" 200 30
157.55.39.188 - - [24/Jul/2018:10:29:45 -0300] "GET /cormun/static/gxcfg.js?85251 HTTP/1.1" 200 953
186.103.159.182 - - [24/Jul/2018:10:29:45 -0300] "GET /cormun/servlet/solicitudot?7fb24c117c955969039a33ffc1d243cc8d279e7936fc06d672b574e694e94a9b2c24a9c44d065120491a0885ef904a8794e879fa6ec287fbe32c8b2222dfe52b,gx-no-cache=1532438915256 HTTP/1.1" 200 30
186.103.159.182 - - [24/Jul/2018:10:29:45 -0300] "GET /cormun/servlet/solicitudot?7fb24c117c955969039a33ffc1d243cc488ed11d3ca2870a7de0d3caab9c7653d895e7e44d5415daa5ea444b8e45f5c72f9dd603ca07b29975125fcebd5cde80,gx-no-cache=1532438915285 HTTP/1.1" 200 53
186.103.159.182 - - [24/Jul/2018:10:29:45 -0300] "POST /cormun/servlet/solicitudot?gx-no-cache=1532438915319 HTTP/1.1" 200 257
157.55.39.188 - - [24/Jul/2018:10:29:46 -0300] "GET /cormun/static/gxfrmutlSD.js?85251 HTTP/1.1" 200 89044
186.103.159.182 - - [24/Jul/2018:10:29:46 -0300] "GET /cormun/servlet/solicitudot?7fb24c117c955969039a33ffc1d243cc86dbf0e71c0d01c9f68f89562ed25533852dd53ce42127161373600b19eefaa85df2ceacc96a5ccea296de9a92b7bd04c6e56b59fc347065e847c181b79a3751e8fa3edebff5094cf5326891b5f11054349dbf24da054ae2e136f2fe4a51015def98c8db1ff5428f3fa06756b0fb6df5672f4dd5d43de055f1834a184b6f8a74e7d47ade654afe258ac192e7cf3011fb4bd02fcfb92622d4241ff094aed1b42a322f2b652857f0e7e991b021d237f3c00c136b2441d385970678979b64c739f8d2a9ab26e7d8faac49ecc176c66f15fb0120e7e824f5544700c4703815e9ddcd5d6dffa08b56dfad2c0120e6dd5b307bf475bafded21af046913e8876fa0a1158b9af528a50277f2fe0dfbc8c90325d96e1292fbd5579f2060ba368c5988d752ac855a232a94c5f972e98d565dfb76f4c6d76a07fcc503119c772f3122d0d0f4276a6c3ff22732f9afabd5fde5c8c7222dca338ac3c00e6d1068939b3d16b9160b1cf2a28304816e49239190c08ca980,gx-no-cache=1532438915361 HTTP/1.1" 200 30
186.103.159.182 - - [24/Jul/2018:10:29:46 -0300] "POST /cormun/servlet/solicitudot?gx-no-cache=1532438915695 HTTP/1.1" 200 30
186.103.159.182 - - [24/Jul/2018:10:29:46 -0300] "POST /cormun/servlet/solicitudot?gx-no-cache=1532438915729 HTTP/1.1" 200 1376
186.103.159.182 - - [24/Jul/2018:10:29:46 -0300] "POST /cormun/servlet/solicitudot?gx-no-cache=1532438915787 HTTP/1.1" 200 41
157.55.39.188 - - [24/Jul/2018:10:29:46 -0300] "GET /cormun/static/gxgridSD.js?85251 HTTP/1.1" 200 50735
157.55.39.188 - - [24/Jul/2018:10:29:46 -0300] "GET /cormun/static/gxhtmlSD.js?85251 HTTP/1.1" 200 50424
157.55.39.188 - - [24/Jul/2018:10:29:47 -0300] "GET /cormun/static/hpexe_return.js?2016101716175153 HTTP/1.1" 200 1633
157.55.39.188 - - [24/Jul/2018:10:29:47 -0300] "GET /cormun/static/messages.spa.js?85251 HTTP/1.1" 200 30736
192.168.10.96 - - [24/Jul/2018:10:29:55 -0300] "POST /digitalizacion/servlet/trdocumentos?d0ea55d53e43a44a4fa3eb1d17a8ef4f,,gx-no-cache=1532438782094 HTTP/1.1" 200 6201
157.55.39.82 - - [24/Jul/2018:10:29:56 -0300] "GET /cormun/static/gxapiSD.js?85251 HTTP/1.1" 200 78773
157.55.39.82 - - [24/Jul/2018:10:29:57 -0300] "GET /cormun/static/gxgralSD.js?85251 HTTP/1.1" 200 20927
192.168.10.96 - - [24/Jul/2018:10:29:58 -0300] "GET /digitalizacion/servlet/wbadjunto?5745,PU HTTP/1.1" 302 -
192.168.10.96 - - [24/Jul/2018:10:29:58 -0300] "GET /digitalizacion/PublicTempStorage/9507230.tmp HTTP/1.1" 200 977487
40.77.167.166 - - [24/Jul/2018:10:30:01 -0300] "GET /cormun/static/gxfxSD.js?85251 HTTP/1.1" 200 15384
186.103.159.182 - - [24/Jul/2018:10:30:04 -0300] "GET /cormun/servlet/solicitudot?7fb24c117c955969039a33ffc1d243ccdbc16dd11cfd2071dc12b56a141d7a16beefe6fb2873300d4d85edbaf4ea69c74bc8ceaff1fd3b1b5565063fcee0fef2ec08acf9856e074b5d3938541df16dbbea88c4bf0506c203df25228f7768c03a4715e2613bcc60116980a9fccca3a9da56f4342cbd834bddfc587f7ba41a6d259735d1316a6cd47267424718954b7c03b90b55e723e8d83f711e26c912b785ac,gx-no-cache=1532438933771 HTTP/1.1" 200 29
186.103.159.182 - - [24/Jul/2018:10:30:04 -0300] "POST /cormun/servlet/solicitudot?gx-no-cache=1532438933834 HTTP/1.1" 200 1359
186.103.159.182 - - [24/Jul/2018:10:30:04 -0300] "POST /cormun/servlet/solicitudot?gx-no-cache=1532438933910 HTTP/1.1" 200 1258
186.103.159.182 - - [24/Jul/2018:10:30:04 -0300] "GET /cormun/servlet/solicitudot?7fb24c117c955969039a33ffc1d243cc8a4f257976f17a7037719af1ec0236fbbeed61b65a18fd62eda95cc52fcd88f4,gx-no-cache=1532438933986 HTTP/1.1" 200 30
186.103.159.182 - - [24/Jul/2018:10:30:04 -0300] "POST /cormun/servlet/solicitudot?gx-no-cache=1532438934047 HTTP/1.1" 200 30
186.103.159.182 - - [24/Jul/2018:10:30:04 -0300] "POST /cormun/servlet/solicitudot?19b0b92ff98d3cd8378c35ed9408871e,UPD,2018,11878,,gx-no-cache=1532438934117 HTTP/1.1" 200 93
186.103.159.182 - - [24/Jul/2018:10:30:04 -0300] "GET /cormun/servlet/hpexe_return? HTTP/1.1" 200 1008
186.103.159.182 - - [24/Jul/2018:10:30:05 -0300] "GET /cormun/servlet/trsolicitudot? HTTP/1.1" 200 8873
186.103.159.182 - - [24/Jul/2018:10:30:05 -0300] "GET /cormun/servlet/trsolicitudot? HTTP/1.1" 200 8869
186.103.159.182 - - [24/Jul/2018:10:30:08 -0300] "GET /cormun/static/menuarrow.gif HTTP/1.1" 404 1015
186.103.159.182 - - [24/Jul/2018:10:30:12 -0300] "POST /cormun/servlet/trsolicitudot?19b0b92ff98d3cd8378c35ed9408871e,,gx-no-cache=1532438942115 HTTP/1.1" 200 6542
192.168.10.96 - - [24/Jul/2018:10:30:24 -0300] "POST /digitalizacion/servlet/trdocumentos?d0ea55d53e43a44a4fa3eb1d17a8ef4f,,gx-no-cache=1532438811478 HTTP/1.1" 200 3890
186.103.157.39 - - [24/Jul/2018:10:30:39 -0300] "GET /cormun/static/trlicencias.js?20176272054837 HTTP/1.1" 200 41883
186.103.159.182 - - [24/Jul/2018:10:31:00 -0300] "POST /cormun/servlet/trsolicitudot?19b0b92ff98d3cd8378c35ed9408871e,,gx-no-cache=1532438989352 HTTP/1.1" 200 5864
186.103.159.182 - - [24/Jul/2018:10:31:02 -0300] "POST /cormun/servlet/trsolicitudot?19b0b92ff98d3cd8378c35ed9408871e,,gx-no-cache=1532438992138 HTTP/1.1" 200 105
186.103.159.182 - - [24/Jul/2018:10:31:03 -0300] "GET /cormun/servlet/solicitudot?UPD,2018,11878, HTTP/1.1" 200 15532
186.103.159.182 - - [24/Jul/2018:10:31:04 -0300] "GET /cormun/servlet/solicitudot?UPD,2018,11878, HTTP/1.1" 200 15542
186.103.159.182 - - [24/Jul/2018:10:31:04 -0300] "POST /cormun/servlet/solicitudot?gx-no-cache=1532438993823 HTTP/1.1" 200 3438
186.103.159.182 - - [24/Jul/2018:10:31:05 -0300] "POST /cormun/servlet/solicitudot?19b0b92ff98d3cd8378c35ed9408871e,UPD,2018,11878,,gx-no-cache=1532438994080 HTTP/1.1" 200 11763
186.103.159.182 - - [24/Jul/2018:10:31:05 -0300] "GET /cormun/servlet/solicitudot?7fb24c117c955969039a33ffc1d243ccd806cd8505123568da49068281805744eb9e2495e9e2738c5d3f473297d9df01,gx-no-cache=1532438994586 HTTP/1.1" 200 30
186.103.159.182 - - [24/Jul/2018:10:31:05 -0300] "GET /cormun/servlet/solicitudot?7fb24c117c955969039a33ffc1d243cc8d279e7936fc06d672b574e694e94a9b2c24a9c44d065120491a0885ef904a8794e879fa6ec287fbe32c8b2222dfe52b,gx-no-cache=1532438994641 HTTP/1.1" 200 30
186.103.159.182 - - [24/Jul/2018:10:31:05 -0300] "GET /cormun/servlet/solicitudot?7fb24c117c955969039a33ffc1d243cc488ed11d3ca2870a7de0d3caab9c7653d895e7e44d5415daa5ea444b8e45f5c72f9dd603ca07b29975125fcebd5cde80,gx-no-cache=1532438994669 HTTP/1.1" 200 53
186.103.159.182 - - [24/Jul/2018:10:31:05 -0300] "POST /cormun/servlet/solicitudot?gx-no-cache=1532438994700 HTTP/1.1" 200 257
186.103.159.182 - - [24/Jul/2018:10:31:05 -0300] "GET /cormun/servlet/solicitudot?7fb24c117c955969039a33ffc1d243cc86dbf0e71c0d01c9f68f89562ed25533852dd53ce42127161373600b19eefaa85df2ceacc96a5ccea296de9a92b7bd04c6e56b59fc347065e847c181b79a3751e8fa3edebff5094cf5326891b5f11054349dbf24da054ae2e136f2fe4a51015def98c8db1ff5428f3fa06756b0fb6df5672f4dd5d43de055f1834a184b6f8a74e7d47ade654afe258ac192e7cf3011fb4bd02fcfb92622d4241ff094aed1b42a322f2b652857f0e7e991b021d237f3c00c136b2441d385970678979b64c739f8d2a9ab26e7d8faac49ecc176c66f15fb0120e7e824f5544700c4703815e9ddcd5d6dffa08b56dfad2c0120e6dd5b307bf475bafded21af046913e8876fa0a1158b9af528a50277f2fe0dfbc8c90325d96e1292fbd5579f2060ba368c5988d752ac855a232a94c5f972e98d565dfb76f4c6d76a07fcc503119c772f3122d0d0f4276a6c3ff22732f9afabd5fde5c8c7222dca338ac3c00e6d1068939b3d16b9160b1cf2a28304816e49239190c08ca980,gx-no-cache=1532438994754 HTTP/1.1" 200 30
186.103.159.182 - - [24/Jul/2018:10:31:05 -0300] "POST /cormun/servlet/solicitudot?gx-no-cache=1532438995116 HTTP/1.1" 200 30
