186.67.164.142 - - [24/Jul/2018:13:18:20 -0300] "GET /cormun/servlet/hhome HTTP/1.1" 200 3981
186.67.164.142 - - [24/Jul/2018:13:18:28 -0300] "GET /cormun/servlet/trrenuncias? HTTP/1.1" 200 6830
186.67.164.142 - - [24/Jul/2018:13:18:28 -0300] "GET /cormun/static/gxcfg.js?20175251282642 HTTP/1.1" 200 953
186.67.164.142 - - [24/Jul/2018:13:18:28 -0300] "GET /cormun/static/trrenuncias.js?20175251283179 HTTP/1.1" 200 31174
186.67.164.142 - - [24/Jul/2018:13:18:28 -0300] "GET /cormun/servlet/trrenuncias? HTTP/1.1" 200 6830
186.67.164.142 - - [24/Jul/2018:13:18:31 -0300] "GET /cormun/servlet/renuncias?INS,0, HTTP/1.1" 200 6115
186.67.164.142 - - [24/Jul/2018:13:18:31 -0300] "GET /cormun/static/gxcfg.js?2017426922787 HTTP/1.1" 200 953
186.67.164.142 - - [24/Jul/2018:13:18:31 -0300] "GET /cormun/static/renuncias.js?201742692287 HTTP/1.1" 200 14762
186.67.164.142 - - [24/Jul/2018:13:18:31 -0300] "GET /cormun/static/Resources/prompt.gif HTTP/1.1" 200 902
186.67.164.142 - - [24/Jul/2018:13:18:31 -0300] "GET /cormun/static/Resources/Spanish/PXTools.css?11294912 HTTP/1.1" 200 89042
186.67.164.142 - - [24/Jul/2018:13:18:32 -0300] "GET /cormun/servlet/renuncias?INS,0, HTTP/1.1" 200 6116
186.67.164.142 - - [24/Jul/2018:13:18:50 -0300] "GET /cormun/servlet/renuncias?303ccdfbacfde76bef7fe0185344f88e0a6c453a73a9d997d512673bc9602c33e962a71baca2cf93a931973bda95cfa8,gx-no-cache=1532449058554 HTTP/1.1" 200 33
190.101.8.3 - - [24/Jul/2018:13:18:50 -0300] "GET /cormun/servlet/hlogin HTTP/1.1" 200 1721
190.101.8.3 - - [24/Jul/2018:13:18:53 -0300] "POST /cormun/servlet/hlogin?edc28fc2a8e3b954bc7fc08436cdb9cc,gx-no-cache=1532449059813 HTTP/1.1" 200 90
190.101.8.3 - - [24/Jul/2018:13:18:53 -0300] "GET /cormun/servlet/hpexe_link HTTP/1.1" 200 952
190.101.8.3 - - [24/Jul/2018:13:18:53 -0300] "GET /cormun/servlet/hhome HTTP/1.1" 200 4353
190.101.8.3 - - [24/Jul/2018:13:18:54 -0300] "GET /cormun/servlet/hhome HTTP/1.1" 200 4349
186.67.164.142 - - [24/Jul/2018:13:19:23 -0300] "GET /cormun/servlet/renuncias?303ccdfbacfde76bef7fe0185344f88e1a66c946fff6fb11ee699473ff095e84b93c05588a0c40e17bc7f297c58ffa73,gx-no-cache=1532449091074 HTTP/1.1" 200 71
190.101.8.3 - - [24/Jul/2018:13:20:01 -0300] "GET /cormun/servlet/trlicencias? HTTP/1.1" 200 12242
190.101.8.3 - - [24/Jul/2018:13:20:02 -0300] "GET /cormun/servlet/trlicencias? HTTP/1.1" 200 12239
190.101.8.3 - - [24/Jul/2018:13:20:05 -0300] "GET /cormun/servlet/licenciaspermisos?INS,0,,, HTTP/1.1" 200 7880
190.101.8.3 - - [24/Jul/2018:13:20:05 -0300] "GET /cormun/servlet/licenciaspermisos?INS,0,,, HTTP/1.1" 200 7888
186.67.164.142 - - [24/Jul/2018:13:20:40 -0300] "POST /cormun/servlet/renuncias?51e70513e25cf63068742c4ca7bf5020,INS,0,,gx-no-cache=1532449168514 HTTP/1.1" 200 93
186.67.164.142 - - [24/Jul/2018:13:20:40 -0300] "GET /cormun/servlet/hpexe_return? HTTP/1.1" 200 1005
186.67.164.142 - - [24/Jul/2018:13:20:40 -0300] "GET /cormun/servlet/trrenuncias HTTP/1.1" 200 7578
186.67.164.142 - - [24/Jul/2018:13:20:41 -0300] "GET /cormun/servlet/trrenuncias HTTP/1.1" 200 7574
186.67.164.142 - - [24/Jul/2018:13:20:53 -0300] "GET /cormun/servlet/trrenunciasadjuntos?183,18645972, HTTP/1.1" 200 5988
186.67.164.142 - - [24/Jul/2018:13:20:53 -0300] "GET /cormun/static/gxcfg.js?20177612185036 HTTP/1.1" 200 953
186.67.164.142 - - [24/Jul/2018:13:20:53 -0300] "GET /cormun/static/trrenunciasadjuntos.js?20177612185280 HTTP/1.1" 200 15250
186.67.164.142 - - [24/Jul/2018:13:20:54 -0300] "GET /cormun/servlet/trrenunciasadjuntos?183,18645972, HTTP/1.1" 200 5988
186.67.164.142 - - [24/Jul/2018:13:20:55 -0300] "GET /cormun/servlet/renunciasadjuntos?INS,183,, HTTP/1.1" 200 5323
186.67.164.142 - - [24/Jul/2018:13:20:56 -0300] "GET /cormun/static/gxcfg.js?2017761273622 HTTP/1.1" 200 953
186.67.164.142 - - [24/Jul/2018:13:20:56 -0300] "GET /cormun/static/renunciasadjuntos.js?2017761273629 HTTP/1.1" 200 5937
186.67.164.142 - - [24/Jul/2018:13:20:56 -0300] "GET /cormun/static/about:blank HTTP/1.1" 404 1011
186.67.164.142 - - [24/Jul/2018:13:20:56 -0300] "GET /cormun/servlet/renunciasadjuntos?INS,183,, HTTP/1.1" 200 5310
190.101.8.3 - - [24/Jul/2018:13:21:01 -0300] "GET /cormun/servlet/licenciaspermisos?221d5e36e1f8fc8ef13b1bfb3785617bcda172dcbd99a9c43f1eb953c02a39fb5c91acdd380fa9892a31142dc7ba8f5e,gx-no-cache=1532449187366 HTTP/1.1" 200 109
190.101.8.3 - - [24/Jul/2018:13:21:01 -0300] "POST /cormun/servlet/licenciaspermisos?edc28fc2a8e3b954bc7fc08436cdb9cc,INS,0,,,,gx-no-cache=1532449187473 HTTP/1.1" 200 4890
186.67.164.142 - - [24/Jul/2018:13:21:21 -0300] "POST /cormun/servlet/renunciasadjuntos?51e70513e25cf63068742c4ca7bf5020,INS,183,, HTTP/1.1" 200 116
186.67.164.142 - - [24/Jul/2018:13:21:21 -0300] "GET /cormun/servlet/hpexe_return? HTTP/1.1" 200 1025
186.67.164.142 - - [24/Jul/2018:13:21:21 -0300] "GET /cormun/servlet/trrenunciasadjuntos?183,18645972, HTTP/1.1" 200 6413
186.67.164.142 - - [24/Jul/2018:13:21:22 -0300] "GET /cormun/servlet/trrenunciasadjuntos?183,18645972, HTTP/1.1" 200 6409
186.67.164.142 - - [24/Jul/2018:13:21:25 -0300] "POST /cormun/servlet/trrenunciasadjuntos?51e70513e25cf63068742c4ca7bf5020,183,18645972,,gx-no-cache=1532449213772 HTTP/1.1" 200 90
186.67.164.142 - - [24/Jul/2018:13:21:25 -0300] "GET /cormun/servlet/hpexe_link HTTP/1.1" 200 975
186.67.164.142 - - [24/Jul/2018:13:21:25 -0300] "GET /cormun/servlet/trrenuncias HTTP/1.1" 200 7575
186.67.164.142 - - [24/Jul/2018:13:21:26 -0300] "GET /cormun/servlet/trrenuncias HTTP/1.1" 200 7574
190.101.8.3 - - [24/Jul/2018:13:21:29 -0300] "GET /cormun/static/menuarrow.gif HTTP/1.1" 404 1015
186.67.164.142 - - [24/Jul/2018:13:21:33 -0300] "GET /cormun/servlet/arenunciaprn?183,PU HTTP/1.1" 200 1556
190.101.8.3 - - [24/Jul/2018:13:22:09 -0300] "GET /cormun/servlet/licenciaspermisos?221d5e36e1f8fc8ef13b1bfb3785617b91e55dd8aff1d14c11b25eb85975fbcaeccb71d51ffe07996064e9b102bfe1dbca4d2e81206ac01eec4d6686bff8747e406fc975b84d2418f336fd84671861a783be1237efe3df539d690497339d3e16686862f836d93d7aebecca2a2d59f711124c90c840578a2dde84f404f68a2eceae71d9ef06bf226787e6dc7e6dd6edaa368188808f325aa07a904e3969e9d52df0ed80d79218c2b7c1d08a24669f632f,gx-no-cache=1532449256222 HTTP/1.1" 200 30
190.101.8.3 - - [24/Jul/2018:13:22:10 -0300] "POST /cormun/servlet/licenciaspermisos?edc28fc2a8e3b954bc7fc08436cdb9cc,INS,0,,,,gx-no-cache=1532449256315 HTTP/1.1" 200 4978
186.67.172.234 - - [24/Jul/2018:13:22:25 -0300] "GET /cormun/servlet/hlogin HTTP/1.1" 200 1724
186.67.172.234 - - [24/Jul/2018:13:22:25 -0300] "GET /cormun/static/gxcfg.js?20175251213516 HTTP/1.1" 200 953
186.67.172.234 - - [24/Jul/2018:13:22:25 -0300] "GET /cormun/static/Resources/ComunLogin.png HTTP/1.1" 200 17326
186.67.172.234 - - [24/Jul/2018:13:22:25 -0300] "GET /cormun/static/Resources/PXToolsLoginBackground.png HTTP/1.1" 200 1164
186.67.172.234 - - [24/Jul/2018:13:22:25 -0300] "GET /cormun/static/Resources/PXToolsLoginBottom.png HTTP/1.1" 200 1389
186.67.172.234 - - [24/Jul/2018:13:22:25 -0300] "GET /cormun/static/Resources/PXToolsLoginTop.png HTTP/1.1" 200 1337
186.67.172.234 - - [24/Jul/2018:13:22:25 -0300] "GET /cormun/servlet/hlogin HTTP/1.1" 200 1727
186.67.164.142 - - [24/Jul/2018:13:22:33 -0300] "GET /cormun/servlet/renuncias?UPD,183, HTTP/1.1" 200 6193
186.67.164.142 - - [24/Jul/2018:13:22:34 -0300] "GET /cormun/servlet/renuncias?UPD,183, HTTP/1.1" 200 6194
186.67.164.142 - - [24/Jul/2018:13:22:36 -0300] "GET /cormun/static/menuarrow.gif HTTP/1.1" 404 1015
46.174.191.28 - - [24/Jul/2018:13:22:37 -0300] "GET / HTTP/1.0" 200 11197
190.101.8.3 - - [24/Jul/2018:13:23:23 -0300] "GET /cormun/servlet/licenciaspermisos?221d5e36e1f8fc8ef13b1bfb3785617b18f5f726c6c9512d335daba7d9b63214f847932b6fefd5fe169a8b5e9956cffc718072fd173b373b34e3dfde37d505325c67a11050de64ba367d3823b23a10e2e1f87152827f58a1491297bc68dd7ed1cf48b46416ca43de589e5e9e9a05c537a293c1202ba8e86a44e985f1b463ca7baf1b3526814c3ce097e10dfa9155e2f1632c17d4c8b1338cdda731d0d05e4533031c24eac413c57ff91340e3ae515a79dc73c7e57009b55a1e09e61f571f18cf4b3231bf36c0fc4b5385a1f239b429801d527fb0e2d63bd6057bd2547553f1dc2b0f322f7e580fac159d3ad207b10bf4,gx-no-cache=1532449330154 HTTP/1.1" 200 60
190.101.8.3 - - [24/Jul/2018:13:23:53 -0300] "POST /cormun/servlet/licenciaspermisos?edc28fc2a8e3b954bc7fc08436cdb9cc,INS,0,,,,gx-no-cache=1532449359672 HTTP/1.1" 200 93
190.101.8.3 - - [24/Jul/2018:13:23:53 -0300] "GET /cormun/servlet/hpexe_return? HTTP/1.1" 200 1013
190.101.8.3 - - [24/Jul/2018:13:23:53 -0300] "GET /cormun/servlet/trlicencias HTTP/1.1" 200 12581
190.101.8.3 - - [24/Jul/2018:13:23:54 -0300] "GET /cormun/servlet/trlicencias HTTP/1.1" 200 12576
190.101.8.3 - - [24/Jul/2018:13:24:01 -0300] "GET /cormun/servlet/alicenciaprn?16881409,L,20180724000000,PU HTTP/1.1" 200 1588
186.67.164.142 - - [24/Jul/2018:13:24:06 -0300] "GET /cormun/servlet/renuncias?303ccdfbacfde76bef7fe0185344f88e45568e268590a3310c64b2d1e1094c6ae962a71baca2cf93a931973bda95cfa8,gx-no-cache=1532449375073 HTTP/1.1" 200 33
186.67.164.142 - - [24/Jul/2018:13:24:06 -0300] "GET /cormun/servlet/renuncias?303ccdfbacfde76bef7fe0185344f88e1a66c946fff6fb11ee699473ff095e84341e39cfd51a4e9ef8d4116e513184b30074d930b15320d85bff7b832d4ea86a,gx-no-cache=1532449375224 HTTP/1.1" 200 71
186.67.164.142 - - [24/Jul/2018:13:24:07 -0300] "POST /cormun/servlet/renuncias?51e70513e25cf63068742c4ca7bf5020,UPD,183,,gx-no-cache=1532449375363 HTTP/1.1" 200 93
186.67.164.142 - - [24/Jul/2018:13:24:07 -0300] "GET /cormun/servlet/hpexe_return? HTTP/1.1" 200 1008
186.67.164.142 - - [24/Jul/2018:13:24:07 -0300] "GET /cormun/servlet/trrenuncias HTTP/1.1" 200 6833
186.67.164.142 - - [24/Jul/2018:13:24:08 -0300] "GET /cormun/servlet/trrenuncias HTTP/1.1" 200 6830
186.67.164.142 - - [24/Jul/2018:13:24:12 -0300] "POST /cormun/servlet/trrenuncias?51e70513e25cf63068742c4ca7bf5020,gx-no-cache=1532449380417 HTTP/1.1" 200 90
186.67.164.142 - - [24/Jul/2018:13:24:12 -0300] "GET /cormun/servlet/hpexe_link HTTP/1.1" 200 955
186.67.164.142 - - [24/Jul/2018:13:24:12 -0300] "GET /cormun/servlet/hhome HTTP/1.1" 200 3984
186.67.164.142 - - [24/Jul/2018:13:24:12 -0300] "GET /cormun/servlet/hhome HTTP/1.1" 200 3981
186.67.164.142 - - [24/Jul/2018:13:24:16 -0300] "GET /cormun/servlet/trrenuncias? HTTP/1.1" 200 6830
186.67.164.142 - - [24/Jul/2018:13:24:17 -0300] "GET /cormun/servlet/trrenuncias? HTTP/1.1" 200 6830
186.67.164.142 - - [24/Jul/2018:13:24:29 -0300] "POST /cormun/servlet/trrenuncias?51e70513e25cf63068742c4ca7bf5020,,gx-no-cache=1532449397391 HTTP/1.1" 200 4088
186.67.164.142 - - [24/Jul/2018:13:24:31 -0300] "POST /cormun/servlet/trrenuncias?51e70513e25cf63068742c4ca7bf5020,,gx-no-cache=1532449399395 HTTP/1.1" 200 4087
186.67.164.142 - - [24/Jul/2018:13:24:37 -0300] "POST /cormun/servlet/trrenuncias?51e70513e25cf63068742c4ca7bf5020,,gx-no-cache=1532449405436 HTTP/1.1" 200 4091
186.67.164.142 - - [24/Jul/2018:13:24:41 -0300] "POST /cormun/servlet/trrenuncias?51e70513e25cf63068742c4ca7bf5020,,gx-no-cache=1532449409620 HTTP/1.1" 200 4092
186.67.164.142 - - [24/Jul/2018:13:24:48 -0300] "POST /cormun/servlet/trrenuncias?51e70513e25cf63068742c4ca7bf5020,,gx-no-cache=1532449417036 HTTP/1.1" 200 4094
190.101.8.3 - - [24/Jul/2018:13:24:50 -0300] "GET /cormun/servlet/trlicenciaspermisosadjuntos?16881409,20180724000000,L, HTTP/1.1" 200 6711
190.101.8.3 - - [24/Jul/2018:13:24:51 -0300] "GET /cormun/servlet/trlicenciaspermisosadjuntos?16881409,20180724000000,L, HTTP/1.1" 200 6711
186.67.164.142 - - [24/Jul/2018:13:24:52 -0300] "POST /cormun/servlet/trrenuncias?51e70513e25cf63068742c4ca7bf5020,,gx-no-cache=1532449420994 HTTP/1.1" 200 4093
190.101.8.3 - - [24/Jul/2018:13:24:52 -0300] "GET /cormun/servlet/licenciaspermisosadjuntos?INS,16881409,L,20180724000000,, HTTP/1.1" 200 5999
190.101.8.3 - - [24/Jul/2018:13:24:52 -0300] "GET /cormun/static/about:blank HTTP/1.1" 404 1011
190.101.8.3 - - [24/Jul/2018:13:24:53 -0300] "GET /cormun/servlet/licenciaspermisosadjuntos?INS,16881409,L,20180724000000,, HTTP/1.1" 200 5989
186.67.164.142 - - [24/Jul/2018:13:24:55 -0300] "POST /cormun/servlet/trrenuncias?51e70513e25cf63068742c4ca7bf5020,,gx-no-cache=1532449424003 HTTP/1.1" 200 4088
190.101.8.3 - - [24/Jul/2018:13:25:00 -0300] "POST /cormun/servlet/licenciaspermisosadjuntos?edc28fc2a8e3b954bc7fc08436cdb9cc,INS,16881409,L,20180724000000,, HTTP/1.1" 200 116
190.101.8.3 - - [24/Jul/2018:13:25:00 -0300] "GET /cormun/servlet/hpexe_return? HTTP/1.1" 200 1043
186.67.164.142 - - [24/Jul/2018:13:25:00 -0300] "GET /cormun/servlet/trrenuncias? HTTP/1.1" 200 6830
190.101.8.3 - - [24/Jul/2018:13:25:00 -0300] "GET /cormun/servlet/trlicenciaspermisosadjuntos?16881409,20180724000000,L, HTTP/1.1" 200 7250
186.67.164.142 - - [24/Jul/2018:13:25:00 -0300] "GET /cormun/servlet/trrenuncias? HTTP/1.1" 200 6830
190.101.8.3 - - [24/Jul/2018:13:25:01 -0300] "GET /cormun/servlet/trlicenciaspermisosadjuntos?16881409,20180724000000,L, HTTP/1.1" 200 7247
190.101.8.3 - - [24/Jul/2018:13:25:02 -0300] "POST /cormun/servlet/trlicenciaspermisosadjuntos?edc28fc2a8e3b954bc7fc08436cdb9cc,16881409,20180724000000,L,,gx-no-cache=1532449428883 HTTP/1.1" 200 90
190.101.8.3 - - [24/Jul/2018:13:25:02 -0300] "GET /cormun/servlet/hpexe_link HTTP/1.1" 200 987
190.101.8.3 - - [24/Jul/2018:13:25:02 -0300] "GET /cormun/servlet/trlicencias HTTP/1.1" 200 12571
190.101.8.3 - - [24/Jul/2018:13:25:03 -0300] "GET /cormun/servlet/trlicencias HTTP/1.1" 200 12576
186.67.164.142 - - [24/Jul/2018:13:25:10 -0300] "GET /cormun/servlet/renuncias?INS,0, HTTP/1.1" 200 6115
186.67.164.142 - - [24/Jul/2018:13:25:11 -0300] "GET /cormun/servlet/renuncias?INS,0, HTTP/1.1" 200 6116
186.67.164.142 - - [24/Jul/2018:13:25:34 -0300] "GET /cormun/static/menuarrow.gif HTTP/1.1" 404 1015
186.67.164.142 - - [24/Jul/2018:13:25:38 -0300] "GET /cormun/servlet/renuncias?303ccdfbacfde76bef7fe0185344f88e45568e268590a3310c64b2d1e1094c6ae962a71baca2cf93a931973bda95cfa8,gx-no-cache=1532449466966 HTTP/1.1" 200 33
186.67.172.234 - - [24/Jul/2018:13:25:46 -0300] "POST /cormun/servlet/hlogin?2ae2bd7c1b1fa79adbc8a9062d70f63e,gx-no-cache=1532445776154 HTTP/1.1" 200 90
186.67.172.234 - - [24/Jul/2018:13:25:46 -0300] "GET /cormun/servlet/hpexe_link HTTP/1.1" 200 949
186.67.172.234 - - [24/Jul/2018:13:25:47 -0300] "GET /cormun/servlet/hhome HTTP/1.1" 200 4243
186.67.172.234 - - [24/Jul/2018:13:25:47 -0300] "GET /cormun/static/gxcfg.js?20175251212442 HTTP/1.1" 200 953
186.67.172.234 - - [24/Jul/2018:13:25:47 -0300] "GET /cormun/static/RunJS/RunJS.js HTTP/1.1" 200 288
186.67.172.234 - - [24/Jul/2018:13:25:47 -0300] "GET /cormun/static/hhome.js?20175251212450 HTTP/1.1" 200 777
186.67.172.234 - - [24/Jul/2018:13:25:47 -0300] "GET /cormun/servlet/hhome HTTP/1.1" 200 4239
186.67.164.142 - - [24/Jul/2018:13:25:53 -0300] "GET /cormun/servlet/renuncias?303ccdfbacfde76bef7fe0185344f88e1a66c946fff6fb11ee699473ff095e84b93c05588a0c40e17bc7f297c58ffa73,gx-no-cache=1532449481412 HTTP/1.1" 200 71
200.73.230.197 - - [24/Jul/2018:13:25:57 -0300] "GET /cormun/servlet/hlogin HTTP/1.1" 200 1714
186.67.172.234 - - [24/Jul/2018:13:26:01 -0300] "GET /cormun/servlet/trpermisosgoce? HTTP/1.1" 200 11729
186.67.172.234 - - [24/Jul/2018:13:26:02 -0300] "GET /cormun/servlet/trpermisosgoce? HTTP/1.1" 200 11730
186.67.172.234 - - [24/Jul/2018:13:26:05 -0300] "GET /cormun/servlet/permisogoce?INS,0,,, HTTP/1.1" 200 7109
186.67.172.234 - - [24/Jul/2018:13:26:06 -0300] "GET /cormun/servlet/permisogoce?INS,0,,, HTTP/1.1" 200 7108
186.67.164.142 - - [24/Jul/2018:13:26:06 -0300] "POST /cormun/servlet/renuncias?51e70513e25cf63068742c4ca7bf5020,INS,0,,gx-no-cache=1532449494533 HTTP/1.1" 200 93
186.67.164.142 - - [24/Jul/2018:13:26:06 -0300] "GET /cormun/servlet/hpexe_return? HTTP/1.1" 200 1005
186.67.164.142 - - [24/Jul/2018:13:26:07 -0300] "GET /cormun/servlet/trrenuncias HTTP/1.1" 200 6833
186.67.164.142 - - [24/Jul/2018:13:26:07 -0300] "GET /cormun/servlet/trrenuncias HTTP/1.1" 200 6830
200.73.230.197 - - [24/Jul/2018:13:26:11 -0300] "POST /cormun/servlet/hlogin?f616fed1b9425b583f3a512a65278f0a,gx-no-cache=1532449499311 HTTP/1.1" 200 90
200.73.230.197 - - [24/Jul/2018:13:26:11 -0300] "GET /cormun/servlet/hpexe_link HTTP/1.1" 200 945
200.73.230.197 - - [24/Jul/2018:13:26:12 -0300] "GET /cormun/servlet/hhome HTTP/1.1" 200 3953
200.73.230.197 - - [24/Jul/2018:13:26:14 -0300] "GET /cormun/servlet/hhome HTTP/1.1" 200 3950
186.67.172.234 - - [24/Jul/2018:13:26:14 -0300] "GET /cormun/servlet/permisogoce?869f44c6b8729df38a7d936eaa79639e9013671d0861bd98868f132a567ef5d56e3b1a3f6d8af7b2f733911f30fd2808,gx-no-cache=1532445803802 HTTP/1.1" 200 88
186.67.172.234 - - [24/Jul/2018:13:26:14 -0300] "GET /cormun/static/menuarrow.gif HTTP/1.1" 404 1015
200.73.230.197 - - [24/Jul/2018:13:26:17 -0300] "GET /cormun/servlet/trpermisosgoce? HTTP/1.1" 200 8763
200.73.230.197 - - [24/Jul/2018:13:26:19 -0300] "GET /cormun/servlet/trpermisosgoce? HTTP/1.1" 200 8761
186.67.172.234 - - [24/Jul/2018:13:26:24 -0300] "GET /cormun/servlet/permisogoce?869f44c6b8729df38a7d936eaa79639e9855f16bed92f79b6f70af089023c1f0ba54f0a09ff94c5d6cd05d4c2bc4ea1b239b0bfe28b0a02344e753f2548ec3cc,gx-no-cache=1532445813664 HTTP/1.1" 200 47
200.73.230.197 - - [24/Jul/2018:13:26:25 -0300] "GET /cormun/servlet/permisogoce?INS,0,,, HTTP/1.1" 200 6786
200.73.230.197 - - [24/Jul/2018:13:26:26 -0300] "GET /cormun/servlet/permisogoce?INS,0,,, HTTP/1.1" 200 6786
186.67.172.234 - - [24/Jul/2018:13:26:28 -0300] "POST /cormun/servlet/permisogoce?2ae2bd7c1b1fa79adbc8a9062d70f63e,INS,0,,,,gx-no-cache=1532445817646 HTTP/1.1" 200 93
186.67.172.234 - - [24/Jul/2018:13:26:28 -0300] "GET /cormun/servlet/hpexe_return? HTTP/1.1" 200 1008
186.67.172.234 - - [24/Jul/2018:13:26:28 -0300] "GET /cormun/servlet/trpermisosgoce HTTP/1.1" 200 12051
186.67.172.234 - - [24/Jul/2018:13:26:29 -0300] "GET /cormun/servlet/trpermisosgoce HTTP/1.1" 200 12049
186.67.172.234 - - [24/Jul/2018:13:26:38 -0300] "GET /cormun/servlet/permisogoce?INS,0,,, HTTP/1.1" 200 7109
186.67.172.234 - - [24/Jul/2018:13:26:39 -0300] "GET /cormun/servlet/permisogoce?INS,0,,, HTTP/1.1" 200 7108
200.73.230.197 - - [24/Jul/2018:13:26:39 -0300] "GET /cormun/servlet/permisogoce?e28c9ab9bc625e17a932e15583f3415be95f5eb93f266df444d3fc99b6ef9dd99bab443db897231beb3c9e4c5eb0e07e,gx-no-cache=1532449527364 HTTP/1.1" 200 75
200.73.230.197 - - [24/Jul/2018:13:26:39 -0300] "GET /cormun/static/menuarrow.gif HTTP/1.1" 404 1015
186.67.172.234 - - [24/Jul/2018:13:26:47 -0300] "GET /cormun/servlet/permisogoce?869f44c6b8729df38a7d936eaa79639e0b04039339d3a5e6c1585cef0c31f09f376f4d51fe0d4577be2dea290a40f1898b299fe8186697c1703b0a169bbaf6da,gx-no-cache=1532445836681 HTTP/1.1" 200 80
186.67.172.234 - - [24/Jul/2018:13:26:47 -0300] "GET /cormun/static/menuarrow.gif HTTP/1.1" 404 1015
186.67.172.234 - - [24/Jul/2018:13:26:55 -0300] "GET /cormun/servlet/permisogoce?869f44c6b8729df38a7d936eaa79639e04c91153c1d3eb43250ead99bc5ddfe31a0ec60a7dfb55778f9085a3c97970475db2fffa15f205e1b371973a99c7fbe1,gx-no-cache=1532445844639 HTTP/1.1" 200 47
200.73.230.197 - - [24/Jul/2018:13:26:58 -0300] "GET /cormun/servlet/permisogoce?e28c9ab9bc625e17a932e15583f3415be9b2ced2cca6e17a63cdcf50c5e401494cf0f712740142bcb5eda8e464f9d91f09c2e95021b8c758a9b0ecd4c855cbda,gx-no-cache=1532449545785 HTTP/1.1" 200 48
186.67.172.234 - - [24/Jul/2018:13:26:59 -0300] "POST /cormun/servlet/permisogoce?2ae2bd7c1b1fa79adbc8a9062d70f63e,INS,0,,,,gx-no-cache=1532445848280 HTTP/1.1" 200 93
186.67.172.234 - - [24/Jul/2018:13:26:59 -0300] "GET /cormun/servlet/hpexe_return? HTTP/1.1" 200 1008
186.67.172.234 - - [24/Jul/2018:13:26:59 -0300] "GET /cormun/servlet/trpermisosgoce HTTP/1.1" 200 12278
186.67.172.234 - - [24/Jul/2018:13:26:59 -0300] "GET /cormun/servlet/trpermisosgoce HTTP/1.1" 200 12280
186.67.172.234 - - [24/Jul/2018:13:27:05 -0300] "GET /cormun/servlet/permisogoce?INS,0,,, HTTP/1.1" 200 7109
200.73.230.197 - - [24/Jul/2018:13:27:05 -0300] "POST /cormun/servlet/permisogoce?f616fed1b9425b583f3a512a65278f0a,INS,0,,,,gx-no-cache=1532449552637 HTTP/1.1" 200 93
200.73.230.197 - - [24/Jul/2018:13:27:05 -0300] "GET /cormun/servlet/hpexe_return? HTTP/1.1" 200 1004
186.67.172.234 - - [24/Jul/2018:13:27:05 -0300] "GET /cormun/servlet/permisogoce?INS,0,,, HTTP/1.1" 200 7108
200.73.230.197 - - [24/Jul/2018:13:27:05 -0300] "GET /cormun/servlet/trpermisosgoce HTTP/1.1" 200 8972
200.73.230.197 - - [24/Jul/2018:13:27:07 -0300] "GET /cormun/servlet/trpermisosgoce HTTP/1.1" 200 8968
192.168.10.96 - - [24/Jul/2018:13:27:12 -0300] "GET /cormun/servlet/trrenunciasgenerales? HTTP/1.1" 200 9409
192.168.10.96 - - [24/Jul/2018:13:27:12 -0300] "GET /cormun/static/gxcfg.js?20177612185983 HTTP/1.1" 200 953
192.168.10.96 - - [24/Jul/2018:13:27:12 -0300] "GET /cormun/static/trrenunciasgenerales.js?2017761219363 HTTP/1.1" 200 28597
192.168.10.96 - - [24/Jul/2018:13:27:12 -0300] "GET /cormun/servlet/hlogin HTTP/1.1" 200 1739
192.168.10.96 - - [24/Jul/2018:13:27:12 -0300] "GET /cormun/servlet/trrenunciasgenerales? HTTP/1.1" 200 9401
186.67.172.234 - - [24/Jul/2018:13:27:15 -0300] "GET /cormun/servlet/permisogoce?869f44c6b8729df38a7d936eaa79639e94832db6bd1535d7613bebcf5e578780376f4d51fe0d4577be2dea290a40f1898b299fe8186697c1703b0a169bbaf6da,gx-no-cache=1532445865248 HTTP/1.1" 200 90
186.67.172.234 - - [24/Jul/2018:13:27:15 -0300] "GET /cormun/static/menuarrow.gif HTTP/1.1" 404 1015
200.73.230.197 - - [24/Jul/2018:13:27:16 -0300] "GET /cormun/servlet/apermisogoceprn?7291330,P,20180724122252,PU HTTP/1.1" 200 1649
192.168.10.96 - - [24/Jul/2018:13:27:21 -0300] "POST /cormun/servlet/hlogin?4d4f72243b55ef23914eadf933dd391f,gx-no-cache=1532449428725 HTTP/1.1" 200 90
192.168.10.96 - - [24/Jul/2018:13:27:21 -0300] "GET /cormun/servlet/hpexe_link HTTP/1.1" 200 959
192.168.10.96 - - [24/Jul/2018:13:27:22 -0300] "GET /cormun/servlet/trrenunciasgenerales HTTP/1.1" 200 10709
192.168.10.96 - - [24/Jul/2018:13:27:22 -0300] "GET /cormun/servlet/trrenunciasgenerales HTTP/1.1" 200 10708
186.67.172.234 - - [24/Jul/2018:13:27:24 -0300] "GET /cormun/servlet/permisogoce?869f44c6b8729df38a7d936eaa79639e76aaf781ae53848fd494345f4416d492ab8838dce053eabd3be6707638ab8e7d5db2fffa15f205e1b371973a99c7fbe1,gx-no-cache=1532445873430 HTTP/1.1" 200 48
192.168.10.96 - - [24/Jul/2018:13:27:25 -0300] "GET /cormun/servlet/trrenunciasgenerales? HTTP/1.1" 200 10708
192.168.10.96 - - [24/Jul/2018:13:27:25 -0300] "GET /cormun/servlet/trrenunciasgenerales? HTTP/1.1" 200 10708
186.67.172.234 - - [24/Jul/2018:13:27:29 -0300] "POST /cormun/servlet/permisogoce?2ae2bd7c1b1fa79adbc8a9062d70f63e,INS,0,,,,gx-no-cache=1532445879056 HTTP/1.1" 200 93
186.67.172.234 - - [24/Jul/2018:13:27:30 -0300] "GET /cormun/servlet/hpexe_return? HTTP/1.1" 200 1008
186.67.172.234 - - [24/Jul/2018:13:27:30 -0300] "GET /cormun/servlet/trpermisosgoce HTTP/1.1" 200 12545
186.67.172.234 - - [24/Jul/2018:13:27:30 -0300] "GET /cormun/servlet/trpermisosgoce HTTP/1.1" 200 12541
192.168.10.96 - - [24/Jul/2018:13:27:34 -0300] "POST /cormun/servlet/trrenunciasgenerales?4d4f72243b55ef23914eadf933dd391f,,gx-no-cache=1532449440797 HTTP/1.1" 200 5709
192.168.10.96 - - [24/Jul/2018:13:27:34 -0300] "POST /cormun/servlet/trrenunciasgenerales?4d4f72243b55ef23914eadf933dd391f,,gx-no-cache=1532449441516 HTTP/1.1" 200 5709
192.168.10.96 - - [24/Jul/2018:13:27:34 -0300] "POST /cormun/servlet/trrenunciasgenerales?4d4f72243b55ef23914eadf933dd391f,,gx-no-cache=1532449441732 HTTP/1.1" 200 5709
186.67.172.234 - - [24/Jul/2018:13:27:36 -0300] "GET /cormun/servlet/permisogoce?INS,0,,, HTTP/1.1" 200 7108
186.67.172.234 - - [24/Jul/2018:13:27:37 -0300] "GET /cormun/servlet/permisogoce?INS,0,,, HTTP/1.1" 200 7109
192.168.10.96 - - [24/Jul/2018:13:27:38 -0300] "POST /cormun/servlet/trrenunciasgenerales?4d4f72243b55ef23914eadf933dd391f,,gx-no-cache=1532449445467 HTTP/1.1" 200 5715
192.168.10.96 - - [24/Jul/2018:13:27:41 -0300] "POST /cormun/servlet/trrenunciasgenerales?4d4f72243b55ef23914eadf933dd391f,,gx-no-cache=1532449447909 HTTP/1.1" 200 5716
192.168.10.96 - - [24/Jul/2018:13:27:43 -0300] "POST /cormun/servlet/trrenunciasgenerales?4d4f72243b55ef23914eadf933dd391f,,gx-no-cache=1532449450227 HTTP/1.1" 200 5708
192.168.10.96 - - [24/Jul/2018:13:27:43 -0300] "POST /cormun/servlet/trrenunciasgenerales?4d4f72243b55ef23914eadf933dd391f,,gx-no-cache=1532449450451 HTTP/1.1" 200 5708
192.168.10.96 - - [24/Jul/2018:13:27:43 -0300] "POST /cormun/servlet/trrenunciasgenerales?4d4f72243b55ef23914eadf933dd391f,,gx-no-cache=1532449450636 HTTP/1.1" 200 5708
192.168.10.96 - - [24/Jul/2018:13:27:44 -0300] "POST /cormun/servlet/trrenunciasgenerales?4d4f72243b55ef23914eadf933dd391f,,gx-no-cache=1532449450835 HTTP/1.1" 200 5709
192.168.10.96 - - [24/Jul/2018:13:27:44 -0300] "POST /cormun/servlet/trrenunciasgenerales?4d4f72243b55ef23914eadf933dd391f,,gx-no-cache=1532449451187 HTTP/1.1" 200 5709
192.168.10.96 - - [24/Jul/2018:13:27:44 -0300] "POST /cormun/servlet/trrenunciasgenerales?4d4f72243b55ef23914eadf933dd391f,,gx-no-cache=1532449451443 HTTP/1.1" 200 5709
192.168.10.96 - - [24/Jul/2018:13:27:46 -0300] "POST /cormun/servlet/trrenunciasgenerales?4d4f72243b55ef23914eadf933dd391f,,gx-no-cache=1532449452899 HTTP/1.1" 200 5709
192.168.10.96 - - [24/Jul/2018:13:27:46 -0300] "POST /cormun/servlet/trrenunciasgenerales?4d4f72243b55ef23914eadf933dd391f,,gx-no-cache=1532449453147 HTTP/1.1" 200 5709
192.168.10.96 - - [24/Jul/2018:13:27:46 -0300] "POST /cormun/servlet/trrenunciasgenerales?4d4f72243b55ef23914eadf933dd391f,,gx-no-cache=1532449453364 HTTP/1.1" 200 5708
186.67.164.142 - - [24/Jul/2018:13:27:49 -0300] "GET /cormun/servlet/renuncias?INS,0, HTTP/1.1" 200 6115
186.67.164.142 - - [24/Jul/2018:13:27:50 -0300] "GET /cormun/servlet/renuncias?INS,0, HTTP/1.1" 200 6116
186.67.172.234 - - [24/Jul/2018:13:27:51 -0300] "GET /cormun/servlet/permisogoce?869f44c6b8729df38a7d936eaa79639e94832db6bd1535d7613bebcf5e578780376f4d51fe0d4577be2dea290a40f1898b299fe8186697c1703b0a169bbaf6da,gx-no-cache=1532445900952 HTTP/1.1" 200 87
186.67.172.234 - - [24/Jul/2018:13:27:51 -0300] "GET /cormun/static/menuarrow.gif HTTP/1.1" 404 1015
200.73.230.197 - - [24/Jul/2018:13:27:52 -0300] "GET /cormun/servlet/permisogoce?INS,0,,, HTTP/1.1" 200 6786
200.73.230.197 - - [24/Jul/2018:13:27:54 -0300] "GET /cormun/servlet/permisogoce?INS,0,,, HTTP/1.1" 200 6786
186.67.164.142 - - [24/Jul/2018:13:28:00 -0300] "GET /cormun/static/menuarrow.gif HTTP/1.1" 404 1015
200.73.230.197 - - [24/Jul/2018:13:28:03 -0300] "GET /cormun/servlet/permisogoce?e28c9ab9bc625e17a932e15583f3415be95f5eb93f266df444d3fc99b6ef9dd99bab443db897231beb3c9e4c5eb0e07e,gx-no-cache=1532449611076 HTTP/1.1" 200 78
200.73.230.197 - - [24/Jul/2018:13:28:03 -0300] "GET /cormun/static/menuarrow.gif HTTP/1.1" 404 1015
186.67.172.234 - - [24/Jul/2018:13:28:03 -0300] "GET /cormun/servlet/permisogoce?869f44c6b8729df38a7d936eaa79639e76aaf781ae53848fd494345f4416d4927fe46543923d18db4c198881b3fcce215db2fffa15f205e1b371973a99c7fbe1,gx-no-cache=1532445913043 HTTP/1.1" 200 47
186.67.164.142 - - [24/Jul/2018:13:28:04 -0300] "GET /cormun/servlet/renuncias?303ccdfbacfde76bef7fe0185344f88e45568e268590a3310c64b2d1e1094c6ae962a71baca2cf93a931973bda95cfa8,gx-no-cache=1532449613351 HTTP/1.1" 200 33
192.168.10.96 - - [24/Jul/2018:13:28:07 -0300] "POST /cormun/servlet/trrenunciasgenerales?4d4f72243b55ef23914eadf933dd391f,,gx-no-cache=1532449473948 HTTP/1.1" 200 5709
192.168.10.96 - - [24/Jul/2018:13:28:07 -0300] "POST /cormun/servlet/trrenunciasgenerales?4d4f72243b55ef23914eadf933dd391f,,gx-no-cache=1532449474148 HTTP/1.1" 200 5709
192.168.10.96 - - [24/Jul/2018:13:28:07 -0300] "POST /cormun/servlet/trrenunciasgenerales?4d4f72243b55ef23914eadf933dd391f,,gx-no-cache=1532449474366 HTTP/1.1" 200 5709
192.168.10.96 - - [24/Jul/2018:13:28:07 -0300] "POST /cormun/servlet/trrenunciasgenerales?4d4f72243b55ef23914eadf933dd391f,,gx-no-cache=1532449474684 HTTP/1.1" 200 5709
186.67.172.234 - - [24/Jul/2018:13:28:07 -0300] "POST /cormun/servlet/permisogoce?2ae2bd7c1b1fa79adbc8a9062d70f63e,INS,0,,,,gx-no-cache=1532445917045 HTTP/1.1" 200 93
186.67.172.234 - - [24/Jul/2018:13:28:08 -0300] "GET /cormun/servlet/hpexe_return? HTTP/1.1" 200 1008
186.67.172.234 - - [24/Jul/2018:13:28:08 -0300] "GET /cormun/servlet/trpermisosgoce HTTP/1.1" 200 12769
192.168.10.96 - - [24/Jul/2018:13:28:08 -0300] "POST /cormun/servlet/trrenunciasgenerales?4d4f72243b55ef23914eadf933dd391f,,gx-no-cache=1532449475435 HTTP/1.1" 200 5708
186.67.172.234 - - [24/Jul/2018:13:28:08 -0300] "GET /cormun/servlet/trpermisosgoce HTTP/1.1" 200 12766
192.168.10.96 - - [24/Jul/2018:13:28:09 -0300] "POST /cormun/servlet/trrenunciasgenerales?4d4f72243b55ef23914eadf933dd391f,,gx-no-cache=1532449476203 HTTP/1.1" 200 5709
192.168.10.96 - - [24/Jul/2018:13:28:12 -0300] "POST /cormun/servlet/trrenunciasgenerales?4d4f72243b55ef23914eadf933dd391f,,gx-no-cache=1532449478916 HTTP/1.1" 200 5709
192.168.10.96 - - [24/Jul/2018:13:28:12 -0300] "POST /cormun/servlet/trrenunciasgenerales?4d4f72243b55ef23914eadf933dd391f,,gx-no-cache=1532449479308 HTTP/1.1" 200 5709
192.168.10.96 - - [24/Jul/2018:13:28:12 -0300] "POST /cormun/servlet/trrenunciasgenerales?4d4f72243b55ef23914eadf933dd391f,,gx-no-cache=1532449479507 HTTP/1.1" 200 5709
192.168.10.96 - - [24/Jul/2018:13:28:12 -0300] "POST /cormun/servlet/trrenunciasgenerales?4d4f72243b55ef23914eadf933dd391f,,gx-no-cache=1532449479716 HTTP/1.1" 200 5709
200.73.230.197 - - [24/Jul/2018:13:28:13 -0300] "GET /cormun/servlet/permisogoce?e28c9ab9bc625e17a932e15583f3415be9b2ced2cca6e17a63cdcf50c5e401499aeb01bcec1dc1273ee79c0a9986ae1c09c2e95021b8c758a9b0ecd4c855cbda,gx-no-cache=1532449621118 HTTP/1.1" 200 48
186.67.164.142 - - [24/Jul/2018:13:28:15 -0300] "GET /cormun/servlet/renuncias?303ccdfbacfde76bef7fe0185344f88e1a66c946fff6fb11ee699473ff095e84b93c05588a0c40e17bc7f297c58ffa73,gx-no-cache=1532449623932 HTTP/1.1" 200 71
200.73.230.197 - - [24/Jul/2018:13:28:16 -0300] "POST /cormun/servlet/permisogoce?f616fed1b9425b583f3a512a65278f0a,INS,0,,,,gx-no-cache=1532449624217 HTTP/1.1" 200 93
200.73.230.197 - - [24/Jul/2018:13:28:16 -0300] "GET /cormun/servlet/hpexe_return? HTTP/1.1" 200 1004
200.73.230.197 - - [24/Jul/2018:13:28:17 -0300] "GET /cormun/servlet/trpermisosgoce HTTP/1.1" 200 9124
200.73.230.197 - - [24/Jul/2018:13:28:19 -0300] "GET /cormun/servlet/trpermisosgoce HTTP/1.1" 200 9119
200.73.230.197 - - [24/Jul/2018:13:28:22 -0300] "GET /cormun/servlet/apermisogoceprn?7291330,P,20180724122252,PU HTTP/1.1" 200 1648
186.67.164.142 - - [24/Jul/2018:13:28:28 -0300] "POST /cormun/servlet/renuncias?51e70513e25cf63068742c4ca7bf5020,INS,0,,gx-no-cache=1532449636679 HTTP/1.1" 200 93
186.67.164.142 - - [24/Jul/2018:13:28:28 -0300] "GET /cormun/servlet/hpexe_return? HTTP/1.1" 200 1005
186.67.164.142 - - [24/Jul/2018:13:28:28 -0300] "GET /cormun/servlet/trrenuncias HTTP/1.1" 200 6833
186.67.164.142 - - [24/Jul/2018:13:28:29 -0300] "GET /cormun/servlet/trrenuncias HTTP/1.1" 200 6830
200.73.230.197 - - [24/Jul/2018:13:28:30 -0300] "GET /cormun/servlet/apermisogoceprn?7291330,P,20180724122419,PU HTTP/1.1" 200 1654
192.168.10.96 - - [24/Jul/2018:13:28:31 -0300] "POST /cormun/servlet/trrenunciasgenerales?4d4f72243b55ef23914eadf933dd391f,,gx-no-cache=1532449498748 HTTP/1.1" 200 5709
192.168.10.96 - - [24/Jul/2018:13:28:32 -0300] "POST /cormun/servlet/trrenunciasgenerales?4d4f72243b55ef23914eadf933dd391f,,gx-no-cache=1532449498940 HTTP/1.1" 200 5709
192.168.10.96 - - [24/Jul/2018:13:28:32 -0300] "POST /cormun/servlet/trrenunciasgenerales?4d4f72243b55ef23914eadf933dd391f,,gx-no-cache=1532449499117 HTTP/1.1" 200 5709
192.168.10.96 - - [24/Jul/2018:13:28:32 -0300] "POST /cormun/servlet/trrenunciasgenerales?4d4f72243b55ef23914eadf933dd391f,,gx-no-cache=1532449499276 HTTP/1.1" 200 5708
192.168.10.96 - - [24/Jul/2018:13:28:32 -0300] "POST /cormun/servlet/trrenunciasgenerales?4d4f72243b55ef23914eadf933dd391f,,gx-no-cache=1532449499471 HTTP/1.1" 200 5709
192.168.10.96 - - [24/Jul/2018:13:28:32 -0300] "POST /cormun/servlet/trrenunciasgenerales?4d4f72243b55ef23914eadf933dd391f,,gx-no-cache=1532449499636 HTTP/1.1" 200 5708
192.168.10.96 - - [24/Jul/2018:13:28:33 -0300] "POST /cormun/servlet/trrenunciasgenerales?4d4f72243b55ef23914eadf933dd391f,,gx-no-cache=1532449499852 HTTP/1.1" 200 5709
192.168.10.96 - - [24/Jul/2018:13:28:33 -0300] "POST /cormun/servlet/trrenunciasgenerales?4d4f72243b55ef23914eadf933dd391f,,gx-no-cache=1532449500012 HTTP/1.1" 200 5708
192.168.10.96 - - [24/Jul/2018:13:28:33 -0300] "POST /cormun/servlet/trrenunciasgenerales?4d4f72243b55ef23914eadf933dd391f,,gx-no-cache=1532449500172 HTTP/1.1" 200 5709
192.168.10.96 - - [24/Jul/2018:13:28:33 -0300] "POST /cormun/servlet/trrenunciasgenerales?4d4f72243b55ef23914eadf933dd391f,,gx-no-cache=1532449500340 HTTP/1.1" 200 5708
192.168.10.96 - - [24/Jul/2018:13:28:33 -0300] "POST /cormun/servlet/trrenunciasgenerales?4d4f72243b55ef23914eadf933dd391f,,gx-no-cache=1532449500516 HTTP/1.1" 200 5708
192.168.10.96 - - [24/Jul/2018:13:28:33 -0300] "POST /cormun/servlet/trrenunciasgenerales?4d4f72243b55ef23914eadf933dd391f,,gx-no-cache=1532449500759 HTTP/1.1" 200 5709
192.168.10.96 - - [24/Jul/2018:13:28:34 -0300] "POST /cormun/servlet/trrenunciasgenerales?4d4f72243b55ef23914eadf933dd391f,,gx-no-cache=1532449500908 HTTP/1.1" 200 5709
192.168.10.96 - - [24/Jul/2018:13:28:34 -0300] "POST /cormun/servlet/trrenunciasgenerales?4d4f72243b55ef23914eadf933dd391f,,gx-no-cache=1532449501095 HTTP/1.1" 200 5708
192.168.10.96 - - [24/Jul/2018:13:28:34 -0300] "POST /cormun/servlet/trrenunciasgenerales?4d4f72243b55ef23914eadf933dd391f,,gx-no-cache=1532449501269 HTTP/1.1" 200 5709
66.249.64.29 - - [24/Jul/2018:13:28:35 -0300] "GET /robots.txt HTTP/1.1" 404 981
192.168.10.96 - - [24/Jul/2018:13:28:36 -0300] "GET /cormun/servlet/hlogin HTTP/1.1" 200 1739
66.249.64.28 - - [24/Jul/2018:13:28:36 -0300] "GET /cormun/servlet/hlogin HTTP/1.1" 200 1716
192.168.10.96 - - [24/Jul/2018:13:28:43 -0300] "POST /cormun/servlet/hlogin?4d4f72243b55ef23914eadf933dd391f,gx-no-cache=1532449510326 HTTP/1.1" 200 452
192.168.10.96 - - [24/Jul/2018:13:28:51 -0300] "POST /cormun/servlet/hlogin?4d4f72243b55ef23914eadf933dd391f,gx-no-cache=1532449518596 HTTP/1.1" 200 90
192.168.10.96 - - [24/Jul/2018:13:28:51 -0300] "GET /cormun/servlet/hpexe_link HTTP/1.1" 200 950
192.168.10.96 - - [24/Jul/2018:13:28:51 -0300] "GET /cormun/servlet/hhome HTTP/1.1" 200 3980
192.168.10.96 - - [24/Jul/2018:13:28:52 -0300] "GET /cormun/servlet/hhome HTTP/1.1" 200 3976
192.168.10.96 - - [24/Jul/2018:13:28:56 -0300] "GET /cormun/servlet/trrenuncias? HTTP/1.1" 200 6827
192.168.10.96 - - [24/Jul/2018:13:28:56 -0300] "GET /cormun/static/gxcfg.js?20175251282642 HTTP/1.1" 200 953
192.168.10.96 - - [24/Jul/2018:13:28:56 -0300] "GET /cormun/static/trrenuncias.js?20175251283179 HTTP/1.1" 200 31174
192.168.10.96 - - [24/Jul/2018:13:28:56 -0300] "GET /cormun/static/Resources/PXToolsGridNew.png HTTP/1.1" 200 2949
192.168.10.96 - - [24/Jul/2018:13:28:56 -0300] "GET /cormun/servlet/trrenuncias? HTTP/1.1" 200 6826
192.168.10.96 - - [24/Jul/2018:13:28:58 -0300] "GET /cormun/servlet/renuncias?INS,0, HTTP/1.1" 200 6112
192.168.10.96 - - [24/Jul/2018:13:28:58 -0300] "GET /cormun/static/gxcfg.js?2017426922787 HTTP/1.1" 200 953
192.168.10.96 - - [24/Jul/2018:13:28:58 -0300] "GET /cormun/static/renuncias.js?201742692287 HTTP/1.1" 200 14762
192.168.10.96 - - [24/Jul/2018:13:28:58 -0300] "GET /cormun/static/Resources/prompt.gif HTTP/1.1" 200 902
192.168.10.96 - - [24/Jul/2018:13:28:58 -0300] "GET /cormun/static/Resources/Spanish/PXTools.css?11294912 HTTP/1.1" 200 89042
192.168.10.96 - - [24/Jul/2018:13:28:58 -0300] "GET /cormun/servlet/renuncias?INS,0, HTTP/1.1" 200 6113
186.67.172.234 - - [24/Jul/2018:13:29:00 -0300] "GET /cormun/servlet/trpermisosadjuntos?8758448,20180724122232,P, HTTP/1.1" 200 6559
186.67.172.234 - - [24/Jul/2018:13:29:00 -0300] "GET /cormun/servlet/trpermisosadjuntos?8758448,20180724122232,P, HTTP/1.1" 200 6559
186.67.172.234 - - [24/Jul/2018:13:29:02 -0300] "GET /cormun/servlet/permisosadjuntos?INS,8758448,P,20180724122232,, HTTP/1.1" 200 5887
186.67.172.234 - - [24/Jul/2018:13:29:02 -0300] "GET /cormun/static/about:blank HTTP/1.1" 404 1011
186.67.172.234 - - [24/Jul/2018:13:29:02 -0300] "GET /cormun/servlet/permisosadjuntos?INS,8758448,P,20180724122232,, HTTP/1.1" 200 5877
192.168.10.96 - - [24/Jul/2018:13:29:06 -0300] "GET /cormun/servlet/renuncias?edf0d88ba97ed92c4dfc80407d5ea234551d59c4f315c5ef5b53e12423a07eb87fc5126b9da015c348fbc8b0a095d6a5,gx-no-cache=1532449533627 HTTP/1.1" 200 33
192.168.10.96 - - [24/Jul/2018:13:29:09 -0300] "GET /cormun/static/Resources/resize.gif HTTP/1.1" 200 77
192.168.10.96 - - [24/Jul/2018:13:29:10 -0300] "GET /cormun/servlet/prfichaempleado?,MD,,gxPopupLevel%3D0%3B HTTP/1.1" 200 9326
192.168.10.96 - - [24/Jul/2018:13:29:10 -0300] "GET /cormun/static/gxcfg.js?20177612134814 HTTP/1.1" 200 953
192.168.10.96 - - [24/Jul/2018:13:29:10 -0300] "GET /cormun/static/Resources/PXToolsMenuSearch.png HTTP/1.1" 200 2914
192.168.10.96 - - [24/Jul/2018:13:29:10 -0300] "GET /cormun/static/Resources/PXToolsMenuSearchCancel.png HTTP/1.1" 200 2972
192.168.10.96 - - [24/Jul/2018:13:29:10 -0300] "GET /cormun/static/hmpwkw011.js?20177612121862 HTTP/1.1" 200 1968
192.168.10.96 - - [24/Jul/2018:13:29:10 -0300] "GET /cormun/static/menusearch.js?201610171694467 HTTP/1.1" 200 1424
192.168.10.96 - - [24/Jul/2018:13:29:10 -0300] "GET /cormun/static/prfichaempleado.js?20177612134999 HTTP/1.1" 200 16006
186.67.172.234 - - [24/Jul/2018:13:29:15 -0300] "POST /cormun/servlet/permisosadjuntos?2ae2bd7c1b1fa79adbc8a9062d70f63e,INS,8758448,P,20180724122232,, HTTP/1.1" 200 116
186.67.172.234 - - [24/Jul/2018:13:29:15 -0300] "GET /cormun/servlet/hpexe_return? HTTP/1.1" 200 1035
186.67.172.234 - - [24/Jul/2018:13:29:15 -0300] "GET /cormun/servlet/trpermisosadjuntos?8758448,20180724122232,P, HTTP/1.1" 200 7046
186.67.172.234 - - [24/Jul/2018:13:29:15 -0300] "GET /cormun/servlet/trpermisosadjuntos?8758448,20180724122232,P, HTTP/1.1" 200 7042
186.67.164.142 - - [24/Jul/2018:13:29:18 -0300] "GET /cormun/static/menuarrow.gif HTTP/1.1" 404 1015
192.168.10.96 - - [24/Jul/2018:13:29:18 -0300] "POST /cormun/servlet/prfichaempleado?4d4f72243b55ef23914eadf933dd391f,,MD,,gxPopupLevel%3D0%3B,gx-no-cache=1532449545659 HTTP/1.1" 200 3502
192.168.10.96 - - [24/Jul/2018:13:29:22 -0300] "GET /cormun/servlet/renuncias?edf0d88ba97ed92c4dfc80407d5ea2340e00ea1dab05dce0f7c65afaee195a15c63bba71700944c2c4c239b73e6c77d1,gx-no-cache=1532449549399 HTTP/1.1" 200 71
186.67.164.142 - - [24/Jul/2018:13:29:23 -0300] "POST /cormun/servlet/trrenuncias?51e70513e25cf63068742c4ca7bf5020,gx-no-cache=1532449691201 HTTP/1.1" 200 4093
192.168.10.96 - - [24/Jul/2018:13:29:25 -0300] "GET /cormun/servlet/prcontrato?18645972,,,MD,,gxPopupLevel%3D0%3B HTTP/1.1" 200 6071
192.168.10.96 - - [24/Jul/2018:13:29:25 -0300] "GET /cormun/static/gxcfg.js?20175251232326 HTTP/1.1" 200 953
192.168.10.96 - - [24/Jul/2018:13:29:25 -0300] "GET /cormun/static/prcontrato.js?20175251232552 HTTP/1.1" 200 13820
192.168.10.96 - - [24/Jul/2018:13:29:37 -0300] "POST /cormun/servlet/renuncias?4d4f72243b55ef23914eadf933dd391f,INS,0,,gx-no-cache=1532449564570 HTTP/1.1" 200 93
192.168.10.96 - - [24/Jul/2018:13:29:38 -0300] "GET /cormun/servlet/hpexe_return? HTTP/1.1" 200 1004
192.168.10.96 - - [24/Jul/2018:13:29:38 -0300] "GET /cormun/static/gxcfg.js?2016101716175148 HTTP/1.1" 200 953
192.168.10.96 - - [24/Jul/2018:13:29:38 -0300] "GET /cormun/static/hpexe_return.js?2016101716175153 HTTP/1.1" 200 1633
192.168.10.96 - - [24/Jul/2018:13:29:38 -0300] "GET /cormun/static/Resources/Spanish/PXTools.css?167811 HTTP/1.1" 200 89042
192.168.10.96 - - [24/Jul/2018:13:29:38 -0300] "GET /cormun/servlet/trrenuncias HTTP/1.1" 200 6830
192.168.10.96 - - [24/Jul/2018:13:29:38 -0300] "GET /cormun/servlet/trrenuncias HTTP/1.1" 200 6826
192.168.10.96 - - [24/Jul/2018:13:29:45 -0300] "POST /cormun/servlet/trrenuncias?4d4f72243b55ef23914eadf933dd391f,gx-no-cache=1532449572258 HTTP/1.1" 200 4084
192.168.10.96 - - [24/Jul/2018:13:29:45 -0300] "POST /cormun/servlet/trrenuncias?4d4f72243b55ef23914eadf933dd391f,gx-no-cache=1532449572442 HTTP/1.1" 200 4083
192.168.10.96 - - [24/Jul/2018:13:29:45 -0300] "POST /cormun/servlet/trrenuncias?4d4f72243b55ef23914eadf933dd391f,gx-no-cache=1532449572648 HTTP/1.1" 200 4084
192.168.10.96 - - [24/Jul/2018:13:29:46 -0300] "POST /cormun/servlet/trrenuncias?4d4f72243b55ef23914eadf933dd391f,gx-no-cache=1532449572872 HTTP/1.1" 200 4085
186.67.164.142 - - [24/Jul/2018:13:29:51 -0300] "GET /cormun/servlet/hlogin HTTP/1.1" 200 1721
192.168.10.96 - - [24/Jul/2018:13:29:53 -0300] "POST /cormun/servlet/trrenuncias?4d4f72243b55ef23914eadf933dd391f,gx-no-cache=1532449580639 HTTP/1.1" 200 5183
192.168.10.96 - - [24/Jul/2018:13:29:53 -0300] "GET /cormun//static/Resources/PXToolsActionPrint.png HTTP/1.1" 200 3317
192.168.10.96 - - [24/Jul/2018:13:29:53 -0300] "GET /cormun//static/Resources/PXToolsHeaderFavorites.png HTTP/1.1" 200 2744
186.67.164.142 - - [24/Jul/2018:13:29:57 -0300] "POST /cormun/servlet/hlogin?51e70513e25cf63068742c4ca7bf5020,gx-no-cache=1532449725759 HTTP/1.1" 200 90
186.67.164.142 - - [24/Jul/2018:13:29:57 -0300] "GET /cormun/servlet/hpexe_link HTTP/1.1" 200 978
186.67.164.142 - - [24/Jul/2018:13:29:57 -0300] "GET /cormun/servlet/trrenuncias?gx-no-cache=1532449691201 HTTP/1.1" 200 6832
186.67.164.142 - - [24/Jul/2018:13:29:58 -0300] "GET /cormun/servlet/trrenuncias?gx-no-cache=1532449691201 HTTP/1.1" 200 6851
186.67.172.234 - - [24/Jul/2018:13:30:01 -0300] "POST /cormun/servlet/trpermisosadjuntos?2ae2bd7c1b1fa79adbc8a9062d70f63e,8758448,20180724122232,P,,gx-no-cache=1532446030790 HTTP/1.1" 200 90
186.67.172.234 - - [24/Jul/2018:13:30:01 -0300] "GET /cormun/servlet/hpexe_link HTTP/1.1" 200 980
186.67.172.234 - - [24/Jul/2018:13:30:01 -0300] "GET /cormun/servlet/trpermisosgoce HTTP/1.1" 200 12764
186.67.172.234 - - [24/Jul/2018:13:30:02 -0300] "GET /cormun/servlet/trpermisosgoce HTTP/1.1" 200 12765
186.67.164.142 - - [24/Jul/2018:13:30:16 -0300] "GET /cormun/static/menuarrow.gif HTTP/1.1" 404 1015
186.67.164.142 - - [24/Jul/2018:13:30:22 -0300] "POST /cormun/servlet/trrenuncias?51e70513e25cf63068742c4ca7bf5020,gx-no-cache=1532449691201,gx-no-cache=1532449751262 HTTP/1.1" 200 5187
186.67.172.234 - - [24/Jul/2018:13:30:27 -0300] "GET /cormun/servlet/trpermisosadjuntos?11871926,20180724122306,P, HTTP/1.1" 200 6554
186.67.172.234 - - [24/Jul/2018:13:30:28 -0300] "GET /cormun/servlet/trpermisosadjuntos?11871926,20180724122306,P, HTTP/1.1" 200 6553
186.67.172.234 - - [24/Jul/2018:13:30:29 -0300] "GET /cormun/servlet/permisosadjuntos?INS,11871926,P,20180724122306,, HTTP/1.1" 200 5884
186.67.172.234 - - [24/Jul/2018:13:30:29 -0300] "GET /cormun/static/about:blank HTTP/1.1" 404 1011
186.67.172.234 - - [24/Jul/2018:13:30:30 -0300] "GET /cormun/servlet/permisosadjuntos?INS,11871926,P,20180724122306,, HTTP/1.1" 200 5874
186.67.172.234 - - [24/Jul/2018:13:30:36 -0300] "POST /cormun/servlet/permisosadjuntos?2ae2bd7c1b1fa79adbc8a9062d70f63e,INS,11871926,P,20180724122306,, HTTP/1.1" 200 116
186.67.172.234 - - [24/Jul/2018:13:30:36 -0300] "GET /cormun/servlet/hpexe_return? HTTP/1.1" 200 1036
186.67.172.234 - - [24/Jul/2018:13:30:36 -0300] "GET /cormun/servlet/trpermisosadjuntos?11871926,20180724122306,P, HTTP/1.1" 200 7043
186.67.172.234 - - [24/Jul/2018:13:30:36 -0300] "GET /cormun/servlet/trpermisosadjuntos?11871926,20180724122306,P, HTTP/1.1" 200 7039
186.67.172.234 - - [24/Jul/2018:13:30:39 -0300] "POST /cormun/servlet/trpermisosadjuntos?2ae2bd7c1b1fa79adbc8a9062d70f63e,11871926,20180724122306,P,,gx-no-cache=1532446068972 HTTP/1.1" 200 90
186.67.172.234 - - [24/Jul/2018:13:30:39 -0300] "GET /cormun/servlet/hpexe_link HTTP/1.1" 200 981
186.67.172.234 - - [24/Jul/2018:13:30:39 -0300] "GET /cormun/servlet/trpermisosgoce HTTP/1.1" 200 12769
192.168.10.96 - - [24/Jul/2018:13:30:40 -0300] "POST /cormun/servlet/trrenuncias?4d4f72243b55ef23914eadf933dd391f,gx-no-cache=1532449627029 HTTP/1.1" 200 5183
186.67.172.234 - - [24/Jul/2018:13:30:40 -0300] "GET /cormun/servlet/trpermisosgoce HTTP/1.1" 200 12764
192.168.10.96 - - [24/Jul/2018:13:30:40 -0300] "POST /cormun/servlet/trrenuncias?4d4f72243b55ef23914eadf933dd391f,gx-no-cache=1532449627263 HTTP/1.1" 200 5184
192.168.10.96 - - [24/Jul/2018:13:30:40 -0300] "POST /cormun/servlet/trrenuncias?4d4f72243b55ef23914eadf933dd391f,gx-no-cache=1532449627493 HTTP/1.1" 200 5184
192.168.10.96 - - [24/Jul/2018:13:30:40 -0300] "POST /cormun/servlet/trrenuncias?4d4f72243b55ef23914eadf933dd391f,gx-no-cache=1532449627705 HTTP/1.1" 200 5184
192.168.10.96 - - [24/Jul/2018:13:30:45 -0300] "POST /cormun/servlet/trrenuncias?4d4f72243b55ef23914eadf933dd391f,gx-no-cache=1532449632004 HTTP/1.1" 200 5182
192.168.10.96 - - [24/Jul/2018:13:30:45 -0300] "POST /cormun/servlet/trrenuncias?4d4f72243b55ef23914eadf933dd391f,gx-no-cache=1532449632197 HTTP/1.1" 200 5183
192.168.10.96 - - [24/Jul/2018:13:30:45 -0300] "POST /cormun/servlet/trrenuncias?4d4f72243b55ef23914eadf933dd391f,gx-no-cache=1532449632427 HTTP/1.1" 200 5183
186.67.164.142 - - [24/Jul/2018:13:30:50 -0300] "POST /cormun/servlet/trrenuncias?51e70513e25cf63068742c4ca7bf5020,gx-no-cache=1532449691201,gx-no-cache=1532449778720 HTTP/1.1" 200 5078
186.67.164.142 - - [24/Jul/2018:13:30:50 -0300] "POST /cormun/servlet/trrenuncias?51e70513e25cf63068742c4ca7bf5020,gx-no-cache=1532449691201,gx-no-cache=1532449778954 HTTP/1.1" 200 5058
192.168.10.96 - - [24/Jul/2018:13:30:50 -0300] "POST /cormun/servlet/trrenuncias?4d4f72243b55ef23914eadf933dd391f,gx-no-cache=1532449637692 HTTP/1.1" 200 5079
192.168.10.96 - - [24/Jul/2018:13:30:51 -0300] "POST /cormun/servlet/trrenuncias?4d4f72243b55ef23914eadf933dd391f,gx-no-cache=1532449637966 HTTP/1.1" 200 5079
192.168.10.96 - - [24/Jul/2018:13:30:51 -0300] "POST /cormun/servlet/trrenuncias?4d4f72243b55ef23914eadf933dd391f,gx-no-cache=1532449638253 HTTP/1.1" 200 5079
192.168.10.96 - - [24/Jul/2018:13:30:51 -0300] "POST /cormun/servlet/trrenuncias?4d4f72243b55ef23914eadf933dd391f,gx-no-cache=1532449638564 HTTP/1.1" 200 5080
192.168.10.96 - - [24/Jul/2018:13:30:52 -0300] "POST /cormun/servlet/trrenuncias?4d4f72243b55ef23914eadf933dd391f,gx-no-cache=1532449638780 HTTP/1.1" 200 5079
192.168.10.96 - - [24/Jul/2018:13:30:52 -0300] "POST /cormun/servlet/trrenuncias?4d4f72243b55ef23914eadf933dd391f,gx-no-cache=1532449638988 HTTP/1.1" 200 5079
192.168.10.96 - - [24/Jul/2018:13:30:52 -0300] "POST /cormun/servlet/trrenuncias?4d4f72243b55ef23914eadf933dd391f,gx-no-cache=1532449639628 HTTP/1.1" 200 5079
192.168.10.96 - - [24/Jul/2018:13:30:53 -0300] "POST /cormun/servlet/trrenuncias?4d4f72243b55ef23914eadf933dd391f,gx-no-cache=1532449639804 HTTP/1.1" 200 5079
192.168.10.96 - - [24/Jul/2018:13:30:53 -0300] "POST /cormun/servlet/trrenuncias?4d4f72243b55ef23914eadf933dd391f,gx-no-cache=1532449639998 HTTP/1.1" 200 5079
186.67.164.142 - - [24/Jul/2018:13:30:53 -0300] "POST /cormun/servlet/trrenuncias?51e70513e25cf63068742c4ca7bf5020,gx-no-cache=1532449691201,gx-no-cache=1532449781675 HTTP/1.1" 200 4954
192.168.10.96 - - [24/Jul/2018:13:30:53 -0300] "POST /cormun/servlet/trrenuncias?4d4f72243b55ef23914eadf933dd391f,gx-no-cache=1532449640174 HTTP/1.1" 200 4956
186.67.164.142 - - [24/Jul/2018:13:30:53 -0300] "POST /cormun/servlet/trrenuncias?51e70513e25cf63068742c4ca7bf5020,gx-no-cache=1532449691201,gx-no-cache=1532449781851 HTTP/1.1" 200 4934
192.168.10.96 - - [24/Jul/2018:13:30:53 -0300] "POST /cormun/servlet/trrenuncias?4d4f72243b55ef23914eadf933dd391f,gx-no-cache=1532449640370 HTTP/1.1" 200 4955
192.168.10.96 - - [24/Jul/2018:13:30:53 -0300] "POST /cormun/servlet/trrenuncias?4d4f72243b55ef23914eadf933dd391f,gx-no-cache=1532449640569 HTTP/1.1" 200 4955
192.168.10.96 - - [24/Jul/2018:13:30:53 -0300] "POST /cormun/servlet/trrenuncias?4d4f72243b55ef23914eadf933dd391f,gx-no-cache=1532449640726 HTTP/1.1" 200 4955
192.168.10.96 - - [24/Jul/2018:13:30:54 -0300] "POST /cormun/servlet/trrenuncias?4d4f72243b55ef23914eadf933dd391f,gx-no-cache=1532449640895 HTTP/1.1" 200 4955
192.168.10.96 - - [24/Jul/2018:13:30:54 -0300] "POST /cormun/servlet/trrenuncias?4d4f72243b55ef23914eadf933dd391f,gx-no-cache=1532449641068 HTTP/1.1" 200 4955
192.168.10.96 - - [24/Jul/2018:13:30:54 -0300] "POST /cormun/servlet/trrenuncias?4d4f72243b55ef23914eadf933dd391f,gx-no-cache=1532449641236 HTTP/1.1" 200 4955
192.168.10.96 - - [24/Jul/2018:13:30:54 -0300] "POST /cormun/servlet/trrenuncias?4d4f72243b55ef23914eadf933dd391f,gx-no-cache=1532449641411 HTTP/1.1" 200 4955
192.168.10.96 - - [24/Jul/2018:13:30:54 -0300] "POST /cormun/servlet/trrenuncias?4d4f72243b55ef23914eadf933dd391f,gx-no-cache=1532449641595 HTTP/1.1" 200 4956
192.168.10.96 - - [24/Jul/2018:13:30:55 -0300] "POST /cormun/servlet/trrenuncias?4d4f72243b55ef23914eadf933dd391f,gx-no-cache=1532449641797 HTTP/1.1" 200 4956
192.168.10.96 - - [24/Jul/2018:13:30:55 -0300] "POST /cormun/servlet/trrenuncias?4d4f72243b55ef23914eadf933dd391f,gx-no-cache=1532449641976 HTTP/1.1" 200 4955
186.67.164.142 - - [24/Jul/2018:13:30:56 -0300] "POST /cormun/servlet/trrenuncias?51e70513e25cf63068742c4ca7bf5020,gx-no-cache=1532449691201,gx-no-cache=1532449784721 HTTP/1.1" 200 4779
186.67.164.142 - - [24/Jul/2018:13:30:56 -0300] "POST /cormun/servlet/trrenuncias?51e70513e25cf63068742c4ca7bf5020,gx-no-cache=1532449691201,gx-no-cache=1532449784883 HTTP/1.1" 200 4760
192.168.10.96 - - [24/Jul/2018:13:30:56 -0300] "POST /cormun/servlet/trrenuncias?4d4f72243b55ef23914eadf933dd391f,gx-no-cache=1532449643372 HTTP/1.1" 200 4779
192.168.10.96 - - [24/Jul/2018:13:30:56 -0300] "POST /cormun/servlet/trrenuncias?4d4f72243b55ef23914eadf933dd391f,gx-no-cache=1532449643565 HTTP/1.1" 200 4780
192.168.10.96 - - [24/Jul/2018:13:30:56 -0300] "POST /cormun/servlet/trrenuncias?4d4f72243b55ef23914eadf933dd391f,gx-no-cache=1532449643756 HTTP/1.1" 200 4780
192.168.10.96 - - [24/Jul/2018:13:30:57 -0300] "POST /cormun/servlet/trrenuncias?4d4f72243b55ef23914eadf933dd391f,gx-no-cache=1532449643950 HTTP/1.1" 200 4779
192.168.10.96 - - [24/Jul/2018:13:30:57 -0300] "POST /cormun/servlet/trrenuncias?4d4f72243b55ef23914eadf933dd391f,gx-no-cache=1532449644129 HTTP/1.1" 200 4780
