186.103.159.182 - - [24/Jul/2018:10:31:05 -0300] "POST /cormun/servlet/solicitudot?gx-no-cache=1532438995152 HTTP/1.1" 200 1376
186.103.159.182 - - [24/Jul/2018:10:31:05 -0300] "POST /cormun/servlet/solicitudot?gx-no-cache=1532438995223 HTTP/1.1" 200 41
192.168.10.96 - - [24/Jul/2018:10:31:10 -0300] "GET /digitalizacion/servlet/wbadjunto?6174,PU HTTP/1.1" 302 -
192.168.10.96 - - [24/Jul/2018:10:31:10 -0300] "GET /digitalizacion/PublicTempStorage/6393477.tmp HTTP/1.1" 200 990046
192.168.10.96 - - [24/Jul/2018:10:31:39 -0300] "POST /digitalizacion/servlet/trdocumentos?d0ea55d53e43a44a4fa3eb1d17a8ef4f,,gx-no-cache=1532438885782 HTTP/1.1" 200 3610
192.168.10.96 - - [24/Jul/2018:10:31:42 -0300] "GET /digitalizacion/servlet/wbadjunto?4066,PU HTTP/1.1" 302 -
192.168.10.96 - - [24/Jul/2018:10:31:42 -0300] "GET /digitalizacion/PublicTempStorage/6956140.tmp HTTP/1.1" 200 1069954
186.103.159.182 - - [24/Jul/2018:10:31:54 -0300] "GET /cormun/servlet/solicitudot?7fb24c117c955969039a33ffc1d243ccdbc16dd11cfd2071dc12b56a141d7a16beefe6fb2873300d4d85edbaf4ea69c74bc8ceaff1fd3b1b5565063fcee0fef2ec08acf9856e074b5d3938541df16dbbea88c4bf0506c203df25228f7768c03a4715e2613bcc60116980a9fccca3a9da56f4342cbd834bddfc587f7ba41a6d259735d1316a6cd47267424718954b7c03b90b55e723e8d83f711e26c912b785ac,gx-no-cache=1532439043312 HTTP/1.1" 200 29
186.103.159.182 - - [24/Jul/2018:10:31:54 -0300] "POST /cormun/servlet/solicitudot?gx-no-cache=1532439043556 HTTP/1.1" 200 1359
186.103.159.182 - - [24/Jul/2018:10:31:54 -0300] "POST /cormun/servlet/solicitudot?gx-no-cache=1532439043781 HTTP/1.1" 200 1258
186.103.159.182 - - [24/Jul/2018:10:31:54 -0300] "GET /cormun/servlet/solicitudot?7fb24c117c955969039a33ffc1d243cc8a4f257976f17a7037719af1ec0236fbbeed61b65a18fd62eda95cc52fcd88f4,gx-no-cache=1532439043933 HTTP/1.1" 200 30
186.103.159.182 - - [24/Jul/2018:10:31:54 -0300] "POST /cormun/servlet/solicitudot?gx-no-cache=1532439044052 HTTP/1.1" 200 30
186.103.159.182 - - [24/Jul/2018:10:31:55 -0300] "POST /cormun/servlet/solicitudot?19b0b92ff98d3cd8378c35ed9408871e,UPD,2018,11878,,gx-no-cache=1532439044163 HTTP/1.1" 200 93
186.103.159.182 - - [24/Jul/2018:10:31:55 -0300] "GET /cormun/servlet/hpexe_return? HTTP/1.1" 200 1008
186.103.159.182 - - [24/Jul/2018:10:31:56 -0300] "GET /cormun/servlet/trsolicitudot? HTTP/1.1" 200 8873
186.103.159.182 - - [24/Jul/2018:10:31:56 -0300] "GET /cormun/servlet/trsolicitudot? HTTP/1.1" 200 8869
192.168.10.96 - - [24/Jul/2018:10:32:13 -0300] "POST /digitalizacion/servlet/trdocumentos?d0ea55d53e43a44a4fa3eb1d17a8ef4f,,gx-no-cache=1532438919822 HTTP/1.1" 200 6630
186.103.159.182 - - [24/Jul/2018:10:32:28 -0300] "GET /cormun/servlet/solicitudot?INS,0,0, HTTP/1.1" 200 13725
186.103.159.182 - - [24/Jul/2018:10:32:29 -0300] "GET /cormun/servlet/solicitudot?INS,0,0, HTTP/1.1" 200 13730
186.103.159.182 - - [24/Jul/2018:10:32:37 -0300] "GET /cormun/servlet/prfichaempleado?,MD,,gxPopupLevel%3D0%3B HTTP/1.1" 200 9427
186.103.159.182 - - [24/Jul/2018:10:32:40 -0300] "POST /cormun/servlet/prfichaempleado?19b0b92ff98d3cd8378c35ed9408871e,,MD,,gxPopupLevel%3D0%3B,gx-no-cache=1532439089946 HTTP/1.1" 200 3797
186.103.159.182 - - [24/Jul/2018:10:32:43 -0300] "POST /cormun/servlet/solicitudot?gx-no-cache=1532439092991 HTTP/1.1" 200 3425
186.103.159.182 - - [24/Jul/2018:10:32:43 -0300] "POST /cormun/servlet/solicitudot?19b0b92ff98d3cd8378c35ed9408871e,INS,0,0,,gx-no-cache=1532439093149 HTTP/1.1" 200 10586
186.103.159.182 - - [24/Jul/2018:10:32:43 -0300] "GET /cormun/servlet/solicitudot?7fb24c117c955969039a33ffc1d243ccd806cd8505123568da490682818057447b31ed7fb0d90a7d47a372074ba13c28,gx-no-cache=1532439093307 HTTP/1.1" 200 30
186.103.159.182 - - [24/Jul/2018:10:32:43 -0300] "GET /cormun/servlet/solicitudot?7fb24c117c955969039a33ffc1d243cc8d279e7936fc06d672b574e694e94a9b2c24a9c44d065120491a0885ef904a8707bd6bb80ae42791e53bad912839d3bc,gx-no-cache=1532439093350 HTTP/1.1" 200 30
186.103.159.182 - - [24/Jul/2018:10:32:43 -0300] "GET /cormun/servlet/solicitudot?7fb24c117c955969039a33ffc1d243cc309ef4bda86248efc70fa6b746ad03b8,gx-no-cache=1532439093401 HTTP/1.1" 200 53
186.103.159.182 - - [24/Jul/2018:10:32:44 -0300] "POST /cormun/servlet/solicitudot?gx-no-cache=1532439093433 HTTP/1.1" 200 255
186.103.159.182 - - [24/Jul/2018:10:32:44 -0300] "GET /cormun/servlet/solicitudot?7fb24c117c955969039a33ffc1d243cc86dbf0e71c0d01c9f68f89562ed25533852dd53ce42127161373600b19eefaa85df2ceacc96a5ccea296de9a92b7bd04c6e56b59fc347065e847c181b79a3751e8fa3edebff5094cf5326891b5f11054349dbf24da054ae2e136f2fe4a51015def98c8db1ff5428f3fa06756b0fb6df5672f4dd5d43de055f1834a184b6f8a74e7d47ade654afe258ac192e7cf3011fb4bd02fcfb92622d4241ff094aed1b42a322f2b652857f0e7e991b021d237f3c00c136b2441d385970678979b64c739f8d2a9ab26e7d8faac49ecc176c66f15fb0120e7e824f5544700c4703815e9ddcd5d6dffa08b56dfad2c0120e6dd5b307bf475bafded21af046913e8876fa0a1158b9af528a50277f2fe0dfbc8c90325d96e1292fbd5579f2060ba368c5988d752ac855a232a94c5f972e98d565dfb76f4c6d76a07fcc503119c772f3122d0d0f4276a6c3ff22732f9afabd5fde5c8c7222dca338ac3c00e6d1068939b3d16b916089a0c4e122f6fd25f15592011d554a3,gx-no-cache=1532439093468 HTTP/1.1" 200 30
186.103.159.182 - - [24/Jul/2018:10:32:44 -0300] "POST /cormun/servlet/solicitudot?gx-no-cache=1532439093871 HTTP/1.1" 200 30
186.103.159.182 - - [24/Jul/2018:10:32:44 -0300] "POST /cormun/servlet/solicitudot?gx-no-cache=1532439093920 HTTP/1.1" 200 1376
186.103.159.182 - - [24/Jul/2018:10:32:44 -0300] "POST /cormun/servlet/solicitudot?gx-no-cache=1532439093979 HTTP/1.1" 200 38
186.103.159.182 - - [24/Jul/2018:10:32:44 -0300] "GET /cormun/servlet/solicitudot?7fb24c117c955969039a33ffc1d243cc89c781f1b8709f23f784ded910de1ecc96b9ba2767bb41386b74487d72fdaba049a6c09417d8405350b82055449b62b7737d974db2cc4d7fc3429354ef9d34d823eb9e9e426a0ec4658bc675169fc12c8f9ee26908a0113a9a4e95254daf14e15a4808afa414c262ed748b5536e50d33129a42c0d0b92c22ab70d527383b932bed7f87b70554bede16a2575150bf84a7,gx-no-cache=1532439094012 HTTP/1.1" 200 29
186.103.159.182 - - [24/Jul/2018:10:32:44 -0300] "POST /cormun/servlet/solicitudot?gx-no-cache=1532439094043 HTTP/1.1" 200 1357
186.103.159.182 - - [24/Jul/2018:10:32:44 -0300] "POST /cormun/servlet/solicitudot?gx-no-cache=1532439094088 HTTP/1.1" 200 1258
186.103.159.182 - - [24/Jul/2018:10:32:44 -0300] "GET /cormun/servlet/solicitudot?7fb24c117c955969039a33ffc1d243ccc1082c148abb5122f096fac313c7ed93,gx-no-cache=1532439094128 HTTP/1.1" 200 30
186.103.159.182 - - [24/Jul/2018:10:32:44 -0300] "POST /cormun/servlet/solicitudot?gx-no-cache=1532439094184 HTTP/1.1" 200 30
186.103.159.182 - - [24/Jul/2018:10:32:47 -0300] "POST /cormun/servlet/solicitudot?gx-no-cache=1532439097005 HTTP/1.1" 200 30
192.168.10.96 - - [24/Jul/2018:10:32:51 -0300] "POST /digitalizacion/servlet/trdocumentos?d0ea55d53e43a44a4fa3eb1d17a8ef4f,,gx-no-cache=1532438957742 HTTP/1.1" 200 6596
192.168.10.62 - - [24/Jul/2018:10:32:54 -0300] "GET /cormun/servlet/hlogin HTTP/1.1" 200 1719
192.168.10.62 - - [24/Jul/2018:10:32:54 -0300] "GET /cormun/static/gxtimezone.js?85251 HTTP/1.1" 200 5781
192.168.10.62 - - [24/Jul/2018:10:32:54 -0300] "GET /cormun/static/Resources/Spanish/PXTools.css?11423723 HTTP/1.1" 200 89042
192.168.10.62 - - [24/Jul/2018:10:32:54 -0300] "GET /cormun/static/gxcfg.js?20175251213516 HTTP/1.1" 200 953
192.168.10.62 - - [24/Jul/2018:10:32:54 -0300] "GET /cormun/static/gxgral.js?85251 HTTP/1.1" 200 384558
192.168.10.62 - - [24/Jul/2018:10:32:54 -0300] "GET /cormun/static/messages.spa.js?85251 HTTP/1.1" 200 30736
192.168.10.62 - - [24/Jul/2018:10:32:54 -0300] "GET /cormun/static/Resources/ComunLogin.png HTTP/1.1" 200 17326
192.168.10.62 - - [24/Jul/2018:10:32:54 -0300] "GET /cormun/static/hlogin.js?20175251213537 HTTP/1.1" 200 2136
192.168.10.62 - - [24/Jul/2018:10:32:54 -0300] "GET /cormun/static/Resources/PXToolsLoginBottom.png HTTP/1.1" 200 1389
192.168.10.62 - - [24/Jul/2018:10:32:54 -0300] "GET /cormun/static/Resources/PXToolsLoginBackground.png HTTP/1.1" 200 1164
192.168.10.62 - - [24/Jul/2018:10:32:54 -0300] "GET /cormun/static/Resources/PXToolsButtonLeft21.png HTTP/1.1" 200 1287
192.168.10.62 - - [24/Jul/2018:10:32:54 -0300] "GET /cormun/static/Resources/PXToolsButtonRight21.png HTTP/1.1" 200 1283
192.168.10.62 - - [24/Jul/2018:10:32:54 -0300] "GET /cormun/static/Resources/PXToolsButtonBackground2.png HTTP/1.1" 200 1181
192.168.10.62 - - [24/Jul/2018:10:32:54 -0300] "GET /cormun/static/Resources/PXToolsLoginTop.png HTTP/1.1" 200 1337
192.168.10.62 - - [24/Jul/2018:10:32:55 -0300] "GET /cormun/static/Resources/indicator.gif HTTP/1.1" 200 1553
192.168.10.62 - - [24/Jul/2018:10:32:55 -0300] "GET /cormun/servlet/hlogin HTTP/1.1" 200 1730
192.168.10.62 - - [24/Jul/2018:10:32:55 -0300] "GET /favicon.ico HTTP/1.1" 200 21630
186.79.224.215 - - [24/Jul/2018:10:32:58 -0300] "GET /cormun/servlet/hlogin HTTP/1.1" 200 1724
186.79.224.215 - - [24/Jul/2018:10:33:00 -0300] "POST /cormun/servlet/hlogin?6e59af890bb95258f018b8165b79a411,gx-no-cache=1532439109669 HTTP/1.1" 200 90
186.79.224.215 - - [24/Jul/2018:10:33:00 -0300] "GET /cormun/servlet/hpexe_link HTTP/1.1" 200 951
186.79.224.215 - - [24/Jul/2018:10:33:01 -0300] "GET /cormun/servlet/hhome HTTP/1.1" 200 4162
186.103.159.182 - - [24/Jul/2018:10:33:01 -0300] "POST /cormun/servlet/solicitudot?gx-no-cache=1532439110281 HTTP/1.1" 200 1376
186.103.159.182 - - [24/Jul/2018:10:33:01 -0300] "POST /cormun/servlet/solicitudot?gx-no-cache=1532439110871 HTTP/1.1" 200 38
186.79.224.215 - - [24/Jul/2018:10:33:02 -0300] "GET /cormun/servlet/hhome HTTP/1.1" 200 4159
192.168.10.96 - - [24/Jul/2018:10:33:03 -0300] "GET /digitalizacion/servlet/wbadjunto?4100,PU HTTP/1.1" 302 -
192.168.10.96 - - [24/Jul/2018:10:33:03 -0300] "GET /digitalizacion/PublicTempStorage/7244932.tmp HTTP/1.1" 200 899677
192.168.10.62 - - [24/Jul/2018:10:33:04 -0300] "POST /cormun/servlet/hlogin?8d2d9965fa720a68d7fd78b24d1b4896,gx-no-cache=1532438971584 HTTP/1.1" 200 448
186.103.159.182 - - [24/Jul/2018:10:33:07 -0300] "POST /cormun/servlet/solicitudot?gx-no-cache=1532439116792 HTTP/1.1" 200 1359
186.103.159.182 - - [24/Jul/2018:10:33:07 -0300] "POST /cormun/servlet/solicitudot?gx-no-cache=1532439116848 HTTP/1.1" 200 1258
186.103.159.182 - - [24/Jul/2018:10:33:07 -0300] "GET /cormun/static/menuarrow.gif HTTP/1.1" 404 1015
186.103.159.182 - - [24/Jul/2018:10:33:08 -0300] "POST /cormun/servlet/solicitudot?gx-no-cache=1532439118280 HTTP/1.1" 200 1359
186.103.159.182 - - [24/Jul/2018:10:33:08 -0300] "POST /cormun/servlet/solicitudot?gx-no-cache=1532439118335 HTTP/1.1" 200 1258
192.168.10.62 - - [24/Jul/2018:10:33:09 -0300] "POST /cormun/servlet/hlogin?8d2d9965fa720a68d7fd78b24d1b4896,gx-no-cache=1532438976516 HTTP/1.1" 200 90
192.168.10.62 - - [24/Jul/2018:10:33:09 -0300] "GET /cormun/servlet/hpexe_link HTTP/1.1" 200 951
192.168.10.62 - - [24/Jul/2018:10:33:09 -0300] "GET /cormun/static/gxcfg.js?20177612121792 HTTP/1.1" 200 953
192.168.10.62 - - [24/Jul/2018:10:33:09 -0300] "GET /cormun/static/Resources/Spanish/PXTools.css?1155365 HTTP/1.1" 200 89042
192.168.10.62 - - [24/Jul/2018:10:33:09 -0300] "GET /cormun/static/hpexe_link.js?20177612121795 HTTP/1.1" 200 625
192.168.10.62 - - [24/Jul/2018:10:33:09 -0300] "GET /cormun/servlet/hhome HTTP/1.1" 200 4491
192.168.10.62 - - [24/Jul/2018:10:33:09 -0300] "GET /cormun/static/SmoothNavMenu/resources/ddsmoothmenu-v.css?1012540 HTTP/1.1" 200 1188
192.168.10.62 - - [24/Jul/2018:10:33:09 -0300] "GET /cormun/static/SmoothNavMenu/resources/ddsmoothmenu.css?1012540 HTTP/1.1" 200 2223
192.168.10.62 - - [24/Jul/2018:10:33:09 -0300] "GET /cormun/static/gxcfg.js?20175251212442 HTTP/1.1" 200 953
192.168.10.62 - - [24/Jul/2018:10:33:09 -0300] "GET /cormun/static/scaMessage/css/jquery.pnotify.default.css?1716380 HTTP/1.1" 200 1707
192.168.10.62 - - [24/Jul/2018:10:33:09 -0300] "GET /cormun/static/PXToolsJavascripts/pexe_autoreload.js HTTP/1.1" 200 1762
192.168.10.62 - - [24/Jul/2018:10:33:09 -0300] "GET /cormun/static/Shared/jqueryui/jquery-ui.min.css?1245370 HTTP/1.1" 200 30288
192.168.10.62 - - [24/Jul/2018:10:33:09 -0300] "GET /cormun/static/PXToolsJavascripts/pexe_cookies.js HTTP/1.1" 200 792
192.168.10.62 - - [24/Jul/2018:10:33:09 -0300] "GET /cormun/static/PXToolsJavascripts/pexe_windows.js HTTP/1.1" 200 15207
192.168.10.62 - - [24/Jul/2018:10:33:09 -0300] "GET /cormun/static/PXToolsJavascripts/pexe_grid.js HTTP/1.1" 200 7559
192.168.10.62 - - [24/Jul/2018:10:33:09 -0300] "GET /cormun/static/PXToolsJavascripts/pexe_griddivfix.js HTTP/1.1" 200 6644
192.168.10.62 - - [24/Jul/2018:10:33:09 -0300] "GET /cormun/static/PXToolsJavascripts/pexe_link.js HTTP/1.1" 200 5671
192.168.10.62 - - [24/Jul/2018:10:33:09 -0300] "GET /cormun/static/PXToolsJavascripts/pexe_menudivfix.js HTTP/1.1" 200 333
192.168.10.62 - - [24/Jul/2018:10:33:09 -0300] "GET /cormun/static/PXToolsJavascripts/pexe_menus.js HTTP/1.1" 200 1286
192.168.10.62 - - [24/Jul/2018:10:33:09 -0300] "GET /cormun/static/PXToolsJavascripts/pexe_layers.js HTTP/1.1" 200 4114
192.168.10.62 - - [24/Jul/2018:10:33:09 -0300] "GET /cormun/static/PXToolsJavascripts/pexe_oavdivfix.js HTTP/1.1" 200 639
192.168.10.62 - - [24/Jul/2018:10:33:09 -0300] "GET /cormun/static/PXToolsJavascripts/pexe_oav.js HTTP/1.1" 200 645
192.168.10.62 - - [24/Jul/2018:10:33:09 -0300] "GET /cormun/static/PXToolsJavascripts/pexe_picture.js HTTP/1.1" 200 689
192.168.10.62 - - [24/Jul/2018:10:33:09 -0300] "GET /cormun/static/PXToolsJavascripts/pexe_popup.js HTTP/1.1" 200 13458
192.168.10.62 - - [24/Jul/2018:10:33:09 -0300] "GET /cormun/static/PXToolsJavascripts/pexe_scrolldiv.js HTTP/1.1" 200 4138
192.168.10.62 - - [24/Jul/2018:10:33:09 -0300] "GET /cormun/static/PXToolsJavascripts/pexe_tabs.js HTTP/1.1" 200 3748
192.168.10.62 - - [24/Jul/2018:10:33:09 -0300] "GET /cormun/static/PXToolsJavascripts/pexe_tabdivfix.js HTTP/1.1" 200 876
192.168.10.62 - - [24/Jul/2018:10:33:09 -0300] "GET /cormun/static/PXToolsJavascripts/pexe_upload.js HTTP/1.1" 200 1423
192.168.10.62 - - [24/Jul/2018:10:33:09 -0300] "GET /cormun/static/PXToolsJavascripts/PXToolsJavascriptsRender.js HTTP/1.1" 200 367
192.168.10.62 - - [24/Jul/2018:10:33:10 -0300] "GET /cormun/static/Resources/PXToolsHeaderActionsLeft.png HTTP/1.1" 200 1118
192.168.10.62 - - [24/Jul/2018:10:33:10 -0300] "GET /cormun/static/Resources/logo4.png HTTP/1.1" 200 6582
192.168.10.62 - - [24/Jul/2018:10:33:10 -0300] "GET /cormun/static/RunJS/RunJS.js HTTP/1.1" 200 288
192.168.10.62 - - [24/Jul/2018:10:33:10 -0300] "GET /cormun/static/Shared/ext/locale/ext-lang-en.js HTTP/1.1" 200 10940
192.168.10.62 - - [24/Jul/2018:10:33:10 -0300] "GET /cormun/static/hhome.js?20175251212450 HTTP/1.1" 200 777
192.168.10.62 - - [24/Jul/2018:10:33:10 -0300] "GET /cormun/static/hpexe_recentlink.js?20177611595044 HTTP/1.1" 200 2144
192.168.10.62 - - [24/Jul/2018:10:33:10 -0300] "GET /cormun/static/hwchdr01.js?201752511465785 HTTP/1.1" 200 1183
192.168.10.62 - - [24/Jul/2018:10:33:10 -0300] "GET /cormun/static/hpexe_scripts.js?201752511465715 HTTP/1.1" 200 1544
192.168.10.62 - - [24/Jul/2018:10:33:10 -0300] "GET /cormun/static/hpexe_messagecontroller.js?20177611595012 HTTP/1.1" 200 870
192.168.10.62 - - [24/Jul/2018:10:33:10 -0300] "GET /cormun/static/hpexe_messagegenexuscomponent.js?201752511465344 HTTP/1.1" 200 587
192.168.10.62 - - [24/Jul/2018:10:33:10 -0300] "GET /cormun/static/hpexe_messagepopupcomponent.js?20161017169425 HTTP/1.1" 200 605
192.168.10.62 - - [24/Jul/2018:10:33:10 -0300] "GET /cormun/static/gxui/gxui-all.js HTTP/1.1" 200 107772
192.168.10.62 - - [24/Jul/2018:10:33:10 -0300] "GET /cormun/static/cmcontrolpreferences.js?201752511465670 HTTP/1.1" 200 1375
192.168.10.62 - - [24/Jul/2018:10:33:10 -0300] "GET /cormun/static/SmoothNavMenu/resources/ddsmoothmenu.js HTTP/1.1" 200 12712
192.168.10.62 - - [24/Jul/2018:10:33:10 -0300] "GET /cormun/static/Shared/jquery/jquery-1.4.2.min.js HTTP/1.1" 200 72174
192.168.10.62 - - [24/Jul/2018:10:33:10 -0300] "GET /cormun/static/Resources/PXToolsHeaderHome.png HTTP/1.1" 200 4147
192.168.10.62 - - [24/Jul/2018:10:33:10 -0300] "GET /cormun/static/Resources/PXToolsFooterBackground2.png HTTP/1.1" 200 1172
192.168.10.62 - - [24/Jul/2018:10:33:10 -0300] "GET /cormun/static/Shared/ext/ext-all.js HTTP/1.1" 200 1289687
192.168.10.62 - - [24/Jul/2018:10:33:10 -0300] "GET /cormun/static/Resources/PXToolsDataTitle.png HTTP/1.1" 200 1173
192.168.10.62 - - [24/Jul/2018:10:33:10 -0300] "GET /cormun/static/Resources/PXToolsHeaderActionsBackground.png HTTP/1.1" 200 484
192.168.10.62 - - [24/Jul/2018:10:33:10 -0300] "GET /cormun/static/Resources/PXToolsHeaderLogin.png HTTP/1.1" 200 4279
192.168.10.62 - - [24/Jul/2018:10:33:10 -0300] "GET /cormun/static/Shared/jquery/jquery-1.10.2.min.js HTTP/1.1" 200 273199
192.168.10.62 - - [24/Jul/2018:10:33:10 -0300] "GET /cormun/static/Shared/jqueryui/jquery-ui.min.js HTTP/1.1" 200 240427
192.168.10.62 - - [24/Jul/2018:10:33:10 -0300] "GET /cormun/static/Resources/PXToolsHeaderActionsRight.png HTTP/1.1" 200 1201
192.168.10.62 - - [24/Jul/2018:10:33:10 -0300] "GET /cormun/static/Resources/PXToolsHeaderBackground2.png HTTP/1.1" 200 1174
192.168.10.62 - - [24/Jul/2018:10:33:10 -0300] "GET /cormun/static/Resources/PXToolsHeaderSecurity.png HTTP/1.1" 200 4166
192.168.10.62 - - [24/Jul/2018:10:33:10 -0300] "GET /cormun/static/Resources/PXToolsHeaderPreferences.png HTTP/1.1" 200 4189
192.168.10.62 - - [24/Jul/2018:10:33:10 -0300] "GET /cormun/static/SmoothNavMenu/resources/SmoothNavMenuRender.js HTTP/1.1" 200 5951
192.168.10.62 - - [24/Jul/2018:10:33:10 -0300] "GET /cormun/static/scaMessage/js/jquery.pnotify.min.js HTTP/1.1" 200 13038
192.168.10.62 - - [24/Jul/2018:10:33:10 -0300] "GET /cormun/static/scaMessage/scaMessageRender.js HTTP/1.1" 200 11977
192.168.10.62 - - [24/Jul/2018:10:33:10 -0300] "GET /cormun/static/hmpwkw03.js?20177612122668 HTTP/1.1" 200 3965
192.168.10.62 - - [24/Jul/2018:10:33:10 -0300] "GET /cormun/servlet/hhome HTTP/1.1" 200 4487
192.168.10.62 - - [24/Jul/2018:10:33:10 -0300] "GET /cormun/static/SmoothNavMenu/resources/images/right.gif HTTP/1.1" 200 860
192.168.10.62 - - [24/Jul/2018:10:33:10 -0300] "GET /cormun/static/SmoothNavMenu/resources/images/down.gif HTTP/1.1" 200 854
186.103.159.182 - - [24/Jul/2018:10:33:10 -0300] "GET /cormun/servlet/solicitudot?7fb24c117c955969039a33ffc1d243cc8a4f257976f17a7037719af1ec0236fbbeed61b65a18fd62eda95cc52fcd88f4,gx-no-cache=1532439120277 HTTP/1.1" 200 30
192.168.10.62 - - [24/Jul/2018:10:33:14 -0300] "GET /cormun/servlet/trsolicitudgral? HTTP/1.1" 200 25169
192.168.10.62 - - [24/Jul/2018:10:33:14 -0300] "GET /cormun/static/Shared/ext/resources/css/ext-all.css?215870 HTTP/1.1" 200 416045
192.168.10.62 - - [24/Jul/2018:10:33:14 -0300] "GET /cormun/static/calendar-system.css?85620 HTTP/1.1" 200 5572
192.168.10.62 - - [24/Jul/2018:10:33:14 -0300] "GET /cormun/static/gxui/gxui-all.css?120300 HTTP/1.1" 200 2179
192.168.10.62 - - [24/Jul/2018:10:33:14 -0300] "GET /cormun/static/gxcfg.js?201813119461163 HTTP/1.1" 200 953
192.168.10.62 - - [24/Jul/2018:10:33:14 -0300] "GET /cormun/static/Resources/Spanish/PXTools.css?1255365 HTTP/1.1" 200 89042
192.168.10.62 - - [24/Jul/2018:10:33:14 -0300] "GET /cormun/static/calendar.js?85251 HTTP/1.1" 200 26246
192.168.10.62 - - [24/Jul/2018:10:33:14 -0300] "GET /cormun/static/calendar-setup.js?85251 HTTP/1.1" 200 2588
192.168.10.62 - - [24/Jul/2018:10:33:14 -0300] "GET /cormun/static/calendar-es.js?85251 HTTP/1.1" 200 1901
192.168.10.62 - - [24/Jul/2018:10:33:14 -0300] "GET /cormun/static/Resources/PXToolsDataSearch.png HTTP/1.1" 200 419
192.168.10.62 - - [24/Jul/2018:10:33:14 -0300] "GET /cormun/static/Resources/PXTools/calendar.png HTTP/1.1" 200 1306
192.168.10.62 - - [24/Jul/2018:10:33:14 -0300] "GET /cormun/static/gxdec.js?85251 HTTP/1.1" 200 19579
192.168.10.62 - - [24/Jul/2018:10:33:14 -0300] "GET /cormun/static/trsolicitudgral.js?201813119462015 HTTP/1.1" 200 55173
192.168.10.62 - - [24/Jul/2018:10:33:14 -0300] "GET /cormun/static/Resources/PXToolsGridPage.gif HTTP/1.1" 200 725
192.168.10.62 - - [24/Jul/2018:10:33:14 -0300] "GET /cormun/static/Resources/PXToolsActionExcel.png HTTP/1.1" 200 3187
192.168.10.62 - - [24/Jul/2018:10:33:14 -0300] "GET /cormun/static/Resources/PXToolsGridNextDisabled.gif HTTP/1.1" 200 90
192.168.10.62 - - [24/Jul/2018:10:33:14 -0300] "GET /cormun/static/Resources/PXToolsGridFirstDisabled.gif HTTP/1.1" 200 100
192.168.10.62 - - [24/Jul/2018:10:33:14 -0300] "GET /cormun/static/Resources/PXToolsGridLastDisabled.gif HTTP/1.1" 200 98
192.168.10.62 - - [24/Jul/2018:10:33:14 -0300] "GET /cormun/static/Resources/PXToolsGridPreviousDisabled.gif HTTP/1.1" 200 90
192.168.10.62 - - [24/Jul/2018:10:33:14 -0300] "GET /cormun/static/Resources/PXToolsAddAllStandardAction.png HTTP/1.1" 200 628
192.168.10.62 - - [24/Jul/2018:10:33:14 -0300] "GET /cormun/static/Resources/PXToolsRemoveAllStandardAction.png HTTP/1.1" 200 495
192.168.10.62 - - [24/Jul/2018:10:33:14 -0300] "GET /cormun/static/Resources/asc.gif HTTP/1.1" 200 67
192.168.10.62 - - [24/Jul/2018:10:33:14 -0300] "GET /cormun//static/Resources/PXToolsGridUpdate.png HTTP/1.1" 200 2984
192.168.10.62 - - [24/Jul/2018:10:33:14 -0300] "GET /cormun//static/Resources/PXToolsGridDelete.png HTTP/1.1" 200 357
192.168.10.62 - - [24/Jul/2018:10:33:14 -0300] "GET /cormun/static/Resources/desc.gif HTTP/1.1" 200 65
192.168.10.62 - - [24/Jul/2018:10:33:14 -0300] "GET /cormun/static/Shared/ext/resources/themes/images/default/panel/bg-headersPanel.png HTTP/1.1" 200 255
192.168.10.62 - - [24/Jul/2018:10:33:14 -0300] "GET /cormun/static/Shared/ext/resources/themes/images/default/tools/tool-sprites.gif HTTP/1.1" 200 5434
192.168.10.62 - - [24/Jul/2018:10:33:15 -0300] "GET /cormun/servlet/trsolicitudgral? HTTP/1.1" 200 25166
192.168.10.96 - - [24/Jul/2018:10:33:21 -0300] "POST /digitalizacion/servlet/trdocumentos?d0ea55d53e43a44a4fa3eb1d17a8ef4f,,gx-no-cache=1532438988174 HTTP/1.1" 200 6793
192.168.10.96 - - [24/Jul/2018:10:33:22 -0300] "GET /digitalizacion/static/Resources/PXToolsGridFirst.gif HTTP/1.1" 200 379
192.168.10.96 - - [24/Jul/2018:10:33:22 -0300] "GET /digitalizacion/static/Resources/PXToolsGridPrevious.gif HTTP/1.1" 200 369
186.103.159.182 - - [24/Jul/2018:10:33:22 -0300] "POST /cormun/servlet/solicitudot?gx-no-cache=1532439131919 HTTP/1.1" 200 30
186.103.159.182 - - [24/Jul/2018:10:33:22 -0300] "POST /cormun/servlet/solicitudot?19b0b92ff98d3cd8378c35ed9408871e,INS,0,0,,gx-no-cache=1532439131950 HTTP/1.1" 200 93
186.103.159.182 - - [24/Jul/2018:10:33:22 -0300] "GET /cormun/servlet/hpexe_return? HTTP/1.1" 200 1001
186.103.159.182 - - [24/Jul/2018:10:33:22 -0300] "GET /cormun/servlet/trsolicitudot HTTP/1.1" 200 9189
186.103.159.182 - - [24/Jul/2018:10:33:23 -0300] "GET /cormun/servlet/trsolicitudot HTTP/1.1" 200 9185
192.168.10.62 - - [24/Jul/2018:10:33:26 -0300] "POST /cormun/servlet/trsolicitudgral?8d2d9965fa720a68d7fd78b24d1b4896,,gx-no-cache=1532438993188 HTTP/1.1" 200 22479
192.168.10.96 - - [24/Jul/2018:10:33:28 -0300] "GET /digitalizacion/servlet/wbadjunto?4196,PU HTTP/1.1" 302 -
192.168.10.96 - - [24/Jul/2018:10:33:28 -0300] "GET /digitalizacion/PublicTempStorage/4246735.tmp HTTP/1.1" 200 1137220
186.103.159.182 - - [24/Jul/2018:10:33:34 -0300] "POST /cormun/servlet/trsolicitudot?19b0b92ff98d3cd8378c35ed9408871e,gx-no-cache=1532439143683 HTTP/1.1" 200 6172
192.168.10.62 - - [24/Jul/2018:10:33:34 -0300] "POST /cormun/servlet/trsolicitudgral?8d2d9965fa720a68d7fd78b24d1b4896,,gx-no-cache=1532439001482 HTTP/1.1" 200 7279
186.103.159.182 - - [24/Jul/2018:10:33:35 -0300] "GET /cormun/static/menuarrow.gif HTTP/1.1" 404 1015
186.103.159.44 - - [24/Jul/2018:10:33:40 -0300] "GET /cormun/servlet/licenciaspermisos?d695c46ca344790540c28922ec86bf81540ebdff6bd10426f6cf4b39bcc9172fd94b9941445611ce232f2aadd3ef2b9ab9bd22a6b804d34ac01e72aac2cc391b9259a025abd22b785e8411bed70e5de5c5b7e3617eda94a51629d06c613db3b187ceab6d5731d0cbd906c5bc38c2580a29792aca5aa5969810b4711b06fcf985175f0d8b883a37184da6c04929dd47b8671ea8ef546fb8d10cb1a224a5e0ca6f7d6da90ddd783045ef20ff11b581d5018b34e032a88d9c6b058b6c7ac11a01d378a23b391ad47e7c20ce897330bc0a7a1576111abf7ef43b72425a726fb51eba,gx-no-cache=1532439148284 HTTP/1.1" 200 30
186.103.159.182 - - [24/Jul/2018:10:33:41 -0300] "POST /cormun/servlet/trsolicitudot?19b0b92ff98d3cd8378c35ed9408871e,gx-no-cache=1532439149672 HTTP/1.1" 200 23880
186.103.159.44 - - [24/Jul/2018:10:33:41 -0300] "GET /cormun/servlet/licenciaspermisos?d695c46ca344790540c28922ec86bf81b1c995a2bdb1c31a47ed862da685b181397ce5cb6666a6dc84db41a1d86d393c0a7bfbee567969a17cebc55ff7f5a05564033c726da8ce25641d06d22cfa6676f7930f4db29937aee6542861ed66d94d72240f9675888877b5f9a6611a50ace240e0e62ca437a720fc150f220a3b4f0621ce7dbd6413d33930586f80878e8815a20bb3546d2100eaf8c7d46154083a3a9b92569ab192ed10784de3b2031e1ef28ddf2607c8735e768e7d58a6ea740522754da6714c036b54d8054f71b9f45ea9a188edc92b1b25d77e8a820b56c346e6,gx-no-cache=1532439148728 HTTP/1.1" 200 29
186.103.159.182 - - [24/Jul/2018:10:33:41 -0300] "GET /cormun/static/Resources/PXToolsGridNext.gif HTTP/1.1" 200 369
186.103.159.182 - - [24/Jul/2018:10:33:41 -0300] "GET /cormun/static/Resources/PXToolsGridLast.gif HTTP/1.1" 200 370
186.103.159.44 - - [24/Jul/2018:10:33:41 -0300] "POST /cormun/servlet/licenciaspermisos?cc08bfdf236c566fa1073cbff26c98a2,INS,0,,,,gx-no-cache=1532439149125 HTTP/1.1" 200 93
186.103.159.44 - - [24/Jul/2018:10:33:41 -0300] "GET /cormun/servlet/hpexe_return? HTTP/1.1" 200 1009
186.103.159.44 - - [24/Jul/2018:10:33:41 -0300] "GET /cormun/servlet/trlicencias HTTP/1.1" 200 11938
186.103.159.44 - - [24/Jul/2018:10:33:46 -0300] "GET /cormun/servlet/trlicenciaspermisosadjuntos?12913105,20180724000000,L, HTTP/1.1" 200 6523
186.103.159.44 - - [24/Jul/2018:10:33:46 -0300] "GET /cormun/static/gxcfg.js?20177612163414 HTTP/1.1" 200 953
186.103.159.44 - - [24/Jul/2018:10:33:46 -0300] "GET /cormun/static/trlicenciaspermisosadjuntos.js?20177612163719 HTTP/1.1" 200 21036
186.103.159.44 - - [24/Jul/2018:10:33:49 -0300] "GET /cormun/servlet/licenciaspermisosadjuntos?INS,12913105,L,20180724000000,, HTTP/1.1" 200 5826
186.103.159.44 - - [24/Jul/2018:10:33:49 -0300] "GET /cormun/static/gxcfg.js?2017761263592 HTTP/1.1" 200 953
186.103.159.44 - - [24/Jul/2018:10:33:49 -0300] "GET /cormun/static/licenciaspermisosadjuntos.js?201776126362 HTTP/1.1" 200 8760
186.103.159.44 - - [24/Jul/2018:10:33:49 -0300] "HEAD /cormun/static/about:blank HTTP/1.1" 404 -
186.103.159.44 - - [24/Jul/2018:10:34:00 -0300] "POST /cormun/servlet/licenciaspermisosadjuntos?cc08bfdf236c566fa1073cbff26c98a2,INS,12913105,L,20180724000000,, HTTP/1.1" 200 116
186.103.159.44 - - [24/Jul/2018:10:34:00 -0300] "GET /cormun/servlet/hpexe_return? HTTP/1.1" 200 1039
186.103.159.44 - - [24/Jul/2018:10:34:00 -0300] "GET /cormun/servlet/trlicenciaspermisosadjuntos?12913105,20180724000000,L, HTTP/1.1" 200 7058
186.103.159.44 - - [24/Jul/2018:10:34:01 -0300] "GET /cormun/PublicTempStorage/licencia_veronica_gonzalez8599197.pdf HTTP/1.1" 200 1047991
186.103.159.44 - - [24/Jul/2018:10:34:02 -0300] "GET /cormun/PublicTempStorage/licencia_veronica_gonzalez8599197.pdf HTTP/1.1" 200 1047991
186.103.159.44 - - [24/Jul/2018:10:34:34 -0300] "GET /cormun/servlet/trlicencias? HTTP/1.1" 200 11934
186.103.159.44 - - [24/Jul/2018:10:34:38 -0300] "GET /cormun/servlet/alicenciaprn?12913105,L,20180724000000,PU HTTP/1.1" 200 1556
186.103.159.182 - - [24/Jul/2018:10:34:43 -0300] "POST /cormun/servlet/trsolicitudot?19b0b92ff98d3cd8378c35ed9408871e,gx-no-cache=1532439212242 HTTP/1.1" 200 6183
186.103.159.182 - - [24/Jul/2018:10:34:49 -0300] "POST /cormun/servlet/trsolicitudot?19b0b92ff98d3cd8378c35ed9408871e,gx-no-cache=1532439218764 HTTP/1.1" 200 106
186.103.159.182 - - [24/Jul/2018:10:34:49 -0300] "GET /cormun/servlet/solicitudot?UPD,2018,11879, HTTP/1.1" 200 15536
186.103.159.182 - - [24/Jul/2018:10:34:51 -0300] "GET /cormun/servlet/solicitudot?UPD,2018,11879, HTTP/1.1" 200 15545
186.103.159.182 - - [24/Jul/2018:10:34:52 -0300] "POST /cormun/servlet/solicitudot?gx-no-cache=1532439221369 HTTP/1.1" 200 3438
186.103.159.182 - - [24/Jul/2018:10:34:52 -0300] "POST /cormun/servlet/solicitudot?19b0b92ff98d3cd8378c35ed9408871e,UPD,2018,11879,,gx-no-cache=1532439221531 HTTP/1.1" 200 11761
186.103.159.182 - - [24/Jul/2018:10:34:52 -0300] "GET /cormun/servlet/solicitudot?7fb24c117c955969039a33ffc1d243ccd806cd8505123568da49068281805744eb9e2495e9e2738c5d3f473297d9df01,gx-no-cache=1532439222029 HTTP/1.1" 200 30
186.103.159.182 - - [24/Jul/2018:10:34:52 -0300] "GET /cormun/servlet/solicitudot?7fb24c117c955969039a33ffc1d243cc8d279e7936fc06d672b574e694e94a9b2c24a9c44d065120491a0885ef904a8794e879fa6ec287fbe32c8b2222dfe52b,gx-no-cache=1532439222063 HTTP/1.1" 200 30
186.103.159.182 - - [24/Jul/2018:10:34:52 -0300] "GET /cormun/servlet/solicitudot?7fb24c117c955969039a33ffc1d243cc488ed11d3ca2870a7de0d3caab9c7653d895e7e44d5415daa5ea444b8e45f5c72f9dd603ca07b29975125fcebd5cde80,gx-no-cache=1532439222091 HTTP/1.1" 200 53
186.103.159.182 - - [24/Jul/2018:10:34:53 -0300] "POST /cormun/servlet/solicitudot?gx-no-cache=1532439222123 HTTP/1.1" 200 256
186.103.159.182 - - [24/Jul/2018:10:34:53 -0300] "GET /cormun/servlet/solicitudot?7fb24c117c955969039a33ffc1d243cc86dbf0e71c0d01c9f68f89562ed25533852dd53ce42127161373600b19eefaa85df2ceacc96a5ccea296de9a92b7bd04c6e56b59fc347065e847c181b79a3751e8fa3edebff5094cf5326891b5f11054349dbf24da054ae2e136f2fe4a51015def98c8db1ff5428f3fa06756b0fb6df5672f4dd5d43de055f1834a184b6f8a74e7d47ade654afe258ac192e7cf3011fb4bd02fcfb92622d4241ff094aed1b42a322f2b652857f0e7e991b021d237f3c00c136b2441d385970678979b64c739f8d2a9ab26e7d8faac49ecc176c66f15fb0120e7e824f5544700c4703815e9ddcd5d6dffa08b56dfad2c0120e6dd5b307bf475bafded21af046913e8876fa0a1158b9af528a50277f2fe0dfbc8c90325d96e1292fbd5579f2060ba368c5988d752ac855a232a94c5f972e98d565dfb76f4c6d76a07fcc503119c772f3122d0d0f4276a6c3ff22732f9afabd5fde5c8c7222dca338ac3c00e6d1068939b3d16b9160b1cf2a28304816e49239190c08ca980,gx-no-cache=1532439222470 HTTP/1.1" 200 30
186.103.159.182 - - [24/Jul/2018:10:34:53 -0300] "POST /cormun/servlet/solicitudot?gx-no-cache=1532439222811 HTTP/1.1" 200 30
186.103.159.182 - - [24/Jul/2018:10:34:53 -0300] "POST /cormun/servlet/solicitudot?gx-no-cache=1532439222850 HTTP/1.1" 200 1376
186.103.159.182 - - [24/Jul/2018:10:34:53 -0300] "POST /cormun/servlet/solicitudot?gx-no-cache=1532439222930 HTTP/1.1" 200 41
186.103.159.44 - - [24/Jul/2018:10:34:55 -0300] "POST /cormun/servlet/trlicencias?cc08bfdf236c566fa1073cbff26c98a2,,gx-no-cache=1532439221863 HTTP/1.1" 200 9288
186.103.159.44 - - [24/Jul/2018:10:34:55 -0300] "GET /cormun/static/Shared/jqueryui/images/ui-icons_82798d_256x240.png HTTP/1.1" 404 1089
186.103.159.44 - - [24/Jul/2018:10:34:55 -0300] "GET /cormun/static/Shared/jqueryui/images/ui-bg_flat_55_fafafa_40x100.png HTTP/1.1" 404 1097
186.103.159.44 - - [24/Jul/2018:10:34:55 -0300] "GET /cormun/static/Shared/jqueryui/images/ui-icons_8d78a5_256x240.png HTTP/1.1" 404 1089
186.103.159.44 - - [24/Jul/2018:10:34:55 -0300] "GET /cormun/static/Shared/jqueryui/images/ui-bg_highlight-soft_100_c6c2c8_1x100.png HTTP/1.1" 404 1117
192.168.10.62 - - [24/Jul/2018:10:34:59 -0300] "GET /cormun/servlet/vesolicitudgral?2018,11841,, HTTP/1.1" 200 9032
192.168.10.62 - - [24/Jul/2018:10:34:59 -0300] "GET /cormun/static/gxcfg.js?201711151294153 HTTP/1.1" 200 953
192.168.10.62 - - [24/Jul/2018:10:34:59 -0300] "GET /cormun/pexe_scrolldiv.js HTTP/1.1" 404 1009
192.168.10.62 - - [24/Jul/2018:10:34:59 -0300] "GET /cormun/static/Resources/PXToolsTabFirstSelected.png HTTP/1.1" 200 1259
192.168.10.62 - - [24/Jul/2018:10:34:59 -0300] "GET /cormun/static/vesolicitudgral.js?201711151294244 HTTP/1.1" 200 6721
192.168.10.62 - - [24/Jul/2018:10:34:59 -0300] "GET /cormun/static/hwcviewtabs.js?20177611594913 HTTP/1.1" 200 1074
192.168.10.62 - - [24/Jul/2018:10:34:59 -0300] "GET /cormun/pexe_scrolldiv.js HTTP/1.1" 404 1009
192.168.10.62 - - [24/Jul/2018:10:34:59 -0300] "GET /cormun/static/Resources/PXToolsTabLastUnselected.png HTTP/1.1" 200 1291
192.168.10.62 - - [24/Jul/2018:10:34:59 -0300] "GET /cormun/static/Resources/PXToolsTabPrevious.gif HTTP/1.1" 200 172
192.168.10.62 - - [24/Jul/2018:10:34:59 -0300] "GET /cormun/static/hpexe_tabsview.js?201610171694228 HTTP/1.1" 200 1661
192.168.10.62 - - [24/Jul/2018:10:34:59 -0300] "GET /cormun/static/tbsolicitudgral01.js?201813119422078 HTTP/1.1" 200 31320
192.168.10.62 - - [24/Jul/2018:10:34:59 -0300] "GET /cormun/static/Resources/PXToolsTabNext.gif HTTP/1.1" 200 168
192.168.10.62 - - [24/Jul/2018:10:34:59 -0300] "GET /cormun/static/calendar-system.css HTTP/1.1" 200 5572
186.103.159.182 - - [24/Jul/2018:10:35:00 -0300] "POST /cormun/servlet/solicitudot?gx-no-cache=1532439229425 HTTP/1.1" 200 1376
192.168.10.62 - - [24/Jul/2018:10:35:00 -0300] "GET /cormun/static/Resources/PXToolsTabBackUnselected.png HTTP/1.1" 200 1175
192.168.10.62 - - [24/Jul/2018:10:35:00 -0300] "GET /cormun/static/Resources/PXToolsTabBackSelected.png HTTP/1.1" 200 1157
192.168.10.62 - - [24/Jul/2018:10:35:00 -0300] "GET /cormun/static/Resources/PXToolsTabSelectedUnselected.png HTTP/1.1" 200 1428
192.168.10.62 - - [24/Jul/2018:10:35:00 -0300] "GET /cormun/static/Resources/PXToolsTabUnselectedUnselected.png HTTP/1.1" 200 1459
186.103.159.182 - - [24/Jul/2018:10:35:00 -0300] "POST /cormun/servlet/solicitudot?gx-no-cache=1532439229485 HTTP/1.1" 200 41
186.103.159.182 - - [24/Jul/2018:10:35:00 -0300] "GET /cormun/servlet/solicitudot?7fb24c117c955969039a33ffc1d243ccdbc16dd11cfd2071dc12b56a141d7a16beefe6fb2873300d4d85edbaf4ea69c74bc8ceaff1fd3b1b5565063fcee0fef2ec08acf9856e074b5d3938541df16dbbea88c4bf0506c203df25228f7768c03a4715e2613bcc60116980a9fccca3a9da56f4342cbd834bddfc587f7ba41a6d259735d1316a6cd47267424718954b7c03b90b55e723e8d83f711e26c912b785ac,gx-no-cache=1532439229519 HTTP/1.1" 200 29
192.168.10.62 - - [24/Jul/2018:10:35:00 -0300] "GET /cormun/servlet/vesolicitudgral?2018,11841,, HTTP/1.1" 200 9032
186.103.159.182 - - [24/Jul/2018:10:35:00 -0300] "POST /cormun/servlet/solicitudot?gx-no-cache=1532439229549 HTTP/1.1" 200 1359
186.103.159.182 - - [24/Jul/2018:10:35:00 -0300] "POST /cormun/servlet/solicitudot?gx-no-cache=1532439229902 HTTP/1.1" 200 1258
186.103.159.182 - - [24/Jul/2018:10:35:00 -0300] "GET /cormun/servlet/solicitudot?7fb24c117c955969039a33ffc1d243cc8a4f257976f17a7037719af1ec0236fbbeed61b65a18fd62eda95cc52fcd88f4,gx-no-cache=1532439229959 HTTP/1.1" 200 30
186.103.159.182 - - [24/Jul/2018:10:35:00 -0300] "POST /cormun/servlet/solicitudot?gx-no-cache=1532439229990 HTTP/1.1" 200 30
186.103.159.182 - - [24/Jul/2018:10:35:00 -0300] "POST /cormun/servlet/solicitudot?19b0b92ff98d3cd8378c35ed9408871e,UPD,2018,11879,,gx-no-cache=1532439230020 HTTP/1.1" 200 93
186.103.159.182 - - [24/Jul/2018:10:35:00 -0300] "GET /cormun/servlet/hpexe_return? HTTP/1.1" 200 1028
186.103.159.182 - - [24/Jul/2018:10:35:00 -0300] "GET /cormun/servlet/trsolicitudot?gx-no-cache=1532439212242 HTTP/1.1" 200 9194
186.103.159.182 - - [24/Jul/2018:10:35:01 -0300] "GET /cormun/servlet/trsolicitudot?gx-no-cache=1532439212242 HTTP/1.1" 200 9211
192.168.10.62 - - [24/Jul/2018:10:35:04 -0300] "POST /cormun/servlet/vesolicitudgral?8d2d9965fa720a68d7fd78b24d1b4896,2018,11841,,,gx-no-cache=1532439091038 HTTP/1.1" 200 107
192.168.10.62 - - [24/Jul/2018:10:35:04 -0300] "GET /cormun/servlet/solicitudgral?UPD,2018,11841, HTTP/1.1" 200 12993
192.168.10.62 - - [24/Jul/2018:10:35:04 -0300] "GET /cormun/static/gxcfg.js?20181911354237 HTTP/1.1" 200 953
192.168.10.62 - - [24/Jul/2018:10:35:04 -0300] "GET /cormun/static/solicitudgral.js?20181911354326 HTTP/1.1" 200 41515
192.168.10.62 - - [24/Jul/2018:10:35:04 -0300] "GET /cormun/servlet/solicitudgral?UPD,2018,11841, HTTP/1.1" 200 12993
192.168.10.62 - - [24/Jul/2018:10:35:05 -0300] "POST /cormun/servlet/solicitudgral?gx-no-cache=1532439092240 HTTP/1.1" 200 3874
192.168.10.62 - - [24/Jul/2018:10:35:05 -0300] "GET /cormun/servlet/solicitudgral?29258a2ec319d38442100b2cc1f7490f3524a0b022d0272010cd514219ecb28e1a6767289819f8199fcb5bfb1dc57382b22484ca708fd0679c5b4288127c09e3e1264d9db0194f5bd0a334dfdebc83782d50c726fa52568606939d485394d0fffe988baed464e9636278bc0f6569ea1f2f0433871e0837d0aaf2423d356aa89e1a8d58fc945436c2c83428997c497faf8043a61b3b7cc922a4762dcbe25bd238b4bd90a12618ebbf1b26a41070b475a0c750678d6ec5ed6d405daf7d9ac3b3c4c2763a53c8437b8e8c408dcf6f9ab615514c5d207a299be2deaf0c666f71cf33e0ec57dd78459e51b3344e1d0b63f374f02da723d2d0e958a4fc2b0f2d5967f465a158afefd32bf2d35fea71c7cd41c6c7d9be39b7b8fee5bf286593f81e28723f6ab51a9c25feb8f937a60bf99629e73bec4f621d5300a8b48d2a879a045bcec827a42897542474400befa5f2de3848,gx-no-cache=1532439092618 HTTP/1.1" 200 297
192.168.10.62 - - [24/Jul/2018:10:35:05 -0300] "GET /cormun/servlet/solicitudgral?29258a2ec319d38442100b2cc1f7490fea9c0fbf8dc81715c36aec75ee2622e7285b9600dc2050241b47f1a1babb12c312553780ccdeb33a5bdd07a064944264a7847b53193562c300d069b37ab0cae5fbcc7088090beed9cecc46065364c29b4ce32e1fa68fde16174b6db4b8c43dce9d9e2643f266e278fe8ebc9066c4c8d775762a1897c9723b4ef7af51d73908a5ddce28e6d88447e2dc9716b9026ffc24c8552719584028746473f55e27af379d02e0639b97179225d82cbcd7f23ae91e34c30a02ec3c605cb039e2b2683b416ed6b229bad85a08920285bbe241575be29a205e6ab03c6567318ba4d1c0e800693831a60944650519fb261af185d897221a1d672e12eba6b9524292fdc51124c42f860f5af517da9a88efacc4385efd10f9b40c7a568bae3e147c4c80d82e0fb4018a325a0b0eafef4680e9565ed6ca425fe0ce88f4c88981f5a433622c59cd2ec8f2e7a3789fb745252e0e911626c5f75ba0c5560ba4bea3116bbbc1fcfbd014533a215b84d1a90a8d962da8c20d49561e889d278b9874145902c8412d26c6710ae2f0d4cf893f1d7bc954204eb813e758b42c31f1a59abf9a6c1cd59b1c12c4,gx-no-cache=1532439092699 HTTP/1.1" 200 48
192.168.10.62 - - [24/Jul/2018:10:35:05 -0300] "POST /cormun/servlet/solicitudgral?8d2d9965fa720a68d7fd78b24d1b4896,UPD,2018,11841,,gx-no-cache=1532439092728 HTTP/1.1" 200 11850
192.168.10.62 - - [24/Jul/2018:10:35:06 -0300] "GET /cormun/servlet/solicitudgral?29258a2ec319d38442100b2cc1f7490f3291d115347d01400c938a8473931f77731bfcd9072376c2dbc8f2df5cac21c1a98a3848721de5a0bfd852fd3459a01d98efd51b403129ea34ed410c9946694545c5204e6a05effd473bccd8725dacbe65b976b0412a4b27c12e1cf27f434ca7,gx-no-cache=1532439092954 HTTP/1.1" 200 29
192.168.10.62 - - [24/Jul/2018:10:35:06 -0300] "POST /cormun/servlet/solicitudgral?gx-no-cache=1532439092973 HTTP/1.1" 200 1333
192.168.10.62 - - [24/Jul/2018:10:35:06 -0300] "POST /cormun/servlet/solicitudgral?gx-no-cache=1532439093004 HTTP/1.1" 200 1258
186.103.157.39 - - [24/Jul/2018:10:35:06 -0300] "GET /cormun/servlet/hhome HTTP/1.1" 200 3936
186.103.157.39 - - [24/Jul/2018:10:35:08 -0300] "GET /cormun/servlet/hhome HTTP/1.1" 200 3933
192.168.10.96 - - [24/Jul/2018:10:35:08 -0300] "POST /digitalizacion/servlet/trdocumentos?d0ea55d53e43a44a4fa3eb1d17a8ef4f,,gx-no-cache=1532439095146 HTTP/1.1" 200 3357
192.168.10.96 - - [24/Jul/2018:10:35:11 -0300] "GET /digitalizacion/servlet/wbadjunto?4572,PU HTTP/1.1" 302 -
192.168.10.96 - - [24/Jul/2018:10:35:11 -0300] "GET /digitalizacion/PublicTempStorage/3138706.tmp HTTP/1.1" 200 1110853
186.103.157.39 - - [24/Jul/2018:10:35:11 -0300] "GET /cormun/servlet/trlicencias? HTTP/1.1" 200 8022
186.103.157.39 - - [24/Jul/2018:10:35:11 -0300] "GET /cormun/static/trlicencias.js?20176272054837 HTTP/1.1" 206 1
186.103.157.39 - - [24/Jul/2018:10:35:11 -0300] "GET /cormun/static/trlicencias.js?20176272054837 HTTP/1.1" 206 28746
186.103.157.39 - - [24/Jul/2018:10:35:12 -0300] "GET /cormun/servlet/trlicencias? HTTP/1.1" 200 8020
186.103.157.39 - - [24/Jul/2018:10:35:12 -0300] "GET /cormun//static/Resources/PXToolsHeaderHelp.png HTTP/1.1" 200 4055
186.103.157.39 - - [24/Jul/2018:10:35:12 -0300] "GET /cormun//static/Resources/PXToolsHeaderFavorites.png HTTP/1.1" 200 2744
186.103.157.39 - - [24/Jul/2018:10:35:12 -0300] "GET /cormun//static/Resources/PXToolsActionPrint.png HTTP/1.1" 200 3317
186.103.157.39 - - [24/Jul/2018:10:35:12 -0300] "GET /cormun/static/Resources/asc.gif HTTP/1.1" 200 67
186.103.157.39 - - [24/Jul/2018:10:35:12 -0300] "GET /cormun/static/Resources/desc.gif HTTP/1.1" 200 65
186.103.157.39 - - [24/Jul/2018:10:35:12 -0300] "GET /cormun//static/Resources/PXToolsActionDisabled.gif HTTP/1.1" 200 53
186.103.157.39 - - [24/Jul/2018:10:35:12 -0300] "GET /cormun//static/Resources/PXToolsGridDisplay.png HTTP/1.1" 200 362
186.103.157.39 - - [24/Jul/2018:10:35:12 -0300] "GET /cormun//static/Resources/PXTools/ActionInsert.png HTTP/1.1" 200 1482
186.103.157.39 - - [24/Jul/2018:10:35:12 -0300] "GET /cormun/static/Shared/ext/resources/themes/images/default/panel/bg-headersPanel.png HTTP/1.1" 200 255
186.103.157.39 - - [24/Jul/2018:10:35:12 -0300] "GET /cormun/static/Shared/ext/resources/themes/images/default/tools/tool-sprites.gif HTTP/1.1" 200 5434
186.103.157.39 - - [24/Jul/2018:10:35:18 -0300] "GET /cormun/servlet/licenciaspermisos?INS,0,,, HTTP/1.1" 200 7459
186.103.157.39 - - [24/Jul/2018:10:35:18 -0300] "GET /cormun/static/Resources/prompt.gif HTTP/1.1" 200 902
186.103.157.39 - - [24/Jul/2018:10:35:18 -0300] "GET /cormun/static/gxcfg.js?201762917281167 HTTP/1.1" 200 953
186.103.157.39 - - [24/Jul/2018:10:35:19 -0300] "GET /cormun/static/licenciaspermisos.js?201762917281260 HTTP/1.1" 200 37491
186.103.157.39 - - [24/Jul/2018:10:35:19 -0300] "GET /cormun/servlet/licenciaspermisos?INS,0,,, HTTP/1.1" 200 7459
192.168.10.62 - - [24/Jul/2018:10:35:24 -0300] "POST /cormun/servlet/solicitudgral?8d2d9965fa720a68d7fd78b24d1b4896,UPD,2018,11841,,gx-no-cache=1532439110815 HTTP/1.1" 200 93
192.168.10.62 - - [24/Jul/2018:10:35:24 -0300] "GET /cormun/servlet/hpexe_return? HTTP/1.1" 200 1018
192.168.10.62 - - [24/Jul/2018:10:35:24 -0300] "GET /cormun/static/gxcfg.js?2016101716175148 HTTP/1.1" 200 953
192.168.10.62 - - [24/Jul/2018:10:35:24 -0300] "GET /cormun/static/hpexe_return.js?2016101716175153 HTTP/1.1" 200 1633
192.168.10.62 - - [24/Jul/2018:10:35:24 -0300] "GET /cormun/static/Resources/Spanish/PXTools.css?167811 HTTP/1.1" 200 89042
192.168.10.62 - - [24/Jul/2018:10:35:24 -0300] "GET /cormun/servlet/vesolicitudgral?2018,11841,, HTTP/1.1" 200 9065
192.168.10.62 - - [24/Jul/2018:10:35:24 -0300] "GET /cormun/pexe_scrolldiv.js HTTP/1.1" 404 1009
192.168.10.62 - - [24/Jul/2018:10:35:24 -0300] "GET /cormun/pexe_scrolldiv.js HTTP/1.1" 404 1009
192.168.10.62 - - [24/Jul/2018:10:35:24 -0300] "GET /cormun/servlet/vesolicitudgral?2018,11841,, HTTP/1.1" 200 9062
186.103.159.182 - - [24/Jul/2018:10:35:26 -0300] "GET /cormun/servlet/vesolicitudot?2018,11878,, HTTP/1.1" 200 8659
186.103.159.182 - - [24/Jul/2018:10:35:27 -0300] "GET /cormun/pexe_scrolldiv.js HTTP/1.1" 404 1009
186.103.159.182 - - [24/Jul/2018:10:35:27 -0300] "GET /cormun/pexe_scrolldiv.js HTTP/1.1" 404 1009
186.103.159.182 - - [24/Jul/2018:10:35:27 -0300] "GET /cormun/servlet/vesolicitudot?2018,11878,, HTTP/1.1" 200 8638
186.103.159.182 - - [24/Jul/2018:10:35:29 -0300] "POST /cormun/servlet/vesolicitudot?19b0b92ff98d3cd8378c35ed9408871e,2018,11878,,,gx-no-cache=1532439259327 HTTP/1.1" 200 93
186.103.159.182 - - [24/Jul/2018:10:35:30 -0300] "GET /cormun/servlet/hpexe_return? HTTP/1.1" 200 1027
192.168.10.62 - - [24/Jul/2018:10:35:30 -0300] "POST /cormun/servlet/vesolicitudgral?8d2d9965fa720a68d7fd78b24d1b4896,2018,11841,,,gx-no-cache=1532439116682 HTTP/1.1" 200 11995
192.168.10.62 - - [24/Jul/2018:10:35:30 -0300] "GET /cormun/static/Shared/jqueryui/images/ui-icons_82798d_256x240.png HTTP/1.1" 404 1089
192.168.10.62 - - [24/Jul/2018:10:35:30 -0300] "GET /cormun/static/Shared/jqueryui/images/ui-bg_highlight-soft_100_c6c2c8_1x100.png HTTP/1.1" 404 1117
192.168.10.62 - - [24/Jul/2018:10:35:30 -0300] "GET /cormun/static/Shared/jqueryui/images/ui-bg_flat_55_fafafa_40x100.png HTTP/1.1" 404 1097
192.168.10.62 - - [24/Jul/2018:10:35:30 -0300] "GET /cormun/static/Shared/jqueryui/images/ui-icons_8d78a5_256x240.png HTTP/1.1" 404 1089
186.103.159.182 - - [24/Jul/2018:10:35:30 -0300] "GET /cormun/servlet/trsolicitudot?gx-no-cache=1532439212242 HTTP/1.1" 200 9194
192.168.10.62 - - [24/Jul/2018:10:35:30 -0300] "POST /cormun/servlet/vesolicitudgral?8d2d9965fa720a68d7fd78b24d1b4896,2018,11841,,,gx-no-cache=1532439117164 HTTP/1.1" 200 11929
192.168.10.62 - - [24/Jul/2018:10:35:30 -0300] "GET /cormun//static/Resources/PXToolsTabLastUnselected.png HTTP/1.1" 200 1291
186.103.159.182 - - [24/Jul/2018:10:35:30 -0300] "GET /cormun/servlet/trsolicitudot?gx-no-cache=1532439212242 HTTP/1.1" 200 9211
186.103.159.182 - - [24/Jul/2018:10:35:34 -0300] "POST /cormun/servlet/trsolicitudot?19b0b92ff98d3cd8378c35ed9408871e,gx-no-cache=1532439212242,gx-no-cache=1532439263602 HTTP/1.1" 200 105
186.103.159.182 - - [24/Jul/2018:10:35:34 -0300] "GET /cormun/servlet/solicitudot?UPD,2018,11878, HTTP/1.1" 200 15553
186.103.159.182 - - [24/Jul/2018:10:35:35 -0300] "GET /cormun/servlet/solicitudot?UPD,2018,11878, HTTP/1.1" 200 15542
186.103.159.182 - - [24/Jul/2018:10:35:36 -0300] "POST /cormun/servlet/solicitudot?gx-no-cache=1532439265308 HTTP/1.1" 200 3438
186.103.159.182 - - [24/Jul/2018:10:35:36 -0300] "POST /cormun/servlet/solicitudot?19b0b92ff98d3cd8378c35ed9408871e,UPD,2018,11878,,gx-no-cache=1532439265806 HTTP/1.1" 200 11790
186.103.159.182 - - [24/Jul/2018:10:35:36 -0300] "GET /cormun/servlet/solicitudot?7fb24c117c955969039a33ffc1d243ccd806cd8505123568da49068281805744eb9e2495e9e2738c5d3f473297d9df01,gx-no-cache=1532439265989 HTTP/1.1" 200 30
186.103.159.182 - - [24/Jul/2018:10:35:36 -0300] "GET /cormun/servlet/solicitudot?7fb24c117c955969039a33ffc1d243cc8d279e7936fc06d672b574e694e94a9b2c24a9c44d065120491a0885ef904a8794e879fa6ec287fbe32c8b2222dfe52b,gx-no-cache=1532439266024 HTTP/1.1" 200 30
186.103.159.182 - - [24/Jul/2018:10:35:36 -0300] "GET /cormun/servlet/solicitudot?7fb24c117c955969039a33ffc1d243cc488ed11d3ca2870a7de0d3caab9c7653d895e7e44d5415daa5ea444b8e45f5c72f9dd603ca07b29975125fcebd5cde80,gx-no-cache=1532439266053 HTTP/1.1" 200 53
186.103.159.182 - - [24/Jul/2018:10:35:36 -0300] "POST /cormun/servlet/solicitudot?gx-no-cache=1532439266084 HTTP/1.1" 200 257
186.103.159.182 - - [24/Jul/2018:10:35:37 -0300] "GET /cormun/servlet/solicitudot?7fb24c117c955969039a33ffc1d243cc86dbf0e71c0d01c9f68f89562ed25533852dd53ce42127161373600b19eefaa85df2ceacc96a5ccea296de9a92b7bd04c6e56b59fc347065e847c181b79a3751e8fa3edebff5094cf5326891b5f11054349dbf24da054ae2e136f2fe4a51015def98c8db1ff5428f3fa06756b0fb6df5672f4dd5d43de055f1834a184b6f8a74e7d47ade654afe258ac192e7cf3011fb4bd02fcfb92622d4241ff094aed1b42a322f2b652857f0e7e991b021d237f3c00c136b2441d385970678979b64c739f8d2a9ab26e7d8faac49ecc176c66f15fb0120e7e824f5544700c4703815e9ddcd5d6dffa08b56dfad2c0120e6dd5b307bf475bafded21af046913e8876fa0a1158b9af528a50277f2fe0dfbc8c90325d96e1292fbd5579f2060ba368c5988d752ac855a232a94c5f972e98d565dfb76f4c6d76a07fcc503119c772f3122d0d0f4276a6c3ff22732f9afabd5fde5c8c7222dca338ac3c00e6d1068939b3d16b9160b1cf2a28304816e49239190c08ca980,gx-no-cache=1532439266118 HTTP/1.1" 200 30
186.103.159.182 - - [24/Jul/2018:10:35:37 -0300] "POST /cormun/servlet/solicitudot?gx-no-cache=1532439266450 HTTP/1.1" 200 30
186.103.159.182 - - [24/Jul/2018:10:35:37 -0300] "POST /cormun/servlet/solicitudot?gx-no-cache=1532439266481 HTTP/1.1" 200 1376
186.103.159.182 - - [24/Jul/2018:10:35:37 -0300] "POST /cormun/servlet/solicitudot?gx-no-cache=1532439266537 HTTP/1.1" 200 41
186.103.157.39 - - [24/Jul/2018:10:35:42 -0300] "GET /cormun/servlet/licenciaspermisos?58ae362eef044e4f53109b0908d1d8583c542ea05139b8e2c4647573aea987d7e6dceb98493a51c5a9a059c08ae28a6c,gx-no-cache=1532439269507 HTTP/1.1" 200 90
186.103.157.39 - - [24/Jul/2018:10:35:42 -0300] "POST /cormun/servlet/licenciaspermisos?2098c4e94189caa75dbc66b64c57c47f,INS,0,,,,gx-no-cache=1532439269784 HTTP/1.1" 200 4669
192.168.10.96 - - [24/Jul/2018:10:35:44 -0300] "POST /digitalizacion/servlet/trdocumentos?d0ea55d53e43a44a4fa3eb1d17a8ef4f,,gx-no-cache=1532439130642 HTTP/1.1" 200 3332
192.168.10.96 - - [24/Jul/2018:10:35:45 -0300] "GET /digitalizacion/servlet/wbadjunto?5419,PU HTTP/1.1" 302 -
192.168.10.96 - - [24/Jul/2018:10:35:45 -0300] "GET /digitalizacion/PublicTempStorage/4132094.tmp HTTP/1.1" 200 847792
186.103.157.39 - - [24/Jul/2018:10:36:08 -0300] "GET /cormun/static/menuarrow.gif HTTP/1.1" 404 1015
186.103.159.182 - - [24/Jul/2018:10:36:09 -0300] "GET /cormun/servlet/trsolicitudot? HTTP/1.1" 200 9197
186.103.159.182 - - [24/Jul/2018:10:36:10 -0300] "GET /cormun/servlet/trsolicitudot? HTTP/1.1" 200 9190
192.168.10.96 - - [24/Jul/2018:10:36:13 -0300] "POST /digitalizacion/servlet/trdocumentos?d0ea55d53e43a44a4fa3eb1d17a8ef4f,,gx-no-cache=1532439160015 HTTP/1.1" 200 5550
192.168.10.96 - - [24/Jul/2018:10:36:17 -0300] "GET /digitalizacion/servlet/wbadjunto?5438,PU HTTP/1.1" 302 -
192.168.10.96 - - [24/Jul/2018:10:36:17 -0300] "GET /digitalizacion/PublicTempStorage/9154821.tmp HTTP/1.1" 200 1095504
186.103.159.182 - - [24/Jul/2018:10:36:18 -0300] "POST /cormun/servlet/trsolicitudot?19b0b92ff98d3cd8378c35ed9408871e,,gx-no-cache=1532439308227 HTTP/1.1" 200 6806
200.112.233.47 - - [24/Jul/2018:10:36:37 -0300] "GET /cormun/servlet/hlogin HTTP/1.1" 200 1715
200.112.233.47 - - [24/Jul/2018:10:36:41 -0300] "POST /cormun/servlet/hlogin?f5b8755c85d910004047745b35f8f637,gx-no-cache=1532439329445 HTTP/1.1" 200 90
200.112.233.47 - - [24/Jul/2018:10:36:41 -0300] "GET /cormun/servlet/hpexe_link HTTP/1.1" 200 947
200.112.233.47 - - [24/Jul/2018:10:36:41 -0300] "GET /cormun/static/gxcfg.js?20177612121792 HTTP/1.1" 304 -
200.112.233.47 - - [24/Jul/2018:10:36:41 -0300] "GET /cormun/servlet/hhome HTTP/1.1" 200 4233
200.112.233.47 - - [24/Jul/2018:10:36:41 -0300] "GET /cormun/static/gxcfg.js?20175251212442 HTTP/1.1" 304 -
200.112.233.47 - - [24/Jul/2018:10:36:43 -0300] "GET /cormun/servlet/hhome HTTP/1.1" 200 4229
186.103.159.182 - - [24/Jul/2018:10:36:48 -0300] "POST /cormun/servlet/trsolicitudot?19b0b92ff98d3cd8378c35ed9408871e,,gx-no-cache=1532439337354 HTTP/1.1" 200 6189
186.103.159.182 - - [24/Jul/2018:10:36:52 -0300] "POST /cormun/servlet/trsolicitudot?19b0b92ff98d3cd8378c35ed9408871e,,gx-no-cache=1532439341881 HTTP/1.1" 200 105
186.103.159.182 - - [24/Jul/2018:10:36:52 -0300] "GET /cormun/servlet/solicitudot?UPD,2018,11878, HTTP/1.1" 200 15532
186.103.159.182 - - [24/Jul/2018:10:36:53 -0300] "GET /cormun/servlet/solicitudot?UPD,2018,11878, HTTP/1.1" 200 15542
