186.67.164.142 - - [23/Jul/2018:13:31:47 -0300] "GET /cormun/servlet/licenciaspermisos?f73e0a4975f4e2e284670a3ff01cb621d5f18c3ef9216f5c922fae964b3deb4c3f7b7cbfe41fc61575a3440241708c27,gx-no-cache=1532363435851 HTTP/1.1" 200 82
186.67.164.142 - - [23/Jul/2018:13:31:47 -0300] "POST /cormun/servlet/licenciaspermisos?5dc3e41e7c1abb6588dace3398c6bbcc,INS,0,,,,gx-no-cache=1532363435904 HTTP/1.1" 200 4690
186.10.12.250 - - [23/Jul/2018:13:31:56 -0300] "POST /cormun/servlet/solicitudot?gx-no-cache=1532363443928 HTTP/1.1" 200 1376
186.10.12.250 - - [23/Jul/2018:13:31:56 -0300] "POST /cormun/servlet/solicitudot?gx-no-cache=1532363445246 HTTP/1.1" 200 38
186.10.12.250 - - [23/Jul/2018:13:31:57 -0300] "GET /cormun/servlet/solicitudot?1558d652d98a33ef73195d2fa0fb26d9b736600e7ce0f2780a9983267098c4d42b7ebdacbcb9158a94c84c96444c4e87581533a5c88e6dbdada4805af872c8b203065f81871dba00ff8f1088ce9eb3a0f951cfab9c7b006f28308f6772103ee4480f826b256720886fc3e2326c5cd70c,gx-no-cache=1532363445402 HTTP/1.1" 200 29
186.10.12.250 - - [23/Jul/2018:13:32:01 -0300] "POST /cormun/servlet/solicitudot?gx-no-cache=1532363445607 HTTP/1.1" 200 1357
186.10.12.250 - - [23/Jul/2018:13:32:03 -0300] "POST /cormun/servlet/solicitudot?gx-no-cache=1532363450478 HTTP/1.1" 200 1258
186.10.12.250 - - [23/Jul/2018:13:32:03 -0300] "GET /cormun/servlet/solicitudot?1558d652d98a33ef73195d2fa0fb26d9b492fbb28a42025659ef4de2c4d66965,gx-no-cache=1532363451562 HTTP/1.1" 200 30
186.67.164.142 - - [23/Jul/2018:13:32:12 -0300] "GET /cormun/static/menuarrow.gif HTTP/1.1" 404 1015
186.10.12.250 - - [23/Jul/2018:13:32:15 -0300] "POST /cormun/servlet/solicitudot?gx-no-cache=1532363462528 HTTP/1.1" 200 1376
186.10.12.250 - - [23/Jul/2018:13:32:16 -0300] "POST /cormun/servlet/solicitudot?gx-no-cache=1532363463772 HTTP/1.1" 200 38
186.79.148.1 - - [23/Jul/2018:13:32:43 -0300] "GET /cormun/servlet/licenciaspermisos?012f2d756bfd4869ba5bbbd2e792ad91baea1960af7c0857707c7bff54334d35f0a30cb4c12faecf698c5eda98d377b2,gx-no-cache=1532363492427 HTTP/1.1" 200 91
186.79.148.1 - - [23/Jul/2018:13:32:44 -0300] "POST /cormun/servlet/licenciaspermisos?3ba8f0e20ef872a599ccdce55fac2e27,INS,0,,,,gx-no-cache=1532363492709 HTTP/1.1" 200 4676
186.10.12.250 - - [23/Jul/2018:13:33:14 -0300] "POST /cormun/servlet/solicitudot?gx-no-cache=1532363521981 HTTP/1.1" 200 1358
186.10.12.250 - - [23/Jul/2018:13:33:14 -0300] "POST /cormun/servlet/solicitudot?gx-no-cache=1532363522662 HTTP/1.1" 200 1258
186.10.12.250 - - [23/Jul/2018:13:33:16 -0300] "GET /cormun/static/menuarrow.gif HTTP/1.1" 404 1015
186.67.164.142 - - [23/Jul/2018:13:33:22 -0300] "GET /cormun/servlet/licenciaspermisos?f73e0a4975f4e2e284670a3ff01cb6216a01b1e030a23a0fa371f7be180043d6f511590b1bbea196bf85e86ff23c3a66fb655d5da68676d84f7a79c7aac377406ea55de24e5f973d277836ccd5e61ebcbce3a20def6d5b530b311809904c55719c0770d4af08a794963fd381ea2112599f64635551dd0fe5290ff8a9c0865cd1cce1cf3040d658b7d0f8b12520deccb47b1b29fa2943b18d718630e3c7d93079d099c4bb07bf1c20fd095f7264e44785,gx-no-cache=1532363530653 HTTP/1.1" 200 30
186.10.12.250 - - [23/Jul/2018:13:33:22 -0300] "POST /cormun/servlet/solicitudot?gx-no-cache=1532363530017 HTTP/1.1" 200 1358
186.67.164.142 - - [23/Jul/2018:13:33:22 -0300] "GET /cormun/servlet/licenciaspermisos?f73e0a4975f4e2e284670a3ff01cb621384d30c1ef0ab4849eb457b5805d71593ffd419e06cb30b3b531576739288928eac94b1f8b8394740b855c97940c57571f7dd4da2665394f02b43806124d051b7f2ae1fe3692c2cfc21f63e9e3a95a6b07882b13e637da5dbc890f4d1273da68974f60c1091de949d1036a908f6dec49925f03c25abd39597e8150694aac2052b88873eb5aca7e8c66a24b2c26b36bc06a6e59a5b59a91ee778780676f9807e7,gx-no-cache=1532363530683 HTTP/1.1" 200 29
186.67.164.142 - - [23/Jul/2018:13:33:22 -0300] "POST /cormun/servlet/licenciaspermisos?5dc3e41e7c1abb6588dace3398c6bbcc,INS,0,,,,gx-no-cache=1532363530714 HTTP/1.1" 200 93
186.67.164.142 - - [23/Jul/2018:13:33:22 -0300] "GET /cormun/servlet/hpexe_return? HTTP/1.1" 200 1009
186.67.164.142 - - [23/Jul/2018:13:33:22 -0300] "GET /cormun/static/gxcfg.js?2016101716175148 HTTP/1.1" 304 -
186.67.164.142 - - [23/Jul/2018:13:33:22 -0300] "GET /cormun/servlet/trlicencias HTTP/1.1" 200 11151
186.10.12.250 - - [23/Jul/2018:13:33:22 -0300] "POST /cormun/servlet/solicitudot?gx-no-cache=1532363530935 HTTP/1.1" 200 1258
186.67.164.142 - - [23/Jul/2018:13:33:23 -0300] "GET /cormun/servlet/trlicencias HTTP/1.1" 200 11146
186.67.164.142 - - [23/Jul/2018:13:33:25 -0300] "GET /cormun/servlet/trlicenciaspermisosadjuntos?8265169,20180723000000,L, HTTP/1.1" 200 6330
186.67.164.142 - - [23/Jul/2018:13:33:25 -0300] "GET /cormun/static/gxcfg.js?20177612163414 HTTP/1.1" 200 953
186.67.164.142 - - [23/Jul/2018:13:33:25 -0300] "GET /cormun/static/trlicenciaspermisosadjuntos.js?20177612163719 HTTP/1.1" 200 21036
186.67.164.142 - - [23/Jul/2018:13:33:26 -0300] "GET /cormun/servlet/trlicenciaspermisosadjuntos?8265169,20180723000000,L, HTTP/1.1" 200 6331
186.67.164.142 - - [23/Jul/2018:13:33:28 -0300] "GET /cormun/servlet/licenciaspermisosadjuntos?INS,8265169,L,20180723000000,, HTTP/1.1" 200 5622
186.67.164.142 - - [23/Jul/2018:13:33:28 -0300] "GET /cormun/static/gxcfg.js?2017761263592 HTTP/1.1" 200 953
186.67.164.142 - - [23/Jul/2018:13:33:28 -0300] "GET /cormun/static/licenciaspermisosadjuntos.js?201776126362 HTTP/1.1" 200 8760
186.67.164.142 - - [23/Jul/2018:13:33:28 -0300] "GET /cormun/static/about:blank HTTP/1.1" 404 1011
186.67.164.142 - - [23/Jul/2018:13:33:28 -0300] "GET /cormun/servlet/licenciaspermisosadjuntos?INS,8265169,L,20180723000000,, HTTP/1.1" 200 5612
186.10.12.250 - - [23/Jul/2018:13:33:29 -0300] "GET /cormun/servlet/solicitudot?1558d652d98a33ef73195d2fa0fb26d9ed93b1f4e847601519a2dc0278236f12267596629eb313b9d6dba94e74088b73,gx-no-cache=1532363537437 HTTP/1.1" 200 30
186.10.12.250 - - [23/Jul/2018:13:33:41 -0300] "POST /cormun/servlet/solicitudot?gx-no-cache=1532363547948 HTTP/1.1" 200 30
186.67.164.142 - - [23/Jul/2018:13:33:50 -0300] "POST /cormun/servlet/licenciaspermisosadjuntos?5dc3e41e7c1abb6588dace3398c6bbcc,INS,8265169,L,20180723000000,, HTTP/1.1" 200 116
186.67.164.142 - - [23/Jul/2018:13:33:50 -0300] "GET /cormun/servlet/hpexe_return? HTTP/1.1" 200 1040
186.67.164.142 - - [23/Jul/2018:13:33:50 -0300] "GET /cormun/servlet/trlicenciaspermisosadjuntos?8265169,20180723000000,L, HTTP/1.1" 200 6807
186.67.164.142 - - [23/Jul/2018:13:33:51 -0300] "GET /cormun/servlet/trlicenciaspermisosadjuntos?8265169,20180723000000,L, HTTP/1.1" 200 6802
186.67.164.142 - - [23/Jul/2018:13:33:54 -0300] "POST /cormun/servlet/trlicenciaspermisosadjuntos?5dc3e41e7c1abb6588dace3398c6bbcc,8265169,20180723000000,L,,gx-no-cache=1532363563201 HTTP/1.1" 200 90
186.67.164.142 - - [23/Jul/2018:13:33:54 -0300] "GET /cormun/servlet/hpexe_link HTTP/1.1" 200 981
186.67.164.142 - - [23/Jul/2018:13:33:55 -0300] "GET /cormun/servlet/trlicencias HTTP/1.1" 200 11148
186.67.164.142 - - [23/Jul/2018:13:33:55 -0300] "GET /cormun/servlet/trlicencias HTTP/1.1" 200 11146
186.10.12.250 - - [23/Jul/2018:13:33:55 -0300] "POST /cormun/servlet/solicitudot?a8af82eaed034840aee3227856410a5f,INS,0,0,,gx-no-cache=1532363561919 HTTP/1.1" 200 93
186.67.164.142 - - [23/Jul/2018:13:33:59 -0300] "GET /cormun/servlet/alicenciaprn?8265169,L,20180723000000,PU HTTP/1.1" 200 1539
186.10.12.250 - - [23/Jul/2018:13:33:59 -0300] "GET /cormun/servlet/hpexe_return? HTTP/1.1" 200 1006
186.10.12.250 - - [23/Jul/2018:13:34:00 -0300] "GET /cormun/servlet/trsolicitudot HTTP/1.1" 200 9258
186.10.12.250 - - [23/Jul/2018:13:34:01 -0300] "GET /cormun/servlet/trsolicitudot HTTP/1.1" 200 9254
186.10.12.250 - - [23/Jul/2018:13:34:06 -0300] "GET /cormun/servlet/solicitudot?INS,0,0, HTTP/1.1" 200 13670
186.10.12.250 - - [23/Jul/2018:13:34:07 -0300] "GET /cormun/servlet/solicitudot?INS,0,0, HTTP/1.1" 200 13675
186.10.12.250 - - [23/Jul/2018:13:34:46 -0300] "POST /cormun/servlet/solicitudot?gx-no-cache=1532363613789 HTTP/1.1" 200 3448
186.10.12.250 - - [23/Jul/2018:13:34:46 -0300] "POST /cormun/servlet/solicitudot?a8af82eaed034840aee3227856410a5f,INS,0,0,,gx-no-cache=1532363614733 HTTP/1.1" 200 10633
186.10.12.250 - - [23/Jul/2018:13:34:52 -0300] "GET /cormun/servlet/solicitudot?1558d652d98a33ef73195d2fa0fb26d954f6a16f83c4535769c0a93da22567348e592ad2313837d3d2e9c7a447e1d3f3,gx-no-cache=1532363620147 HTTP/1.1" 200 30
186.10.12.250 - - [23/Jul/2018:13:34:52 -0300] "GET /cormun/servlet/solicitudot?1558d652d98a33ef73195d2fa0fb26d9b2f745a7e2d3e315697f45409aec78978f0f2c4762c8f631acad8367cc89b49c3f11cbf9164db56ee157ca53172bb8fd,gx-no-cache=1532363620619 HTTP/1.1" 200 30
186.10.12.250 - - [23/Jul/2018:13:34:52 -0300] "GET /cormun/servlet/solicitudot?1558d652d98a33ef73195d2fa0fb26d91ba9040430e94b293061184b938692cc,gx-no-cache=1532363620802 HTTP/1.1" 200 60
186.10.12.250 - - [23/Jul/2018:13:34:52 -0300] "POST /cormun/servlet/solicitudot?gx-no-cache=1532363621060 HTTP/1.1" 200 297
186.10.12.250 - - [23/Jul/2018:13:34:52 -0300] "GET /cormun/servlet/solicitudot?1558d652d98a33ef73195d2fa0fb26d94d175b3168d80d914f496188defa207f8f8a36478b38ae5f6da6d588ca365bdb3da66c33ef8b28ee13d436ab4ca1154d3a4ccaf58e3d2a421f97c20116499232ac8eeabefb002569a9dbf91839606131d71ed45d7065e19e40727d15fc800ed053a3af0b6dcce1adf102933ccbbdd515bbbfee7a86d8b75c3b69042a306d50e64b5ed15706cfdb520e345c1a1a857b1a916b3b58e6c107e0c1ea094a7276b0237cb707ece430bc1e73b5f8776562c2721bbdf121c1bea49947bf52a049a562518ae0af03735ab2f4fa736cbeb628c1ee95458cc59b49ba9502134f305c2f2db2a44d4b28412d7d929c160622e5af38c0552e53658842c81044a60759332d6e8a54f24f5f72bbefbca7f2064f2c5b425bad9405ea28ab445df90a814068c82a29749a7bc557063e0bdf4f738a2071573c68a24fc5985900d878b18372e432344e09adce1ed98df59f7f93f7f35b82f7ae14d52dde0a3fbb34d0ec8d23385e5d53cfaf34e223be677a96c9a3159bb1ca6e3c1e05d033a97199f059e63ccfb2adae,gx-no-cache=1532363621151 HTTP/1.1" 200 30
186.10.12.250 - - [23/Jul/2018:13:34:56 -0300] "POST /cormun/servlet/solicitudot?gx-no-cache=1532363625139 HTTP/1.1" 200 30
186.10.12.250 - - [23/Jul/2018:13:34:59 -0300] "GET /cormun/servlet/prcontratosol?15525635,,,,,MD,,gxPopupLevel%3D0%3B HTTP/1.1" 200 7718
186.10.12.250 - - [23/Jul/2018:13:35:14 -0300] "POST /cormun/servlet/solicitudot?gx-no-cache=1532363642564 HTTP/1.1" 200 1377
186.10.12.250 - - [23/Jul/2018:13:35:14 -0300] "POST /cormun/servlet/solicitudot?gx-no-cache=1532363642853 HTTP/1.1" 200 38
186.10.12.250 - - [23/Jul/2018:13:35:15 -0300] "GET /cormun/servlet/solicitudot?1558d652d98a33ef73195d2fa0fb26d9b736600e7ce0f2780a9983267098c4d42b7ebdacbcb9158a94c84c96444c4e87581533a5c88e6dbdada4805af872c8b203065f81871dba00ff8f1088ce9eb3a0f951cfab9c7b006f28308f6772103ee4480f826b256720886fc3e2326c5cd70c,gx-no-cache=1532363643487 HTTP/1.1" 200 29
186.10.12.250 - - [23/Jul/2018:13:35:17 -0300] "POST /cormun/servlet/solicitudot?gx-no-cache=1532363644024 HTTP/1.1" 200 1357
186.10.12.250 - - [23/Jul/2018:13:35:20 -0300] "POST /cormun/servlet/solicitudot?gx-no-cache=1532363646487 HTTP/1.1" 200 1258
186.10.12.250 - - [23/Jul/2018:13:35:20 -0300] "GET /cormun/servlet/solicitudot?1558d652d98a33ef73195d2fa0fb26d9b492fbb28a42025659ef4de2c4d66965,gx-no-cache=1532363648571 HTTP/1.1" 200 30
186.10.12.250 - - [23/Jul/2018:13:35:31 -0300] "POST /cormun/servlet/solicitudot?gx-no-cache=1532363658831 HTTP/1.1" 200 1377
186.10.12.250 - - [23/Jul/2018:13:35:36 -0300] "POST /cormun/servlet/solicitudot?gx-no-cache=1532363662593 HTTP/1.1" 200 38
186.10.12.250 - - [23/Jul/2018:13:35:53 -0300] "POST /cormun/servlet/solicitudot?gx-no-cache=1532363679681 HTTP/1.1" 200 1359
186.10.12.250 - - [23/Jul/2018:13:35:54 -0300] "POST /cormun/servlet/solicitudot?gx-no-cache=1532363682509 HTTP/1.1" 200 1258
186.10.12.250 - - [23/Jul/2018:13:35:55 -0300] "GET /cormun/static/menuarrow.gif HTTP/1.1" 404 1015
186.10.12.250 - - [23/Jul/2018:13:36:06 -0300] "POST /cormun/servlet/solicitudot?gx-no-cache=1532363686348 HTTP/1.1" 200 1359
186.10.12.250 - - [23/Jul/2018:13:36:17 -0300] "POST /cormun/servlet/solicitudot?gx-no-cache=1532363700920 HTTP/1.1" 200 1258
186.10.12.250 - - [23/Jul/2018:13:36:23 -0300] "GET /cormun/servlet/solicitudot?1558d652d98a33ef73195d2fa0fb26d9ed93b1f4e847601519a2dc0278236f12267596629eb313b9d6dba94e74088b73,gx-no-cache=1532363711520 HTTP/1.1" 200 30
186.10.12.250 - - [23/Jul/2018:13:36:33 -0300] "POST /cormun/servlet/solicitudot?gx-no-cache=1532363718243 HTTP/1.1" 200 30
186.10.12.250 - - [23/Jul/2018:13:36:56 -0300] "POST /cormun/servlet/solicitudot?a8af82eaed034840aee3227856410a5f,INS,0,0,,gx-no-cache=1532363731350 HTTP/1.1" 200 93
186.10.12.250 - - [23/Jul/2018:13:36:56 -0300] "GET /cormun/servlet/hpexe_return? HTTP/1.1" 200 1006
186.10.12.250 - - [23/Jul/2018:13:36:57 -0300] "GET /cormun/servlet/trsolicitudot HTTP/1.1" 200 9625
186.10.12.250 - - [23/Jul/2018:13:36:57 -0300] "GET /cormun/servlet/trsolicitudot HTTP/1.1" 200 9621
186.10.12.250 - - [23/Jul/2018:13:37:01 -0300] "GET /cormun/servlet/solicitudot?INS,0,0, HTTP/1.1" 200 13670
186.10.12.250 - - [23/Jul/2018:13:37:02 -0300] "GET /cormun/servlet/solicitudot?INS,0,0, HTTP/1.1" 200 13675
190.151.100.218 - - [23/Jul/2018:13:37:35 -0300] "POST /cormun/servlet/solicitudot?gx-no-cache=1532363783365 HTTP/1.1" 200 3425
190.151.100.218 - - [23/Jul/2018:13:37:38 -0300] "POST /cormun/servlet/solicitudot?a8af82eaed034840aee3227856410a5f,INS,0,0,,gx-no-cache=1532363784103 HTTP/1.1" 200 10599
190.151.100.218 - - [23/Jul/2018:13:37:40 -0300] "GET /cormun/servlet/solicitudot?1558d652d98a33ef73195d2fa0fb26d9b422d3413886cd4ddbebb1775e4816a98e592ad2313837d3d2e9c7a447e1d3f3,gx-no-cache=1532363788338 HTTP/1.1" 200 30
190.151.100.218 - - [23/Jul/2018:13:37:44 -0300] "GET /cormun/servlet/solicitudot?1558d652d98a33ef73195d2fa0fb26d9e675266fedef15608ac65d7bd1678106b655438076fffa970befd858390a7cd65d51d721cceb6b543c37d0046197dad0,gx-no-cache=1532363792627 HTTP/1.1" 200 30
190.151.100.218 - - [23/Jul/2018:13:37:45 -0300] "GET /cormun/servlet/solicitudot?1558d652d98a33ef73195d2fa0fb26d9a60c003136d4a7e135a3df3c82e5d7f5,gx-no-cache=1532363793229 HTTP/1.1" 200 123
190.151.100.218 - - [23/Jul/2018:13:37:45 -0300] "GET /cormun/static/Shared/jqueryui/images/ui-bg_highlight-soft_100_c6c2c8_1x100.png HTTP/1.1" 404 1117
186.103.132.155 - - [23/Jul/2018:13:37:46 -0300] "GET /cormun/static/Shared/jqueryui/images/ui-icons_82798d_256x240.png HTTP/1.1" 404 1089
190.151.100.218 - - [23/Jul/2018:13:37:46 -0300] "GET /cormun/static/Shared/jqueryui/images/ui-bg_flat_55_994d53_40x100.png HTTP/1.1" 404 1097
186.103.132.155 - - [23/Jul/2018:13:37:46 -0300] "GET /cormun/static/Shared/jqueryui/images/ui-icons_ebccce_256x240.png HTTP/1.1" 404 1089
186.103.132.155 - - [23/Jul/2018:13:37:46 -0300] "POST /cormun/servlet/solicitudot?gx-no-cache=1532363794081 HTTP/1.1" 200 255
186.103.132.155 - - [23/Jul/2018:13:37:46 -0300] "GET /cormun/servlet/solicitudot?1558d652d98a33ef73195d2fa0fb26d94d175b3168d80d914f496188defa207f0e44297f3b5d1bf13b47d23a5498f57e3da66c33ef8b28ee13d436ab4ca1154d3a4ccaf58e3d2a421f97c20116499232ac8eeabefb002569a9dbf91839606131d71ed45d7065e19e40727d15fc800ed053a3af0b6dcce1adf102933ccbbdd515bbbfee7a86d8b75c3b69042a306d50e64b5ed15706cfdb520e345c1a1a857b1a916b3b58e6c107e0c1ea094a7276b0237cb707ece430bc1e73b5f8776562c2721bbdf121c1bea49947bf52a049a562518ae0af03735ab2f4fa736cbeb628c1ee95458cc59b49ba9502134f305c2f2db24c48fbcfd9df36665812e48fa1fd18f6552e53658842c81044a60759332d6e8a3cee650605485716afb5b6d1ce6028dfdea3c15dc842640f01ba418232f083b89bea0337ecf5df754c9d870afb2bb78a3c845f8cb7bc7c4e336d876f4355ab14c0e2d2eff331bc4f55ce61336586fba38b11621f5fc245ab22f70e39fbe2cdda2a7cd515f454979dece46731427d7944,gx-no-cache=1532363794617 HTTP/1.1" 200 30
186.103.132.155 - - [23/Jul/2018:13:37:52 -0300] "POST /cormun/servlet/solicitudot?gx-no-cache=1532363799779 HTTP/1.1" 200 30
186.103.132.155 - - [23/Jul/2018:13:38:03 -0300] "GET /cormun/servlet/prcontratosol?16884650,,,,,MD,,gxPopupLevel%3D0%3B HTTP/1.1" 200 9143
186.79.148.1 - - [23/Jul/2018:13:38:20 -0300] "GET /cormun/servlet/licenciaspermisos?012f2d756bfd4869ba5bbbd2e792ad91b54a75922de6683d41d8f416557fc9d595840fd4fb651fe6f92198320b410f2ff6894588f7d2e798f0792489597c3ec7c144dd949cc273d009d05ac447b5cb44f43854fc42f6c4a2761a2efcee1cda18da56215803e6518612cee2543fb2a08b3ac6c26b5b8c078f0b5712a55c1703f3f68e82925d9596dfcd42b3e72e3ec35ed5762ca854ce83b930a33a30cea8ecf121ff4c493757fc000f87ec505366f568,gx-no-cache=1532363829211 HTTP/1.1" 200 30
186.79.148.1 - - [23/Jul/2018:13:38:21 -0300] "GET /cormun/servlet/licenciaspermisos?012f2d756bfd4869ba5bbbd2e792ad91c704a64c787419f03c0411adba68218855bba3e934de72975464e16ee29be4c15b8fa897d661f6f9e54b7193909b10e901ba48c488996e6a851eb8e6d39ad87ecc3cb8fad53c15ac3f51af5d6dd9044202cd37fde99d7d40fa88fb29a70435dbadb4081fb0cf9fe50863f0d129c0057a322d0e81854454f2e43f183d8e2e593a08e6b5413dba01cf08c8cbaf54f2b6e2cc7093323ceaa45b7148244c4b6f0dd7,gx-no-cache=1532363829602 HTTP/1.1" 200 29
186.79.148.1 - - [23/Jul/2018:13:38:21 -0300] "POST /cormun/servlet/licenciaspermisos?3ba8f0e20ef872a599ccdce55fac2e27,INS,0,,,,gx-no-cache=1532363829810 HTTP/1.1" 200 93
186.79.148.1 - - [23/Jul/2018:13:38:22 -0300] "GET /cormun/servlet/hpexe_return? HTTP/1.1" 200 1006
186.79.148.1 - - [23/Jul/2018:13:38:22 -0300] "GET /cormun/servlet/trlicencias HTTP/1.1" 200 10531
186.79.148.1 - - [23/Jul/2018:13:38:23 -0300] "GET /cormun/servlet/trlicencias HTTP/1.1" 200 10526
186.103.161.206 - - [23/Jul/2018:13:38:33 -0300] "GET /cormun/servlet/solicitudot?1558d652d98a33ef73195d2fa0fb26d98e63febf4eae332a20e825b1484e6518,gx-no-cache=1532363839156 HTTP/1.1" 200 123
186.103.161.206 - - [23/Jul/2018:13:38:34 -0300] "POST /cormun/servlet/solicitudot?gx-no-cache=1532363842864 HTTP/1.1" 200 256
186.79.148.1 - - [23/Jul/2018:13:38:35 -0300] "GET /cormun/servlet/trlicenciaspermisosadjuntos?15525744,20180723000000,L, HTTP/1.1" 200 6270
186.103.161.206 - - [23/Jul/2018:13:38:35 -0300] "GET /cormun/servlet/solicitudot?1558d652d98a33ef73195d2fa0fb26d94d175b3168d80d914f496188defa207f0e44297f3b5d1bf13b47d23a5498f57e3da66c33ef8b28ee13d436ab4ca1154d3a4ccaf58e3d2a421f97c20116499232ac8eeabefb002569a9dbf91839606131d71ed45d7065e19e40727d15fc800ed053a3af0b6dcce1adf102933ccbbdd515bbbfee7a86d8b75c3b69042a306d50e64b5ed15706cfdb520e345c1a1a857b1a916b3b58e6c107e0c1ea094a7276b0237cb707ece430bc1e73b5f8776562c2721bbdf121c1bea49947bf52a049a562518ae0af03735ab2f4fa736cbeb628c1ee95458cc59b49ba9502134f305c2f2db24c48fbcfd9df36665812e48fa1fd18f6552e53658842c81044a60759332d6e8a3cee650605485716afb5b6d1ce6028dfdea3c15dc842640f01ba418232f083b89bea0337ecf5df754c9d870afb2bb78a3c845f8cb7bc7c4e336d876f4355ab14c0e2d2eff331bc4f55ce61336586fba38b11621f5fc245ab22f70e39fbe2cddae14c0fa0679f596793ade4634531a91e,gx-no-cache=1532363843567 HTTP/1.1" 200 30
186.103.161.206 - - [23/Jul/2018:13:38:35 -0300] "POST /cormun/servlet/solicitudot?gx-no-cache=1532363843711 HTTP/1.1" 200 30
186.79.148.1 - - [23/Jul/2018:13:38:35 -0300] "GET /cormun/servlet/trlicenciaspermisosadjuntos?15525744,20180723000000,L, HTTP/1.1" 200 6271
186.103.161.206 - - [23/Jul/2018:13:38:36 -0300] "POST /cormun/servlet/solicitudot?gx-no-cache=1532363844619 HTTP/1.1" 200 1376
186.79.148.1 - - [23/Jul/2018:13:38:37 -0300] "GET /cormun/servlet/licenciaspermisosadjuntos?INS,15525744,L,20180723000000,, HTTP/1.1" 200 5564
186.79.148.1 - - [23/Jul/2018:13:38:38 -0300] "GET /cormun/static/about:blank HTTP/1.1" 404 1011
186.79.148.1 - - [23/Jul/2018:13:38:38 -0300] "GET /cormun/servlet/licenciaspermisosadjuntos?INS,15525744,L,20180723000000,, HTTP/1.1" 200 5553
186.103.161.206 - - [23/Jul/2018:13:38:39 -0300] "POST /cormun/servlet/solicitudot?gx-no-cache=1532363845230 HTTP/1.1" 200 38
186.103.161.206 - - [23/Jul/2018:13:38:39 -0300] "GET /cormun/servlet/solicitudot?1558d652d98a33ef73195d2fa0fb26d9b736600e7ce0f2780a9983267098c4d42b7ebdacbcb9158a94c84c96444c4e87eb12fb96e216a672473daed8caa0adf1de4f40067a9512abc5e8fdd020b05bd1f57edecbb9433fb3ac451efac1b23541914fe0c65dd005e30b13b7626a4330f1b96ea9b47300b3ef3a856ceec79329159d7cc4b9b4c6de5150709de81b2c5c45c1d616eea3dac9e25580b52de42047b2,gx-no-cache=1532363847848 HTTP/1.1" 200 29
186.103.161.206 - - [23/Jul/2018:13:38:39 -0300] "POST /cormun/servlet/solicitudot?gx-no-cache=1532363847969 HTTP/1.1" 200 1357
186.103.161.206 - - [23/Jul/2018:13:38:40 -0300] "POST /cormun/servlet/solicitudot?gx-no-cache=1532363848192 HTTP/1.1" 200 1258
186.103.161.206 - - [23/Jul/2018:13:38:41 -0300] "GET /cormun/servlet/solicitudot?1558d652d98a33ef73195d2fa0fb26d9b492fbb28a42025659ef4de2c4d66965,gx-no-cache=1532363849567 HTTP/1.1" 200 30
186.103.161.206 - - [23/Jul/2018:13:38:54 -0300] "POST /cormun/servlet/solicitudot?gx-no-cache=1532363862590 HTTP/1.1" 200 1376
186.103.161.206 - - [23/Jul/2018:13:38:55 -0300] "POST /cormun/servlet/solicitudot?gx-no-cache=1532363863225 HTTP/1.1" 200 38
186.103.161.206 - - [23/Jul/2018:13:39:04 -0300] "POST /cormun/servlet/solicitudot?gx-no-cache=1532363872889 HTTP/1.1" 200 1359
186.103.161.206 - - [23/Jul/2018:13:39:05 -0300] "POST /cormun/servlet/solicitudot?gx-no-cache=1532363873258 HTTP/1.1" 200 1258
186.103.161.206 - - [23/Jul/2018:13:39:06 -0300] "GET /cormun/static/menuarrow.gif HTTP/1.1" 404 1015
186.103.161.206 - - [23/Jul/2018:13:39:09 -0300] "POST /cormun/servlet/solicitudot?gx-no-cache=1532363877460 HTTP/1.1" 200 1359
186.103.161.206 - - [23/Jul/2018:13:39:09 -0300] "POST /cormun/servlet/solicitudot?gx-no-cache=1532363877932 HTTP/1.1" 200 1258
186.103.161.206 - - [23/Jul/2018:13:39:12 -0300] "GET /cormun/servlet/solicitudot?1558d652d98a33ef73195d2fa0fb26d9ed93b1f4e847601519a2dc0278236f12267596629eb313b9d6dba94e74088b73,gx-no-cache=1532363880788 HTTP/1.1" 200 30
186.103.161.206 - - [23/Jul/2018:13:39:19 -0300] "POST /cormun/servlet/solicitudot?gx-no-cache=1532363887770 HTTP/1.1" 200 30
186.103.161.206 - - [23/Jul/2018:13:39:34 -0300] "POST /cormun/servlet/solicitudot?a8af82eaed034840aee3227856410a5f,INS,0,0,,gx-no-cache=1532363902271 HTTP/1.1" 200 12035
186.103.161.206 - - [23/Jul/2018:13:39:42 -0300] "GET /cormun/servlet/prbanco?,MD,,gxPopupLevel%3D0%3B HTTP/1.1" 200 6639
186.103.161.206 - - [23/Jul/2018:13:39:44 -0300] "GET /cormun/static/gxcfg.js?20181161016094 HTTP/1.1" 200 953
190.151.100.218 - - [23/Jul/2018:13:39:44 -0300] "GET /cormun/static/prbanco.js?2018116101633 HTTP/1.1" 200 10693
186.79.148.1 - - [23/Jul/2018:13:40:06 -0300] "POST /cormun/servlet/licenciaspermisosadjuntos?3ba8f0e20ef872a599ccdce55fac2e27,INS,15525744,L,20180723000000,, HTTP/1.1" 200 116
186.79.148.1 - - [23/Jul/2018:13:40:07 -0300] "GET /cormun/servlet/hpexe_return? HTTP/1.1" 200 1036
186.79.148.1 - - [23/Jul/2018:13:40:07 -0300] "GET /cormun/servlet/trlicenciaspermisosadjuntos?15525744,20180723000000,L, HTTP/1.1" 200 6753
186.79.148.1 - - [23/Jul/2018:13:40:09 -0300] "GET /cormun/servlet/trlicenciaspermisosadjuntos?15525744,20180723000000,L, HTTP/1.1" 200 6748
200.111.122.170 - - [23/Jul/2018:13:40:11 -0300] "GET /cormun/servlet/solicitudot?1558d652d98a33ef73195d2fa0fb26d98e63febf4eae332a20e825b1484e6518,gx-no-cache=1532363939543 HTTP/1.1" 200 123
186.79.148.1 - - [23/Jul/2018:13:40:15 -0300] "GET /cormun/servlet/licenciaspermisosadjuntos?INS,15525744,L,20180723000000,, HTTP/1.1" 200 5563
186.79.148.1 - - [23/Jul/2018:13:40:16 -0300] "GET /cormun/servlet/licenciaspermisosadjuntos?INS,15525744,L,20180723000000,, HTTP/1.1" 200 5553
200.111.122.170 - - [23/Jul/2018:13:40:20 -0300] "GET /cormun/servlet/solicitudot?1558d652d98a33ef73195d2fa0fb26d90348c0ac1d3b13c4bea3f1a6fd16a2c2,gx-no-cache=1532363948794 HTTP/1.1" 200 29
200.111.122.170 - - [23/Jul/2018:13:40:20 -0300] "POST /cormun/servlet/solicitudot?gx-no-cache=1532363949141 HTTP/1.1" 200 256
200.111.122.170 - - [23/Jul/2018:13:40:23 -0300] "GET /cormun/servlet/solicitudot?1558d652d98a33ef73195d2fa0fb26d94d175b3168d80d914f496188defa207f0e44297f3b5d1bf13b47d23a5498f57e3da66c33ef8b28ee13d436ab4ca1154d3a4ccaf58e3d2a421f97c20116499232ac8eeabefb002569a9dbf91839606131d71ed45d7065e19e40727d15fc800ed053a3af0b6dcce1adf102933ccbbdd515bbbfee7a86d8b75c3b69042a306d50e64b5ed15706cfdb520e345c1a1a857b1a916b3b58e6c107e0c1ea094a7276b0237cb707ece430bc1e73b5f8776562c2721bbdf121c1bea49947bf52a049a562518ae0af03735ab2f4fa736cbeb628c1ee95458cc59b49ba9502134f305c2f2db24c48fbcfd9df36665812e48fa1fd18f6552e53658842c81044a60759332d6e8a3cee650605485716afb5b6d1ce6028dfdea3c15dc842640f01ba418232f083b89bea0337ecf5df754c9d870afb2bb78a3c845f8cb7bc7c4e336d876f4355ab14c0e2d2eff331bc4f55ce61336586fba38b11621f5fc245ab22f70e39fbe2cddae14c0fa0679f596793ade4634531a91e,gx-no-cache=1532363951294 HTTP/1.1" 200 30
200.111.122.170 - - [23/Jul/2018:13:40:23 -0300] "POST /cormun/servlet/solicitudot?gx-no-cache=1532363951562 HTTP/1.1" 200 30
200.111.122.170 - - [23/Jul/2018:13:40:23 -0300] "POST /cormun/servlet/solicitudot?gx-no-cache=1532363951808 HTTP/1.1" 200 1376
200.111.122.170 - - [23/Jul/2018:13:40:23 -0300] "POST /cormun/servlet/solicitudot?gx-no-cache=1532363951898 HTTP/1.1" 200 41
200.111.122.170 - - [23/Jul/2018:13:40:24 -0300] "POST /cormun/servlet/solicitudot?gx-no-cache=1532363952470 HTTP/1.1" 200 1359
200.111.122.170 - - [23/Jul/2018:13:40:25 -0300] "POST /cormun/servlet/solicitudot?gx-no-cache=1532363953263 HTTP/1.1" 200 1258
200.111.122.170 - - [23/Jul/2018:13:40:25 -0300] "GET /cormun/servlet/solicitudot?1558d652d98a33ef73195d2fa0fb26d9ed93b1f4e847601519a2dc0278236f12267596629eb313b9d6dba94e74088b73,gx-no-cache=1532363954081 HTTP/1.1" 200 30
200.111.122.170 - - [23/Jul/2018:13:40:25 -0300] "POST /cormun/servlet/solicitudot?gx-no-cache=1532363954142 HTTP/1.1" 200 30
200.111.122.170 - - [23/Jul/2018:13:40:26 -0300] "POST /cormun/servlet/solicitudot?a8af82eaed034840aee3227856410a5f,INS,0,0,,gx-no-cache=1532363954290 HTTP/1.1" 200 93
200.111.122.170 - - [23/Jul/2018:13:40:26 -0300] "GET /cormun/servlet/hpexe_return? HTTP/1.1" 200 1006
200.111.122.170 - - [23/Jul/2018:13:40:27 -0300] "GET /cormun/servlet/trsolicitudot HTTP/1.1" 200 10014
200.111.122.170 - - [23/Jul/2018:13:40:27 -0300] "GET /cormun/servlet/trsolicitudot HTTP/1.1" 200 10010
200.111.122.170 - - [23/Jul/2018:13:40:32 -0300] "GET /cormun/servlet/solicitudot?INS,0,0, HTTP/1.1" 200 13671
200.111.122.170 - - [23/Jul/2018:13:40:32 -0300] "GET /cormun/servlet/solicitudot?INS,0,0, HTTP/1.1" 200 13676
186.79.148.1 - - [23/Jul/2018:13:40:44 -0300] "GET /cormun/servlet/hlogin HTTP/1.1" 200 1717
186.10.12.250 - - [23/Jul/2018:13:40:47 -0300] "POST /cormun/servlet/solicitudot?gx-no-cache=1532363973886 HTTP/1.1" 200 3439
186.79.148.1 - - [23/Jul/2018:13:40:47 -0300] "POST /cormun/servlet/hlogin?6ae4ce98aa94dfffda880d03c61351c1,gx-no-cache=1532363976241 HTTP/1.1" 200 90
186.10.12.250 - - [23/Jul/2018:13:40:47 -0300] "POST /cormun/servlet/solicitudot?a8af82eaed034840aee3227856410a5f,INS,0,0,,gx-no-cache=1532363975513 HTTP/1.1" 200 10622
186.79.148.1 - - [23/Jul/2018:13:40:47 -0300] "GET /cormun/servlet/hpexe_link HTTP/1.1" 200 949
186.10.12.250 - - [23/Jul/2018:13:40:48 -0300] "GET /cormun/servlet/solicitudot?1558d652d98a33ef73195d2fa0fb26d9bb4d6f75bf11a441eb6a6c1070bb9de98e592ad2313837d3d2e9c7a447e1d3f3,gx-no-cache=1532363976247 HTTP/1.1" 200 30
186.79.148.1 - - [23/Jul/2018:13:40:48 -0300] "GET /cormun/servlet/hhome HTTP/1.1" 200 3925
186.79.148.1 - - [23/Jul/2018:13:40:49 -0300] "GET /cormun/servlet/hhome HTTP/1.1" 200 3922
186.79.148.1 - - [23/Jul/2018:13:40:52 -0300] "GET /cormun/servlet/trlicencias? HTTP/1.1" 200 10532
186.79.148.1 - - [23/Jul/2018:13:40:53 -0300] "GET /cormun/servlet/trlicencias? HTTP/1.1" 200 10529
186.10.12.250 - - [23/Jul/2018:13:40:58 -0300] "GET /cormun/servlet/solicitudot?1558d652d98a33ef73195d2fa0fb26d9dbc773f0f8e6338497065000254039f7727f411d6a778b755f104f9d039df851,gx-no-cache=1532363986375 HTTP/1.1" 200 30
186.79.148.1 - - [23/Jul/2018:13:41:00 -0300] "POST /cormun/servlet/trlicencias?6ae4ce98aa94dfffda880d03c61351c1,,gx-no-cache=1532363987008 HTTP/1.1" 200 8005
186.10.12.250 - - [23/Jul/2018:13:41:00 -0300] "GET /cormun/servlet/solicitudot?1558d652d98a33ef73195d2fa0fb26d9785dcdffce96ba8c7db770feec86d84e,gx-no-cache=1532363988696 HTTP/1.1" 200 70
186.79.148.1 - - [23/Jul/2018:13:41:00 -0300] "GET /cormun/static/Shared/jqueryui/images/ui-bg_highlight-soft_100_c6c2c8_1x100.png HTTP/1.1" 404 1117
186.79.148.1 - - [23/Jul/2018:13:41:00 -0300] "GET /cormun/static/Shared/jqueryui/images/ui-icons_82798d_256x240.png HTTP/1.1" 404 1089
186.79.148.1 - - [23/Jul/2018:13:41:00 -0300] "GET /cormun/static/Shared/jqueryui/images/ui-bg_flat_55_fafafa_40x100.png HTTP/1.1" 404 1097
186.79.148.1 - - [23/Jul/2018:13:41:01 -0300] "GET /cormun/static/Shared/jqueryui/images/ui-icons_8d78a5_256x240.png HTTP/1.1" 404 1089
186.10.12.250 - - [23/Jul/2018:13:41:02 -0300] "POST /cormun/servlet/solicitudot?gx-no-cache=1532363990512 HTTP/1.1" 200 297
186.10.12.250 - - [23/Jul/2018:13:41:02 -0300] "GET /cormun/servlet/solicitudot?1558d652d98a33ef73195d2fa0fb26d94d175b3168d80d914f496188defa207f8f8a36478b38ae5f6da6d588ca365bdb3da66c33ef8b28ee13d436ab4ca1154d3a4ccaf58e3d2a421f97c20116499232ac8eeabefb002569a9dbf91839606131d71ed45d7065e19e40727d15fc800ed053a3af0b6dcce1adf102933ccbbdd515bbbfee7a86d8b75c3b69042a306d50e64b5ed15706cfdb520e345c1a1a857b1a916b3b58e6c107e0c1ea094a7276b0237cb707ece430bc1e73b5f8776562c2721bbdf121c1bea49947bf52a049a562518ae0af03735ab2f4fa736cbeb628c1ee95458cc59b49ba9502134f305c2f2db2a44d4b28412d7d929c160622e5af38c0552e53658842c81044a60759332d6e8a54f24f5f72bbefbca7f2064f2c5b425bad9405ea28ab445df90a814068c82a29749a7bc557063e0bdf4f738a2071573c68a24fc5985900d878b18372e432344e09adce1ed98df59f7f93f7f35b82f7ae14d52dde0a3fbb34d0ec8d23385e5d53cfaf34e223be677a96c9a3159bb1ca6e3c1e05d033a97199f059e63ccfb2adae,gx-no-cache=1532363990933 HTTP/1.1" 200 30
186.10.12.250 - - [23/Jul/2018:13:41:06 -0300] "POST /cormun/servlet/solicitudot?gx-no-cache=1532363994915 HTTP/1.1" 200 30
186.10.12.250 - - [23/Jul/2018:13:41:10 -0300] "GET /cormun/servlet/prcontratosol?10568448,,,,,MD,,gxPopupLevel%3D0%3B HTTP/1.1" 200 7721
186.79.148.1 - - [23/Jul/2018:13:41:10 -0300] "GET /cormun/servlet/alicenciaprn?15525744,L,20180723000000,PU HTTP/1.1" 200 1546
186.10.12.250 - - [23/Jul/2018:13:41:21 -0300] "POST /cormun/servlet/solicitudot?gx-no-cache=1532364009891 HTTP/1.1" 200 1376
186.10.12.250 - - [23/Jul/2018:13:41:22 -0300] "POST /cormun/servlet/solicitudot?gx-no-cache=1532364010706 HTTP/1.1" 200 38
186.10.12.250 - - [23/Jul/2018:13:41:24 -0300] "GET /cormun/servlet/solicitudot?1558d652d98a33ef73195d2fa0fb26d9b736600e7ce0f2780a9983267098c4d42b7ebdacbcb9158a94c84c96444c4e87581533a5c88e6dbdada4805af872c8b203065f81871dba00ff8f1088ce9eb3a0f951cfab9c7b006f28308f6772103ee4480f826b256720886fc3e2326c5cd70c,gx-no-cache=1532364011402 HTTP/1.1" 200 29
186.10.12.250 - - [23/Jul/2018:13:41:24 -0300] "POST /cormun/servlet/solicitudot?gx-no-cache=1532364013134 HTTP/1.1" 200 1356
186.10.12.250 - - [23/Jul/2018:13:41:27 -0300] "POST /cormun/servlet/solicitudot?gx-no-cache=1532364013546 HTTP/1.1" 200 1258
186.10.12.250 - - [23/Jul/2018:13:41:27 -0300] "GET /cormun/servlet/solicitudot?1558d652d98a33ef73195d2fa0fb26d9b492fbb28a42025659ef4de2c4d66965,gx-no-cache=1532364016064 HTTP/1.1" 200 30
186.10.12.250 - - [23/Jul/2018:13:41:57 -0300] "POST /cormun/servlet/solicitudot?gx-no-cache=1532364031328 HTTP/1.1" 200 1376
186.10.12.250 - - [23/Jul/2018:13:41:57 -0300] "POST /cormun/servlet/solicitudot?gx-no-cache=1532364046142 HTTP/1.1" 200 38
186.10.12.250 - - [23/Jul/2018:13:42:11 -0300] "POST /cormun/servlet/solicitudot?gx-no-cache=1532364058124 HTTP/1.1" 200 1376
186.10.12.250 - - [23/Jul/2018:13:42:12 -0300] "POST /cormun/servlet/solicitudot?gx-no-cache=1532364060360 HTTP/1.1" 200 38
186.10.12.250 - - [23/Jul/2018:13:42:31 -0300] "POST /cormun/servlet/solicitudot?gx-no-cache=1532364074636 HTTP/1.1" 200 1356
186.10.12.250 - - [23/Jul/2018:13:42:31 -0300] "POST /cormun/servlet/solicitudot?gx-no-cache=1532364079485 HTTP/1.1" 200 1258
186.10.12.250 - - [23/Jul/2018:13:42:32 -0300] "GET /cormun/static/menuarrow.gif HTTP/1.1" 404 1015
200.54.247.70 - - [23/Jul/2018:13:42:54 -0300] "GET /cormun/servlet/trlicenciaspermisosadjuntos?10523974,20180723000000,L, HTTP/1.1" 200 7086
200.72.197.82 - - [23/Jul/2018:13:42:55 -0300] "GET /cormun/servlet/solicitudot?1558d652d98a33ef73195d2fa0fb26d9ed93b1f4e847601519a2dc0278236f12267596629eb313b9d6dba94e74088b73,gx-no-cache=1532364103079 HTTP/1.1" 200 30
200.54.247.70 - - [23/Jul/2018:13:42:55 -0300] "GET /cormun/servlet/trlicenciaspermisosadjuntos?10523974,20180723000000,L, HTTP/1.1" 200 7088
200.72.197.82 - - [23/Jul/2018:13:43:03 -0300] "POST /cormun/servlet/solicitudot?gx-no-cache=1532364111066 HTTP/1.1" 200 30
200.54.247.70 - - [23/Jul/2018:13:43:05 -0300] "GET /cormun/servlet/trvisualizadoreventos? HTTP/1.1" 200 7022
200.54.247.70 - - [23/Jul/2018:13:43:06 -0300] "GET /cormun/servlet/trvisualizadoreventos? HTTP/1.1" 200 6999
185.25.25.148 - - [23/Jul/2018:13:43:09 -0300] "GET / HTTP/1.0" 200 11197
200.54.247.70 - - [23/Jul/2018:13:43:09 -0300] "POST /cormun/servlet/trvisualizadoreventos?17f78dcd43c9c6fb7bfc0d979127bb64,,gx-no-cache=1532360521927 HTTP/1.1" 200 4161
200.54.247.70 - - [23/Jul/2018:13:43:16 -0300] "GET /cormun/servlet/trautorizarsolicitud? HTTP/1.1" 200 10093
200.72.197.82 - - [23/Jul/2018:13:43:17 -0300] "POST /cormun/servlet/solicitudot?a8af82eaed034840aee3227856410a5f,INS,0,0,,gx-no-cache=1532364124705 HTTP/1.1" 200 93
200.72.197.82 - - [23/Jul/2018:13:43:17 -0300] "GET /cormun/servlet/hpexe_return? HTTP/1.1" 200 1006
200.54.247.70 - - [23/Jul/2018:13:43:17 -0300] "GET /cormun/servlet/trautorizarsolicitud? HTTP/1.1" 200 10092
200.72.197.82 - - [23/Jul/2018:13:43:17 -0300] "GET /cormun/servlet/trsolicitudot HTTP/1.1" 200 10409
200.72.197.82 - - [23/Jul/2018:13:43:24 -0300] "GET /cormun/servlet/trsolicitudot HTTP/1.1" 200 10405
186.103.161.206 - - [23/Jul/2018:13:43:35 -0300] "GET /cormun/servlet/solicitudot?INS,0,0, HTTP/1.1" 200 13669
186.103.161.206 - - [23/Jul/2018:13:43:37 -0300] "GET /cormun/servlet/solicitudot?INS,0,0, HTTP/1.1" 200 13674
186.103.161.206 - - [23/Jul/2018:13:43:52 -0300] "POST /cormun/servlet/solicitudot?gx-no-cache=1532364159925 HTTP/1.1" 200 3316
186.103.161.206 - - [23/Jul/2018:13:44:05 -0300] "POST /cormun/servlet/solicitudot?a8af82eaed034840aee3227856410a5f,INS,0,0,,gx-no-cache=1532364162378 HTTP/1.1" 200 10479
186.103.161.206 - - [23/Jul/2018:13:44:05 -0300] "GET /cormun/servlet/solicitudot?1558d652d98a33ef73195d2fa0fb26d9ebb020bb8a8de07c6e0285041c07551baa4b44bca8560f05679c0e4459e0469d,gx-no-cache=1532364173614 HTTP/1.1" 200 111
186.103.161.206 - - [23/Jul/2018:13:44:06 -0300] "GET /cormun/static/Shared/jqueryui/images/ui-bg_highlight-soft_100_c6c2c8_1x100.png HTTP/1.1" 404 1117
186.10.12.250 - - [23/Jul/2018:13:44:06 -0300] "GET /cormun/static/Shared/jqueryui/images/ui-icons_82798d_256x240.png HTTP/1.1" 404 1089
186.103.132.155 - - [23/Jul/2018:13:44:06 -0300] "GET /cormun/static/Shared/jqueryui/images/ui-icons_ebccce_256x240.png HTTP/1.1" 404 1089
190.151.100.218 - - [23/Jul/2018:13:44:06 -0300] "GET /cormun/static/Shared/jqueryui/images/ui-bg_flat_55_994d53_40x100.png HTTP/1.1" 404 1097
186.67.203.186 - - [23/Jul/2018:13:46:24 -0300] "POST /cormun/servlet/solicitudot?gx-no-cache=1532364311571 HTTP/1.1" 200 3316
186.67.203.186 - - [23/Jul/2018:13:46:25 -0300] "POST /cormun/servlet/solicitudot?a8af82eaed034840aee3227856410a5f,INS,0,0,,gx-no-cache=1532364312664 HTTP/1.1" 200 10531
186.67.203.186 - - [23/Jul/2018:13:46:27 -0300] "GET /cormun/servlet/solicitudot?1558d652d98a33ef73195d2fa0fb26d9ebb020bb8a8de07c6e0285041c07551baa4b44bca8560f05679c0e4459e0469d,gx-no-cache=1532364315753 HTTP/1.1" 200 111
186.103.159.46 - - [23/Jul/2018:13:48:04 -0300] "GET /cormun/servlet/hlogin HTTP/1.1" 200 1724
186.103.159.46 - - [23/Jul/2018:13:48:15 -0300] "POST /cormun/servlet/hlogin?342783c91cb0584a285464d3643b5149,gx-no-cache=1532364423349 HTTP/1.1" 200 90
186.103.159.46 - - [23/Jul/2018:13:48:15 -0300] "GET /cormun/servlet/hpexe_link HTTP/1.1" 200 949
186.103.159.46 - - [23/Jul/2018:13:48:15 -0300] "GET /cormun/servlet/hhome HTTP/1.1" 200 3983
186.103.159.46 - - [23/Jul/2018:13:48:18 -0300] "GET /cormun/servlet/hhome HTTP/1.1" 200 3981
192.168.10.67 - - [23/Jul/2018:13:48:41 -0300] "GET /cormun/servlet/hlogin HTTP/1.1" 200 1727
186.67.203.186 - - [23/Jul/2018:13:49:49 -0300] "GET /cormun/servlet/prfichaempleado?,MD,,gxPopupLevel%3D0%3B HTTP/1.1" 200 9359
186.67.203.186 - - [23/Jul/2018:13:49:50 -0300] "GET /cormun/static/gxcfg.js?20177612134814 HTTP/1.1" 200 953
190.151.100.218 - - [23/Jul/2018:13:49:50 -0300] "GET /cormun/static/prfichaempleado.js?20177612134999 HTTP/1.1" 200 16006
186.10.12.250 - - [23/Jul/2018:13:50:16 -0300] "POST /cormun/servlet/prfichaempleado?a8af82eaed034840aee3227856410a5f,,MD,,gxPopupLevel%3D0%3B,gx-no-cache=1532364543626 HTTP/1.1" 200 3184
186.10.12.250 - - [23/Jul/2018:13:50:32 -0300] "GET /cormun/servlet/solicitudot?1558d652d98a33ef73195d2fa0fb26d97d99a50bfe7c7400cf6328f245b3cedb8e592ad2313837d3d2e9c7a447e1d3f3,gx-no-cache=1532364561068 HTTP/1.1" 200 30
186.67.203.186 - - [23/Jul/2018:13:53:30 -0300] "GET /cormun/servlet/solicitudot?1558d652d98a33ef73195d2fa0fb26d97dedce4f9bd047065f98699ea22cb883,gx-no-cache=1532364733608 HTTP/1.1" 200 94
186.67.203.186 - - [23/Jul/2018:13:53:35 -0300] "GET /cormun/servlet/solicitudot?1558d652d98a33ef73195d2fa0fb26d90348c0ac1d3b13c4bea3f1a6fd16a2c2,gx-no-cache=1532364743538 HTTP/1.1" 200 29
186.67.203.186 - - [23/Jul/2018:13:53:36 -0300] "POST /cormun/servlet/solicitudot?gx-no-cache=1532364744787 HTTP/1.1" 200 297
186.67.203.186 - - [23/Jul/2018:13:53:36 -0300] "GET /cormun/servlet/solicitudot?1558d652d98a33ef73195d2fa0fb26d94d175b3168d80d914f496188defa207f8f8a36478b38ae5f6da6d588ca365bdb3da66c33ef8b28ee13d436ab4ca1154d3a4ccaf58e3d2a421f97c20116499232ac8eeabefb002569a9dbf91839606131d71ed45d7065e19e40727d15fc800ed053a3af0b6dcce1adf102933ccbbdd515bbbfee7a86d8b75c3b69042a306d50e64b5ed15706cfdb520e345c1a1a857b1a916b3b58e6c107e0c1ea094a7276b0237cb707ece430bc1e73b5f8776562c2721bbdf121c1bea49947bf52a049a562518ae0af03735ab2f4fa736cbeb628c1ee95458cc59b49ba9502134f305c2f2db2a44d4b28412d7d929c160622e5af38c0552e53658842c81044a60759332d6e8a54f24f5f72bbefbca7f2064f2c5b425bad9405ea28ab445df90a814068c82a29749a7bc557063e0bdf4f738a2071573c68a24fc5985900d878b18372e432344e09adce1ed98df59f7f93f7f35b82f7ae14d52dde0a3fbb34d0ec8d23385e5d53cfaf34e223be677a96c9a3159bb1ca6e3c1e05d033a97199f059e63ccfb2adae,gx-no-cache=1532364745135 HTTP/1.1" 200 30
186.67.203.186 - - [23/Jul/2018:13:53:39 -0300] "POST /cormun/servlet/solicitudot?gx-no-cache=1532364747855 HTTP/1.1" 200 30
186.67.203.186 - - [23/Jul/2018:13:53:46 -0300] "GET /cormun/servlet/prcontratosol?16493705,,,,,MD,,gxPopupLevel%3D0%3B HTTP/1.1" 200 7506
190.151.100.218 - - [23/Jul/2018:13:54:26 -0300] "POST /cormun/servlet/solicitudot?gx-no-cache=1532364793224 HTTP/1.1" 200 1377
190.151.100.218 - - [23/Jul/2018:13:54:26 -0300] "POST /cormun/servlet/solicitudot?gx-no-cache=1532364794800 HTTP/1.1" 200 38
190.151.100.218 - - [23/Jul/2018:13:54:32 -0300] "GET /cormun/servlet/solicitudot?1558d652d98a33ef73195d2fa0fb26d9b736600e7ce0f2780a9983267098c4d42b7ebdacbcb9158a94c84c96444c4e87581533a5c88e6dbdada4805af872c8b203065f81871dba00ff8f1088ce9eb3a0f951cfab9c7b006f28308f6772103ee4480f826b256720886fc3e2326c5cd70c,gx-no-cache=1532364800550 HTTP/1.1" 200 29
190.151.100.218 - - [23/Jul/2018:13:54:32 -0300] "POST /cormun/servlet/solicitudot?gx-no-cache=1532364800711 HTTP/1.1" 200 1357
190.151.100.218 - - [23/Jul/2018:13:54:32 -0300] "POST /cormun/servlet/solicitudot?gx-no-cache=1532364800955 HTTP/1.1" 200 1257
190.151.100.218 - - [23/Jul/2018:13:54:33 -0300] "GET /cormun/servlet/solicitudot?1558d652d98a33ef73195d2fa0fb26d9b492fbb28a42025659ef4de2c4d66965,gx-no-cache=1532364802057 HTTP/1.1" 200 30
186.103.132.155 - - [23/Jul/2018:13:55:07 -0300] "POST /cormun/servlet/solicitudot?gx-no-cache=1532364833352 HTTP/1.1" 200 1377
186.103.132.155 - - [23/Jul/2018:13:55:08 -0300] "POST /cormun/servlet/solicitudot?gx-no-cache=1532364836418 HTTP/1.1" 200 38
186.67.203.186 - - [23/Jul/2018:13:55:28 -0300] "POST /cormun/servlet/solicitudot?gx-no-cache=1532364856991 HTTP/1.1" 200 1356
186.67.203.186 - - [23/Jul/2018:13:55:29 -0300] "POST /cormun/servlet/solicitudot?gx-no-cache=1532364857383 HTTP/1.1" 200 1257
186.67.203.186 - - [23/Jul/2018:13:55:30 -0300] "GET /cormun/static/menuarrow.gif HTTP/1.1" 404 1015
186.67.203.186 - - [23/Jul/2018:13:55:31 -0300] "POST /cormun/servlet/solicitudot?gx-no-cache=1532364860143 HTTP/1.1" 200 1356
186.67.203.186 - - [23/Jul/2018:13:55:35 -0300] "POST /cormun/servlet/solicitudot?gx-no-cache=1532364862124 HTTP/1.1" 200 1257
186.67.203.186 - - [23/Jul/2018:13:55:42 -0300] "GET /cormun/servlet/solicitudot?1558d652d98a33ef73195d2fa0fb26d9ed93b1f4e847601519a2dc0278236f12267596629eb313b9d6dba94e74088b73,gx-no-cache=1532364870430 HTTP/1.1" 200 30
186.67.203.186 - - [23/Jul/2018:13:55:49 -0300] "POST /cormun/servlet/solicitudot?gx-no-cache=1532364877279 HTTP/1.1" 200 30
186.67.203.186 - - [23/Jul/2018:13:56:12 -0300] "POST /cormun/servlet/solicitudot?a8af82eaed034840aee3227856410a5f,INS,0,0,,gx-no-cache=1532364895074 HTTP/1.1" 200 12057
190.151.100.218 - - [23/Jul/2018:13:57:04 -0300] "GET /cormun/servlet/solicitudot?1558d652d98a33ef73195d2fa0fb26d9116f1e6feb4d8089ba6872b4311f914bc403581743c67538c39b4dc3fc7df7be43a8dea5d110f5e304adbc893ef2b2d3,gx-no-cache=1532364950538 HTTP/1.1" 200 30
190.151.100.218 - - [23/Jul/2018:13:57:08 -0300] "GET /cormun/servlet/solicitudot?1558d652d98a33ef73195d2fa0fb26d94d175b3168d80d914f496188defa207f8f8a36478b38ae5f6da6d588ca365bdb3da66c33ef8b28ee13d436ab4ca1154d3a4ccaf58e3d2a421f97c20116499232ac8eeabefb002569a9dbf91839606131d71ed45d7065e19e40727d15fc800ed053a3af0b6dcce1adf102933ccbbdd515bbbfee7a86d8b75c3b69042a306d50e64b5ed15706cfdb520e345c1a1a857b1a916b3b58e6c107e0c1ea094a7276b0237cb707ece430bc1e73b5f8776562c2721bbdf121c1bea49947bf52a049a562518ae0af03735ab2f4fa736cbeb628c1ee95458cc59b49ba9502134f305c2f2db2a44d4b28412d7d929c160622e5af38c0552e53658842c81044a60759332d6e8a54f24f5f72bbefbca7f2064f2c5b425bad9405ea28ab445df90a814068c82a29749a7bc557063e0bdf4f738a2071573c68a24fc5985900d878b18372e432344e09adce1ed98df59f7f93f7f35b82f7ae14d52dde0a3fbb34d0ec8d23385e5d532a3178cde62e9f61d614e4357b146dec3c1e05d033a97199f059e63ccfb2adae,gx-no-cache=1532364956763 HTTP/1.1" 200 30
190.151.100.218 - - [23/Jul/2018:13:57:16 -0300] "POST /cormun/servlet/solicitudot?gx-no-cache=1532364964276 HTTP/1.1" 200 30
190.151.100.218 - - [23/Jul/2018:13:57:17 -0300] "POST /cormun/servlet/solicitudot?gx-no-cache=1532364965680 HTTP/1.1" 200 1374
190.151.100.218 - - [23/Jul/2018:13:57:17 -0300] "POST /cormun/servlet/solicitudot?gx-no-cache=1532364965909 HTTP/1.1" 200 41
190.151.100.218 - - [23/Jul/2018:13:57:30 -0300] "POST /cormun/servlet/solicitudot?gx-no-cache=1532364966058 HTTP/1.1" 200 1356
190.151.100.218 - - [23/Jul/2018:13:57:31 -0300] "POST /cormun/servlet/solicitudot?gx-no-cache=1532364979781 HTTP/1.1" 200 1257
190.151.100.218 - - [23/Jul/2018:13:57:31 -0300] "GET /cormun/servlet/solicitudot?1558d652d98a33ef73195d2fa0fb26d9ed93b1f4e847601519a2dc0278236f12267596629eb313b9d6dba94e74088b73,gx-no-cache=1532364980097 HTTP/1.1" 200 30
190.151.100.218 - - [23/Jul/2018:13:57:32 -0300] "POST /cormun/servlet/solicitudot?gx-no-cache=1532364980868 HTTP/1.1" 200 30
190.151.100.218 - - [23/Jul/2018:13:57:37 -0300] "POST /cormun/servlet/solicitudot?a8af82eaed034840aee3227856410a5f,INS,0,0,,gx-no-cache=1532364981423 HTTP/1.1" 200 12108
186.10.12.250 - - [23/Jul/2018:13:58:12 -0300] "POST /cormun/servlet/solicitudot?gx-no-cache=1532365020425 HTTP/1.1" 200 1374
186.10.12.250 - - [23/Jul/2018:13:58:13 -0300] "POST /cormun/servlet/solicitudot?gx-no-cache=1532365021558 HTTP/1.1" 200 41
186.10.12.250 - - [23/Jul/2018:13:58:14 -0300] "POST /cormun/servlet/solicitudot?gx-no-cache=1532365022057 HTTP/1.1" 200 1356
186.10.12.250 - - [23/Jul/2018:13:58:14 -0300] "POST /cormun/servlet/solicitudot?gx-no-cache=1532365022861 HTTP/1.1" 200 1257
186.10.12.250 - - [23/Jul/2018:13:58:15 -0300] "GET /cormun/servlet/solicitudot?1558d652d98a33ef73195d2fa0fb26d9ed93b1f4e847601519a2dc0278236f12267596629eb313b9d6dba94e74088b73,gx-no-cache=1532365023314 HTTP/1.1" 200 30
186.10.12.250 - - [23/Jul/2018:13:58:16 -0300] "POST /cormun/servlet/solicitudot?gx-no-cache=1532365024335 HTTP/1.1" 200 30
186.10.12.250 - - [23/Jul/2018:13:58:23 -0300] "POST /cormun/servlet/solicitudot?a8af82eaed034840aee3227856410a5f,INS,0,0,,gx-no-cache=1532365024725 HTTP/1.1" 200 93
186.10.12.250 - - [23/Jul/2018:13:58:24 -0300] "GET /cormun/servlet/hpexe_return? HTTP/1.1" 200 1006
186.10.12.250 - - [23/Jul/2018:13:58:24 -0300] "GET /cormun/servlet/trsolicitudot HTTP/1.1" 200 10830
186.10.12.250 - - [23/Jul/2018:13:58:25 -0300] "GET /cormun/servlet/trsolicitudot HTTP/1.1" 200 10826
200.72.197.82 - - [23/Jul/2018:13:58:35 -0300] "GET /cormun/servlet/solicitudot?INS,0,0, HTTP/1.1" 200 13671
200.72.197.82 - - [23/Jul/2018:13:58:40 -0300] "GET /cormun/servlet/solicitudot?INS,0,0, HTTP/1.1" 200 13676
186.67.203.186 - - [23/Jul/2018:13:59:20 -0300] "POST /cormun/servlet/solicitudot?gx-no-cache=1532365087123 HTTP/1.1" 200 3444
186.67.203.186 - - [23/Jul/2018:13:59:29 -0300] "POST /cormun/servlet/solicitudot?a8af82eaed034840aee3227856410a5f,INS,0,0,,gx-no-cache=1532365089133 HTTP/1.1" 200 10617
186.67.203.186 - - [23/Jul/2018:13:59:38 -0300] "GET /cormun/servlet/solicitudot?1558d652d98a33ef73195d2fa0fb26d92c68e95e9fe025657fbb7b206195a0088e592ad2313837d3d2e9c7a447e1d3f3,gx-no-cache=1532365107098 HTTP/1.1" 200 30
186.67.203.186 - - [23/Jul/2018:13:59:42 -0300] "GET /cormun/servlet/solicitudot?1558d652d98a33ef73195d2fa0fb26d905a9b9058eed9ea20cf722a76c5fc227bb19be901fabd9de03bc20fbe1afec0730a344818e7e3ca227315c399b628d9c,gx-no-cache=1532365110642 HTTP/1.1" 200 30
186.67.203.186 - - [23/Jul/2018:13:59:45 -0300] "GET /cormun/servlet/solicitudot?1558d652d98a33ef73195d2fa0fb26d9b062c4f77b0a528984d15182eddb5e9d,gx-no-cache=1532365113756 HTTP/1.1" 200 53
186.67.203.186 - - [23/Jul/2018:13:59:47 -0300] "POST /cormun/servlet/solicitudot?gx-no-cache=1532365115848 HTTP/1.1" 200 297
186.67.203.186 - - [23/Jul/2018:13:59:48 -0300] "GET /cormun/servlet/solicitudot?1558d652d98a33ef73195d2fa0fb26d94d175b3168d80d914f496188defa207f8f8a36478b38ae5f6da6d588ca365bdb3da66c33ef8b28ee13d436ab4ca1154d3a4ccaf58e3d2a421f97c20116499232ac8eeabefb002569a9dbf91839606131d71ed45d7065e19e40727d15fc800ed053a3af0b6dcce1adf102933ccbbdd515bbbfee7a86d8b75c3b69042a306d50e64b5ed15706cfdb520e345c1a1a857b1a916b3b58e6c107e0c1ea094a7276b0237cb707ece430bc1e73b5f8776562c2721bbdf121c1bea49947bf52a049a562518ae0af03735ab2f4fa736cbeb628c1ee95458cc59b49ba9502134f305c2f2db2a44d4b28412d7d929c160622e5af38c0552e53658842c81044a60759332d6e8a54f24f5f72bbefbca7f2064f2c5b425bad9405ea28ab445df90a814068c82a29749a7bc557063e0bdf4f738a2071573c68a24fc5985900d878b18372e432344e09adce1ed98df59f7f93f7f35b82f7ae14d52dde0a3fbb34d0ec8d23385e5d53cfaf34e223be677a96c9a3159bb1ca6e3c1e05d033a97199f059e63ccfb2adae,gx-no-cache=1532365117171 HTTP/1.1" 200 30
186.67.203.186 - - [23/Jul/2018:13:59:54 -0300] "POST /cormun/servlet/solicitudot?gx-no-cache=1532365123060 HTTP/1.1" 200 30
186.67.203.186 - - [23/Jul/2018:13:59:57 -0300] "GET /cormun/servlet/prcontratosol?19131588,,,,,MD,,gxPopupLevel%3D0%3B HTTP/1.1" 200 7869
186.10.12.250 - - [23/Jul/2018:14:00:21 -0300] "POST /cormun/servlet/solicitudot?gx-no-cache=1532365147676 HTTP/1.1" 200 1376
186.10.12.250 - - [23/Jul/2018:14:00:21 -0300] "POST /cormun/servlet/solicitudot?gx-no-cache=1532365149925 HTTP/1.1" 200 38
186.10.12.250 - - [23/Jul/2018:14:00:25 -0300] "GET /cormun/servlet/solicitudot?1558d652d98a33ef73195d2fa0fb26d9b736600e7ce0f2780a9983267098c4d42b7ebdacbcb9158a94c84c96444c4e87581533a5c88e6dbdada4805af872c8b203065f81871dba00ff8f1088ce9eb3a0f951cfab9c7b006f28308f6772103ee4480f826b256720886fc3e2326c5cd70c,gx-no-cache=1532365151112 HTTP/1.1" 200 29
186.10.12.250 - - [23/Jul/2018:14:00:38 -0300] "POST /cormun/servlet/solicitudot?gx-no-cache=1532365153871 HTTP/1.1" 200 1357
186.10.12.250 - - [23/Jul/2018:14:00:40 -0300] "POST /cormun/servlet/solicitudot?gx-no-cache=1532365168220 HTTP/1.1" 200 1258
186.10.12.250 - - [23/Jul/2018:14:00:41 -0300] "GET /cormun/servlet/solicitudot?1558d652d98a33ef73195d2fa0fb26d9b492fbb28a42025659ef4de2c4d66965,gx-no-cache=1532365169712 HTTP/1.1" 200 30
186.10.12.250 - - [23/Jul/2018:14:01:06 -0300] "POST /cormun/servlet/solicitudot?a8af82eaed034840aee3227856410a5f,INS,0,0,,gx-no-cache=1532365169965 HTTP/1.1" 200 93
186.10.12.250 - - [23/Jul/2018:14:01:07 -0300] "GET /cormun/servlet/hpexe_return? HTTP/1.1" 200 1006
186.10.12.250 - - [23/Jul/2018:14:01:08 -0300] "GET /cormun/servlet/trsolicitudot HTTP/1.1" 200 10830
186.10.12.250 - - [23/Jul/2018:14:01:09 -0300] "GET /cormun/servlet/trsolicitudot HTTP/1.1" 200 10826
200.72.197.82 - - [23/Jul/2018:14:02:08 -0300] "POST /cormun/servlet/trsolicitudot?a8af82eaed034840aee3227856410a5f,gx-no-cache=1532365254877 HTTP/1.1" 200 7530
200.72.197.82 - - [23/Jul/2018:14:02:09 -0300] "GET /cormun/static/Shared/jqueryui/images/ui-bg_highlight-soft_100_c6c2c8_1x100.png HTTP/1.1" 404 1117
186.10.12.250 - - [23/Jul/2018:14:02:10 -0300] "GET /cormun/static/Shared/jqueryui/images/ui-icons_8d78a5_256x240.png HTTP/1.1" 404 1089
186.103.161.206 - - [23/Jul/2018:14:02:10 -0300] "GET /cormun/static/Shared/jqueryui/images/ui-bg_flat_55_fafafa_40x100.png HTTP/1.1" 404 1097
200.72.197.82 - - [23/Jul/2018:14:02:10 -0300] "GET /cormun/static/Shared/jqueryui/images/ui-icons_82798d_256x240.png HTTP/1.1" 404 1089
186.67.203.186 - - [23/Jul/2018:14:02:15 -0300] "POST /cormun/servlet/trsolicitudot?a8af82eaed034840aee3227856410a5f,gx-no-cache=1532365257581 HTTP/1.1" 200 7472
186.67.203.186 - - [23/Jul/2018:14:02:33 -0300] "POST /cormun/servlet/trsolicitudot?a8af82eaed034840aee3227856410a5f,gx-no-cache=1532365280341 HTTP/1.1" 200 7172
186.67.203.186 - - [23/Jul/2018:14:02:38 -0300] "POST /cormun/servlet/trsolicitudot?a8af82eaed034840aee3227856410a5f,gx-no-cache=1532365282346 HTTP/1.1" 200 7114
186.67.203.186 - - [23/Jul/2018:14:02:43 -0300] "POST /cormun/servlet/trsolicitudot?a8af82eaed034840aee3227856410a5f,gx-no-cache=1532365289725 HTTP/1.1" 200 6705
