200.120.230.22 - - [23/Jul/2018:16:27:07 -0300] "GET /cormun/static/Shared/jqueryui/images/ui-icons_8d78a5_256x240.png HTTP/1.1" 404 1089
200.120.230.22 - - [23/Jul/2018:16:27:07 -0300] "POST /cormun/servlet/trsolicitudot?ed59000c64b436509890022807498df8,gx-no-cache=1532373954621 HTTP/1.1" 200 5839
200.120.230.22 - - [23/Jul/2018:16:27:10 -0300] "POST /cormun/servlet/trsolicitudot?ed59000c64b436509890022807498df8,gx-no-cache=1532373957136 HTTP/1.1" 200 4685
200.120.230.22 - - [23/Jul/2018:16:27:10 -0300] "POST /cormun/servlet/trsolicitudot?ed59000c64b436509890022807498df8,gx-no-cache=1532373957342 HTTP/1.1" 200 4450
186.103.159.189 - - [23/Jul/2018:16:32:52 -0300] "POST /cormun/servlet/prfichaempleado?f9ac3e56f2d67392a4061e34b412a0fd,,MD,,gxPopupLevel%3D0%3B,gx-no-cache=1532374300237 HTTP/1.1" 200 3422
186.103.159.189 - - [23/Jul/2018:16:33:29 -0300] "GET /cormun/servlet/prfichaempleado?,MD,,gxPopupLevel%3D0%3B HTTP/1.1" 200 9336
186.103.159.189 - - [23/Jul/2018:16:33:40 -0300] "POST /cormun/servlet/prfichaempleado?f9ac3e56f2d67392a4061e34b412a0fd,,MD,,gxPopupLevel%3D0%3B,gx-no-cache=1532374349011 HTTP/1.1" 200 3422
186.79.250.164 - - [23/Jul/2018:16:34:21 -0300] "POST /cormun/servlet/trautorizarsolicitud?ee83ff980f45b708f61b3a3d27ccd8c1,gx-no-cache=1532369749889,gx-no-cache=1532374390155 HTTP/1.1" 440 972
186.79.250.164 - - [23/Jul/2018:16:34:26 -0300] "GET /cormun/servlet/trautorizarsolicitud?gx-no-cache=1532369749889 HTTP/1.1" 200 6326
200.120.230.22 - - [23/Jul/2018:16:34:27 -0300] "GET /cormun/servlet/hlogin HTTP/1.1" 200 1768
186.79.250.164 - - [23/Jul/2018:16:34:27 -0300] "GET /cormun/servlet/trautorizarsolicitud?gx-no-cache=1532369749889 HTTP/1.1" 200 6326
200.120.230.22 - - [23/Jul/2018:16:34:43 -0300] "POST /cormun/servlet/hlogin?b3c407fb7c3055a313fa41a04ecb92c0,gx-no-cache=1532374412311 HTTP/1.1" 200 90
200.120.230.22 - - [23/Jul/2018:16:34:43 -0300] "GET /cormun/servlet/hpexe_link HTTP/1.1" 200 985
200.120.230.22 - - [23/Jul/2018:16:34:44 -0300] "GET /cormun/servlet/trautorizarsolicitud?gx-no-cache=1532369749889 HTTP/1.1" 200 9039
200.120.230.22 - - [23/Jul/2018:16:34:44 -0300] "GET /cormun/servlet/trautorizarsolicitud?gx-no-cache=1532369749889 HTTP/1.1" 200 9057
200.120.230.22 - - [23/Jul/2018:16:35:06 -0300] "POST /cormun/servlet/trautorizarsolicitud?b3c407fb7c3055a313fa41a04ecb92c0,gx-no-cache=1532369749889,gx-no-cache=1532374435130 HTTP/1.1" 200 5553
200.120.230.22 - - [23/Jul/2018:16:35:06 -0300] "GET /cormun/static/Shared/jqueryui/images/ui-bg_highlight-soft_100_c6c2c8_1x100.png HTTP/1.1" 404 1117
200.120.230.22 - - [23/Jul/2018:16:35:07 -0300] "GET /cormun/static/Shared/jqueryui/images/ui-icons_82798d_256x240.png HTTP/1.1" 404 1089
186.79.250.164 - - [23/Jul/2018:16:35:07 -0300] "GET /cormun/static/Shared/jqueryui/images/ui-bg_flat_55_fafafa_40x100.png HTTP/1.1" 404 1097
186.79.250.164 - - [23/Jul/2018:16:35:07 -0300] "GET /cormun/static/Shared/jqueryui/images/ui-icons_8d78a5_256x240.png HTTP/1.1" 404 1089
200.120.230.22 - - [23/Jul/2018:16:35:07 -0300] "POST /cormun/servlet/trautorizarsolicitud?b3c407fb7c3055a313fa41a04ecb92c0,gx-no-cache=1532369749889,gx-no-cache=1532374435483 HTTP/1.1" 200 5497
186.103.159.189 - - [23/Jul/2018:16:35:18 -0300] "GET /cormun/servlet/licenciaspermisos?53ddaa0a4a89fa7a3b35ec6b88cf36740ec49254859fffe7f7a60b96ea0243e445ed1f026712947656c7c9cde6db683aba3e2037d7fe339cd1a8227966c7db4863268f2c7078cad9d1d589a6774b50e83461628fa0b60d28f75c0f21b5bac8131695935a227861a73c2e4f766f6a15eead48a06f88527c00908c886b9be596259c9ba674f8e443eb4cdb69b810f738d99a30ec135553f826428daf52e763fb710a173879ef5732961dda7a59c3e8fdaca59aab6875a3de4addfccff837eaa71b9c7c74cadc92190eb116ca594ab07d09215b0b83ffdfe76ce5016221e1793544c7a2143e0e4b9fd29d1ad65bdc0b8d52,gx-no-cache=1532374446519 HTTP/1.1" 200 60
186.103.159.189 - - [23/Jul/2018:16:35:18 -0300] "POST /cormun/servlet/licenciaspermisos?f9ac3e56f2d67392a4061e34b412a0fd,INS,0,,,,gx-no-cache=1532374446893 HTTP/1.1" 200 93
186.103.159.189 - - [23/Jul/2018:16:35:18 -0300] "GET /cormun/servlet/hpexe_return? HTTP/1.1" 200 1010
186.103.159.189 - - [23/Jul/2018:16:35:19 -0300] "GET /cormun/static/gxcfg.js?2016101716175148 HTTP/1.1" 200 953
186.103.159.189 - - [23/Jul/2018:16:35:19 -0300] "GET /cormun/static/hpexe_return.js?2016101716175153 HTTP/1.1" 200 1633
186.103.159.189 - - [23/Jul/2018:16:35:19 -0300] "GET /cormun/static/Resources/Spanish/PXTools.css?167811 HTTP/1.1" 200 89042
186.103.159.189 - - [23/Jul/2018:16:35:19 -0300] "GET /cormun/servlet/trlicencias HTTP/1.1" 200 9515
186.103.159.189 - - [23/Jul/2018:16:35:20 -0300] "GET /cormun//static/Resources/PXToolsGridDelete.png HTTP/1.1" 200 357
186.103.159.189 - - [23/Jul/2018:16:35:20 -0300] "GET /cormun//static/Resources/PXToolsGridUpdate.png HTTP/1.1" 200 2984
186.103.159.189 - - [23/Jul/2018:16:35:20 -0300] "GET /cormun/servlet/trlicencias HTTP/1.1" 200 9510
186.103.159.189 - - [23/Jul/2018:16:35:24 -0300] "GET /cormun/servlet/alicenciaprn?15996249,L,20180723000000,PU HTTP/1.1" 200 1593
186.103.159.189 - - [23/Jul/2018:16:35:57 -0300] "GET /cormun/servlet/trsolicitudot? HTTP/1.1" 200 7186
186.103.159.189 - - [23/Jul/2018:16:35:57 -0300] "GET /cormun/static/gxui/gxui-all.css?120300 HTTP/1.1" 200 2179
186.103.159.189 - - [23/Jul/2018:16:35:57 -0300] "GET /cormun/static/calendar-system.css?85620 HTTP/1.1" 200 5572
186.103.159.189 - - [23/Jul/2018:16:35:57 -0300] "GET /cormun/static/gxcfg.js?2017111422585916 HTTP/1.1" 200 953
186.103.159.189 - - [23/Jul/2018:16:35:57 -0300] "GET /cormun/static/Resources/Spanish/PXTools.css?1255365 HTTP/1.1" 200 89042
186.103.159.189 - - [23/Jul/2018:16:35:57 -0300] "GET /cormun/static/trsolicitudot.js?201711142259839 HTTP/1.1" 200 54041
186.103.159.189 - - [23/Jul/2018:16:35:57 -0300] "GET /cormun/static/Shared/ext/resources/css/ext-all.css?215870 HTTP/1.1" 200 416045
186.103.159.189 - - [23/Jul/2018:16:35:59 -0300] "GET /cormun/servlet/trsolicitudot? HTTP/1.1" 200 7186
186.103.159.189 - - [23/Jul/2018:16:36:02 -0300] "GET /cormun/servlet/solicitudot?INS,0,0, HTTP/1.1" 200 13459
186.103.159.189 - - [23/Jul/2018:16:36:02 -0300] "GET /cormun/static/gxcfg.js?201812313224582 HTTP/1.1" 200 953
186.103.159.189 - - [23/Jul/2018:16:36:02 -0300] "GET /cormun/static/solicitudot.js?201812313224831 HTTP/1.1" 200 72336
186.103.159.189 - - [23/Jul/2018:16:36:04 -0300] "GET /cormun/servlet/solicitudot?INS,0,0, HTTP/1.1" 200 13464
186.103.159.189 - - [23/Jul/2018:16:36:16 -0300] "GET /cormun/servlet/prfichaempleado?,MD,,gxPopupLevel%3D0%3B HTTP/1.1" 200 9332
186.103.159.189 - - [23/Jul/2018:16:36:26 -0300] "POST /cormun/servlet/prfichaempleado?f9ac3e56f2d67392a4061e34b412a0fd,,MD,,gxPopupLevel%3D0%3B,gx-no-cache=1532374514806 HTTP/1.1" 200 3417
186.79.250.164 - - [23/Jul/2018:16:36:55 -0300] "GET /cormun/servlet/trsolicitudot HTTP/1.1" 200 7448
186.79.250.164 - - [23/Jul/2018:16:36:56 -0300] "GET /cormun/servlet/trsolicitudot HTTP/1.1" 200 7445
186.79.250.164 - - [23/Jul/2018:16:36:56 -0300] "GET /favicon.ico HTTP/1.1" 200 21630
186.79.250.164 - - [23/Jul/2018:16:37:07 -0300] "GET /cormun/servlet/trautorizarsolicitud? HTTP/1.1" 200 8682
186.79.250.164 - - [23/Jul/2018:16:37:07 -0300] "GET /cormun/servlet/trautorizarsolicitud? HTTP/1.1" 200 8681
186.103.159.46 - - [23/Jul/2018:16:37:10 -0300] "GET /cormun/servlet/hlogin HTTP/1.1" 200 1729
200.120.230.22 - - [23/Jul/2018:16:37:13 -0300] "GET /cormun/servlet/veautorizarsolicitud?2018,11855,, HTTP/1.1" 200 8575
200.120.230.22 - - [23/Jul/2018:16:37:13 -0300] "GET /cormun/pexe_scrolldiv.js HTTP/1.1" 404 1009
200.120.230.22 - - [23/Jul/2018:16:37:13 -0300] "GET /cormun/pexe_scrolldiv.js HTTP/1.1" 404 1009
200.120.230.22 - - [23/Jul/2018:16:37:13 -0300] "GET /cormun/servlet/veautorizarsolicitud?2018,11855,, HTTP/1.1" 200 8574
200.120.230.22 - - [23/Jul/2018:16:37:16 -0300] "POST /cormun/servlet/trautorizarsolicitud?b3c407fb7c3055a313fa41a04ecb92c0,gx-no-cache=1532369749889,gx-no-cache=1532374564391 HTTP/1.1" 200 116
200.120.230.22 - - [23/Jul/2018:16:37:16 -0300] "GET /cormun/servlet/solicitudotlog?INS,2018,11855,0,REC, HTTP/1.1" 200 6064
200.120.230.22 - - [23/Jul/2018:16:37:16 -0300] "GET /cormun/servlet/solicitudotlog?INS,2018,11855,0,REC, HTTP/1.1" 200 6041
200.120.230.22 - - [23/Jul/2018:16:37:17 -0300] "GET /cormun/servlet/solicitudotlog?0a714f3af921a1ee4cebf8588204730fa1d5761e2fc0c74aa437cc9edfbaf6b89999a10963a4b973617e8346b24f94e6504e6d461b0d44543121792b83a7fef7a1fcf392b66a0cda8f4f3d016447a0331b395a1c14d7ed8e2c70a641c3bd6e870c7a1293c8ee0e67b5f72894c6fbc630f4b7fcfec52ecf56e2260070035ff1149011b184d84bdeecf159aab480aab183977488306de0e6f99d51de5b6cab3d8b,gx-no-cache=1532374565444 HTTP/1.1" 200 94
186.79.250.164 - - [23/Jul/2018:16:37:22 -0300] "GET /cormun/servlet/trsolicitudot? HTTP/1.1" 200 7461
186.79.250.164 - - [23/Jul/2018:16:37:23 -0300] "GET /cormun/servlet/trsolicitudot? HTTP/1.1" 200 7449
200.120.230.22 - - [23/Jul/2018:16:37:25 -0300] "GET /cormun/servlet/trautorizarsolicitud? HTTP/1.1" 200 8682
200.120.230.22 - - [23/Jul/2018:16:37:26 -0300] "GET /cormun/servlet/trautorizarsolicitud? HTTP/1.1" 200 8681
186.79.250.164 - - [23/Jul/2018:16:37:31 -0300] "GET /cormun/servlet/veautorizarsolicitud?2018,11855,, HTTP/1.1" 200 8575
186.79.250.164 - - [23/Jul/2018:16:37:31 -0300] "GET /cormun/pexe_scrolldiv.js HTTP/1.1" 404 1009
186.79.250.164 - - [23/Jul/2018:16:37:31 -0300] "GET /cormun/servlet/veautorizarsolicitud?2018,11855,, HTTP/1.1" 200 8574
186.103.159.46 - - [23/Jul/2018:16:37:32 -0300] "POST /cormun/servlet/hlogin?4791106ce4374b715b2f53d5a9c80339,gx-no-cache=1532374555915 HTTP/1.1" 200 90
186.103.159.46 - - [23/Jul/2018:16:37:32 -0300] "GET /cormun/servlet/hpexe_link HTTP/1.1" 200 954
186.103.159.46 - - [23/Jul/2018:16:37:32 -0300] "GET /cormun/servlet/hhome HTTP/1.1" 200 4156
186.103.159.46 - - [23/Jul/2018:16:37:33 -0300] "GET /cormun/servlet/hhome HTTP/1.1" 200 4152
186.103.159.46 - - [23/Jul/2018:16:37:35 -0300] "GET /cormun/servlet/trautorizarsolicitud? HTTP/1.1" 200 8635
186.103.159.46 - - [23/Jul/2018:16:37:36 -0300] "GET /cormun/static/trautorizarsolicitud.js?201711142340425 HTTP/1.1" 304 -
186.103.159.46 - - [23/Jul/2018:16:37:36 -0300] "GET /cormun/servlet/trautorizarsolicitud? HTTP/1.1" 200 8633
186.79.250.164 - - [23/Jul/2018:16:37:38 -0300] "GET /cormun/servlet/veautorizarsolicitud?2018,11855,,SolicitudOTAdjuntos HTTP/1.1" 200 10842
186.79.250.164 - - [23/Jul/2018:16:37:38 -0300] "GET /cormun/pexe_scrolldiv.js HTTP/1.1" 404 1009
186.79.250.164 - - [23/Jul/2018:16:37:38 -0300] "GET /cormun/static/tbautorizarsolicitud02.js?2017111423391281 HTTP/1.1" 200 14747
186.79.250.164 - - [23/Jul/2018:16:37:38 -0300] "GET /cormun/static/gxui/gxui-all.css HTTP/1.1" 200 2179
186.79.250.164 - - [23/Jul/2018:16:37:38 -0300] "GET /cormun/static/Resources/PXToolsTabUnselectedSelected.png HTTP/1.1" 200 1444
200.120.230.22 - - [23/Jul/2018:16:37:38 -0300] "GET /cormun/static/Resources/PXToolsTabFirstUnselected.png HTTP/1.1" 200 1264
200.120.230.22 - - [23/Jul/2018:16:37:39 -0300] "GET /cormun/servlet/veautorizarsolicitud?2018,11855,,SolicitudOTAdjuntos HTTP/1.1" 200 10845
186.79.250.164 - - [23/Jul/2018:16:37:39 -0300] "GET /cormun/static/Shared/ext/resources/css/ext-all.css HTTP/1.1" 200 416045
186.79.250.164 - - [23/Jul/2018:16:37:39 -0300] "POST /cormun/servlet/acontrolpreferencessavestate?None,GSAAVEDRA,true HTTP/1.1" 200 35
186.79.250.164 - - [23/Jul/2018:16:37:42 -0300] "GET /cormun/servlet/veautorizarsolicitud?2018,11855,, HTTP/1.1" 200 8575
186.79.250.164 - - [23/Jul/2018:16:37:42 -0300] "GET /cormun/servlet/veautorizarsolicitud?2018,11855,, HTTP/1.1" 200 8574
200.120.230.22 - - [23/Jul/2018:16:37:45 -0300] "GET /cormun/servlet/trautorizarsolicitud? HTTP/1.1" 200 8682
200.120.230.22 - - [23/Jul/2018:16:37:46 -0300] "GET /cormun/servlet/trautorizarsolicitud? HTTP/1.1" 200 8681
186.79.250.164 - - [23/Jul/2018:16:37:51 -0300] "GET /cormun/servlet/trsolicitudot? HTTP/1.1" 200 7456
186.79.250.164 - - [23/Jul/2018:16:37:51 -0300] "GET /cormun/servlet/trsolicitudot? HTTP/1.1" 200 7445
186.103.159.189 - - [23/Jul/2018:16:37:52 -0300] "GET /cormun/servlet/trlicencias? HTTP/1.1" 200 9517
186.103.159.189 - - [23/Jul/2018:16:37:54 -0300] "GET /cormun/servlet/trlicencias? HTTP/1.1" 200 9510
186.103.159.189 - - [23/Jul/2018:16:37:57 -0300] "GET /cormun/servlet/alicenciaprn?15996249,L,20180723000000,PU HTTP/1.1" 200 1589
186.79.250.164 - - [23/Jul/2018:16:38:06 -0300] "POST /cormun/servlet/solicitudotlog?b3c407fb7c3055a313fa41a04ecb92c0,INS,2018,11855,0,REC,,gx-no-cache=1532374614140 HTTP/1.1" 200 93
186.79.250.164 - - [23/Jul/2018:16:38:06 -0300] "GET /cormun/servlet/hpexe_return? HTTP/1.1" 200 1050
186.79.250.164 - - [23/Jul/2018:16:38:06 -0300] "GET /cormun/servlet/trautorizarsolicitud?gx-no-cache=1532369749889 HTTP/1.1" 200 7177
186.79.250.164 - - [23/Jul/2018:16:38:06 -0300] "GET /cormun/servlet/trautorizarsolicitud?gx-no-cache=1532369749889 HTTP/1.1" 200 7195
186.79.250.164 - - [23/Jul/2018:16:38:15 -0300] "GET /cormun/servlet/trautorizarsolicitud? HTTP/1.1" 200 7344
186.79.250.164 - - [23/Jul/2018:16:38:15 -0300] "GET /cormun/servlet/trautorizarsolicitud? HTTP/1.1" 200 7343
186.79.250.164 - - [23/Jul/2018:16:38:19 -0300] "GET /cormun/servlet/trsolicitudot? HTTP/1.1" 200 8790
186.79.250.164 - - [23/Jul/2018:16:38:19 -0300] "GET /cormun/servlet/trsolicitudot? HTTP/1.1" 200 8789
186.103.159.189 - - [23/Jul/2018:16:38:21 -0300] "GET /cormun/servlet/trsolicitudot? HTTP/1.1" 200 7185
186.79.250.164 - - [23/Jul/2018:16:38:21 -0300] "GET /cormun/servlet/vesolicitudot?2018,11855,, HTTP/1.1" 200 8573
186.79.250.164 - - [23/Jul/2018:16:38:21 -0300] "GET /cormun/static/gxcfg.js?2017111422591385 HTTP/1.1" 200 953
200.120.230.22 - - [23/Jul/2018:16:38:21 -0300] "GET /cormun/pexe_scrolldiv.js HTTP/1.1" 404 1009
186.79.250.164 - - [23/Jul/2018:16:38:21 -0300] "GET /cormun/static/vesolicitudot.js?2017111422591449 HTTP/1.1" 200 6091
186.79.250.164 - - [23/Jul/2018:16:38:21 -0300] "GET /cormun/pexe_scrolldiv.js HTTP/1.1" 404 1009
200.120.230.22 - - [23/Jul/2018:16:38:21 -0300] "GET /cormun/static/tbsolicitudot01.js?2017111422581186 HTTP/1.1" 200 30566
200.120.230.22 - - [23/Jul/2018:16:38:22 -0300] "GET /cormun/servlet/vesolicitudot?2018,11855,, HTTP/1.1" 200 8571
186.103.159.189 - - [23/Jul/2018:16:38:22 -0300] "GET /cormun/servlet/trsolicitudot? HTTP/1.1" 200 7186
186.79.250.164 - - [23/Jul/2018:16:38:25 -0300] "GET /cormun/servlet/vesolicitudot?2018,11855,,SolicitudOTAdjuntos HTTP/1.1" 200 11192
186.79.250.164 - - [23/Jul/2018:16:38:25 -0300] "GET /cormun/pexe_scrolldiv.js HTTP/1.1" 404 1009
186.79.250.164 - - [23/Jul/2018:16:38:25 -0300] "GET /cormun/static/tbsolicitudot02.js?201711142258496 HTTP/1.1" 200 15626
186.79.250.164 - - [23/Jul/2018:16:38:26 -0300] "GET /cormun/servlet/vesolicitudot?2018,11855,,SolicitudOTAdjuntos HTTP/1.1" 200 11195
186.103.159.189 - - [23/Jul/2018:16:38:26 -0300] "GET /cormun/servlet/solicitudot?INS,0,0, HTTP/1.1" 200 13459
186.79.250.164 - - [23/Jul/2018:16:38:26 -0300] "POST /cormun/servlet/acontrolpreferencessavestate?None,GSAAVEDRA,true HTTP/1.1" 200 35
186.103.159.189 - - [23/Jul/2018:16:38:27 -0300] "GET /cormun/servlet/solicitudot?INS,0,0, HTTP/1.1" 200 13464
186.79.250.164 - - [23/Jul/2018:16:38:28 -0300] "GET /cormun/servlet/vesolicitudot?2018,11855,,General HTTP/1.1" 200 8578
186.79.250.164 - - [23/Jul/2018:16:38:28 -0300] "GET /cormun/pexe_scrolldiv.js HTTP/1.1" 404 1009
186.79.250.164 - - [23/Jul/2018:16:38:28 -0300] "GET /cormun/servlet/vesolicitudot?2018,11855,,General HTTP/1.1" 200 8578
186.79.250.164 - - [23/Jul/2018:16:38:32 -0300] "GET /cormun/servlet/trautorizarsolicitud? HTTP/1.1" 200 7361
186.79.250.164 - - [23/Jul/2018:16:38:32 -0300] "GET /cormun/servlet/trautorizarsolicitud? HTTP/1.1" 200 7343
186.103.159.46 - - [23/Jul/2018:16:38:35 -0300] "POST /cormun/servlet/trautorizarsolicitud?4791106ce4374b715b2f53d5a9c80339,,gx-no-cache=1532374619258 HTTP/1.1" 200 4619
186.103.159.46 - - [23/Jul/2018:16:38:35 -0300] "GET /cormun/static/Shared/jqueryui/images/ui-bg_highlight-soft_100_c6c2c8_1x100.png HTTP/1.1" 404 1117
186.103.159.46 - - [23/Jul/2018:16:38:35 -0300] "GET /cormun/static/Shared/jqueryui/images/ui-icons_82798d_256x240.png HTTP/1.1" 404 1089
186.103.159.46 - - [23/Jul/2018:16:38:35 -0300] "GET /cormun/static/Shared/jqueryui/images/ui-bg_flat_55_fafafa_40x100.png HTTP/1.1" 404 1097
186.103.159.46 - - [23/Jul/2018:16:38:35 -0300] "GET /cormun/static/Shared/jqueryui/images/ui-icons_8d78a5_256x240.png HTTP/1.1" 404 1089
186.103.159.46 - - [23/Jul/2018:16:38:35 -0300] "POST /cormun/servlet/trautorizarsolicitud?4791106ce4374b715b2f53d5a9c80339,,gx-no-cache=1532374619547 HTTP/1.1" 200 4377
186.103.159.189 - - [23/Jul/2018:16:38:36 -0300] "POST /cormun/servlet/solicitudot?gx-no-cache=1532374645233 HTTP/1.1" 200 3316
186.103.159.189 - - [23/Jul/2018:16:38:37 -0300] "POST /cormun/servlet/solicitudot?f9ac3e56f2d67392a4061e34b412a0fd,INS,0,0,,gx-no-cache=1532374645473 HTTP/1.1" 200 10283
200.120.230.22 - - [23/Jul/2018:16:38:43 -0300] "GET /cormun/servlet/trautorizarsolicitud? HTTP/1.1" 200 7343
186.103.159.46 - - [23/Jul/2018:16:38:43 -0300] "GET /cormun/servlet/trlicencias? HTTP/1.1" 200 9750
186.103.159.46 - - [23/Jul/2018:16:38:43 -0300] "GET /cormun/static/gxcfg.js?20176272054169 HTTP/1.1" 304 -
200.120.230.22 - - [23/Jul/2018:16:38:43 -0300] "GET /cormun/servlet/trautorizarsolicitud? HTTP/1.1" 200 7343
186.103.159.46 - - [23/Jul/2018:16:38:44 -0300] "GET /cormun/servlet/trlicencias? HTTP/1.1" 200 9749
200.120.230.22 - - [23/Jul/2018:16:38:46 -0300] "GET /cormun/servlet/trsolicitudot? HTTP/1.1" 200 8790
200.120.230.22 - - [23/Jul/2018:16:38:46 -0300] "GET /cormun/servlet/trsolicitudot? HTTP/1.1" 200 8789
186.103.159.182 - - [23/Jul/2018:16:38:46 -0300] "GET /cormun/static/Shared/jqueryui/images/ui-bg_highlight-soft_100_eae6ea_1x100.png HTTP/1.1" 404 1117
200.120.230.22 - - [23/Jul/2018:16:38:48 -0300] "GET /cormun/servlet/vesolicitudot?2018,11855,, HTTP/1.1" 200 8573
200.120.230.22 - - [23/Jul/2018:16:38:48 -0300] "GET /cormun/pexe_scrolldiv.js HTTP/1.1" 404 1009
200.120.230.22 - - [23/Jul/2018:16:38:48 -0300] "GET /cormun/servlet/vesolicitudot?2018,11855,, HTTP/1.1" 200 8571
186.79.250.164 - - [23/Jul/2018:16:38:51 -0300] "POST /cormun/servlet/vesolicitudot?ed59000c64b436509890022807498df8,2018,11855,,,gx-no-cache=1532374658563 HTTP/1.1" 200 93
186.79.250.164 - - [23/Jul/2018:16:38:51 -0300] "GET /cormun/servlet/hpexe_return? HTTP/1.1" 200 1011
186.79.250.164 - - [23/Jul/2018:16:38:52 -0300] "GET /cormun/servlet/trsolicitudot HTTP/1.1" 200 8793
186.79.250.164 - - [23/Jul/2018:16:38:52 -0300] "GET /cormun/servlet/trsolicitudot HTTP/1.1" 200 8789
200.120.230.22 - - [23/Jul/2018:16:38:56 -0300] "POST /cormun/servlet/trsolicitudot?ed59000c64b436509890022807498df8,gx-no-cache=1532374663241 HTTP/1.1" 200 106
200.120.230.22 - - [23/Jul/2018:16:38:56 -0300] "GET /cormun/servlet/solicitudot?UPD,2018,11855, HTTP/1.1" 200 15485
200.120.230.22 - - [23/Jul/2018:16:38:56 -0300] "GET /cormun/servlet/solicitudot?UPD,2018,11855, HTTP/1.1" 200 15495
186.79.250.164 - - [23/Jul/2018:16:38:57 -0300] "POST /cormun/servlet/solicitudot?gx-no-cache=1532374664374 HTTP/1.1" 200 3394
186.79.250.164 - - [23/Jul/2018:16:38:59 -0300] "POST /cormun/servlet/solicitudot?ed59000c64b436509890022807498df8,UPD,2018,11855,,gx-no-cache=1532374664954 HTTP/1.1" 200 11712
186.79.250.164 - - [23/Jul/2018:16:38:59 -0300] "GET /cormun/servlet/solicitudot?42a8bd4304d621fe1a588ed376cee481c0fe8a3b217874cc51874e16684438335e6bbf8d1f0ec94c5ede3618243bd303,gx-no-cache=1532374666497 HTTP/1.1" 200 30
186.79.250.164 - - [23/Jul/2018:16:38:59 -0300] "GET /cormun/servlet/solicitudot?42a8bd4304d621fe1a588ed376cee481b242ddbf29dc62d44544bb69fdda19852bcc9ee7a2851cb392a568db064aff158eeb0a9de2e72ea509389cd2d192216d,gx-no-cache=1532374666631 HTTP/1.1" 200 30
186.79.250.164 - - [23/Jul/2018:16:38:59 -0300] "GET /cormun/servlet/solicitudot?42a8bd4304d621fe1a588ed376cee481cb89ef10f1e95dfcfc2b32b093f9542de990d1507835156f0338d5d9d1e61b1a6b9e97fa3b9de5aa8919f201b52a1d61,gx-no-cache=1532374666772 HTTP/1.1" 200 53
186.79.250.164 - - [23/Jul/2018:16:38:59 -0300] "POST /cormun/servlet/solicitudot?gx-no-cache=1532374666888 HTTP/1.1" 200 255
186.79.250.164 - - [23/Jul/2018:16:38:59 -0300] "GET /cormun/servlet/solicitudot?42a8bd4304d621fe1a588ed376cee48182e10d368a69f24d4e4d6072cd70ab1240a6c2a427d23d00a8f42b21ea7f0fbf0d87bb7ae5d3d9b5b3166e1ceec76a13789c99ed072cc00660d1ce3c288212f370a35f50cc49e4739a1c1e3ae3b33da2c26d812735f03b3ed7f41ea4e6657487a69e5c1e1ca16cc29a40bfab6dce588226d56b0947368e383ced96a20962e8905e884fdf751a5a16ce93abf4e2d6a9db788d82c6ac3630a249d213f4847cafb56e17cda1b650292410729a2ddca418727f1407fe0ff6d7c93fe6a4352a700d0019ebf8a411d6882aa1be03e7482f3174e87ebf7257e43c68f5d97f082bdf12c6c0a837dac255b1fc716cb57593b7e48262844223672a12f6adfc07d4982ce04c72826ccf26a6d41816093b405669fb47fb881865315a5df03613262a38a53b7982edeb43173376eae90dab14722e637d4574240953cf8af424057eb5fd1831a9391a186a31b0e1182fbea791d95bf025aa8ce4b11568af4846797f93fb6feff0cc082a577a90836ef90dbb7a13505779,gx-no-cache=1532374667064 HTTP/1.1" 200 30
186.79.250.164 - - [23/Jul/2018:16:39:00 -0300] "POST /cormun/servlet/solicitudot?gx-no-cache=1532374667245 HTTP/1.1" 200 30
186.103.159.189 - - [23/Jul/2018:16:39:00 -0300] "GET /cormun/servlet/solicitudot?d1580d50bbcbbea0a4af73b37a2eae30eb2cf36ae6fd09aaad3e8cb00e06ca95760dab0bf6b536a8ec14aec94b679aea,gx-no-cache=1532374668578 HTTP/1.1" 200 30
186.79.250.164 - - [23/Jul/2018:16:39:01 -0300] "POST /cormun/servlet/solicitudot?gx-no-cache=1532374667461 HTTP/1.1" 200 1374
186.79.250.164 - - [23/Jul/2018:16:39:01 -0300] "POST /cormun/servlet/solicitudot?gx-no-cache=1532374668465 HTTP/1.1" 200 41
186.79.250.164 - - [23/Jul/2018:16:39:22 -0300] "GET /cormun/servlet/solicitudot?42a8bd4304d621fe1a588ed376cee481738a91d1ecccc9d23e2fe5ddbc08ac04d47c32421c884bb5f9d2e11bd22e267d1a1727c3c858a74438635248d081aab61e86521ac69ae662c26ef125d161adad2f8a817841c1147d23c3a6c54d81c8476a90d40a8e129f11feb1c2821f75d3913d1b780d1e20ea37648b7002ced2cf63817770cc14a9912f9f83bd0d37c141d29dc6d8c7a7fea84924c01ca9a415d41c,gx-no-cache=1532374689061 HTTP/1.1" 200 30
186.79.250.164 - - [23/Jul/2018:16:39:23 -0300] "POST /cormun/servlet/solicitudot?gx-no-cache=1532374690527 HTTP/1.1" 200 1357
186.79.250.164 - - [23/Jul/2018:16:39:23 -0300] "POST /cormun/servlet/solicitudot?gx-no-cache=1532374690797 HTTP/1.1" 200 1258
186.79.250.164 - - [23/Jul/2018:16:39:23 -0300] "GET /cormun/servlet/solicitudot?42a8bd4304d621fe1a588ed376cee48174da8dd87ff4a5c3a18e735238b919ed516fb347129936713d8cb22ad38dc033,gx-no-cache=1532374691034 HTTP/1.1" 200 30
186.79.250.164 - - [23/Jul/2018:16:39:24 -0300] "POST /cormun/servlet/solicitudot?gx-no-cache=1532374691177 HTTP/1.1" 200 30
186.79.250.164 - - [23/Jul/2018:16:39:25 -0300] "POST /cormun/servlet/solicitudot?ed59000c64b436509890022807498df8,UPD,2018,11855,,gx-no-cache=1532374691353 HTTP/1.1" 200 93
186.79.250.164 - - [23/Jul/2018:16:39:26 -0300] "GET /cormun/servlet/hpexe_return? HTTP/1.1" 200 1014
186.79.250.164 - - [23/Jul/2018:16:39:26 -0300] "GET /cormun/servlet/trsolicitudot HTTP/1.1" 200 8790
186.79.250.164 - - [23/Jul/2018:16:39:26 -0300] "GET /cormun/servlet/trsolicitudot HTTP/1.1" 200 8786
186.79.250.164 - - [23/Jul/2018:16:39:30 -0300] "POST /cormun/servlet/trsolicitudot?ed59000c64b436509890022807498df8,gx-no-cache=1532374697301 HTTP/1.1" 200 4657
200.120.230.22 - - [23/Jul/2018:16:39:30 -0300] "GET /cormun/static/Shared/jqueryui/images/ui-bg_highlight-soft_100_c6c2c8_1x100.png HTTP/1.1" 404 1117
200.120.230.22 - - [23/Jul/2018:16:39:30 -0300] "GET /cormun/static/Shared/jqueryui/images/ui-icons_82798d_256x240.png HTTP/1.1" 404 1089
200.120.230.22 - - [23/Jul/2018:16:39:30 -0300] "GET /cormun/static/Shared/jqueryui/images/ui-bg_flat_55_fafafa_40x100.png HTTP/1.1" 404 1097
200.120.230.22 - - [23/Jul/2018:16:39:30 -0300] "GET /cormun/static/Shared/jqueryui/images/ui-icons_8d78a5_256x240.png HTTP/1.1" 404 1089
186.79.250.164 - - [23/Jul/2018:16:39:31 -0300] "POST /cormun/servlet/trsolicitudot?ed59000c64b436509890022807498df8,gx-no-cache=1532374698035 HTTP/1.1" 200 4452
186.103.159.189 - - [23/Jul/2018:16:40:34 -0300] "GET /cormun/servlet/solicitudot?d1580d50bbcbbea0a4af73b37a2eae30690b00409bb89f2ef78b3249987d1c4bdcb9764c79ef0baf017bd753245b75ea,gx-no-cache=1532374762831 HTTP/1.1" 200 30
186.103.159.189 - - [23/Jul/2018:16:40:34 -0300] "GET /cormun/servlet/solicitudot?d1580d50bbcbbea0a4af73b37a2eae3038f3e9d70d8234e1416fbaf61f8f3ae9,gx-no-cache=1532374762911 HTTP/1.1" 200 29
186.103.159.189 - - [23/Jul/2018:16:40:35 -0300] "POST /cormun/servlet/solicitudot?gx-no-cache=1532374764114 HTTP/1.1" 200 255
186.103.159.189 - - [23/Jul/2018:16:40:38 -0300] "GET /cormun/servlet/solicitudot?d1580d50bbcbbea0a4af73b37a2eae30f0fd7a3c1ec980eef94069551051e7087e19f5d913e2fca63568d2a1db60f234adb4116405df9515dceafde03a52cde25f9ecdff9a30c3bd481d97a415c6dac532d3dddb86e54803c6151df3316c3676f52eda1b0577868af92781daca7d14b09c1b68c8b2357d641893fee4e7f050c5200c57e55699a559662ae5a60a32390964c0b8a1adae3639abf6c175b3f264d2011c00ddb720fa091b44a9fd0dda47b63970cf7ca71a9615fc90e26450a28069f817f690d0f25d2c70d122d29d923417b1a9024d63ab37d1a26999de9c5adc185aab6ccf8fe58abfe5f942a0670c451b2e4e5a62deb56a12ebb63b61f70d7fe04f7e817feb89ba939930ac0b87e1e444ab1faa2e571f194802a2b66593f9d2dfa3d5b389cba6c89703943dfc42f46af3b904f78e2a7c84c86ec41319a5390c551fd4b63f392afc2c13f96e8cf2027151449e79608386113e2dba39f0488cccf0991518ba578a601249dd6f208e3b143ab08ccd40d1f11caf72db729418ae596f,gx-no-cache=1532374766525 HTTP/1.1" 200 30
192.168.10.96 - - [23/Jul/2018:16:41:06 -0300] "POST /digitalizacion/servlet/trdocumentos?a0b4aa7710625a6ba7e1ade46a092900,,gx-no-cache=1532374653410 HTTP/1.1" 200 3249
186.103.159.189 - - [23/Jul/2018:16:41:07 -0300] "POST /cormun/servlet/solicitudot?gx-no-cache=1532374795402 HTTP/1.1" 200 30
186.103.159.189 - - [23/Jul/2018:16:41:07 -0300] "POST /cormun/servlet/solicitudot?gx-no-cache=1532374795462 HTTP/1.1" 200 1377
186.103.159.189 - - [23/Jul/2018:16:41:07 -0300] "POST /cormun/servlet/solicitudot?gx-no-cache=1532374795574 HTTP/1.1" 200 38
192.168.10.96 - - [23/Jul/2018:16:41:08 -0300] "GET /digitalizacion/servlet/wbadjunto?4375,PU HTTP/1.1" 302 -
192.168.10.96 - - [23/Jul/2018:16:41:08 -0300] "GET /digitalizacion/PublicTempStorage/1144271.tmp HTTP/1.1" 200 999284
186.103.159.189 - - [23/Jul/2018:16:41:25 -0300] "POST /cormun/servlet/solicitudot?gx-no-cache=1532374813866 HTTP/1.1" 200 30
186.103.159.189 - - [23/Jul/2018:16:41:27 -0300] "GET /cormun/servlet/prcontratosol?17522133,,,,,MD,,gxPopupLevel%3D0%3B HTTP/1.1" 200 7695
186.103.159.189 - - [23/Jul/2018:16:41:27 -0300] "GET /cormun/static/gxcfg.js?201761413223964 HTTP/1.1" 200 953
186.103.159.189 - - [23/Jul/2018:16:41:27 -0300] "GET /cormun/static/prcontratosol.js?201761413224174 HTTP/1.1" 200 15806
186.103.159.189 - - [23/Jul/2018:16:41:45 -0300] "POST /cormun/servlet/solicitudot?gx-no-cache=1532374833850 HTTP/1.1" 200 1458
186.103.159.189 - - [23/Jul/2018:16:41:45 -0300] "GET /cormun/static/Shared/jqueryui/images/ui-bg_highlight-soft_100_c6c2c8_1x100.png HTTP/1.1" 404 1117
186.103.159.189 - - [23/Jul/2018:16:41:45 -0300] "GET /cormun/static/Shared/jqueryui/images/ui-icons_82798d_256x240.png HTTP/1.1" 404 1089
186.103.159.189 - - [23/Jul/2018:16:41:45 -0300] "GET /cormun/static/Shared/jqueryui/images/ui-bg_flat_55_994d53_40x100.png HTTP/1.1" 404 1097
186.103.159.189 - - [23/Jul/2018:16:41:45 -0300] "GET /cormun/static/Shared/jqueryui/images/ui-icons_ebccce_256x240.png HTTP/1.1" 404 1089
186.103.159.189 - - [23/Jul/2018:16:41:45 -0300] "POST /cormun/servlet/solicitudot?gx-no-cache=1532374834046 HTTP/1.1" 200 117
186.103.159.189 - - [23/Jul/2018:16:41:45 -0300] "GET /cormun/servlet/solicitudot?d1580d50bbcbbea0a4af73b37a2eae309a5618d19f537bdec1082a082aeca228865974b99a9437be0f4b65d3b6c2ae88d9b3e3178a00f7bc21a22fce7cd62af665bde46fcd1402c591b0c63a0e25c38e767d95636c5eb37b4a8e45e11dcbd1d3209f3b217ab5e99529ddbe792fa74ef0,gx-no-cache=1532374834098 HTTP/1.1" 200 29
186.103.159.189 - - [23/Jul/2018:16:41:45 -0300] "POST /cormun/servlet/solicitudot?gx-no-cache=1532374834135 HTTP/1.1" 200 1357
186.103.159.189 - - [23/Jul/2018:16:41:45 -0300] "POST /cormun/servlet/solicitudot?gx-no-cache=1532374834206 HTTP/1.1" 200 1258
186.103.159.189 - - [23/Jul/2018:16:41:45 -0300] "GET /cormun/servlet/solicitudot?d1580d50bbcbbea0a4af73b37a2eae3033a481ce2d2755739f1d8e3c74e2985955849200254499a1154175bb3866f1ba,gx-no-cache=1532374834257 HTTP/1.1" 200 134
186.103.159.189 - - [23/Jul/2018:16:41:56 -0300] "GET /cormun/servlet/prfichaempleado?,MD,,gxPopupLevel%3D0%3B HTTP/1.1" 200 9332
186.103.159.189 - - [23/Jul/2018:16:42:07 -0300] "POST /cormun/servlet/prfichaempleado?f9ac3e56f2d67392a4061e34b412a0fd,,MD,,gxPopupLevel%3D0%3B,gx-no-cache=1532374855314 HTTP/1.1" 200 3416
186.103.159.189 - - [23/Jul/2018:16:42:15 -0300] "POST /cormun/servlet/solicitudot?gx-no-cache=1532374863392 HTTP/1.1" 200 1376
186.103.159.189 - - [23/Jul/2018:16:42:15 -0300] "GET /cormun/static/menuarrow.gif HTTP/1.1" 404 1015
186.103.159.189 - - [23/Jul/2018:16:42:31 -0300] "POST /cormun/servlet/solicitudot?gx-no-cache=1532374880205 HTTP/1.1" 200 41
186.103.159.189 - - [23/Jul/2018:16:42:55 -0300] "POST /cormun/servlet/solicitudot?gx-no-cache=1532374903506 HTTP/1.1" 200 1357
186.103.159.189 - - [23/Jul/2018:16:42:55 -0300] "POST /cormun/servlet/solicitudot?gx-no-cache=1532374904017 HTTP/1.1" 200 1258
186.103.159.189 - - [23/Jul/2018:16:42:59 -0300] "POST /cormun/servlet/solicitudot?gx-no-cache=1532374908127 HTTP/1.1" 200 1357
186.103.159.189 - - [23/Jul/2018:16:42:59 -0300] "POST /cormun/servlet/solicitudot?gx-no-cache=1532374908215 HTTP/1.1" 200 1258
200.111.122.170 - - [23/Jul/2018:16:43:00 -0300] "GET /cormun/servlet/hlogin HTTP/1.1" 200 1725
200.111.122.170 - - [23/Jul/2018:16:43:23 -0300] "POST /cormun/servlet/hlogin?1af7fa1f60f62c59e9252fecedfcaee2,gx-no-cache=1532374931276 HTTP/1.1" 200 437
186.103.159.189 - - [23/Jul/2018:16:43:23 -0300] "GET /cormun/servlet/solicitudot?d1580d50bbcbbea0a4af73b37a2eae30b0aa3b74bbdb13c1890ee68ff44d5994a581cb26263c78f9a30554a50adb3894,gx-no-cache=1532374932132 HTTP/1.1" 200 30
186.10.12.250 - - [23/Jul/2018:16:43:46 -0300] "POST /cormun/servlet/hlogin?1af7fa1f60f62c59e9252fecedfcaee2,gx-no-cache=1532374955157 HTTP/1.1" 200 90
186.10.12.250 - - [23/Jul/2018:16:43:47 -0300] "GET /cormun/servlet/hpexe_link HTTP/1.1" 200 953
186.10.12.250 - - [23/Jul/2018:16:43:47 -0300] "GET /cormun/servlet/hhome HTTP/1.1" 200 4204
186.10.12.250 - - [23/Jul/2018:16:43:48 -0300] "GET /cormun/servlet/hhome HTTP/1.1" 200 4200
186.10.12.250 - - [23/Jul/2018:16:44:01 -0300] "GET /cormun/servlet/trsolicitudot? HTTP/1.1" 200 9208
186.10.12.250 - - [23/Jul/2018:16:44:05 -0300] "GET /cormun/servlet/trsolicitudot? HTTP/1.1" 200 9206
186.10.12.250 - - [23/Jul/2018:16:44:13 -0300] "GET /cormun/servlet/solicitudot?INS,0,0, HTTP/1.1" 200 13673
186.10.12.250 - - [23/Jul/2018:16:44:13 -0300] "GET /cormun/servlet/solicitudot?INS,0,0, HTTP/1.1" 200 13678
186.79.250.164 - - [23/Jul/2018:16:44:48 -0300] "GET /cormun/servlet/trvisualizadoreventos? HTTP/1.1" 200 7016
186.79.250.164 - - [23/Jul/2018:16:44:48 -0300] "GET /cormun/static/gxcfg.js?20175251251426 HTTP/1.1" 200 953
186.79.250.164 - - [23/Jul/2018:16:44:48 -0300] "GET /cormun/static/Resources/PXToolsActionPrint.png HTTP/1.1" 200 3317
200.120.230.22 - - [23/Jul/2018:16:44:49 -0300] "GET /cormun/static/trvisualizadoreventos.js?20175251251768 HTTP/1.1" 200 19318
200.120.230.22 - - [23/Jul/2018:16:44:49 -0300] "GET /cormun/servlet/trvisualizadoreventos? HTTP/1.1" 200 6993
200.111.122.170 - - [23/Jul/2018:16:45:07 -0300] "POST /cormun/servlet/solicitudot?gx-no-cache=1532375033781 HTTP/1.1" 200 3420
200.111.122.170 - - [23/Jul/2018:16:45:09 -0300] "POST /cormun/servlet/solicitudot?1af7fa1f60f62c59e9252fecedfcaee2,INS,0,0,,gx-no-cache=1532375036641 HTTP/1.1" 200 10600
200.111.122.170 - - [23/Jul/2018:16:45:22 -0300] "GET /cormun/servlet/solicitudot?a271cfd4b40d76fe7b6521200632c27433b37ea073f8bdfd6a2ea85429301101aa31d53939946a4ee42ea0c4da76b040,gx-no-cache=1532375051396 HTTP/1.1" 200 30
200.111.122.170 - - [23/Jul/2018:16:45:23 -0300] "GET /cormun/servlet/solicitudot?a271cfd4b40d76fe7b6521200632c27455e41e800d52d830e5bf2e685b51c2fe0e16447e4bd2fdd6f57e171112efe4d97200ff142f8edb69585b10280f87213c,gx-no-cache=1532375051747 HTTP/1.1" 200 30
200.111.122.170 - - [23/Jul/2018:16:45:24 -0300] "GET /cormun/servlet/solicitudot?a271cfd4b40d76fe7b6521200632c2740f7797993be28cdb9a7a3f33f67dcafc,gx-no-cache=1532375053021 HTTP/1.1" 200 51
200.111.122.170 - - [23/Jul/2018:16:45:27 -0300] "POST /cormun/servlet/solicitudot?gx-no-cache=1532375056535 HTTP/1.1" 200 255
200.111.122.170 - - [23/Jul/2018:16:45:28 -0300] "GET /cormun/servlet/solicitudot?a271cfd4b40d76fe7b6521200632c274f9b6e8fb1a128c9e710d4feed8409a8b8e959b102ca132a4516f2c98ffc6d768ada256786d3d0426a62d187ee3b2e4f3b1213a5b7e8ef2c60d123611cc16f7b0bb481f837463aa62b1442d1370e87432659196ba718e0cc95b90dc625d60f606e0ede6fa11b80717dfaa9b60643ff730c9f1d0fc3dd14ad15cbc4a25bed1a3a328d400615e7d709b051d11bbdcee0eeab11d5c76cef1165520525fb65ce104556a1de12bf23696da4d3d1d92a7aae6a631a696b1c230c190b809ec07da924649385fe8767ef39129d531b8955f770f7b841589f8b3c8ef879fff087b5c3c354300ac2cf09558efd7e8055f02a980182e1d40acd26d23b9146185a375b96d3bbb5cda87d611d43dbe87786a9ecac565b14a322841468c5c1e2644e51eb73b3782fe5696e01541d2bca1ec4a91044916b1000377407239114571e70fe07e10ffef3385f3bb7f524f93c2118d197bdfd22525e5c80feb4a8baec4d4ccc33ef0f1c47d0ed2ad679d3909d40d56fa07946130,gx-no-cache=1532375057592 HTTP/1.1" 200 30
186.79.250.164 - - [23/Jul/2018:16:45:29 -0300] "GET /cormun/servlet/trcontratosolicitud? HTTP/1.1" 200 14513
186.79.250.164 - - [23/Jul/2018:16:45:29 -0300] "GET /cormun/static/gxcfg.js?20177612214014 HTTP/1.1" 200 953
186.79.250.164 - - [23/Jul/2018:16:45:30 -0300] "GET /cormun//static/Resources/PXToolsGridNew.png HTTP/1.1" 200 2949
186.79.250.164 - - [23/Jul/2018:16:45:30 -0300] "GET /cormun/servlet/trcontratosolicitud? HTTP/1.1" 200 14514
200.111.122.170 - - [23/Jul/2018:16:45:37 -0300] "POST /cormun/servlet/solicitudot?gx-no-cache=1532375064392 HTTP/1.1" 200 30
200.111.122.170 - - [23/Jul/2018:16:45:39 -0300] "GET /cormun/servlet/prcontratosol?15105577,,,,,MD,,gxPopupLevel%3D0%3B HTTP/1.1" 200 8421
186.103.159.189 - - [23/Jul/2018:16:45:40 -0300] "POST /cormun/servlet/solicitudot?gx-no-cache=1532375068809 HTTP/1.1" 200 135
186.79.250.164 - - [23/Jul/2018:16:45:48 -0300] "POST /cormun/servlet/trcontratosolicitud?b3c407fb7c3055a313fa41a04ecb92c0,,gx-no-cache=1532375076199 HTTP/1.1" 200 12491
200.120.230.22 - - [23/Jul/2018:16:45:48 -0300] "GET /cormun/static/Resources/PXToolsGridPrevious.gif HTTP/1.1" 200 369
186.79.250.164 - - [23/Jul/2018:16:45:49 -0300] "GET /cormun/static/Resources/PXToolsGridFirst.gif HTTP/1.1" 200 379
200.111.122.170 - - [23/Jul/2018:16:45:49 -0300] "POST /cormun/servlet/solicitudot?gx-no-cache=1532375077494 HTTP/1.1" 200 1377
192.168.10.96 - - [23/Jul/2018:16:45:51 -0300] "POST /digitalizacion/servlet/trdocumentos?a0b4aa7710625a6ba7e1ade46a092900,,gx-no-cache=1532374938849 HTTP/1.1" 200 4334
200.111.122.170 - - [23/Jul/2018:16:45:52 -0300] "POST /cormun/servlet/solicitudot?gx-no-cache=1532375078631 HTTP/1.1" 200 38
200.111.122.170 - - [23/Jul/2018:16:45:52 -0300] "GET /cormun/servlet/solicitudot?a271cfd4b40d76fe7b6521200632c2743ac11be684ff2d5eee40c380f595ab2507eb0a6da3e8d3735fc6c6e47b3ca9e0c441106192c7a9703aa79304a164aecb0be39b7d6444cc21cd1c726c4379d12e3cb075fa29f9397aaa8dab2c2ad70be56bab099be0095812c2111fa23d5a146a55ae3bf05fa0993e48e240c704335e7c41744728b3ac7718d2de57cec215a338b627182ee588a89bc8b7d83ea58bee32,gx-no-cache=1532375081510 HTTP/1.1" 200 29
200.111.122.170 - - [23/Jul/2018:16:45:53 -0300] "POST /cormun/servlet/solicitudot?gx-no-cache=1532375081650 HTTP/1.1" 200 1357
200.111.122.170 - - [23/Jul/2018:16:45:55 -0300] "POST /cormun/servlet/solicitudot?gx-no-cache=1532375083395 HTTP/1.1" 200 1258
200.111.122.170 - - [23/Jul/2018:16:45:55 -0300] "GET /cormun/servlet/solicitudot?a271cfd4b40d76fe7b6521200632c2746d803ec29b2cd46d19028282df3631f7,gx-no-cache=1532375084274 HTTP/1.1" 200 30
192.168.10.96 - - [23/Jul/2018:16:45:59 -0300] "GET /digitalizacion/servlet/wbadjunto?5055,PU HTTP/1.1" 302 -
192.168.10.96 - - [23/Jul/2018:16:45:59 -0300] "GET /digitalizacion/PublicTempStorage/2514846.tmp HTTP/1.1" 200 1073304
200.111.122.170 - - [23/Jul/2018:16:46:03 -0300] "POST /cormun/servlet/solicitudot?1af7fa1f60f62c59e9252fecedfcaee2,INS,0,0,,gx-no-cache=1532375084594 HTTP/1.1" 200 93
200.111.122.170 - - [23/Jul/2018:16:46:03 -0300] "GET /cormun/servlet/hpexe_return? HTTP/1.1" 200 1008
200.111.122.170 - - [23/Jul/2018:16:46:04 -0300] "GET /cormun/servlet/trsolicitudot HTTP/1.1" 200 9210
200.111.122.170 - - [23/Jul/2018:16:46:06 -0300] "GET /cormun/servlet/trsolicitudot HTTP/1.1" 200 9206
200.120.230.22 - - [23/Jul/2018:16:46:24 -0300] "POST /cormun/servlet/trcontratosolicitud?b3c407fb7c3055a313fa41a04ecb92c0,,gx-no-cache=1532375112788 HTTP/1.1" 200 9328
186.67.203.186 - - [23/Jul/2018:16:46:32 -0300] "POST /cormun/servlet/trsolicitudot?1af7fa1f60f62c59e9252fecedfcaee2,gx-no-cache=1532375104522 HTTP/1.1" 200 5884
186.103.161.206 - - [23/Jul/2018:16:46:34 -0300] "GET /cormun/static/Shared/jqueryui/images/ui-icons_82798d_256x240.png HTTP/1.1" 404 1089
186.103.132.155 - - [23/Jul/2018:16:46:34 -0300] "GET /cormun/static/Shared/jqueryui/images/ui-bg_flat_55_fafafa_40x100.png HTTP/1.1" 404 1097
186.10.12.250 - - [23/Jul/2018:16:46:35 -0300] "POST /cormun/servlet/trsolicitudot?1af7fa1f60f62c59e9252fecedfcaee2,gx-no-cache=1532375122439 HTTP/1.1" 200 5827
186.103.161.206 - - [23/Jul/2018:16:46:35 -0300] "GET /cormun/static/Shared/jqueryui/images/ui-icons_8d78a5_256x240.png HTTP/1.1" 404 1089
186.67.203.186 - - [23/Jul/2018:16:46:36 -0300] "GET /cormun/static/Shared/jqueryui/images/ui-bg_highlight-soft_100_c6c2c8_1x100.png HTTP/1.1" 404 1117
186.10.12.250 - - [23/Jul/2018:16:47:00 -0300] "POST /cormun/servlet/trsolicitudot?1af7fa1f60f62c59e9252fecedfcaee2,gx-no-cache=1532375145923 HTTP/1.1" 200 4699
186.10.12.250 - - [23/Jul/2018:16:47:05 -0300] "POST /cormun/servlet/trsolicitudot?1af7fa1f60f62c59e9252fecedfcaee2,gx-no-cache=1532375150566 HTTP/1.1" 200 4453
186.10.12.250 - - [23/Jul/2018:16:47:20 -0300] "GET /cormun/servlet/solicitudot?INS,0,0, HTTP/1.1" 200 13674
186.10.12.250 - - [23/Jul/2018:16:47:22 -0300] "GET /cormun/servlet/solicitudot?INS,0,0, HTTP/1.1" 200 13679
186.103.159.189 - - [23/Jul/2018:16:47:53 -0300] "POST /cormun/servlet/solicitudot?f9ac3e56f2d67392a4061e34b412a0fd,INS,0,0,,gx-no-cache=1532375201121 HTTP/1.1" 200 11799
186.103.159.189 - - [23/Jul/2018:16:48:03 -0300] "GET /cormun/servlet/prsolicitudot?17522133,,,,,MD,,gxPopupLevel%3D0%3B HTTP/1.1" 200 6046
186.103.159.189 - - [23/Jul/2018:16:48:03 -0300] "GET /cormun/static/gxcfg.js?2017111422591492 HTTP/1.1" 200 953
186.103.159.189 - - [23/Jul/2018:16:48:04 -0300] "GET /cormun/static/prsolicitudot.js?2017111422591715 HTTP/1.1" 200 13680
186.103.159.189 - - [23/Jul/2018:16:48:16 -0300] "GET /cormun/servlet/prpersonalsolicitud?17522133,,,,,MD,,gxPopupLevel%3D0%3B HTTP/1.1" 200 5677
186.103.159.189 - - [23/Jul/2018:16:48:16 -0300] "GET /cormun/static/gxcfg.js?20175251253686 HTTP/1.1" 200 953
186.103.159.189 - - [23/Jul/2018:16:48:16 -0300] "GET /cormun/static/prpersonalsolicitud.js?20175251253921 HTTP/1.1" 200 13873
186.103.161.206 - - [23/Jul/2018:16:48:38 -0300] "POST /cormun/servlet/solicitudot?gx-no-cache=1532375244014 HTTP/1.1" 200 3419
186.103.161.206 - - [23/Jul/2018:16:48:42 -0300] "POST /cormun/servlet/solicitudot?1af7fa1f60f62c59e9252fecedfcaee2,INS,0,0,,gx-no-cache=1532375247259 HTTP/1.1" 200 10584
186.79.250.164 - - [23/Jul/2018:16:48:45 -0300] "GET /cormun/servlet/trlicencias? HTTP/1.1" 200 13244
186.79.250.164 - - [23/Jul/2018:16:48:45 -0300] "GET /cormun/static/gxcfg.js?20176272054169 HTTP/1.1" 304 -
186.79.250.164 - - [23/Jul/2018:16:48:45 -0300] "GET /cormun/servlet/trlicencias? HTTP/1.1" 200 13242
186.103.161.206 - - [23/Jul/2018:16:48:57 -0300] "GET /cormun/servlet/solicitudot?a271cfd4b40d76fe7b6521200632c27454900befd0788159d9d30ab58571caccaa31d53939946a4ee42ea0c4da76b040,gx-no-cache=1532375265368 HTTP/1.1" 200 30
186.103.161.206 - - [23/Jul/2018:16:48:57 -0300] "GET /cormun/servlet/solicitudot?a271cfd4b40d76fe7b6521200632c274b4ec6778e92b3df53d5b4c6a3fc2e3713fb5677ba82d0d0081bbc201a5ebed68c5719c1613df4f3ab117e8024af7e56a,gx-no-cache=1532375266345 HTTP/1.1" 200 30
186.103.161.206 - - [23/Jul/2018:16:48:59 -0300] "GET /cormun/servlet/solicitudot?a271cfd4b40d76fe7b6521200632c2740453fa5848d927978b7faae8df2a7bb6,gx-no-cache=1532375267282 HTTP/1.1" 200 53
186.103.161.206 - - [23/Jul/2018:16:48:59 -0300] "POST /cormun/servlet/solicitudot?gx-no-cache=1532375268196 HTTP/1.1" 200 255
186.103.161.206 - - [23/Jul/2018:16:49:00 -0300] "GET /cormun/servlet/solicitudot?a271cfd4b40d76fe7b6521200632c274f9b6e8fb1a128c9e710d4feed8409a8b8e959b102ca132a4516f2c98ffc6d768ada256786d3d0426a62d187ee3b2e4f3b1213a5b7e8ef2c60d123611cc16f7b0bb481f837463aa62b1442d1370e87432659196ba718e0cc95b90dc625d60f606e0ede6fa11b80717dfaa9b60643ff730c9f1d0fc3dd14ad15cbc4a25bed1a3a328d400615e7d709b051d11bbdcee0eeab11d5c76cef1165520525fb65ce104556a1de12bf23696da4d3d1d92a7aae6a631a696b1c230c190b809ec07da924649385fe8767ef39129d531b8955f770f7b841589f8b3c8ef879fff087b5c3c354300ac2cf09558efd7e8055f02a980182e1d40acd26d23b9146185a375b96d3bbb5cda87d611d43dbe87786a9ecac565b14a322841468c5c1e2644e51eb73b3782fe5696e01541d2bca1ec4a91044916b1000377407239114571e70fe07e10ffef3385f3bb7f524f93c2118d197bdfd22525e5c80feb4a8baec4d4ccc33ef0f1c47d0ed2ad679d3909d40d56fa07946130,gx-no-cache=1532375268539 HTTP/1.1" 200 30
186.103.161.206 - - [23/Jul/2018:16:49:05 -0300] "POST /cormun/servlet/solicitudot?gx-no-cache=1532375273311 HTTP/1.1" 200 30
192.168.10.96 - - [23/Jul/2018:16:49:06 -0300] "POST /digitalizacion/servlet/trdocumentos?gx-no-cache=1532375133248 HTTP/1.1" 200 354
192.168.10.96 - - [23/Jul/2018:16:49:06 -0300] "POST /digitalizacion/servlet/trdocumentos?gx-no-cache=1532375133283 HTTP/1.1" 200 78
186.103.161.206 - - [23/Jul/2018:16:49:07 -0300] "GET /cormun/servlet/prcontratosol?18039558,,,,,MD,,gxPopupLevel%3D0%3B HTTP/1.1" 200 7724
192.168.10.96 - - [23/Jul/2018:16:49:11 -0300] "POST /digitalizacion/servlet/trdocumentos?a0b4aa7710625a6ba7e1ade46a092900,,gx-no-cache=1532375138411 HTTP/1.1" 200 5313
186.103.159.189 - - [23/Jul/2018:16:49:14 -0300] "GET /cormun/servlet/prcontratosol?17522133,,,,,MD,,gxPopupLevel%3D0%3B HTTP/1.1" 200 7695
192.168.10.96 - - [23/Jul/2018:16:49:15 -0300] "GET /digitalizacion/servlet/wbadjunto?5060,PU HTTP/1.1" 302 -
192.168.10.96 - - [23/Jul/2018:16:49:15 -0300] "GET /digitalizacion/PublicTempStorage/3948660.tmp HTTP/1.1" 200 940622
186.103.159.189 - - [23/Jul/2018:16:49:26 -0300] "POST /cormun/servlet/solicitudot?gx-no-cache=1532375294737 HTTP/1.1" 200 30
186.10.12.250 - - [23/Jul/2018:16:49:50 -0300] "POST /cormun/servlet/solicitudot?gx-no-cache=1532375318701 HTTP/1.1" 200 1377
186.10.12.250 - - [23/Jul/2018:16:49:51 -0300] "POST /cormun/servlet/solicitudot?gx-no-cache=1532375319959 HTTP/1.1" 200 38
186.10.12.250 - - [23/Jul/2018:16:49:53 -0300] "GET /cormun/servlet/solicitudot?a271cfd4b40d76fe7b6521200632c2743ac11be684ff2d5eee40c380f595ab2507eb0a6da3e8d3735fc6c6e47b3ca9e0c441106192c7a9703aa79304a164aecb0be39b7d6444cc21cd1c726c4379d12e3cb075fa29f9397aaa8dab2c2ad70be56bab099be0095812c2111fa23d5a146a55ae3bf05fa0993e48e240c704335e7c41744728b3ac7718d2de57cec215a338b627182ee588a89bc8b7d83ea58bee32,gx-no-cache=1532375321914 HTTP/1.1" 200 29
186.10.12.250 - - [23/Jul/2018:16:49:53 -0300] "POST /cormun/servlet/solicitudot?gx-no-cache=1532375322297 HTTP/1.1" 200 1357
186.10.12.250 - - [23/Jul/2018:16:49:53 -0300] "POST /cormun/servlet/solicitudot?gx-no-cache=1532375322475 HTTP/1.1" 200 1258
186.10.12.250 - - [23/Jul/2018:16:49:54 -0300] "GET /cormun/servlet/solicitudot?a271cfd4b40d76fe7b6521200632c2746d803ec29b2cd46d19028282df3631f7,gx-no-cache=1532375322893 HTTP/1.1" 200 30
186.103.159.189 - - [23/Jul/2018:16:49:54 -0300] "POST /cormun/servlet/solicitudot?gx-no-cache=1532375322728 HTTP/1.1" 200 30
186.10.12.250 - - [23/Jul/2018:16:50:01 -0300] "POST /cormun/servlet/solicitudot?1af7fa1f60f62c59e9252fecedfcaee2,INS,0,0,,gx-no-cache=1532375325431 HTTP/1.1" 200 93
186.10.12.250 - - [23/Jul/2018:16:50:02 -0300] "GET /cormun/servlet/hpexe_return? HTTP/1.1" 200 1030
186.10.12.250 - - [23/Jul/2018:16:50:02 -0300] "GET /cormun/servlet/trsolicitudot?gx-no-cache=1532375150566 HTTP/1.1" 200 7423
186.10.12.250 - - [23/Jul/2018:16:50:03 -0300] "GET /cormun/servlet/trsolicitudot?gx-no-cache=1532375150566 HTTP/1.1" 200 7439
186.103.159.189 - - [23/Jul/2018:16:50:10 -0300] "GET /cormun/servlet/prcontratosol?17522133,,,,,MD,,gxPopupLevel%3D0%3B HTTP/1.1" 200 7695
186.103.161.206 - - [23/Jul/2018:16:50:15 -0300] "GET /cormun/servlet/trvisualizadoreventos? HTTP/1.1" 200 6987
186.103.161.206 - - [23/Jul/2018:16:50:15 -0300] "GET /cormun/static/gxcfg.js?20175251251426 HTTP/1.1" 200 953
186.67.203.186 - - [23/Jul/2018:16:50:15 -0300] "GET /cormun/static/trvisualizadoreventos.js?20175251251768 HTTP/1.1" 200 19318
186.103.161.206 - - [23/Jul/2018:16:50:15 -0300] "GET /cormun/static/Resources/PXToolsActionPrint.png HTTP/1.1" 200 3317
186.67.203.186 - - [23/Jul/2018:16:50:16 -0300] "GET /cormun/servlet/trvisualizadoreventos? HTTP/1.1" 200 6966
186.103.159.189 - - [23/Jul/2018:16:50:19 -0300] "POST /cormun/servlet/solicitudot?gx-no-cache=1532375347384 HTTP/1.1" 200 1376
186.103.159.189 - - [23/Jul/2018:16:50:19 -0300] "POST /cormun/servlet/solicitudot?gx-no-cache=1532375347518 HTTP/1.1" 200 41
186.103.159.189 - - [23/Jul/2018:16:50:19 -0300] "POST /cormun/servlet/solicitudot?gx-no-cache=1532375347563 HTTP/1.1" 200 1357
186.103.159.189 - - [23/Jul/2018:16:50:19 -0300] "POST /cormun/servlet/solicitudot?gx-no-cache=1532375347630 HTTP/1.1" 200 1258
186.103.159.189 - - [23/Jul/2018:16:50:19 -0300] "GET /cormun/servlet/solicitudot?d1580d50bbcbbea0a4af73b37a2eae3033a481ce2d2755739f1d8e3c74e2985922ced459371897ff680460b8db10bc87,gx-no-cache=1532375347691 HTTP/1.1" 200 134
186.103.159.189 - - [23/Jul/2018:16:51:00 -0300] "GET /cormun/servlet/solicitudot?d1580d50bbcbbea0a4af73b37a2eae30b0aa3b74bbdb13c1890ee68ff44d5994a581cb26263c78f9a30554a50adb3894,gx-no-cache=1532375389079 HTTP/1.1" 200 30
186.103.159.189 - - [23/Jul/2018:16:51:00 -0300] "POST /cormun/servlet/solicitudot?gx-no-cache=1532375389167 HTTP/1.1" 200 107
186.103.159.189 - - [23/Jul/2018:16:51:01 -0300] "POST /cormun/servlet/solicitudot?f9ac3e56f2d67392a4061e34b412a0fd,INS,0,0,,gx-no-cache=1532375389284 HTTP/1.1" 200 11835
192.168.10.96 - - [23/Jul/2018:16:51:03 -0300] "POST /digitalizacion/servlet/trdocumentos?a0b4aa7710625a6ba7e1ade46a092900,,gx-no-cache=1532375249914 HTTP/1.1" 200 3238
186.79.250.164 - - [23/Jul/2018:16:51:03 -0300] "GET /cormun/servlet/trsolicitudot? HTTP/1.1" 200 7446
186.79.250.164 - - [23/Jul/2018:16:51:03 -0300] "GET /cormun/static/gxcfg.js?2017111422585916 HTTP/1.1" 200 953
200.120.230.22 - - [23/Jul/2018:16:51:03 -0300] "GET /cormun/static/trsolicitudot.js?201711142259839 HTTP/1.1" 200 54041
200.120.230.22 - - [23/Jul/2018:16:51:03 -0300] "GET /cormun/servlet/trsolicitudot? HTTP/1.1" 200 7446
192.168.10.96 - - [23/Jul/2018:16:51:04 -0300] "GET /digitalizacion/servlet/wbadjunto?6137,PU HTTP/1.1" 302 -
192.168.10.96 - - [23/Jul/2018:16:51:04 -0300] "GET /digitalizacion/PublicTempStorage/7113988.tmp HTTP/1.1" 200 785605
186.103.159.189 - - [23/Jul/2018:16:51:15 -0300] "POST /cormun/servlet/solicitudot?gx-no-cache=1532375404223 HTTP/1.1" 200 135
186.103.159.189 - - [23/Jul/2018:16:51:16 -0300] "POST /cormun/servlet/solicitudot?f9ac3e56f2d67392a4061e34b412a0fd,INS,0,0,,gx-no-cache=1532375404339 HTTP/1.1" 200 11889
186.103.159.189 - - [23/Jul/2018:16:51:25 -0300] "GET /cormun/servlet/prcontratosol?17522133,,,,,MD,,gxPopupLevel%3D0%3B HTTP/1.1" 200 7695
186.79.250.164 - - [23/Jul/2018:16:51:52 -0300] "GET /cormun/servlet/trsolicitudot? HTTP/1.1" 200 7445
186.79.250.164 - - [23/Jul/2018:16:51:53 -0300] "GET /cormun/servlet/trsolicitudot? HTTP/1.1" 200 7445
200.120.230.22 - - [23/Jul/2018:16:52:00 -0300] "GET /cormun/servlet/solicitudot?INS,0,0, HTTP/1.1" 200 13694
200.120.230.22 - - [23/Jul/2018:16:52:00 -0300] "GET /cormun/servlet/solicitudot?INS,0,0, HTTP/1.1" 200 13699
192.168.10.96 - - [23/Jul/2018:16:52:04 -0300] "POST /digitalizacion/servlet/trdocumentos?a0b4aa7710625a6ba7e1ade46a092900,,gx-no-cache=1532375310859 HTTP/1.1" 200 5149
192.168.10.96 - - [23/Jul/2018:16:52:07 -0300] "GET /digitalizacion/servlet/wbadjunto?6293,PU HTTP/1.1" 302 -
192.168.10.96 - - [23/Jul/2018:16:52:07 -0300] "GET /digitalizacion/PublicTempStorage/6590144.tmp HTTP/1.1" 200 829901
186.103.159.189 - - [23/Jul/2018:16:52:10 -0300] "POST /cormun/servlet/solicitudot?gx-no-cache=1532375458686 HTTP/1.1" 200 30
200.120.230.22 - - [23/Jul/2018:16:52:17 -0300] "POST /cormun/servlet/solicitudot?gx-no-cache=1532375464061 HTTP/1.1" 200 3408
200.120.230.22 - - [23/Jul/2018:16:52:17 -0300] "POST /cormun/servlet/solicitudot?ed59000c64b436509890022807498df8,INS,0,0,,gx-no-cache=1532375464331 HTTP/1.1" 200 10575
186.103.159.189 - - [23/Jul/2018:16:52:30 -0300] "POST /cormun/servlet/solicitudot?gx-no-cache=1532375479127 HTTP/1.1" 200 30
200.120.230.22 - - [23/Jul/2018:16:52:38 -0300] "POST /cormun/servlet/solicitudot?ed59000c64b436509890022807498df8,INS,0,0,,gx-no-cache=1532375485919 HTTP/1.1" 200 93
200.120.230.22 - - [23/Jul/2018:16:52:38 -0300] "GET /cormun/servlet/hpexe_return? HTTP/1.1" 200 1008
200.120.230.22 - - [23/Jul/2018:16:52:39 -0300] "GET /cormun/servlet/trsolicitudot HTTP/1.1" 200 7448
200.120.230.22 - - [23/Jul/2018:16:52:39 -0300] "GET /cormun/servlet/trsolicitudot HTTP/1.1" 200 7445
186.103.159.189 - - [23/Jul/2018:16:52:42 -0300] "POST /cormun/servlet/solicitudot?gx-no-cache=1532375490791 HTTP/1.1" 200 30
200.120.230.22 - - [23/Jul/2018:16:52:42 -0300] "GET /cormun/servlet/trautorizarsolicitud? HTTP/1.1" 200 8679
