192.168.10.62 - - [12/Jul/2018:12:29:04 -0300] "GET /cormun/servlet/hhome HTTP/1.1" 200 4491
192.168.10.62 - - [12/Jul/2018:12:29:04 -0300] "GET /cormun/servlet/hhome HTTP/1.1" 200 4485
192.168.10.62 - - [12/Jul/2018:12:29:09 -0300] "GET /cormun/servlet/trsolicitudgral? HTTP/1.1" 200 19142
192.168.10.62 - - [12/Jul/2018:12:29:09 -0300] "GET /cormun/servlet/trsolicitudgral? HTTP/1.1" 200 19140
192.168.10.62 - - [12/Jul/2018:12:29:28 -0300] "POST /cormun/servlet/trsolicitudgral?88e20e986c76de3c89418306e08c6334,,gx-no-cache=1531409157851 HTTP/1.1" 200 23829
192.168.10.62 - - [12/Jul/2018:12:29:36 -0300] "POST /cormun/servlet/trsolicitudgral?88e20e986c76de3c89418306e08c6334,,gx-no-cache=1531409166641 HTTP/1.1" 200 18098
192.168.10.62 - - [12/Jul/2018:12:29:37 -0300] "GET /cormun/static/Resources/PXToolsGridFirst.gif HTTP/1.1" 200 379
192.168.10.62 - - [12/Jul/2018:12:29:37 -0300] "GET /cormun/static/Resources/PXToolsGridPrevious.gif HTTP/1.1" 200 369
192.168.10.62 - - [12/Jul/2018:12:29:43 -0300] "POST /cormun/servlet/trsolicitudgral?88e20e986c76de3c89418306e08c6334,,gx-no-cache=1531409172713 HTTP/1.1" 200 23829
192.168.10.62 - - [12/Jul/2018:12:29:47 -0300] "POST /cormun/servlet/trsolicitudgral?88e20e986c76de3c89418306e08c6334,,gx-no-cache=1531409177427 HTTP/1.1" 200 24724
192.168.10.62 - - [12/Jul/2018:12:29:50 -0300] "GET /cormun/servlet/vesolicitudgral?2018,10181,, HTTP/1.1" 200 9129
192.168.10.62 - - [12/Jul/2018:12:29:50 -0300] "GET /cormun/pexe_scrolldiv.js HTTP/1.1" 404 1009
192.168.10.62 - - [12/Jul/2018:12:29:51 -0300] "GET /cormun/pexe_scrolldiv.js HTTP/1.1" 404 1009
192.168.10.62 - - [12/Jul/2018:12:29:51 -0300] "GET /cormun/servlet/vesolicitudgral?2018,10181,, HTTP/1.1" 200 9129
192.168.10.62 - - [12/Jul/2018:12:31:07 -0300] "POST /cormun/servlet/vesolicitudgral?88e20e986c76de3c89418306e08c6334,2018,10181,,,gx-no-cache=1531409258119 HTTP/1.1" 200 90
192.168.10.62 - - [12/Jul/2018:12:31:07 -0300] "GET /cormun/servlet/hpexe_link HTTP/1.1" 200 968
192.168.10.62 - - [12/Jul/2018:12:31:08 -0300] "GET /cormun/servlet/trsolicitudgral? HTTP/1.1" 200 27331
192.168.10.62 - - [12/Jul/2018:12:31:10 -0300] "GET /cormun/servlet/trsolicitudgral? HTTP/1.1" 200 27330
192.168.10.62 - - [12/Jul/2018:12:31:16 -0300] "POST /cormun/servlet/trsolicitudgral?88e20e986c76de3c89418306e08c6334,,gx-no-cache=1531409266301 HTTP/1.1" 200 23827
192.168.10.62 - - [12/Jul/2018:12:31:20 -0300] "GET /cormun/servlet/vesolicitudgral?2018,11698,, HTTP/1.1" 200 9188
192.168.10.62 - - [12/Jul/2018:12:31:21 -0300] "GET /cormun/pexe_scrolldiv.js HTTP/1.1" 404 1009
192.168.10.62 - - [12/Jul/2018:12:31:21 -0300] "GET /cormun/pexe_scrolldiv.js HTTP/1.1" 404 1009
192.168.10.62 - - [12/Jul/2018:12:31:21 -0300] "GET /cormun/servlet/vesolicitudgral?2018,11698,, HTTP/1.1" 200 9188
192.168.10.62 - - [12/Jul/2018:12:31:35 -0300] "POST /cormun/servlet/vesolicitudgral?88e20e986c76de3c89418306e08c6334,2018,11698,,,gx-no-cache=1531409285835 HTTP/1.1" 200 90
192.168.10.62 - - [12/Jul/2018:12:31:35 -0300] "GET /cormun/servlet/hpexe_link HTTP/1.1" 200 969
192.168.10.62 - - [12/Jul/2018:12:31:36 -0300] "GET /cormun/servlet/trsolicitudgral? HTTP/1.1" 200 26268
192.168.10.62 - - [12/Jul/2018:12:31:37 -0300] "GET /cormun/servlet/trsolicitudgral? HTTP/1.1" 200 26267
186.67.172.234 - - [12/Jul/2018:12:31:39 -0300] "GET /cormun/servlet/hlogin HTTP/1.1" 200 1723
186.67.172.234 - - [12/Jul/2018:12:31:48 -0300] "POST /cormun/servlet/hlogin?7fc27ea81883db479d7bfc556a532ba6,gx-no-cache=1531405744968 HTTP/1.1" 200 90
186.67.172.234 - - [12/Jul/2018:12:31:48 -0300] "GET /cormun/servlet/hpexe_link HTTP/1.1" 200 948
186.67.172.234 - - [12/Jul/2018:12:31:48 -0300] "GET /cormun/servlet/hhome HTTP/1.1" 200 4241
186.67.172.234 - - [12/Jul/2018:12:32:02 -0300] "GET /cormun/servlet/hhome HTTP/1.1" 200 4237
186.67.172.234 - - [12/Jul/2018:12:32:28 -0300] "GET /cormun/servlet/trsolicitudot? HTTP/1.1" 200 7453
186.67.172.234 - - [12/Jul/2018:12:32:33 -0300] "GET /cormun/servlet/trsolicitudot? HTTP/1.1" 200 7453
186.67.172.234 - - [12/Jul/2018:12:32:33 -0300] "GET /cormun/servlet/trsolicitudot? HTTP/1.1" 200 7452
192.168.10.62 - - [12/Jul/2018:12:32:35 -0300] "POST /cormun/servlet/trsolicitudgral?88e20e986c76de3c89418306e08c6334,,gx-no-cache=1531409345706 HTTP/1.1" 200 7269
192.168.10.62 - - [12/Jul/2018:12:32:36 -0300] "GET /cormun/servlet/vesolicitudgral?2018,10181,, HTTP/1.1" 200 9129
192.168.10.62 - - [12/Jul/2018:12:32:36 -0300] "GET /cormun/pexe_scrolldiv.js HTTP/1.1" 404 1009
192.168.10.62 - - [12/Jul/2018:12:32:36 -0300] "GET /cormun/pexe_scrolldiv.js HTTP/1.1" 404 1009
192.168.10.62 - - [12/Jul/2018:12:32:37 -0300] "GET /cormun/servlet/vesolicitudgral?2018,10181,, HTTP/1.1" 200 9129
186.67.172.234 - - [12/Jul/2018:12:32:45 -0300] "GET /cormun/servlet/solicitudot?INS,0,0, HTTP/1.1" 200 13688
186.67.172.234 - - [12/Jul/2018:12:32:49 -0300] "GET /cormun/servlet/solicitudot?INS,0,0, HTTP/1.1" 200 13688
192.168.10.62 - - [12/Jul/2018:12:33:11 -0300] "POST /cormun/servlet/vesolicitudgral?88e20e986c76de3c89418306e08c6334,2018,10181,,,gx-no-cache=1531409382005 HTTP/1.1" 200 90
192.168.10.62 - - [12/Jul/2018:12:33:11 -0300] "GET /cormun/servlet/hpexe_link HTTP/1.1" 200 968
192.168.10.62 - - [12/Jul/2018:12:33:11 -0300] "GET /cormun/servlet/trsolicitudgral? HTTP/1.1" 200 10341
192.168.10.62 - - [12/Jul/2018:12:33:11 -0300] "GET /cormun/servlet/trsolicitudgral? HTTP/1.1" 200 10340
192.168.10.62 - - [12/Jul/2018:12:33:17 -0300] "POST /cormun/servlet/trsolicitudgral?88e20e986c76de3c89418306e08c6334,,gx-no-cache=1531409387868 HTTP/1.1" 200 7270
192.168.10.62 - - [12/Jul/2018:12:33:19 -0300] "GET /cormun/servlet/vesolicitudgral?2018,11698,, HTTP/1.1" 200 9188
192.168.10.62 - - [12/Jul/2018:12:33:19 -0300] "GET /cormun/pexe_scrolldiv.js HTTP/1.1" 404 1009
192.168.10.62 - - [12/Jul/2018:12:33:19 -0300] "GET /cormun/pexe_scrolldiv.js HTTP/1.1" 404 1009
192.168.10.62 - - [12/Jul/2018:12:33:19 -0300] "GET /cormun/servlet/vesolicitudgral?2018,11698,, HTTP/1.1" 200 9188
186.103.159.44 - - [12/Jul/2018:12:33:47 -0300] "GET /cormun/servlet/hlogin HTTP/1.1" 200 1720
186.103.159.44 - - [12/Jul/2018:12:33:47 -0300] "GET /cormun/static/gxtimezone.js?85251 HTTP/1.1" 200 5781
186.103.159.44 - - [12/Jul/2018:12:33:47 -0300] "GET /cormun/static/gxcfg.js?20175251213516 HTTP/1.1" 200 953
186.103.159.44 - - [12/Jul/2018:12:33:47 -0300] "GET /cormun/static/Resources/ComunLogin.png HTTP/1.1" 200 17326
186.103.159.44 - - [12/Jul/2018:12:33:47 -0300] "GET /cormun/static/messages.spa.js?85251 HTTP/1.1" 200 30736
186.103.159.44 - - [12/Jul/2018:12:33:47 -0300] "GET /cormun/static/hlogin.js?20175251213537 HTTP/1.1" 200 2136
186.103.159.44 - - [12/Jul/2018:12:33:47 -0300] "GET /cormun/static/Resources/Spanish/PXTools.css?11423723 HTTP/1.1" 200 89042
186.103.159.44 - - [12/Jul/2018:12:33:48 -0300] "GET /cormun/static/gxgral.js?85251 HTTP/1.1" 200 384558
186.103.159.44 - - [12/Jul/2018:12:33:49 -0300] "GET /cormun/servlet/hlogin HTTP/1.1" 200 1730
186.103.159.44 - - [12/Jul/2018:12:33:49 -0300] "GET /cormun/static/Resources/indicator.gif HTTP/1.1" 200 1553
186.103.159.44 - - [12/Jul/2018:12:33:49 -0300] "GET /cormun/static/Resources/PXToolsLoginBackground.png HTTP/1.1" 200 1164
186.103.159.44 - - [12/Jul/2018:12:33:49 -0300] "GET /cormun/static/Resources/PXToolsButtonLeft21.png HTTP/1.1" 200 1287
186.103.159.44 - - [12/Jul/2018:12:33:49 -0300] "GET /cormun/static/Resources/PXToolsButtonRight21.png HTTP/1.1" 200 1283
186.103.159.44 - - [12/Jul/2018:12:33:49 -0300] "GET /cormun/static/Resources/PXToolsButtonBackground2.png HTTP/1.1" 200 1181
186.103.159.44 - - [12/Jul/2018:12:33:49 -0300] "GET /cormun/static/Resources/PXToolsLoginTop.png HTTP/1.1" 200 1337
186.103.159.44 - - [12/Jul/2018:12:33:49 -0300] "GET /cormun/static/Resources/PXToolsLoginBottom.png HTTP/1.1" 200 1389
186.103.159.44 - - [12/Jul/2018:12:33:49 -0300] "GET /favicon.ico HTTP/1.1" 200 21630
186.67.172.234 - - [12/Jul/2018:12:34:10 -0300] "GET /cormun/servlet/solicitudot?INS,0,0, HTTP/1.1" 200 13688
186.67.172.234 - - [12/Jul/2018:12:34:11 -0300] "GET /cormun/servlet/solicitudot?INS,0,0, HTTP/1.1" 200 13693
186.67.172.234 - - [12/Jul/2018:12:34:26 -0300] "POST /cormun/servlet/solicitudot?gx-no-cache=1531405903431 HTTP/1.1" 200 3295
186.67.172.234 - - [12/Jul/2018:12:34:26 -0300] "POST /cormun/servlet/solicitudot?7fc27ea81883db479d7bfc556a532ba6,INS,0,0,,gx-no-cache=1531405903846 HTTP/1.1" 200 10443
186.67.172.234 - - [12/Jul/2018:12:34:31 -0300] "GET /cormun/servlet/solicitudot?cff765b330f7f496946573971e181d459b7d0a3bec885ce95c9a54d9e47866fc042b8a2ea000acacb4a50a094e5025ac,gx-no-cache=1531405908416 HTTP/1.1" 200 30
192.168.10.62 - - [12/Jul/2018:12:34:35 -0300] "POST /cormun/servlet/vesolicitudgral?88e20e986c76de3c89418306e08c6334,2018,11698,,,gx-no-cache=1531409466482 HTTP/1.1" 200 90
192.168.10.62 - - [12/Jul/2018:12:34:35 -0300] "GET /cormun/servlet/hpexe_link HTTP/1.1" 200 969
192.168.10.62 - - [12/Jul/2018:12:34:36 -0300] "GET /cormun/servlet/trsolicitudgral? HTTP/1.1" 200 10346
192.168.10.62 - - [12/Jul/2018:12:34:36 -0300] "GET /cormun/servlet/trsolicitudgral? HTTP/1.1" 200 10345
192.168.10.62 - - [12/Jul/2018:12:35:12 -0300] "POST /cormun/servlet/trsolicitudgral?88e20e986c76de3c89418306e08c6334,,gx-no-cache=1531409503333 HTTP/1.1" 200 7263
192.168.10.62 - - [12/Jul/2018:12:35:15 -0300] "POST /cormun/servlet/trsolicitudgral?88e20e986c76de3c89418306e08c6334,,gx-no-cache=1531409505945 HTTP/1.1" 200 90
192.168.10.62 - - [12/Jul/2018:12:35:15 -0300] "GET /cormun/servlet/hpexe_link HTTP/1.1" 200 958
192.168.10.62 - - [12/Jul/2018:12:35:15 -0300] "GET /cormun/servlet/hhome HTTP/1.1" 200 4489
192.168.10.62 - - [12/Jul/2018:12:35:15 -0300] "GET /cormun/servlet/hhome HTTP/1.1" 200 4485
192.168.10.62 - - [12/Jul/2018:12:35:20 -0300] "GET /cormun/servlet/trsolicitudgral? HTTP/1.1" 200 10336
192.168.10.62 - - [12/Jul/2018:12:35:20 -0300] "GET /cormun/servlet/trsolicitudgral? HTTP/1.1" 200 10334
119.15.81.182 - - [12/Jul/2018:12:35:23 -0300] "GET / HTTP/1.1" 200 11217
192.168.10.62 - - [12/Jul/2018:12:35:47 -0300] "POST /cormun/servlet/trsolicitudgral?88e20e986c76de3c89418306e08c6334,,gx-no-cache=1531409518644 HTTP/1.1" 200 26699
192.168.10.62 - - [12/Jul/2018:12:36:05 -0300] "GET /cormun/servlet/trconsultaempleado? HTTP/1.1" 200 10223
192.168.10.62 - - [12/Jul/2018:12:36:06 -0300] "GET /cormun/servlet/trconsultaempleado? HTTP/1.1" 200 10222
186.67.172.234 - - [12/Jul/2018:12:36:09 -0300] "GET /cormun/servlet/solicitudot?cff765b330f7f496946573971e181d45661d8546ddffc8e26268b293bf6b8e68,gx-no-cache=1531406006963 HTTP/1.1" 200 94
186.67.172.234 - - [12/Jul/2018:12:36:10 -0300] "GET /cormun/static/Shared/jqueryui/images/ui-bg_highlight-soft_100_c6c2c8_1x100.png HTTP/1.1" 404 1117
186.67.172.234 - - [12/Jul/2018:12:36:13 -0300] "GET /cormun/static/Shared/jqueryui/images/ui-icons_82798d_256x240.png HTTP/1.1" 404 1089
186.67.172.234 - - [12/Jul/2018:12:36:13 -0300] "GET /cormun/static/Shared/jqueryui/images/ui-bg_flat_55_994d53_40x100.png HTTP/1.1" 404 1097
186.67.172.234 - - [12/Jul/2018:12:36:13 -0300] "GET /cormun/servlet/solicitudot?cff765b330f7f496946573971e181d45a2adf86f24f5621d3cd7c323f08342d9,gx-no-cache=1531406007074 HTTP/1.1" 200 29
186.67.172.234 - - [12/Jul/2018:12:36:13 -0300] "GET /cormun/static/Shared/jqueryui/images/ui-icons_ebccce_256x240.png HTTP/1.1" 404 1089
192.168.10.62 - - [12/Jul/2018:12:36:13 -0300] "POST /cormun/servlet/trconsultaempleado?88e20e986c76de3c89418306e08c6334,,gx-no-cache=1531409564599 HTTP/1.1" 200 4822
192.168.10.62 - - [12/Jul/2018:12:36:18 -0300] "GET /cormun/servlet/trsolicitudnombre?12515677, HTTP/1.1" 200 8667
192.168.10.62 - - [12/Jul/2018:12:36:18 -0300] "GET /cormun/static/gxcfg.js?20177612153745 HTTP/1.1" 304 -
192.168.10.62 - - [12/Jul/2018:12:36:18 -0300] "GET /cormun/servlet/trsolicitudnombre?12515677, HTTP/1.1" 200 8669
192.168.10.62 - - [12/Jul/2018:12:36:20 -0300] "GET /cormun/servlet/vesolicitudnombre?2018,11602,, HTTP/1.1" 200 8727
192.168.10.62 - - [12/Jul/2018:12:36:20 -0300] "GET /cormun/static/gxcfg.js?20177612153644 HTTP/1.1" 304 -
192.168.10.62 - - [12/Jul/2018:12:36:20 -0300] "GET /cormun/pexe_scrolldiv.js HTTP/1.1" 404 1009
192.168.10.62 - - [12/Jul/2018:12:36:20 -0300] "GET /cormun/pexe_scrolldiv.js HTTP/1.1" 404 1009
192.168.10.62 - - [12/Jul/2018:12:36:20 -0300] "GET /cormun/servlet/vesolicitudnombre?2018,11602,, HTTP/1.1" 200 8722
186.67.172.234 - - [12/Jul/2018:12:36:58 -0300] "GET /cormun/servlet/solicitudot?cff765b330f7f496946573971e181d45c006e2e8b6aa237010401ceadbed313231fd33fff711cc74fbf945249ff45268f310f3117c7cff47d7737bc4b85d33bac33595062c8f5ae2d208b0989697d81f,gx-no-cache=1531406053342 HTTP/1.1" 200 30
186.67.172.234 - - [12/Jul/2018:12:37:01 -0300] "GET /cormun/servlet/prbanco?,MD,,gxPopupLevel%3D0%3B HTTP/1.1" 200 6680
192.168.10.62 - - [12/Jul/2018:12:37:26 -0300] "POST /cormun/servlet/vesolicitudnombre?88e20e986c76de3c89418306e08c6334,2018,11602,,,gx-no-cache=1531409636982 HTTP/1.1" 200 90
192.168.10.62 - - [12/Jul/2018:12:37:26 -0300] "GET /cormun/servlet/hpexe_link HTTP/1.1" 200 979
192.168.10.62 - - [12/Jul/2018:12:37:26 -0300] "GET /cormun/servlet/trsolicitudnombre?12515677, HTTP/1.1" 200 8668
192.168.10.62 - - [12/Jul/2018:12:37:26 -0300] "GET /cormun/servlet/trsolicitudnombre?12515677, HTTP/1.1" 200 8670
192.168.10.62 - - [12/Jul/2018:12:37:29 -0300] "POST /cormun/servlet/trsolicitudnombre?88e20e986c76de3c89418306e08c6334,12515677,,gx-no-cache=1531409639801 HTTP/1.1" 200 90
192.168.10.62 - - [12/Jul/2018:12:37:29 -0300] "GET /cormun/servlet/hpexe_link HTTP/1.1" 200 977
192.168.10.62 - - [12/Jul/2018:12:37:29 -0300] "GET /cormun/servlet/trconsultaempleado? HTTP/1.1" 200 7077
192.168.10.62 - - [12/Jul/2018:12:37:29 -0300] "GET /cormun/servlet/trconsultaempleado? HTTP/1.1" 200 7075
192.168.10.62 - - [12/Jul/2018:12:37:34 -0300] "POST /cormun/servlet/trconsultaempleado?88e20e986c76de3c89418306e08c6334,,gx-no-cache=1531409644799 HTTP/1.1" 200 7774
192.168.10.62 - - [12/Jul/2018:12:37:38 -0300] "GET /cormun/servlet/trsolicitudnombre?9813073, HTTP/1.1" 200 7960
192.168.10.62 - - [12/Jul/2018:12:37:38 -0300] "GET /cormun/servlet/trsolicitudnombre?9813073, HTTP/1.1" 200 7963
192.168.10.62 - - [12/Jul/2018:12:37:40 -0300] "GET /cormun/servlet/vesolicitudnombre?2018,11366,, HTTP/1.1" 200 8760
192.168.10.62 - - [12/Jul/2018:12:37:40 -0300] "GET /cormun/pexe_scrolldiv.js HTTP/1.1" 404 1009
192.168.10.62 - - [12/Jul/2018:12:37:40 -0300] "GET /cormun/pexe_scrolldiv.js HTTP/1.1" 404 1009
192.168.10.62 - - [12/Jul/2018:12:37:41 -0300] "GET /cormun/servlet/vesolicitudnombre?2018,11366,, HTTP/1.1" 200 8756
186.103.159.44 - - [12/Jul/2018:12:38:56 -0300] "POST /cormun/servlet/hlogin?998c75d5efd7d8c115acfe8a8816b066,gx-no-cache=1531409868292 HTTP/1.1" 200 90
186.103.159.44 - - [12/Jul/2018:12:38:56 -0300] "GET /cormun/servlet/hpexe_link HTTP/1.1" 200 952
186.103.159.44 - - [12/Jul/2018:12:38:56 -0300] "GET /cormun/static/gxcfg.js?20177612121792 HTTP/1.1" 200 953
186.103.159.44 - - [12/Jul/2018:12:38:56 -0300] "GET /cormun/static/hpexe_link.js?20177612121795 HTTP/1.1" 200 625
186.103.159.44 - - [12/Jul/2018:12:38:56 -0300] "GET /cormun/static/Resources/Spanish/PXTools.css?1155365 HTTP/1.1" 200 89042
186.103.159.44 - - [12/Jul/2018:12:38:56 -0300] "GET /cormun/servlet/hhome HTTP/1.1" 200 4179
186.103.159.44 - - [12/Jul/2018:12:38:56 -0300] "GET /cormun/static/Shared/jqueryui/jquery-ui.min.css?1245370 HTTP/1.1" 200 30288
186.103.159.44 - - [12/Jul/2018:12:38:56 -0300] "GET /cormun/static/SmoothNavMenu/resources/ddsmoothmenu.css?1012540 HTTP/1.1" 200 2223
186.103.159.44 - - [12/Jul/2018:12:38:56 -0300] "GET /cormun/static/SmoothNavMenu/resources/ddsmoothmenu-v.css?1012540 HTTP/1.1" 200 1188
186.103.159.44 - - [12/Jul/2018:12:38:56 -0300] "GET /cormun/static/scaMessage/css/jquery.pnotify.default.css?1716380 HTTP/1.1" 200 1707
186.103.159.44 - - [12/Jul/2018:12:38:56 -0300] "GET /cormun/static/gxcfg.js?20175251212442 HTTP/1.1" 200 953
186.103.159.44 - - [12/Jul/2018:12:38:56 -0300] "GET /cormun/static/PXToolsJavascripts/pexe_cookies.js HTTP/1.1" 200 792
186.103.159.44 - - [12/Jul/2018:12:38:56 -0300] "GET /cormun/static/PXToolsJavascripts/pexe_windows.js HTTP/1.1" 200 15207
186.103.159.44 - - [12/Jul/2018:12:38:56 -0300] "GET /cormun/static/PXToolsJavascripts/pexe_autoreload.js HTTP/1.1" 200 1762
186.103.159.44 - - [12/Jul/2018:12:38:56 -0300] "GET /cormun/static/PXToolsJavascripts/pexe_grid.js HTTP/1.1" 200 7559
186.103.159.44 - - [12/Jul/2018:12:38:56 -0300] "GET /cormun/static/PXToolsJavascripts/pexe_griddivfix.js HTTP/1.1" 200 6644
186.103.159.44 - - [12/Jul/2018:12:38:56 -0300] "GET /cormun/static/PXToolsJavascripts/pexe_link.js HTTP/1.1" 200 5671
186.103.159.44 - - [12/Jul/2018:12:38:56 -0300] "GET /cormun/static/PXToolsJavascripts/pexe_menudivfix.js HTTP/1.1" 200 333
186.103.159.44 - - [12/Jul/2018:12:38:56 -0300] "GET /cormun/static/PXToolsJavascripts/pexe_menus.js HTTP/1.1" 200 1286
186.103.159.44 - - [12/Jul/2018:12:38:56 -0300] "GET /cormun/static/PXToolsJavascripts/pexe_layers.js HTTP/1.1" 200 4114
186.103.159.44 - - [12/Jul/2018:12:38:56 -0300] "GET /cormun/static/PXToolsJavascripts/pexe_oavdivfix.js HTTP/1.1" 200 639
186.103.159.44 - - [12/Jul/2018:12:38:56 -0300] "GET /cormun/static/PXToolsJavascripts/pexe_oav.js HTTP/1.1" 200 645
186.103.159.44 - - [12/Jul/2018:12:38:56 -0300] "GET /cormun/static/PXToolsJavascripts/pexe_popup.js HTTP/1.1" 200 13458
186.103.159.44 - - [12/Jul/2018:12:38:56 -0300] "GET /cormun/static/PXToolsJavascripts/pexe_scrolldiv.js HTTP/1.1" 200 4138
186.103.159.44 - - [12/Jul/2018:12:38:56 -0300] "GET /cormun/static/PXToolsJavascripts/pexe_picture.js HTTP/1.1" 200 689
186.103.159.44 - - [12/Jul/2018:12:38:56 -0300] "GET /cormun/static/PXToolsJavascripts/pexe_upload.js HTTP/1.1" 200 1423
186.103.159.44 - - [12/Jul/2018:12:38:56 -0300] "GET /cormun/static/PXToolsJavascripts/pexe_tabdivfix.js HTTP/1.1" 200 876
186.103.159.44 - - [12/Jul/2018:12:38:56 -0300] "GET /cormun/static/PXToolsJavascripts/pexe_tabs.js HTTP/1.1" 200 3748
186.103.159.44 - - [12/Jul/2018:12:38:56 -0300] "GET /cormun/static/PXToolsJavascripts/PXToolsJavascriptsRender.js HTTP/1.1" 200 367
186.103.159.44 - - [12/Jul/2018:12:38:57 -0300] "GET /cormun/static/Resources/logo4.png HTTP/1.1" 200 6582
186.103.159.44 - - [12/Jul/2018:12:38:57 -0300] "GET /cormun/static/Resources/PXToolsHeaderActionsLeft.png HTTP/1.1" 200 1118
186.103.159.44 - - [12/Jul/2018:12:38:57 -0300] "GET /cormun/static/Resources/PXToolsHeaderHome.png HTTP/1.1" 200 4147
186.103.159.44 - - [12/Jul/2018:12:38:57 -0300] "GET /cormun/static/Resources/PXToolsHeaderLogin.png HTTP/1.1" 200 4279
186.103.159.44 - - [12/Jul/2018:12:38:57 -0300] "GET /cormun/static/Resources/PXToolsHeaderPreferences.png HTTP/1.1" 200 4189
186.103.159.44 - - [12/Jul/2018:12:38:57 -0300] "GET /cormun/static/RunJS/RunJS.js HTTP/1.1" 200 288
186.103.159.44 - - [12/Jul/2018:12:38:57 -0300] "GET /cormun/static/Resources/PXToolsHeaderSecurity.png HTTP/1.1" 200 4166
186.103.159.44 - - [12/Jul/2018:12:38:57 -0300] "GET /cormun/static/Resources/PXToolsHeaderActionsRight.png HTTP/1.1" 200 1201
186.103.159.44 - - [12/Jul/2018:12:38:57 -0300] "GET /cormun/static/Shared/ext/locale/ext-lang-en.js HTTP/1.1" 200 10940
186.103.159.44 - - [12/Jul/2018:12:38:57 -0300] "GET /cormun/static/gxui/gxui-all.js HTTP/1.1" 200 107772
186.103.159.44 - - [12/Jul/2018:12:38:57 -0300] "GET /cormun/static/hhome.js?20175251212450 HTTP/1.1" 200 777
186.103.159.44 - - [12/Jul/2018:12:38:57 -0300] "GET /cormun/static/hwchdr01.js?201752511465785 HTTP/1.1" 200 1183
186.103.159.44 - - [12/Jul/2018:12:38:57 -0300] "GET /cormun/static/hpexe_recentlink.js?20177611595044 HTTP/1.1" 200 2144
186.103.159.44 - - [12/Jul/2018:12:38:57 -0300] "GET /cormun/static/hpexe_scripts.js?201752511465715 HTTP/1.1" 200 1544
186.103.159.44 - - [12/Jul/2018:12:38:57 -0300] "GET /cormun/static/hpexe_messagecontroller.js?20177611595012 HTTP/1.1" 200 870
186.103.159.44 - - [12/Jul/2018:12:38:57 -0300] "GET /cormun/static/hpexe_messagepopupcomponent.js?20161017169425 HTTP/1.1" 200 605
186.103.159.44 - - [12/Jul/2018:12:38:57 -0300] "GET /cormun/static/hpexe_messagegenexuscomponent.js?201752511465344 HTTP/1.1" 200 587
186.103.159.44 - - [12/Jul/2018:12:38:57 -0300] "GET /cormun/static/cmcontrolpreferences.js?201752511465670 HTTP/1.1" 200 1375
186.103.159.44 - - [12/Jul/2018:12:38:57 -0300] "GET /cormun/static/Resources/PXToolsHeaderBackground2.png HTTP/1.1" 200 1174
186.103.159.44 - - [12/Jul/2018:12:38:57 -0300] "GET /cormun/static/Shared/jquery/jquery-1.4.2.min.js HTTP/1.1" 200 72174
186.103.159.44 - - [12/Jul/2018:12:38:57 -0300] "GET /cormun/static/Resources/PXToolsHeaderActionsBackground.png HTTP/1.1" 200 484
186.103.159.44 - - [12/Jul/2018:12:38:57 -0300] "GET /cormun/static/Resources/PXToolsDataTitle.png HTTP/1.1" 200 1173
186.103.159.44 - - [12/Jul/2018:12:38:57 -0300] "GET /cormun/static/Resources/PXToolsFooterBackground2.png HTTP/1.1" 200 1172
186.103.159.44 - - [12/Jul/2018:12:38:57 -0300] "GET /cormun/static/SmoothNavMenu/resources/ddsmoothmenu.js HTTP/1.1" 200 12712
186.103.159.44 - - [12/Jul/2018:12:38:57 -0300] "GET /cormun/static/SmoothNavMenu/resources/SmoothNavMenuRender.js HTTP/1.1" 200 5951
186.103.159.44 - - [12/Jul/2018:12:38:57 -0300] "GET /cormun/static/scaMessage/js/jquery.pnotify.min.js HTTP/1.1" 200 13038
186.103.159.44 - - [12/Jul/2018:12:38:57 -0300] "GET /cormun/static/scaMessage/scaMessageRender.js HTTP/1.1" 200 11977
186.103.159.44 - - [12/Jul/2018:12:38:57 -0300] "GET /cormun/static/hmpwkw03.js?20177612122668 HTTP/1.1" 200 3965
186.103.159.44 - - [12/Jul/2018:12:38:57 -0300] "GET /cormun/static/Shared/jqueryui/jquery-ui.min.js HTTP/1.1" 200 240427
186.103.159.44 - - [12/Jul/2018:12:38:57 -0300] "GET /cormun/static/Shared/ext/ext-all.js HTTP/1.1" 200 1289687
186.103.159.44 - - [12/Jul/2018:12:38:57 -0300] "GET /cormun/static/Shared/jquery/jquery-1.10.2.min.js HTTP/1.1" 200 273199
186.103.159.44 - - [12/Jul/2018:12:38:58 -0300] "GET /cormun/static/SmoothNavMenu/resources/images/down.gif HTTP/1.1" 200 854
186.103.159.44 - - [12/Jul/2018:12:38:58 -0300] "GET /cormun/static/SmoothNavMenu/resources/images/right.gif HTTP/1.1" 200 860
186.67.172.234 - - [12/Jul/2018:12:39:16 -0300] "GET /cormun/servlet/prbanco?,MD,,gxPopupLevel%3D0%3B HTTP/1.1" 200 6680
186.67.172.234 - - [12/Jul/2018:12:39:30 -0300] "GET /cormun/servlet/solicitudot?cff765b330f7f496946573971e181d452fbef93fa4df7ef2d7f6472325d46abb,gx-no-cache=1531406207768 HTTP/1.1" 200 53
186.103.159.44 - - [12/Jul/2018:12:39:32 -0300] "GET /cormun/servlet/trlicencias? HTTP/1.1" 200 12544
186.103.159.44 - - [12/Jul/2018:12:39:32 -0300] "GET /cormun/static/gxui/gxui-all.css?110300 HTTP/1.1" 200 2179
186.103.159.44 - - [12/Jul/2018:12:39:32 -0300] "GET /cormun/static/calendar-system.css?75620 HTTP/1.1" 200 5572
186.103.159.44 - - [12/Jul/2018:12:39:32 -0300] "GET /cormun/static/gxcfg.js?20176272054169 HTTP/1.1" 200 953
186.103.159.44 - - [12/Jul/2018:12:39:32 -0300] "GET /cormun/static/calendar-setup.js?85251 HTTP/1.1" 200 2588
186.103.159.44 - - [12/Jul/2018:12:39:32 -0300] "GET /cormun/static/calendar-es.js?85251 HTTP/1.1" 200 1901
186.103.159.44 - - [12/Jul/2018:12:39:32 -0300] "GET /cormun/static/calendar.js?85251 HTTP/1.1" 200 26246
186.103.159.44 - - [12/Jul/2018:12:39:32 -0300] "GET /cormun/static/Resources/Spanish/PXTools.css?17315867 HTTP/1.1" 200 89042
186.103.159.44 - - [12/Jul/2018:12:39:32 -0300] "GET /cormun/static/Resources/PXTools/calendar.png HTTP/1.1" 200 1306
186.103.159.44 - - [12/Jul/2018:12:39:32 -0300] "GET /cormun/static/Resources/PXToolsDataSearch.png HTTP/1.1" 200 419
186.103.159.44 - - [12/Jul/2018:12:39:32 -0300] "GET /cormun/static/Resources/PXToolsGridFirstDisabled.gif HTTP/1.1" 200 100
186.103.159.44 - - [12/Jul/2018:12:39:32 -0300] "GET /cormun/static/Resources/PXToolsGridPreviousDisabled.gif HTTP/1.1" 200 90
186.103.159.44 - - [12/Jul/2018:12:39:32 -0300] "GET /cormun/static/Resources/PXToolsGridNextDisabled.gif HTTP/1.1" 200 90
186.103.159.44 - - [12/Jul/2018:12:39:32 -0300] "GET /cormun/static/Resources/PXToolsGridLastDisabled.gif HTTP/1.1" 200 98
186.103.159.44 - - [12/Jul/2018:12:39:32 -0300] "GET /cormun/static/Resources/PXToolsGridPage.gif HTTP/1.1" 200 725
186.103.159.44 - - [12/Jul/2018:12:39:32 -0300] "GET /cormun/static/Resources/PXToolsActionExcel.png HTTP/1.1" 200 3187
186.103.159.44 - - [12/Jul/2018:12:39:32 -0300] "GET /cormun/static/Resources/PXToolsGridNew.png HTTP/1.1" 200 2949
186.103.159.44 - - [12/Jul/2018:12:39:32 -0300] "GET /cormun/static/gxdec.js?85251 HTTP/1.1" 200 19579
186.103.159.44 - - [12/Jul/2018:12:39:32 -0300] "GET /cormun/static/trlicencias.js?20176272054837 HTTP/1.1" 200 41883
186.103.159.44 - - [12/Jul/2018:12:39:32 -0300] "GET /cormun/static/Shared/ext/resources/css/ext-all.css?205870 HTTP/1.1" 200 416045
186.103.159.44 - - [12/Jul/2018:12:39:32 -0300] "GET /cormun/static/Resources/asc.gif HTTP/1.1" 200 67
186.103.159.44 - - [12/Jul/2018:12:39:32 -0300] "GET /cormun/static/Resources/desc.gif HTTP/1.1" 200 65
186.103.159.44 - - [12/Jul/2018:12:39:32 -0300] "GET /cormun//static/Resources/PXToolsActionDisabled.gif HTTP/1.1" 200 53
186.103.159.44 - - [12/Jul/2018:12:39:32 -0300] "GET /cormun//static/Resources/PXToolsGridDisplay.png HTTP/1.1" 200 362
186.103.159.44 - - [12/Jul/2018:12:39:32 -0300] "GET /cormun//static/Resources/PXToolsHeaderFavorites.png HTTP/1.1" 200 2744
186.103.159.44 - - [12/Jul/2018:12:39:32 -0300] "GET /cormun//static/Resources/PXToolsActionPrint.png HTTP/1.1" 200 3317
186.103.159.44 - - [12/Jul/2018:12:39:32 -0300] "GET /cormun//static/Resources/PXToolsHeaderHelp.png HTTP/1.1" 200 4055
186.103.159.44 - - [12/Jul/2018:12:39:32 -0300] "GET /cormun//static/Resources/PXTools/ActionInsert.png HTTP/1.1" 200 1482
186.103.159.44 - - [12/Jul/2018:12:39:34 -0300] "GET /cormun/static/Shared/ext/resources/themes/images/default/tools/tool-sprites.gif HTTP/1.1" 200 5434
186.103.159.44 - - [12/Jul/2018:12:39:34 -0300] "GET /cormun/static/Shared/ext/resources/themes/images/default/panel/bg-headersPanel.png HTTP/1.1" 200 255
186.103.159.44 - - [12/Jul/2018:12:39:36 -0300] "GET /cormun/servlet/licenciaspermisos?INS,0,,, HTTP/1.1" 200 7714
186.103.159.44 - - [12/Jul/2018:12:39:36 -0300] "GET /cormun/static/gxcfg.js?201762917281167 HTTP/1.1" 200 953
186.103.159.44 - - [12/Jul/2018:12:39:36 -0300] "GET /cormun/static/Resources/prompt.gif HTTP/1.1" 200 902
186.103.159.44 - - [12/Jul/2018:12:39:36 -0300] "GET /cormun/static/licenciaspermisos.js?201762917281260 HTTP/1.1" 200 37491
186.103.159.44 - - [12/Jul/2018:12:39:46 -0300] "GET /cormun/servlet/licenciaspermisos?5c52b1311adfdf6f6181a07f1de8af10772b30418656729a7f4865811fee87e0bd35cef472611200aa19c6ef19ef273c,gx-no-cache=1531409918358 HTTP/1.1" 200 97
186.103.159.44 - - [12/Jul/2018:12:39:46 -0300] "POST /cormun/servlet/licenciaspermisos?998c75d5efd7d8c115acfe8a8816b066,INS,0,,,,gx-no-cache=1531409918431 HTTP/1.1" 200 4888
186.67.172.234 - - [12/Jul/2018:12:39:57 -0300] "POST /cormun/servlet/solicitudot?gx-no-cache=1531406234139 HTTP/1.1" 200 256
192.168.10.62 - - [12/Jul/2018:12:40:02 -0300] "POST /cormun/servlet/vesolicitudnombre?88e20e986c76de3c89418306e08c6334,2018,11366,,,gx-no-cache=1531409793294 HTTP/1.1" 200 90
192.168.10.62 - - [12/Jul/2018:12:40:02 -0300] "GET /cormun/servlet/hpexe_link HTTP/1.1" 200 978
192.168.10.62 - - [12/Jul/2018:12:40:02 -0300] "GET /cormun/servlet/trsolicitudnombre?9813073, HTTP/1.1" 200 7959
186.67.172.234 - - [12/Jul/2018:12:40:03 -0300] "GET /cormun/servlet/solicitudot?cff765b330f7f496946573971e181d4508b41cacab8854783ab562c7098a442b58166b5a989847e9d3f03ad2b3b2e51d00e14d6562c9f55d009214dbc4790f652ac50e104585178bef195134e586f36af25334c1bd6d6f1725f51963a47b62d47b01320d230ad39df06797ad1b4b7ed7a1d01f8e943a469c8f038610edff81c6de4c52734f1b158d2a0d88411730d9b912ddadee3fd6d5b4ad1e0e4828ee2cf9693212fe8fafde875576567c1d47ebef6523547d670ce5439f301477e3b876742133fa9168b823f9b8a7467299e3a6361979105737393c0ee31a2be46a02e55b94f6ee2c67c9cc9be09bf05021d2ee170bca83e8487185dfca081092312cf4943a1c9efb225496faf1b09c854237b2cb272bfeb3cf50ceb5a9af4eb54a56ee4577913be9aaee83745f23ef1123b0ae5be197fc57b49d6a55daedefea5b713b436d0a4ca29be61f334e38cb391d5759547fa02d9353b9299abe4f595b29df6a7f5fd2583c52bbed70a4815f4ead5b88913c204af82f37442d77a97b7792efcb6d,gx-no-cache=1531406240185 HTTP/1.1" 200 30
192.168.10.62 - - [12/Jul/2018:12:40:03 -0300] "GET /cormun/servlet/trsolicitudnombre?9813073, HTTP/1.1" 200 7961
192.168.10.62 - - [12/Jul/2018:12:40:05 -0300] "POST /cormun/servlet/trsolicitudnombre?88e20e986c76de3c89418306e08c6334,9813073,,gx-no-cache=1531409796064 HTTP/1.1" 200 90
192.168.10.62 - - [12/Jul/2018:12:40:05 -0300] "GET /cormun/servlet/hpexe_link HTTP/1.1" 200 977
192.168.10.62 - - [12/Jul/2018:12:40:05 -0300] "GET /cormun/servlet/trconsultaempleado? HTTP/1.1" 200 10156
186.67.172.234 - - [12/Jul/2018:12:40:05 -0300] "POST /cormun/servlet/solicitudot?gx-no-cache=1531406242491 HTTP/1.1" 200 30
192.168.10.62 - - [12/Jul/2018:12:40:05 -0300] "GET /cormun/servlet/trconsultaempleado? HTTP/1.1" 200 10154
186.67.172.234 - - [12/Jul/2018:12:40:07 -0300] "POST /cormun/servlet/solicitudot?gx-no-cache=1531406244635 HTTP/1.1" 200 1366
186.67.172.234 - - [12/Jul/2018:12:40:11 -0300] "POST /cormun/servlet/solicitudot?gx-no-cache=1531406248184 HTTP/1.1" 200 38
192.168.10.62 - - [12/Jul/2018:12:40:17 -0300] "POST /cormun/servlet/trconsultaempleado?88e20e986c76de3c89418306e08c6334,,gx-no-cache=1531409807797 HTTP/1.1" 200 4482
192.168.10.62 - - [12/Jul/2018:12:40:24 -0300] "POST /cormun/servlet/trconsultaempleado?88e20e986c76de3c89418306e08c6334,,gx-no-cache=1531409815468 HTTP/1.1" 200 5025
186.67.172.234 - - [12/Jul/2018:12:40:32 -0300] "GET /cormun/servlet/solicitudot?cff765b330f7f496946573971e181d45cf3577acbc6f3d842b07443d3d27b1dc83e0d326c7d7d131135c8dc54fb83afe013865f5148913f9944fc99d51b6471a439f9002fb88a2dc36b1ac3c8d131c9e8e2594f66b3da0d521880619d0adabad3727299f720be56475834192e45b59c1,gx-no-cache=1531406269456 HTTP/1.1" 200 29
186.67.172.234 - - [12/Jul/2018:12:40:32 -0300] "POST /cormun/servlet/solicitudot?gx-no-cache=1531406269861 HTTP/1.1" 200 1350
186.67.172.234 - - [12/Jul/2018:12:40:32 -0300] "POST /cormun/servlet/solicitudot?gx-no-cache=1531406269944 HTTP/1.1" 200 1246
186.67.172.234 - - [12/Jul/2018:12:40:40 -0300] "GET /cormun/static/menuarrow.gif HTTP/1.1" 404 1015
186.67.172.234 - - [12/Jul/2018:12:40:43 -0300] "GET /cormun/servlet/solicitudot?cff765b330f7f496946573971e181d45aea8db878298732565f15151d145d1f85d055d992a1957b0136f2d0ce0743534,gx-no-cache=1531406280337 HTTP/1.1" 200 30
192.168.10.62 - - [12/Jul/2018:12:40:43 -0300] "POST /cormun/servlet/trconsultaempleado?88e20e986c76de3c89418306e08c6334,,gx-no-cache=1531409834029 HTTP/1.1" 200 7845
192.168.10.62 - - [12/Jul/2018:12:40:48 -0300] "POST /cormun/servlet/trconsultaempleado?88e20e986c76de3c89418306e08c6334,,gx-no-cache=1531409838860 HTTP/1.1" 200 90
192.168.10.62 - - [12/Jul/2018:12:40:48 -0300] "GET /cormun/servlet/hpexe_link HTTP/1.1" 200 968
186.67.172.234 - - [12/Jul/2018:12:40:51 -0300] "POST /cormun/servlet/solicitudot?gx-no-cache=1531406288360 HTTP/1.1" 200 30
192.168.10.62 - - [12/Jul/2018:12:41:07 -0300] "GET /cormun/servlet/trsolicitudgral? HTTP/1.1" 200 29044
192.168.10.62 - - [12/Jul/2018:12:41:27 -0300] "GET /cormun/servlet/trsolicitudgral? HTTP/1.1" 200 29042
186.67.172.234 - - [12/Jul/2018:12:41:35 -0300] "POST /cormun/servlet/solicitudot?7fc27ea81883db479d7bfc556a532ba6,INS,0,0,,gx-no-cache=1531406332347 HTTP/1.1" 200 93
186.67.172.234 - - [12/Jul/2018:12:41:35 -0300] "GET /cormun/servlet/hpexe_return? HTTP/1.1" 200 1003
186.67.172.234 - - [12/Jul/2018:12:41:35 -0300] "GET /cormun/servlet/trsolicitudot HTTP/1.1" 200 8801
186.67.172.234 - - [12/Jul/2018:12:41:36 -0300] "GET /cormun//static/Resources/PXToolsActionView.png HTTP/1.1" 200 2995
186.67.172.234 - - [12/Jul/2018:12:41:36 -0300] "GET /cormun//static/Resources/PXToolsRemoveAllAction.png HTTP/1.1" 200 3558
186.67.172.234 - - [12/Jul/2018:12:41:36 -0300] "GET /cormun/servlet/trsolicitudot HTTP/1.1" 200 8797
192.168.10.62 - - [12/Jul/2018:12:41:41 -0300] "POST /cormun/servlet/trsolicitudgral?88e20e986c76de3c89418306e08c6334,,gx-no-cache=1531409872592 HTTP/1.1" 200 26698
186.67.172.234 - - [12/Jul/2018:12:41:42 -0300] "POST /cormun/servlet/trsolicitudot?7fc27ea81883db479d7bfc556a532ba6,gx-no-cache=1531406339472 HTTP/1.1" 200 107
186.67.172.234 - - [12/Jul/2018:12:41:42 -0300] "GET /cormun/servlet/trsolicitudadjuntos?2018,11849, HTTP/1.1" 200 6338
186.67.172.234 - - [12/Jul/2018:12:41:42 -0300] "GET /cormun/static/gxcfg.js?20177612135366 HTTP/1.1" 200 953
186.67.172.234 - - [12/Jul/2018:12:41:42 -0300] "GET /cormun/static/trsolicitudadjuntos.js?20177612135632 HTTP/1.1" 200 17922
186.67.172.234 - - [12/Jul/2018:12:41:43 -0300] "GET /cormun/servlet/trsolicitudadjuntos?2018,11849, HTTP/1.1" 200 6338
186.67.172.234 - - [12/Jul/2018:12:41:45 -0300] "GET /cormun/servlet/solicitudotadjuntos?INS,2018,11849,,1, HTTP/1.1" 200 6282
186.67.172.234 - - [12/Jul/2018:12:41:45 -0300] "GET /cormun/static/gxcfg.js?2017761244068 HTTP/1.1" 200 953
186.67.172.234 - - [12/Jul/2018:12:41:45 -0300] "GET /cormun/static/solicitudotadjuntos.js?2017761244086 HTTP/1.1" 200 11771
186.67.172.234 - - [12/Jul/2018:12:41:45 -0300] "GET /cormun/static/about:blank HTTP/1.1" 404 1011
186.67.172.234 - - [12/Jul/2018:12:41:45 -0300] "GET /cormun/servlet/solicitudotadjuntos?INS,2018,11849,,1, HTTP/1.1" 200 6275
186.67.172.234 - - [12/Jul/2018:12:41:45 -0300] "GET /cormun/servlet/solicitudotadjuntos?cff765b330f7f496946573971e181d459765016d731f0c5e8cab982328008f428c2281eb3cdfef857224386ae7984706,gx-no-cache=1531406342969 HTTP/1.1" 200 30
186.67.172.234 - - [12/Jul/2018:12:41:46 -0300] "POST /cormun/servlet/solicitudotadjuntos?7fc27ea81883db479d7bfc556a532ba6,INS,2018,11849,,1,,gx-no-cache=1531406343001 HTTP/1.1" 200 3982
186.67.172.234 - - [12/Jul/2018:12:41:49 -0300] "POST /cormun/servlet/solicitudotadjuntos?gx-no-cache=1531406346415 HTTP/1.1" 200 26
186.67.172.234 - - [12/Jul/2018:12:41:58 -0300] "GET /cormun/servlet/solicitudotadjuntos?cff765b330f7f496946573971e181d450980fc269051cba64a9971fbf62a2898,gx-no-cache=1531406355703 HTTP/1.1" 200 30
186.67.172.234 - - [12/Jul/2018:12:41:58 -0300] "GET /cormun/servlet/solicitudotadjuntos?cff765b330f7f496946573971e181d450980fc269051cba64a9971fbf62a2898,gx-no-cache=1531406355724 HTTP/1.1" 200 30
186.67.172.234 - - [12/Jul/2018:12:42:01 -0300] "POST /cormun/servlet/solicitudotadjuntos?7fc27ea81883db479d7bfc556a532ba6,INS,2018,11849,,1, HTTP/1.1" 200 116
186.67.172.234 - - [12/Jul/2018:12:42:01 -0300] "GET /cormun/servlet/hpexe_return? HTTP/1.1" 200 1023
186.67.172.234 - - [12/Jul/2018:12:42:02 -0300] "GET /cormun/servlet/trsolicitudadjuntos?2018,11849, HTTP/1.1" 200 8839
186.67.172.234 - - [12/Jul/2018:12:42:02 -0300] "GET /cormun/servlet/trsolicitudadjuntos?2018,11849, HTTP/1.1" 200 8837
186.67.172.234 - - [12/Jul/2018:12:42:05 -0300] "GET /cormun/servlet/solicitudotadjuntos?INS,2018,11849,,1, HTTP/1.1" 200 6282
186.103.159.44 - - [12/Jul/2018:12:42:18 -0300] "GET /cormun/servlet/licenciaspermisos?5c52b1311adfdf6f6181a07f1de8af10547b054b4680980155e200c54889b7c518975a0036c179777a6a00b6a492b0bb8f25d9eda868bfc670d41d45deacfbe5663ae747744aae51ec507a95aca5396ed432f1b7306a7d73629cded6f101f7e3c92797fb16b5ebcda8ab31c5c1f456ae90da3a440deaa6cb570a64f471ff959ce37ab2df07253e8a2f49b47d70fd81d92e8b27d24d7755b4c56d8f03b44a93e19aba875c28aa375ca36c739a159f3046,gx-no-cache=1531410070081 HTTP/1.1" 200 30
186.103.159.44 - - [12/Jul/2018:12:42:18 -0300] "POST /cormun/servlet/licenciaspermisos?998c75d5efd7d8c115acfe8a8816b066,INS,0,,,,gx-no-cache=1531410070515 HTTP/1.1" 200 4961
186.67.172.234 - - [12/Jul/2018:12:42:21 -0300] "GET /cormun/static/about:blank HTTP/1.1" 404 1011
186.67.172.234 - - [12/Jul/2018:12:42:21 -0300] "GET /cormun/servlet/solicitudotadjuntos?INS,2018,11849,,1, HTTP/1.1" 200 6275
186.67.172.234 - - [12/Jul/2018:12:42:22 -0300] "GET /cormun/servlet/solicitudotadjuntos?cff765b330f7f496946573971e181d459765016d731f0c5e8cab982328008f428c2281eb3cdfef857224386ae7984706,gx-no-cache=1531406379029 HTTP/1.1" 200 30
186.67.172.234 - - [12/Jul/2018:12:42:22 -0300] "POST /cormun/servlet/solicitudotadjuntos?7fc27ea81883db479d7bfc556a532ba6,INS,2018,11849,,1,,gx-no-cache=1531406379132 HTTP/1.1" 200 3982
186.67.172.234 - - [12/Jul/2018:12:42:41 -0300] "POST /cormun/servlet/solicitudotadjuntos?gx-no-cache=1531406398131 HTTP/1.1" 200 26
186.67.172.234 - - [12/Jul/2018:12:42:49 -0300] "GET /cormun/servlet/solicitudotadjuntos?cff765b330f7f496946573971e181d450980fc269051cba64a9971fbf62a2898,gx-no-cache=1531406406372 HTTP/1.1" 200 30
186.67.172.234 - - [12/Jul/2018:12:42:49 -0300] "GET /cormun/servlet/solicitudotadjuntos?cff765b330f7f496946573971e181d450980fc269051cba64a9971fbf62a2898,gx-no-cache=1531406406404 HTTP/1.1" 200 30
186.67.172.234 - - [12/Jul/2018:12:42:51 -0300] "POST /cormun/servlet/solicitudotadjuntos?7fc27ea81883db479d7bfc556a532ba6,INS,2018,11849,,1, HTTP/1.1" 200 116
186.103.159.44 - - [12/Jul/2018:12:44:15 -0300] "GET /cormun/servlet/hlogin HTTP/1.1" 200 1720
186.103.159.44 - - [12/Jul/2018:12:44:27 -0300] "POST /cormun/servlet/hlogin?998c75d5efd7d8c115acfe8a8816b066,gx-no-cache=1531410199187 HTTP/1.1" 200 90
186.103.159.44 - - [12/Jul/2018:12:44:27 -0300] "GET /cormun/servlet/hpexe_link HTTP/1.1" 200 969
186.103.159.44 - - [12/Jul/2018:12:44:27 -0300] "GET /cormun/servlet/licenciaspermisos?INS,0,,, HTTP/1.1" 200 7715
192.168.10.62 - - [12/Jul/2018:12:44:35 -0300] "GET /cormun/servlet/trconsultaempleado? HTTP/1.1" 200 10223
192.168.10.62 - - [12/Jul/2018:12:44:36 -0300] "GET /cormun/servlet/trconsultaempleado? HTTP/1.1" 200 10222
192.168.10.62 - - [12/Jul/2018:12:44:42 -0300] "POST /cormun/servlet/trconsultaempleado?88e20e986c76de3c89418306e08c6334,,gx-no-cache=1531410072837 HTTP/1.1" 200 5029
186.103.159.44 - - [12/Jul/2018:12:44:42 -0300] "GET /cormun/servlet/trlicencias? HTTP/1.1" 200 12550
186.103.159.44 - - [12/Jul/2018:12:44:48 -0300] "GET /cormun/servlet/trlicencias? HTTP/1.1" 200 12542
192.168.10.62 - - [12/Jul/2018:12:44:51 -0300] "POST /cormun/servlet/trconsultaempleado?88e20e986c76de3c89418306e08c6334,,gx-no-cache=1531410082402 HTTP/1.1" 200 6496
186.103.159.44 - - [12/Jul/2018:12:44:52 -0300] "GET /cormun/servlet/licenciaspermisos?INS,0,,, HTTP/1.1" 200 7714
186.103.159.44 - - [12/Jul/2018:12:45:05 -0300] "GET /cormun/servlet/licenciaspermisos?5c52b1311adfdf6f6181a07f1de8af10772b30418656729a7f4865811fee87e0bd35cef472611200aa19c6ef19ef273c,gx-no-cache=1531410236894 HTTP/1.1" 200 97
186.103.159.44 - - [12/Jul/2018:12:45:05 -0300] "POST /cormun/servlet/licenciaspermisos?998c75d5efd7d8c115acfe8a8816b066,INS,0,,,,gx-no-cache=1531410237017 HTTP/1.1" 200 4888
192.168.10.62 - - [12/Jul/2018:12:45:18 -0300] "POST /cormun/servlet/trconsultaempleado?88e20e986c76de3c89418306e08c6334,,gx-no-cache=1531410108193 HTTP/1.1" 200 7850
192.168.10.62 - - [12/Jul/2018:12:45:30 -0300] "POST /cormun/servlet/trconsultaempleado?88e20e986c76de3c89418306e08c6334,,gx-no-cache=1531410120666 HTTP/1.1" 200 6417
192.168.10.62 - - [12/Jul/2018:12:46:01 -0300] "POST /cormun/servlet/trconsultaempleado?88e20e986c76de3c89418306e08c6334,,gx-no-cache=1531410152649 HTTP/1.1" 200 5017
192.168.10.62 - - [12/Jul/2018:12:46:07 -0300] "GET /cormun/servlet/trsolicitudnombre?16838872, HTTP/1.1" 200 9066
192.168.10.62 - - [12/Jul/2018:12:46:08 -0300] "GET /cormun/servlet/trsolicitudnombre?16838872, HTTP/1.1" 200 9070
192.168.10.62 - - [12/Jul/2018:12:46:14 -0300] "GET /cormun/servlet/vesolicitudnombre?2018,10817,, HTTP/1.1" 200 8773
192.168.10.62 - - [12/Jul/2018:12:46:14 -0300] "GET /cormun/pexe_scrolldiv.js HTTP/1.1" 404 1009
192.168.10.62 - - [12/Jul/2018:12:46:14 -0300] "GET /cormun/pexe_scrolldiv.js HTTP/1.1" 404 1009
192.168.10.62 - - [12/Jul/2018:12:46:15 -0300] "GET /cormun/servlet/vesolicitudnombre?2018,10817,, HTTP/1.1" 200 8769
192.168.10.62 - - [12/Jul/2018:12:47:36 -0300] "POST /cormun/servlet/vesolicitudnombre?88e20e986c76de3c89418306e08c6334,2018,10817,,,gx-no-cache=1531410247020 HTTP/1.1" 200 90
192.168.10.62 - - [12/Jul/2018:12:47:36 -0300] "GET /cormun/servlet/hpexe_link HTTP/1.1" 200 979
192.168.10.62 - - [12/Jul/2018:12:47:36 -0300] "GET /cormun/servlet/trsolicitudnombre?16838872, HTTP/1.1" 200 9067
192.168.10.62 - - [12/Jul/2018:12:47:36 -0300] "GET /cormun/servlet/trsolicitudnombre?16838872, HTTP/1.1" 200 9069
192.168.10.62 - - [12/Jul/2018:12:47:38 -0300] "POST /cormun/servlet/trsolicitudnombre?88e20e986c76de3c89418306e08c6334,16838872,,gx-no-cache=1531410249667 HTTP/1.1" 200 90
192.168.10.62 - - [12/Jul/2018:12:47:38 -0300] "GET /cormun/servlet/hpexe_link HTTP/1.1" 200 977
192.168.10.62 - - [12/Jul/2018:12:47:39 -0300] "GET /cormun/servlet/trconsultaempleado? HTTP/1.1" 200 7276
192.168.10.62 - - [12/Jul/2018:12:47:39 -0300] "GET /cormun/servlet/trconsultaempleado? HTTP/1.1" 200 7274
192.168.10.62 - - [12/Jul/2018:12:47:44 -0300] "POST /cormun/servlet/trconsultaempleado?88e20e986c76de3c89418306e08c6334,,gx-no-cache=1531410255017 HTTP/1.1" 200 4730
186.103.159.44 - - [12/Jul/2018:12:47:44 -0300] "GET /cormun/servlet/licenciaspermisos?5c52b1311adfdf6f6181a07f1de8af10547b054b4680980155e200c54889b7c518975a0036c179777a6a00b6a492b0bb8f25d9eda868bfc670d41d45deacfbe5663ae747744aae51ec507a95aca5396ed432f1b7306a7d73629cded6f101f7e3c92797fb16b5ebcda8ab31c5c1f456ae90da3a440deaa6cb570a64f471ff959ce37ab2df07253e8a2f49b47d70fd81d92e8b27d24d7755b4c56d8f03b44a93e19aba875c28aa375ca36c739a159f3046,gx-no-cache=1531410396279 HTTP/1.1" 200 30
186.103.159.44 - - [12/Jul/2018:12:47:45 -0300] "POST /cormun/servlet/licenciaspermisos?998c75d5efd7d8c115acfe8a8816b066,INS,0,,,,gx-no-cache=1531410396625 HTTP/1.1" 200 4961
192.168.10.62 - - [12/Jul/2018:12:47:46 -0300] "GET /cormun/servlet/trsolicitudnombre?15123520, HTTP/1.1" 200 8802
192.168.10.62 - - [12/Jul/2018:12:47:46 -0300] "GET /cormun/servlet/trsolicitudnombre?15123520, HTTP/1.1" 200 8805
192.168.10.62 - - [12/Jul/2018:12:47:48 -0300] "GET /cormun/servlet/vesolicitudnombre?2018,10442,, HTTP/1.1" 200 8777
192.168.10.62 - - [12/Jul/2018:12:47:48 -0300] "GET /cormun/pexe_scrolldiv.js HTTP/1.1" 404 1009
192.168.10.62 - - [12/Jul/2018:12:47:48 -0300] "GET /cormun/pexe_scrolldiv.js HTTP/1.1" 404 1009
192.168.10.62 - - [12/Jul/2018:12:47:48 -0300] "GET /cormun/servlet/vesolicitudnombre?2018,10442,, HTTP/1.1" 200 8770
186.103.159.44 - - [12/Jul/2018:12:47:55 -0300] "GET /cormun/servlet/licenciaspermisos?5c52b1311adfdf6f6181a07f1de8af10318e1c490137279134ce67e704ee7de48fce3026a27ec8f18f1fb1a06a0de68c138c800a73bd5dfc39b935022d4561bf042dcc8dc47167d1ef69a46d703cb32286a273e2c0a78266e02e430e3b1bb7b1b03a8685d43afc5862e63022adb8739d418a9875c531c61aa1ef7852aec8f48be2c39db6ca1bd201eef48135193cca2a28e63ae2e0da601d2441d72ec1619c2a005ad8dd4f7724dae15a906f6208e9dfb497214edd9a423e7f87d932dab892d6eeace1945525804afa625de150eeb2f82032c570475f7a431e756e7018429031133ad22df09b8f8e5bc542afe032fc5b,gx-no-cache=1531410406488 HTTP/1.1" 200 57
186.103.159.44 - - [12/Jul/2018:12:47:58 -0300] "POST /cormun/servlet/licenciaspermisos?998c75d5efd7d8c115acfe8a8816b066,INS,0,,,,gx-no-cache=1531410410178 HTTP/1.1" 200 93
186.103.159.44 - - [12/Jul/2018:12:47:58 -0300] "GET /cormun/servlet/hpexe_return? HTTP/1.1" 200 1012
186.103.159.44 - - [12/Jul/2018:12:47:58 -0300] "GET /cormun/static/gxcfg.js?2016101716175148 HTTP/1.1" 200 953
186.103.159.44 - - [12/Jul/2018:12:47:58 -0300] "GET /cormun/static/hpexe_return.js?2016101716175153 HTTP/1.1" 200 1633
186.103.159.44 - - [12/Jul/2018:12:47:58 -0300] "GET /cormun/static/Resources/Spanish/PXTools.css?167811 HTTP/1.1" 200 89042
186.103.159.44 - - [12/Jul/2018:12:47:59 -0300] "GET /cormun/servlet/trlicencias HTTP/1.1" 200 12928
186.103.159.44 - - [12/Jul/2018:12:47:59 -0300] "GET /cormun//static/Resources/PXToolsGridUpdate.png HTTP/1.1" 200 2984
186.103.159.44 - - [12/Jul/2018:12:47:59 -0300] "GET /cormun//static/Resources/PXToolsGridDelete.png HTTP/1.1" 200 357
186.103.159.44 - - [12/Jul/2018:12:48:16 -0300] "GET /cormun/servlet/trlicenciaspermisosadjuntos?15103895,20180712000000,L, HTTP/1.1" 200 6533
186.103.159.44 - - [12/Jul/2018:12:48:16 -0300] "GET /cormun/static/gxcfg.js?20177612163414 HTTP/1.1" 200 953
186.103.159.44 - - [12/Jul/2018:12:48:17 -0300] "GET /cormun/static/trlicenciaspermisosadjuntos.js?20177612163719 HTTP/1.1" 200 21036
186.103.159.44 - - [12/Jul/2018:12:48:19 -0300] "GET /cormun/servlet/licenciaspermisosadjuntos?INS,15103895,L,20180712000000,, HTTP/1.1" 200 5832
186.103.159.44 - - [12/Jul/2018:12:48:19 -0300] "GET /cormun/static/gxcfg.js?2017761263592 HTTP/1.1" 200 953
186.103.159.44 - - [12/Jul/2018:12:48:19 -0300] "GET /cormun/static/licenciaspermisosadjuntos.js?201776126362 HTTP/1.1" 200 8760
186.103.159.44 - - [12/Jul/2018:12:48:19 -0300] "HEAD /cormun/static/about:blank HTTP/1.1" 404 -
192.168.10.62 - - [12/Jul/2018:12:48:21 -0300] "POST /cormun/servlet/vesolicitudnombre?88e20e986c76de3c89418306e08c6334,2018,10442,,,gx-no-cache=1531410291905 HTTP/1.1" 200 90
192.168.10.62 - - [12/Jul/2018:12:48:21 -0300] "GET /cormun/servlet/hpexe_link HTTP/1.1" 200 979
192.168.10.62 - - [12/Jul/2018:12:48:21 -0300] "GET /cormun/servlet/trsolicitudnombre?15123520, HTTP/1.1" 200 8802
192.168.10.62 - - [12/Jul/2018:12:48:21 -0300] "GET /cormun/servlet/trsolicitudnombre?15123520, HTTP/1.1" 200 8804
192.168.10.62 - - [12/Jul/2018:12:48:27 -0300] "GET /cormun/servlet/vesolicitudnombre?2018,10442,, HTTP/1.1" 200 8777
192.168.10.62 - - [12/Jul/2018:12:48:27 -0300] "GET /cormun/pexe_scrolldiv.js HTTP/1.1" 404 1009
192.168.10.62 - - [12/Jul/2018:12:48:27 -0300] "GET /cormun/pexe_scrolldiv.js HTTP/1.1" 404 1009
192.168.10.62 - - [12/Jul/2018:12:48:27 -0300] "GET /cormun/servlet/vesolicitudnombre?2018,10442,, HTTP/1.1" 200 8770
186.103.159.44 - - [12/Jul/2018:12:48:35 -0300] "POST /cormun/servlet/licenciaspermisosadjuntos?998c75d5efd7d8c115acfe8a8816b066,INS,15103895,L,20180712000000,, HTTP/1.1" 200 116
186.103.159.44 - - [12/Jul/2018:12:48:35 -0300] "GET /cormun/servlet/hpexe_return? HTTP/1.1" 200 1044
186.103.159.44 - - [12/Jul/2018:12:48:36 -0300] "GET /cormun/servlet/trlicenciaspermisosadjuntos?15103895,20180712000000,L, HTTP/1.1" 200 7046
186.103.159.44 - - [12/Jul/2018:12:48:37 -0300] "GET /cormun/PublicTempStorage/licencia_carlos_cantillana9600474.pdf HTTP/1.1" 200 1099868
192.168.10.62 - - [12/Jul/2018:12:48:37 -0300] "POST /cormun/servlet/vesolicitudnombre?88e20e986c76de3c89418306e08c6334,2018,10442,,,gx-no-cache=1531410308480 HTTP/1.1" 200 90
192.168.10.62 - - [12/Jul/2018:12:48:37 -0300] "GET /cormun/servlet/hpexe_link HTTP/1.1" 200 979
192.168.10.62 - - [12/Jul/2018:12:48:37 -0300] "GET /cormun/servlet/trsolicitudnombre?15123520, HTTP/1.1" 200 8801
192.168.10.62 - - [12/Jul/2018:12:48:38 -0300] "GET /cormun/servlet/trsolicitudnombre?15123520, HTTP/1.1" 200 8805
186.103.159.44 - - [12/Jul/2018:12:48:38 -0300] "GET /cormun/PublicTempStorage/licencia_carlos_cantillana9600474.pdf HTTP/1.1" 200 1099868
192.168.10.62 - - [12/Jul/2018:12:48:40 -0300] "POST /cormun/servlet/trsolicitudnombre?88e20e986c76de3c89418306e08c6334,15123520,,gx-no-cache=1531410311260 HTTP/1.1" 200 90
192.168.10.62 - - [12/Jul/2018:12:48:40 -0300] "GET /cormun/servlet/hpexe_link HTTP/1.1" 200 978
192.168.10.62 - - [12/Jul/2018:12:48:40 -0300] "GET /cormun/servlet/trconsultaempleado? HTTP/1.1" 200 6986
192.168.10.62 - - [12/Jul/2018:12:48:41 -0300] "GET /cormun/servlet/trconsultaempleado? HTTP/1.1" 200 6985
186.103.159.44 - - [12/Jul/2018:12:48:41 -0300] "GET /cormun/servlet/trlicencias? HTTP/1.1" 200 12924
192.168.10.62 - - [12/Jul/2018:12:48:45 -0300] "POST /cormun/servlet/trconsultaempleado?88e20e986c76de3c89418306e08c6334,,gx-no-cache=1531410315764 HTTP/1.1" 200 4479
186.103.159.44 - - [12/Jul/2018:12:48:45 -0300] "GET /cormun/servlet/alicenciaprn?15103895,L,20180712000000,PU HTTP/1.1" 200 1584
192.168.10.62 - - [12/Jul/2018:12:48:49 -0300] "POST /cormun/servlet/trconsultaempleado?88e20e986c76de3c89418306e08c6334,,gx-no-cache=1531410320499 HTTP/1.1" 200 5910
192.168.10.62 - - [12/Jul/2018:12:48:58 -0300] "GET /cormun/servlet/trsolicitudnombre?18798473, HTTP/1.1" 200 8222
192.168.10.62 - - [12/Jul/2018:12:48:58 -0300] "GET /cormun/servlet/trsolicitudnombre?18798473, HTTP/1.1" 200 8225
192.168.10.62 - - [12/Jul/2018:12:49:00 -0300] "GET /cormun/servlet/vesolicitudnombre?2018,10277,, HTTP/1.1" 200 8775
192.168.10.62 - - [12/Jul/2018:12:49:00 -0300] "GET /cormun/pexe_scrolldiv.js HTTP/1.1" 404 1009
192.168.10.62 - - [12/Jul/2018:12:49:00 -0300] "GET /cormun/pexe_scrolldiv.js HTTP/1.1" 404 1009
192.168.10.62 - - [12/Jul/2018:12:49:01 -0300] "GET /cormun/servlet/vesolicitudnombre?2018,10277,, HTTP/1.1" 200 8771
186.103.159.44 - - [12/Jul/2018:12:49:11 -0300] "POST /cormun/servlet/trlicencias?998c75d5efd7d8c115acfe8a8816b066,,gx-no-cache=1531410482991 HTTP/1.1" 200 10326
186.103.159.44 - - [12/Jul/2018:12:49:12 -0300] "GET /cormun/static/Shared/jqueryui/images/ui-bg_flat_55_fafafa_40x100.png HTTP/1.1" 404 1097
186.103.159.44 - - [12/Jul/2018:12:49:12 -0300] "GET /cormun/static/Shared/jqueryui/images/ui-icons_8d78a5_256x240.png HTTP/1.1" 404 1089
186.103.159.44 - - [12/Jul/2018:12:49:12 -0300] "GET /cormun/static/Shared/jqueryui/images/ui-bg_highlight-soft_100_c6c2c8_1x100.png HTTP/1.1" 404 1117
186.103.159.44 - - [12/Jul/2018:12:49:12 -0300] "GET /cormun/static/Shared/jqueryui/images/ui-icons_82798d_256x240.png HTTP/1.1" 404 1089
186.67.172.234 - - [12/Jul/2018:12:51:08 -0300] "POST /cormun/servlet/solicitudotadjuntos?7fc27ea81883db479d7bfc556a532ba6,INS,2018,11849,,1, HTTP/1.1" 200 6366
186.67.172.234 - - [12/Jul/2018:12:51:08 -0300] "GET /home/sistema/apache-tomcat-7.0.65/webapps/cormun/PrivateTempStorage/upload_00050251.pdf HTTP/1.1" 404 1135
186.67.172.234 - - [12/Jul/2018:12:51:08 -0300] "GET /home/sistema/apache-tomcat-7.0.65/webapps/cormun/PrivateTempStorage/upload_00050251.pdf HTTP/1.1" 404 1135
