186.103.158.250 - - [06/Jul/2018:11:25:21 -0300] "GET /cormun/servlet/solicitudot?8829fbd96d9e16a1c75b1e79c6abf556f0ad37435a7fe555a1da6bbaa8cc4af3a20fe9d94c1c4d7eb751014d808088d7,gx-no-cache=1530887052791 HTTP/1.1" 200 30
186.103.158.250 - - [06/Jul/2018:11:25:38 -0300] "POST /cormun/servlet/solicitudot?gx-no-cache=1530887069790 HTTP/1.1" 200 30
186.103.159.46 - - [06/Jul/2018:11:26:01 -0300] "GET /cormun/servlet/hlogin HTTP/1.1" 200 1723
186.103.158.250 - - [06/Jul/2018:11:26:05 -0300] "POST /cormun/servlet/solicitudot?a8db3d445cb72a6b643f2e6f8a0fe29b,INS,0,0,,gx-no-cache=1530887096141 HTTP/1.1" 200 93
186.103.158.250 - - [06/Jul/2018:11:26:05 -0300] "GET /cormun/servlet/hpexe_return? HTTP/1.1" 200 1009
186.103.158.250 - - [06/Jul/2018:11:26:05 -0300] "GET /cormun/static/gxcfg.js?2016101716175148 HTTP/1.1" 200 953
186.103.158.250 - - [06/Jul/2018:11:26:05 -0300] "GET /cormun/static/hpexe_return.js?2016101716175153 HTTP/1.1" 200 1633
186.103.158.250 - - [06/Jul/2018:11:26:05 -0300] "GET /cormun/static/Resources/Spanish/PXTools.css?167811 HTTP/1.1" 200 89042
186.103.158.250 - - [06/Jul/2018:11:26:05 -0300] "GET /cormun/servlet/trsolicitudot HTTP/1.1" 200 8772
186.103.158.250 - - [06/Jul/2018:11:26:07 -0300] "GET /cormun//static/Resources/PXToolsGridUpdate.png HTTP/1.1" 200 2984
186.103.158.250 - - [06/Jul/2018:11:26:07 -0300] "GET /cormun//static/Resources/PXToolsActionView.png HTTP/1.1" 200 2995
186.103.158.250 - - [06/Jul/2018:11:26:07 -0300] "GET /cormun//static/Resources/PXTools/ActionInsert.png HTTP/1.1" 200 1482
186.103.158.250 - - [06/Jul/2018:11:26:07 -0300] "GET /cormun//static/Resources/PXToolsRemoveAllAction.png HTTP/1.1" 200 3558
186.103.158.250 - - [06/Jul/2018:11:26:07 -0300] "GET /cormun//static/Resources/PXToolsGridDelete.png HTTP/1.1" 200 357
186.103.158.250 - - [06/Jul/2018:11:26:07 -0300] "GET /cormun/servlet/trsolicitudot HTTP/1.1" 200 8768
186.103.158.250 - - [06/Jul/2018:11:26:13 -0300] "POST /cormun/servlet/trsolicitudot?a8db3d445cb72a6b643f2e6f8a0fe29b,gx-no-cache=1530887104486 HTTP/1.1" 200 107
186.103.158.250 - - [06/Jul/2018:11:26:13 -0300] "GET /cormun/servlet/trsolicitudadjuntos?2018,11840, HTTP/1.1" 200 6297
186.103.159.46 - - [06/Jul/2018:11:26:13 -0300] "POST /cormun/servlet/hlogin?5817fc10a8d5139c62c7ca40f51d20a4,gx-no-cache=1530887102981 HTTP/1.1" 200 90
186.103.159.46 - - [06/Jul/2018:11:26:13 -0300] "GET /cormun/servlet/hpexe_link HTTP/1.1" 200 950
186.103.158.250 - - [06/Jul/2018:11:26:13 -0300] "GET /cormun/static/gxui/gxui-all.css?110300 HTTP/1.1" 200 2179
186.103.158.250 - - [06/Jul/2018:11:26:13 -0300] "GET /cormun/static/calendar-system.css?75620 HTTP/1.1" 200 5572
186.103.158.250 - - [06/Jul/2018:11:26:13 -0300] "GET /cormun/static/gxcfg.js?20177612135366 HTTP/1.1" 200 953
186.103.158.250 - - [06/Jul/2018:11:26:13 -0300] "GET /cormun/static/trsolicitudadjuntos.js?20177612135632 HTTP/1.1" 200 17922
186.103.159.46 - - [06/Jul/2018:11:26:13 -0300] "GET /cormun/servlet/hhome HTTP/1.1" 200 3976
186.103.158.250 - - [06/Jul/2018:11:26:14 -0300] "GET /cormun/static/Shared/ext/resources/css/ext-all.css?205870 HTTP/1.1" 200 416045
186.103.159.46 - - [06/Jul/2018:11:26:14 -0300] "GET /cormun/servlet/hhome HTTP/1.1" 200 3972
186.103.158.250 - - [06/Jul/2018:11:26:15 -0300] "GET /cormun/servlet/trsolicitudadjuntos?2018,11840, HTTP/1.1" 200 6297
186.103.159.46 - - [06/Jul/2018:11:26:17 -0300] "GET /cormun/servlet/trsolicitudot? HTTP/1.1" 200 7185
186.103.159.46 - - [06/Jul/2018:11:26:18 -0300] "GET /cormun/servlet/trsolicitudot? HTTP/1.1" 200 7184
186.103.158.250 - - [06/Jul/2018:11:26:19 -0300] "GET /cormun/servlet/solicitudotadjuntos?INS,2018,11840,,1, HTTP/1.1" 200 6248
186.103.158.250 - - [06/Jul/2018:11:26:19 -0300] "GET /cormun/static/gxcfg.js?2017761244068 HTTP/1.1" 200 953
186.103.158.250 - - [06/Jul/2018:11:26:19 -0300] "GET /cormun/static/solicitudotadjuntos.js?2017761244086 HTTP/1.1" 200 11771
186.103.158.250 - - [06/Jul/2018:11:26:19 -0300] "GET /cormun/static/about:blank HTTP/1.1" 404 1011
186.103.158.250 - - [06/Jul/2018:11:26:20 -0300] "GET /cormun/servlet/solicitudotadjuntos?INS,2018,11840,,1, HTTP/1.1" 200 6241
186.103.158.250 - - [06/Jul/2018:11:26:20 -0300] "GET /cormun/servlet/solicitudotadjuntos?8829fbd96d9e16a1c75b1e79c6abf55618608e7301325a1b6152e79fe3e5cd2682230de6cb83bd391c323ae22efa98d8,gx-no-cache=1530887111680 HTTP/1.1" 200 30
186.103.158.250 - - [06/Jul/2018:11:26:20 -0300] "POST /cormun/servlet/solicitudotadjuntos?a8db3d445cb72a6b643f2e6f8a0fe29b,INS,2018,11840,,1,,gx-no-cache=1530887111837 HTTP/1.1" 200 4021
186.103.159.46 - - [06/Jul/2018:11:26:22 -0300] "GET /cormun/static/menuarrow.gif HTTP/1.1" 404 1015
186.103.158.250 - - [06/Jul/2018:11:26:26 -0300] "POST /cormun/servlet/solicitudotadjuntos?gx-no-cache=1530887117148 HTTP/1.1" 200 26
186.103.159.46 - - [06/Jul/2018:11:27:00 -0300] "GET /cormun/servlet/solicitudot?INS,0,0, HTTP/1.1" 200 13431
186.103.159.46 - - [06/Jul/2018:11:27:01 -0300] "GET /cormun/servlet/solicitudot?INS,0,0, HTTP/1.1" 200 13435
186.103.159.46 - - [06/Jul/2018:11:27:56 -0300] "POST /cormun/servlet/solicitudot?gx-no-cache=1530887205973 HTTP/1.1" 200 3415
186.103.159.46 - - [06/Jul/2018:11:27:57 -0300] "POST /cormun/servlet/solicitudot?5817fc10a8d5139c62c7ca40f51d20a4,INS,0,0,,gx-no-cache=1530887206205 HTTP/1.1" 200 10383
186.103.159.46 - - [06/Jul/2018:11:28:02 -0300] "GET /cormun/servlet/solicitudot?2c1814356974cd0ecd2604263384d5095b06709bb48152589c4807393106ae9023b3cffd652786ff16fb712b5769ccbe,gx-no-cache=1530887211437 HTTP/1.1" 200 30
186.103.159.46 - - [06/Jul/2018:11:28:02 -0300] "GET /cormun/servlet/solicitudot?2c1814356974cd0ecd2604263384d50908b3c81e0529b50e05b37fe8fa0b75e4592ceae8218e16f4ac37688cfc739fccef75659201d9db40227578c24e1d6f61,gx-no-cache=1530887211501 HTTP/1.1" 200 30
186.103.159.46 - - [06/Jul/2018:11:28:02 -0300] "GET /cormun/servlet/solicitudot?2c1814356974cd0ecd2604263384d509f0c067b9ae17155e2af9c5bf991c802a,gx-no-cache=1530887211536 HTTP/1.1" 200 51
186.103.159.46 - - [06/Jul/2018:11:28:02 -0300] "POST /cormun/servlet/solicitudot?gx-no-cache=1530887211579 HTTP/1.1" 200 255
186.103.159.46 - - [06/Jul/2018:11:28:02 -0300] "GET /cormun/servlet/solicitudot?2c1814356974cd0ecd2604263384d50944ff0d10a6fcb49e247c41e2c13fb06e1ce003a69314bf6e8b9da7156afe2e6e0e5b1a89bfd5115bb286892f0fb9f04f68775f415b588b25d3490b85bfb7df1d26e5d15b1f4d965f88f1410a025f0c8ea3cf88d8d6fe8217192eeb962eb8ca22f0c11722d7f103f27d2d77992792f86d8b97270fe75cd4123b1d8e348571cd04d4f746e817400438ae954c4134964150504c503c427d71f1186a2acf9d5e5f6f89341ef7dafaf6769b2f2d5237edb456d69289fee4deb2c5ccdeac66c887d4063743790456cf6af5431ebc782edbb6a968d421ef873d1907dc3df2fc4afd79b9505c81a7779a975ce84749de4165e258256826a10394e89d20c21e2a86334a7f3a67456912fb20573cc66f07467ae8f424414f27a0214219593c706d36e188b5216690c5c6ee14f20d81d12a765b2f743588ecc0546a84d76fa9ea899ab2705a7e81b71ca42f650a98c43be9e6270273fa74397ae1e6ba22185c45adfce7ebf9d37872fb2b270c0a833d3c38beecd439,gx-no-cache=1530887211632 HTTP/1.1" 200 30
186.103.159.46 - - [06/Jul/2018:11:28:15 -0300] "POST /cormun/servlet/solicitudot?gx-no-cache=1530887225009 HTTP/1.1" 200 30
186.103.159.46 - - [06/Jul/2018:11:28:31 -0300] "POST /cormun/servlet/solicitudot?gx-no-cache=1530887240528 HTTP/1.1" 200 1369
186.103.159.46 - - [06/Jul/2018:11:28:31 -0300] "POST /cormun/servlet/solicitudot?gx-no-cache=1530887240685 HTTP/1.1" 200 38
186.103.158.250 - - [06/Jul/2018:11:28:39 -0300] "GET /cormun/servlet/solicitudotadjuntos?8829fbd96d9e16a1c75b1e79c6abf55657b11a92d40c400cff3ef2e43e59ff79,gx-no-cache=1530887250562 HTTP/1.1" 200 30
186.103.158.250 - - [06/Jul/2018:11:28:39 -0300] "GET /cormun/servlet/solicitudotadjuntos?8829fbd96d9e16a1c75b1e79c6abf55657b11a92d40c400cff3ef2e43e59ff79,gx-no-cache=1530887250597 HTTP/1.1" 200 30
186.103.158.250 - - [06/Jul/2018:11:28:40 -0300] "POST /cormun/servlet/solicitudotadjuntos?a8db3d445cb72a6b643f2e6f8a0fe29b,INS,2018,11840,,1, HTTP/1.1" 200 116
186.103.158.250 - - [06/Jul/2018:11:28:40 -0300] "GET /cormun/servlet/hpexe_return? HTTP/1.1" 200 1028
186.103.158.250 - - [06/Jul/2018:11:28:40 -0300] "GET /cormun/servlet/trsolicitudadjuntos?2018,11840, HTTP/1.1" 200 8762
186.103.158.250 - - [06/Jul/2018:11:28:43 -0300] "GET /cormun/servlet/trsolicitudadjuntos?2018,11840, HTTP/1.1" 200 8755
186.103.158.250 - - [06/Jul/2018:11:28:45 -0300] "GET /cormun/servlet/solicitudotadjuntos?INS,2018,11840,,1, HTTP/1.1" 200 6247
186.103.158.250 - - [06/Jul/2018:11:28:46 -0300] "GET /cormun/static/about:blank HTTP/1.1" 404 1011
186.103.158.250 - - [06/Jul/2018:11:28:47 -0300] "GET /cormun/servlet/solicitudotadjuntos?INS,2018,11840,,1, HTTP/1.1" 200 6241
186.103.158.250 - - [06/Jul/2018:11:28:47 -0300] "GET /cormun/servlet/solicitudotadjuntos?8829fbd96d9e16a1c75b1e79c6abf55618608e7301325a1b6152e79fe3e5cd2682230de6cb83bd391c323ae22efa98d8,gx-no-cache=1530887258634 HTTP/1.1" 200 30
186.103.158.250 - - [06/Jul/2018:11:28:47 -0300] "POST /cormun/servlet/solicitudotadjuntos?a8db3d445cb72a6b643f2e6f8a0fe29b,INS,2018,11840,,1,,gx-no-cache=1530887258721 HTTP/1.1" 200 4021
186.103.158.250 - - [06/Jul/2018:11:28:48 -0300] "POST /cormun/servlet/solicitudotadjuntos?gx-no-cache=1530887259907 HTTP/1.1" 200 26
186.103.159.46 - - [06/Jul/2018:11:28:54 -0300] "GET /cormun/servlet/trautorizarsolicitud? HTTP/1.1" 200 7083
186.103.159.46 - - [06/Jul/2018:11:28:56 -0300] "GET /cormun/servlet/trautorizarsolicitud? HTTP/1.1" 200 7084
186.103.158.250 - - [06/Jul/2018:11:29:01 -0300] "POST /cormun/servlet/solicitudotadjuntos?gx-no-cache=1530887272456 HTTP/1.1" 200 26
186.103.159.46 - - [06/Jul/2018:11:29:05 -0300] "GET /cormun/static/menuarrow.gif HTTP/1.1" 404 1015
186.103.159.204 - - [06/Jul/2018:11:29:07 -0300] "GET /cormun/servlet/hlogin HTTP/1.1" 200 1732
186.103.159.46 - - [06/Jul/2018:11:29:12 -0300] "POST /cormun/servlet/trautorizarsolicitud?5817fc10a8d5139c62c7ca40f51d20a4,,gx-no-cache=1530887280747 HTTP/1.1" 200 24293
186.103.158.250 - - [06/Jul/2018:11:29:12 -0300] "GET /cormun/servlet/solicitudotadjuntos?8829fbd96d9e16a1c75b1e79c6abf55657b11a92d40c400cff3ef2e43e59ff79,gx-no-cache=1530887283622 HTTP/1.1" 200 30
186.103.158.250 - - [06/Jul/2018:11:29:12 -0300] "GET /cormun/servlet/solicitudotadjuntos?8829fbd96d9e16a1c75b1e79c6abf55657b11a92d40c400cff3ef2e43e59ff79,gx-no-cache=1530887283650 HTTP/1.1" 200 30
186.103.158.250 - - [06/Jul/2018:11:29:12 -0300] "POST /cormun/servlet/solicitudotadjuntos?a8db3d445cb72a6b643f2e6f8a0fe29b,INS,2018,11840,,1, HTTP/1.1" 200 116
186.103.158.250 - - [06/Jul/2018:11:29:12 -0300] "GET /cormun/servlet/hpexe_return? HTTP/1.1" 200 1028
186.103.158.250 - - [06/Jul/2018:11:29:13 -0300] "GET /cormun/servlet/trsolicitudadjuntos?2018,11840, HTTP/1.1" 200 8990
186.103.158.250 - - [06/Jul/2018:11:29:14 -0300] "GET /cormun/servlet/trsolicitudadjuntos?2018,11840, HTTP/1.1" 200 8989
186.103.159.204 - - [06/Jul/2018:11:29:16 -0300] "POST /cormun/servlet/hlogin?1effe4b62f8f8d9d43dc89ccf2d15bda,gx-no-cache=1530887284046 HTTP/1.1" 200 90
186.103.159.204 - - [06/Jul/2018:11:29:16 -0300] "GET /cormun/servlet/hpexe_link HTTP/1.1" 200 957
186.103.159.204 - - [06/Jul/2018:11:29:16 -0300] "GET /cormun/servlet/hhome HTTP/1.1" 200 3924
186.103.158.250 - - [06/Jul/2018:11:29:16 -0300] "GET /cormun/servlet/solicitudotadjuntos?INS,2018,11840,,1, HTTP/1.1" 200 6247
186.103.158.250 - - [06/Jul/2018:11:29:17 -0300] "GET /cormun/static/about:blank HTTP/1.1" 404 1011
186.103.159.204 - - [06/Jul/2018:11:29:17 -0300] "GET /cormun/servlet/hhome HTTP/1.1" 200 3920
186.103.158.250 - - [06/Jul/2018:11:29:18 -0300] "GET /cormun/servlet/solicitudotadjuntos?INS,2018,11840,,1, HTTP/1.1" 200 6241
186.103.158.250 - - [06/Jul/2018:11:29:18 -0300] "GET /cormun/servlet/solicitudotadjuntos?8829fbd96d9e16a1c75b1e79c6abf55618608e7301325a1b6152e79fe3e5cd2682230de6cb83bd391c323ae22efa98d8,gx-no-cache=1530887289602 HTTP/1.1" 200 30
186.103.158.250 - - [06/Jul/2018:11:29:18 -0300] "POST /cormun/servlet/solicitudotadjuntos?a8db3d445cb72a6b643f2e6f8a0fe29b,INS,2018,11840,,1,,gx-no-cache=1530887289644 HTTP/1.1" 200 4021
186.103.158.250 - - [06/Jul/2018:11:29:22 -0300] "POST /cormun/servlet/solicitudotadjuntos?gx-no-cache=1530887293038 HTTP/1.1" 200 26
186.103.159.204 - - [06/Jul/2018:11:29:26 -0300] "GET /cormun/servlet/trpermisosgoce? HTTP/1.1" 200 8958
186.103.159.204 - - [06/Jul/2018:11:29:26 -0300] "GET /cormun/servlet/trpermisosgoce? HTTP/1.1" 200 8956
186.103.158.250 - - [06/Jul/2018:11:29:30 -0300] "GET /cormun/servlet/solicitudotadjuntos?8829fbd96d9e16a1c75b1e79c6abf55657b11a92d40c400cff3ef2e43e59ff79,gx-no-cache=1530887301276 HTTP/1.1" 200 30
186.103.158.250 - - [06/Jul/2018:11:29:30 -0300] "GET /cormun/servlet/solicitudotadjuntos?8829fbd96d9e16a1c75b1e79c6abf55657b11a92d40c400cff3ef2e43e59ff79,gx-no-cache=1530887301308 HTTP/1.1" 200 30
186.103.158.250 - - [06/Jul/2018:11:29:30 -0300] "POST /cormun/servlet/solicitudotadjuntos?a8db3d445cb72a6b643f2e6f8a0fe29b,INS,2018,11840,,1, HTTP/1.1" 200 116
186.103.158.250 - - [06/Jul/2018:11:29:30 -0300] "GET /cormun/servlet/hpexe_return? HTTP/1.1" 200 1028
186.103.158.250 - - [06/Jul/2018:11:29:30 -0300] "GET /cormun/servlet/trsolicitudadjuntos?2018,11840, HTTP/1.1" 200 9167
186.103.158.250 - - [06/Jul/2018:11:29:32 -0300] "GET /cormun/servlet/trsolicitudadjuntos?2018,11840, HTTP/1.1" 200 9168
186.103.159.46 - - [06/Jul/2018:11:29:34 -0300] "GET /cormun/servlet/veautorizarsolicitud?2018,10538,, HTTP/1.1" 200 8374
186.103.159.46 - - [06/Jul/2018:11:29:34 -0300] "GET /cormun/static/gxcfg.js?2017111423404691 HTTP/1.1" 200 953
186.103.159.46 - - [06/Jul/2018:11:29:34 -0300] "GET /cormun/pexe_scrolldiv.js HTTP/1.1" 404 1009
186.103.159.46 - - [06/Jul/2018:11:29:34 -0300] "GET /cormun/static/Resources/PXToolsTabFirstSelected.png HTTP/1.1" 200 1259
186.103.159.46 - - [06/Jul/2018:11:29:34 -0300] "GET /cormun/static/veautorizarsolicitud.js?2017111423404756 HTTP/1.1" 200 6140
186.103.159.46 - - [06/Jul/2018:11:29:35 -0300] "GET /cormun/static/hwcviewtabs.js?20177611594913 HTTP/1.1" 200 1074
186.103.159.46 - - [06/Jul/2018:11:29:35 -0300] "GET /cormun/static/hpexe_tabsview.js?201610171694228 HTTP/1.1" 200 1661
186.103.159.46 - - [06/Jul/2018:11:29:35 -0300] "GET /cormun/static/tbautorizarsolicitud01.js?2017111423392092 HTTP/1.1" 200 30580
186.103.159.46 - - [06/Jul/2018:11:29:35 -0300] "GET /cormun/static/Resources/PXToolsTabPrevious.gif HTTP/1.1" 200 172
186.103.159.46 - - [06/Jul/2018:11:29:35 -0300] "GET /cormun/static/Resources/PXToolsTabNext.gif HTTP/1.1" 200 168
186.103.159.46 - - [06/Jul/2018:11:29:35 -0300] "GET /cormun/pexe_scrolldiv.js HTTP/1.1" 404 1009
186.103.159.46 - - [06/Jul/2018:11:29:35 -0300] "GET /cormun/static/Resources/PXToolsTabLastUnselected.png HTTP/1.1" 200 1291
186.103.158.250 - - [06/Jul/2018:11:29:35 -0300] "GET /cormun/servlet/solicitudotadjuntos?INS,2018,11840,,1, HTTP/1.1" 200 6247
186.103.159.46 - - [06/Jul/2018:11:29:36 -0300] "GET /cormun/static/calendar-system.css HTTP/1.1" 200 5572
186.103.159.46 - - [06/Jul/2018:11:29:36 -0300] "GET /cormun/static/Resources/PXToolsTabBackUnselected.png HTTP/1.1" 200 1175
186.103.159.46 - - [06/Jul/2018:11:29:36 -0300] "GET /cormun/static/Resources/PXToolsTabBackSelected.png HTTP/1.1" 200 1157
186.103.159.46 - - [06/Jul/2018:11:29:36 -0300] "GET /cormun/static/Resources/PXToolsTabSelectedUnselected.png HTTP/1.1" 200 1428
186.103.159.46 - - [06/Jul/2018:11:29:36 -0300] "GET /cormun/static/Resources/PXToolsTabUnselectedUnselected.png HTTP/1.1" 200 1459
186.103.158.250 - - [06/Jul/2018:11:29:36 -0300] "GET /cormun/static/about:blank HTTP/1.1" 404 1011
186.103.159.46 - - [06/Jul/2018:11:29:36 -0300] "GET /cormun/servlet/veautorizarsolicitud?2018,10538,, HTTP/1.1" 200 8370
186.103.158.250 - - [06/Jul/2018:11:29:37 -0300] "GET /cormun/servlet/solicitudotadjuntos?INS,2018,11840,,1, HTTP/1.1" 200 6241
186.103.158.250 - - [06/Jul/2018:11:29:37 -0300] "GET /cormun/servlet/solicitudotadjuntos?8829fbd96d9e16a1c75b1e79c6abf55618608e7301325a1b6152e79fe3e5cd2682230de6cb83bd391c323ae22efa98d8,gx-no-cache=1530887308620 HTTP/1.1" 200 30
186.103.158.250 - - [06/Jul/2018:11:29:37 -0300] "POST /cormun/servlet/solicitudotadjuntos?a8db3d445cb72a6b643f2e6f8a0fe29b,INS,2018,11840,,1,,gx-no-cache=1530887308661 HTTP/1.1" 200 4021
186.103.159.204 - - [06/Jul/2018:11:29:42 -0300] "GET /cormun/static/menuarrow.gif HTTP/1.1" 404 1015
186.103.158.250 - - [06/Jul/2018:11:29:44 -0300] "POST /cormun/servlet/solicitudotadjuntos?gx-no-cache=1530887315539 HTTP/1.1" 200 26
186.103.159.204 - - [06/Jul/2018:11:29:55 -0300] "POST /cormun/servlet/trpermisosgoce?1effe4b62f8f8d9d43dc89ccf2d15bda,,gx-no-cache=1530887322918 HTTP/1.1" 200 11342
186.103.159.46 - - [06/Jul/2018:11:29:59 -0300] "GET /cormun/servlet/veautorizarsolicitud?2018,10538,,SolicitudOTAdjuntos HTTP/1.1" 200 7212
186.103.159.46 - - [06/Jul/2018:11:29:59 -0300] "GET /cormun/pexe_scrolldiv.js HTTP/1.1" 404 1009
186.103.159.46 - - [06/Jul/2018:11:30:00 -0300] "GET /cormun/static/tbautorizarsolicitud02.js?2017111423391281 HTTP/1.1" 200 14747
186.103.159.46 - - [06/Jul/2018:11:30:00 -0300] "GET /cormun/static/gxui/gxui-all.css HTTP/1.1" 200 2179
186.103.159.46 - - [06/Jul/2018:11:30:00 -0300] "GET /cormun/static/Shared/ext/resources/css/ext-all.css HTTP/1.1" 200 416045
186.103.159.46 - - [06/Jul/2018:11:30:00 -0300] "GET /cormun/static/Resources/PXToolsTabFirstUnselected.png HTTP/1.1" 200 1264
186.103.159.46 - - [06/Jul/2018:11:30:00 -0300] "GET /cormun/static/Resources/PXToolsTabUnselectedSelected.png HTTP/1.1" 200 1444
186.103.159.46 - - [06/Jul/2018:11:30:00 -0300] "GET /cormun/servlet/veautorizarsolicitud?2018,10538,,SolicitudOTAdjuntos HTTP/1.1" 200 7213
186.103.159.46 - - [06/Jul/2018:11:30:01 -0300] "POST /cormun/servlet/acontrolpreferencessavestate?None,CA-JAR,true HTTP/1.1" 200 35
186.103.159.46 - - [06/Jul/2018:11:30:23 -0300] "GET /cormun/servlet/veautorizarsolicitud?2018,10538,,General HTTP/1.1" 200 8386
186.103.159.46 - - [06/Jul/2018:11:30:23 -0300] "GET /cormun/pexe_scrolldiv.js HTTP/1.1" 404 1009
186.103.159.46 - - [06/Jul/2018:11:30:24 -0300] "GET /cormun/servlet/veautorizarsolicitud?2018,10538,,General HTTP/1.1" 200 8386
186.103.159.46 - - [06/Jul/2018:11:30:32 -0300] "POST /cormun/servlet/veautorizarsolicitud?5817fc10a8d5139c62c7ca40f51d20a4,2018,10538,,General,gx-no-cache=1530887361747 HTTP/1.1" 200 93
186.103.159.46 - - [06/Jul/2018:11:30:32 -0300] "GET /cormun/servlet/hpexe_return? HTTP/1.1" 200 1023
186.103.159.46 - - [06/Jul/2018:11:30:34 -0300] "GET /cormun/servlet/trautorizarsolicitud? HTTP/1.1" 200 27090
186.103.159.46 - - [06/Jul/2018:11:30:36 -0300] "GET /cormun/servlet/trautorizarsolicitud? HTTP/1.1" 200 27087
186.103.159.46 - - [06/Jul/2018:11:31:12 -0300] "POST /cormun/servlet/solicitudot?gx-no-cache=1530887401207 HTTP/1.1" 200 1367
186.103.159.46 - - [06/Jul/2018:11:31:12 -0300] "POST /cormun/servlet/solicitudot?gx-no-cache=1530887401426 HTTP/1.1" 200 38
186.103.159.46 - - [06/Jul/2018:11:31:12 -0300] "GET /cormun/servlet/solicitudot?2c1814356974cd0ecd2604263384d509a238fb81191e8e9017b21dc7875ec08cea803c5c923d8de42f5567b3acb51b3a2eda46645dfe5a49d5e7d1f024dc2a57cac11761f8fb148256d746d58811461b8834a95a0a60f16fca2495ec8a15ab5d36577514160da65948b7b402ff21995876ecf3cf0b65d9ec45eb5b45c955670d44dc0199138c4af4bb49fffdca847ed5884ca19cb38ab2fbd42944aae6c75357,gx-no-cache=1530887401518 HTTP/1.1" 200 29
186.103.159.46 - - [06/Jul/2018:11:31:12 -0300] "POST /cormun/servlet/solicitudot?gx-no-cache=1530887401628 HTTP/1.1" 200 1349
186.103.159.46 - - [06/Jul/2018:11:31:12 -0300] "POST /cormun/servlet/solicitudot?gx-no-cache=1530887401779 HTTP/1.1" 200 1249
186.103.159.46 - - [06/Jul/2018:11:31:12 -0300] "GET /cormun/static/menuarrow.gif HTTP/1.1" 404 1015
186.103.159.46 - - [06/Jul/2018:11:31:14 -0300] "POST /cormun/servlet/solicitudot?gx-no-cache=1530887403460 HTTP/1.1" 200 1367
186.103.159.46 - - [06/Jul/2018:11:31:14 -0300] "POST /cormun/servlet/solicitudot?gx-no-cache=1530887403526 HTTP/1.1" 200 38
186.103.159.46 - - [06/Jul/2018:11:31:14 -0300] "POST /cormun/servlet/solicitudot?gx-no-cache=1530887403569 HTTP/1.1" 200 1349
186.103.159.46 - - [06/Jul/2018:11:31:14 -0300] "POST /cormun/servlet/solicitudot?gx-no-cache=1530887403628 HTTP/1.1" 200 1249
186.103.159.46 - - [06/Jul/2018:11:31:18 -0300] "GET /cormun/servlet/solicitudot?2c1814356974cd0ecd2604263384d509e4816bfbc916c8350ebd2eb4b2bf8c1e66ee4e38f8d96d62951bda161195220c,gx-no-cache=1530887407584 HTTP/1.1" 200 134
186.103.159.46 - - [06/Jul/2018:11:31:18 -0300] "GET /cormun/static/Shared/jqueryui/images/ui-bg_highlight-soft_100_c6c2c8_1x100.png HTTP/1.1" 404 1117
186.103.159.46 - - [06/Jul/2018:11:31:18 -0300] "GET /cormun/static/Shared/jqueryui/images/ui-icons_82798d_256x240.png HTTP/1.1" 404 1089
186.103.159.46 - - [06/Jul/2018:11:31:18 -0300] "GET /cormun/static/Shared/jqueryui/images/ui-bg_flat_55_994d53_40x100.png HTTP/1.1" 404 1097
186.103.159.46 - - [06/Jul/2018:11:31:18 -0300] "GET /cormun/static/Shared/jqueryui/images/ui-icons_ebccce_256x240.png HTTP/1.1" 404 1089
186.103.159.46 - - [06/Jul/2018:11:31:22 -0300] "GET /cormun/servlet/solicitudot?2c1814356974cd0ecd2604263384d509e4816bfbc916c8350ebd2eb4b2bf8c1e66ee4e38f8d96d62951bda161195220c,gx-no-cache=1530887411986 HTTP/1.1" 200 134
186.103.159.46 - - [06/Jul/2018:11:31:22 -0300] "POST /cormun/servlet/solicitudot?gx-no-cache=1530887412039 HTTP/1.1" 200 30
186.103.159.46 - - [06/Jul/2018:11:32:02 -0300] "GET /cormun/servlet/solicitudot?2c1814356974cd0ecd2604263384d509d5d96aa78262f1272ef9bd15459e589966ee4e38f8d96d62951bda161195220c,gx-no-cache=1530887452162 HTTP/1.1" 200 30
186.103.158.250 - - [06/Jul/2018:11:32:23 -0300] "GET /cormun/servlet/solicitudotadjuntos?8829fbd96d9e16a1c75b1e79c6abf55657b11a92d40c400cff3ef2e43e59ff79,gx-no-cache=1530887474729 HTTP/1.1" 200 30
186.103.158.250 - - [06/Jul/2018:11:32:23 -0300] "GET /cormun/servlet/solicitudotadjuntos?8829fbd96d9e16a1c75b1e79c6abf55657b11a92d40c400cff3ef2e43e59ff79,gx-no-cache=1530887474762 HTTP/1.1" 200 30
186.103.158.250 - - [06/Jul/2018:11:32:24 -0300] "POST /cormun/servlet/solicitudotadjuntos?a8db3d445cb72a6b643f2e6f8a0fe29b,INS,2018,11840,,1, HTTP/1.1" 200 116
186.103.158.250 - - [06/Jul/2018:11:32:24 -0300] "GET /cormun/servlet/hpexe_return? HTTP/1.1" 200 1028
186.103.158.250 - - [06/Jul/2018:11:32:24 -0300] "GET /cormun/servlet/trsolicitudadjuntos?2018,11840, HTTP/1.1" 200 9415
186.103.158.250 - - [06/Jul/2018:11:32:26 -0300] "GET /cormun/servlet/trsolicitudadjuntos?2018,11840, HTTP/1.1" 200 9413
186.103.158.250 - - [06/Jul/2018:11:32:30 -0300] "GET /cormun/servlet/solicitudotadjuntos?INS,2018,11840,,1, HTTP/1.1" 200 6246
186.103.158.250 - - [06/Jul/2018:11:32:30 -0300] "GET /cormun/static/about:blank HTTP/1.1" 404 1011
186.103.158.250 - - [06/Jul/2018:11:32:31 -0300] "GET /cormun/servlet/solicitudotadjuntos?INS,2018,11840,,1, HTTP/1.1" 200 6239
186.103.158.250 - - [06/Jul/2018:11:32:32 -0300] "GET /cormun/servlet/solicitudotadjuntos?8829fbd96d9e16a1c75b1e79c6abf55618608e7301325a1b6152e79fe3e5cd2682230de6cb83bd391c323ae22efa98d8,gx-no-cache=1530887483375 HTTP/1.1" 200 30
186.103.158.250 - - [06/Jul/2018:11:32:32 -0300] "POST /cormun/servlet/solicitudotadjuntos?a8db3d445cb72a6b643f2e6f8a0fe29b,INS,2018,11840,,1,,gx-no-cache=1530887483430 HTTP/1.1" 200 4021
186.103.158.250 - - [06/Jul/2018:11:32:35 -0300] "POST /cormun/servlet/solicitudotadjuntos?gx-no-cache=1530887486059 HTTP/1.1" 200 26
186.103.159.46 - - [06/Jul/2018:11:34:26 -0300] "POST /cormun/servlet/trautorizarsolicitud?5817fc10a8d5139c62c7ca40f51d20a4,,gx-no-cache=1530887595960 HTTP/1.1" 200 6371
186.103.159.46 - - [06/Jul/2018:11:34:33 -0300] "POST /cormun/servlet/trautorizarsolicitud?5817fc10a8d5139c62c7ca40f51d20a4,,gx-no-cache=1530887602447 HTTP/1.1" 200 4208
186.103.159.46 - - [06/Jul/2018:11:34:39 -0300] "POST /cormun/servlet/trautorizarsolicitud?5817fc10a8d5139c62c7ca40f51d20a4,,gx-no-cache=1530887608637 HTTP/1.1" 200 4207
186.103.159.46 - - [06/Jul/2018:11:34:45 -0300] "POST /cormun/servlet/trautorizarsolicitud?5817fc10a8d5139c62c7ca40f51d20a4,,gx-no-cache=1530887614276 HTTP/1.1" 200 4206
186.103.159.46 - - [06/Jul/2018:11:34:49 -0300] "POST /cormun/servlet/trautorizarsolicitud?5817fc10a8d5139c62c7ca40f51d20a4,,gx-no-cache=1530887618908 HTTP/1.1" 200 4207
186.103.159.46 - - [06/Jul/2018:11:34:58 -0300] "POST /cormun/servlet/trautorizarsolicitud?5817fc10a8d5139c62c7ca40f51d20a4,,gx-no-cache=1530887626060 HTTP/1.1" 200 4207
186.103.159.46 - - [06/Jul/2018:11:35:03 -0300] "POST /cormun/servlet/trautorizarsolicitud?5817fc10a8d5139c62c7ca40f51d20a4,,gx-no-cache=1530887632468 HTTP/1.1" 200 23988
186.103.159.46 - - [06/Jul/2018:11:35:14 -0300] "GET /cormun/servlet/trlicencias? HTTP/1.1" 200 11498
186.103.159.46 - - [06/Jul/2018:11:35:15 -0300] "GET /cormun/servlet/trlicencias? HTTP/1.1" 200 11500
186.103.159.204 - - [06/Jul/2018:11:38:09 -0300] "GET /cormun/servlet/trpermisosadjuntos?19020616,20180518121805,P, HTTP/1.1" 200 6235
186.103.159.204 - - [06/Jul/2018:11:38:10 -0300] "GET /cormun/servlet/trpermisosadjuntos?19020616,20180518121805,P, HTTP/1.1" 200 6235
186.103.159.204 - - [06/Jul/2018:11:38:12 -0300] "GET /cormun/servlet/permisosadjuntos?INS,19020616,P,20180518121805,, HTTP/1.1" 200 5565
186.103.159.204 - - [06/Jul/2018:11:38:12 -0300] "GET /cormun/static/about:blank HTTP/1.1" 404 1011
186.103.159.204 - - [06/Jul/2018:11:38:12 -0300] "GET /cormun/servlet/permisosadjuntos?INS,19020616,P,20180518121805,, HTTP/1.1" 200 5555
186.103.159.204 - - [06/Jul/2018:11:39:02 -0300] "POST /cormun/servlet/permisosadjuntos?1effe4b62f8f8d9d43dc89ccf2d15bda,INS,19020616,P,20180518121805,, HTTP/1.1" 200 116
186.103.159.204 - - [06/Jul/2018:11:39:03 -0300] "GET /cormun/servlet/hpexe_return? HTTP/1.1" 200 1042
186.103.159.204 - - [06/Jul/2018:11:39:03 -0300] "GET /cormun/servlet/trpermisosadjuntos?19020616,20180518121805,P, HTTP/1.1" 200 6737
186.103.159.204 - - [06/Jul/2018:11:39:03 -0300] "GET /cormun/servlet/trpermisosadjuntos?19020616,20180518121805,P, HTTP/1.1" 200 6734
186.103.159.204 - - [06/Jul/2018:11:39:08 -0300] "GET /cormun/servlet/trpermisosgoce? HTTP/1.1" 200 14077
186.103.159.204 - - [06/Jul/2018:11:39:08 -0300] "GET /cormun/servlet/trpermisosgoce? HTTP/1.1" 200 14069
186.103.159.204 - - [06/Jul/2018:11:39:23 -0300] "POST /cormun/servlet/trpermisosgoce?1effe4b62f8f8d9d43dc89ccf2d15bda,,gx-no-cache=1530887890257 HTTP/1.1" 200 11354
186.103.159.204 - - [06/Jul/2018:11:39:23 -0300] "GET /cormun/static/Shared/jqueryui/images/ui-bg_highlight-soft_100_c6c2c8_1x100.png HTTP/1.1" 404 1117
186.103.159.204 - - [06/Jul/2018:11:39:23 -0300] "GET /cormun/static/Shared/jqueryui/images/ui-icons_82798d_256x240.png HTTP/1.1" 404 1089
186.103.159.204 - - [06/Jul/2018:11:39:23 -0300] "GET /cormun/static/Shared/jqueryui/images/ui-bg_flat_55_fafafa_40x100.png HTTP/1.1" 404 1097
186.103.159.204 - - [06/Jul/2018:11:39:23 -0300] "GET /cormun/static/Shared/jqueryui/images/ui-icons_8d78a5_256x240.png HTTP/1.1" 404 1089
200.111.191.210 - - [06/Jul/2018:11:39:36 -0300] "GET /cormun/servlet/trpermisosgoce? HTTP/1.1" 200 6871
200.111.191.210 - - [06/Jul/2018:11:39:37 -0300] "GET /cormun/servlet/trpermisosgoce? HTTP/1.1" 200 6871
200.111.191.210 - - [06/Jul/2018:11:39:41 -0300] "POST /cormun/servlet/trpermisosgoce?ba59b08f33e75e7e0b5f710765b18b1c,,gx-no-cache=1530887989736 HTTP/1.1" 200 4109
200.111.191.210 - - [06/Jul/2018:11:39:43 -0300] "GET /cormun/static/menuarrow.gif HTTP/1.1" 404 1015
200.111.191.210 - - [06/Jul/2018:11:39:48 -0300] "POST /cormun/servlet/trpermisosgoce?ba59b08f33e75e7e0b5f710765b18b1c,,gx-no-cache=1530887996629 HTTP/1.1" 200 4936
186.103.158.250 - - [06/Jul/2018:11:39:56 -0300] "POST /cormun/servlet/solicitudotadjuntos?gx-no-cache=1530887927540 HTTP/1.1" 200 26
186.103.158.250 - - [06/Jul/2018:11:40:09 -0300] "POST /cormun/servlet/solicitudotadjuntos?gx-no-cache=1530887940464 HTTP/1.1" 200 26
186.103.158.250 - - [06/Jul/2018:11:40:15 -0300] "GET /cormun/servlet/solicitudotadjuntos?8829fbd96d9e16a1c75b1e79c6abf55657b11a92d40c400cff3ef2e43e59ff79,gx-no-cache=1530887946917 HTTP/1.1" 200 30
186.103.158.250 - - [06/Jul/2018:11:40:15 -0300] "GET /cormun/servlet/solicitudotadjuntos?8829fbd96d9e16a1c75b1e79c6abf55657b11a92d40c400cff3ef2e43e59ff79,gx-no-cache=1530887946945 HTTP/1.1" 200 30
186.103.158.250 - - [06/Jul/2018:11:40:16 -0300] "POST /cormun/servlet/solicitudotadjuntos?a8db3d445cb72a6b643f2e6f8a0fe29b,INS,2018,11840,,1, HTTP/1.1" 200 116
186.103.158.250 - - [06/Jul/2018:11:40:16 -0300] "GET /cormun/servlet/hpexe_return? HTTP/1.1" 200 1028
186.103.158.250 - - [06/Jul/2018:11:40:17 -0300] "GET /cormun/servlet/trsolicitudadjuntos?2018,11840, HTTP/1.1" 200 9622
186.103.158.250 - - [06/Jul/2018:11:40:19 -0300] "GET /cormun/servlet/trsolicitudadjuntos?2018,11840, HTTP/1.1" 200 9619
186.103.159.204 - - [06/Jul/2018:11:40:23 -0300] "GET /cormun/static/Shared/jqueryui/images/ui-bg_highlight-soft_100_eae6ea_1x100.png HTTP/1.1" 404 1117
190.101.8.3 - - [06/Jul/2018:11:41:13 -0300] "GET /cormun/servlet/hlogin HTTP/1.1" 200 1721
190.101.8.3 - - [06/Jul/2018:11:41:13 -0300] "GET /favicon.ico HTTP/1.1" 200 21630
190.101.8.3 - - [06/Jul/2018:11:41:15 -0300] "POST /cormun/servlet/hlogin?92b473c2894c625b50b64a5ab81f38b8,gx-no-cache=1530888007446 HTTP/1.1" 200 90
190.101.8.3 - - [06/Jul/2018:11:41:15 -0300] "GET /cormun/servlet/hpexe_link HTTP/1.1" 200 952
190.101.8.3 - - [06/Jul/2018:11:41:15 -0300] "GET /cormun/servlet/hhome HTTP/1.1" 200 4351
190.101.8.3 - - [06/Jul/2018:11:41:15 -0300] "GET /cormun/servlet/hhome HTTP/1.1" 200 4347
186.103.158.250 - - [06/Jul/2018:11:41:29 -0300] "GET /cormun/servlet/solicitudotadjuntos?INS,2018,11840,,1, HTTP/1.1" 200 6247
186.103.158.250 - - [06/Jul/2018:11:41:30 -0300] "GET /cormun/static/about:blank HTTP/1.1" 404 1011
186.103.158.250 - - [06/Jul/2018:11:41:31 -0300] "GET /cormun/servlet/solicitudotadjuntos?INS,2018,11840,,1, HTTP/1.1" 200 6241
186.103.158.250 - - [06/Jul/2018:11:41:31 -0300] "GET /cormun/servlet/solicitudotadjuntos?8829fbd96d9e16a1c75b1e79c6abf55618608e7301325a1b6152e79fe3e5cd2682230de6cb83bd391c323ae22efa98d8,gx-no-cache=1530888022734 HTTP/1.1" 200 30
186.103.158.250 - - [06/Jul/2018:11:41:31 -0300] "POST /cormun/servlet/solicitudotadjuntos?a8db3d445cb72a6b643f2e6f8a0fe29b,INS,2018,11840,,1,,gx-no-cache=1530888022795 HTTP/1.1" 200 4021
186.103.158.250 - - [06/Jul/2018:11:41:36 -0300] "POST /cormun/servlet/solicitudotadjuntos?gx-no-cache=1530888027010 HTTP/1.1" 200 26
186.103.158.250 - - [06/Jul/2018:11:41:42 -0300] "GET /cormun/servlet/solicitudotadjuntos?8829fbd96d9e16a1c75b1e79c6abf55657b11a92d40c400cff3ef2e43e59ff79,gx-no-cache=1530888033329 HTTP/1.1" 200 30
186.103.158.250 - - [06/Jul/2018:11:41:42 -0300] "GET /cormun/servlet/solicitudotadjuntos?8829fbd96d9e16a1c75b1e79c6abf55657b11a92d40c400cff3ef2e43e59ff79,gx-no-cache=1530888033362 HTTP/1.1" 200 30
186.103.158.250 - - [06/Jul/2018:11:41:42 -0300] "POST /cormun/servlet/solicitudotadjuntos?a8db3d445cb72a6b643f2e6f8a0fe29b,INS,2018,11840,,1, HTTP/1.1" 200 116
186.103.158.250 - - [06/Jul/2018:11:41:42 -0300] "GET /cormun/servlet/hpexe_return? HTTP/1.1" 200 1028
186.103.158.250 - - [06/Jul/2018:11:41:43 -0300] "GET /cormun/servlet/trsolicitudadjuntos?2018,11840, HTTP/1.1" 200 9924
190.101.8.3 - - [06/Jul/2018:11:41:43 -0300] "GET /cormun/servlet/trlicencias? HTTP/1.1" 200 13722
190.101.8.3 - - [06/Jul/2018:11:41:44 -0300] "GET /cormun/servlet/trlicencias? HTTP/1.1" 200 13720
186.103.158.250 - - [06/Jul/2018:11:41:44 -0300] "GET /cormun/servlet/trsolicitudadjuntos?2018,11840, HTTP/1.1" 200 9920
190.101.8.3 - - [06/Jul/2018:11:41:53 -0300] "GET /cormun/servlet/licenciaspermisos?INS,0,,, HTTP/1.1" 200 7879
190.101.8.3 - - [06/Jul/2018:11:41:54 -0300] "GET /cormun/servlet/licenciaspermisos?INS,0,,, HTTP/1.1" 200 7887
186.103.158.250 - - [06/Jul/2018:11:41:56 -0300] "GET /cormun/servlet/trsolicitudot? HTTP/1.1" 200 8775
186.103.158.250 - - [06/Jul/2018:11:41:57 -0300] "GET /cormun/servlet/trsolicitudot? HTTP/1.1" 200 8768
190.101.8.3 - - [06/Jul/2018:11:42:02 -0300] "GET /cormun/servlet/licenciaspermisos?7bb7813f366bfa07b949217684593add9a932f312a6b450accec2c14ca9c5545f30b0e440561ee723072cedc85aedbc7,gx-no-cache=1530888054561 HTTP/1.1" 200 109
190.101.8.3 - - [06/Jul/2018:11:42:02 -0300] "POST /cormun/servlet/licenciaspermisos?92b473c2894c625b50b64a5ab81f38b8,INS,0,,,,gx-no-cache=1530888054721 HTTP/1.1" 200 4887
186.103.158.250 - - [06/Jul/2018:11:42:06 -0300] "POST /cormun/servlet/trsolicitudot?a8db3d445cb72a6b643f2e6f8a0fe29b,,gx-no-cache=1530888056206 HTTP/1.1" 200 4678
186.103.158.250 - - [06/Jul/2018:11:42:06 -0300] "GET /cormun/static/Shared/jqueryui/images/ui-bg_highlight-soft_100_c6c2c8_1x100.png HTTP/1.1" 404 1117
186.103.158.250 - - [06/Jul/2018:11:42:06 -0300] "GET /cormun/static/Shared/jqueryui/images/ui-icons_8d78a5_256x240.png HTTP/1.1" 404 1089
186.103.158.250 - - [06/Jul/2018:11:42:06 -0300] "GET /cormun/static/Shared/jqueryui/images/ui-icons_82798d_256x240.png HTTP/1.1" 404 1089
186.103.158.250 - - [06/Jul/2018:11:42:06 -0300] "GET /cormun/static/Shared/jqueryui/images/ui-bg_flat_55_fafafa_40x100.png HTTP/1.1" 404 1097
186.103.158.250 - - [06/Jul/2018:11:42:07 -0300] "POST /cormun/servlet/trsolicitudot?a8db3d445cb72a6b643f2e6f8a0fe29b,,gx-no-cache=1530888057457 HTTP/1.1" 200 4466
186.103.158.250 - - [06/Jul/2018:11:42:10 -0300] "GET /cormun/servlet/trautorizarsolicitud? HTTP/1.1" 200 8663
186.103.158.250 - - [06/Jul/2018:11:42:10 -0300] "GET /cormun/static/gxcfg.js?2017111423403364 HTTP/1.1" 200 953
186.103.158.250 - - [06/Jul/2018:11:42:10 -0300] "GET /cormun/static/trautorizarsolicitud.js?201711142340425 HTTP/1.1" 200 53910
186.103.158.250 - - [06/Jul/2018:11:42:11 -0300] "GET /cormun/servlet/trautorizarsolicitud? HTTP/1.1" 200 8663
190.101.8.3 - - [06/Jul/2018:11:42:14 -0300] "GET /cormun/static/menuarrow.gif HTTP/1.1" 404 1015
186.103.158.250 - - [06/Jul/2018:11:42:21 -0300] "POST /cormun/servlet/trautorizarsolicitud?a8db3d445cb72a6b643f2e6f8a0fe29b,,gx-no-cache=1530888071147 HTTP/1.1" 200 4597
186.103.158.250 - - [06/Jul/2018:11:42:21 -0300] "GET /cormun/static/Shared/jqueryui/images/ui-bg_highlight-soft_100_c6c2c8_1x100.png HTTP/1.1" 404 1117
186.103.158.250 - - [06/Jul/2018:11:42:21 -0300] "GET /cormun/static/Shared/jqueryui/images/ui-icons_82798d_256x240.png HTTP/1.1" 404 1089
186.103.158.250 - - [06/Jul/2018:11:42:21 -0300] "GET /cormun/static/Shared/jqueryui/images/ui-icons_8d78a5_256x240.png HTTP/1.1" 404 1089
186.103.158.250 - - [06/Jul/2018:11:42:21 -0300] "GET /cormun/static/Shared/jqueryui/images/ui-bg_flat_55_fafafa_40x100.png HTTP/1.1" 404 1097
186.103.158.250 - - [06/Jul/2018:11:42:22 -0300] "POST /cormun/servlet/trautorizarsolicitud?a8db3d445cb72a6b643f2e6f8a0fe29b,,gx-no-cache=1530888072604 HTTP/1.1" 200 4387
186.103.158.250 - - [06/Jul/2018:11:42:29 -0300] "GET /cormun/servlet/trvisualizadoreventos? HTTP/1.1" 200 6953
186.103.158.250 - - [06/Jul/2018:11:42:29 -0300] "GET /cormun/static/gxcfg.js?20175251251426 HTTP/1.1" 200 953
186.103.158.250 - - [06/Jul/2018:11:42:29 -0300] "GET /cormun/static/trvisualizadoreventos.js?20175251251768 HTTP/1.1" 200 19318
186.103.158.250 - - [06/Jul/2018:11:42:29 -0300] "GET /cormun/static/Resources/PXToolsActionPrint.png HTTP/1.1" 200 3317
186.103.158.250 - - [06/Jul/2018:11:42:30 -0300] "GET /cormun/servlet/trvisualizadoreventos? HTTP/1.1" 200 6952
186.103.159.46 - - [06/Jul/2018:11:43:01 -0300] "GET /cormun/servlet/trvisualizadoreventos? HTTP/1.1" 200 6714
186.103.159.46 - - [06/Jul/2018:11:43:02 -0300] "GET /cormun/servlet/trvisualizadoreventos? HTTP/1.1" 200 6715
190.101.8.3 - - [06/Jul/2018:11:43:19 -0300] "POST /cormun/servlet/licenciaspermisos?92b473c2894c625b50b64a5ab81f38b8,INS,0,,,,gx-no-cache=1530888131453 HTTP/1.1" 200 5060
190.101.8.3 - - [06/Jul/2018:11:43:19 -0300] "GET /cormun/static/Shared/jqueryui/images/ui-bg_highlight-soft_100_c6c2c8_1x100.png HTTP/1.1" 404 1117
190.101.8.3 - - [06/Jul/2018:11:43:19 -0300] "GET /cormun/static/Shared/jqueryui/images/ui-icons_82798d_256x240.png HTTP/1.1" 404 1089
190.101.8.3 - - [06/Jul/2018:11:43:19 -0300] "GET /cormun/static/Shared/jqueryui/images/ui-icons_ebccce_256x240.png HTTP/1.1" 404 1089
190.101.8.3 - - [06/Jul/2018:11:43:19 -0300] "GET /cormun/static/Shared/jqueryui/images/ui-bg_flat_55_994d53_40x100.png HTTP/1.1" 404 1097
186.103.159.46 - - [06/Jul/2018:11:43:37 -0300] "GET /cormun/static/menuarrow.gif HTTP/1.1" 404 1015
186.103.159.46 - - [06/Jul/2018:11:43:43 -0300] "POST /cormun/servlet/trvisualizadoreventos?5817fc10a8d5139c62c7ca40f51d20a4,,gx-no-cache=1530888152400 HTTP/1.1" 200 5093
186.103.159.46 - - [06/Jul/2018:11:44:02 -0300] "POST /cormun/servlet/trvisualizadoreventos?5817fc10a8d5139c62c7ca40f51d20a4,,gx-no-cache=1530888171782 HTTP/1.1" 200 5122
190.101.8.3 - - [06/Jul/2018:11:44:04 -0300] "GET /cormun/servlet/licenciaspermisos?7bb7813f366bfa07b949217684593add34e03eea4f17523c0a2e246aa04ef7e39a171e6e7e0c711393869aa34555022a0fa67adce0669d7e33973e1427ffbf6bdee6a84b35504198afbf7db90f645bcfc1677509f0d81d2f3e95a9ebcbd5fd9875730c4ad937d69e470c44c3f7dd8b0417735fc6c30937241c57548865f8fdf992caa6819519da01245979c55ef138169f388554f037146db6cf4ef12f1caecdbaa38231d65c5c0c4ebe81755287fbb112b5c11cd02ee133ae69924ab16cb087194c6ce0a5f5708acad554214d1fac95e12ee3c2187732b658d98a768e167e31,gx-no-cache=1530888176657 HTTP/1.1" 200 30
190.101.8.3 - - [06/Jul/2018:11:44:04 -0300] "GET /cormun/servlet/licenciaspermisos?7bb7813f366bfa07b949217684593add5e47ea5c40d180af120bb2540010d1a117bd235afec5d27c0b0f7b8ec55b20a3bf9f1d70952a1aac4d655c1b3a427bfc4f23484555744d7c8db0c7f35b35f933a07d67fee67ec6ac848b4a4e42c77711792e9c938835f38ea990d35601926a6e862546a35bb516d344b29aa652758507706b1c9d09ae78d02b973aa9023bb1cab1eef3223c08338045e2336784fd1b0337167ce574460ccaf38cc542992ff8f04d7f8a59f869b00aa2af18fe44621000715ca2ee0af1958692626a477b2f53d708e8ef1bdeb439b0259081af3b2d6ee4,gx-no-cache=1530888176919 HTTP/1.1" 200 29
190.101.8.3 - - [06/Jul/2018:11:44:05 -0300] "POST /cormun/servlet/licenciaspermisos?92b473c2894c625b50b64a5ab81f38b8,INS,0,,,,gx-no-cache=1530888177066 HTTP/1.1" 200 93
190.101.8.3 - - [06/Jul/2018:11:44:06 -0300] "GET /cormun/servlet/hpexe_return? HTTP/1.1" 200 1012
190.101.8.3 - - [06/Jul/2018:11:44:06 -0300] "GET /cormun/servlet/trlicencias HTTP/1.1" 200 14176
190.101.8.3 - - [06/Jul/2018:11:44:07 -0300] "GET /cormun/servlet/trlicencias HTTP/1.1" 200 14172
190.101.8.3 - - [06/Jul/2018:11:44:10 -0300] "GET /cormun/servlet/alicenciaprn?15952029,L,20180706000000,PU HTTP/1.1" 200 1538
186.103.159.46 - - [06/Jul/2018:11:44:19 -0300] "GET /cormun/servlet/trcontratoobservacion? HTTP/1.1" 200 6919
186.103.159.46 - - [06/Jul/2018:11:44:19 -0300] "GET /cormun/static/gxcfg.js?2017525126861 HTTP/1.1" 200 953
186.103.159.46 - - [06/Jul/2018:11:44:19 -0300] "GET /cormun/static/trcontratoobservacion.js?20175251261223 HTTP/1.1" 200 25148
186.103.159.46 - - [06/Jul/2018:11:44:20 -0300] "GET /cormun/servlet/trcontratoobservacion? HTTP/1.1" 200 6919
186.103.159.46 - - [06/Jul/2018:11:47:12 -0300] "GET /cormun/servlet/trvisualizadoreventos? HTTP/1.1" 200 7855
186.103.159.46 - - [06/Jul/2018:11:47:13 -0300] "GET /cormun/servlet/trvisualizadoreventos? HTTP/1.1" 200 7855
186.103.159.46 - - [06/Jul/2018:11:47:19 -0300] "POST /cormun/servlet/trvisualizadoreventos?5817fc10a8d5139c62c7ca40f51d20a4,,gx-no-cache=1530888368819 HTTP/1.1" 200 3937
186.103.159.46 - - [06/Jul/2018:11:47:26 -0300] "GET /cormun/servlet/trcontratoobservacion? HTTP/1.1" 200 6919
186.103.159.46 - - [06/Jul/2018:11:47:27 -0300] "GET /cormun/servlet/trcontratoobservacion? HTTP/1.1" 200 6919
186.103.159.44 - - [06/Jul/2018:11:47:51 -0300] "GET /cormun/servlet/hlogin HTTP/1.1" 200 1720
186.103.159.46 - - [06/Jul/2018:11:48:14 -0300] "GET /cormun/servlet/trsolicitudot? HTTP/1.1" 200 7198
186.103.159.44 - - [06/Jul/2018:11:48:14 -0300] "POST /cormun/servlet/hlogin?ace05bf6d3946224ebe82f4f3afbee30,gx-no-cache=1530888428319 HTTP/1.1" 200 90
186.103.159.44 - - [06/Jul/2018:11:48:14 -0300] "GET /cormun/servlet/hpexe_link HTTP/1.1" 200 951
186.103.159.44 - - [06/Jul/2018:11:48:14 -0300] "GET /cormun/servlet/hhome HTTP/1.1" 200 4176
186.103.159.44 - - [06/Jul/2018:11:48:14 -0300] "GET /cormun/static/gxcfg.js?20175251212442 HTTP/1.1" 200 953
186.103.159.44 - - [06/Jul/2018:11:48:15 -0300] "GET /cormun/static/hhome.js?20175251212450 HTTP/1.1" 200 777
186.103.159.46 - - [06/Jul/2018:11:48:15 -0300] "GET /cormun/servlet/trsolicitudot? HTTP/1.1" 200 7197
186.103.159.44 - - [06/Jul/2018:11:48:55 -0300] "GET /cormun/servlet/trlicencias? HTTP/1.1" 200 13768
186.103.159.44 - - [06/Jul/2018:11:48:55 -0300] "GET /cormun/static/Resources/Spanish/PXTools.css?17315867 HTTP/1.1" 200 89042
186.103.159.44 - - [06/Jul/2018:11:48:55 -0300] "GET /cormun/static/gxcfg.js?20176272054169 HTTP/1.1" 200 953
186.103.159.44 - - [06/Jul/2018:11:48:55 -0300] "GET /cormun/static/trlicencias.js?20176272054837 HTTP/1.1" 200 41883
186.103.159.44 - - [06/Jul/2018:11:48:56 -0300] "GET /cormun//static/Resources/PXToolsActionDisabled.gif HTTP/1.1" 200 53
186.103.159.44 - - [06/Jul/2018:11:48:59 -0300] "GET /cormun/servlet/licenciaspermisos?INS,0,,, HTTP/1.1" 200 7712
186.103.159.44 - - [06/Jul/2018:11:48:59 -0300] "GET /cormun/static/gxcfg.js?201762917281167 HTTP/1.1" 200 953
186.103.159.44 - - [06/Jul/2018:11:48:59 -0300] "GET /cormun/static/Resources/prompt.gif HTTP/1.1" 200 902
186.103.159.44 - - [06/Jul/2018:11:48:59 -0300] "GET /cormun/static/licenciaspermisos.js?201762917281260 HTTP/1.1" 200 37491
186.103.159.46 - - [06/Jul/2018:11:50:22 -0300] "GET /cormun/servlet/trfichaempleado? HTTP/1.1" 200 14641
186.103.159.44 - - [06/Jul/2018:11:53:10 -0300] "GET /cormun/servlet/licenciaspermisos?d3b325031bd30443e611c61971eb3fe6cfd0dde83f742add5cc9980726e6d84b93898c8ae30c38af02245f5ed9b2b314,gx-no-cache=1530888724515 HTTP/1.1" 200 185
186.103.159.44 - - [06/Jul/2018:11:53:10 -0300] "GET /cormun/static/Shared/jqueryui/images/ui-bg_flat_55_994d53_40x100.png HTTP/1.1" 404 1097
186.103.159.44 - - [06/Jul/2018:11:53:10 -0300] "GET /cormun/static/Shared/jqueryui/images/ui-bg_highlight-soft_100_c6c2c8_1x100.png HTTP/1.1" 404 1117
186.103.159.44 - - [06/Jul/2018:11:53:10 -0300] "GET /cormun/static/Shared/jqueryui/images/ui-icons_82798d_256x240.png HTTP/1.1" 404 1089
186.103.159.44 - - [06/Jul/2018:11:53:10 -0300] "GET /cormun/static/Shared/jqueryui/images/ui-icons_ebccce_256x240.png HTTP/1.1" 404 1089
186.103.159.44 - - [06/Jul/2018:11:53:19 -0300] "GET /cormun/servlet/licenciaspermisos?d3b325031bd30443e611c61971eb3fe65f65e7557f17bda14f512506cb48ac659585399c40812a98f53fab96aa088ee4,gx-no-cache=1530888733228 HTTP/1.1" 200 180
186.103.159.44 - - [06/Jul/2018:11:53:33 -0300] "GET /cormun/servlet/licenciaspermisos?d3b325031bd30443e611c61971eb3fe683e4dec0a46628f51856dce8f0f577b139cba5c483de94c081ccdc00275e8575,gx-no-cache=1530888747186 HTTP/1.1" 200 100
186.103.159.44 - - [06/Jul/2018:11:53:33 -0300] "POST /cormun/servlet/licenciaspermisos?ace05bf6d3946224ebe82f4f3afbee30,INS,0,,,,gx-no-cache=1530888747252 HTTP/1.1" 200 4893
186.103.159.44 - - [06/Jul/2018:11:53:46 -0300] "GET /cormun/static/menuarrow.gif HTTP/1.1" 404 1015
186.103.159.44 - - [06/Jul/2018:11:54:55 -0300] "GET /cormun/servlet/licenciaspermisos?d3b325031bd30443e611c61971eb3fe6616b6695f6aa05f49ebd9beb8de1a4cacb2237e9c47155b2234882eec159a8b784ce02678951fb8f2d6e6986bc134271482a718caf45b51a3185aeabb93243118e81e15ce1eb54da457fcc6a226baee81e28f3603d520888d4e604065f3c1a193236e7e503518cbfd6bb3d21da0e373533c4a04682fede74bc31dc67efd441a9fe46ea54076323abb54f3362de8e15fc7691b7414a63052e541896f018e2ec07,gx-no-cache=1530888828871 HTTP/1.1" 200 30
186.103.159.44 - - [06/Jul/2018:11:54:55 -0300] "POST /cormun/servlet/licenciaspermisos?ace05bf6d3946224ebe82f4f3afbee30,INS,0,,,,gx-no-cache=1530888829277 HTTP/1.1" 200 4955
186.103.159.44 - - [06/Jul/2018:11:56:42 -0300] "GET /cormun/servlet/licenciaspermisos?d3b325031bd30443e611c61971eb3fe661dad74eb644089aa559e74f8d8aab020800f6b30f2ed090fdca52c9e9c777335bf1db32b505c74e428fdd6b22a686863502076d2ac62ac84878d5a9dc0920f783de5d0785dbcab941fe0521e1a3a5b95dd76691fd3a905703339a01a811c49496004171be086c0e6e1ae59b17c67465e819b3bf17c0e04491c922618941dc6bdd1689dba84624209edda75e1893bd01bd669889528093481aa3bca768c38f4d5f11de96c6da49f16be71c88371342e3e79c57f4ce1e6bf50bfed615ba7016749e719ef079d356627778723f7abf9f629ab0bee7bb47d823e93e33e2357780a7,gx-no-cache=1530888936111 HTTP/1.1" 200 29
186.103.159.44 - - [06/Jul/2018:11:58:28 -0300] "GET /cormun/servlet/licenciaspermisos?d3b325031bd30443e611c61971eb3fe661dad74eb644089aa559e74f8d8aab020800f6b30f2ed090fdca52c9e9c777335bf1db32b505c74e428fdd6b22a686863502076d2ac62ac84878d5a9dc0920f783de5d0785dbcab941fe0521e1a3a5b95dd76691fd3a905703339a01a811c49496004171be086c0e6e1ae59b17c67465e819b3bf17c0e04491c922618941dc6bdd1689dba84624209edda75e1893bd01bd669889528093481aa3bca768c38f4d5f11de96c6da49f16be71c88371342e3e79c57f4ce1e6bf50bfed615ba70167462b91d3903dffdb3342fa5d8b3c0f9c49ab0bee7bb47d823e93e33e2357780a7,gx-no-cache=1530889041829 HTTP/1.1" 200 29
186.103.159.44 - - [06/Jul/2018:11:58:53 -0300] "GET /cormun/servlet/licenciaspermisos?d3b325031bd30443e611c61971eb3fe661dad74eb644089aa559e74f8d8aab020800f6b30f2ed090fdca52c9e9c777335bf1db32b505c74e428fdd6b22a686863502076d2ac62ac84878d5a9dc0920f783de5d0785dbcab941fe0521e1a3a5b95dd76691fd3a905703339a01a811c49496004171be086c0e6e1ae59b17c67465e819b3bf17c0e04491c922618941dc6bdd1689dba84624209edda75e1893bd01bd669889528093481aa3bca768c38f4d5f11de96c6da49f16be71c88371342e3e79c57f4ce1e6bf50bfed615ba7016749e719ef079d356627778723f7abf9f629ab0bee7bb47d823e93e33e2357780a7,gx-no-cache=1530889066645 HTTP/1.1" 200 29
186.103.159.44 - - [06/Jul/2018:11:59:06 -0300] "GET /cormun/servlet/licenciaspermisos?d3b325031bd30443e611c61971eb3fe661dad74eb644089aa559e74f8d8aab020800f6b30f2ed090fdca52c9e9c777335bf1db32b505c74e428fdd6b22a686863502076d2ac62ac84878d5a9dc0920f783de5d0785dbcab941fe0521e1a3a5b95dd76691fd3a905703339a01a811c49496004171be086c0e6e1ae59b17c67465e819b3bf17c0e04491c922618941dc6bdd1689dba84624209edda75e1893bd01bd669889528093481aa3bca768c38f4d5f11de96c6da49f16be71c88371342e3e79c57f4ce1e6bf50bfed615ba701674878410be5f8418af1103b689b067e6bc9ab0bee7bb47d823e93e33e2357780a7,gx-no-cache=1530889079940 HTTP/1.1" 200 29
186.103.159.44 - - [06/Jul/2018:12:00:40 -0300] "GET /cormun/servlet/licenciaspermisos?d3b325031bd30443e611c61971eb3fe661dad74eb644089aa559e74f8d8aab020800f6b30f2ed090fdca52c9e9c777335bf1db32b505c74e428fdd6b22a686863502076d2ac62ac84878d5a9dc0920f783de5d0785dbcab941fe0521e1a3a5b95dd76691fd3a905703339a01a811c49496004171be086c0e6e1ae59b17c67465e819b3bf17c0e04491c922618941dc6bdd1689dba84624209edda75e1893bd01bd669889528093481aa3bca768c38f4d5f11de96c6da49f16be71c88371342e3e79c57f4ce1e6bf50bfed615ba7016747827aaa8ee19250ca9a0fd954c46a94c9ab0bee7bb47d823e93e33e2357780a7,gx-no-cache=1530889173845 HTTP/1.1" 200 29
186.103.159.44 - - [06/Jul/2018:12:01:45 -0300] "GET /cormun/servlet/licenciaspermisos?d3b325031bd30443e611c61971eb3fe661dad74eb644089aa559e74f8d8aab020800f6b30f2ed090fdca52c9e9c777335bf1db32b505c74e428fdd6b22a686863502076d2ac62ac84878d5a9dc0920f783de5d0785dbcab941fe0521e1a3a5b95dd76691fd3a905703339a01a811c49496004171be086c0e6e1ae59b17c67465e819b3bf17c0e04491c922618941dc6bdd1689dba84624209edda75e1893bd01bd669889528093481aa3bca768c38f4d5f11de96c6da49f16be71c88371342e3e79c57f4ce1e6bf50bfed615ba701674072f1a88ac0fe739a1c93c03eb49d73e9ab0bee7bb47d823e93e33e2357780a7,gx-no-cache=1530889239093 HTTP/1.1" 200 59
186.103.159.44 - - [06/Jul/2018:12:01:47 -0300] "POST /cormun/servlet/licenciaspermisos?ace05bf6d3946224ebe82f4f3afbee30,INS,0,,,,gx-no-cache=1530889241193 HTTP/1.1" 200 93
186.103.159.44 - - [06/Jul/2018:12:01:47 -0300] "GET /cormun/servlet/hpexe_return? HTTP/1.1" 200 1013
186.103.159.44 - - [06/Jul/2018:12:01:47 -0300] "GET /cormun/static/gxcfg.js?2016101716175148 HTTP/1.1" 200 953
186.103.159.44 - - [06/Jul/2018:12:01:47 -0300] "GET /cormun/static/hpexe_return.js?2016101716175153 HTTP/1.1" 200 1633
186.103.159.44 - - [06/Jul/2018:12:01:48 -0300] "GET /cormun/static/Resources/Spanish/PXTools.css?167811 HTTP/1.1" 200 89042
186.103.159.44 - - [06/Jul/2018:12:01:48 -0300] "GET /cormun/servlet/trlicencias HTTP/1.1" 200 14318
186.103.159.44 - - [06/Jul/2018:12:02:04 -0300] "GET /cormun/servlet/trlicenciaspermisosadjuntos?15804934,20180706000000,L, HTTP/1.1" 200 6530
186.103.159.44 - - [06/Jul/2018:12:02:04 -0300] "GET /cormun/static/gxcfg.js?20177612163414 HTTP/1.1" 200 953
186.103.159.44 - - [06/Jul/2018:12:02:04 -0300] "GET /cormun/static/trlicenciaspermisosadjuntos.js?20177612163719 HTTP/1.1" 200 21036
186.103.159.44 - - [06/Jul/2018:12:02:07 -0300] "GET /cormun/servlet/licenciaspermisosadjuntos?INS,15804934,L,20180706000000,, HTTP/1.1" 200 5826
186.103.159.44 - - [06/Jul/2018:12:02:07 -0300] "GET /cormun/static/gxcfg.js?2017761263592 HTTP/1.1" 200 953
186.103.159.44 - - [06/Jul/2018:12:02:07 -0300] "GET /cormun/static/licenciaspermisosadjuntos.js?201776126362 HTTP/1.1" 200 8760
186.103.159.44 - - [06/Jul/2018:12:02:07 -0300] "HEAD /cormun/static/about:blank HTTP/1.1" 404 -
186.103.159.44 - - [06/Jul/2018:12:02:22 -0300] "POST /cormun/servlet/licenciaspermisosadjuntos?ace05bf6d3946224ebe82f4f3afbee30,INS,15804934,L,20180706000000,, HTTP/1.1" 200 116
186.103.159.44 - - [06/Jul/2018:12:02:22 -0300] "GET /cormun/servlet/hpexe_return? HTTP/1.1" 200 1043
186.103.159.44 - - [06/Jul/2018:12:02:23 -0300] "GET /cormun/servlet/trlicenciaspermisosadjuntos?15804934,20180706000000,L, HTTP/1.1" 200 7043
186.103.159.44 - - [06/Jul/2018:12:02:24 -0300] "GET /cormun/PublicTempStorage/licencia_mauricio_contreras8606122.pdf HTTP/1.1" 200 1054724
186.103.159.44 - - [06/Jul/2018:12:02:25 -0300] "GET /cormun/PublicTempStorage/licencia_mauricio_contreras8606122.pdf HTTP/1.1" 200 1054724
186.103.159.44 - - [06/Jul/2018:12:02:28 -0300] "GET /cormun/servlet/trlicencias? HTTP/1.1" 200 14320
186.103.159.44 - - [06/Jul/2018:12:02:33 -0300] "GET /cormun/servlet/alicenciaprn?15804934,L,20180706000000,PU HTTP/1.1" 200 1588
186.103.159.44 - - [06/Jul/2018:12:03:25 -0300] "POST /cormun/servlet/trlicencias?ace05bf6d3946224ebe82f4f3afbee30,,gx-no-cache=1530889338561 HTTP/1.1" 200 11929
