186.79.99.133 - - [28/Jun/2018:13:33:23 -0300] "GET /cormun/servlet/trlicencias HTTP/1.1" 200 11926
186.79.99.133 - - [28/Jun/2018:13:33:25 -0300] "GET /cormun/servlet/trlicenciaspermisosadjuntos?15125209,20180628000000,L, HTTP/1.1" 200 6580
186.79.99.133 - - [28/Jun/2018:13:33:26 -0300] "GET /cormun/servlet/trlicenciaspermisosadjuntos?15125209,20180628000000,L, HTTP/1.1" 200 6580
186.79.99.133 - - [28/Jun/2018:13:33:27 -0300] "GET /cormun/servlet/licenciaspermisosadjuntos?INS,15125209,L,20180628000000,, HTTP/1.1" 200 5880
186.79.99.133 - - [28/Jun/2018:13:33:28 -0300] "GET /cormun/static/about:blank HTTP/1.1" 404 1011
186.79.99.133 - - [28/Jun/2018:13:33:28 -0300] "GET /cormun/servlet/licenciaspermisosadjuntos?INS,15125209,L,20180628000000,, HTTP/1.1" 200 5869
186.79.99.133 - - [28/Jun/2018:13:33:55 -0300] "POST /cormun/servlet/licenciaspermisosadjuntos?bcc14582fa0922d40f54e9a7d47ff4ef,INS,15125209,L,20180628000000,, HTTP/1.1" 200 116
186.79.99.133 - - [28/Jun/2018:13:33:55 -0300] "GET /cormun/servlet/hpexe_return? HTTP/1.1" 200 1045
186.79.99.133 - - [28/Jun/2018:13:33:56 -0300] "GET /cormun/servlet/trlicenciaspermisosadjuntos?15125209,20180628000000,L, HTTP/1.1" 200 7098
186.79.99.133 - - [28/Jun/2018:13:33:56 -0300] "GET /cormun/servlet/trlicenciaspermisosadjuntos?15125209,20180628000000,L, HTTP/1.1" 200 7094
186.79.99.133 - - [28/Jun/2018:13:34:21 -0300] "POST /cormun/servlet/trlicenciaspermisosadjuntos?bcc14582fa0922d40f54e9a7d47ff4ef,15125209,20180628000000,L,,gx-no-cache=1530203593765 HTTP/1.1" 200 90
186.79.99.133 - - [28/Jun/2018:13:34:21 -0300] "GET /cormun/servlet/hpexe_link HTTP/1.1" 200 987
186.79.99.133 - - [28/Jun/2018:13:34:21 -0300] "GET /cormun/servlet/trlicencias HTTP/1.1" 200 11924
186.79.99.133 - - [28/Jun/2018:13:34:22 -0300] "GET /cormun/servlet/trlicencias HTTP/1.1" 200 11922
186.79.99.133 - - [28/Jun/2018:13:34:28 -0300] "POST /cormun/servlet/trlicencias?bcc14582fa0922d40f54e9a7d47ff4ef,gx-no-cache=1530203600761 HTTP/1.1" 200 9228
186.79.99.133 - - [28/Jun/2018:13:34:28 -0300] "GET /cormun/static/Shared/jqueryui/images/ui-bg_highlight-soft_100_c6c2c8_1x100.png HTTP/1.1" 404 1117
186.79.99.133 - - [28/Jun/2018:13:34:28 -0300] "GET /cormun/static/Shared/jqueryui/images/ui-bg_flat_55_fafafa_40x100.png HTTP/1.1" 404 1097
186.79.99.133 - - [28/Jun/2018:13:34:28 -0300] "GET /cormun/static/Shared/jqueryui/images/ui-icons_8d78a5_256x240.png HTTP/1.1" 404 1089
186.79.99.133 - - [28/Jun/2018:13:34:28 -0300] "GET /cormun/static/Shared/jqueryui/images/ui-icons_82798d_256x240.png HTTP/1.1" 404 1089
186.79.99.133 - - [28/Jun/2018:13:34:36 -0300] "GET /cormun/servlet/trautorizarpermisogoce? HTTP/1.1" 200 7070
186.79.99.133 - - [28/Jun/2018:13:34:36 -0300] "GET /cormun/servlet/trautorizarpermisogoce? HTTP/1.1" 200 7070
186.79.99.133 - - [28/Jun/2018:13:34:39 -0300] "GET /cormun/servlet/trlicencias? HTTP/1.1" 200 11799
186.79.99.133 - - [28/Jun/2018:13:34:40 -0300] "GET /cormun/servlet/trlicencias? HTTP/1.1" 200 11797
186.79.99.133 - - [28/Jun/2018:13:34:42 -0300] "GET /cormun/servlet/alicenciaprn?15125209,L,20180628000000,PU HTTP/1.1" 200 1550
40.77.188.231 - - [28/Jun/2018:13:35:00 -0300] "GET /cormun/static/Resources/asc.gif HTTP/1.1" 200 67
186.67.172.234 - - [28/Jun/2018:13:37:41 -0300] "GET /cormun/servlet/hlogin HTTP/1.1" 200 1727
186.67.172.234 - - [28/Jun/2018:13:37:56 -0300] "POST /cormun/servlet/hlogin?3830b8d5e3c3c27c06d2ee8491ce4f7f,gx-no-cache=1530200120179 HTTP/1.1" 200 90
186.67.172.234 - - [28/Jun/2018:13:37:56 -0300] "GET /cormun/servlet/hpexe_link HTTP/1.1" 200 954
186.67.172.234 - - [28/Jun/2018:13:37:56 -0300] "GET /cormun/servlet/hhome HTTP/1.1" 200 4246
186.67.172.234 - - [28/Jun/2018:13:37:57 -0300] "GET /cormun/servlet/hhome HTTP/1.1" 200 4242
186.67.172.234 - - [28/Jun/2018:13:38:00 -0300] "GET /cormun/servlet/trcontratosolicitud? HTTP/1.1" 200 14410
186.67.172.234 - - [28/Jun/2018:13:38:00 -0300] "GET /cormun/servlet/trcontratosolicitud? HTTP/1.1" 200 14433
186.67.172.234 - - [28/Jun/2018:13:38:12 -0300] "POST /cormun/servlet/trcontratosolicitud?3830b8d5e3c3c27c06d2ee8491ce4f7f,,gx-no-cache=1530200135845 HTTP/1.1" 200 12036
186.67.172.234 - - [28/Jun/2018:13:38:16 -0300] "POST /cormun/servlet/trcontratosolicitud?3830b8d5e3c3c27c06d2ee8491ce4f7f,,gx-no-cache=1530200139452 HTTP/1.1" 200 12509
186.67.172.234 - - [28/Jun/2018:13:38:18 -0300] "POST /cormun/servlet/trcontratosolicitud?3830b8d5e3c3c27c06d2ee8491ce4f7f,,gx-no-cache=1530200141955 HTTP/1.1" 200 12068
186.67.172.234 - - [28/Jun/2018:13:38:21 -0300] "POST /cormun/servlet/trcontratosolicitud?3830b8d5e3c3c27c06d2ee8491ce4f7f,,gx-no-cache=1530200144450 HTTP/1.1" 200 12171
186.67.172.234 - - [28/Jun/2018:13:38:51 -0300] "POST /cormun/servlet/trcontratosolicitud?3830b8d5e3c3c27c06d2ee8491ce4f7f,,gx-no-cache=1530200175042 HTTP/1.1" 200 12031
186.67.172.234 - - [28/Jun/2018:13:38:57 -0300] "GET /cormun/servlet/hhome HTTP/1.1" 200 4246
186.67.172.234 - - [28/Jun/2018:13:38:57 -0300] "GET /cormun/servlet/hhome HTTP/1.1" 200 4242
186.67.172.234 - - [28/Jun/2018:13:39:02 -0300] "GET /cormun/servlet/trcontratounov2? HTTP/1.1" 200 17151
186.67.172.234 - - [28/Jun/2018:13:39:02 -0300] "GET /cormun/static/gxcfg.js?201752512124396 HTTP/1.1" 200 953
186.67.172.234 - - [28/Jun/2018:13:39:02 -0300] "GET /cormun/static/Resources/PXToolsAddSelectedAction.png HTTP/1.1" 200 3660
186.67.172.234 - - [28/Jun/2018:13:39:02 -0300] "GET /cormun/static/trcontratounov2.js?201752512125146 HTTP/1.1" 200 38486
186.67.172.234 - - [28/Jun/2018:13:39:03 -0300] "GET /cormun/servlet/trcontratounov2? HTTP/1.1" 200 17152
186.67.172.234 - - [28/Jun/2018:13:39:14 -0300] "POST /cormun/servlet/trcontratounov2?3830b8d5e3c3c27c06d2ee8491ce4f7f,,gx-no-cache=1530200197776 HTTP/1.1" 200 16308
186.67.172.234 - - [28/Jun/2018:13:39:17 -0300] "POST /cormun/servlet/trcontratounov2?3830b8d5e3c3c27c06d2ee8491ce4f7f,,gx-no-cache=1530200200520 HTTP/1.1" 200 16282
186.67.172.234 - - [28/Jun/2018:13:39:18 -0300] "POST /cormun/servlet/trcontratounov2?3830b8d5e3c3c27c06d2ee8491ce4f7f,,gx-no-cache=1530200201867 HTTP/1.1" 200 16252
186.67.172.234 - - [28/Jun/2018:13:39:20 -0300] "POST /cormun/servlet/trcontratounov2?3830b8d5e3c3c27c06d2ee8491ce4f7f,,gx-no-cache=1530200203932 HTTP/1.1" 200 16294
186.67.172.234 - - [28/Jun/2018:13:39:39 -0300] "POST /cormun/servlet/trcontratounov2?3830b8d5e3c3c27c06d2ee8491ce4f7f,,gx-no-cache=1530200222980 HTTP/1.1" 200 17060
186.67.172.234 - - [28/Jun/2018:13:40:14 -0300] "POST /cormun/servlet/trcontratounov2?3830b8d5e3c3c27c06d2ee8491ce4f7f,,gx-no-cache=1530200257297 HTTP/1.1" 200 16866
186.67.172.234 - - [28/Jun/2018:13:40:27 -0300] "POST /cormun/servlet/trcontratounov2?3830b8d5e3c3c27c06d2ee8491ce4f7f,,gx-no-cache=1530200270584 HTTP/1.1" 200 16810
66.249.69.228 - - [28/Jun/2018:13:44:06 -0300] "GET /cormun/servlet/hlogin HTTP/1.1" 200 1706
186.67.172.234 - - [28/Jun/2018:13:44:33 -0300] "POST /cormun/servlet/trcontratounov2?3830b8d5e3c3c27c06d2ee8491ce4f7f,,gx-no-cache=1530200517308 HTTP/1.1" 200 17364
186.67.172.234 - - [28/Jun/2018:13:45:15 -0300] "POST /cormun/servlet/trcontratounov2?3830b8d5e3c3c27c06d2ee8491ce4f7f,,gx-no-cache=1530200558850 HTTP/1.1" 200 17048
46.174.191.28 - - [28/Jun/2018:13:45:58 -0300] "GET / HTTP/1.0" 200 11197
186.67.172.234 - - [28/Jun/2018:13:46:14 -0300] "POST /cormun/servlet/trcontratounov2?3830b8d5e3c3c27c06d2ee8491ce4f7f,,gx-no-cache=1530200617114 HTTP/1.1" 200 17094
186.67.172.234 - - [28/Jun/2018:13:46:47 -0300] "POST /cormun/servlet/trcontratounov2?3830b8d5e3c3c27c06d2ee8491ce4f7f,,gx-no-cache=1530200650527 HTTP/1.1" 200 16955
186.67.172.234 - - [28/Jun/2018:13:48:20 -0300] "POST /cormun/servlet/trcontratounov2?3830b8d5e3c3c27c06d2ee8491ce4f7f,,gx-no-cache=1530200744095 HTTP/1.1" 200 14195
186.67.172.234 - - [28/Jun/2018:13:49:16 -0300] "POST /cormun/servlet/trcontratounov2?3830b8d5e3c3c27c06d2ee8491ce4f7f,,gx-no-cache=1530200799809 HTTP/1.1" 200 105
186.67.172.234 - - [28/Jun/2018:13:49:17 -0300] "GET /cormun/ContratoUnoV3-7671.xls HTTP/1.1" 200 70144
201.215.248.160 - - [28/Jun/2018:13:50:50 -0300] "GET /cormun/servlet/trlicenciaspermisosadjuntos?16881995,20180628000000,L, HTTP/1.1" 200 5570
201.215.248.160 - - [28/Jun/2018:13:50:51 -0300] "GET /cormun/servlet/trlicenciaspermisosadjuntos?16881995,20180628000000,L, HTTP/1.1" 200 5570
201.215.248.160 - - [28/Jun/2018:13:50:51 -0300] "GET /cormun/servlet/hlogin HTTP/1.1" 200 1765
201.215.248.160 - - [28/Jun/2018:13:51:03 -0300] "POST /cormun/servlet/hlogin?e786337281bbcda90e61b637b46613b2,gx-no-cache=1530204746508 HTTP/1.1" 200 90
201.215.248.160 - - [28/Jun/2018:13:51:03 -0300] "GET /cormun/servlet/hpexe_link HTTP/1.1" 200 985
201.215.248.160 - - [28/Jun/2018:13:51:04 -0300] "GET /cormun/servlet/trlicenciaspermisosadjuntos?16881995,20180628000000,L, HTTP/1.1" 200 6159
201.215.248.160 - - [28/Jun/2018:13:51:05 -0300] "GET /cormun/servlet/trlicenciaspermisosadjuntos?16881995,20180628000000,L, HTTP/1.1" 200 6158
201.215.248.160 - - [28/Jun/2018:13:51:07 -0300] "GET /cormun/servlet/licenciaspermisosadjuntos?INS,16881995,L,20180628000000,, HTTP/1.1" 200 5627
201.215.248.160 - - [28/Jun/2018:13:51:07 -0300] "GET /cormun/static/about:blank HTTP/1.1" 404 1011
201.215.248.160 - - [28/Jun/2018:13:51:07 -0300] "GET /cormun/servlet/licenciaspermisosadjuntos?INS,16881995,L,20180628000000,, HTTP/1.1" 200 5617
201.215.248.160 - - [28/Jun/2018:13:51:21 -0300] "GET /cormun/servlet/trlicencias? HTTP/1.1" 200 13192
201.215.248.160 - - [28/Jun/2018:13:51:23 -0300] "GET /cormun/servlet/trlicencias? HTTP/1.1" 200 13195
201.215.248.160 - - [28/Jun/2018:13:51:28 -0300] "GET /cormun/servlet/trlicenciaspermisosadjuntos?16881995,20180628000000,L, HTTP/1.1" 200 6158
201.215.248.160 - - [28/Jun/2018:13:51:29 -0300] "GET /cormun/servlet/trlicenciaspermisosadjuntos?16881995,20180628000000,L, HTTP/1.1" 200 6158
201.215.248.160 - - [28/Jun/2018:13:51:30 -0300] "GET /cormun/servlet/licenciaspermisosadjuntos?INS,16881995,L,20180628000000,, HTTP/1.1" 200 5627
201.215.248.160 - - [28/Jun/2018:13:51:31 -0300] "GET /cormun/static/about:blank HTTP/1.1" 404 1011
201.215.248.160 - - [28/Jun/2018:13:51:31 -0300] "GET /cormun/servlet/licenciaspermisosadjuntos?INS,16881995,L,20180628000000,, HTTP/1.1" 200 5617
201.215.248.160 - - [28/Jun/2018:13:51:39 -0300] "POST /cormun/servlet/licenciaspermisosadjuntos?e786337281bbcda90e61b637b46613b2,INS,16881995,L,20180628000000,, HTTP/1.1" 200 116
201.215.248.160 - - [28/Jun/2018:13:51:39 -0300] "GET /cormun/servlet/hpexe_return? HTTP/1.1" 200 1039
201.215.248.160 - - [28/Jun/2018:13:51:39 -0300] "GET /cormun/servlet/trlicenciaspermisosadjuntos?16881995,20180628000000,L, HTTP/1.1" 200 6707
201.215.248.160 - - [28/Jun/2018:13:51:40 -0300] "GET /cormun/servlet/trlicenciaspermisosadjuntos?16881995,20180628000000,L, HTTP/1.1" 200 6704
201.215.248.160 - - [28/Jun/2018:13:51:43 -0300] "GET /cormun/servlet/trlicencias? HTTP/1.1" 200 13200
201.215.248.160 - - [28/Jun/2018:13:51:44 -0300] "GET /cormun/servlet/trlicencias? HTTP/1.1" 200 13190
201.215.248.160 - - [28/Jun/2018:13:51:48 -0300] "GET /cormun/servlet/trlicenciaspermisosadjuntos?17991546,20180628000000,L, HTTP/1.1" 200 6159
201.215.248.160 - - [28/Jun/2018:13:51:49 -0300] "GET /cormun/servlet/trlicenciaspermisosadjuntos?17991546,20180628000000,L, HTTP/1.1" 200 6160
201.215.248.160 - - [28/Jun/2018:13:51:50 -0300] "GET /cormun/servlet/licenciaspermisosadjuntos?INS,17991546,L,20180628000000,, HTTP/1.1" 200 5633
201.215.248.160 - - [28/Jun/2018:13:51:51 -0300] "GET /cormun/static/about:blank HTTP/1.1" 404 1011
201.215.248.160 - - [28/Jun/2018:13:51:51 -0300] "GET /cormun/servlet/licenciaspermisosadjuntos?INS,17991546,L,20180628000000,, HTTP/1.1" 200 5623
201.215.248.160 - - [28/Jun/2018:13:52:02 -0300] "POST /cormun/servlet/licenciaspermisosadjuntos?e786337281bbcda90e61b637b46613b2,INS,17991546,L,20180628000000,, HTTP/1.1" 200 116
201.215.248.160 - - [28/Jun/2018:13:52:02 -0300] "GET /cormun/servlet/hpexe_return? HTTP/1.1" 200 1041
201.215.248.160 - - [28/Jun/2018:13:52:02 -0300] "GET /cormun/servlet/trlicenciaspermisosadjuntos?17991546,20180628000000,L, HTTP/1.1" 200 6711
201.215.248.160 - - [28/Jun/2018:13:52:03 -0300] "GET /cormun/servlet/trlicenciaspermisosadjuntos?17991546,20180628000000,L, HTTP/1.1" 200 6707
201.215.248.160 - - [28/Jun/2018:13:52:06 -0300] "GET /cormun/servlet/trlicencias? HTTP/1.1" 200 13197
201.215.248.160 - - [28/Jun/2018:13:52:07 -0300] "GET /cormun/servlet/trlicencias? HTTP/1.1" 200 13197
201.215.248.160 - - [28/Jun/2018:13:52:17 -0300] "POST /cormun/servlet/trlicencias?e786337281bbcda90e61b637b46613b2,,gx-no-cache=1530204820196 HTTP/1.1" 200 10778
201.215.248.160 - - [28/Jun/2018:13:52:18 -0300] "GET /cormun/static/Shared/jqueryui/images/ui-bg_highlight-soft_100_c6c2c8_1x100.png HTTP/1.1" 404 1117
201.215.248.160 - - [28/Jun/2018:13:52:18 -0300] "GET /cormun/static/Shared/jqueryui/images/ui-icons_82798d_256x240.png HTTP/1.1" 404 1089
201.215.248.160 - - [28/Jun/2018:13:52:18 -0300] "GET /cormun/static/Shared/jqueryui/images/ui-icons_8d78a5_256x240.png HTTP/1.1" 404 1089
201.215.248.160 - - [28/Jun/2018:13:52:18 -0300] "GET /cormun/static/Shared/jqueryui/images/ui-bg_flat_55_fafafa_40x100.png HTTP/1.1" 404 1097
201.215.248.160 - - [28/Jun/2018:13:52:31 -0300] "POST /cormun/servlet/trlicencias?e786337281bbcda90e61b637b46613b2,,gx-no-cache=1530204833547 HTTP/1.1" 200 10659
201.215.248.160 - - [28/Jun/2018:13:52:46 -0300] "GET /cormun/servlet/trpermisosgoce? HTTP/1.1" 200 13378
201.215.248.160 - - [28/Jun/2018:13:52:47 -0300] "GET /cormun/servlet/trpermisosgoce? HTTP/1.1" 200 13378
201.215.248.160 - - [28/Jun/2018:13:52:54 -0300] "GET /cormun/servlet/trpermisosadjuntos?17204627,20180627121636,P, HTTP/1.1" 200 6299
201.215.248.160 - - [28/Jun/2018:13:52:55 -0300] "GET /cormun/servlet/trpermisosadjuntos?17204627,20180627121636,P, HTTP/1.1" 200 6299
201.215.248.160 - - [28/Jun/2018:13:52:56 -0300] "GET /cormun/servlet/permisosadjuntos?INS,17204627,P,20180627121636,, HTTP/1.1" 200 5631
201.215.248.160 - - [28/Jun/2018:13:52:57 -0300] "GET /cormun/static/about:blank HTTP/1.1" 404 1011
201.215.248.160 - - [28/Jun/2018:13:52:57 -0300] "GET /cormun/servlet/permisosadjuntos?INS,17204627,P,20180627121636,, HTTP/1.1" 200 5620
201.215.248.160 - - [28/Jun/2018:13:53:04 -0300] "POST /cormun/servlet/permisosadjuntos?e786337281bbcda90e61b637b46613b2,INS,17204627,P,20180627121636,, HTTP/1.1" 200 116
201.215.248.160 - - [28/Jun/2018:13:53:05 -0300] "GET /cormun/servlet/hpexe_return? HTTP/1.1" 200 1034
201.215.248.160 - - [28/Jun/2018:13:53:05 -0300] "GET /cormun/servlet/trpermisosadjuntos?17204627,20180627121636,P, HTTP/1.1" 200 6824
201.215.248.160 - - [28/Jun/2018:13:53:05 -0300] "GET /cormun/servlet/trpermisosadjuntos?17204627,20180627121636,P, HTTP/1.1" 200 6820
201.215.248.160 - - [28/Jun/2018:13:53:10 -0300] "GET /cormun/servlet/trpermisosgoce? HTTP/1.1" 200 13379
201.215.248.160 - - [28/Jun/2018:13:53:10 -0300] "GET /cormun/servlet/trpermisosgoce? HTTP/1.1" 200 13378
201.215.248.160 - - [28/Jun/2018:13:53:18 -0300] "POST /cormun/servlet/trpermisosgoce?e786337281bbcda90e61b637b46613b2,,gx-no-cache=1530204880747 HTTP/1.1" 200 10443
201.215.248.160 - - [28/Jun/2018:13:53:18 -0300] "GET /cormun/static/Shared/jqueryui/images/ui-bg_highlight-soft_100_c6c2c8_1x100.png HTTP/1.1" 404 1117
201.215.248.160 - - [28/Jun/2018:13:53:18 -0300] "GET /cormun/static/Shared/jqueryui/images/ui-icons_82798d_256x240.png HTTP/1.1" 404 1089
201.215.248.160 - - [28/Jun/2018:13:53:18 -0300] "GET /cormun/static/Shared/jqueryui/images/ui-bg_flat_55_fafafa_40x100.png HTTP/1.1" 404 1097
201.215.248.160 - - [28/Jun/2018:13:53:18 -0300] "GET /cormun/static/Shared/jqueryui/images/ui-icons_8d78a5_256x240.png HTTP/1.1" 404 1089
186.103.159.204 - - [28/Jun/2018:14:00:00 -0300] "GET /cormun/servlet/hlogin HTTP/1.1" 200 1725
186.103.159.204 - - [28/Jun/2018:14:00:15 -0300] "POST /cormun/servlet/hlogin?d8007d1ffca407efe93dafb4abec8abf,gx-no-cache=1530205143737 HTTP/1.1" 200 90
186.103.159.204 - - [28/Jun/2018:14:00:15 -0300] "GET /cormun/servlet/hpexe_link HTTP/1.1" 200 952
186.103.159.204 - - [28/Jun/2018:14:00:15 -0300] "GET /cormun/servlet/hhome HTTP/1.1" 200 3919
186.103.159.204 - - [28/Jun/2018:14:00:16 -0300] "GET /cormun/servlet/hhome HTTP/1.1" 200 3916
186.103.159.204 - - [28/Jun/2018:14:00:22 -0300] "GET /cormun/servlet/trsolicitudot? HTTP/1.1" 200 7132
186.103.159.204 - - [28/Jun/2018:14:00:23 -0300] "GET /cormun/servlet/trsolicitudot? HTTP/1.1" 200 7132
186.103.159.204 - - [28/Jun/2018:14:00:28 -0300] "POST /cormun/servlet/trsolicitudot?d8007d1ffca407efe93dafb4abec8abf,,gx-no-cache=1530205157056 HTTP/1.1" 200 6956
186.103.159.204 - - [28/Jun/2018:14:00:30 -0300] "GET /cormun/static/menuarrow.gif HTTP/1.1" 404 1015
186.103.159.204 - - [28/Jun/2018:14:01:06 -0300] "POST /cormun/servlet/trsolicitudot?d8007d1ffca407efe93dafb4abec8abf,,gx-no-cache=1530205193811 HTTP/1.1" 200 22965
186.67.164.142 - - [28/Jun/2018:14:01:23 -0300] "GET /cormun/servlet/hlogin HTTP/1.1" 200 1712
186.67.164.142 - - [28/Jun/2018:14:01:29 -0300] "POST /cormun/servlet/hlogin?ba4b2f70d463d8a79b1d1f398c1cbfaa,gx-no-cache=1530205222217 HTTP/1.1" 200 90
186.67.164.142 - - [28/Jun/2018:14:01:29 -0300] "GET /cormun/servlet/hpexe_link HTTP/1.1" 200 942
186.67.164.142 - - [28/Jun/2018:14:01:29 -0300] "GET /cormun/servlet/hhome HTTP/1.1" 200 3975
186.67.164.142 - - [28/Jun/2018:14:01:30 -0300] "GET /cormun/servlet/hhome HTTP/1.1" 200 3971
186.67.164.142 - - [28/Jun/2018:14:01:32 -0300] "GET /cormun/servlet/trlicencias? HTTP/1.1" 200 12778
186.67.164.142 - - [28/Jun/2018:14:01:33 -0300] "GET /cormun/servlet/trlicencias? HTTP/1.1" 200 12775
186.67.164.142 - - [28/Jun/2018:14:01:44 -0300] "GET /cormun/servlet/licenciaspermisos?INS,0,,, HTTP/1.1" 200 7503
186.67.164.142 - - [28/Jun/2018:14:01:45 -0300] "GET /cormun/servlet/licenciaspermisos?INS,0,,, HTTP/1.1" 200 7501
186.67.164.142 - - [28/Jun/2018:14:01:52 -0300] "GET /cormun/servlet/licenciaspermisos?5b074c2615ed53971a24cd9734b7b4077ee13d0fca4cf97a472255bb9083b0410235eecc920ed1429c3721c620a4b550,gx-no-cache=1530205245943 HTTP/1.1" 200 95
186.67.164.142 - - [28/Jun/2018:14:01:53 -0300] "POST /cormun/servlet/licenciaspermisos?ba4b2f70d463d8a79b1d1f398c1cbfaa,INS,0,,,,gx-no-cache=1530205245987 HTTP/1.1" 200 4694
186.67.164.142 - - [28/Jun/2018:14:02:23 -0300] "GET /cormun/static/menuarrow.gif HTTP/1.1" 404 1015
186.67.164.142 - - [28/Jun/2018:14:05:11 -0300] "GET /cormun/servlet/licenciaspermisos?5b074c2615ed53971a24cd9734b7b4077433ce7bef6fb9010246510c7ea01e33a878acbe3996f3c99119a325ffdb57fc0408be8a9705b810194b72a32cfd5bc7f0f18a7b0e828f588b96bb7b665e004a01a2c1e4ed764263c02204bed4b31eda59b508216c61b4308392d5e55f14ee6e6115bda95f78a8885904060f66ca1697bf3675c041ac1b0eb91efc993d0165f3f361f23c0586e27749961ad62f5514f38bc96597ff8a912aff4ced3f1be95843,gx-no-cache=1530205444576 HTTP/1.1" 200 30
186.67.164.142 - - [28/Jun/2018:14:05:11 -0300] "GET /cormun/servlet/licenciaspermisos?5b074c2615ed53971a24cd9734b7b407c0f8010f1df85a465b6eb06ca4f964f92feae81ced13a51f423ba4b6b7533d135633d55378f9d0e8bc90016fed62c209658c1c6d39ea8695f0d3f0707a9c7532ac0dacd76cb99a75ed5ed2ab4238ad7198f46f2902c8ce217d536a238b63ebc79401eeda60f1affa8210e7c1b2511aa3123e153d0418ed1cb781e3110a4757e3c104b1a7d4c4d21fc88a74a79fe694aca6f5f4b706a6baf394a19280a405af4b,gx-no-cache=1530205444788 HTTP/1.1" 200 29
186.67.164.142 - - [28/Jun/2018:14:05:12 -0300] "POST /cormun/servlet/licenciaspermisos?ba4b2f70d463d8a79b1d1f398c1cbfaa,INS,0,,,,gx-no-cache=1530205444921 HTTP/1.1" 200 93
186.67.164.142 - - [28/Jun/2018:14:05:12 -0300] "GET /cormun/servlet/hpexe_return? HTTP/1.1" 200 1004
186.67.164.142 - - [28/Jun/2018:14:05:13 -0300] "GET /cormun/servlet/trlicencias HTTP/1.1" 200 13395
186.67.164.142 - - [28/Jun/2018:14:05:14 -0300] "GET /cormun/servlet/trlicencias HTTP/1.1" 200 13387
186.67.164.142 - - [28/Jun/2018:14:05:16 -0300] "GET /cormun/servlet/trlicenciaspermisosadjuntos?17138580,20180628000000,L, HTTP/1.1" 200 6322
186.67.164.142 - - [28/Jun/2018:14:05:17 -0300] "GET /cormun/servlet/trlicenciaspermisosadjuntos?17138580,20180628000000,L, HTTP/1.1" 200 6323
186.67.164.142 - - [28/Jun/2018:14:05:18 -0300] "GET /cormun/servlet/licenciaspermisosadjuntos?INS,17138580,L,20180628000000,, HTTP/1.1" 200 5621
186.67.164.142 - - [28/Jun/2018:14:05:18 -0300] "GET /cormun/static/about:blank HTTP/1.1" 404 1011
186.67.164.142 - - [28/Jun/2018:14:05:19 -0300] "GET /cormun/servlet/licenciaspermisosadjuntos?INS,17138580,L,20180628000000,, HTTP/1.1" 200 5611
186.67.164.142 - - [28/Jun/2018:14:05:29 -0300] "POST /cormun/servlet/licenciaspermisosadjuntos?ba4b2f70d463d8a79b1d1f398c1cbfaa,INS,17138580,L,20180628000000,, HTTP/1.1" 200 116
186.67.164.142 - - [28/Jun/2018:14:05:29 -0300] "GET /cormun/servlet/hpexe_return? HTTP/1.1" 200 1035
186.67.164.142 - - [28/Jun/2018:14:05:30 -0300] "GET /cormun/servlet/trlicenciaspermisosadjuntos?17138580,20180628000000,L, HTTP/1.1" 200 6802
186.67.164.142 - - [28/Jun/2018:14:05:31 -0300] "GET /cormun/servlet/trlicenciaspermisosadjuntos?17138580,20180628000000,L, HTTP/1.1" 200 6800
186.67.164.142 - - [28/Jun/2018:14:05:34 -0300] "POST /cormun/servlet/trlicenciaspermisosadjuntos?ba4b2f70d463d8a79b1d1f398c1cbfaa,17138580,20180628000000,L,,gx-no-cache=1530205466879 HTTP/1.1" 200 90
186.67.164.142 - - [28/Jun/2018:14:05:34 -0300] "GET /cormun/servlet/hpexe_link HTTP/1.1" 200 977
186.67.164.142 - - [28/Jun/2018:14:05:34 -0300] "GET /cormun/servlet/trlicencias HTTP/1.1" 200 13392
186.67.164.142 - - [28/Jun/2018:14:05:35 -0300] "GET /cormun/servlet/trlicencias HTTP/1.1" 200 13390
186.67.164.142 - - [28/Jun/2018:14:05:38 -0300] "GET /cormun/servlet/alicenciaprn?17138580,L,20180628000000,PU HTTP/1.1" 200 1542
186.67.164.142 - - [28/Jun/2018:14:10:17 -0300] "POST /cormun/servlet/trlicencias?ba4b2f70d463d8a79b1d1f398c1cbfaa,gx-no-cache=1530205749983 HTTP/1.1" 200 10897
186.67.164.142 - - [28/Jun/2018:14:10:17 -0300] "GET /cormun/static/Shared/jqueryui/images/ui-bg_highlight-soft_100_c6c2c8_1x100.png HTTP/1.1" 404 1117
186.67.164.142 - - [28/Jun/2018:14:10:18 -0300] "GET /cormun/static/Shared/jqueryui/images/ui-icons_82798d_256x240.png HTTP/1.1" 404 1089
186.67.164.142 - - [28/Jun/2018:14:10:18 -0300] "GET /cormun/static/Shared/jqueryui/images/ui-bg_flat_55_fafafa_40x100.png HTTP/1.1" 404 1097
186.67.164.142 - - [28/Jun/2018:14:10:18 -0300] "GET /cormun/static/Shared/jqueryui/images/ui-icons_8d78a5_256x240.png HTTP/1.1" 404 1089
95.213.177.125 - - [28/Jun/2018:14:13:06 -0300] "CONNECT check.proxyradar.com:80 HTTP/1.1" 400 -
200.83.140.86 - - [28/Jun/2018:14:22:34 -0300] "POST /digitalizacion/servlet/trdocumentos?0595026a46584c34c29b9a2b09b151b5,,gx-no-cache=1530206483672 HTTP/1.1" 200 3501
200.83.140.86 - - [28/Jun/2018:14:22:34 -0300] "GET /digitalizacion/servlet/hlogin HTTP/1.1" 302 -
200.83.140.86 - - [28/Jun/2018:14:22:34 -0300] "GET /digitalizacion/servlet/wblogin? HTTP/1.1" 200 2329
200.83.140.86 - - [28/Jun/2018:14:22:39 -0300] "POST /digitalizacion/servlet/wblogin?0595026a46584c34c29b9a2b09b151b5,,gx-no-cache=1530206489345 HTTP/1.1" 200 65
200.83.140.86 - - [28/Jun/2018:14:22:39 -0300] "GET /digitalizacion/servlet/hhome HTTP/1.1" 200 2820
200.83.140.86 - - [28/Jun/2018:14:22:40 -0300] "GET /digitalizacion/servlet/hhome HTTP/1.1" 200 2820
200.83.140.86 - - [28/Jun/2018:14:22:42 -0300] "GET /digitalizacion/servlet/trdocumentos? HTTP/1.1" 200 6128
200.83.140.86 - - [28/Jun/2018:14:22:43 -0300] "GET /digitalizacion/servlet/trdocumentos? HTTP/1.1" 200 6127
200.83.140.86 - - [28/Jun/2018:14:22:43 -0300] "POST /digitalizacion/servlet/trdocumentos?gx-no-cache=1530206493425 HTTP/1.1" 200 360
200.83.140.86 - - [28/Jun/2018:14:22:43 -0300] "POST /digitalizacion/servlet/trdocumentos?gx-no-cache=1530206493538 HTTP/1.1" 200 78
200.83.140.86 - - [28/Jun/2018:14:22:47 -0300] "POST /digitalizacion/servlet/trdocumentos?0595026a46584c34c29b9a2b09b151b5,,gx-no-cache=1530206497539 HTTP/1.1" 200 3526
200.83.140.86 - - [28/Jun/2018:14:22:56 -0300] "POST /digitalizacion/servlet/trdocumentos?0595026a46584c34c29b9a2b09b151b5,,gx-no-cache=1530206506198 HTTP/1.1" 200 3347
192.168.10.96 - - [28/Jun/2018:14:45:42 -0300] "GET /digitalizacion/servlet/trclase? HTTP/1.1" 200 4949
192.168.10.96 - - [28/Jun/2018:14:45:42 -0300] "GET /digitalizacion/static/gxcfg.js?201862111121437 HTTP/1.1" 304 -
192.168.10.96 - - [28/Jun/2018:14:45:42 -0300] "GET /digitalizacion/static/trclase.js?201862111121742 HTTP/1.1" 304 -
192.168.10.96 - - [28/Jun/2018:14:45:43 -0300] "GET /digitalizacion/servlet/hlogin HTTP/1.1" 302 -
192.168.10.96 - - [28/Jun/2018:14:45:43 -0300] "GET /digitalizacion/servlet/wblogin? HTTP/1.1" 200 2335
192.168.10.96 - - [28/Jun/2018:14:45:43 -0300] "GET /digitalizacion/servlet/trclase? HTTP/1.1" 200 4941
192.168.10.96 - - [28/Jun/2018:14:45:52 -0300] "POST /digitalizacion/servlet/wblogin?cbed3001882a451809861ca55edee17e,,gx-no-cache=1530207747561 HTTP/1.1" 200 65
192.168.10.96 - - [28/Jun/2018:14:45:52 -0300] "GET /digitalizacion/servlet/hhome HTTP/1.1" 200 2821
192.168.10.96 - - [28/Jun/2018:14:45:52 -0300] "GET /digitalizacion/servlet/hhome HTTP/1.1" 200 2819
192.168.10.96 - - [28/Jun/2018:14:45:56 -0300] "GET /digitalizacion/servlet/trdocumentos? HTTP/1.1" 200 9911
192.168.10.96 - - [28/Jun/2018:14:45:56 -0300] "GET /digitalizacion/servlet/trdocumentos? HTTP/1.1" 200 9908
192.168.10.96 - - [28/Jun/2018:14:45:57 -0300] "POST /digitalizacion/servlet/trdocumentos?gx-no-cache=1530207752230 HTTP/1.1" 200 359
192.168.10.96 - - [28/Jun/2018:14:45:57 -0300] "POST /digitalizacion/servlet/trdocumentos?gx-no-cache=1530207752263 HTTP/1.1" 200 78
192.168.10.89 - - [28/Jun/2018:14:46:09 -0300] "GET /digitalizacion/servlet/wblogin? HTTP/1.1" 200 2302
192.168.10.96 - - [28/Jun/2018:14:46:12 -0300] "POST /digitalizacion/servlet/trdocumentos?gx-no-cache=1530207767969 HTTP/1.1" 200 78
192.168.10.89 - - [28/Jun/2018:14:46:15 -0300] "POST /digitalizacion/servlet/wblogin?0af45e66d00331f202f8e88ffb680807,,gx-no-cache=1530207771016 HTTP/1.1" 200 65
192.168.10.89 - - [28/Jun/2018:14:46:15 -0300] "GET /digitalizacion/servlet/hhome HTTP/1.1" 200 2812
192.168.10.89 - - [28/Jun/2018:14:46:16 -0300] "GET /digitalizacion/servlet/hhome HTTP/1.1" 200 2811
192.168.10.89 - - [28/Jun/2018:14:46:18 -0300] "GET /digitalizacion/servlet/trdocumentos? HTTP/1.1" 200 9904
192.168.10.89 - - [28/Jun/2018:14:46:19 -0300] "GET /digitalizacion/servlet/trdocumentos? HTTP/1.1" 200 9903
192.168.10.89 - - [28/Jun/2018:14:46:19 -0300] "POST /digitalizacion/servlet/trdocumentos?gx-no-cache=1530207774817 HTTP/1.1" 200 359
192.168.10.89 - - [28/Jun/2018:14:46:19 -0300] "POST /digitalizacion/servlet/trdocumentos?gx-no-cache=1530207774854 HTTP/1.1" 200 78
192.168.10.89 - - [28/Jun/2018:14:46:25 -0300] "POST /digitalizacion/servlet/trdocumentos?gx-no-cache=1530207780868 HTTP/1.1" 200 78
192.168.10.96 - - [28/Jun/2018:14:46:26 -0300] "POST /digitalizacion/servlet/trdocumentos?cbed3001882a451809861ca55edee17e,,gx-no-cache=1530207781546 HTTP/1.1" 200 3247
192.168.10.96 - - [28/Jun/2018:14:46:28 -0300] "GET /digitalizacion/servlet/wbadjunto?15813,PU HTTP/1.1" 302 -
192.168.10.96 - - [28/Jun/2018:14:46:29 -0300] "GET /digitalizacion/PublicTempStorage/1605308.tmp HTTP/1.1" 200 436766
192.168.10.89 - - [28/Jun/2018:14:46:39 -0300] "POST /digitalizacion/servlet/trdocumentos?0af45e66d00331f202f8e88ffb680807,,gx-no-cache=1530207794133 HTTP/1.1" 200 3327
192.168.10.96 - - [28/Jun/2018:14:46:39 -0300] "POST /digitalizacion/servlet/trdocumentos?gx-no-cache=1530207794615 HTTP/1.1" 200 78
192.168.10.96 - - [28/Jun/2018:14:46:40 -0300] "POST /digitalizacion/servlet/trdocumentos?cbed3001882a451809861ca55edee17e,,gx-no-cache=1530207795370 HTTP/1.1" 200 2882
192.168.10.96 - - [28/Jun/2018:14:46:45 -0300] "POST /digitalizacion/servlet/trdocumentos?gx-no-cache=1530207800238 HTTP/1.1" 200 78
192.168.10.89 - - [28/Jun/2018:14:46:45 -0300] "GET /digitalizacion/servlet/wbadjunto?8102,PU HTTP/1.1" 302 -
192.168.10.89 - - [28/Jun/2018:14:46:45 -0300] "GET /digitalizacion/PublicTempStorage/4933336.tmp HTTP/1.1" 200 860410
192.168.10.96 - - [28/Jun/2018:14:46:46 -0300] "POST /digitalizacion/servlet/trdocumentos?cbed3001882a451809861ca55edee17e,,gx-no-cache=1530207801190 HTTP/1.1" 200 2858
192.168.10.96 - - [28/Jun/2018:14:46:54 -0300] "POST /digitalizacion/servlet/trdocumentos?gx-no-cache=1530207809358 HTTP/1.1" 200 78
192.168.10.96 - - [28/Jun/2018:14:46:55 -0300] "POST /digitalizacion/servlet/trdocumentos?cbed3001882a451809861ca55edee17e,,gx-no-cache=1530207810752 HTTP/1.1" 200 3247
192.168.10.96 - - [28/Jun/2018:14:46:57 -0300] "GET /digitalizacion/servlet/wbadjunto?15813,PU HTTP/1.1" 302 -
192.168.10.96 - - [28/Jun/2018:14:46:57 -0300] "GET /digitalizacion/PublicTempStorage/2627746.tmp HTTP/1.1" 200 436766
192.168.10.89 - - [28/Jun/2018:14:47:04 -0300] "POST /digitalizacion/servlet/trdocumentos?0af45e66d00331f202f8e88ffb680807,,gx-no-cache=1530207819357 HTTP/1.1" 200 3343
192.168.10.96 - - [28/Jun/2018:14:47:04 -0300] "POST /digitalizacion/servlet/trdocumentos?gx-no-cache=1530207819790 HTTP/1.1" 200 78
192.168.10.96 - - [28/Jun/2018:14:47:05 -0300] "POST /digitalizacion/servlet/trdocumentos?cbed3001882a451809861ca55edee17e,,gx-no-cache=1530207820887 HTTP/1.1" 200 2881
192.168.10.89 - - [28/Jun/2018:14:47:06 -0300] "GET /digitalizacion/servlet/wbadjunto?8111,PU HTTP/1.1" 302 -
192.168.10.89 - - [28/Jun/2018:14:47:06 -0300] "GET /digitalizacion/PublicTempStorage/1285088.tmp HTTP/1.1" 200 753587
192.168.10.96 - - [28/Jun/2018:14:47:11 -0300] "POST /digitalizacion/servlet/trdocumentos?gx-no-cache=1530207826461 HTTP/1.1" 200 78
192.168.10.96 - - [28/Jun/2018:14:47:12 -0300] "POST /digitalizacion/servlet/trdocumentos?cbed3001882a451809861ca55edee17e,,gx-no-cache=1530207827695 HTTP/1.1" 200 2858
192.168.10.96 - - [28/Jun/2018:14:47:15 -0300] "POST /digitalizacion/servlet/trdocumentos?gx-no-cache=1530207830422 HTTP/1.1" 200 78
192.168.10.96 - - [28/Jun/2018:14:47:16 -0300] "POST /digitalizacion/servlet/trdocumentos?cbed3001882a451809861ca55edee17e,,gx-no-cache=1530207831622 HTTP/1.1" 200 2855
192.168.10.96 - - [28/Jun/2018:14:47:19 -0300] "POST /digitalizacion/servlet/trdocumentos?gx-no-cache=1530207834494 HTTP/1.1" 200 78
192.168.10.96 - - [28/Jun/2018:14:47:20 -0300] "POST /digitalizacion/servlet/trdocumentos?cbed3001882a451809861ca55edee17e,,gx-no-cache=1530207835375 HTTP/1.1" 200 2862
192.168.10.89 - - [28/Jun/2018:14:47:20 -0300] "POST /digitalizacion/servlet/trdocumentos?0af45e66d00331f202f8e88ffb680807,,gx-no-cache=1530207835388 HTTP/1.1" 200 4484
192.168.10.96 - - [28/Jun/2018:14:47:23 -0300] "POST /digitalizacion/servlet/trdocumentos?gx-no-cache=1530207838886 HTTP/1.1" 200 78
192.168.10.96 - - [28/Jun/2018:14:47:24 -0300] "POST /digitalizacion/servlet/trdocumentos?cbed3001882a451809861ca55edee17e,,gx-no-cache=1530207839607 HTTP/1.1" 200 2859
192.168.10.89 - - [28/Jun/2018:14:47:31 -0300] "GET /digitalizacion/servlet/wbadjunto?9128,PU HTTP/1.1" 302 -
192.168.10.89 - - [28/Jun/2018:14:47:31 -0300] "GET /digitalizacion/PublicTempStorage/9551540.tmp HTTP/1.1" 200 1065185
192.168.10.96 - - [28/Jun/2018:14:47:44 -0300] "POST /digitalizacion/servlet/trdocumentos?gx-no-cache=1530207859401 HTTP/1.1" 200 78
192.168.10.96 - - [28/Jun/2018:14:47:48 -0300] "POST /digitalizacion/servlet/trdocumentos?gx-no-cache=1530207864105 HTTP/1.1" 200 359
192.168.10.96 - - [28/Jun/2018:14:47:48 -0300] "POST /digitalizacion/servlet/trdocumentos?gx-no-cache=1530207864125 HTTP/1.1" 200 78
192.168.10.96 - - [28/Jun/2018:14:47:49 -0300] "POST /digitalizacion/servlet/trdocumentos?cbed3001882a451809861ca55edee17e,,gx-no-cache=1530207864145 HTTP/1.1" 200 2855
192.168.10.89 - - [28/Jun/2018:14:47:50 -0300] "POST /digitalizacion/servlet/trdocumentos?0af45e66d00331f202f8e88ffb680807,,gx-no-cache=1530207865533 HTTP/1.1" 200 3251
192.168.10.89 - - [28/Jun/2018:14:47:52 -0300] "GET /digitalizacion/servlet/wbadjunto?9539,PU HTTP/1.1" 302 -
192.168.10.89 - - [28/Jun/2018:14:47:52 -0300] "GET /digitalizacion/PublicTempStorage/9286825.tmp HTTP/1.1" 200 913266
192.168.10.96 - - [28/Jun/2018:14:47:52 -0300] "POST /digitalizacion/servlet/trdocumentos?gx-no-cache=1530207868185 HTTP/1.1" 200 78
192.168.10.96 - - [28/Jun/2018:14:47:54 -0300] "POST /digitalizacion/servlet/trdocumentos?cbed3001882a451809861ca55edee17e,,gx-no-cache=1530207869289 HTTP/1.1" 200 2857
192.168.10.96 - - [28/Jun/2018:14:47:55 -0300] "POST /digitalizacion/servlet/trdocumentos?gx-no-cache=1530207871176 HTTP/1.1" 200 78
192.168.10.96 - - [28/Jun/2018:14:47:57 -0300] "POST /digitalizacion/servlet/trdocumentos?cbed3001882a451809861ca55edee17e,,gx-no-cache=1530207872282 HTTP/1.1" 200 2862
192.168.10.96 - - [28/Jun/2018:14:47:59 -0300] "POST /digitalizacion/servlet/trdocumentos?gx-no-cache=1530207874633 HTTP/1.1" 200 78
192.168.10.96 - - [28/Jun/2018:14:48:01 -0300] "POST /digitalizacion/servlet/trdocumentos?cbed3001882a451809861ca55edee17e,,gx-no-cache=1530207877057 HTTP/1.1" 200 2859
192.168.10.96 - - [28/Jun/2018:14:48:03 -0300] "POST /digitalizacion/servlet/trdocumentos?gx-no-cache=1530207879121 HTTP/1.1" 200 78
192.168.10.96 - - [28/Jun/2018:14:48:05 -0300] "POST /digitalizacion/servlet/trdocumentos?cbed3001882a451809861ca55edee17e,,gx-no-cache=1530207880466 HTTP/1.1" 200 2862
192.168.10.96 - - [28/Jun/2018:14:48:07 -0300] "POST /digitalizacion/servlet/trdocumentos?gx-no-cache=1530207882401 HTTP/1.1" 200 78
192.168.10.96 - - [28/Jun/2018:14:48:08 -0300] "POST /digitalizacion/servlet/trdocumentos?cbed3001882a451809861ca55edee17e,,gx-no-cache=1530207883537 HTTP/1.1" 200 2858
192.168.10.89 - - [28/Jun/2018:14:48:11 -0300] "POST /digitalizacion/servlet/trdocumentos?0af45e66d00331f202f8e88ffb680807,,gx-no-cache=1530207886468 HTTP/1.1" 200 4264
192.168.10.96 - - [28/Jun/2018:14:48:11 -0300] "POST /digitalizacion/servlet/trdocumentos?gx-no-cache=1530207887120 HTTP/1.1" 200 78
192.168.10.96 - - [28/Jun/2018:14:48:13 -0300] "POST /digitalizacion/servlet/trdocumentos?cbed3001882a451809861ca55edee17e,,gx-no-cache=1530207888313 HTTP/1.1" 200 2858
192.168.10.96 - - [28/Jun/2018:14:48:15 -0300] "POST /digitalizacion/servlet/trdocumentos?gx-no-cache=1530207890336 HTTP/1.1" 200 78
192.168.10.96 - - [28/Jun/2018:14:48:16 -0300] "POST /digitalizacion/servlet/trdocumentos?cbed3001882a451809861ca55edee17e,,gx-no-cache=1530207891257 HTTP/1.1" 200 2858
192.168.10.96 - - [28/Jun/2018:14:48:19 -0300] "POST /digitalizacion/servlet/trdocumentos?gx-no-cache=1530207894264 HTTP/1.1" 200 78
192.168.10.96 - - [28/Jun/2018:14:48:22 -0300] "POST /digitalizacion/servlet/trdocumentos?cbed3001882a451809861ca55edee17e,,gx-no-cache=1530207897153 HTTP/1.1" 200 2859
192.168.10.89 - - [28/Jun/2018:14:48:22 -0300] "GET /digitalizacion/servlet/wbadjunto?8261,PU HTTP/1.1" 302 -
192.168.10.89 - - [28/Jun/2018:14:48:22 -0300] "GET /digitalizacion/PublicTempStorage/7890415.tmp HTTP/1.1" 200 892657
192.168.10.96 - - [28/Jun/2018:14:48:33 -0300] "POST /digitalizacion/servlet/trdocumentos?gx-no-cache=1530207909153 HTTP/1.1" 200 78
192.168.10.96 - - [28/Jun/2018:14:48:35 -0300] "POST /digitalizacion/servlet/trdocumentos?cbed3001882a451809861ca55edee17e,,gx-no-cache=1530207910617 HTTP/1.1" 200 3247
192.168.10.96 - - [28/Jun/2018:14:48:37 -0300] "GET /digitalizacion/servlet/wbadjunto?15813,PU HTTP/1.1" 302 -
192.168.10.96 - - [28/Jun/2018:14:48:37 -0300] "GET /digitalizacion/PublicTempStorage/8700524.tmp HTTP/1.1" 200 436766
192.168.10.89 - - [28/Jun/2018:14:48:41 -0300] "POST /digitalizacion/servlet/trdocumentos?0af45e66d00331f202f8e88ffb680807,,gx-no-cache=1530207916340 HTTP/1.1" 200 3254
192.168.10.89 - - [28/Jun/2018:14:48:42 -0300] "GET /digitalizacion/servlet/wbadjunto?8931,PU HTTP/1.1" 302 -
192.168.10.89 - - [28/Jun/2018:14:48:43 -0300] "GET /digitalizacion/PublicTempStorage/8020676.tmp HTTP/1.1" 200 1163698
192.168.10.96 - - [28/Jun/2018:14:48:52 -0300] "POST /digitalizacion/servlet/trdocumentos?cbed3001882a451809861ca55edee17e,,gx-no-cache=1530207927338 HTTP/1.1" 200 7113
192.168.10.89 - - [28/Jun/2018:14:48:57 -0300] "POST /digitalizacion/servlet/trdocumentos?0af45e66d00331f202f8e88ffb680807,,gx-no-cache=1530207932876 HTTP/1.1" 200 3257
192.168.10.89 - - [28/Jun/2018:14:48:59 -0300] "GET /digitalizacion/servlet/wbadjunto?8974,PU HTTP/1.1" 302 -
192.168.10.89 - - [28/Jun/2018:14:48:59 -0300] "GET /digitalizacion/PublicTempStorage/6412993.tmp HTTP/1.1" 200 911864
192.168.10.96 - - [28/Jun/2018:14:49:02 -0300] "POST /digitalizacion/servlet/trdocumentos?cbed3001882a451809861ca55edee17e,,gx-no-cache=1530207937188 HTTP/1.1" 200 7069
192.168.10.96 - - [28/Jun/2018:14:49:05 -0300] "POST /digitalizacion/servlet/trdocumentos?cbed3001882a451809861ca55edee17e,,gx-no-cache=1530207941011 HTTP/1.1" 200 7113
192.168.10.96 - - [28/Jun/2018:14:49:06 -0300] "POST /digitalizacion/servlet/trdocumentos?cbed3001882a451809861ca55edee17e,,gx-no-cache=1530207942011 HTTP/1.1" 200 7018
192.168.10.96 - - [28/Jun/2018:14:49:08 -0300] "POST /digitalizacion/servlet/trdocumentos?cbed3001882a451809861ca55edee17e,,gx-no-cache=1530207943803 HTTP/1.1" 200 7113
192.168.10.96 - - [28/Jun/2018:14:49:09 -0300] "POST /digitalizacion/servlet/trdocumentos?cbed3001882a451809861ca55edee17e,,gx-no-cache=1530207944891 HTTP/1.1" 200 7069
192.168.10.96 - - [28/Jun/2018:14:49:12 -0300] "POST /digitalizacion/servlet/trdocumentos?cbed3001882a451809861ca55edee17e,,gx-no-cache=1530207947555 HTTP/1.1" 200 7095
192.168.10.96 - - [28/Jun/2018:14:49:18 -0300] "POST /digitalizacion/servlet/trdocumentos?cbed3001882a451809861ca55edee17e,,gx-no-cache=1530207953955 HTTP/1.1" 200 7069
192.168.10.96 - - [28/Jun/2018:14:49:31 -0300] "POST /digitalizacion/servlet/trdocumentos?cbed3001882a451809861ca55edee17e,,gx-no-cache=1530207966211 HTTP/1.1" 200 7113
192.168.10.96 - - [28/Jun/2018:14:49:39 -0300] "GET /digitalizacion/servlet/wbadjunto?15813,PU HTTP/1.1" 302 -
192.168.10.96 - - [28/Jun/2018:14:49:39 -0300] "GET /digitalizacion/PublicTempStorage/6452303.tmp HTTP/1.1" 200 436766
192.168.10.89 - - [28/Jun/2018:14:49:40 -0300] "POST /digitalizacion/servlet/trdocumentos?gx-no-cache=1530207976082 HTTP/1.1" 200 78
192.168.10.89 - - [28/Jun/2018:14:49:47 -0300] "POST /digitalizacion/servlet/trdocumentos?0af45e66d00331f202f8e88ffb680807,,gx-no-cache=1530207982138 HTTP/1.1" 200 2876
192.168.10.89 - - [28/Jun/2018:14:49:53 -0300] "POST /digitalizacion/servlet/trdocumentos?gx-no-cache=1530207989130 HTTP/1.1" 200 78
192.168.10.89 - - [28/Jun/2018:14:49:55 -0300] "POST /digitalizacion/servlet/trdocumentos?0af45e66d00331f202f8e88ffb680807,,gx-no-cache=1530207990748 HTTP/1.1" 200 2855
192.168.10.96 - - [28/Jun/2018:14:49:59 -0300] "POST /digitalizacion/servlet/trdocumentos?cbed3001882a451809861ca55edee17e,,gx-no-cache=1530207994720 HTTP/1.1" 200 2883
192.168.10.89 - - [28/Jun/2018:14:50:02 -0300] "POST /digitalizacion/servlet/trdocumentos?0af45e66d00331f202f8e88ffb680807,,gx-no-cache=1530207997580 HTTP/1.1" 200 2844
192.168.10.96 - - [28/Jun/2018:14:50:04 -0300] "POST /digitalizacion/servlet/trdocumentos?gx-no-cache=1530207999840 HTTP/1.1" 200 78
192.168.10.96 - - [28/Jun/2018:14:50:05 -0300] "POST /digitalizacion/servlet/trdocumentos?cbed3001882a451809861ca55edee17e,,gx-no-cache=1530208001016 HTTP/1.1" 200 2858
192.168.10.89 - - [28/Jun/2018:14:50:06 -0300] "POST /digitalizacion/servlet/trdocumentos?gx-no-cache=1530208001338 HTTP/1.1" 200 78
192.168.10.96 - - [28/Jun/2018:14:50:06 -0300] "POST /digitalizacion/servlet/trdocumentos?cbed3001882a451809861ca55edee17e,,gx-no-cache=1530208001655 HTTP/1.1" 200 2858
192.168.10.96 - - [28/Jun/2018:14:50:06 -0300] "POST /digitalizacion/servlet/trdocumentos?cbed3001882a451809861ca55edee17e,,gx-no-cache=1530208001858 HTTP/1.1" 200 2858
192.168.10.89 - - [28/Jun/2018:14:50:07 -0300] "POST /digitalizacion/servlet/trdocumentos?0af45e66d00331f202f8e88ffb680807,,gx-no-cache=1530208002330 HTTP/1.1" 200 6516
192.168.10.96 - - [28/Jun/2018:14:50:12 -0300] "POST /digitalizacion/servlet/trdocumentos?gx-no-cache=1530208008031 HTTP/1.1" 200 78
192.168.10.96 - - [28/Jun/2018:14:50:14 -0300] "POST /digitalizacion/servlet/trdocumentos?cbed3001882a451809861ca55edee17e,,gx-no-cache=1530208009152 HTTP/1.1" 200 2859
192.168.10.89 - - [28/Jun/2018:14:50:19 -0300] "POST /digitalizacion/servlet/trdocumentos?0af45e66d00331f202f8e88ffb680807,,gx-no-cache=1530208014603 HTTP/1.1" 200 6632
192.168.10.89 - - [28/Jun/2018:14:50:26 -0300] "POST /digitalizacion/servlet/trdocumentos?0af45e66d00331f202f8e88ffb680807,,gx-no-cache=1530208021444 HTTP/1.1" 200 6542
192.168.10.89 - - [28/Jun/2018:14:50:31 -0300] "POST /digitalizacion/servlet/trdocumentos?0af45e66d00331f202f8e88ffb680807,,gx-no-cache=1530208026754 HTTP/1.1" 200 6572
192.168.10.96 - - [28/Jun/2018:14:50:35 -0300] "POST /digitalizacion/servlet/trdocumentos?cbed3001882a451809861ca55edee17e,,gx-no-cache=1530208030456 HTTP/1.1" 200 2859
192.168.10.96 - - [28/Jun/2018:14:50:35 -0300] "POST /digitalizacion/servlet/trdocumentos?cbed3001882a451809861ca55edee17e,,gx-no-cache=1530208030808 HTTP/1.1" 200 2859
192.168.10.89 - - [28/Jun/2018:14:50:35 -0300] "POST /digitalizacion/servlet/trdocumentos?0af45e66d00331f202f8e88ffb680807,,gx-no-cache=1530208030851 HTTP/1.1" 200 6625
192.168.10.96 - - [28/Jun/2018:14:50:37 -0300] "POST /digitalizacion/servlet/trdocumentos?gx-no-cache=1530208032760 HTTP/1.1" 200 78
192.168.10.96 - - [28/Jun/2018:14:50:38 -0300] "POST /digitalizacion/servlet/trdocumentos?cbed3001882a451809861ca55edee17e,,gx-no-cache=1530208033584 HTTP/1.1" 200 2857
192.168.10.89 - - [28/Jun/2018:14:50:38 -0300] "POST /digitalizacion/servlet/trdocumentos?0af45e66d00331f202f8e88ffb680807,,gx-no-cache=1530208033867 HTTP/1.1" 200 6647
192.168.10.89 - - [28/Jun/2018:14:50:40 -0300] "POST /digitalizacion/servlet/trdocumentos?0af45e66d00331f202f8e88ffb680807,,gx-no-cache=1530208035090 HTTP/1.1" 200 6528
192.168.10.89 - - [28/Jun/2018:14:50:41 -0300] "POST /digitalizacion/servlet/trdocumentos?0af45e66d00331f202f8e88ffb680807,,gx-no-cache=1530208036299 HTTP/1.1" 200 6604
192.168.10.96 - - [28/Jun/2018:14:50:44 -0300] "POST /digitalizacion/servlet/trdocumentos?gx-no-cache=1530208039911 HTTP/1.1" 200 78
192.168.10.96 - - [28/Jun/2018:14:50:47 -0300] "POST /digitalizacion/servlet/trdocumentos?gx-no-cache=1530208042367 HTTP/1.1" 200 78
192.168.10.96 - - [28/Jun/2018:14:50:48 -0300] "POST /digitalizacion/servlet/trdocumentos?cbed3001882a451809861ca55edee17e,,gx-no-cache=1530208043631 HTTP/1.1" 200 2857
192.168.10.89 - - [28/Jun/2018:14:50:49 -0300] "POST /digitalizacion/servlet/trdocumentos?0af45e66d00331f202f8e88ffb680807,,gx-no-cache=1530208044810 HTTP/1.1" 200 6841
192.168.10.89 - - [28/Jun/2018:14:51:05 -0300] "POST /digitalizacion/servlet/trdocumentos?0af45e66d00331f202f8e88ffb680807,,gx-no-cache=1530208060122 HTTP/1.1" 200 5216
192.168.10.96 - - [28/Jun/2018:14:51:06 -0300] "POST /digitalizacion/servlet/trdocumentos?gx-no-cache=1530208061379 HTTP/1.1" 200 217
192.168.10.96 - - [28/Jun/2018:14:51:10 -0300] "POST /digitalizacion/servlet/trdocumentos?gx-no-cache=1530208065810 HTTP/1.1" 200 101
192.168.10.96 - - [28/Jun/2018:14:51:12 -0300] "POST /digitalizacion/servlet/trdocumentos?cbed3001882a451809861ca55edee17e,,gx-no-cache=1530208067219 HTTP/1.1" 200 2711
192.168.10.96 - - [28/Jun/2018:14:51:12 -0300] "POST /digitalizacion/servlet/trdocumentos?cbed3001882a451809861ca55edee17e,,gx-no-cache=1530208067851 HTTP/1.1" 200 2711
192.168.10.96 - - [28/Jun/2018:14:51:12 -0300] "POST /digitalizacion/servlet/trdocumentos?cbed3001882a451809861ca55edee17e,,gx-no-cache=1530208068070 HTTP/1.1" 200 2711
192.168.10.96 - - [28/Jun/2018:14:51:24 -0300] "POST /digitalizacion/servlet/trdocumentos?cbed3001882a451809861ca55edee17e,,gx-no-cache=1530208079180 HTTP/1.1" 200 2711
192.168.10.96 - - [28/Jun/2018:14:51:24 -0300] "POST /digitalizacion/servlet/trdocumentos?cbed3001882a451809861ca55edee17e,,gx-no-cache=1530208079443 HTTP/1.1" 200 2711
192.168.10.96 - - [28/Jun/2018:14:51:24 -0300] "POST /digitalizacion/servlet/trdocumentos?cbed3001882a451809861ca55edee17e,,gx-no-cache=1530208079659 HTTP/1.1" 200 2711
192.168.10.89 - - [28/Jun/2018:14:51:25 -0300] "POST /digitalizacion/servlet/trdocumentos?gx-no-cache=1530208080899 HTTP/1.1" 200 78
192.168.10.89 - - [28/Jun/2018:14:51:26 -0300] "POST /digitalizacion/servlet/trdocumentos?0af45e66d00331f202f8e88ffb680807,,gx-no-cache=1530208081932 HTTP/1.1" 200 2845
192.168.10.96 - - [28/Jun/2018:14:51:26 -0300] "POST /digitalizacion/servlet/trdocumentos?gx-no-cache=1530208082083 HTTP/1.1" 200 96
192.168.10.96 - - [28/Jun/2018:14:51:27 -0300] "POST /digitalizacion/servlet/trdocumentos?cbed3001882a451809861ca55edee17e,,gx-no-cache=1530208083084 HTTP/1.1" 200 2701
192.168.10.89 - - [28/Jun/2018:14:51:29 -0300] "POST /digitalizacion/servlet/trdocumentos?gx-no-cache=1530208084683 HTTP/1.1" 200 78
192.168.10.89 - - [28/Jun/2018:14:51:30 -0300] "POST /digitalizacion/servlet/trdocumentos?0af45e66d00331f202f8e88ffb680807,,gx-no-cache=1530208085421 HTTP/1.1" 200 4129
192.168.10.96 - - [28/Jun/2018:14:51:32 -0300] "POST /digitalizacion/servlet/trdocumentos?gx-no-cache=1530208088107 HTTP/1.1" 200 364
192.168.10.96 - - [28/Jun/2018:14:51:35 -0300] "POST /digitalizacion/servlet/trdocumentos?gx-no-cache=1530208090866 HTTP/1.1" 200 78
192.168.10.96 - - [28/Jun/2018:14:51:37 -0300] "POST /digitalizacion/servlet/trdocumentos?cbed3001882a451809861ca55edee17e,,gx-no-cache=1530208092164 HTTP/1.1" 200 2858
192.168.10.96 - - [28/Jun/2018:14:51:41 -0300] "POST /digitalizacion/servlet/trdocumentos?cbed3001882a451809861ca55edee17e,,gx-no-cache=1530208097115 HTTP/1.1" 200 3672
192.168.10.89 - - [28/Jun/2018:14:51:44 -0300] "POST /digitalizacion/servlet/trdocumentos?gx-no-cache=1530208099316 HTTP/1.1" 200 78
192.168.10.89 - - [28/Jun/2018:14:51:50 -0300] "POST /digitalizacion/servlet/trdocumentos?0af45e66d00331f202f8e88ffb680807,,gx-no-cache=1530208105076 HTTP/1.1" 200 3626
192.168.10.96 - - [28/Jun/2018:14:51:55 -0300] "POST /digitalizacion/servlet/trdocumentos?gx-no-cache=1530208110923 HTTP/1.1" 200 78
192.168.10.96 - - [28/Jun/2018:14:51:56 -0300] "POST /digitalizacion/servlet/trdocumentos?cbed3001882a451809861ca55edee17e,,gx-no-cache=1530208111860 HTTP/1.1" 200 2852
186.79.1.23 - - [28/Jun/2018:14:51:57 -0300] "GET /cormun/servlet/hlogin HTTP/1.1" 200 1722
186.79.1.23 - - [28/Jun/2018:14:52:00 -0300] "POST /cormun/servlet/hlogin?94b02ef81c8836fb635d054c594480f7,gx-no-cache=1530204656428 HTTP/1.1" 200 90
186.79.1.23 - - [28/Jun/2018:14:52:00 -0300] "GET /cormun/servlet/hpexe_link HTTP/1.1" 200 951
186.79.1.23 - - [28/Jun/2018:14:52:00 -0300] "GET /cormun/servlet/hhome HTTP/1.1" 200 3931
186.79.1.23 - - [28/Jun/2018:14:52:01 -0300] "GET /cormun/servlet/hhome HTTP/1.1" 200 3927
192.168.10.89 - - [28/Jun/2018:14:52:02 -0300] "POST /digitalizacion/servlet/trdocumentos?gx-no-cache=1530208117364 HTTP/1.1" 200 78
192.168.10.89 - - [28/Jun/2018:14:52:03 -0300] "POST /digitalizacion/servlet/trdocumentos?0af45e66d00331f202f8e88ffb680807,,gx-no-cache=1530208118404 HTTP/1.1" 200 2846
192.168.10.96 - - [28/Jun/2018:14:52:03 -0300] "POST /digitalizacion/servlet/trdocumentos?gx-no-cache=1530208119139 HTTP/1.1" 200 78
192.168.10.96 - - [28/Jun/2018:14:52:05 -0300] "POST /digitalizacion/servlet/trdocumentos?cbed3001882a451809861ca55edee17e,,gx-no-cache=1530208121029 HTTP/1.1" 200 3918
186.79.1.23 - - [28/Jun/2018:14:52:07 -0300] "GET /cormun/servlet/trsolicitudot? HTTP/1.1" 200 7142
186.79.1.23 - - [28/Jun/2018:14:52:08 -0300] "GET /cormun/servlet/trsolicitudot? HTTP/1.1" 200 7141
192.168.10.89 - - [28/Jun/2018:14:52:09 -0300] "POST /digitalizacion/servlet/trdocumentos?gx-no-cache=1530208125107 HTTP/1.1" 200 78
192.168.10.89 - - [28/Jun/2018:14:52:10 -0300] "POST /digitalizacion/servlet/trdocumentos?0af45e66d00331f202f8e88ffb680807,,gx-no-cache=1530208125780 HTTP/1.1" 200 3340
186.79.1.23 - - [28/Jun/2018:14:52:12 -0300] "GET /cormun/servlet/solicitudot?INS,0,0, HTTP/1.1" 200 13392
186.79.1.23 - - [28/Jun/2018:14:52:13 -0300] "GET /cormun/servlet/solicitudot?INS,0,0, HTTP/1.1" 200 13397
192.168.10.89 - - [28/Jun/2018:14:52:14 -0300] "POST /digitalizacion/servlet/trdocumentos?gx-no-cache=1530208129955 HTTP/1.1" 200 78
192.168.10.89 - - [28/Jun/2018:14:52:15 -0300] "POST /digitalizacion/servlet/trdocumentos?0af45e66d00331f202f8e88ffb680807,,gx-no-cache=1530208130835 HTTP/1.1" 200 3626
192.168.4.251 - - [28/Jun/2018:14:52:20 -0300] "GET /cormun/servlet/hlogin HTTP/1.1" 200 1721
192.168.4.251 - - [28/Jun/2018:14:52:21 -0300] "GET /cormun/static/gxcfg.js?20175251213516 HTTP/1.1" 200 953
192.168.4.251 - - [28/Jun/2018:14:52:21 -0300] "GET /cormun/static/gxtimezone.js?85251 HTTP/1.1" 200 5781
192.168.4.251 - - [28/Jun/2018:14:52:22 -0300] "GET /cormun/static/Resources/ComunLogin.png HTTP/1.1" 200 17326
192.168.4.251 - - [28/Jun/2018:14:52:22 -0300] "GET /cormun/static/Resources/Spanish/PXTools.css?11423723 HTTP/1.1" 200 89042
192.168.4.251 - - [28/Jun/2018:14:52:22 -0300] "GET /cormun/static/hlogin.js?20175251213537 HTTP/1.1" 200 2136
192.168.4.251 - - [28/Jun/2018:14:52:22 -0300] "GET /cormun/static/messages.spa.js?85251 HTTP/1.1" 200 30736
192.168.4.251 - - [28/Jun/2018:14:52:24 -0300] "GET /cormun/static/gxgral.js?85251 HTTP/1.1" 200 384558
192.168.4.251 - - [28/Jun/2018:14:52:24 -0300] "GET /cormun/static/Resources/PXToolsLoginBackground.png HTTP/1.1" 200 1164
192.168.4.251 - - [28/Jun/2018:14:52:24 -0300] "GET /cormun/static/Resources/PXToolsButtonBackground2.png HTTP/1.1" 200 1181
192.168.4.251 - - [28/Jun/2018:14:52:24 -0300] "GET /cormun/static/Resources/PXToolsLoginTop.png HTTP/1.1" 200 1337
192.168.4.251 - - [28/Jun/2018:14:52:24 -0300] "GET /cormun/static/Resources/PXToolsButtonRight21.png HTTP/1.1" 200 1283
192.168.4.251 - - [28/Jun/2018:14:52:24 -0300] "GET /cormun/static/Resources/PXToolsLoginBottom.png HTTP/1.1" 200 1389
192.168.4.251 - - [28/Jun/2018:14:52:24 -0300] "GET /cormun/static/Resources/PXToolsButtonLeft21.png HTTP/1.1" 200 1287
192.168.4.251 - - [28/Jun/2018:14:52:25 -0300] "GET /cormun/static/Resources/indicator.gif HTTP/1.1" 200 1553
192.168.4.251 - - [28/Jun/2018:14:52:25 -0300] "GET /cormun/servlet/hlogin HTTP/1.1" 200 1729
