192.168.10.89 - - [28/Jun/2018:14:52:26 -0300] "POST /digitalizacion/servlet/trdocumentos?gx-no-cache=1530208142067 HTTP/1.1" 200 78
192.168.10.89 - - [28/Jun/2018:14:52:28 -0300] "POST /digitalizacion/servlet/trdocumentos?0af45e66d00331f202f8e88ffb680807,,gx-no-cache=1530208143299 HTTP/1.1" 200 2845
192.168.4.251 - - [28/Jun/2018:14:52:29 -0300] "POST /cormun/servlet/hlogin?8830cc880a819340c847afcfd2d37e57,gx-no-cache=1530208540116 HTTP/1.1" 200 90
192.168.4.251 - - [28/Jun/2018:14:52:29 -0300] "GET /cormun/servlet/hpexe_link HTTP/1.1" 200 951
192.168.4.251 - - [28/Jun/2018:14:52:29 -0300] "GET /cormun/static/gxcfg.js?20177612121792 HTTP/1.1" 200 953
192.168.4.251 - - [28/Jun/2018:14:52:29 -0300] "GET /cormun/static/hpexe_link.js?20177612121795 HTTP/1.1" 200 625
192.168.4.251 - - [28/Jun/2018:14:52:29 -0300] "GET /cormun/static/Resources/Spanish/PXTools.css?1155365 HTTP/1.1" 200 89042
192.168.4.251 - - [28/Jun/2018:14:52:29 -0300] "GET /cormun/servlet/hhome HTTP/1.1" 200 4512
192.168.4.251 - - [28/Jun/2018:14:52:29 -0300] "GET /cormun/static/Shared/jqueryui/jquery-ui.min.css?1245370 HTTP/1.1" 200 30288
192.168.4.251 - - [28/Jun/2018:14:52:29 -0300] "GET /cormun/static/gxcfg.js?20175251212442 HTTP/1.1" 200 953
192.168.4.251 - - [28/Jun/2018:14:52:29 -0300] "GET /cormun/static/PXToolsJavascripts/pexe_autoreload.js HTTP/1.1" 200 1762
192.168.10.96 - - [28/Jun/2018:14:52:29 -0300] "POST /digitalizacion/servlet/trdocumentos?gx-no-cache=1530208144988 HTTP/1.1" 200 78
192.168.4.251 - - [28/Jun/2018:14:52:29 -0300] "GET /cormun/static/PXToolsJavascripts/pexe_cookies.js HTTP/1.1" 200 792
192.168.4.251 - - [28/Jun/2018:14:52:29 -0300] "GET /cormun/static/SmoothNavMenu/resources/ddsmoothmenu-v.css?1012540 HTTP/1.1" 200 1188
192.168.4.251 - - [28/Jun/2018:14:52:29 -0300] "GET /cormun/static/SmoothNavMenu/resources/ddsmoothmenu.css?1012540 HTTP/1.1" 200 2223
192.168.4.251 - - [28/Jun/2018:14:52:29 -0300] "GET /cormun/static/PXToolsJavascripts/pexe_windows.js HTTP/1.1" 200 15207
192.168.4.251 - - [28/Jun/2018:14:52:29 -0300] "GET /cormun/static/scaMessage/css/jquery.pnotify.default.css?1716380 HTTP/1.1" 200 1707
192.168.4.251 - - [28/Jun/2018:14:52:29 -0300] "GET /cormun/static/PXToolsJavascripts/pexe_grid.js HTTP/1.1" 200 7559
192.168.4.251 - - [28/Jun/2018:14:52:29 -0300] "GET /cormun/static/PXToolsJavascripts/pexe_griddivfix.js HTTP/1.1" 200 6644
192.168.4.251 - - [28/Jun/2018:14:52:29 -0300] "GET /cormun/static/PXToolsJavascripts/pexe_menudivfix.js HTTP/1.1" 200 333
192.168.4.251 - - [28/Jun/2018:14:52:29 -0300] "GET /cormun/static/PXToolsJavascripts/pexe_menus.js HTTP/1.1" 200 1286
192.168.4.251 - - [28/Jun/2018:14:52:29 -0300] "GET /cormun/static/PXToolsJavascripts/pexe_layers.js HTTP/1.1" 200 4114
192.168.4.251 - - [28/Jun/2018:14:52:29 -0300] "GET /cormun/static/PXToolsJavascripts/pexe_link.js HTTP/1.1" 200 5671
192.168.4.251 - - [28/Jun/2018:14:52:29 -0300] "GET /cormun/static/PXToolsJavascripts/pexe_oav.js HTTP/1.1" 200 645
192.168.4.251 - - [28/Jun/2018:14:52:29 -0300] "GET /cormun/static/PXToolsJavascripts/pexe_picture.js HTTP/1.1" 200 689
192.168.4.251 - - [28/Jun/2018:14:52:29 -0300] "GET /cormun/static/PXToolsJavascripts/pexe_popup.js HTTP/1.1" 200 13458
192.168.4.251 - - [28/Jun/2018:14:52:29 -0300] "GET /cormun/static/PXToolsJavascripts/pexe_oavdivfix.js HTTP/1.1" 200 639
192.168.4.251 - - [28/Jun/2018:14:52:29 -0300] "GET /cormun/static/PXToolsJavascripts/pexe_scrolldiv.js HTTP/1.1" 200 4138
192.168.4.251 - - [28/Jun/2018:14:52:29 -0300] "GET /cormun/static/PXToolsJavascripts/pexe_tabdivfix.js HTTP/1.1" 200 876
192.168.4.251 - - [28/Jun/2018:14:52:29 -0300] "GET /cormun/static/PXToolsJavascripts/pexe_tabs.js HTTP/1.1" 200 3748
192.168.4.251 - - [28/Jun/2018:14:52:29 -0300] "GET /cormun/static/PXToolsJavascripts/pexe_upload.js HTTP/1.1" 200 1423
192.168.4.251 - - [28/Jun/2018:14:52:29 -0300] "GET /cormun/static/PXToolsJavascripts/PXToolsJavascriptsRender.js HTTP/1.1" 200 367
192.168.4.251 - - [28/Jun/2018:14:52:29 -0300] "GET /cormun/static/Resources/logo4.png HTTP/1.1" 200 6582
192.168.4.251 - - [28/Jun/2018:14:52:29 -0300] "GET /cormun/static/Resources/PXToolsHeaderActionsLeft.png HTTP/1.1" 200 1118
192.168.4.251 - - [28/Jun/2018:14:52:30 -0300] "GET /cormun/static/RunJS/RunJS.js HTTP/1.1" 200 288
192.168.4.251 - - [28/Jun/2018:14:52:30 -0300] "GET /cormun/static/Shared/ext/locale/ext-lang-en.js HTTP/1.1" 200 10940
192.168.4.251 - - [28/Jun/2018:14:52:30 -0300] "GET /cormun/static/hhome.js?20175251212450 HTTP/1.1" 200 777
192.168.4.251 - - [28/Jun/2018:14:52:30 -0300] "GET /cormun/static/hwchdr01.js?201752511465785 HTTP/1.1" 200 1183
192.168.4.251 - - [28/Jun/2018:14:52:30 -0300] "GET /cormun/static/hpexe_recentlink.js?20177611595044 HTTP/1.1" 200 2144
192.168.4.251 - - [28/Jun/2018:14:52:30 -0300] "GET /cormun/static/gxui/gxui-all.js HTTP/1.1" 200 107772
192.168.4.251 - - [28/Jun/2018:14:52:30 -0300] "GET /cormun/static/hpexe_scripts.js?201752511465715 HTTP/1.1" 200 1544
192.168.4.251 - - [28/Jun/2018:14:52:30 -0300] "GET /cormun/static/hpexe_messagepopupcomponent.js?20161017169425 HTTP/1.1" 200 605
192.168.4.251 - - [28/Jun/2018:14:52:30 -0300] "GET /cormun/static/hpexe_messagecontroller.js?20177611595012 HTTP/1.1" 200 870
192.168.4.251 - - [28/Jun/2018:14:52:30 -0300] "GET /cormun/static/hpexe_messagegenexuscomponent.js?201752511465344 HTTP/1.1" 200 587
192.168.4.251 - - [28/Jun/2018:14:52:30 -0300] "GET /cormun/static/cmcontrolpreferences.js?201752511465670 HTTP/1.1" 200 1375
192.168.4.251 - - [28/Jun/2018:14:52:30 -0300] "GET /cormun/static/Shared/jquery/jquery-1.4.2.min.js HTTP/1.1" 200 72174
192.168.4.251 - - [28/Jun/2018:14:52:30 -0300] "GET /cormun/static/SmoothNavMenu/resources/ddsmoothmenu.js HTTP/1.1" 200 12712
192.168.4.251 - - [28/Jun/2018:14:52:30 -0300] "GET /cormun/static/Resources/PXToolsDataTitle.png HTTP/1.1" 200 1173
192.168.4.251 - - [28/Jun/2018:14:52:30 -0300] "GET /cormun/static/Resources/PXToolsFooterBackground2.png HTTP/1.1" 200 1172
192.168.4.251 - - [28/Jun/2018:14:52:30 -0300] "GET /cormun/static/Resources/PXToolsHeaderBackground2.png HTTP/1.1" 200 1174
192.168.4.251 - - [28/Jun/2018:14:52:30 -0300] "GET /cormun/static/Resources/PXToolsHeaderActionsBackground.png HTTP/1.1" 200 484
192.168.4.251 - - [28/Jun/2018:14:52:30 -0300] "GET /cormun/static/Resources/PXToolsHeaderLogin.png HTTP/1.1" 200 4279
192.168.4.251 - - [28/Jun/2018:14:52:30 -0300] "GET /cormun/static/Resources/PXToolsHeaderPreferences.png HTTP/1.1" 200 4189
192.168.4.251 - - [28/Jun/2018:14:52:30 -0300] "GET /cormun/static/Shared/jquery/jquery-1.10.2.min.js HTTP/1.1" 200 273199
192.168.10.96 - - [28/Jun/2018:14:52:30 -0300] "POST /digitalizacion/servlet/trdocumentos?cbed3001882a451809861ca55edee17e,,gx-no-cache=1530208145684 HTTP/1.1" 200 2852
192.168.4.251 - - [28/Jun/2018:14:52:30 -0300] "GET /cormun/static/Resources/PXToolsHeaderSecurity.png HTTP/1.1" 200 4166
192.168.4.251 - - [28/Jun/2018:14:52:30 -0300] "GET /cormun/static/Shared/jqueryui/jquery-ui.min.js HTTP/1.1" 200 240427
192.168.4.251 - - [28/Jun/2018:14:52:30 -0300] "GET /cormun/static/Resources/PXToolsHeaderHome.png HTTP/1.1" 200 4147
192.168.4.251 - - [28/Jun/2018:14:52:30 -0300] "GET /cormun/static/Resources/PXToolsHeaderActionsRight.png HTTP/1.1" 200 1201
192.168.4.251 - - [28/Jun/2018:14:52:30 -0300] "GET /cormun/static/SmoothNavMenu/resources/SmoothNavMenuRender.js HTTP/1.1" 200 5951
192.168.4.251 - - [28/Jun/2018:14:52:30 -0300] "GET /cormun/static/scaMessage/scaMessageRender.js HTTP/1.1" 200 11977
192.168.4.251 - - [28/Jun/2018:14:52:30 -0300] "GET /cormun/static/hmpwkw03.js?20177612122668 HTTP/1.1" 200 3965
192.168.4.251 - - [28/Jun/2018:14:52:30 -0300] "GET /cormun/static/scaMessage/js/jquery.pnotify.min.js HTTP/1.1" 200 13038
192.168.4.251 - - [28/Jun/2018:14:52:31 -0300] "GET /cormun/static/Shared/ext/ext-all.js HTTP/1.1" 200 1289687
192.168.10.89 - - [28/Jun/2018:14:52:31 -0300] "POST /digitalizacion/servlet/trdocumentos?gx-no-cache=1530208146842 HTTP/1.1" 200 78
192.168.4.251 - - [28/Jun/2018:14:52:32 -0300] "GET /cormun/servlet/hhome HTTP/1.1" 200 4508
192.168.4.251 - - [28/Jun/2018:14:52:32 -0300] "GET /cormun/static/SmoothNavMenu/resources/images/down.gif HTTP/1.1" 200 854
192.168.4.251 - - [28/Jun/2018:14:52:32 -0300] "GET /cormun/static/SmoothNavMenu/resources/images/right.gif HTTP/1.1" 200 860
192.168.10.89 - - [28/Jun/2018:14:52:32 -0300] "POST /digitalizacion/servlet/trdocumentos?0af45e66d00331f202f8e88ffb680807,,gx-no-cache=1530208147795 HTTP/1.1" 200 3490
192.168.4.251 - - [28/Jun/2018:14:52:35 -0300] "GET /cormun/servlet/trsolicitudgral? HTTP/1.1" 200 13884
192.168.4.251 - - [28/Jun/2018:14:52:35 -0300] "GET /cormun/static/gxui/gxui-all.css?120300 HTTP/1.1" 200 2179
192.168.4.251 - - [28/Jun/2018:14:52:35 -0300] "GET /cormun/static/Resources/Spanish/PXTools.css?1255365 HTTP/1.1" 200 89042
192.168.4.251 - - [28/Jun/2018:14:52:35 -0300] "GET /cormun/static/calendar-system.css?85620 HTTP/1.1" 200 5572
192.168.4.251 - - [28/Jun/2018:14:52:35 -0300] "GET /cormun/static/gxcfg.js?201813119461163 HTTP/1.1" 200 953
192.168.4.251 - - [28/Jun/2018:14:52:35 -0300] "GET /cormun/static/calendar.js?85251 HTTP/1.1" 200 26246
192.168.4.251 - - [28/Jun/2018:14:52:35 -0300] "GET /cormun/static/calendar-setup.js?85251 HTTP/1.1" 200 2588
192.168.4.251 - - [28/Jun/2018:14:52:35 -0300] "GET /cormun/static/calendar-es.js?85251 HTTP/1.1" 200 1901
192.168.4.251 - - [28/Jun/2018:14:52:35 -0300] "GET /cormun/static/Resources/PXTools/calendar.png HTTP/1.1" 200 1306
192.168.4.251 - - [28/Jun/2018:14:52:36 -0300] "GET /cormun/static/Resources/PXToolsDataSearch.png HTTP/1.1" 200 419
192.168.4.251 - - [28/Jun/2018:14:52:36 -0300] "GET /cormun/static/gxdec.js?85251 HTTP/1.1" 200 19579
192.168.4.251 - - [28/Jun/2018:14:52:36 -0300] "GET /cormun/static/trsolicitudgral.js?201813119462015 HTTP/1.1" 200 55173
192.168.4.251 - - [28/Jun/2018:14:52:36 -0300] "GET /cormun/static/Resources/PXToolsGridFirstDisabled.gif HTTP/1.1" 200 100
192.168.4.251 - - [28/Jun/2018:14:52:36 -0300] "GET /cormun/static/Resources/PXToolsGridPreviousDisabled.gif HTTP/1.1" 200 90
192.168.4.251 - - [28/Jun/2018:14:52:36 -0300] "GET /cormun/static/Resources/PXToolsGridNextDisabled.gif HTTP/1.1" 200 90
192.168.4.251 - - [28/Jun/2018:14:52:37 -0300] "GET /cormun/static/Resources/PXToolsGridLastDisabled.gif HTTP/1.1" 200 98
192.168.4.251 - - [28/Jun/2018:14:52:37 -0300] "GET /cormun/static/Resources/PXToolsGridPage.gif HTTP/1.1" 200 725
192.168.4.251 - - [28/Jun/2018:14:52:37 -0300] "GET /cormun/static/Shared/ext/resources/css/ext-all.css?215870 HTTP/1.1" 200 416045
192.168.4.251 - - [28/Jun/2018:14:52:37 -0300] "GET /cormun/static/Resources/PXToolsActionExcel.png HTTP/1.1" 200 3187
192.168.4.251 - - [28/Jun/2018:14:52:37 -0300] "GET /cormun/static/Resources/PXToolsAddAllStandardAction.png HTTP/1.1" 200 628
192.168.4.251 - - [28/Jun/2018:14:52:37 -0300] "GET /cormun/static/Resources/PXToolsRemoveAllStandardAction.png HTTP/1.1" 200 495
192.168.10.96 - - [28/Jun/2018:14:52:37 -0300] "POST /digitalizacion/servlet/trdocumentos?gx-no-cache=1530208152859 HTTP/1.1" 200 78
192.168.4.251 - - [28/Jun/2018:14:52:38 -0300] "GET /cormun/static/Resources/asc.gif HTTP/1.1" 200 67
192.168.4.251 - - [28/Jun/2018:14:52:38 -0300] "GET /cormun//static/Resources/PXToolsGridDelete.png HTTP/1.1" 200 357
192.168.4.251 - - [28/Jun/2018:14:52:38 -0300] "GET /cormun/static/Resources/desc.gif HTTP/1.1" 200 65
192.168.4.251 - - [28/Jun/2018:14:52:38 -0300] "GET /cormun//static/Resources/PXToolsGridUpdate.png HTTP/1.1" 200 2984
192.168.4.251 - - [28/Jun/2018:14:52:38 -0300] "GET /cormun/servlet/trsolicitudgral? HTTP/1.1" 200 13882
192.168.4.251 - - [28/Jun/2018:14:52:38 -0300] "GET /cormun/static/Shared/ext/resources/themes/images/default/panel/bg-headersPanel.png HTTP/1.1" 200 255
192.168.4.251 - - [28/Jun/2018:14:52:38 -0300] "GET /cormun/static/Shared/ext/resources/themes/images/default/tools/tool-sprites.gif HTTP/1.1" 200 5434
192.168.10.96 - - [28/Jun/2018:14:52:39 -0300] "POST /digitalizacion/servlet/trdocumentos?cbed3001882a451809861ca55edee17e,,gx-no-cache=1530208154492 HTTP/1.1" 200 3758
192.168.10.89 - - [28/Jun/2018:14:52:42 -0300] "POST /digitalizacion/servlet/trdocumentos?gx-no-cache=1530208157843 HTTP/1.1" 200 210
192.168.4.251 - - [28/Jun/2018:14:52:43 -0300] "GET /cormun/static/menuarrow.gif HTTP/1.1" 404 1015
192.168.10.89 - - [28/Jun/2018:14:52:46 -0300] "POST /digitalizacion/servlet/trdocumentos?0af45e66d00331f202f8e88ffb680807,,gx-no-cache=1530208161835 HTTP/1.1" 200 3401
192.168.4.251 - - [28/Jun/2018:14:52:50 -0300] "POST /cormun/servlet/trsolicitudgral?8830cc880a819340c847afcfd2d37e57,,gx-no-cache=1530208561060 HTTP/1.1" 200 12358
192.168.10.96 - - [28/Jun/2018:14:52:55 -0300] "POST /digitalizacion/servlet/trdocumentos?cbed3001882a451809861ca55edee17e,,gx-no-cache=1530208170556 HTTP/1.1" 200 3758
192.168.10.96 - - [28/Jun/2018:14:52:55 -0300] "POST /digitalizacion/servlet/trdocumentos?cbed3001882a451809861ca55edee17e,,gx-no-cache=1530208170942 HTTP/1.1" 200 3758
192.168.10.89 - - [28/Jun/2018:14:53:03 -0300] "POST /digitalizacion/servlet/trdocumentos?0af45e66d00331f202f8e88ffb680807,,gx-no-cache=1530208178459 HTTP/1.1" 200 4691
192.168.4.251 - - [28/Jun/2018:14:53:07 -0300] "POST /cormun/servlet/trsolicitudgral?8830cc880a819340c847afcfd2d37e57,,gx-no-cache=1530208578234 HTTP/1.1" 200 10649
192.168.4.251 - - [28/Jun/2018:14:53:07 -0300] "GET /cormun/static/Shared/jqueryui/images/ui-bg_highlight-soft_100_c6c2c8_1x100.png HTTP/1.1" 404 1117
192.168.4.251 - - [28/Jun/2018:14:53:07 -0300] "GET /cormun/static/Shared/jqueryui/images/ui-icons_82798d_256x240.png HTTP/1.1" 404 1089
192.168.4.251 - - [28/Jun/2018:14:53:07 -0300] "GET /cormun/static/Shared/jqueryui/images/ui-icons_8d78a5_256x240.png HTTP/1.1" 404 1089
192.168.4.251 - - [28/Jun/2018:14:53:07 -0300] "GET /cormun/static/Shared/jqueryui/images/ui-bg_flat_55_fafafa_40x100.png HTTP/1.1" 404 1097
192.168.10.96 - - [28/Jun/2018:14:53:10 -0300] "POST /digitalizacion/servlet/trdocumentos?gx-no-cache=1530208186067 HTTP/1.1" 200 78
192.168.10.96 - - [28/Jun/2018:14:53:11 -0300] "POST /digitalizacion/servlet/trdocumentos?cbed3001882a451809861ca55edee17e,,gx-no-cache=1530208186941 HTTP/1.1" 200 2853
192.168.10.89 - - [28/Jun/2018:14:53:13 -0300] "POST /digitalizacion/servlet/trdocumentos?0af45e66d00331f202f8e88ffb680807,,gx-no-cache=1530208188651 HTTP/1.1" 200 3020
192.168.4.251 - - [28/Jun/2018:14:53:19 -0300] "GET /cormun/servlet/hlogin HTTP/1.1" 200 1740
192.168.10.96 - - [28/Jun/2018:14:53:19 -0300] "POST /digitalizacion/servlet/trdocumentos?gx-no-cache=1530208194883 HTTP/1.1" 200 78
192.168.10.96 - - [28/Jun/2018:14:53:20 -0300] "POST /digitalizacion/servlet/trdocumentos?cbed3001882a451809861ca55edee17e,,gx-no-cache=1530208195941 HTTP/1.1" 200 2852
192.168.4.251 - - [28/Jun/2018:14:53:23 -0300] "POST /cormun/servlet/hlogin?8830cc880a819340c847afcfd2d37e57,gx-no-cache=1530208593793 HTTP/1.1" 200 90
192.168.4.251 - - [28/Jun/2018:14:53:23 -0300] "GET /cormun/servlet/hpexe_link HTTP/1.1" 200 951
192.168.4.251 - - [28/Jun/2018:14:53:23 -0300] "GET /cormun/servlet/hhome HTTP/1.1" 200 3843
192.168.10.89 - - [28/Jun/2018:14:53:24 -0300] "POST /digitalizacion/servlet/trdocumentos?0af45e66d00331f202f8e88ffb680807,,gx-no-cache=1530208199347 HTTP/1.1" 200 3017
192.168.4.251 - - [28/Jun/2018:14:53:24 -0300] "GET /cormun/servlet/hhome HTTP/1.1" 200 3840
192.168.10.96 - - [28/Jun/2018:14:53:26 -0300] "POST /digitalizacion/servlet/trdocumentos?gx-no-cache=1530208201643 HTTP/1.1" 200 78
192.168.4.251 - - [28/Jun/2018:14:53:27 -0300] "GET /cormun/servlet/trautorizarot? HTTP/1.1" 200 11232
192.168.4.251 - - [28/Jun/2018:14:53:27 -0300] "GET /cormun/static/gxcfg.js?201711151294486 HTTP/1.1" 200 953
192.168.4.251 - - [28/Jun/2018:14:53:27 -0300] "GET /cormun/static/trautorizarot.js?201711151295562 HTTP/1.1" 200 53844
192.168.10.96 - - [28/Jun/2018:14:53:27 -0300] "POST /digitalizacion/servlet/trdocumentos?cbed3001882a451809861ca55edee17e,,gx-no-cache=1530208202660 HTTP/1.1" 200 3426
192.168.4.251 - - [28/Jun/2018:14:53:28 -0300] "GET /cormun/servlet/trautorizarot? HTTP/1.1" 200 11230
192.168.4.251 - - [28/Jun/2018:14:53:28 -0300] "GET /cormun//static/Resources/PXToolsDataSearchRemember.gif HTTP/1.1" 200 1153
192.168.4.251 - - [28/Jun/2018:14:53:29 -0300] "GET /cormun/static/menuarrow.gif HTTP/1.1" 404 1015
192.168.4.251 - - [28/Jun/2018:14:53:36 -0300] "POST /cormun/servlet/trautorizarot?8830cc880a819340c847afcfd2d37e57,,gx-no-cache=1530208606603 HTTP/1.1" 200 8238
192.168.4.251 - - [28/Jun/2018:14:53:42 -0300] "POST /cormun/servlet/trautorizarot?8830cc880a819340c847afcfd2d37e57,,gx-no-cache=1530208612835 HTTP/1.1" 200 5337
192.168.4.251 - - [28/Jun/2018:14:53:45 -0300] "GET /cormun/servlet/hlogin HTTP/1.1" 200 1737
192.168.10.96 - - [28/Jun/2018:14:53:49 -0300] "POST /digitalizacion/servlet/trdocumentos?gx-no-cache=1530208225203 HTTP/1.1" 200 210
192.168.10.89 - - [28/Jun/2018:14:53:50 -0300] "POST /digitalizacion/servlet/trdocumentos?gx-no-cache=1530208225677 HTTP/1.1" 200 78
192.168.10.89 - - [28/Jun/2018:14:53:57 -0300] "POST /digitalizacion/servlet/trdocumentos?0af45e66d00331f202f8e88ffb680807,,gx-no-cache=1530208232349 HTTP/1.1" 200 2847
192.168.10.89 - - [28/Jun/2018:14:54:01 -0300] "POST /digitalizacion/servlet/trdocumentos?0af45e66d00331f202f8e88ffb680807,,gx-no-cache=1530208236901 HTTP/1.1" 200 3753
192.168.10.96 - - [28/Jun/2018:14:54:05 -0300] "POST /digitalizacion/servlet/trdocumentos?cbed3001882a451809861ca55edee17e,,gx-no-cache=1530208240724 HTTP/1.1" 200 3923
192.168.10.89 - - [28/Jun/2018:14:54:11 -0300] "POST /digitalizacion/servlet/trdocumentos?gx-no-cache=1530208246997 HTTP/1.1" 200 78
192.168.10.89 - - [28/Jun/2018:14:54:13 -0300] "POST /digitalizacion/servlet/trdocumentos?0af45e66d00331f202f8e88ffb680807,,gx-no-cache=1530208248550 HTTP/1.1" 200 2845
192.168.10.89 - - [28/Jun/2018:14:54:20 -0300] "POST /digitalizacion/servlet/trdocumentos?gx-no-cache=1530208255924 HTTP/1.1" 200 78
192.168.10.89 - - [28/Jun/2018:14:54:21 -0300] "POST /digitalizacion/servlet/trdocumentos?0af45e66d00331f202f8e88ffb680807,,gx-no-cache=1530208256589 HTTP/1.1" 200 2845
192.168.10.96 - - [28/Jun/2018:14:54:22 -0300] "POST /digitalizacion/servlet/trdocumentos?cbed3001882a451809861ca55edee17e,,gx-no-cache=1530208257441 HTTP/1.1" 200 7059
192.168.10.96 - - [28/Jun/2018:14:54:28 -0300] "POST /digitalizacion/servlet/trdocumentos?cbed3001882a451809861ca55edee17e,,gx-no-cache=1530208263202 HTTP/1.1" 200 7071
192.168.10.96 - - [28/Jun/2018:14:54:30 -0300] "POST /digitalizacion/servlet/trdocumentos?cbed3001882a451809861ca55edee17e,,gx-no-cache=1530208265433 HTTP/1.1" 200 7096
192.168.10.89 - - [28/Jun/2018:14:54:32 -0300] "POST /digitalizacion/servlet/trdocumentos?gx-no-cache=1530208267445 HTTP/1.1" 200 78
192.168.10.96 - - [28/Jun/2018:14:54:32 -0300] "POST /digitalizacion/servlet/trdocumentos?cbed3001882a451809861ca55edee17e,,gx-no-cache=1530208267313 HTTP/1.1" 200 7113
192.168.10.96 - - [28/Jun/2018:14:54:34 -0300] "POST /digitalizacion/servlet/trdocumentos?cbed3001882a451809861ca55edee17e,,gx-no-cache=1530208268743 HTTP/1.1" 200 7156
192.168.10.96 - - [28/Jun/2018:14:54:36 -0300] "POST /digitalizacion/servlet/trdocumentos?cbed3001882a451809861ca55edee17e,,gx-no-cache=1530208270657 HTTP/1.1" 200 7097
192.168.10.96 - - [28/Jun/2018:14:54:38 -0300] "POST /digitalizacion/servlet/trdocumentos?cbed3001882a451809861ca55edee17e,,gx-no-cache=1530208272586 HTTP/1.1" 200 7100
192.168.10.89 - - [28/Jun/2018:14:54:39 -0300] "POST /digitalizacion/servlet/trdocumentos?0af45e66d00331f202f8e88ffb680807,,gx-no-cache=1530208274748 HTTP/1.1" 200 2850
192.168.10.96 - - [28/Jun/2018:14:54:40 -0300] "POST /digitalizacion/servlet/trdocumentos?cbed3001882a451809861ca55edee17e,,gx-no-cache=1530208274521 HTTP/1.1" 200 7083
192.168.10.96 - - [28/Jun/2018:14:54:41 -0300] "POST /digitalizacion/servlet/trdocumentos?cbed3001882a451809861ca55edee17e,,gx-no-cache=1530208276065 HTTP/1.1" 200 7090
192.168.10.96 - - [28/Jun/2018:14:54:43 -0300] "POST /digitalizacion/servlet/trdocumentos?cbed3001882a451809861ca55edee17e,,gx-no-cache=1530208277945 HTTP/1.1" 200 7121
192.168.10.89 - - [28/Jun/2018:14:54:44 -0300] "POST /digitalizacion/servlet/trdocumentos?0af45e66d00331f202f8e88ffb680807,,gx-no-cache=1530208279677 HTTP/1.1" 200 3911
192.168.10.96 - - [28/Jun/2018:14:54:45 -0300] "POST /digitalizacion/servlet/trdocumentos?cbed3001882a451809861ca55edee17e,,gx-no-cache=1530208279897 HTTP/1.1" 200 7023
192.168.10.96 - - [28/Jun/2018:14:54:47 -0300] "POST /digitalizacion/servlet/trdocumentos?cbed3001882a451809861ca55edee17e,,gx-no-cache=1530208282137 HTTP/1.1" 200 7135
192.168.10.96 - - [28/Jun/2018:14:54:49 -0300] "POST /digitalizacion/servlet/trdocumentos?cbed3001882a451809861ca55edee17e,,gx-no-cache=1530208284225 HTTP/1.1" 200 7092
192.168.10.89 - - [28/Jun/2018:14:54:51 -0300] "POST /digitalizacion/servlet/trdocumentos?gx-no-cache=1530208286867 HTTP/1.1" 200 78
192.168.10.96 - - [28/Jun/2018:14:54:52 -0300] "POST /digitalizacion/servlet/trdocumentos?cbed3001882a451809861ca55edee17e,,gx-no-cache=1530208286641 HTTP/1.1" 200 7063
192.168.10.89 - - [28/Jun/2018:14:54:52 -0300] "POST /digitalizacion/servlet/trdocumentos?0af45e66d00331f202f8e88ffb680807,,gx-no-cache=1530208288060 HTTP/1.1" 200 3664
192.168.10.96 - - [28/Jun/2018:14:54:55 -0300] "POST /digitalizacion/servlet/trdocumentos?cbed3001882a451809861ca55edee17e,,gx-no-cache=1530208289632 HTTP/1.1" 200 7048
192.168.10.96 - - [28/Jun/2018:14:54:58 -0300] "POST /digitalizacion/servlet/trdocumentos?cbed3001882a451809861ca55edee17e,,gx-no-cache=1530208292417 HTTP/1.1" 200 7011
192.168.10.89 - - [28/Jun/2018:14:54:58 -0300] "POST /digitalizacion/servlet/trdocumentos?gx-no-cache=1530208293299 HTTP/1.1" 200 78
192.168.10.89 - - [28/Jun/2018:14:54:59 -0300] "POST /digitalizacion/servlet/trdocumentos?0af45e66d00331f202f8e88ffb680807,,gx-no-cache=1530208294333 HTTP/1.1" 200 3338
192.168.10.96 - - [28/Jun/2018:14:55:00 -0300] "POST /digitalizacion/servlet/trdocumentos?cbed3001882a451809861ca55edee17e,,gx-no-cache=1530208294889 HTTP/1.1" 200 7000
192.168.10.96 - - [28/Jun/2018:14:55:03 -0300] "POST /digitalizacion/servlet/trdocumentos?cbed3001882a451809861ca55edee17e,,gx-no-cache=1530208298154 HTTP/1.1" 200 7113
192.168.10.96 - - [28/Jun/2018:14:55:07 -0300] "POST /digitalizacion/servlet/trdocumentos?cbed3001882a451809861ca55edee17e,,gx-no-cache=1530208302385 HTTP/1.1" 200 7087
192.168.10.89 - - [28/Jun/2018:14:55:10 -0300] "POST /digitalizacion/servlet/trdocumentos?gx-no-cache=1530208305428 HTTP/1.1" 200 78
192.168.10.89 - - [28/Jun/2018:14:55:11 -0300] "POST /digitalizacion/servlet/trdocumentos?0af45e66d00331f202f8e88ffb680807,,gx-no-cache=1530208306148 HTTP/1.1" 200 6500
192.168.10.89 - - [28/Jun/2018:14:55:19 -0300] "POST /digitalizacion/servlet/trdocumentos?0af45e66d00331f202f8e88ffb680807,,gx-no-cache=1530208313964 HTTP/1.1" 200 5872
192.168.10.96 - - [28/Jun/2018:14:55:29 -0300] "POST /digitalizacion/servlet/trdocumentos?cbed3001882a451809861ca55edee17e,,gx-no-cache=1530208323965 HTTP/1.1" 200 7059
192.168.10.89 - - [28/Jun/2018:14:55:32 -0300] "POST /digitalizacion/servlet/trdocumentos?gx-no-cache=1530208327473 HTTP/1.1" 200 360
192.168.10.89 - - [28/Jun/2018:14:55:33 -0300] "POST /digitalizacion/servlet/trdocumentos?gx-no-cache=1530208329067 HTTP/1.1" 200 78
192.168.10.89 - - [28/Jun/2018:14:55:38 -0300] "POST /digitalizacion/servlet/trdocumentos?0af45e66d00331f202f8e88ffb680807,,gx-no-cache=1530208333684 HTTP/1.1" 200 3347
192.168.10.89 - - [28/Jun/2018:14:55:43 -0300] "POST /digitalizacion/servlet/trdocumentos?gx-no-cache=1530208338748 HTTP/1.1" 200 78
192.168.10.89 - - [28/Jun/2018:14:55:45 -0300] "POST /digitalizacion/servlet/trdocumentos?gx-no-cache=1530208340963 HTTP/1.1" 200 78
192.168.10.89 - - [28/Jun/2018:14:55:46 -0300] "POST /digitalizacion/servlet/trdocumentos?0af45e66d00331f202f8e88ffb680807,,gx-no-cache=1530208342084 HTTP/1.1" 200 3678
192.168.10.96 - - [28/Jun/2018:14:55:50 -0300] "POST /digitalizacion/servlet/trdocumentos?cbed3001882a451809861ca55edee17e,,gx-no-cache=1530208344661 HTTP/1.1" 200 7059
192.168.10.89 - - [28/Jun/2018:14:55:52 -0300] "POST /digitalizacion/servlet/trdocumentos?gx-no-cache=1530208348011 HTTP/1.1" 200 78
192.168.10.89 - - [28/Jun/2018:14:55:54 -0300] "POST /digitalizacion/servlet/trdocumentos?0af45e66d00331f202f8e88ffb680807,,gx-no-cache=1530208349204 HTTP/1.1" 200 4210
192.168.10.89 - - [28/Jun/2018:14:56:01 -0300] "POST /digitalizacion/servlet/trdocumentos?gx-no-cache=1530208357068 HTTP/1.1" 200 220
192.168.10.96 - - [28/Jun/2018:14:56:04 -0300] "POST /digitalizacion/servlet/trdocumentos?cbed3001882a451809861ca55edee17e,,gx-no-cache=1530208358550 HTTP/1.1" 200 7059
192.168.10.89 - - [28/Jun/2018:14:56:05 -0300] "POST /digitalizacion/servlet/trdocumentos?gx-no-cache=1530208360995 HTTP/1.1" 200 101
186.103.157.98 - - [28/Jun/2018:14:56:07 -0300] "GET /cormun/servlet/hlogin HTTP/1.1" 200 1728
192.168.10.89 - - [28/Jun/2018:14:56:07 -0300] "POST /digitalizacion/servlet/trdocumentos?0af45e66d00331f202f8e88ffb680807,,gx-no-cache=1530208362380 HTTP/1.1" 200 3671
186.103.157.98 - - [28/Jun/2018:14:56:07 -0300] "GET /cormun/static/gxtimezone.js?85251 HTTP/1.1" 200 5781
186.103.157.98 - - [28/Jun/2018:14:56:07 -0300] "GET /cormun/static/gxcfg.js?20175251213516 HTTP/1.1" 200 953
186.103.157.98 - - [28/Jun/2018:14:56:07 -0300] "GET /cormun/static/messages.spa.js?85251 HTTP/1.1" 200 30736
186.103.157.98 - - [28/Jun/2018:14:56:07 -0300] "GET /cormun/static/Resources/ComunLogin.png HTTP/1.1" 200 17326
186.103.157.98 - - [28/Jun/2018:14:56:07 -0300] "GET /cormun/static/Resources/Spanish/PXTools.css?11423723 HTTP/1.1" 200 89042
186.103.157.98 - - [28/Jun/2018:14:56:07 -0300] "GET /cormun/static/hlogin.js?20175251213537 HTTP/1.1" 200 2136
186.103.157.98 - - [28/Jun/2018:14:56:07 -0300] "GET /cormun/static/gxgral.js?85251 HTTP/1.1" 200 384558
186.103.157.98 - - [28/Jun/2018:14:56:08 -0300] "GET /cormun/static/Resources/PXToolsLoginBottom.png HTTP/1.1" 200 1389
186.103.157.98 - - [28/Jun/2018:14:56:08 -0300] "GET /cormun/static/Resources/PXToolsLoginBackground.png HTTP/1.1" 200 1164
186.103.157.98 - - [28/Jun/2018:14:56:08 -0300] "GET /cormun/static/Resources/PXToolsButtonRight21.png HTTP/1.1" 200 1283
186.103.157.98 - - [28/Jun/2018:14:56:08 -0300] "GET /cormun/static/Resources/PXToolsButtonLeft21.png HTTP/1.1" 200 1287
186.103.157.98 - - [28/Jun/2018:14:56:08 -0300] "GET /cormun/static/Resources/PXToolsButtonBackground2.png HTTP/1.1" 200 1181
186.103.157.98 - - [28/Jun/2018:14:56:08 -0300] "GET /cormun/static/Resources/PXToolsLoginTop.png HTTP/1.1" 200 1337
186.103.157.98 - - [28/Jun/2018:14:56:08 -0300] "GET /cormun/static/Resources/indicator.gif HTTP/1.1" 200 1553
186.103.157.98 - - [28/Jun/2018:14:56:08 -0300] "GET /cormun/servlet/hlogin HTTP/1.1" 200 1736
186.103.157.98 - - [28/Jun/2018:14:56:08 -0300] "GET /favicon.ico HTTP/1.1" 200 21630
192.168.10.96 - - [28/Jun/2018:14:56:11 -0300] "POST /digitalizacion/servlet/trdocumentos?cbed3001882a451809861ca55edee17e,,gx-no-cache=1530208365965 HTTP/1.1" 200 7014
192.168.10.89 - - [28/Jun/2018:14:56:12 -0300] "POST /digitalizacion/servlet/trdocumentos?gx-no-cache=1530208367387 HTTP/1.1" 200 101
192.168.10.89 - - [28/Jun/2018:14:56:13 -0300] "POST /digitalizacion/servlet/trdocumentos?0af45e66d00331f202f8e88ffb680807,,gx-no-cache=1530208368612 HTTP/1.1" 200 4837
192.168.10.96 - - [28/Jun/2018:14:56:18 -0300] "POST /digitalizacion/servlet/trdocumentos?cbed3001882a451809861ca55edee17e,,gx-no-cache=1530208372989 HTTP/1.1" 200 7736
192.168.10.96 - - [28/Jun/2018:14:56:20 -0300] "POST /digitalizacion/servlet/trdocumentos?cbed3001882a451809861ca55edee17e,,gx-no-cache=1530208375036 HTTP/1.1" 200 7669
186.103.157.98 - - [28/Jun/2018:14:56:21 -0300] "POST /cormun/servlet/hlogin?39608cf6a8133c3b3d2097737db47d9d,gx-no-cache=1530208513358 HTTP/1.1" 200 448
192.168.10.96 - - [28/Jun/2018:14:56:26 -0300] "POST /digitalizacion/servlet/trdocumentos?cbed3001882a451809861ca55edee17e,,gx-no-cache=1530208380539 HTTP/1.1" 200 7736
192.168.10.96 - - [28/Jun/2018:14:56:31 -0300] "POST /digitalizacion/servlet/trdocumentos?cbed3001882a451809861ca55edee17e,,gx-no-cache=1530208385891 HTTP/1.1" 200 7014
192.168.10.96 - - [28/Jun/2018:14:56:38 -0300] "POST /digitalizacion/servlet/trdocumentos?cbed3001882a451809861ca55edee17e,,gx-no-cache=1530208392754 HTTP/1.1" 200 7736
192.168.10.89 - - [28/Jun/2018:14:56:44 -0300] "POST /digitalizacion/servlet/trdocumentos?gx-no-cache=1530208400131 HTTP/1.1" 200 360
186.103.157.98 - - [28/Jun/2018:14:56:46 -0300] "POST /cormun/servlet/hlogin?39608cf6a8133c3b3d2097737db47d9d,gx-no-cache=1530208538200 HTTP/1.1" 200 90
186.103.157.98 - - [28/Jun/2018:14:56:46 -0300] "GET /cormun/servlet/hpexe_link HTTP/1.1" 200 955
186.103.157.98 - - [28/Jun/2018:14:56:46 -0300] "GET /cormun/static/gxcfg.js?20177612121792 HTTP/1.1" 200 953
186.103.157.98 - - [28/Jun/2018:14:56:46 -0300] "GET /cormun/static/hpexe_link.js?20177612121795 HTTP/1.1" 200 625
186.103.157.98 - - [28/Jun/2018:14:56:46 -0300] "GET /cormun/static/Resources/Spanish/PXTools.css?1155365 HTTP/1.1" 200 89042
186.103.157.98 - - [28/Jun/2018:14:56:46 -0300] "GET /cormun/servlet/hhome HTTP/1.1" 200 4262
186.103.157.98 - - [28/Jun/2018:14:56:46 -0300] "GET /cormun/static/SmoothNavMenu/resources/ddsmoothmenu.css?1012540 HTTP/1.1" 200 2223
186.103.157.98 - - [28/Jun/2018:14:56:46 -0300] "GET /cormun/static/Shared/jqueryui/jquery-ui.min.css?1245370 HTTP/1.1" 200 30288
186.103.157.98 - - [28/Jun/2018:14:56:46 -0300] "GET /cormun/static/SmoothNavMenu/resources/ddsmoothmenu-v.css?1012540 HTTP/1.1" 200 1188
186.103.157.98 - - [28/Jun/2018:14:56:47 -0300] "GET /cormun/static/gxcfg.js?20175251212442 HTTP/1.1" 200 953
186.103.157.98 - - [28/Jun/2018:14:56:47 -0300] "GET /cormun/static/scaMessage/css/jquery.pnotify.default.css?1716380 HTTP/1.1" 200 1707
186.103.157.98 - - [28/Jun/2018:14:56:47 -0300] "GET /cormun/static/PXToolsJavascripts/pexe_autoreload.js HTTP/1.1" 200 1762
186.103.157.98 - - [28/Jun/2018:14:56:47 -0300] "GET /cormun/static/PXToolsJavascripts/pexe_cookies.js HTTP/1.1" 200 792
186.103.157.98 - - [28/Jun/2018:14:56:47 -0300] "GET /cormun/static/PXToolsJavascripts/pexe_grid.js HTTP/1.1" 200 7559
186.103.157.98 - - [28/Jun/2018:14:56:47 -0300] "GET /cormun/static/PXToolsJavascripts/pexe_windows.js HTTP/1.1" 200 15207
186.103.157.98 - - [28/Jun/2018:14:56:47 -0300] "GET /cormun/static/PXToolsJavascripts/pexe_griddivfix.js HTTP/1.1" 200 6644
186.103.157.98 - - [28/Jun/2018:14:56:47 -0300] "GET /cormun/static/PXToolsJavascripts/pexe_link.js HTTP/1.1" 200 5671
186.103.157.98 - - [28/Jun/2018:14:56:47 -0300] "GET /cormun/static/PXToolsJavascripts/pexe_layers.js HTTP/1.1" 200 4114
186.103.157.98 - - [28/Jun/2018:14:56:47 -0300] "GET /cormun/static/PXToolsJavascripts/pexe_menus.js HTTP/1.1" 200 1286
186.103.157.98 - - [28/Jun/2018:14:56:47 -0300] "GET /cormun/static/PXToolsJavascripts/pexe_menudivfix.js HTTP/1.1" 200 333
186.103.157.98 - - [28/Jun/2018:14:56:47 -0300] "GET /cormun/static/PXToolsJavascripts/pexe_oav.js HTTP/1.1" 200 645
186.103.157.98 - - [28/Jun/2018:14:56:47 -0300] "GET /cormun/static/PXToolsJavascripts/pexe_picture.js HTTP/1.1" 200 689
186.103.157.98 - - [28/Jun/2018:14:56:47 -0300] "GET /cormun/static/PXToolsJavascripts/pexe_oavdivfix.js HTTP/1.1" 200 639
186.103.157.98 - - [28/Jun/2018:14:56:47 -0300] "GET /cormun/static/PXToolsJavascripts/pexe_scrolldiv.js HTTP/1.1" 200 4138
186.103.157.98 - - [28/Jun/2018:14:56:47 -0300] "GET /cormun/static/PXToolsJavascripts/pexe_tabdivfix.js HTTP/1.1" 200 876
186.103.157.98 - - [28/Jun/2018:14:56:47 -0300] "GET /cormun/static/PXToolsJavascripts/pexe_popup.js HTTP/1.1" 200 13458
186.103.157.98 - - [28/Jun/2018:14:56:47 -0300] "GET /cormun/static/PXToolsJavascripts/pexe_tabs.js HTTP/1.1" 200 3748
186.103.157.98 - - [28/Jun/2018:14:56:47 -0300] "GET /cormun/static/PXToolsJavascripts/pexe_upload.js HTTP/1.1" 200 1423
186.103.157.98 - - [28/Jun/2018:14:56:47 -0300] "GET /cormun/static/PXToolsJavascripts/PXToolsJavascriptsRender.js HTTP/1.1" 200 367
186.103.157.98 - - [28/Jun/2018:14:56:47 -0300] "GET /cormun/static/Resources/logo4.png HTTP/1.1" 200 6582
186.103.157.98 - - [28/Jun/2018:14:56:47 -0300] "GET /cormun/static/Resources/PXToolsHeaderActionsLeft.png HTTP/1.1" 200 1118
186.103.157.98 - - [28/Jun/2018:14:56:47 -0300] "GET /cormun/static/RunJS/RunJS.js HTTP/1.1" 200 288
186.103.157.98 - - [28/Jun/2018:14:56:47 -0300] "GET /cormun/static/hwchdr01.js?201752511465785 HTTP/1.1" 200 1183
186.103.157.98 - - [28/Jun/2018:14:56:47 -0300] "GET /cormun/static/hhome.js?20175251212450 HTTP/1.1" 200 777
186.103.157.98 - - [28/Jun/2018:14:56:47 -0300] "GET /cormun/static/Shared/ext/locale/ext-lang-en.js HTTP/1.1" 200 10940
186.103.157.98 - - [28/Jun/2018:14:56:47 -0300] "GET /cormun/static/Resources/PXToolsHeaderHome.png HTTP/1.1" 200 4147
186.103.157.98 - - [28/Jun/2018:14:56:47 -0300] "GET /cormun/static/Resources/PXToolsDataTitle.png HTTP/1.1" 200 1173
186.103.157.98 - - [28/Jun/2018:14:56:47 -0300] "GET /cormun/static/Resources/PXToolsHeaderSecurity.png HTTP/1.1" 200 4166
186.103.157.98 - - [28/Jun/2018:14:56:47 -0300] "GET /cormun/static/Resources/PXToolsHeaderActionsRight.png HTTP/1.1" 200 1201
186.103.157.98 - - [28/Jun/2018:14:56:47 -0300] "GET /cormun/static/Resources/PXToolsHeaderLogin.png HTTP/1.1" 200 4279
186.103.157.98 - - [28/Jun/2018:14:56:47 -0300] "GET /cormun/static/Resources/PXToolsHeaderActionsBackground.png HTTP/1.1" 200 484
186.103.157.98 - - [28/Jun/2018:14:56:47 -0300] "GET /cormun/static/Resources/PXToolsHeaderBackground2.png HTTP/1.1" 200 1174
186.103.157.98 - - [28/Jun/2018:14:56:47 -0300] "GET /cormun/static/Resources/PXToolsFooterBackground2.png HTTP/1.1" 200 1172
186.103.157.98 - - [28/Jun/2018:14:56:47 -0300] "GET /cormun/static/Resources/PXToolsHeaderPreferences.png HTTP/1.1" 200 4189
186.103.157.98 - - [28/Jun/2018:14:56:47 -0300] "GET /cormun/static/gxui/gxui-all.js HTTP/1.1" 200 107772
186.103.157.98 - - [28/Jun/2018:14:56:47 -0300] "GET /cormun/static/hpexe_messagecontroller.js?20177611595012 HTTP/1.1" 200 870
186.103.157.98 - - [28/Jun/2018:14:56:47 -0300] "GET /cormun/static/hpexe_scripts.js?201752511465715 HTTP/1.1" 200 1544
186.103.157.98 - - [28/Jun/2018:14:56:47 -0300] "GET /cormun/static/hpexe_recentlink.js?20177611595044 HTTP/1.1" 200 2144
186.103.157.98 - - [28/Jun/2018:14:56:47 -0300] "GET /cormun/static/hpexe_messagepopupcomponent.js?20161017169425 HTTP/1.1" 200 605
186.103.157.98 - - [28/Jun/2018:14:56:47 -0300] "GET /cormun/static/hpexe_messagegenexuscomponent.js?201752511465344 HTTP/1.1" 200 587
186.103.157.98 - - [28/Jun/2018:14:56:47 -0300] "GET /cormun/static/cmcontrolpreferences.js?201752511465670 HTTP/1.1" 200 1375
186.103.157.98 - - [28/Jun/2018:14:56:47 -0300] "GET /cormun/static/SmoothNavMenu/resources/ddsmoothmenu.js HTTP/1.1" 200 12712
186.103.157.98 - - [28/Jun/2018:14:56:47 -0300] "GET /cormun/static/SmoothNavMenu/resources/SmoothNavMenuRender.js HTTP/1.1" 200 5951
186.103.157.98 - - [28/Jun/2018:14:56:47 -0300] "GET /cormun/static/scaMessage/scaMessageRender.js HTTP/1.1" 200 11977
186.103.157.98 - - [28/Jun/2018:14:56:47 -0300] "GET /cormun/static/scaMessage/js/jquery.pnotify.min.js HTTP/1.1" 200 13038
186.103.157.98 - - [28/Jun/2018:14:56:47 -0300] "GET /cormun/static/Shared/jquery/jquery-1.4.2.min.js HTTP/1.1" 200 72174
186.103.157.98 - - [28/Jun/2018:14:56:47 -0300] "GET /cormun/static/hmpwkw03.js?20177612122668 HTTP/1.1" 200 3965
186.103.157.98 - - [28/Jun/2018:14:56:47 -0300] "GET /cormun/static/Shared/jqueryui/jquery-ui.min.js HTTP/1.1" 200 240427
186.103.157.98 - - [28/Jun/2018:14:56:47 -0300] "GET /cormun/static/Shared/jquery/jquery-1.10.2.min.js HTTP/1.1" 200 273199
186.103.157.98 - - [28/Jun/2018:14:56:48 -0300] "GET /cormun/static/Shared/ext/ext-all.js HTTP/1.1" 200 1289687
192.168.10.89 - - [28/Jun/2018:14:56:48 -0300] "POST /digitalizacion/servlet/trdocumentos?gx-no-cache=1530208403788 HTTP/1.1" 200 78
186.103.157.98 - - [28/Jun/2018:14:56:48 -0300] "GET /cormun/servlet/hhome HTTP/1.1" 200 4258
186.103.157.98 - - [28/Jun/2018:14:56:48 -0300] "GET /cormun/static/SmoothNavMenu/resources/images/down.gif HTTP/1.1" 200 854
186.103.157.98 - - [28/Jun/2018:14:56:48 -0300] "GET /cormun/static/SmoothNavMenu/resources/images/right.gif HTTP/1.1" 200 860
186.103.157.98 - - [28/Jun/2018:14:56:53 -0300] "GET /cormun/servlet/trlicencias? HTTP/1.1" 200 10472
186.103.157.98 - - [28/Jun/2018:14:56:53 -0300] "GET /cormun/static/gxui/gxui-all.css?110300 HTTP/1.1" 200 2179
186.103.157.98 - - [28/Jun/2018:14:56:53 -0300] "GET /cormun/static/calendar-system.css?75620 HTTP/1.1" 200 5572
186.103.157.98 - - [28/Jun/2018:14:56:53 -0300] "GET /cormun/static/gxcfg.js?20176272054169 HTTP/1.1" 200 953
186.103.157.98 - - [28/Jun/2018:14:56:53 -0300] "GET /cormun/static/calendar-setup.js?85251 HTTP/1.1" 200 2588
186.103.157.98 - - [28/Jun/2018:14:56:53 -0300] "GET /cormun/static/calendar.js?85251 HTTP/1.1" 200 26246
186.103.157.98 - - [28/Jun/2018:14:56:53 -0300] "GET /cormun/static/calendar-es.js?85251 HTTP/1.1" 200 1901
186.103.157.98 - - [28/Jun/2018:14:56:53 -0300] "GET /cormun/static/Resources/Spanish/PXTools.css?17315867 HTTP/1.1" 200 89042
186.103.157.98 - - [28/Jun/2018:14:56:53 -0300] "GET /cormun/static/Resources/PXTools/calendar.png HTTP/1.1" 200 1306
186.103.157.98 - - [28/Jun/2018:14:56:53 -0300] "GET /cormun/static/Resources/PXToolsDataSearch.png HTTP/1.1" 200 419
186.103.157.98 - - [28/Jun/2018:14:56:53 -0300] "GET /cormun/static/gxdec.js?85251 HTTP/1.1" 200 19579
186.103.157.98 - - [28/Jun/2018:14:56:53 -0300] "GET /cormun/static/trlicencias.js?20176272054837 HTTP/1.1" 200 41883
186.103.157.98 - - [28/Jun/2018:14:56:53 -0300] "GET /cormun/static/Resources/PXToolsGridFirstDisabled.gif HTTP/1.1" 200 100
186.103.157.98 - - [28/Jun/2018:14:56:53 -0300] "GET /cormun/static/Resources/PXToolsGridPreviousDisabled.gif HTTP/1.1" 200 90
186.103.157.98 - - [28/Jun/2018:14:56:53 -0300] "GET /cormun/static/Resources/PXToolsGridNextDisabled.gif HTTP/1.1" 200 90
186.103.157.98 - - [28/Jun/2018:14:56:53 -0300] "GET /cormun/static/Resources/PXToolsGridLastDisabled.gif HTTP/1.1" 200 98
186.103.157.98 - - [28/Jun/2018:14:56:53 -0300] "GET /cormun/static/Resources/PXToolsGridPage.gif HTTP/1.1" 200 725
186.103.157.98 - - [28/Jun/2018:14:56:53 -0300] "GET /cormun/static/Shared/ext/resources/css/ext-all.css?205870 HTTP/1.1" 200 416045
186.103.157.98 - - [28/Jun/2018:14:56:53 -0300] "GET /cormun/static/Resources/PXToolsActionExcel.png HTTP/1.1" 200 3187
186.103.157.98 - - [28/Jun/2018:14:56:53 -0300] "GET /cormun/static/Resources/PXToolsGridNew.png HTTP/1.1" 200 2949
186.103.157.98 - - [28/Jun/2018:14:56:54 -0300] "GET /cormun/static/Resources/asc.gif HTTP/1.1" 200 67
186.103.157.98 - - [28/Jun/2018:14:56:54 -0300] "GET /cormun/static/Resources/desc.gif HTTP/1.1" 200 65
186.103.157.98 - - [28/Jun/2018:14:56:54 -0300] "GET /cormun//static/Resources/PXToolsActionDisabled.gif HTTP/1.1" 200 53
186.103.157.98 - - [28/Jun/2018:14:56:54 -0300] "GET /cormun//static/Resources/PXToolsGridDisplay.png HTTP/1.1" 200 362
186.103.157.98 - - [28/Jun/2018:14:56:54 -0300] "GET /cormun//static/Resources/PXTools/ActionInsert.png HTTP/1.1" 200 1482
186.103.157.98 - - [28/Jun/2018:14:56:54 -0300] "GET /cormun//static/Resources/PXToolsHeaderFavorites.png HTTP/1.1" 200 2744
186.103.157.98 - - [28/Jun/2018:14:56:54 -0300] "GET /cormun//static/Resources/PXToolsHeaderHelp.png HTTP/1.1" 200 4055
186.103.157.98 - - [28/Jun/2018:14:56:54 -0300] "GET /cormun//static/Resources/PXToolsActionPrint.png HTTP/1.1" 200 3317
186.103.157.98 - - [28/Jun/2018:14:56:54 -0300] "GET /cormun/servlet/trlicencias? HTTP/1.1" 200 10469
186.103.157.98 - - [28/Jun/2018:14:56:54 -0300] "GET /cormun/static/Shared/ext/resources/themes/images/default/panel/bg-headersPanel.png HTTP/1.1" 200 255
186.103.157.98 - - [28/Jun/2018:14:56:54 -0300] "GET /cormun/static/Shared/ext/resources/themes/images/default/tools/tool-sprites.gif HTTP/1.1" 200 5434
192.168.10.96 - - [28/Jun/2018:14:56:55 -0300] "POST /digitalizacion/servlet/trdocumentos?gx-no-cache=1530208410786 HTTP/1.1" 200 78
192.168.10.89 - - [28/Jun/2018:14:56:57 -0300] "POST /digitalizacion/servlet/trdocumentos?0af45e66d00331f202f8e88ffb680807,,gx-no-cache=1530208412180 HTTP/1.1" 200 3855
192.168.10.96 - - [28/Jun/2018:14:57:05 -0300] "POST /digitalizacion/servlet/trdocumentos?cbed3001882a451809861ca55edee17e,,gx-no-cache=1530208420771 HTTP/1.1" 200 2853
192.168.10.96 - - [28/Jun/2018:14:57:09 -0300] "POST /digitalizacion/servlet/trdocumentos?gx-no-cache=1530208424889 HTTP/1.1" 200 78
192.168.10.96 - - [28/Jun/2018:14:57:10 -0300] "POST /digitalizacion/servlet/trdocumentos?cbed3001882a451809861ca55edee17e,,gx-no-cache=1530208425682 HTTP/1.1" 200 3631
192.168.10.96 - - [28/Jun/2018:14:57:19 -0300] "POST /digitalizacion/servlet/trdocumentos?gx-no-cache=1530208434737 HTTP/1.1" 200 78
192.168.10.96 - - [28/Jun/2018:14:57:20 -0300] "POST /digitalizacion/servlet/trdocumentos?cbed3001882a451809861ca55edee17e,,gx-no-cache=1530208435539 HTTP/1.1" 200 2855
192.168.10.96 - - [28/Jun/2018:14:57:23 -0300] "POST /digitalizacion/servlet/trdocumentos?gx-no-cache=1530208438738 HTTP/1.1" 200 78
192.168.10.96 - - [28/Jun/2018:14:57:24 -0300] "POST /digitalizacion/servlet/trdocumentos?cbed3001882a451809861ca55edee17e,,gx-no-cache=1530208439874 HTTP/1.1" 200 3497
192.168.10.96 - - [28/Jun/2018:14:57:25 -0300] "POST /digitalizacion/servlet/trdocumentos?cbed3001882a451809861ca55edee17e,,gx-no-cache=1530208440208 HTTP/1.1" 200 3497
192.168.10.96 - - [28/Jun/2018:14:57:25 -0300] "POST /digitalizacion/servlet/trdocumentos?cbed3001882a451809861ca55edee17e,,gx-no-cache=1530208440562 HTTP/1.1" 200 3497
192.168.10.96 - - [28/Jun/2018:14:57:38 -0300] "POST /digitalizacion/servlet/trdocumentos?gx-no-cache=1530208454053 HTTP/1.1" 200 78
192.168.10.96 - - [28/Jun/2018:14:57:40 -0300] "POST /digitalizacion/servlet/trdocumentos?cbed3001882a451809861ca55edee17e,,gx-no-cache=1530208455118 HTTP/1.1" 200 6585
192.168.10.96 - - [28/Jun/2018:14:57:58 -0300] "POST /digitalizacion/servlet/trdocumentos?gx-no-cache=1530208473766 HTTP/1.1" 200 78
192.168.10.96 - - [28/Jun/2018:14:57:59 -0300] "POST /digitalizacion/servlet/trdocumentos?cbed3001882a451809861ca55edee17e,,gx-no-cache=1530208474631 HTTP/1.1" 200 6636
192.168.10.89 - - [28/Jun/2018:14:58:03 -0300] "GET /cormun/servlet/hlogin HTTP/1.1" 200 1714
192.168.10.96 - - [28/Jun/2018:14:58:09 -0300] "POST /digitalizacion/servlet/trdocumentos?cbed3001882a451809861ca55edee17e,,gx-no-cache=1530208484391 HTTP/1.1" 200 6546
192.168.10.89 - - [28/Jun/2018:14:58:11 -0300] "POST /cormun/servlet/hlogin?56093fab95e53bef3257b22bec1f1106,gx-no-cache=1530208486978 HTTP/1.1" 200 90
192.168.10.89 - - [28/Jun/2018:14:58:11 -0300] "GET /cormun/servlet/hpexe_link HTTP/1.1" 200 946
192.168.10.89 - - [28/Jun/2018:14:58:11 -0300] "GET /cormun/servlet/hhome HTTP/1.1" 200 4922
192.168.10.89 - - [28/Jun/2018:14:58:14 -0300] "GET /cormun/servlet/trsolicitudgral? HTTP/1.1" 200 12591
192.168.10.96 - - [28/Jun/2018:14:58:15 -0300] "POST /digitalizacion/servlet/trdocumentos?cbed3001882a451809861ca55edee17e,,gx-no-cache=1530208490029 HTTP/1.1" 200 6575
192.168.10.96 - - [28/Jun/2018:14:58:18 -0300] "POST /digitalizacion/servlet/trdocumentos?cbed3001882a451809861ca55edee17e,,gx-no-cache=1530208493726 HTTP/1.1" 200 6629
192.168.10.96 - - [28/Jun/2018:14:58:22 -0300] "POST /digitalizacion/servlet/trdocumentos?cbed3001882a451809861ca55edee17e,,gx-no-cache=1530208497198 HTTP/1.1" 200 6651
192.168.10.96 - - [28/Jun/2018:14:58:24 -0300] "POST /digitalizacion/servlet/trdocumentos?cbed3001882a451809861ca55edee17e,,gx-no-cache=1530208499285 HTTP/1.1" 200 6531
192.168.10.96 - - [28/Jun/2018:14:58:26 -0300] "POST /digitalizacion/servlet/trdocumentos?cbed3001882a451809861ca55edee17e,,gx-no-cache=1530208501157 HTTP/1.1" 200 6608
192.168.10.96 - - [28/Jun/2018:14:58:28 -0300] "POST /digitalizacion/servlet/trdocumentos?cbed3001882a451809861ca55edee17e,,gx-no-cache=1530208503301 HTTP/1.1" 200 6845
192.168.10.89 - - [28/Jun/2018:14:58:35 -0300] "POST /cormun/servlet/trsolicitudgral?56093fab95e53bef3257b22bec1f1106,,gx-no-cache=1530208510168 HTTP/1.1" 200 7311
192.168.10.89 - - [28/Jun/2018:14:58:38 -0300] "GET /cormun/servlet/vesolicitudgral?2018,11600,, HTTP/1.1" 200 9533
192.168.10.89 - - [28/Jun/2018:14:58:38 -0300] "GET /cormun/pexe_scrolldiv.js HTTP/1.1" 404 1009
192.168.10.89 - - [28/Jun/2018:14:58:39 -0300] "GET /cormun/servlet/vesolicitudgral?2018,11600,,SolicitudOTLog HTTP/1.1" 200 10610
192.168.10.89 - - [28/Jun/2018:14:58:39 -0300] "GET /cormun/pexe_scrolldiv.js HTTP/1.1" 404 1009
192.168.10.89 - - [28/Jun/2018:14:58:41 -0300] "POST /cormun/servlet/acontrolpreferencessavestate?None,CDROGUETT,true HTTP/1.1" 200 35
192.168.10.89 - - [28/Jun/2018:14:58:58 -0300] "GET /cormun/servlet/vesolicitudgral?2018,11600,,General HTTP/1.1" 200 9538
192.168.10.89 - - [28/Jun/2018:14:58:58 -0300] "GET /cormun/pexe_scrolldiv.js HTTP/1.1" 404 1009
192.168.10.89 - - [28/Jun/2018:14:59:12 -0300] "GET /cormun/servlet/vesolicitudgral?2018,11600,,SolicitudOTAdjuntos HTTP/1.1" 200 8192
192.168.10.89 - - [28/Jun/2018:14:59:12 -0300] "GET /cormun/pexe_scrolldiv.js HTTP/1.1" 404 1009
192.168.10.89 - - [28/Jun/2018:14:59:13 -0300] "POST /cormun/servlet/acontrolpreferencessavestate?None,CDROGUETT,true HTTP/1.1" 200 35
192.168.10.89 - - [28/Jun/2018:14:59:14 -0300] "GET /cormun/servlet/vesolicitudgral?2018,11600,,General HTTP/1.1" 200 9538
192.168.10.89 - - [28/Jun/2018:14:59:14 -0300] "GET /cormun/pexe_scrolldiv.js HTTP/1.1" 404 1009
192.168.10.89 - - [28/Jun/2018:14:59:26 -0300] "GET /cormun/servlet/vesolicitudgral?2018,11600,,SolicitudOTLog HTTP/1.1" 200 10612
192.168.10.89 - - [28/Jun/2018:14:59:26 -0300] "GET /cormun/pexe_scrolldiv.js HTTP/1.1" 404 1009
192.168.10.89 - - [28/Jun/2018:14:59:27 -0300] "POST /cormun/servlet/acontrolpreferencessavestate?None,CDROGUETT,true HTTP/1.1" 200 35
192.168.10.89 - - [28/Jun/2018:15:00:22 -0300] "GET /cormun/servlet/vesolicitudgral?2018,11600,,General HTTP/1.1" 200 9538
192.168.10.89 - - [28/Jun/2018:15:00:22 -0300] "GET /cormun/pexe_scrolldiv.js HTTP/1.1" 404 1009
192.168.10.89 - - [28/Jun/2018:15:00:25 -0300] "GET /cormun/servlet/vesolicitudgral?2018,11600,,SolicitudOTLog HTTP/1.1" 200 10612
192.168.10.89 - - [28/Jun/2018:15:00:25 -0300] "GET /cormun/pexe_scrolldiv.js HTTP/1.1" 404 1009
192.168.10.89 - - [28/Jun/2018:15:00:27 -0300] "POST /cormun/servlet/acontrolpreferencessavestate?None,CDROGUETT,true HTTP/1.1" 200 35
192.168.10.89 - - [28/Jun/2018:15:00:27 -0300] "GET /cormun/servlet/vesolicitudgral?2018,11600,,SolicitudOTAdjuntos HTTP/1.1" 200 8192
192.168.10.89 - - [28/Jun/2018:15:00:27 -0300] "GET /cormun/pexe_scrolldiv.js HTTP/1.1" 404 1009
192.168.10.89 - - [28/Jun/2018:15:00:29 -0300] "POST /cormun/servlet/acontrolpreferencessavestate?None,CDROGUETT,true HTTP/1.1" 200 35
192.168.10.89 - - [28/Jun/2018:15:00:30 -0300] "GET /cormun/servlet/vesolicitudgral?2018,11600,,General HTTP/1.1" 200 9538
192.168.10.89 - - [28/Jun/2018:15:00:30 -0300] "GET /cormun/pexe_scrolldiv.js HTTP/1.1" 404 1009
192.168.10.89 - - [28/Jun/2018:15:00:49 -0300] "GET /cormun/servlet/vesolicitudgral?2018,11600,,SolicitudOTLog HTTP/1.1" 200 10612
192.168.10.89 - - [28/Jun/2018:15:00:49 -0300] "GET /cormun/pexe_scrolldiv.js HTTP/1.1" 404 1009
192.168.10.89 - - [28/Jun/2018:15:00:51 -0300] "POST /cormun/servlet/acontrolpreferencessavestate?None,CDROGUETT,true HTTP/1.1" 200 35
186.79.123.50 - - [28/Jun/2018:15:04:08 -0300] "GET /cormun/servlet/hlogin HTTP/1.1" 200 1729
186.79.123.50 - - [28/Jun/2018:15:04:09 -0300] "GET /cormun/servlet/hlogin HTTP/1.1" 200 1734
186.79.123.50 - - [28/Jun/2018:15:04:45 -0300] "POST /cormun/servlet/hlogin?4e228365a0ad3f1d526d09c48edda0c2,gx-no-cache=1530209017982 HTTP/1.1" 200 90
186.79.123.50 - - [28/Jun/2018:15:04:45 -0300] "GET /cormun/servlet/hpexe_link HTTP/1.1" 200 955
186.79.123.50 - - [28/Jun/2018:15:04:46 -0300] "GET /cormun/servlet/hhome HTTP/1.1" 200 4242
186.79.123.50 - - [28/Jun/2018:15:04:47 -0300] "GET /cormun/servlet/hhome HTTP/1.1" 200 4238
186.79.123.50 - - [28/Jun/2018:15:04:58 -0300] "GET /cormun/servlet/trlicencias? HTTP/1.1" 200 16095
186.79.123.50 - - [28/Jun/2018:15:04:58 -0300] "GET /cormun/servlet/trlicencias? HTTP/1.1" 200 16092
77.104.66.123 - - [28/Jun/2018:15:33:00 -0300] "GET / HTTP/1.1" 200 11217
186.79.123.50 - - [28/Jun/2018:15:51:34 -0300] "GET /cormun/servlet/hlogin HTTP/1.1" 200 1718
186.79.123.50 - - [28/Jun/2018:15:51:42 -0300] "POST /cormun/servlet/hlogin?db58d977194fea94b70d28dcf68376fc,gx-no-cache=1530211835959 HTTP/1.1" 200 90
186.79.123.50 - - [28/Jun/2018:15:51:45 -0300] "GET /cormun/servlet/hpexe_link HTTP/1.1" 200 950
186.79.123.50 - - [28/Jun/2018:15:51:46 -0300] "GET /cormun/servlet/hhome HTTP/1.1" 200 4236
186.79.123.50 - - [28/Jun/2018:15:51:47 -0300] "GET /cormun/servlet/hhome HTTP/1.1" 200 4232
186.79.123.50 - - [28/Jun/2018:15:52:02 -0300] "GET /cormun/servlet/trlicencias? HTTP/1.1" 200 16091
186.79.123.50 - - [28/Jun/2018:15:52:06 -0300] "GET /cormun/servlet/hlogin HTTP/1.1" 200 1718
186.79.123.50 - - [28/Jun/2018:15:52:16 -0300] "POST /cormun/servlet/hlogin?db58d977194fea94b70d28dcf68376fc,gx-no-cache=1530211869935 HTTP/1.1" 200 90
186.79.123.50 - - [28/Jun/2018:15:52:17 -0300] "GET /cormun/servlet/hpexe_link HTTP/1.1" 200 955
186.79.123.50 - - [28/Jun/2018:15:52:18 -0300] "GET /cormun/servlet/trlicencias HTTP/1.1" 200 16104
186.79.123.50 - - [28/Jun/2018:15:52:20 -0300] "GET /cormun/servlet/trlicencias HTTP/1.1" 200 16102
186.79.123.50 - - [28/Jun/2018:15:52:26 -0300] "GET /cormun/servlet/licenciaspermisos?INS,0,,, HTTP/1.1" 200 7766
186.79.123.50 - - [28/Jun/2018:15:52:27 -0300] "GET /cormun/static/gxcfg.js?201762917281167 HTTP/1.1" 200 953
186.79.123.50 - - [28/Jun/2018:15:52:28 -0300] "GET /cormun/servlet/licenciaspermisos?INS,0,,, HTTP/1.1" 200 7774
