186.103.159.46 - - [26/Jun/2018:10:31:18 -0300] "POST /cormun/servlet/trlicencias?d73645aaa6d54821f8e116e0d89747ff,,gx-no-cache=1530019810317 HTTP/1.1" 200 4013
186.103.159.46 - - [26/Jun/2018:10:31:22 -0300] "POST /cormun/servlet/trlicencias?d73645aaa6d54821f8e116e0d89747ff,,gx-no-cache=1530019814716 HTTP/1.1" 200 5748
200.111.191.210 - - [26/Jun/2018:10:31:29 -0300] "POST /cormun/servlet/licenciaspermisosadjuntos?9e7a16504e1940ad1681463fe67eaab5,INS,11287416,L,20180625000000,, HTTP/1.1" 200 116
200.111.191.210 - - [26/Jun/2018:10:31:29 -0300] "GET /cormun/servlet/hpexe_return? HTTP/1.1" 200 1043
200.111.191.210 - - [26/Jun/2018:10:31:29 -0300] "GET /cormun/servlet/trlicenciaspermisosadjuntos?11287416,20180625000000,L, HTTP/1.1" 200 6773
200.111.191.210 - - [26/Jun/2018:10:31:30 -0300] "GET /cormun/servlet/trlicenciaspermisosadjuntos?11287416,20180625000000,L, HTTP/1.1" 200 6768
186.103.132.155 - - [26/Jun/2018:10:31:30 -0300] "GET /cormun/servlet/solicitudot?f77e047b7fc136290117709003a0b78924d8e9e4a3eacd737de91fa815fb00cd,gx-no-cache=1530019824243 HTTP/1.1" 200 94
186.103.132.155 - - [26/Jun/2018:10:31:30 -0300] "GET /cormun/static/Shared/jqueryui/images/ui-bg_highlight-soft_100_c6c2c8_1x100.png HTTP/1.1" 404 1117
186.103.161.206 - - [26/Jun/2018:10:31:30 -0300] "GET /cormun/servlet/solicitudot?f77e047b7fc136290117709003a0b78936d0dc40f60a0c92f5461b7aa40164d2,gx-no-cache=1530019824421 HTTP/1.1" 200 29
186.103.132.155 - - [26/Jun/2018:10:31:30 -0300] "GET /cormun/static/Shared/jqueryui/images/ui-icons_ebccce_256x240.png HTTP/1.1" 404 1089
190.151.100.218 - - [26/Jun/2018:10:31:30 -0300] "GET /cormun/static/Shared/jqueryui/images/ui-bg_flat_55_994d53_40x100.png HTTP/1.1" 404 1097
186.103.132.155 - - [26/Jun/2018:10:31:30 -0300] "GET /cormun/static/Shared/jqueryui/images/ui-icons_82798d_256x240.png HTTP/1.1" 404 1089
186.103.132.155 - - [26/Jun/2018:10:31:30 -0300] "POST /cormun/servlet/solicitudot?gx-no-cache=1530019824529 HTTP/1.1" 200 297
186.103.132.155 - - [26/Jun/2018:10:31:31 -0300] "GET /cormun/servlet/solicitudot?f77e047b7fc136290117709003a0b7894556e0a3963609f39a025ee07fc19ad3eedf15ebf16d8eb63b065f8529ceb672f751cf58b56e14d0fac9bb9ee654194f97fdc425a7956bf5abbe929cde8096d4fdd50d17e7f8e053bb01268211432115aad0f37ba1ae6d226631a065f06d44106790d08df8875db6db78917164c6a5e9dd39ba03a1e9333713370531ef32e26883cb98b31455e58b95c1dc157e32a143c94dbd7034e34bd9a32ea90ab7403955fafd4dcb99ed12d15f672037f31cb9536611e88b7141fddaf0e1fb1fbfadeb8a9da45b94deb30dbe01eb9507ce90d0aa761164bb2a0ac7c456bc1cb62fbbeabeac7fb6ac06b005432ebc52902264af565ce93672f9ad6781cbdec3cdf57fbf2d292c9c30d13cd7b69e3d19b2dbf73f9d56f5563c0b55e1c485bacb16684da1268a8eba7d4d12ca698367ac4a8173cd083b90f74cc5ef2594e83a9dbd08eabf2b57c0ab2b1bee3c2c1ef6c9dac3507f70553c439e798a5d1a17f4a6300283002c07d21e4c8830fafc4ee48667c3176db6b904419d677ae5fca9a9fe1073b6137f,gx-no-cache=1530019824657 HTTP/1.1" 200 30
186.103.159.46 - - [26/Jun/2018:10:31:31 -0300] "POST /cormun/servlet/trlicencias?d73645aaa6d54821f8e116e0d89747ff,,gx-no-cache=1530019823056 HTTP/1.1" 200 5725
200.111.191.210 - - [26/Jun/2018:10:31:32 -0300] "GET /cormun/servlet/licenciaspermisosadjuntos?INS,11287416,L,20180625000000,, HTTP/1.1" 200 5604
200.111.191.210 - - [26/Jun/2018:10:31:32 -0300] "GET /cormun/static/about:blank HTTP/1.1" 404 1011
200.111.191.210 - - [26/Jun/2018:10:31:32 -0300] "GET /cormun/servlet/licenciaspermisosadjuntos?INS,11287416,L,20180625000000,, HTTP/1.1" 200 5593
186.103.159.46 - - [26/Jun/2018:10:31:33 -0300] "POST /cormun/servlet/trlicencias?d73645aaa6d54821f8e116e0d89747ff,,gx-no-cache=1530019825731 HTTP/1.1" 200 5724
186.103.159.46 - - [26/Jun/2018:10:31:36 -0300] "POST /cormun/servlet/trlicencias?d73645aaa6d54821f8e116e0d89747ff,,gx-no-cache=1530019828312 HTTP/1.1" 200 5725
200.111.191.210 - - [26/Jun/2018:10:31:38 -0300] "GET /cormun/servlet/trlicencias? HTTP/1.1" 200 16512
186.103.132.155 - - [26/Jun/2018:10:31:39 -0300] "POST /cormun/servlet/solicitudot?gx-no-cache=1530019832650 HTTP/1.1" 200 30
200.111.191.210 - - [26/Jun/2018:10:31:39 -0300] "GET /cormun/servlet/trlicencias? HTTP/1.1" 200 16495
186.103.159.46 - - [26/Jun/2018:10:31:40 -0300] "POST /cormun/servlet/trlicencias?d73645aaa6d54821f8e116e0d89747ff,,gx-no-cache=1530019831086 HTTP/1.1" 200 5724
200.111.191.210 - - [26/Jun/2018:10:31:40 -0300] "POST /cormun/servlet/trlicencias?9e7a16504e1940ad1681463fe67eaab5,,gx-no-cache=1530019913278 HTTP/1.1" 200 14203
200.111.191.210 - - [26/Jun/2018:10:31:41 -0300] "GET /cormun/static/Shared/jqueryui/images/ui-bg_highlight-soft_100_c6c2c8_1x100.png HTTP/1.1" 404 1117
200.111.191.210 - - [26/Jun/2018:10:31:41 -0300] "GET /cormun/static/Shared/jqueryui/images/ui-icons_8d78a5_256x240.png HTTP/1.1" 404 1089
200.111.191.210 - - [26/Jun/2018:10:31:41 -0300] "GET /cormun/static/Shared/jqueryui/images/ui-icons_82798d_256x240.png HTTP/1.1" 404 1089
200.111.191.210 - - [26/Jun/2018:10:31:41 -0300] "GET /cormun/static/Shared/jqueryui/images/ui-bg_flat_55_fafafa_40x100.png HTTP/1.1" 404 1097
186.103.132.155 - - [26/Jun/2018:10:31:42 -0300] "POST /cormun/servlet/solicitudot?gx-no-cache=1530019835644 HTTP/1.1" 200 1445
200.111.191.210 - - [26/Jun/2018:10:31:42 -0300] "GET /cormun/servlet/trlicenciaspermisosadjuntos?15589626,20180625000000,L, HTTP/1.1" 200 6306
200.111.191.210 - - [26/Jun/2018:10:31:42 -0300] "GET /cormun/servlet/trlicenciaspermisosadjuntos?15589626,20180625000000,L, HTTP/1.1" 200 6307
200.111.191.210 - - [26/Jun/2018:10:31:44 -0300] "GET /cormun/servlet/licenciaspermisosadjuntos?INS,15589626,L,20180625000000,, HTTP/1.1" 200 5603
200.111.191.210 - - [26/Jun/2018:10:31:44 -0300] "GET /cormun/static/about:blank HTTP/1.1" 404 1011
200.111.191.210 - - [26/Jun/2018:10:31:44 -0300] "GET /cormun/servlet/licenciaspermisosadjuntos?INS,15589626,L,20180625000000,, HTTP/1.1" 200 5592
186.103.159.46 - - [26/Jun/2018:10:31:45 -0300] "POST /cormun/servlet/trlicencias?d73645aaa6d54821f8e116e0d89747ff,,gx-no-cache=1530019837035 HTTP/1.1" 200 4014
186.103.159.46 - - [26/Jun/2018:10:31:50 -0300] "POST /cormun/servlet/trlicencias?d73645aaa6d54821f8e116e0d89747ff,,gx-no-cache=1530019842385 HTTP/1.1" 200 8681
200.111.191.210 - - [26/Jun/2018:10:31:50 -0300] "POST /cormun/servlet/licenciaspermisosadjuntos?9e7a16504e1940ad1681463fe67eaab5,INS,15589626,L,20180625000000,, HTTP/1.1" 200 116
200.111.191.210 - - [26/Jun/2018:10:31:51 -0300] "GET /cormun/servlet/hpexe_return? HTTP/1.1" 200 1043
200.111.191.210 - - [26/Jun/2018:10:31:51 -0300] "GET /cormun/servlet/trlicenciaspermisosadjuntos?15589626,20180625000000,L, HTTP/1.1" 200 6771
200.111.191.210 - - [26/Jun/2018:10:31:51 -0300] "GET /cormun/servlet/trlicenciaspermisosadjuntos?15589626,20180625000000,L, HTTP/1.1" 200 6765
200.111.191.210 - - [26/Jun/2018:10:31:53 -0300] "GET /cormun/servlet/trlicencias? HTTP/1.1" 200 16487
200.111.191.210 - - [26/Jun/2018:10:31:53 -0300] "GET /cormun/servlet/trlicencias? HTTP/1.1" 200 16482
200.111.191.210 - - [26/Jun/2018:10:31:55 -0300] "POST /cormun/servlet/trlicencias?9e7a16504e1940ad1681463fe67eaab5,,gx-no-cache=1530019928017 HTTP/1.1" 200 14148
200.111.191.210 - - [26/Jun/2018:10:31:56 -0300] "GET /cormun/static/Shared/jqueryui/images/ui-bg_highlight-soft_100_c6c2c8_1x100.png HTTP/1.1" 404 1117
200.111.191.210 - - [26/Jun/2018:10:31:56 -0300] "GET /cormun/static/Shared/jqueryui/images/ui-bg_flat_55_fafafa_40x100.png HTTP/1.1" 404 1097
200.111.191.210 - - [26/Jun/2018:10:31:56 -0300] "GET /cormun/static/Shared/jqueryui/images/ui-icons_8d78a5_256x240.png HTTP/1.1" 404 1089
200.111.191.210 - - [26/Jun/2018:10:31:56 -0300] "GET /cormun/static/Shared/jqueryui/images/ui-icons_82798d_256x240.png HTTP/1.1" 404 1089
200.111.191.210 - - [26/Jun/2018:10:31:57 -0300] "GET /cormun/servlet/trpermisosgoce? HTTP/1.1" 200 16357
200.111.191.210 - - [26/Jun/2018:10:31:58 -0300] "GET /cormun/servlet/trpermisosgoce? HTTP/1.1" 200 16357
186.103.159.46 - - [26/Jun/2018:10:32:00 -0300] "POST /cormun/servlet/trlicencias?d73645aaa6d54821f8e116e0d89747ff,,gx-no-cache=1530019851954 HTTP/1.1" 200 5748
200.111.191.210 - - [26/Jun/2018:10:32:00 -0300] "GET /cormun/servlet/trpermisosadjuntos?16845945,20180625154136,P, HTTP/1.1" 200 6273
200.111.191.210 - - [26/Jun/2018:10:32:00 -0300] "GET /cormun/servlet/trpermisosadjuntos?16845945,20180625154136,P, HTTP/1.1" 200 6274
200.111.191.210 - - [26/Jun/2018:10:32:02 -0300] "GET /cormun/servlet/permisosadjuntos?INS,16845945,P,20180625154136,, HTTP/1.1" 200 5602
200.111.191.210 - - [26/Jun/2018:10:32:02 -0300] "GET /cormun/static/about:blank HTTP/1.1" 404 1011
200.111.191.210 - - [26/Jun/2018:10:32:02 -0300] "GET /cormun/servlet/permisosadjuntos?INS,16845945,P,20180625154136,, HTTP/1.1" 200 5592
200.72.197.82 - - [26/Jun/2018:10:32:03 -0300] "GET /cormun/servlet/prfichaempleado?,MD,,gxPopupLevel%3D0%3B HTTP/1.1" 200 9349
200.111.191.210 - - [26/Jun/2018:10:32:07 -0300] "POST /cormun/servlet/permisosadjuntos?9e7a16504e1940ad1681463fe67eaab5,INS,16845945,P,20180625154136,, HTTP/1.1" 200 116
200.111.191.210 - - [26/Jun/2018:10:32:07 -0300] "GET /cormun/servlet/hpexe_return? HTTP/1.1" 200 1037
200.111.191.210 - - [26/Jun/2018:10:32:08 -0300] "GET /cormun/servlet/trpermisosadjuntos?16845945,20180625154136,P, HTTP/1.1" 200 6738
200.111.191.210 - - [26/Jun/2018:10:32:08 -0300] "GET /cormun/servlet/trpermisosadjuntos?16845945,20180625154136,P, HTTP/1.1" 200 6733
200.111.191.210 - - [26/Jun/2018:10:32:09 -0300] "GET /cormun/servlet/trpermisosgoce? HTTP/1.1" 200 16358
200.111.191.210 - - [26/Jun/2018:10:32:10 -0300] "GET /cormun/servlet/trpermisosgoce? HTTP/1.1" 200 16357
200.111.191.210 - - [26/Jun/2018:10:32:11 -0300] "POST /cormun/servlet/trpermisosgoce?9e7a16504e1940ad1681463fe67eaab5,,gx-no-cache=1530019944124 HTTP/1.1" 200 13545
200.111.191.210 - - [26/Jun/2018:10:32:11 -0300] "GET /cormun/static/Shared/jqueryui/images/ui-bg_highlight-soft_100_c6c2c8_1x100.png HTTP/1.1" 404 1117
200.111.191.210 - - [26/Jun/2018:10:32:11 -0300] "GET /cormun/static/Shared/jqueryui/images/ui-icons_82798d_256x240.png HTTP/1.1" 404 1089
200.111.191.210 - - [26/Jun/2018:10:32:11 -0300] "GET /cormun/static/Shared/jqueryui/images/ui-icons_8d78a5_256x240.png HTTP/1.1" 404 1089
200.111.191.210 - - [26/Jun/2018:10:32:11 -0300] "GET /cormun/static/Shared/jqueryui/images/ui-bg_flat_55_fafafa_40x100.png HTTP/1.1" 404 1097
186.103.159.46 - - [26/Jun/2018:10:32:13 -0300] "POST /cormun/servlet/trlicencias?d73645aaa6d54821f8e116e0d89747ff,,gx-no-cache=1530019865324 HTTP/1.1" 200 5725
186.103.159.46 - - [26/Jun/2018:10:32:15 -0300] "POST /cormun/servlet/trlicencias?d73645aaa6d54821f8e116e0d89747ff,,gx-no-cache=1530019867085 HTTP/1.1" 200 5725
200.72.197.82 - - [26/Jun/2018:10:32:18 -0300] "POST /cormun/servlet/prfichaempleado?461b43dd098fb4bb36bbc5dc1b71058c,,MD,,gxPopupLevel%3D0%3B,gx-no-cache=1530019871599 HTTP/1.1" 200 3415
200.72.197.82 - - [26/Jun/2018:10:32:30 -0300] "POST /cormun/servlet/solicitudot?gx-no-cache=1530019884475 HTTP/1.1" 200 1368
200.72.197.82 - - [26/Jun/2018:10:32:31 -0300] "GET /cormun/static/menuarrow.gif HTTP/1.1" 404 1015
186.79.146.220 - - [26/Jun/2018:10:37:55 -0300] "GET /cormun/servlet/solicitudot?INS,0,0, HTTP/1.1" 200 12675
186.79.146.220 - - [26/Jun/2018:10:37:57 -0300] "GET /cormun/servlet/solicitudot?INS,0,0, HTTP/1.1" 200 12680
186.79.146.220 - - [26/Jun/2018:10:37:57 -0300] "GET /cormun/servlet/hlogin HTTP/1.1" 200 1743
186.79.146.220 - - [26/Jun/2018:10:38:01 -0300] "POST /cormun/servlet/hlogin?68fe7da810ab8b33f64380e429e10e69,gx-no-cache=1530016615660 HTTP/1.1" 200 90
186.79.146.220 - - [26/Jun/2018:10:38:01 -0300] "GET /cormun/servlet/hpexe_link HTTP/1.1" 200 963
186.79.146.220 - - [26/Jun/2018:10:38:02 -0300] "GET /cormun/servlet/solicitudot?INS,0,0, HTTP/1.1" 200 13225
186.79.146.220 - - [26/Jun/2018:10:38:02 -0300] "GET /cormun/servlet/solicitudot?INS,0,0, HTTP/1.1" 200 13230
186.79.146.220 - - [26/Jun/2018:10:38:26 -0300] "POST /cormun/servlet/solicitudot?gx-no-cache=1530016639598 HTTP/1.1" 200 3412
200.111.122.170 - - [26/Jun/2018:10:38:26 -0300] "GET /cormun/servlet/solicitudot?f77e047b7fc136290117709003a0b7894b51901cfdc5a70d675539464bf4a1afff5e906c450b3793a712bf55832f3b2790abb2337a5023e6b1e50cac1fdc9ab5,gx-no-cache=1530020239859 HTTP/1.1" 200 30
200.111.122.170 - - [26/Jun/2018:10:38:26 -0300] "POST /cormun/servlet/solicitudot?gx-no-cache=1530020240071 HTTP/1.1" 200 30
186.79.146.220 - - [26/Jun/2018:10:38:26 -0300] "POST /cormun/servlet/solicitudot?68fe7da810ab8b33f64380e429e10e69,INS,0,0,,gx-no-cache=1530016640141 HTTP/1.1" 200 10077
200.111.122.170 - - [26/Jun/2018:10:38:26 -0300] "POST /cormun/servlet/solicitudot?gx-no-cache=1530020240211 HTTP/1.1" 200 1368
200.111.122.170 - - [26/Jun/2018:10:38:26 -0300] "POST /cormun/servlet/solicitudot?gx-no-cache=1530020240399 HTTP/1.1" 200 118
186.79.146.220 - - [26/Jun/2018:10:38:42 -0300] "GET /cormun/servlet/solicitudot?f97f550530edf6ffc254e0476e1f49a87976930456ab6ca6de2323b5e2236753d05ce988e2ee73edd2144d7a56b2421c,gx-no-cache=1530016656617 HTTP/1.1" 200 30
186.79.146.220 - - [26/Jun/2018:10:38:42 -0300] "GET /cormun/servlet/solicitudot?f97f550530edf6ffc254e0476e1f49a81a47220bf0b78b8571af61bee402cfe5512c17c198605096029aab58e87d44bc9ed05a982e260ab5c5d96cde0be9ac1b,gx-no-cache=1530016656798 HTTP/1.1" 200 30
186.79.146.220 - - [26/Jun/2018:10:38:43 -0300] "GET /cormun/servlet/solicitudot?f97f550530edf6ffc254e0476e1f49a806e67f69ff26053204f19d3a50f31b94,gx-no-cache=1530016656908 HTTP/1.1" 200 53
186.79.146.220 - - [26/Jun/2018:10:38:43 -0300] "POST /cormun/servlet/solicitudot?gx-no-cache=1530016657059 HTTP/1.1" 200 240
186.79.146.220 - - [26/Jun/2018:10:38:43 -0300] "GET /cormun/servlet/solicitudot?f97f550530edf6ffc254e0476e1f49a8c2cfa02025dfe4c84b7dc17e7bf47412593890a6fd4d87d3de674174ac434edde919892f5a30d621cb05538f3843fc33ed9158ff98f6405b094bbeb54789022a6a47ee6bee8fac1dc8de3a7a5ded82c269587d38053e13d377bd1267e3fed6acc9bc4d7f281438a7cb9e534b8aa06d3acffc6318400774b288dba391aaa22749ceb98110aa9a8efc23f5ce020dfeb4718c1d2aa26b3ef4522ace6d8bbd3bc48a178f1183ba597ac6632ae8fe5c61966c210c89a3e8eb789cd6de99f932dd6d30dd7cca00647c77d8dffb957b1f6b8328f9c5bfe8b39de0b9ac1a4cbeb11dc11f48e583ddd06121dd6d66b896427e954ce206a75d1ef5ada338e6e408cbfe1f47738464b6b265f519505d157d41405d0ec58982b6f4a640bbc3e7499e4b887eec2289e24371b7d91720af904ae0dca7c52ab923c085431f9e92ff9f1c8c3903eb427986837ccf96ae2fedfbe23cdf123d188300b55cc01c92c1d21056a3842ed055abe2667741799f3a5c10ca6befcef6,gx-no-cache=1530016657278 HTTP/1.1" 200 30
186.79.146.220 - - [26/Jun/2018:10:38:49 -0300] "POST /cormun/servlet/solicitudot?gx-no-cache=1530016663362 HTTP/1.1" 200 30
186.79.146.220 - - [26/Jun/2018:10:38:57 -0300] "POST /cormun/servlet/solicitudot?gx-no-cache=1530016671147 HTTP/1.1" 200 1368
186.79.146.220 - - [26/Jun/2018:10:38:57 -0300] "POST /cormun/servlet/solicitudot?gx-no-cache=1530016671520 HTTP/1.1" 200 38
186.79.146.220 - - [26/Jun/2018:10:39:13 -0300] "GET /cormun/servlet/solicitudot?f97f550530edf6ffc254e0476e1f49a83be570564f57dc89ecd39a2641671860d0400b0faa594d36cedbb978ecec4547d64b20e2012ab668a97bbbd747881d97f255a73b50b395f0beceb60981cd64f7b2f53211122dd7be3677ab076cfdf16b31b15eeb1f410da8651401529b44e56e,gx-no-cache=1530016687806 HTTP/1.1" 200 29
186.79.146.220 - - [26/Jun/2018:10:39:14 -0300] "POST /cormun/servlet/solicitudot?gx-no-cache=1530016687963 HTTP/1.1" 200 1350
186.79.146.220 - - [26/Jun/2018:10:39:14 -0300] "POST /cormun/servlet/solicitudot?gx-no-cache=1530016688242 HTTP/1.1" 200 1249
186.79.146.220 - - [26/Jun/2018:10:39:26 -0300] "GET /cormun/servlet/solicitudot?f97f550530edf6ffc254e0476e1f49a883c2ff90fa3515956aed36df27c87d9c2523338481d500091e9d1aef5ae61538,gx-no-cache=1530016699993 HTTP/1.1" 200 30
186.79.146.220 - - [26/Jun/2018:10:39:46 -0300] "POST /cormun/servlet/solicitudot?gx-no-cache=1530016720717 HTTP/1.1" 200 30
186.79.146.220 - - [26/Jun/2018:10:41:25 -0300] "POST /cormun/servlet/solicitudot?68fe7da810ab8b33f64380e429e10e69,INS,0,0,,gx-no-cache=1530016818830 HTTP/1.1" 200 93
186.79.146.220 - - [26/Jun/2018:10:41:25 -0300] "GET /cormun/servlet/hpexe_return? HTTP/1.1" 200 1006
186.79.146.220 - - [26/Jun/2018:10:41:26 -0300] "GET /cormun/static/gxcfg.js?2016101716175148 HTTP/1.1" 304 -
186.79.146.220 - - [26/Jun/2018:10:41:26 -0300] "GET /cormun/servlet/hhome HTTP/1.1" 200 3931
186.79.146.220 - - [26/Jun/2018:10:41:26 -0300] "GET /cormun/servlet/hhome HTTP/1.1" 200 3925
186.79.146.220 - - [26/Jun/2018:10:41:31 -0300] "GET /cormun/servlet/trsolicitudot? HTTP/1.1" 200 8486
186.79.146.220 - - [26/Jun/2018:10:41:32 -0300] "GET /cormun//static/Resources/PXToolsActionView.png HTTP/1.1" 200 2995
186.79.146.220 - - [26/Jun/2018:10:41:32 -0300] "GET /cormun//static/Resources/PXToolsRemoveAllAction.png HTTP/1.1" 200 3558
186.79.146.220 - - [26/Jun/2018:10:41:32 -0300] "GET /cormun/servlet/trsolicitudot? HTTP/1.1" 200 8484
186.79.146.220 - - [26/Jun/2018:10:41:43 -0300] "POST /cormun/servlet/trsolicitudot?68fe7da810ab8b33f64380e429e10e69,,gx-no-cache=1530016836890 HTTP/1.1" 200 107
186.79.146.220 - - [26/Jun/2018:10:41:43 -0300] "GET /cormun/servlet/trsolicitudadjuntos?2018,11793, HTTP/1.1" 200 6030
186.79.146.220 - - [26/Jun/2018:10:41:43 -0300] "GET /cormun/static/gxcfg.js?20177612135366 HTTP/1.1" 200 953
186.79.146.220 - - [26/Jun/2018:10:41:43 -0300] "GET /cormun/static/trsolicitudadjuntos.js?20177612135632 HTTP/1.1" 200 17922
186.79.146.220 - - [26/Jun/2018:10:41:44 -0300] "GET /cormun/servlet/trsolicitudadjuntos?2018,11793, HTTP/1.1" 200 6030
186.79.146.220 - - [26/Jun/2018:10:41:51 -0300] "GET /cormun/servlet/solicitudotadjuntos?INS,2018,11793,,1, HTTP/1.1" 200 5975
186.79.146.220 - - [26/Jun/2018:10:41:51 -0300] "GET /cormun/static/gxcfg.js?2017761244068 HTTP/1.1" 200 953
186.79.146.220 - - [26/Jun/2018:10:41:51 -0300] "GET /cormun/static/solicitudotadjuntos.js?2017761244086 HTTP/1.1" 200 11771
186.79.146.220 - - [26/Jun/2018:10:41:51 -0300] "GET /cormun/static/about:blank HTTP/1.1" 404 1011
186.79.146.220 - - [26/Jun/2018:10:41:51 -0300] "GET /cormun/servlet/solicitudotadjuntos?INS,2018,11793,,1, HTTP/1.1" 200 5967
186.79.146.220 - - [26/Jun/2018:10:41:52 -0300] "GET /cormun/servlet/solicitudotadjuntos?f97f550530edf6ffc254e0476e1f49a80a4ff078ea25b537ad1895f2f2d85906cbdace616a6015ce385761312ec52446,gx-no-cache=1530016846204 HTTP/1.1" 200 30
186.79.146.220 - - [26/Jun/2018:10:41:52 -0300] "POST /cormun/servlet/solicitudotadjuntos?68fe7da810ab8b33f64380e429e10e69,INS,2018,11793,,1,,gx-no-cache=1530016846299 HTTP/1.1" 200 3794
186.79.146.220 - - [26/Jun/2018:10:41:57 -0300] "POST /cormun/servlet/solicitudotadjuntos?gx-no-cache=1530016851066 HTTP/1.1" 200 26
186.103.161.206 - - [26/Jun/2018:10:41:59 -0300] "GET /cormun/servlet/solicitudot?f77e047b7fc136290117709003a0b7898b3f047bab7807f6326ca0f0ef674710066f54ee9e31944545c47b5661d99bab47b493c3b536bf81be90739de62cfb3169f2bd4d8fd63d234c8a609503960d607c34d79a5dff8df7bb78b0f95224c119f8b07b8af1544d463b00edbeb73cde4e,gx-no-cache=1530020453297 HTTP/1.1" 200 29
186.103.161.206 - - [26/Jun/2018:10:42:00 -0300] "POST /cormun/servlet/solicitudot?gx-no-cache=1530020453537 HTTP/1.1" 200 1350
186.103.161.206 - - [26/Jun/2018:10:42:00 -0300] "POST /cormun/servlet/solicitudot?gx-no-cache=1530020453783 HTTP/1.1" 200 1248
186.103.161.206 - - [26/Jun/2018:10:42:03 -0300] "POST /cormun/servlet/solicitudot?gx-no-cache=1530020456461 HTTP/1.1" 200 1350
186.103.161.206 - - [26/Jun/2018:10:42:03 -0300] "POST /cormun/servlet/solicitudot?gx-no-cache=1530020456769 HTTP/1.1" 200 1248
186.103.161.206 - - [26/Jun/2018:10:42:06 -0300] "GET /cormun/servlet/solicitudot?f77e047b7fc136290117709003a0b789fe8514e3be3a630d5015891b4d138a05d321cff8643419897f644487e3e84e9e,gx-no-cache=1530020460207 HTTP/1.1" 200 30
192.168.10.96 - - [26/Jun/2018:10:42:28 -0300] "GET /cormun/servlet/trsolicitudgral? HTTP/1.1" 200 9212
192.168.10.96 - - [26/Jun/2018:10:42:29 -0300] "GET /cormun/servlet/trsolicitudgral? HTTP/1.1" 200 9212
200.72.197.82 - - [26/Jun/2018:10:42:45 -0300] "POST /cormun/servlet/solicitudot?gx-no-cache=1530020498610 HTTP/1.1" 200 120
200.72.197.82 - - [26/Jun/2018:10:43:01 -0300] "GET /cormun/servlet/solicitudot?f77e047b7fc136290117709003a0b789fe8514e3be3a630d5015891b4d138a050966b57710dd59b2442c82edf8f33269,gx-no-cache=1530020515439 HTTP/1.1" 200 30
200.72.197.82 - - [26/Jun/2018:10:43:20 -0300] "POST /cormun/servlet/solicitudot?gx-no-cache=1530020534447 HTTP/1.1" 200 120
192.168.10.96 - - [26/Jun/2018:10:43:26 -0300] "POST /cormun/servlet/trsolicitudgral?89b5fb47d24491a6ac83e40af1dd6f4f,,gx-no-cache=1530020401991 HTTP/1.1" 200 8496
192.168.10.96 - - [26/Jun/2018:10:43:35 -0300] "GET /cormun/servlet/vesolicitudgral?2018,11758,, HTTP/1.1" 200 9264
192.168.10.96 - - [26/Jun/2018:10:43:36 -0300] "GET /cormun/pexe_scrolldiv.js HTTP/1.1" 404 1009
192.168.10.96 - - [26/Jun/2018:10:43:36 -0300] "GET /cormun/pexe_scrolldiv.js HTTP/1.1" 404 1009
192.168.10.96 - - [26/Jun/2018:10:43:36 -0300] "GET /cormun/servlet/vesolicitudgral?2018,11758,, HTTP/1.1" 200 9264
192.168.10.96 - - [26/Jun/2018:10:43:38 -0300] "GET /cormun/servlet/vesolicitudgral?2018,11758,,SolicitudOTAdjuntos HTTP/1.1" 200 11260
192.168.10.96 - - [26/Jun/2018:10:43:38 -0300] "GET /cormun/pexe_scrolldiv.js HTTP/1.1" 404 1009
192.168.10.96 - - [26/Jun/2018:10:43:39 -0300] "GET /cormun/pexe_scrolldiv.js HTTP/1.1" 404 1009
192.168.10.96 - - [26/Jun/2018:10:43:39 -0300] "GET /cormun/servlet/vesolicitudgral?2018,11758,,SolicitudOTAdjuntos HTTP/1.1" 200 11261
192.168.10.96 - - [26/Jun/2018:10:43:40 -0300] "POST /cormun/servlet/acontrolpreferencessavestate?None,DZAMUDIO,true HTTP/1.1" 200 35
192.168.10.96 - - [26/Jun/2018:10:43:43 -0300] "GET /cormun/PublicTempStorage/cert_estudios_margarita5080424.pdf HTTP/1.1" 200 1198151
192.168.10.96 - - [26/Jun/2018:10:43:50 -0300] "GET /cormun/servlet/vesolicitudgral?2018,11758,,SolicitudOTAdjuntos HTTP/1.1" 200 11262
192.168.10.96 - - [26/Jun/2018:10:43:51 -0300] "GET /cormun/servlet/vesolicitudgral?2018,11758,,SolicitudOTAdjuntos HTTP/1.1" 200 11261
192.168.10.96 - - [26/Jun/2018:10:43:51 -0300] "POST /cormun/servlet/acontrolpreferencessavestate?None,DZAMUDIO,true HTTP/1.1" 200 35
192.168.10.96 - - [26/Jun/2018:10:43:52 -0300] "GET /cormun/PublicTempStorage/afp_margarita6036045.pdf HTTP/1.1" 200 924982
192.168.10.96 - - [26/Jun/2018:10:43:57 -0300] "GET /cormun/servlet/vesolicitudgral?2018,11758,,SolicitudOTAdjuntos HTTP/1.1" 200 11263
192.168.10.96 - - [26/Jun/2018:10:43:58 -0300] "GET /cormun/servlet/vesolicitudgral?2018,11758,,SolicitudOTAdjuntos HTTP/1.1" 200 11262
192.168.10.96 - - [26/Jun/2018:10:43:59 -0300] "POST /cormun/servlet/acontrolpreferencessavestate?None,DZAMUDIO,true HTTP/1.1" 200 35
192.168.10.96 - - [26/Jun/2018:10:44:00 -0300] "GET /cormun/PublicTempStorage/cert_antc_margarita5763084.pdf HTTP/1.1" 200 1347199
192.168.10.96 - - [26/Jun/2018:10:44:05 -0300] "GET /cormun/servlet/vesolicitudgral?2018,11758,,SolicitudOTAdjuntos HTTP/1.1" 200 11262
192.168.10.96 - - [26/Jun/2018:10:44:06 -0300] "GET /cormun/servlet/vesolicitudgral?2018,11758,,SolicitudOTAdjuntos HTTP/1.1" 200 11264
192.168.10.96 - - [26/Jun/2018:10:44:06 -0300] "POST /cormun/servlet/acontrolpreferencessavestate?None,DZAMUDIO,true HTTP/1.1" 200 35
192.168.10.96 - - [26/Jun/2018:10:44:07 -0300] "GET /cormun/PublicTempStorage/curriculum_margarita6745878.pdf HTTP/1.1" 200 851384
200.54.18.251 - - [26/Jun/2018:10:44:55 -0300] "POST /cormun/servlet/solicitudot?gx-no-cache=1530020629168 HTTP/1.1" 200 122
200.54.18.251 - - [26/Jun/2018:10:44:55 -0300] "POST /cormun/servlet/solicitudot?gx-no-cache=1530020629316 HTTP/1.1" 200 1350
200.54.18.251 - - [26/Jun/2018:10:44:55 -0300] "POST /cormun/servlet/solicitudot?gx-no-cache=1530020629407 HTTP/1.1" 200 1248
200.54.18.251 - - [26/Jun/2018:10:45:01 -0300] "POST /cormun/servlet/solicitudot?gx-no-cache=1530020634622 HTTP/1.1" 200 122
200.54.18.251 - - [26/Jun/2018:10:45:02 -0300] "POST /cormun/servlet/solicitudot?gx-no-cache=1530020635626 HTTP/1.1" 200 1350
200.54.18.251 - - [26/Jun/2018:10:45:02 -0300] "POST /cormun/servlet/solicitudot?gx-no-cache=1530020636466 HTTP/1.1" 200 1248
200.54.18.251 - - [26/Jun/2018:10:45:09 -0300] "POST /cormun/servlet/solicitudot?gx-no-cache=1530020643074 HTTP/1.1" 200 120
200.54.18.251 - - [26/Jun/2018:10:45:27 -0300] "GET /cormun/servlet/trlicencias? HTTP/1.1" 200 6781
200.54.18.251 - - [26/Jun/2018:10:45:28 -0300] "GET /cormun/servlet/trlicencias? HTTP/1.1" 200 6776
186.79.146.220 - - [26/Jun/2018:10:45:32 -0300] "GET /cormun/servlet/solicitudotadjuntos?f97f550530edf6ffc254e0476e1f49a81dc309b496fe845eb832c5c098d3cd42,gx-no-cache=1530017066762 HTTP/1.1" 200 30
186.79.146.220 - - [26/Jun/2018:10:45:32 -0300] "GET /cormun/servlet/solicitudotadjuntos?f97f550530edf6ffc254e0476e1f49a81dc309b496fe845eb832c5c098d3cd42,gx-no-cache=1530017066897 HTTP/1.1" 200 30
186.103.132.155 - - [26/Jun/2018:10:45:33 -0300] "GET /cormun/servlet/licenciaspermisos?INS,0,,, HTTP/1.1" 200 7528
186.103.132.155 - - [26/Jun/2018:10:45:33 -0300] "GET /cormun/servlet/licenciaspermisos?INS,0,,, HTTP/1.1" 200 7536
186.79.146.220 - - [26/Jun/2018:10:45:37 -0300] "POST /cormun/servlet/solicitudotadjuntos?68fe7da810ab8b33f64380e429e10e69,INS,2018,11793,,1, HTTP/1.1" 200 116
186.79.146.220 - - [26/Jun/2018:10:45:37 -0300] "GET /cormun/servlet/hpexe_return? HTTP/1.1" 200 1024
186.79.146.220 - - [26/Jun/2018:10:45:37 -0300] "GET /cormun/servlet/trsolicitudadjuntos?2018,11793, HTTP/1.1" 200 8449
186.79.146.220 - - [26/Jun/2018:10:45:38 -0300] "GET /cormun/servlet/trsolicitudadjuntos?2018,11793, HTTP/1.1" 200 8445
186.103.161.206 - - [26/Jun/2018:10:45:55 -0300] "GET /cormun/servlet/licenciaspermisos?2df615e6728258ec31228004fb956d706bd943d0815eb4d400590a1fca32806624e9e8245a08e6e35de79f8bff4aca91,gx-no-cache=1530020688587 HTTP/1.1" 200 76
186.103.161.206 - - [26/Jun/2018:10:45:55 -0300] "POST /cormun/servlet/licenciaspermisos?461b43dd098fb4bb36bbc5dc1b71058c,INS,0,,,,gx-no-cache=1530020688865 HTTP/1.1" 200 4682
186.103.161.206 - - [26/Jun/2018:10:46:10 -0300] "GET /cormun/static/menuarrow.gif HTTP/1.1" 404 1015
186.79.146.220 - - [26/Jun/2018:10:46:13 -0300] "GET /cormun/servlet/solicitudotadjuntos?INS,2018,11793,,1, HTTP/1.1" 200 5974
186.79.146.220 - - [26/Jun/2018:10:46:13 -0300] "GET /cormun/static/about:blank HTTP/1.1" 404 1011
186.79.146.220 - - [26/Jun/2018:10:46:13 -0300] "GET /cormun/servlet/solicitudotadjuntos?INS,2018,11793,,1, HTTP/1.1" 200 5967
186.79.146.220 - - [26/Jun/2018:10:46:14 -0300] "GET /cormun/servlet/solicitudotadjuntos?f97f550530edf6ffc254e0476e1f49a80a4ff078ea25b537ad1895f2f2d85906cbdace616a6015ce385761312ec52446,gx-no-cache=1530017108111 HTTP/1.1" 200 30
186.79.146.220 - - [26/Jun/2018:10:46:14 -0300] "POST /cormun/servlet/solicitudotadjuntos?68fe7da810ab8b33f64380e429e10e69,INS,2018,11793,,1,,gx-no-cache=1530017108259 HTTP/1.1" 200 3793
186.79.146.220 - - [26/Jun/2018:10:47:51 -0300] "POST /cormun/servlet/solicitudotadjuntos?gx-no-cache=1530017205732 HTTP/1.1" 200 26
186.79.146.220 - - [26/Jun/2018:10:47:58 -0300] "GET /cormun/servlet/solicitudotadjuntos?f97f550530edf6ffc254e0476e1f49a81dc309b496fe845eb832c5c098d3cd42,gx-no-cache=1530017212444 HTTP/1.1" 200 30
186.79.146.220 - - [26/Jun/2018:10:47:58 -0300] "GET /cormun/servlet/solicitudotadjuntos?f97f550530edf6ffc254e0476e1f49a81dc309b496fe845eb832c5c098d3cd42,gx-no-cache=1530017212540 HTTP/1.1" 200 30
186.79.146.220 - - [26/Jun/2018:10:48:06 -0300] "POST /cormun/servlet/solicitudotadjuntos?68fe7da810ab8b33f64380e429e10e69,INS,2018,11793,,1, HTTP/1.1" 200 116
186.79.146.220 - - [26/Jun/2018:10:48:06 -0300] "GET /cormun/servlet/hpexe_return? HTTP/1.1" 200 1024
186.79.146.220 - - [26/Jun/2018:10:48:06 -0300] "GET /cormun/servlet/trsolicitudadjuntos?2018,11793, HTTP/1.1" 200 8675
186.79.146.220 - - [26/Jun/2018:10:48:07 -0300] "GET /cormun/servlet/trsolicitudadjuntos?2018,11793, HTTP/1.1" 200 8674
190.101.8.3 - - [26/Jun/2018:10:48:25 -0300] "GET /cormun/servlet/hlogin HTTP/1.1" 200 1721
190.101.8.3 - - [26/Jun/2018:10:48:27 -0300] "POST /cormun/servlet/hlogin?71fc04025385739d7a4e2f4efb19ab96,gx-no-cache=1530020841254 HTTP/1.1" 200 90
190.101.8.3 - - [26/Jun/2018:10:48:27 -0300] "GET /cormun/servlet/hpexe_link HTTP/1.1" 200 951
190.101.8.3 - - [26/Jun/2018:10:48:27 -0300] "GET /cormun/servlet/hhome HTTP/1.1" 200 4349
190.101.8.3 - - [26/Jun/2018:10:48:28 -0300] "GET /cormun/servlet/hhome HTTP/1.1" 200 4345
190.101.8.3 - - [26/Jun/2018:10:48:33 -0300] "GET /cormun/servlet/trpermisosgoce? HTTP/1.1" 200 10644
190.101.8.3 - - [26/Jun/2018:10:48:34 -0300] "GET /cormun/servlet/trpermisosgoce? HTTP/1.1" 200 10642
190.101.8.3 - - [26/Jun/2018:10:48:36 -0300] "GET /cormun/servlet/permisogoce?INS,0,,, HTTP/1.1" 200 7210
190.101.8.3 - - [26/Jun/2018:10:48:37 -0300] "GET /cormun/servlet/permisogoce?INS,0,,, HTTP/1.1" 200 7210
186.79.146.220 - - [26/Jun/2018:10:48:39 -0300] "GET /cormun/servlet/solicitudotadjuntos?INS,2018,11793,,1, HTTP/1.1" 200 5975
186.79.146.220 - - [26/Jun/2018:10:48:39 -0300] "GET /cormun/static/about:blank HTTP/1.1" 404 1011
186.79.146.220 - - [26/Jun/2018:10:48:39 -0300] "GET /cormun/servlet/solicitudotadjuntos?INS,2018,11793,,1, HTTP/1.1" 200 5967
186.79.146.220 - - [26/Jun/2018:10:48:40 -0300] "GET /cormun/servlet/solicitudotadjuntos?f97f550530edf6ffc254e0476e1f49a80a4ff078ea25b537ad1895f2f2d85906cbdace616a6015ce385761312ec52446,gx-no-cache=1530017254264 HTTP/1.1" 200 30
186.79.146.220 - - [26/Jun/2018:10:48:40 -0300] "POST /cormun/servlet/solicitudotadjuntos?68fe7da810ab8b33f64380e429e10e69,INS,2018,11793,,1,,gx-no-cache=1530017254361 HTTP/1.1" 200 3794
186.79.146.220 - - [26/Jun/2018:10:48:44 -0300] "POST /cormun/servlet/solicitudotadjuntos?gx-no-cache=1530017258322 HTTP/1.1" 200 26
190.101.8.3 - - [26/Jun/2018:10:48:44 -0300] "GET /cormun/servlet/permisogoce?e2ceb9a6d0d300ffddc1149b2a08162676d1b7c6cf61314509cfa7f070ee0a9eeb5b53c63256980aca0d5046af82a03e3dae20df65f77bf3e26df19aecf95916,gx-no-cache=1530020858681 HTTP/1.1" 200 83
190.101.8.3 - - [26/Jun/2018:10:48:47 -0300] "GET /cormun/static/menuarrow.gif HTTP/1.1" 404 1015
192.168.10.96 - - [26/Jun/2018:10:48:50 -0300] "GET /cormun/servlet/vesolicitudgral?2018,11758,,SolicitudOTAdjuntos HTTP/1.1" 200 11259
186.79.146.220 - - [26/Jun/2018:10:48:50 -0300] "GET /cormun/servlet/solicitudotadjuntos?f97f550530edf6ffc254e0476e1f49a81dc309b496fe845eb832c5c098d3cd42,gx-no-cache=1530017264389 HTTP/1.1" 200 30
186.79.146.220 - - [26/Jun/2018:10:48:50 -0300] "GET /cormun/servlet/solicitudotadjuntos?f97f550530edf6ffc254e0476e1f49a81dc309b496fe845eb832c5c098d3cd42,gx-no-cache=1530017264604 HTTP/1.1" 200 30
190.101.8.3 - - [26/Jun/2018:10:48:50 -0300] "GET /cormun/servlet/permisogoce?e2ceb9a6d0d300ffddc1149b2a081626affec691947baea30ff22d010b6eb6ac24a266e65531cf87dadb31778e51a5078010065e0392533132f21deba73231dc,gx-no-cache=1530020864672 HTTP/1.1" 200 47
192.168.10.96 - - [26/Jun/2018:10:48:51 -0300] "GET /cormun/servlet/vesolicitudgral?2018,11758,,SolicitudOTAdjuntos HTTP/1.1" 200 11264
192.168.10.96 - - [26/Jun/2018:10:48:51 -0300] "POST /cormun/servlet/acontrolpreferencessavestate?None,DZAMUDIO,true HTTP/1.1" 200 35
192.168.10.96 - - [26/Jun/2018:10:48:53 -0300] "POST /cormun/servlet/vesolicitudgral?89b5fb47d24491a6ac83e40af1dd6f4f,2018,11758,,SolicitudOTAdjuntos,gx-no-cache=1530020728913 HTTP/1.1" 200 90
192.168.10.96 - - [26/Jun/2018:10:48:53 -0300] "GET /cormun/servlet/hpexe_link HTTP/1.1" 200 979
192.168.10.96 - - [26/Jun/2018:10:48:53 -0300] "GET /cormun/servlet/trsolicitudgral? HTTP/1.1" 200 11438
192.168.10.96 - - [26/Jun/2018:10:48:53 -0300] "GET /cormun/servlet/trsolicitudgral? HTTP/1.1" 200 11436
186.79.146.220 - - [26/Jun/2018:10:48:56 -0300] "POST /cormun/servlet/solicitudotadjuntos?68fe7da810ab8b33f64380e429e10e69,INS,2018,11793,,1, HTTP/1.1" 200 116
186.79.146.220 - - [26/Jun/2018:10:48:56 -0300] "GET /cormun/servlet/hpexe_return? HTTP/1.1" 200 1024
186.79.146.220 - - [26/Jun/2018:10:48:57 -0300] "GET /cormun/servlet/trsolicitudadjuntos?2018,11793, HTTP/1.1" 200 8857
186.79.146.220 - - [26/Jun/2018:10:48:58 -0300] "GET /cormun/servlet/trsolicitudadjuntos?2018,11793, HTTP/1.1" 200 8857
190.101.8.3 - - [26/Jun/2018:10:49:04 -0300] "POST /cormun/servlet/permisogoce?71fc04025385739d7a4e2f4efb19ab96,INS,0,,,,gx-no-cache=1530020878375 HTTP/1.1" 200 93
190.101.8.3 - - [26/Jun/2018:10:49:04 -0300] "GET /cormun/servlet/hpexe_return? HTTP/1.1" 200 1010
190.101.8.3 - - [26/Jun/2018:10:49:04 -0300] "GET /cormun/servlet/trpermisosgoce HTTP/1.1" 200 10947
190.101.8.3 - - [26/Jun/2018:10:49:05 -0300] "GET /cormun/servlet/trpermisosgoce HTTP/1.1" 200 10942
186.79.146.220 - - [26/Jun/2018:10:49:05 -0300] "GET /cormun/servlet/solicitudotadjuntos?INS,2018,11793,,1, HTTP/1.1" 200 5975
186.79.146.220 - - [26/Jun/2018:10:49:06 -0300] "GET /cormun/static/about:blank HTTP/1.1" 404 1011
186.79.146.220 - - [26/Jun/2018:10:49:06 -0300] "GET /cormun/servlet/solicitudotadjuntos?INS,2018,11793,,1, HTTP/1.1" 200 5967
186.79.146.220 - - [26/Jun/2018:10:49:06 -0300] "GET /cormun/servlet/solicitudotadjuntos?f97f550530edf6ffc254e0476e1f49a80a4ff078ea25b537ad1895f2f2d85906cbdace616a6015ce385761312ec52446,gx-no-cache=1530017280803 HTTP/1.1" 200 30
186.79.146.220 - - [26/Jun/2018:10:49:07 -0300] "POST /cormun/servlet/solicitudotadjuntos?68fe7da810ab8b33f64380e429e10e69,INS,2018,11793,,1,,gx-no-cache=1530017280896 HTTP/1.1" 200 3794
190.101.8.3 - - [26/Jun/2018:10:49:08 -0300] "GET /cormun/servlet/apermisogoceprn?17501771,P,20180626094512,PU HTTP/1.1" 200 1682
186.79.146.220 - - [26/Jun/2018:10:49:13 -0300] "POST /cormun/servlet/solicitudotadjuntos?gx-no-cache=1530017287169 HTTP/1.1" 200 26
192.168.10.96 - - [26/Jun/2018:10:49:15 -0300] "POST /cormun/servlet/trsolicitudgral?89b5fb47d24491a6ac83e40af1dd6f4f,,gx-no-cache=1530020750813 HTTP/1.1" 200 10893
192.168.10.96 - - [26/Jun/2018:10:49:17 -0300] "GET /cormun/servlet/vesolicitudgral?2018,11625,, HTTP/1.1" 200 9286
192.168.10.96 - - [26/Jun/2018:10:49:17 -0300] "GET /cormun/pexe_scrolldiv.js HTTP/1.1" 404 1009
192.168.10.96 - - [26/Jun/2018:10:49:17 -0300] "GET /cormun/pexe_scrolldiv.js HTTP/1.1" 404 1009
192.168.10.96 - - [26/Jun/2018:10:49:18 -0300] "GET /cormun/servlet/vesolicitudgral?2018,11625,, HTTP/1.1" 200 9286
186.79.146.220 - - [26/Jun/2018:10:49:18 -0300] "GET /cormun/servlet/solicitudotadjuntos?f97f550530edf6ffc254e0476e1f49a81dc309b496fe845eb832c5c098d3cd42,gx-no-cache=1530017292620 HTTP/1.1" 200 30
186.79.146.220 - - [26/Jun/2018:10:49:18 -0300] "GET /cormun/servlet/solicitudotadjuntos?f97f550530edf6ffc254e0476e1f49a81dc309b496fe845eb832c5c098d3cd42,gx-no-cache=1530017292723 HTTP/1.1" 200 30
192.168.10.96 - - [26/Jun/2018:10:49:20 -0300] "GET /cormun/servlet/vesolicitudgral?2018,11625,,SolicitudOTAdjuntos HTTP/1.1" 200 11502
192.168.10.96 - - [26/Jun/2018:10:49:20 -0300] "GET /cormun/pexe_scrolldiv.js HTTP/1.1" 404 1009
192.168.10.96 - - [26/Jun/2018:10:49:20 -0300] "GET /cormun/pexe_scrolldiv.js HTTP/1.1" 404 1009
192.168.10.96 - - [26/Jun/2018:10:49:21 -0300] "GET /cormun/servlet/vesolicitudgral?2018,11625,,SolicitudOTAdjuntos HTTP/1.1" 200 11500
192.168.10.96 - - [26/Jun/2018:10:49:21 -0300] "POST /cormun/servlet/acontrolpreferencessavestate?None,DZAMUDIO,true HTTP/1.1" 200 35
192.168.10.96 - - [26/Jun/2018:10:49:22 -0300] "GET /cormun/PublicTempStorage/carnet_de_identidad_kimb_erly8779068.pdf HTTP/1.1" 200 101467
186.79.146.220 - - [26/Jun/2018:10:49:24 -0300] "POST /cormun/servlet/solicitudotadjuntos?68fe7da810ab8b33f64380e429e10e69,INS,2018,11793,,1, HTTP/1.1" 200 116
186.79.146.220 - - [26/Jun/2018:10:49:24 -0300] "GET /cormun/servlet/hpexe_return? HTTP/1.1" 200 1024
186.79.146.220 - - [26/Jun/2018:10:49:25 -0300] "GET /cormun/servlet/trsolicitudadjuntos?2018,11793, HTTP/1.1" 200 9027
186.79.146.220 - - [26/Jun/2018:10:49:26 -0300] "GET /cormun/servlet/trsolicitudadjuntos?2018,11793, HTTP/1.1" 200 9027
192.168.10.96 - - [26/Jun/2018:10:49:29 -0300] "GET /cormun/servlet/vesolicitudgral?2018,11625,,SolicitudOTAdjuntos HTTP/1.1" 200 11503
192.168.10.96 - - [26/Jun/2018:10:49:30 -0300] "GET /cormun/servlet/vesolicitudgral?2018,11625,,SolicitudOTAdjuntos HTTP/1.1" 200 11502
192.168.10.96 - - [26/Jun/2018:10:49:31 -0300] "POST /cormun/servlet/acontrolpreferencessavestate?None,DZAMUDIO,true HTTP/1.1" 200 35
186.79.146.220 - - [26/Jun/2018:10:49:31 -0300] "GET /cormun/servlet/solicitudotadjuntos?INS,2018,11793,,1, HTTP/1.1" 200 5975
186.79.146.220 - - [26/Jun/2018:10:49:31 -0300] "GET /cormun/static/about:blank HTTP/1.1" 404 1011
192.168.10.96 - - [26/Jun/2018:10:49:31 -0300] "GET /cormun/PublicTempStorage/certificados_de_cotizaciones8420258.pdf HTTP/1.1" 200 119121
186.79.146.220 - - [26/Jun/2018:10:49:31 -0300] "GET /cormun/servlet/solicitudotadjuntos?INS,2018,11793,,1, HTTP/1.1" 200 5969
186.79.146.220 - - [26/Jun/2018:10:49:32 -0300] "GET /cormun/servlet/solicitudotadjuntos?f97f550530edf6ffc254e0476e1f49a80a4ff078ea25b537ad1895f2f2d85906cbdace616a6015ce385761312ec52446,gx-no-cache=1530017306322 HTTP/1.1" 200 30
186.79.146.220 - - [26/Jun/2018:10:49:32 -0300] "POST /cormun/servlet/solicitudotadjuntos?68fe7da810ab8b33f64380e429e10e69,INS,2018,11793,,1,,gx-no-cache=1530017306453 HTTP/1.1" 200 3794
192.168.10.96 - - [26/Jun/2018:10:49:35 -0300] "GET /cormun/servlet/vesolicitudgral?2018,11625,,SolicitudOTAdjuntos HTTP/1.1" 200 11501
192.168.10.96 - - [26/Jun/2018:10:49:35 -0300] "GET /cormun/servlet/vesolicitudgral?2018,11625,,SolicitudOTAdjuntos HTTP/1.1" 200 11503
192.168.10.96 - - [26/Jun/2018:10:49:36 -0300] "POST /cormun/servlet/acontrolpreferencessavestate?None,DZAMUDIO,true HTTP/1.1" 200 35
186.79.146.220 - - [26/Jun/2018:10:49:36 -0300] "POST /cormun/servlet/solicitudotadjuntos?gx-no-cache=1530017310736 HTTP/1.1" 200 26
192.168.10.96 - - [26/Jun/2018:10:49:37 -0300] "GET /cormun/PublicTempStorage/certificado_fonasa2370388.pdf HTTP/1.1" 200 78191
192.168.10.96 - - [26/Jun/2018:10:49:42 -0300] "GET /cormun/servlet/vesolicitudgral?2018,11625,,SolicitudOTAdjuntos HTTP/1.1" 200 11498
192.168.10.96 - - [26/Jun/2018:10:49:42 -0300] "GET /cormun/servlet/vesolicitudgral?2018,11625,,SolicitudOTAdjuntos HTTP/1.1" 200 11504
192.168.10.96 - - [26/Jun/2018:10:49:43 -0300] "POST /cormun/servlet/acontrolpreferencessavestate?None,DZAMUDIO,true HTTP/1.1" 200 35
192.168.10.96 - - [26/Jun/2018:10:49:45 -0300] "GET /cormun/PublicTempStorage/antecedentes_kimberly1921275.pdf HTTP/1.1" 200 176709
192.168.10.96 - - [26/Jun/2018:10:49:48 -0300] "GET /cormun/servlet/vesolicitudgral?2018,11625,,SolicitudOTAdjuntos HTTP/1.1" 200 11498
192.168.10.96 - - [26/Jun/2018:10:49:48 -0300] "GET /cormun/servlet/vesolicitudgral?2018,11625,,SolicitudOTAdjuntos HTTP/1.1" 200 11503
192.168.10.96 - - [26/Jun/2018:10:49:49 -0300] "POST /cormun/servlet/acontrolpreferencessavestate?None,DZAMUDIO,true HTTP/1.1" 200 35
192.168.10.96 - - [26/Jun/2018:10:49:50 -0300] "GET /cormun/PublicTempStorage/curriculum_vitae_kimberly_barraza2302023.docx HTTP/1.1" 200 16904
186.79.146.220 - - [26/Jun/2018:10:49:50 -0300] "GET /cormun/servlet/solicitudotadjuntos?f97f550530edf6ffc254e0476e1f49a81dc309b496fe845eb832c5c098d3cd42,gx-no-cache=1530017324852 HTTP/1.1" 200 30
186.79.146.220 - - [26/Jun/2018:10:49:50 -0300] "GET /cormun/servlet/solicitudotadjuntos?f97f550530edf6ffc254e0476e1f49a81dc309b496fe845eb832c5c098d3cd42,gx-no-cache=1530017324961 HTTP/1.1" 200 30
192.168.10.96 - - [26/Jun/2018:10:49:52 -0300] "GET /cormun/PublicTempStorage/curriculum_vitae_kimberly_barraza2302023.docx HTTP/1.1" 200 16904
186.79.146.220 - - [26/Jun/2018:10:49:58 -0300] "POST /cormun/servlet/solicitudotadjuntos?68fe7da810ab8b33f64380e429e10e69,INS,2018,11793,,1, HTTP/1.1" 200 116
186.79.146.220 - - [26/Jun/2018:10:49:59 -0300] "GET /cormun/servlet/hpexe_return? HTTP/1.1" 200 1024
186.79.146.220 - - [26/Jun/2018:10:49:59 -0300] "GET /cormun/servlet/trsolicitudadjuntos?2018,11793, HTTP/1.1" 200 9272
186.79.146.220 - - [26/Jun/2018:10:50:00 -0300] "GET /cormun/servlet/trsolicitudadjuntos?2018,11793, HTTP/1.1" 200 9272
186.79.146.220 - - [26/Jun/2018:10:50:03 -0300] "GET /cormun/servlet/solicitudotadjuntos?INS,2018,11793,,1, HTTP/1.1" 200 5975
186.79.146.220 - - [26/Jun/2018:10:50:03 -0300] "GET /cormun/static/about:blank HTTP/1.1" 404 1011
186.79.146.220 - - [26/Jun/2018:10:50:04 -0300] "GET /cormun/servlet/solicitudotadjuntos?INS,2018,11793,,1, HTTP/1.1" 200 5969
186.79.146.220 - - [26/Jun/2018:10:50:04 -0300] "GET /cormun/servlet/solicitudotadjuntos?f97f550530edf6ffc254e0476e1f49a80a4ff078ea25b537ad1895f2f2d85906cbdace616a6015ce385761312ec52446,gx-no-cache=1530017338567 HTTP/1.1" 200 30
186.79.146.220 - - [26/Jun/2018:10:50:04 -0300] "POST /cormun/servlet/solicitudotadjuntos?68fe7da810ab8b33f64380e429e10e69,INS,2018,11793,,1,,gx-no-cache=1530017338660 HTTP/1.1" 200 3794
186.79.146.220 - - [26/Jun/2018:10:50:08 -0300] "POST /cormun/servlet/solicitudotadjuntos?gx-no-cache=1530017342821 HTTP/1.1" 200 26
186.79.146.220 - - [26/Jun/2018:10:50:19 -0300] "GET /cormun/servlet/solicitudotadjuntos?f97f550530edf6ffc254e0476e1f49a81dc309b496fe845eb832c5c098d3cd42,gx-no-cache=1530017352825 HTTP/1.1" 200 30
186.79.146.220 - - [26/Jun/2018:10:50:19 -0300] "GET /cormun/servlet/solicitudotadjuntos?f97f550530edf6ffc254e0476e1f49a81dc309b496fe845eb832c5c098d3cd42,gx-no-cache=1530017353324 HTTP/1.1" 200 30
186.79.146.220 - - [26/Jun/2018:10:50:24 -0300] "POST /cormun/servlet/solicitudotadjuntos?68fe7da810ab8b33f64380e429e10e69,INS,2018,11793,,1, HTTP/1.1" 200 116
186.79.146.220 - - [26/Jun/2018:10:50:25 -0300] "GET /cormun/servlet/hpexe_return? HTTP/1.1" 200 1024
186.79.146.220 - - [26/Jun/2018:10:50:25 -0300] "GET /cormun/servlet/trsolicitudadjuntos?2018,11793, HTTP/1.1" 200 9523
186.79.146.220 - - [26/Jun/2018:10:50:26 -0300] "GET /cormun/servlet/trsolicitudadjuntos?2018,11793, HTTP/1.1" 200 9522
186.9.132.100 - - [26/Jun/2018:10:50:28 -0300] "GET /cormun/servlet/hlogin HTTP/1.1" 200 1780
186.9.132.100 - - [26/Jun/2018:10:50:28 -0300] "GET /cormun/static/Resources/ComunLogin.png HTTP/1.1" 200 17326
186.9.132.100 - - [26/Jun/2018:10:50:28 -0300] "GET /cormun/static/Resources/Spanish/PXTools.css?11423723 HTTP/1.1" 304 -
186.9.132.100 - - [26/Jun/2018:10:50:28 -0300] "GET /cormun/static/gxtimezone.js?85251 HTTP/1.1" 304 -
186.9.132.100 - - [26/Jun/2018:10:50:28 -0300] "GET /cormun/static/gxtypesSD.js?85251 HTTP/1.1" 304 -
186.9.132.100 - - [26/Jun/2018:10:50:28 -0300] "GET /cormun/static/gxapiSD.js?85251 HTTP/1.1" 304 -
186.9.132.100 - - [26/Jun/2018:10:50:28 -0300] "GET /cormun/static/gxfxSD.js?85251 HTTP/1.1" 304 -
186.9.132.100 - - [26/Jun/2018:10:50:28 -0300] "GET /cormun/static/gxhtmlSD.js?85251 HTTP/1.1" 304 -
186.9.132.100 - - [26/Jun/2018:10:50:28 -0300] "GET /cormun/static/gxpopupSD.js?85251 HTTP/1.1" 304 -
186.9.132.100 - - [26/Jun/2018:10:50:28 -0300] "GET /cormun/static/gxgridSD.js?85251 HTTP/1.1" 304 -
186.9.132.100 - - [26/Jun/2018:10:50:28 -0300] "GET /cormun/static/gxfrmutlSD.js?85251 HTTP/1.1" 304 -
186.9.132.100 - - [26/Jun/2018:10:50:28 -0300] "GET /cormun/static/JavaScripTableSD.js?85251 HTTP/1.1" 304 -
186.9.132.100 - - [26/Jun/2018:10:50:28 -0300] "GET /cormun/static/rijndaelSD.js?85251 HTTP/1.1" 304 -
186.9.132.100 - - [26/Jun/2018:10:50:28 -0300] "GET /cormun/static/gxcfg.js?85251 HTTP/1.1" 304 -
186.9.132.100 - - [26/Jun/2018:10:50:28 -0300] "GET /cormun/static/messages.spa.js?85251 HTTP/1.1" 304 -
186.9.132.100 - - [26/Jun/2018:10:50:28 -0300] "GET /cormun/static/hlogin.js?20175251213537 HTTP/1.1" 304 -
186.9.132.100 - - [26/Jun/2018:10:50:28 -0300] "GET /cormun/static/gxgralSD.js?85251 HTTP/1.1" 304 -
186.9.132.100 - - [26/Jun/2018:10:50:28 -0300] "GET /cormun/static/Resources/PXToolsButtonBackground2.png HTTP/1.1" 200 1181
186.9.132.100 - - [26/Jun/2018:10:50:28 -0300] "GET /cormun/static/Resources/PXToolsLoginBackground.png HTTP/1.1" 200 1164
186.9.132.100 - - [26/Jun/2018:10:50:28 -0300] "GET /cormun/static/Resources/PXToolsButtonRight21.png HTTP/1.1" 200 1283
186.9.132.100 - - [26/Jun/2018:10:50:28 -0300] "GET /cormun/servlet/hlogin HTTP/1.1" 200 1783
186.9.132.100 - - [26/Jun/2018:10:50:28 -0300] "GET /cormun/static/Resources/PXToolsLoginBackground.png HTTP/1.1" 200 1164
186.9.132.100 - - [26/Jun/2018:10:50:28 -0300] "GET /cormun/static/Resources/PXToolsButtonBackground2.png HTTP/1.1" 200 1181
186.9.132.100 - - [26/Jun/2018:10:50:28 -0300] "GET /cormun/static/Resources/PXToolsButtonRight21.png HTTP/1.1" 200 1283
186.79.146.220 - - [26/Jun/2018:10:50:35 -0300] "GET /cormun/servlet/solicitudotadjuntos?INS,2018,11793,,2, HTTP/1.1" 200 5974
186.79.146.220 - - [26/Jun/2018:10:50:35 -0300] "GET /cormun/static/about:blank HTTP/1.1" 404 1011
186.79.146.220 - - [26/Jun/2018:10:50:35 -0300] "GET /cormun/servlet/solicitudotadjuntos?INS,2018,11793,,2, HTTP/1.1" 200 5967
186.79.146.220 - - [26/Jun/2018:10:50:36 -0300] "GET /cormun/servlet/solicitudotadjuntos?f97f550530edf6ffc254e0476e1f49a80a4ff078ea25b537ad1895f2f2d85906cbdace616a6015ce385761312ec52446,gx-no-cache=1530017370380 HTTP/1.1" 200 30
186.79.146.220 - - [26/Jun/2018:10:50:36 -0300] "POST /cormun/servlet/solicitudotadjuntos?68fe7da810ab8b33f64380e429e10e69,INS,2018,11793,,2,,gx-no-cache=1530017370498 HTTP/1.1" 200 4006
186.79.146.220 - - [26/Jun/2018:10:51:00 -0300] "POST /cormun/servlet/solicitudotadjuntos?gx-no-cache=1530017394637 HTTP/1.1" 200 26
186.79.146.220 - - [26/Jun/2018:10:51:05 -0300] "GET /cormun/servlet/solicitudotadjuntos?f97f550530edf6ffc254e0476e1f49a81dc309b496fe845eb832c5c098d3cd42,gx-no-cache=1530017399729 HTTP/1.1" 200 30
186.79.146.220 - - [26/Jun/2018:10:51:05 -0300] "GET /cormun/servlet/solicitudotadjuntos?f97f550530edf6ffc254e0476e1f49a81dc309b496fe845eb832c5c098d3cd42,gx-no-cache=1530017399884 HTTP/1.1" 200 30
200.72.197.82 - - [26/Jun/2018:10:51:09 -0300] "GET /cormun/servlet/trsolicitudot? HTTP/1.1" 200 7211
200.72.197.82 - - [26/Jun/2018:10:51:09 -0300] "GET /cormun/servlet/trsolicitudot? HTTP/1.1" 200 7204
186.79.146.220 - - [26/Jun/2018:10:51:10 -0300] "POST /cormun/servlet/solicitudotadjuntos?68fe7da810ab8b33f64380e429e10e69,INS,2018,11793,,2, HTTP/1.1" 200 116
186.79.146.220 - - [26/Jun/2018:10:51:10 -0300] "GET /cormun/servlet/hpexe_return? HTTP/1.1" 200 1025
186.79.146.220 - - [26/Jun/2018:10:51:10 -0300] "GET /cormun/servlet/trsolicitudadjuntos?2018,11793, HTTP/1.1" 200 9647
186.79.146.220 - - [26/Jun/2018:10:51:11 -0300] "GET /cormun/servlet/trsolicitudadjuntos?2018,11793, HTTP/1.1" 200 9645
200.72.197.82 - - [26/Jun/2018:10:51:13 -0300] "GET /cormun/servlet/solicitudot?INS,0,0, HTTP/1.1" 200 13459
200.72.197.82 - - [26/Jun/2018:10:51:13 -0300] "GET /cormun/servlet/solicitudot?INS,0,0, HTTP/1.1" 200 13464
186.79.146.220 - - [26/Jun/2018:10:51:28 -0300] "GET /cormun/servlet/solicitudotadjuntos?INS,2018,11793,,2, HTTP/1.1" 200 5974
186.79.146.220 - - [26/Jun/2018:10:51:29 -0300] "GET /cormun/servlet/solicitudotadjuntos?INS,2018,11793,,2, HTTP/1.1" 200 5967
186.79.146.220 - - [26/Jun/2018:10:51:30 -0300] "GET /cormun/servlet/solicitudotadjuntos?f97f550530edf6ffc254e0476e1f49a80a4ff078ea25b537ad1895f2f2d85906cbdace616a6015ce385761312ec52446,gx-no-cache=1530017423950 HTTP/1.1" 200 30
186.79.146.220 - - [26/Jun/2018:10:51:30 -0300] "POST /cormun/servlet/solicitudotadjuntos?68fe7da810ab8b33f64380e429e10e69,INS,2018,11793,,2,,gx-no-cache=1530017424038 HTTP/1.1" 200 4005
186.103.161.206 - - [26/Jun/2018:10:51:42 -0300] "POST /cormun/servlet/solicitudot?gx-no-cache=1530021034325 HTTP/1.1" 200 3352
186.79.146.220 - - [26/Jun/2018:10:51:42 -0300] "POST /cormun/servlet/solicitudotadjuntos?gx-no-cache=1530017436218 HTTP/1.1" 200 26
186.103.161.206 - - [26/Jun/2018:10:51:43 -0300] "GET /cormun/static/Shared/jqueryui/images/ui-bg_highlight-soft_100_c6c2c8_1x100.png HTTP/1.1" 404 1117
186.103.161.206 - - [26/Jun/2018:10:51:43 -0300] "GET /cormun/static/Shared/jqueryui/images/ui-icons_ebccce_256x240.png HTTP/1.1" 404 1089
186.103.132.155 - - [26/Jun/2018:10:51:43 -0300] "GET /cormun/static/Shared/jqueryui/images/ui-icons_82798d_256x240.png HTTP/1.1" 404 1089
186.103.161.206 - - [26/Jun/2018:10:51:43 -0300] "GET /cormun/static/Shared/jqueryui/images/ui-bg_flat_55_994d53_40x100.png HTTP/1.1" 404 1097
186.103.161.206 - - [26/Jun/2018:10:51:43 -0300] "GET /cormun/servlet/solicitudot?f77e047b7fc136290117709003a0b78921a00c1161931fa686b5a98a2e9d3138,gx-no-cache=1530021035899 HTTP/1.1" 200 111
186.103.132.155 - - [26/Jun/2018:10:51:43 -0300] "GET /cormun/servlet/solicitudot?f77e047b7fc136290117709003a0b78924d8e9e4a3eacd737de91fa815fb00cd,gx-no-cache=1530021036995 HTTP/1.1" 200 94
186.103.132.155 - - [26/Jun/2018:10:51:43 -0300] "GET /cormun/servlet/solicitudot?f77e047b7fc136290117709003a0b78936d0dc40f60a0c92f5461b7aa40164d2,gx-no-cache=1530021037087 HTTP/1.1" 200 29
186.103.161.206 - - [26/Jun/2018:10:51:46 -0300] "GET /cormun/servlet/solicitudot?f77e047b7fc136290117709003a0b78985f30cf5d9b885c07c28177a332daf3662780ea1e10ac9b2718d4321164bfeb96440f9d9848868909a5cfc18f9a3297f320c7ffe2fbaa6c075c51488a9b340a4dc60a88bcdd674b9195d151f44c7e7c53f37e5bb348f0dd550df1bb721972245255ca02608e999a630988580ab1f34cfff3d9e15ef03aed27c4f82d02037462a1d097f05d83ee4d1e433157b6b0f3699962771de5daff28d78d944c43780324e7000b04e30a01d618df0fa15740e2570f11347001cc96732619e3c6f224db169da7632fa77c4f8e81b223d5a80f001cd7de206070298d2735a55a8ddf722dddf066f54ee9e31944545c47b5661d99babeabdf957e45e12fe1116b2b5886a0f152cd927208e3fa63bcd28bb16c21f5aebe698fd9622992ae58982b38d4ed99eac1c2ca52162e4780d6d83f25d2ca12bc93c93c77e98d37aeb4767a8ddd253bf32,gx-no-cache=1530021039771 HTTP/1.1" 200 240
