186.103.156.24 - - [25/Jun/2018:12:34:00 -0300] "GET /cormun/static/PXToolsJavascripts/pexe_oav.js HTTP/1.1" 200 645
186.103.156.24 - - [25/Jun/2018:12:34:00 -0300] "GET /cormun/static/PXToolsJavascripts/pexe_scrolldiv.js HTTP/1.1" 200 4138
186.103.156.24 - - [25/Jun/2018:12:34:00 -0300] "GET /cormun/static/PXToolsJavascripts/pexe_picture.js HTTP/1.1" 200 689
186.103.156.24 - - [25/Jun/2018:12:34:00 -0300] "GET /cormun/static/PXToolsJavascripts/pexe_popup.js HTTP/1.1" 200 13458
186.103.156.24 - - [25/Jun/2018:12:34:00 -0300] "GET /cormun/static/PXToolsJavascripts/pexe_tabdivfix.js HTTP/1.1" 200 876
186.103.156.24 - - [25/Jun/2018:12:34:00 -0300] "GET /cormun/static/PXToolsJavascripts/pexe_upload.js HTTP/1.1" 200 1423
186.103.156.24 - - [25/Jun/2018:12:34:00 -0300] "GET /cormun/static/PXToolsJavascripts/pexe_tabs.js HTTP/1.1" 200 3748
186.103.156.24 - - [25/Jun/2018:12:34:00 -0300] "GET /cormun/static/PXToolsJavascripts/PXToolsJavascriptsRender.js HTTP/1.1" 200 367
186.103.156.24 - - [25/Jun/2018:12:34:00 -0300] "GET /cormun/static/Resources/logo4.png HTTP/1.1" 200 6582
186.103.156.24 - - [25/Jun/2018:12:34:00 -0300] "GET /cormun/static/Resources/PXToolsHeaderActionsLeft.png HTTP/1.1" 200 1118
186.103.156.24 - - [25/Jun/2018:12:34:00 -0300] "GET /cormun/static/RunJS/RunJS.js HTTP/1.1" 200 288
186.103.156.24 - - [25/Jun/2018:12:34:00 -0300] "GET /cormun/static/Shared/ext/locale/ext-lang-en.js HTTP/1.1" 200 10940
186.103.156.24 - - [25/Jun/2018:12:34:00 -0300] "GET /cormun/static/hhome.js?20175251212450 HTTP/1.1" 200 777
186.103.156.24 - - [25/Jun/2018:12:34:00 -0300] "GET /cormun/static/hwchdr01.js?201752511465785 HTTP/1.1" 200 1183
186.103.156.24 - - [25/Jun/2018:12:34:00 -0300] "GET /cormun/static/hpexe_recentlink.js?20177611595044 HTTP/1.1" 200 2144
186.103.156.24 - - [25/Jun/2018:12:34:00 -0300] "GET /cormun/static/hpexe_messagecontroller.js?20177611595012 HTTP/1.1" 200 870
186.103.156.24 - - [25/Jun/2018:12:34:00 -0300] "GET /cormun/static/hpexe_messagepopupcomponent.js?20161017169425 HTTP/1.1" 200 605
186.103.156.24 - - [25/Jun/2018:12:34:00 -0300] "GET /cormun/static/hpexe_messagegenexuscomponent.js?201752511465344 HTTP/1.1" 200 587
186.103.156.24 - - [25/Jun/2018:12:34:00 -0300] "GET /cormun/static/gxui/gxui-all.js HTTP/1.1" 200 107772
186.103.156.24 - - [25/Jun/2018:12:34:00 -0300] "GET /cormun/static/Resources/PXToolsDataTitle.png HTTP/1.1" 200 1173
186.103.156.24 - - [25/Jun/2018:12:34:00 -0300] "GET /cormun/static/Resources/PXToolsHeaderBackground2.png HTTP/1.1" 200 1174
186.103.156.24 - - [25/Jun/2018:12:34:00 -0300] "GET /cormun/static/Resources/PXToolsHeaderActionsBackground.png HTTP/1.1" 200 484
186.103.156.24 - - [25/Jun/2018:12:34:00 -0300] "GET /cormun/static/Resources/PXToolsHeaderActionsRight.png HTTP/1.1" 200 1201
186.103.156.24 - - [25/Jun/2018:12:34:01 -0300] "GET /cormun/static/Resources/PXToolsHeaderLogin.png HTTP/1.1" 200 4279
186.103.156.24 - - [25/Jun/2018:12:34:01 -0300] "GET /cormun/static/Resources/PXToolsFooterBackground2.png HTTP/1.1" 200 1172
186.103.156.24 - - [25/Jun/2018:12:34:01 -0300] "GET /cormun/static/hpexe_scripts.js?201752511465715 HTTP/1.1" 200 1544
186.103.156.24 - - [25/Jun/2018:12:34:01 -0300] "GET /cormun/static/Resources/PXToolsHeaderHome.png HTTP/1.1" 200 4147
186.103.156.24 - - [25/Jun/2018:12:34:01 -0300] "GET /cormun/static/Resources/PXToolsHeaderSecurity.png HTTP/1.1" 200 4166
186.103.156.24 - - [25/Jun/2018:12:34:01 -0300] "GET /cormun/static/cmcontrolpreferences.js?201752511465670 HTTP/1.1" 200 1375
186.103.156.24 - - [25/Jun/2018:12:34:01 -0300] "GET /cormun/static/Shared/jquery/jquery-1.4.2.min.js HTTP/1.1" 200 72174
186.103.156.24 - - [25/Jun/2018:12:34:01 -0300] "GET /cormun/static/SmoothNavMenu/resources/ddsmoothmenu.js HTTP/1.1" 200 12712
186.103.156.24 - - [25/Jun/2018:12:34:01 -0300] "GET /cormun/static/SmoothNavMenu/resources/SmoothNavMenuRender.js HTTP/1.1" 200 5951
186.103.156.24 - - [25/Jun/2018:12:34:01 -0300] "GET /cormun/static/scaMessage/js/jquery.pnotify.min.js HTTP/1.1" 200 13038
186.103.156.24 - - [25/Jun/2018:12:34:01 -0300] "GET /cormun/static/scaMessage/scaMessageRender.js HTTP/1.1" 200 11977
186.103.156.24 - - [25/Jun/2018:12:34:01 -0300] "GET /cormun/static/Shared/ext/ext-all.js HTTP/1.1" 200 1289687
186.103.156.24 - - [25/Jun/2018:12:34:01 -0300] "GET /cormun/static/hmpwkw03.js?20177612122668 HTTP/1.1" 200 3965
186.103.156.24 - - [25/Jun/2018:12:34:02 -0300] "GET /cormun/static/Shared/jquery/jquery-1.10.2.min.js HTTP/1.1" 200 273199
186.103.156.24 - - [25/Jun/2018:12:34:02 -0300] "GET /cormun/static/Shared/jqueryui/jquery-ui.min.js HTTP/1.1" 200 240427
186.103.156.24 - - [25/Jun/2018:12:34:02 -0300] "GET /cormun/static/Resources/PXToolsHeaderPreferences.png HTTP/1.1" 200 4189
186.103.156.24 - - [25/Jun/2018:12:34:02 -0300] "GET /cormun/servlet/hhome HTTP/1.1" 200 4235
186.103.156.24 - - [25/Jun/2018:12:34:02 -0300] "GET /cormun/static/SmoothNavMenu/resources/images/down.gif HTTP/1.1" 200 854
186.103.156.24 - - [25/Jun/2018:12:34:02 -0300] "GET /cormun/static/SmoothNavMenu/resources/images/right.gif HTTP/1.1" 200 860
186.103.156.24 - - [25/Jun/2018:12:34:06 -0300] "GET /cormun/servlet/trsolicitudot? HTTP/1.1" 200 7455
186.103.156.24 - - [25/Jun/2018:12:34:06 -0300] "GET /cormun/static/gxui/gxui-all.css?120300 HTTP/1.1" 200 2179
186.103.156.24 - - [25/Jun/2018:12:34:06 -0300] "GET /cormun/static/calendar-system.css?85620 HTTP/1.1" 200 5572
186.103.156.24 - - [25/Jun/2018:12:34:06 -0300] "GET /cormun/static/gxcfg.js?2017111422585916 HTTP/1.1" 200 953
186.103.156.24 - - [25/Jun/2018:12:34:06 -0300] "GET /cormun/static/calendar.js?85251 HTTP/1.1" 200 26246
186.103.156.24 - - [25/Jun/2018:12:34:06 -0300] "GET /cormun/static/calendar-setup.js?85251 HTTP/1.1" 200 2588
186.103.156.24 - - [25/Jun/2018:12:34:06 -0300] "GET /cormun/static/calendar-es.js?85251 HTTP/1.1" 200 1901
186.103.156.24 - - [25/Jun/2018:12:34:06 -0300] "GET /cormun/static/Resources/PXTools/calendar.png HTTP/1.1" 200 1306
186.103.156.24 - - [25/Jun/2018:12:34:06 -0300] "GET /cormun/static/Resources/Spanish/PXTools.css?1255365 HTTP/1.1" 200 89042
186.103.156.24 - - [25/Jun/2018:12:34:06 -0300] "GET /cormun/static/Resources/PXToolsDataSearch.png HTTP/1.1" 200 419
186.103.156.24 - - [25/Jun/2018:12:34:06 -0300] "GET /cormun/static/gxdec.js?85251 HTTP/1.1" 200 19579
186.103.156.24 - - [25/Jun/2018:12:34:06 -0300] "GET /cormun/static/Shared/ext/resources/css/ext-all.css?215870 HTTP/1.1" 200 416045
186.103.156.24 - - [25/Jun/2018:12:34:06 -0300] "GET /cormun/static/Resources/PXToolsGridFirstDisabled.gif HTTP/1.1" 200 100
186.103.156.24 - - [25/Jun/2018:12:34:06 -0300] "GET /cormun/static/Resources/PXToolsGridPreviousDisabled.gif HTTP/1.1" 200 90
186.103.156.24 - - [25/Jun/2018:12:34:06 -0300] "GET /cormun/static/Resources/PXToolsGridNextDisabled.gif HTTP/1.1" 200 90
186.103.156.24 - - [25/Jun/2018:12:34:07 -0300] "GET /cormun/static/trsolicitudot.js?201711142259839 HTTP/1.1" 200 54041
186.103.156.24 - - [25/Jun/2018:12:34:07 -0300] "GET /cormun/static/Resources/PXToolsGridPage.gif HTTP/1.1" 200 725
186.103.156.24 - - [25/Jun/2018:12:34:07 -0300] "GET /cormun/static/Resources/PXToolsGridLastDisabled.gif HTTP/1.1" 200 98
186.103.156.24 - - [25/Jun/2018:12:34:07 -0300] "GET /cormun/static/Resources/PXToolsActionExcel.png HTTP/1.1" 200 3187
186.103.156.24 - - [25/Jun/2018:12:34:07 -0300] "GET /cormun/static/Resources/desc.gif HTTP/1.1" 200 65
186.103.156.24 - - [25/Jun/2018:12:34:07 -0300] "GET /cormun/static/Resources/asc.gif HTTP/1.1" 200 67
186.103.156.24 - - [25/Jun/2018:12:34:07 -0300] "GET /cormun/servlet/trsolicitudot? HTTP/1.1" 200 7455
186.103.156.24 - - [25/Jun/2018:12:34:07 -0300] "GET /cormun/static/Shared/ext/resources/themes/images/default/panel/bg-headersPanel.png HTTP/1.1" 200 255
186.103.156.24 - - [25/Jun/2018:12:34:07 -0300] "GET /cormun/static/Shared/ext/resources/themes/images/default/tools/tool-sprites.gif HTTP/1.1" 200 5434
186.103.156.24 - - [25/Jun/2018:12:34:07 -0300] "GET /cormun/static/Resources/PXToolsGridNew.png HTTP/1.1" 200 2949
186.103.159.187 - - [25/Jun/2018:12:34:09 -0300] "POST /cormun/servlet/solicitudot?gx-no-cache=1529940838291 HTTP/1.1" 200 30
186.103.159.187 - - [25/Jun/2018:12:34:11 -0300] "POST /cormun/servlet/solicitudot?gx-no-cache=1529940840735 HTTP/1.1" 200 1366
186.103.159.187 - - [25/Jun/2018:12:34:11 -0300] "POST /cormun/servlet/solicitudot?gx-no-cache=1529940840834 HTTP/1.1" 200 38
186.103.157.98 - - [25/Jun/2018:12:34:12 -0300] "POST /cormun/servlet/trlicencias?7bc37d47a4d63cfcab67dd2a1c38f83e,gx-no-cache=1529940785767 HTTP/1.1" 200 7645
186.103.157.98 - - [25/Jun/2018:12:34:12 -0300] "GET /cormun/static/Shared/jqueryui/images/ui-bg_highlight-soft_100_c6c2c8_1x100.png HTTP/1.1" 404 1117
186.103.157.98 - - [25/Jun/2018:12:34:12 -0300] "GET /cormun/static/Shared/jqueryui/images/ui-bg_flat_55_fafafa_40x100.png HTTP/1.1" 404 1097
186.103.157.98 - - [25/Jun/2018:12:34:12 -0300] "GET /cormun/static/Shared/jqueryui/images/ui-icons_82798d_256x240.png HTTP/1.1" 404 1089
186.103.157.98 - - [25/Jun/2018:12:34:12 -0300] "GET /cormun/static/Shared/jqueryui/images/ui-icons_8d78a5_256x240.png HTTP/1.1" 404 1089
186.103.156.24 - - [25/Jun/2018:12:34:15 -0300] "POST /cormun/servlet/trsolicitudot?7c5e380464a147877b4e990536761a72,,gx-no-cache=1529940788476 HTTP/1.1" 200 7618
186.103.156.24 - - [25/Jun/2018:12:34:15 -0300] "GET /cormun//static/Resources/PXToolsGridUpdate.png HTTP/1.1" 200 2984
186.103.156.24 - - [25/Jun/2018:12:34:15 -0300] "GET /cormun//static/Resources/PXToolsGridDelete.png HTTP/1.1" 200 357
186.103.156.24 - - [25/Jun/2018:12:34:15 -0300] "GET /cormun//static/Resources/PXTools/ActionInsert.png HTTP/1.1" 200 1482
186.103.156.24 - - [25/Jun/2018:12:34:15 -0300] "GET /cormun//static/Resources/PXToolsRemoveAllAction.png HTTP/1.1" 200 3558
186.103.156.24 - - [25/Jun/2018:12:34:15 -0300] "GET /cormun//static/Resources/PXToolsActionView.png HTTP/1.1" 200 2995
186.103.156.24 - - [25/Jun/2018:12:34:28 -0300] "GET /cormun/servlet/vesolicitudot?2018,11655,, HTTP/1.1" 200 8667
186.103.156.24 - - [25/Jun/2018:12:34:28 -0300] "GET /cormun/static/gxcfg.js?2017111422591385 HTTP/1.1" 200 953
186.103.156.24 - - [25/Jun/2018:12:34:28 -0300] "GET /cormun/pexe_scrolldiv.js HTTP/1.1" 404 1009
186.103.156.24 - - [25/Jun/2018:12:34:28 -0300] "GET /cormun/static/Resources/PXToolsTabFirstSelected.png HTTP/1.1" 200 1259
186.103.156.24 - - [25/Jun/2018:12:34:28 -0300] "GET /cormun/static/vesolicitudot.js?2017111422591449 HTTP/1.1" 200 6091
186.103.156.24 - - [25/Jun/2018:12:34:28 -0300] "GET /cormun/static/tbsolicitudot01.js?2017111422581186 HTTP/1.1" 200 30566
186.103.156.24 - - [25/Jun/2018:12:34:28 -0300] "GET /cormun/static/hpexe_tabsview.js?201610171694228 HTTP/1.1" 200 1661
186.103.156.24 - - [25/Jun/2018:12:34:28 -0300] "GET /cormun/pexe_scrolldiv.js HTTP/1.1" 404 1009
186.103.156.24 - - [25/Jun/2018:12:34:28 -0300] "GET /cormun/static/hwcviewtabs.js?20177611594913 HTTP/1.1" 200 1074
186.103.156.24 - - [25/Jun/2018:12:34:28 -0300] "GET /cormun/static/Resources/PXToolsTabLastUnselected.png HTTP/1.1" 200 1291
186.103.156.24 - - [25/Jun/2018:12:34:28 -0300] "GET /cormun/static/Resources/PXToolsTabPrevious.gif HTTP/1.1" 200 172
186.103.156.24 - - [25/Jun/2018:12:34:28 -0300] "GET /cormun/static/Resources/PXToolsTabNext.gif HTTP/1.1" 200 168
186.103.156.24 - - [25/Jun/2018:12:34:29 -0300] "GET /cormun/static/calendar-system.css HTTP/1.1" 200 5572
186.103.156.24 - - [25/Jun/2018:12:34:29 -0300] "GET /cormun/static/Resources/PXToolsTabUnselectedUnselected.png HTTP/1.1" 200 1459
186.103.156.24 - - [25/Jun/2018:12:34:29 -0300] "GET /cormun/static/Resources/PXToolsTabSelectedUnselected.png HTTP/1.1" 200 1428
186.103.156.24 - - [25/Jun/2018:12:34:29 -0300] "GET /cormun/static/Resources/PXToolsTabBackSelected.png HTTP/1.1" 200 1157
186.103.156.24 - - [25/Jun/2018:12:34:29 -0300] "GET /cormun/servlet/vesolicitudot?2018,11655,, HTTP/1.1" 200 8666
186.103.156.24 - - [25/Jun/2018:12:34:29 -0300] "GET /cormun/static/Resources/PXToolsTabBackUnselected.png HTTP/1.1" 200 1175
192.168.10.89 - - [25/Jun/2018:12:35:52 -0300] "POST /cormun/servlet/trsolicitudgral?fe1151a259887f0f525626a8bbbe73ff,,gx-no-cache=1529940748788 HTTP/1.1" 200 9377
186.103.159.187 - - [25/Jun/2018:12:36:11 -0300] "GET /cormun/servlet/solicitudot?444277a01092f66787fabdefb84d1a4ac9d7ab34038d314eb73286968435570f420abcf3b88ad263dda31d7cef3eebccc7f900246b0892999cd84feededc4f0698696f2622f93e04138889c1f6b6284d19c61d6eab84d3e69389bcdb228c61628d6e8a34f7143b58fc8cdd35af3fc0d9,gx-no-cache=1529940960186 HTTP/1.1" 200 29
186.103.159.187 - - [25/Jun/2018:12:36:11 -0300] "POST /cormun/servlet/solicitudot?gx-no-cache=1529940960233 HTTP/1.1" 200 1349
186.103.159.187 - - [25/Jun/2018:12:36:11 -0300] "POST /cormun/servlet/solicitudot?gx-no-cache=1529940960301 HTTP/1.1" 200 1246
186.103.159.182 - - [25/Jun/2018:12:36:19 -0300] "GET /cormun/servlet/trlicencias? HTTP/1.1" 200 13423
186.103.159.182 - - [25/Jun/2018:12:36:22 -0300] "GET /cormun/servlet/trlicencias? HTTP/1.1" 200 13422
192.168.10.96 - - [25/Jun/2018:12:36:43 -0300] "GET /cormun/servlet/trsolicitudgral? HTTP/1.1" 200 14226
192.168.10.96 - - [25/Jun/2018:12:36:43 -0300] "GET /cormun/servlet/trsolicitudgral? HTTP/1.1" 200 14224
46.174.191.29 - - [25/Jun/2018:12:37:01 -0300] "GET / HTTP/1.0" 200 11197
186.103.159.187 - - [25/Jun/2018:12:37:04 -0300] "GET /cormun/static/menuarrow.gif HTTP/1.1" 404 1015
192.168.10.96 - - [25/Jun/2018:12:37:06 -0300] "POST /cormun/servlet/trsolicitudgral?ed01ef1f993ae7c5ce242b3c6de0d594,,gx-no-cache=1529940822106 HTTP/1.1" 200 10225
186.103.159.187 - - [25/Jun/2018:12:37:12 -0300] "GET /cormun/servlet/solicitudot?444277a01092f66787fabdefb84d1a4a16a6e9e6b8a93f8a8bc775cce96c8da169ac2bc9bea35488b83b8ab91272189a,gx-no-cache=1529941021162 HTTP/1.1" 200 30
186.103.159.187 - - [25/Jun/2018:12:37:22 -0300] "POST /cormun/servlet/solicitudot?gx-no-cache=1529941031897 HTTP/1.1" 200 30
186.103.159.46 - - [25/Jun/2018:12:37:30 -0300] "GET /cormun/servlet/trautorizarsolicitud? HTTP/1.1" 200 7243
186.103.159.46 - - [25/Jun/2018:12:37:30 -0300] "GET /cormun/static/calendar-system.css?85620 HTTP/1.1" 200 5572
186.103.159.46 - - [25/Jun/2018:12:37:30 -0300] "GET /cormun/static/gxui/gxui-all.css?120300 HTTP/1.1" 200 2179
186.103.159.46 - - [25/Jun/2018:12:37:30 -0300] "GET /cormun/static/gxcfg.js?2017111423403364 HTTP/1.1" 200 953
186.103.159.46 - - [25/Jun/2018:12:37:30 -0300] "GET /cormun/static/Resources/Spanish/PXTools.css?1255365 HTTP/1.1" 200 89042
186.103.159.46 - - [25/Jun/2018:12:37:30 -0300] "GET /cormun/static/trautorizarsolicitud.js?201711142340425 HTTP/1.1" 200 53910
186.103.159.46 - - [25/Jun/2018:12:37:30 -0300] "GET /cormun/static/Shared/ext/resources/css/ext-all.css?215870 HTTP/1.1" 200 416045
186.103.159.46 - - [25/Jun/2018:12:37:31 -0300] "GET /cormun/servlet/trautorizarsolicitud? HTTP/1.1" 200 7244
186.103.159.187 - - [25/Jun/2018:12:37:34 -0300] "POST /cormun/servlet/solicitudot?6e0b03d03b52d95e359382af9e70a560,INS,0,0,,gx-no-cache=1529941043171 HTTP/1.1" 200 11694
186.103.159.182 - - [25/Jun/2018:12:37:43 -0300] "GET /cormun/servlet/alicenciaprn?13718092,L,20180625000000,PU HTTP/1.1" 200 1541
186.103.159.46 - - [25/Jun/2018:12:37:43 -0300] "GET /cormun/servlet/trautorizarpermisogoce? HTTP/1.1" 200 6963
186.103.159.46 - - [25/Jun/2018:12:37:44 -0300] "GET /cormun/servlet/trautorizarpermisogoce? HTTP/1.1" 200 6963
186.103.159.46 - - [25/Jun/2018:12:38:09 -0300] "GET /cormun/servlet/trhorasextras? HTTP/1.1" 200 7537
186.103.159.46 - - [25/Jun/2018:12:38:09 -0300] "GET /cormun/static/gxcfg.js?2017112014165216 HTTP/1.1" 200 953
186.103.159.46 - - [25/Jun/2018:12:38:09 -0300] "GET /cormun/static/Resources/PXToolsAddAllStandardAction.png HTTP/1.1" 200 628
186.103.159.46 - - [25/Jun/2018:12:38:09 -0300] "GET /cormun/static/trhorasextras.js?2017112014165786 HTTP/1.1" 200 35129
186.103.159.46 - - [25/Jun/2018:12:38:10 -0300] "GET /cormun/static/Resources/PXToolsRemoveAllStandardAction.png HTTP/1.1" 200 495
186.103.159.46 - - [25/Jun/2018:12:38:10 -0300] "GET /cormun/servlet/trhorasextras? HTTP/1.1" 200 7537
186.103.159.46 - - [25/Jun/2018:12:38:11 -0300] "POST /cormun/servlet/acontrolpreferencessavestate?None,RMENESES,true HTTP/1.1" 200 35
186.103.159.46 - - [25/Jun/2018:12:38:16 -0300] "POST /cormun/servlet/trhorasextras?ddd04b575f83e27a5044ed8e8cc83911,,gx-no-cache=1529941029936 HTTP/1.1" 200 4395
79.78.157.33 - - [25/Jun/2018:12:38:19 -0300] "GET / HTTP/1.1" 200 11217
186.103.159.46 - - [25/Jun/2018:12:38:20 -0300] "POST /cormun/servlet/trhorasextras?ddd04b575f83e27a5044ed8e8cc83911,,gx-no-cache=1529941034082 HTTP/1.1" 200 4396
186.103.159.46 - - [25/Jun/2018:12:38:25 -0300] "POST /cormun/servlet/trhorasextras?ddd04b575f83e27a5044ed8e8cc83911,,gx-no-cache=1529941039076 HTTP/1.1" 200 4399
186.103.159.46 - - [25/Jun/2018:12:38:30 -0300] "POST /cormun/servlet/trhorasextras?ddd04b575f83e27a5044ed8e8cc83911,,gx-no-cache=1529941043832 HTTP/1.1" 200 4398
186.103.159.46 - - [25/Jun/2018:12:38:32 -0300] "GET /cormun/static/menuarrow.gif HTTP/1.1" 404 1015
186.103.159.46 - - [25/Jun/2018:12:38:37 -0300] "POST /cormun/servlet/trhorasextras?ddd04b575f83e27a5044ed8e8cc83911,,gx-no-cache=1529941050850 HTTP/1.1" 200 4395
186.103.159.187 - - [25/Jun/2018:12:38:40 -0300] "GET /cormun/servlet/solicitudot?444277a01092f66787fabdefb84d1a4abbf1b147491a8f733120b6860c0b6079f92ff68143c7ecfdc8c95e84acb5a9fc7bd5c8e119a6569eb2412e605e7ccd50,gx-no-cache=1529941109171 HTTP/1.1" 200 30
186.103.159.187 - - [25/Jun/2018:12:38:40 -0300] "GET /cormun/servlet/solicitudot?444277a01092f66787fabdefb84d1a4a98cc05e2656c15901eab7a7864a6739286f72bef5605d9381b8ee8e6626e5ada86fda077627ef3a61493b3ac61b4af5131435ee5cf9f6574411dd53740828e8ec69f74a60027886dcd1fdfe0dfd4f00640848442e293a86a391d77b96ec4d999ff9418ce16ab60b302fa62c039bfc1e5567e9270bcbc294528890e2b24c9725b71fa6f99ddda4359c8505651713fddda8fa0ec233f852b2abdfb9d132d8c4b5e241ed2094dbd574fc70e21448bf3d64ec84107111b7fa34053c3c0e59f95c9a3c6c07132c6bb59781da8d247017c353abc417d8f1e1758e5c9a148f278ed553e73b6b7cdd30ef9bb532c4fdc7ece592fb2f62b33af84dcfc333c0870752f5d4164ee1710e96a98224a3be84d509f4b4be7566faa67e11ffce0832bea2897bda90344034b4f7cb484bd8a66e42761ea80d543539870f5699afb624df090d5073853a5c7cfd96383b1c470b1c82bd696d500d0fa8927496460e83b86aefdb990299efb2e13bb2ff77a3bb11f38cf5ef39c,gx-no-cache=1529941109246 HTTP/1.1" 200 30
186.103.159.187 - - [25/Jun/2018:12:38:40 -0300] "POST /cormun/servlet/solicitudot?gx-no-cache=1529941109299 HTTP/1.1" 200 30
186.103.159.187 - - [25/Jun/2018:12:38:40 -0300] "POST /cormun/servlet/solicitudot?gx-no-cache=1529941109345 HTTP/1.1" 200 1365
186.103.159.187 - - [25/Jun/2018:12:38:40 -0300] "POST /cormun/servlet/solicitudot?gx-no-cache=1529941109445 HTTP/1.1" 200 41
186.103.159.187 - - [25/Jun/2018:12:38:40 -0300] "POST /cormun/servlet/solicitudot?gx-no-cache=1529941109498 HTTP/1.1" 200 1350
186.103.159.187 - - [25/Jun/2018:12:38:40 -0300] "POST /cormun/servlet/solicitudot?gx-no-cache=1529941109563 HTTP/1.1" 200 1249
186.103.159.187 - - [25/Jun/2018:12:38:40 -0300] "GET /cormun/servlet/solicitudot?444277a01092f66787fabdefb84d1a4a16a6e9e6b8a93f8a8bc775cce96c8da169ac2bc9bea35488b83b8ab91272189a,gx-no-cache=1529941109611 HTTP/1.1" 200 30
186.103.159.187 - - [25/Jun/2018:12:38:40 -0300] "POST /cormun/servlet/solicitudot?gx-no-cache=1529941109645 HTTP/1.1" 200 30
186.103.159.187 - - [25/Jun/2018:12:38:40 -0300] "POST /cormun/servlet/solicitudot?6e0b03d03b52d95e359382af9e70a560,INS,0,0,,gx-no-cache=1529941109694 HTTP/1.1" 200 93
186.103.159.187 - - [25/Jun/2018:12:38:40 -0300] "GET /cormun/servlet/hpexe_return? HTTP/1.1" 200 1005
186.103.159.187 - - [25/Jun/2018:12:38:41 -0300] "GET /cormun/servlet/trsolicitudot HTTP/1.1" 200 8929
186.103.159.187 - - [25/Jun/2018:12:38:43 -0300] "GET /cormun/servlet/trsolicitudot HTTP/1.1" 200 8925
186.103.159.46 - - [25/Jun/2018:12:38:48 -0300] "POST /cormun/servlet/trhorasextras?ddd04b575f83e27a5044ed8e8cc83911,,gx-no-cache=1529941062111 HTTP/1.1" 200 4398
186.103.159.230 - - [25/Jun/2018:12:38:52 -0300] "GET /cormun/servlet/permisogoce?INS,0,,, HTTP/1.1" 200 7017
186.103.159.230 - - [25/Jun/2018:12:38:52 -0300] "GET /cormun/static/gxcfg.js?201776126440 HTTP/1.1" 200 953
186.103.159.230 - - [25/Jun/2018:12:38:52 -0300] "GET /cormun/static/Resources/prompt.gif HTTP/1.1" 200 902
186.103.159.230 - - [25/Jun/2018:12:38:52 -0300] "GET /cormun/static/permisogoce.js?2017761264459 HTTP/1.1" 200 27897
186.103.159.230 - - [25/Jun/2018:12:38:53 -0300] "GET /cormun/servlet/permisogoce?INS,0,,, HTTP/1.1" 200 7016
186.103.159.46 - - [25/Jun/2018:12:38:54 -0300] "POST /cormun/servlet/trhorasextras?ddd04b575f83e27a5044ed8e8cc83911,,gx-no-cache=1529941067670 HTTP/1.1" 200 4399
186.103.159.46 - - [25/Jun/2018:12:38:59 -0300] "POST /cormun/servlet/trhorasextras?ddd04b575f83e27a5044ed8e8cc83911,,gx-no-cache=1529941072952 HTTP/1.1" 200 4401
186.103.159.187 - - [25/Jun/2018:12:39:02 -0300] "POST /cormun/servlet/trsolicitudot?6e0b03d03b52d95e359382af9e70a560,gx-no-cache=1529941131291 HTTP/1.1" 200 107
186.103.159.187 - - [25/Jun/2018:12:39:02 -0300] "GET /cormun/servlet/trsolicitudadjuntos?2018,11786, HTTP/1.1" 200 6010
186.103.159.187 - - [25/Jun/2018:12:39:03 -0300] "GET /cormun/servlet/trsolicitudadjuntos?2018,11786, HTTP/1.1" 200 6010
186.103.159.46 - - [25/Jun/2018:12:39:03 -0300] "POST /cormun/servlet/trhorasextras?ddd04b575f83e27a5044ed8e8cc83911,,gx-no-cache=1529941077131 HTTP/1.1" 200 4400
186.103.159.187 - - [25/Jun/2018:12:39:08 -0300] "GET /cormun/servlet/solicitudotadjuntos?INS,2018,11786,,1, HTTP/1.1" 200 5952
186.103.159.187 - - [25/Jun/2018:12:39:08 -0300] "GET /cormun/static/about:blank HTTP/1.1" 404 1011
186.103.159.187 - - [25/Jun/2018:12:39:09 -0300] "GET /cormun/servlet/solicitudotadjuntos?INS,2018,11786,,1, HTTP/1.1" 200 5945
186.103.159.187 - - [25/Jun/2018:12:39:09 -0300] "GET /cormun/servlet/solicitudotadjuntos?444277a01092f66787fabdefb84d1a4ad16198e1a3c56a0db88e4c1940301f136ddf8fc992cc863fb63fde4d55b399e4,gx-no-cache=1529941138899 HTTP/1.1" 200 30
186.103.159.187 - - [25/Jun/2018:12:39:10 -0300] "POST /cormun/servlet/solicitudotadjuntos?6e0b03d03b52d95e359382af9e70a560,INS,2018,11786,,1,,gx-no-cache=1529941139610 HTTP/1.1" 200 3819
186.103.159.187 - - [25/Jun/2018:12:39:13 -0300] "POST /cormun/servlet/solicitudotadjuntos?gx-no-cache=1529941142106 HTTP/1.1" 200 26
186.103.159.46 - - [25/Jun/2018:12:39:16 -0300] "GET /cormun/servlet/trautorizarsolicitud? HTTP/1.1" 200 7251
186.103.159.46 - - [25/Jun/2018:12:39:17 -0300] "GET /cormun/servlet/trautorizarsolicitud? HTTP/1.1" 200 7251
186.103.159.46 - - [25/Jun/2018:12:39:23 -0300] "GET /cormun/servlet/trlicencias? HTTP/1.1" 200 12434
200.111.191.210 - - [25/Jun/2018:12:39:24 -0300] "GET /cormun/servlet/hlogin HTTP/1.1" 200 1717
200.111.191.210 - - [25/Jun/2018:12:39:24 -0300] "GET /cormun/servlet/hlogin HTTP/1.1" 200 1727
186.103.159.46 - - [25/Jun/2018:12:39:25 -0300] "GET /cormun/servlet/trlicencias? HTTP/1.1" 200 12426
186.103.159.182 - - [25/Jun/2018:12:39:25 -0300] "GET /cormun/servlet/alicenciaprn?13718092,L,20180625000000,PU HTTP/1.1" 200 1544
186.103.159.230 - - [25/Jun/2018:12:39:26 -0300] "GET /cormun/static/Resources/resize.gif HTTP/1.1" 200 77
192.168.10.96 - - [25/Jun/2018:12:39:26 -0300] "POST /cormun/servlet/trsolicitudgral?ed01ef1f993ae7c5ce242b3c6de0d594,,gx-no-cache=1529940962877 HTTP/1.1" 200 7275
186.103.159.230 - - [25/Jun/2018:12:39:27 -0300] "GET /cormun/servlet/prfichaempleado?,MD,,gxPopupLevel%3D0%3B HTTP/1.1" 200 9334
186.103.159.230 - - [25/Jun/2018:12:39:27 -0300] "GET /cormun/static/gxcfg.js?20177612134814 HTTP/1.1" 200 953
186.103.159.230 - - [25/Jun/2018:12:39:27 -0300] "GET /cormun/static/Resources/PXToolsMenuSearch.png HTTP/1.1" 200 2914
186.103.159.230 - - [25/Jun/2018:12:39:27 -0300] "GET /cormun/static/Resources/PXToolsMenuSearchCancel.png HTTP/1.1" 200 2972
186.103.159.230 - - [25/Jun/2018:12:39:27 -0300] "GET /cormun/static/prfichaempleado.js?20177612134999 HTTP/1.1" 200 16006
186.103.159.230 - - [25/Jun/2018:12:39:27 -0300] "GET /cormun/static/menusearch.js?201610171694467 HTTP/1.1" 200 1424
186.103.159.230 - - [25/Jun/2018:12:39:27 -0300] "GET /cormun/static/hmpwkw011.js?20177612121862 HTTP/1.1" 200 1968
200.111.191.210 - - [25/Jun/2018:12:39:28 -0300] "POST /cormun/servlet/hlogin?a14e7caa987277d74307c0bc562b733d,gx-no-cache=1529941180117 HTTP/1.1" 200 90
200.111.191.210 - - [25/Jun/2018:12:39:28 -0300] "GET /cormun/servlet/hpexe_link HTTP/1.1" 200 947
200.111.191.210 - - [25/Jun/2018:12:39:28 -0300] "GET /cormun/servlet/hhome HTTP/1.1" 200 3954
200.111.191.210 - - [25/Jun/2018:12:39:29 -0300] "GET /cormun/servlet/hhome HTTP/1.1" 200 3951
192.168.10.96 - - [25/Jun/2018:12:39:30 -0300] "POST /cormun/servlet/trsolicitudgral?ed01ef1f993ae7c5ce242b3c6de0d594,,gx-no-cache=1529940967061 HTTP/1.1" 200 7301
200.111.191.210 - - [25/Jun/2018:12:39:32 -0300] "GET /cormun/servlet/trsolicitudot? HTTP/1.1" 200 7167
192.168.10.96 - - [25/Jun/2018:12:39:32 -0300] "GET /cormun/servlet/vesolicitudgral?2018,11732,, HTTP/1.1" 200 9348
192.168.10.96 - - [25/Jun/2018:12:39:33 -0300] "GET /cormun/pexe_scrolldiv.js HTTP/1.1" 404 1009
192.168.10.96 - - [25/Jun/2018:12:39:33 -0300] "GET /cormun/pexe_scrolldiv.js HTTP/1.1" 404 1009
200.111.191.210 - - [25/Jun/2018:12:39:33 -0300] "GET /cormun/servlet/trsolicitudot? HTTP/1.1" 200 7167
192.168.10.96 - - [25/Jun/2018:12:39:33 -0300] "GET /cormun/servlet/vesolicitudgral?2018,11732,, HTTP/1.1" 200 9347
192.168.10.96 - - [25/Jun/2018:12:39:34 -0300] "GET /cormun/servlet/vesolicitudgral?2018,11732,,SolicitudOTAdjuntos HTTP/1.1" 200 11376
192.168.10.96 - - [25/Jun/2018:12:39:34 -0300] "GET /cormun/pexe_scrolldiv.js HTTP/1.1" 404 1009
192.168.10.96 - - [25/Jun/2018:12:39:34 -0300] "GET /cormun/pexe_scrolldiv.js HTTP/1.1" 404 1009
192.168.10.96 - - [25/Jun/2018:12:39:35 -0300] "GET /cormun/servlet/vesolicitudgral?2018,11732,,SolicitudOTAdjuntos HTTP/1.1" 200 11378
186.103.159.187 - - [25/Jun/2018:12:39:35 -0300] "GET /cormun/servlet/solicitudotadjuntos?444277a01092f66787fabdefb84d1a4a6579a071f2433373006cd2e44cda1374,gx-no-cache=1529941164300 HTTP/1.1" 200 30
186.103.159.187 - - [25/Jun/2018:12:39:35 -0300] "GET /cormun/servlet/solicitudotadjuntos?444277a01092f66787fabdefb84d1a4a6579a071f2433373006cd2e44cda1374,gx-no-cache=1529941164639 HTTP/1.1" 200 30
192.168.10.96 - - [25/Jun/2018:12:39:36 -0300] "POST /cormun/servlet/acontrolpreferencessavestate?None,DZAMUDIO,true HTTP/1.1" 200 35
186.103.159.187 - - [25/Jun/2018:12:39:36 -0300] "POST /cormun/servlet/solicitudotadjuntos?6e0b03d03b52d95e359382af9e70a560,INS,2018,11786,,1, HTTP/1.1" 200 116
192.168.10.96 - - [25/Jun/2018:12:39:36 -0300] "GET /cormun/PublicTempStorage/fotocopia_cedula_identidad201806192682706.pdf HTTP/1.1" 200 104159
186.103.159.187 - - [25/Jun/2018:12:39:36 -0300] "GET /cormun/servlet/hpexe_return? HTTP/1.1" 200 1023
186.103.159.46 - - [25/Jun/2018:12:39:36 -0300] "GET /cormun/servlet/trautorizarpermisogoce? HTTP/1.1" 200 6965
186.103.159.187 - - [25/Jun/2018:12:39:37 -0300] "GET /cormun/servlet/trsolicitudadjuntos?2018,11786, HTTP/1.1" 200 8441
186.103.159.46 - - [25/Jun/2018:12:39:37 -0300] "GET /cormun/servlet/trautorizarpermisogoce? HTTP/1.1" 200 6965
186.103.159.187 - - [25/Jun/2018:12:39:38 -0300] "GET /cormun/servlet/trsolicitudadjuntos?2018,11786, HTTP/1.1" 200 8438
200.111.191.210 - - [25/Jun/2018:12:39:38 -0300] "POST /cormun/servlet/trsolicitudot?a14e7caa987277d74307c0bc562b733d,,gx-no-cache=1529941189809 HTTP/1.1" 200 10161
200.111.191.210 - - [25/Jun/2018:12:39:40 -0300] "GET /cormun/servlet/vesolicitudot?2018,11778,, HTTP/1.1" 200 8323
200.111.191.210 - - [25/Jun/2018:12:39:40 -0300] "GET /cormun/pexe_scrolldiv.js HTTP/1.1" 404 1009
200.111.191.210 - - [25/Jun/2018:12:39:40 -0300] "GET /cormun/pexe_scrolldiv.js HTTP/1.1" 404 1009
186.103.159.187 - - [25/Jun/2018:12:39:40 -0300] "GET /cormun/servlet/solicitudotadjuntos?INS,2018,11786,,1, HTTP/1.1" 200 5951
186.103.159.230 - - [25/Jun/2018:12:39:41 -0300] "POST /cormun/servlet/prfichaempleado?64d3ce3fdf2f96347331cb3f2b859ab6,,MD,,gxPopupLevel%3D0%3B,gx-no-cache=1529941114652 HTTP/1.1" 200 3415
200.111.191.210 - - [25/Jun/2018:12:39:41 -0300] "GET /cormun/servlet/vesolicitudot?2018,11778,, HTTP/1.1" 200 8323
186.103.159.187 - - [25/Jun/2018:12:39:41 -0300] "GET /cormun/static/about:blank HTTP/1.1" 404 1011
186.103.159.187 - - [25/Jun/2018:12:39:41 -0300] "GET /cormun/servlet/solicitudotadjuntos?INS,2018,11786,,1, HTTP/1.1" 200 5944
186.103.159.187 - - [25/Jun/2018:12:39:42 -0300] "GET /cormun/servlet/solicitudotadjuntos?444277a01092f66787fabdefb84d1a4ad16198e1a3c56a0db88e4c1940301f136ddf8fc992cc863fb63fde4d55b399e4,gx-no-cache=1529941171330 HTTP/1.1" 200 30
192.168.10.96 - - [25/Jun/2018:12:39:42 -0300] "GET /cormun/servlet/vesolicitudgral?2018,11732,,SolicitudOTAdjuntos HTTP/1.1" 200 11377
186.103.159.187 - - [25/Jun/2018:12:39:42 -0300] "POST /cormun/servlet/solicitudotadjuntos?6e0b03d03b52d95e359382af9e70a560,INS,2018,11786,,1,,gx-no-cache=1529941171381 HTTP/1.1" 200 3819
192.168.10.96 - - [25/Jun/2018:12:39:42 -0300] "GET /cormun/servlet/vesolicitudgral?2018,11732,,SolicitudOTAdjuntos HTTP/1.1" 200 11374
200.111.191.210 - - [25/Jun/2018:12:39:42 -0300] "GET /cormun/servlet/vesolicitudot?2018,11778,,SolicitudOTLog HTTP/1.1" 200 9329
200.111.191.210 - - [25/Jun/2018:12:39:42 -0300] "GET /cormun/pexe_scrolldiv.js HTTP/1.1" 404 1009
200.111.191.210 - - [25/Jun/2018:12:39:42 -0300] "GET /cormun/static/tbsolicitudot03.js?20177611592012 HTTP/1.1" 200 13332
200.111.191.210 - - [25/Jun/2018:12:39:43 -0300] "GET /cormun/static/Resources/PXToolsTabLastSelected.png HTTP/1.1" 200 1262
200.111.191.210 - - [25/Jun/2018:12:39:43 -0300] "GET /cormun/static/gxui/gxui-all.css HTTP/1.1" 200 2179
200.111.191.210 - - [25/Jun/2018:12:39:43 -0300] "GET /cormun/static/Resources/PXToolsTabFirstUnselected.png HTTP/1.1" 200 1264
200.111.191.210 - - [25/Jun/2018:12:39:43 -0300] "GET /cormun/static/Resources/PXToolsTabUnselectedSelected.png HTTP/1.1" 200 1444
200.111.191.210 - - [25/Jun/2018:12:39:43 -0300] "GET /cormun/static/Shared/ext/resources/css/ext-all.css HTTP/1.1" 200 416045
200.111.191.210 - - [25/Jun/2018:12:39:43 -0300] "GET /cormun/servlet/vesolicitudot?2018,11778,,SolicitudOTLog HTTP/1.1" 200 9330
192.168.10.96 - - [25/Jun/2018:12:39:43 -0300] "POST /cormun/servlet/acontrolpreferencessavestate?None,DZAMUDIO,true HTTP/1.1" 200 35
186.103.159.46 - - [25/Jun/2018:12:39:43 -0300] "POST /cormun/servlet/trautorizarpermisogoce?ddd04b575f83e27a5044ed8e8cc83911,,gx-no-cache=1529941116943 HTTP/1.1" 200 6738
200.111.191.210 - - [25/Jun/2018:12:39:44 -0300] "POST /cormun/servlet/acontrolpreferencessavestate?None,CA-7,true HTTP/1.1" 200 35
192.168.10.96 - - [25/Jun/2018:12:39:44 -0300] "GET /cormun/PublicTempStorage/licencia_educacion_media201806199017881.pdf HTTP/1.1" 200 148029
186.103.159.230 - - [25/Jun/2018:12:39:46 -0300] "GET /cormun/servlet/permisogoce?8e6c886ce519ad636b95eeb44537f7877ca64797f4421777c2dfed16e7a2a1a295025debe764d85a414e210a00373694,gx-no-cache=1529941120231 HTTP/1.1" 200 83
200.111.191.210 - - [25/Jun/2018:12:39:48 -0300] "GET /cormun/servlet/vesolicitudot?2018,11778,, HTTP/1.1" 200 8323
192.168.10.96 - - [25/Jun/2018:12:39:48 -0300] "GET /cormun/servlet/vesolicitudgral?2018,11732,,SolicitudOTAdjuntos HTTP/1.1" 200 11380
200.111.191.210 - - [25/Jun/2018:12:39:48 -0300] "GET /cormun/servlet/vesolicitudot?2018,11778,, HTTP/1.1" 200 8323
192.168.10.96 - - [25/Jun/2018:12:39:49 -0300] "GET /cormun/servlet/vesolicitudgral?2018,11732,,SolicitudOTAdjuntos HTTP/1.1" 200 11379
192.168.10.96 - - [25/Jun/2018:12:39:49 -0300] "POST /cormun/servlet/acontrolpreferencessavestate?None,DZAMUDIO,true HTTP/1.1" 200 35
200.111.191.210 - - [25/Jun/2018:12:39:50 -0300] "GET /cormun/servlet/trsolicitudot? HTTP/1.1" 200 13124
192.168.10.96 - - [25/Jun/2018:12:39:50 -0300] "GET /cormun/PublicTempStorage/certificado_afp201806196241361.pdf HTTP/1.1" 200 108727
200.111.191.210 - - [25/Jun/2018:12:39:50 -0300] "GET /cormun/servlet/trsolicitudot? HTTP/1.1" 200 13122
200.111.191.210 - - [25/Jun/2018:12:39:53 -0300] "GET /cormun/servlet/vesolicitudot?2018,11755,, HTTP/1.1" 200 8331
200.111.191.210 - - [25/Jun/2018:12:39:53 -0300] "GET /cormun/pexe_scrolldiv.js HTTP/1.1" 404 1009
200.111.191.210 - - [25/Jun/2018:12:39:54 -0300] "GET /cormun/servlet/vesolicitudot?2018,11755,, HTTP/1.1" 200 8331
192.168.10.96 - - [25/Jun/2018:12:39:54 -0300] "GET /cormun/servlet/vesolicitudgral?2018,11732,,SolicitudOTAdjuntos HTTP/1.1" 200 11374
192.168.10.96 - - [25/Jun/2018:12:39:54 -0300] "GET /cormun/servlet/vesolicitudgral?2018,11732,,SolicitudOTAdjuntos HTTP/1.1" 200 11372
192.168.10.96 - - [25/Jun/2018:12:39:55 -0300] "POST /cormun/servlet/acontrolpreferencessavestate?None,DZAMUDIO,true HTTP/1.1" 200 35
192.168.10.96 - - [25/Jun/2018:12:39:56 -0300] "GET /cormun/PublicTempStorage/certificado_fonasa20180619103646.pdf HTTP/1.1" 200 133641
200.111.191.210 - - [25/Jun/2018:12:39:56 -0300] "GET /cormun/servlet/vesolicitudot?2018,11755,,SolicitudOTLog HTTP/1.1" 200 9530
200.111.191.210 - - [25/Jun/2018:12:39:56 -0300] "GET /cormun/pexe_scrolldiv.js HTTP/1.1" 404 1009
200.111.191.210 - - [25/Jun/2018:12:39:56 -0300] "GET /cormun/servlet/vesolicitudot?2018,11755,,SolicitudOTLog HTTP/1.1" 200 9530
200.111.191.210 - - [25/Jun/2018:12:39:57 -0300] "POST /cormun/servlet/acontrolpreferencessavestate?None,CA-7,true HTTP/1.1" 200 35
186.103.159.187 - - [25/Jun/2018:12:39:57 -0300] "POST /cormun/servlet/solicitudotadjuntos?gx-no-cache=1529941186943 HTTP/1.1" 200 26
186.103.159.230 - - [25/Jun/2018:12:39:59 -0300] "GET /cormun/servlet/permisogoce?8e6c886ce519ad636b95eeb44537f787197b988e024750fc5a3f08a6fd7a3b2aa950a8353ac1d67887455975b64410bdb1608b425d66ba8e1595b06641b82de8,gx-no-cache=1529941132848 HTTP/1.1" 200 48
192.168.10.96 - - [25/Jun/2018:12:39:59 -0300] "GET /cormun/servlet/vesolicitudgral?2018,11732,,SolicitudOTAdjuntos HTTP/1.1" 200 11375
192.168.10.96 - - [25/Jun/2018:12:39:59 -0300] "GET /cormun/servlet/vesolicitudgral?2018,11732,,SolicitudOTAdjuntos HTTP/1.1" 200 11377
192.168.10.96 - - [25/Jun/2018:12:40:00 -0300] "POST /cormun/servlet/acontrolpreferencessavestate?None,DZAMUDIO,true HTTP/1.1" 200 35
200.111.191.210 - - [25/Jun/2018:12:40:00 -0300] "GET /cormun/servlet/vesolicitudot?2018,11755,, HTTP/1.1" 200 8331
192.168.10.89 - - [25/Jun/2018:12:40:00 -0300] "POST /cormun/servlet/trsolicitudgral?fe1151a259887f0f525626a8bbbe73ff,,gx-no-cache=1529940997102 HTTP/1.1" 200 7902
200.111.191.210 - - [25/Jun/2018:12:40:01 -0300] "GET /cormun/servlet/vesolicitudot?2018,11755,, HTTP/1.1" 200 8331
192.168.10.96 - - [25/Jun/2018:12:40:01 -0300] "GET /cormun/PublicTempStorage/certificado_de_antecedentes201806198177051.pdf HTTP/1.1" 200 183227
192.168.10.84 - - [25/Jun/2018:12:40:01 -0300] "GET /digitalizacion/servlet/wblogin HTTP/1.1" 200 2313
192.168.10.84 - - [25/Jun/2018:12:40:01 -0300] "GET /digitalizacion/static/RunJS/RunJS.js HTTP/1.1" 200 288
192.168.10.84 - - [25/Jun/2018:12:40:01 -0300] "GET /digitalizacion/static/PXToolsJavascripts/pexe_autoreload.js HTTP/1.1" 200 1762
192.168.10.84 - - [25/Jun/2018:12:40:01 -0300] "GET /digitalizacion/static/gxtimezone.js?85251 HTTP/1.1" 200 5780
192.168.10.84 - - [25/Jun/2018:12:40:01 -0300] "GET /digitalizacion/static/Resources/Spanish/PXTools.css?14224663 HTTP/1.1" 200 100831
192.168.10.84 - - [25/Jun/2018:12:40:01 -0300] "GET /digitalizacion/static/gxcfg.js?201842010284377 HTTP/1.1" 200 954
192.168.10.84 - - [25/Jun/2018:12:40:01 -0300] "GET /digitalizacion/static/PXToolsJavascripts/pexe_cookies.js HTTP/1.1" 200 792
192.168.10.84 - - [25/Jun/2018:12:40:01 -0300] "GET /digitalizacion/static/PXToolsJavascripts/pexe_windows.js HTTP/1.1" 200 15249
192.168.10.84 - - [25/Jun/2018:12:40:01 -0300] "GET /digitalizacion/static/PXToolsJavascripts/pexe_grid.js HTTP/1.1" 200 7559
192.168.10.84 - - [25/Jun/2018:12:40:01 -0300] "GET /digitalizacion/static/PXToolsJavascripts/pexe_griddivfix.js HTTP/1.1" 200 6946
192.168.10.84 - - [25/Jun/2018:12:40:01 -0300] "GET /digitalizacion/static/PXToolsJavascripts/pexe_link.js HTTP/1.1" 200 5671
192.168.10.84 - - [25/Jun/2018:12:40:01 -0300] "GET /digitalizacion/static/gxgral.js?85251 HTTP/1.1" 200 384558
192.168.10.84 - - [25/Jun/2018:12:40:01 -0300] "GET /digitalizacion/static/PXToolsJavascripts/pexe_menudivfix.js HTTP/1.1" 200 333
192.168.10.84 - - [25/Jun/2018:12:40:01 -0300] "GET /digitalizacion/static/PXToolsJavascripts/pexe_menus.js HTTP/1.1" 200 1286
192.168.10.84 - - [25/Jun/2018:12:40:01 -0300] "GET /digitalizacion/static/PXToolsJavascripts/pexe_layers.js HTTP/1.1" 200 4114
192.168.10.84 - - [25/Jun/2018:12:40:01 -0300] "GET /digitalizacion/static/PXToolsJavascripts/pexe_oav.js HTTP/1.1" 200 645
192.168.10.84 - - [25/Jun/2018:12:40:01 -0300] "GET /digitalizacion/static/PXToolsJavascripts/pexe_oavdivfix.js HTTP/1.1" 200 639
192.168.10.84 - - [25/Jun/2018:12:40:01 -0300] "GET /digitalizacion/static/PXToolsJavascripts/pexe_picture.js HTTP/1.1" 200 689
192.168.10.84 - - [25/Jun/2018:12:40:01 -0300] "GET /digitalizacion/static/PXToolsJavascripts/pexe_popup.js HTTP/1.1" 200 15149
192.168.10.84 - - [25/Jun/2018:12:40:01 -0300] "GET /digitalizacion/static/PXToolsJavascripts/pexe_scrolldiv.js HTTP/1.1" 200 4138
192.168.10.84 - - [25/Jun/2018:12:40:01 -0300] "GET /digitalizacion/static/PXToolsJavascripts/pexe_tabdivfix.js HTTP/1.1" 200 898
192.168.10.84 - - [25/Jun/2018:12:40:01 -0300] "GET /digitalizacion/static/PXToolsJavascripts/pexe_tabs.js HTTP/1.1" 200 3748
192.168.10.84 - - [25/Jun/2018:12:40:01 -0300] "GET /digitalizacion/static/PXToolsJavascripts/pexe_upload.js HTTP/1.1" 200 1423
192.168.10.84 - - [25/Jun/2018:12:40:01 -0300] "GET /digitalizacion/static/PXToolsJavascripts/PXToolsJavascriptsRender.js HTTP/1.1" 200 367
192.168.10.84 - - [25/Jun/2018:12:40:01 -0300] "GET /digitalizacion/static/wblogin.js?201842010284433 HTTP/1.1" 200 4267
192.168.10.84 - - [25/Jun/2018:12:40:01 -0300] "GET /digitalizacion/static/messages.spa.js?85251 HTTP/1.1" 200 35505
192.168.10.84 - - [25/Jun/2018:12:40:01 -0300] "GET /digitalizacion/static/hmplogin.js?201841414365131 HTTP/1.1" 200 907
192.168.10.84 - - [25/Jun/2018:12:40:01 -0300] "GET /digitalizacion/static/Resources/Comun33.png HTTP/1.1" 200 14839
200.111.191.210 - - [25/Jun/2018:12:40:01 -0300] "GET /cormun/servlet/trsolicitudot? HTTP/1.1" 200 13124
192.168.10.84 - - [25/Jun/2018:12:40:01 -0300] "GET /digitalizacion/static/Resources/PXToolsLoginTop.png HTTP/1.1" 200 1337
192.168.10.84 - - [25/Jun/2018:12:40:01 -0300] "GET /digitalizacion/static/Resources/PXToolsButtonLeft.png HTTP/1.1" 200 1310
192.168.10.84 - - [25/Jun/2018:12:40:01 -0300] "GET /digitalizacion/static/Resources/PXToolsButtonRight.png HTTP/1.1" 200 1294
192.168.10.84 - - [25/Jun/2018:12:40:01 -0300] "GET /digitalizacion/static/Resources/PXToolsLoginBottom.png HTTP/1.1" 200 1389
192.168.10.84 - - [25/Jun/2018:12:40:01 -0300] "GET /digitalizacion/static/Resources/PXToolsLoginBackground.png HTTP/1.1" 200 1164
192.168.10.84 - - [25/Jun/2018:12:40:01 -0300] "GET /digitalizacion/static/Resources/PXToolsButtonBackground.png HTTP/1.1" 200 1176
192.168.10.84 - - [25/Jun/2018:12:40:02 -0300] "GET /digitalizacion/static/Resources/indicator.gif HTTP/1.1" 200 1553
192.168.10.84 - - [25/Jun/2018:12:40:02 -0300] "GET /digitalizacion/servlet/wblogin HTTP/1.1" 200 2324
192.168.10.84 - - [25/Jun/2018:12:40:02 -0300] "GET /favicon.ico HTTP/1.1" 200 21630
200.111.191.210 - - [25/Jun/2018:12:40:02 -0300] "GET /cormun/servlet/trsolicitudot? HTTP/1.1" 200 13122
192.168.10.84 - - [25/Jun/2018:12:40:02 -0300] "GET /favicon.ico HTTP/1.1" 200 21630
200.111.191.210 - - [25/Jun/2018:12:40:04 -0300] "GET /cormun/servlet/vesolicitudot?2018,11754,, HTTP/1.1" 200 8355
200.111.191.210 - - [25/Jun/2018:12:40:04 -0300] "GET /cormun/pexe_scrolldiv.js HTTP/1.1" 404 1009
200.111.191.210 - - [25/Jun/2018:12:40:04 -0300] "GET /cormun/pexe_scrolldiv.js HTTP/1.1" 404 1009
200.111.191.210 - - [25/Jun/2018:12:40:05 -0300] "GET /cormun/servlet/vesolicitudot?2018,11754,, HTTP/1.1" 200 8354
192.168.10.96 - - [25/Jun/2018:12:40:05 -0300] "GET /cormun/servlet/vesolicitudgral?2018,11732,,SolicitudOTAdjuntos HTTP/1.1" 200 11375
192.168.10.96 - - [25/Jun/2018:12:40:05 -0300] "GET /cormun/servlet/vesolicitudgral?2018,11732,,SolicitudOTAdjuntos HTTP/1.1" 200 11375
192.168.10.96 - - [25/Jun/2018:12:40:06 -0300] "POST /cormun/servlet/acontrolpreferencessavestate?None,DZAMUDIO,true HTTP/1.1" 200 35
192.168.10.96 - - [25/Jun/2018:12:40:06 -0300] "GET /cormun/PublicTempStorage/curriculum_vitae201806199165353.pdf HTTP/1.1" 200 144264
186.103.159.230 - - [25/Jun/2018:12:40:06 -0300] "POST /cormun/servlet/permisogoce?64d3ce3fdf2f96347331cb3f2b859ab6,INS,0,,,,gx-no-cache=1529941140342 HTTP/1.1" 200 93
186.103.159.230 - - [25/Jun/2018:12:40:07 -0300] "GET /cormun/servlet/hpexe_return? HTTP/1.1" 200 1008
200.111.191.210 - - [25/Jun/2018:12:40:07 -0300] "POST /cormun/servlet/vesolicitudot?a14e7caa987277d74307c0bc562b733d,2018,11754,,,gx-no-cache=1529941218466 HTTP/1.1" 200 93
200.111.191.210 - - [25/Jun/2018:12:40:07 -0300] "GET /cormun/servlet/hpexe_return? HTTP/1.1" 200 1006
186.103.159.230 - - [25/Jun/2018:12:40:07 -0300] "GET /cormun/servlet/trpermisosgoce HTTP/1.1" 200 12806
200.111.191.210 - - [25/Jun/2018:12:40:07 -0300] "GET /cormun/servlet/trsolicitudot HTTP/1.1" 200 13126
200.111.191.210 - - [25/Jun/2018:12:40:07 -0300] "GET /cormun/servlet/trsolicitudot HTTP/1.1" 200 13121
186.103.159.230 - - [25/Jun/2018:12:40:08 -0300] "GET /cormun/servlet/trpermisosgoce HTTP/1.1" 200 12801
192.168.10.84 - - [25/Jun/2018:12:40:09 -0300] "POST /digitalizacion/servlet/wblogin?9869df2e77fd9327e0af240e58de2e66,gx-no-cache=1529941005254 HTTP/1.1" 200 837
186.103.159.187 - - [25/Jun/2018:12:40:09 -0300] "GET /cormun/servlet/solicitudotadjuntos?444277a01092f66787fabdefb84d1a4a6579a071f2433373006cd2e44cda1374,gx-no-cache=1529941199035 HTTP/1.1" 200 30
186.103.159.187 - - [25/Jun/2018:12:40:10 -0300] "GET /cormun/servlet/solicitudotadjuntos?444277a01092f66787fabdefb84d1a4a6579a071f2433373006cd2e44cda1374,gx-no-cache=1529941199058 HTTP/1.1" 200 30
200.111.191.210 - - [25/Jun/2018:12:40:10 -0300] "GET /cormun/servlet/vesolicitudot?2018,11753,, HTTP/1.1" 200 8364
200.111.191.210 - - [25/Jun/2018:12:40:10 -0300] "GET /cormun/pexe_scrolldiv.js HTTP/1.1" 404 1009
200.111.191.210 - - [25/Jun/2018:12:40:10 -0300] "GET /cormun/servlet/vesolicitudot?2018,11753,, HTTP/1.1" 200 8363
192.168.10.96 - - [25/Jun/2018:12:40:10 -0300] "GET /cormun/servlet/vesolicitudgral?2018,11732,,SolicitudOTAdjuntos HTTP/1.1" 200 11377
186.103.159.187 - - [25/Jun/2018:12:40:10 -0300] "POST /cormun/servlet/solicitudotadjuntos?6e0b03d03b52d95e359382af9e70a560,INS,2018,11786,,1, HTTP/1.1" 200 116
186.103.159.187 - - [25/Jun/2018:12:40:11 -0300] "GET /cormun/servlet/hpexe_return? HTTP/1.1" 200 1023
192.168.10.96 - - [25/Jun/2018:12:40:11 -0300] "GET /cormun/servlet/vesolicitudgral?2018,11732,,SolicitudOTAdjuntos HTTP/1.1" 200 11378
186.103.159.187 - - [25/Jun/2018:12:40:11 -0300] "GET /cormun/servlet/trsolicitudadjuntos?2018,11786, HTTP/1.1" 200 8669
192.168.10.96 - - [25/Jun/2018:12:40:12 -0300] "POST /cormun/servlet/acontrolpreferencessavestate?None,DZAMUDIO,true HTTP/1.1" 200 35
200.111.191.210 - - [25/Jun/2018:12:40:12 -0300] "POST /cormun/servlet/vesolicitudot?a14e7caa987277d74307c0bc562b733d,2018,11753,,,gx-no-cache=1529941223994 HTTP/1.1" 200 93
200.111.191.210 - - [25/Jun/2018:12:40:12 -0300] "GET /cormun/servlet/hpexe_return? HTTP/1.1" 200 1006
186.103.159.187 - - [25/Jun/2018:12:40:13 -0300] "GET /cormun/servlet/trsolicitudadjuntos?2018,11786, HTTP/1.1" 200 8668
200.111.191.210 - - [25/Jun/2018:12:40:13 -0300] "GET /cormun/servlet/trsolicitudot HTTP/1.1" 200 13126
200.111.191.210 - - [25/Jun/2018:12:40:13 -0300] "GET /cormun/servlet/trsolicitudot HTTP/1.1" 200 13121
192.168.10.84 - - [25/Jun/2018:12:40:13 -0300] "POST /digitalizacion/servlet/wblogin?9869df2e77fd9327e0af240e58de2e66,gx-no-cache=1529941010051 HTTP/1.1" 200 65
186.103.159.230 - - [25/Jun/2018:12:40:13 -0300] "GET /cormun/servlet/trpermisosadjuntos?9195811,20180625113529,P, HTTP/1.1" 200 6486
186.103.159.230 - - [25/Jun/2018:12:40:13 -0300] "GET /cormun/static/gxcfg.js?201762817193957 HTTP/1.1" 200 953
192.168.10.84 - - [25/Jun/2018:12:40:13 -0300] "GET /digitalizacion/servlet/hhome HTTP/1.1" 200 2824
186.103.159.230 - - [25/Jun/2018:12:40:13 -0300] "GET /cormun/static/trpermisosadjuntos.js?201762817194366 HTTP/1.1" 200 20158
186.103.159.230 - - [25/Jun/2018:12:40:14 -0300] "GET /cormun/static/Resources/Spanish/PXTools.css?17315867 HTTP/1.1" 200 89042
192.168.10.84 - - [25/Jun/2018:12:40:14 -0300] "GET /digitalizacion/static/SmoothNavMenu/resources/ddsmoothmenu-v.css?1012540 HTTP/1.1" 200 1188
192.168.10.84 - - [25/Jun/2018:12:40:14 -0300] "GET /digitalizacion/static/SmoothNavMenu/resources/ddsmoothmenu.css?1012540 HTTP/1.1" 200 2223
192.168.10.84 - - [25/Jun/2018:12:40:14 -0300] "GET /digitalizacion/static/scaMessage/css/jquery.pnotify.default.css?1716380 HTTP/1.1" 200 1707
192.168.10.84 - - [25/Jun/2018:12:40:14 -0300] "GET /digitalizacion/static/Shared/jqueryui/jquery-ui.min.css?1245370 HTTP/1.1" 200 30288
192.168.10.84 - - [25/Jun/2018:12:40:14 -0300] "GET /digitalizacion/static/gxui/gxui-all.css?110300 HTTP/1.1" 200 2179
192.168.10.84 - - [25/Jun/2018:12:40:14 -0300] "GET /digitalizacion/static/gxcfg.js?201841414272279 HTTP/1.1" 200 954
192.168.10.84 - - [25/Jun/2018:12:40:14 -0300] "GET /digitalizacion/static/hhome.js?201841414272287 HTTP/1.1" 200 740
192.168.10.84 - - [25/Jun/2018:12:40:14 -0300] "GET /digitalizacion/static/hwchdr01.js?20184141438371 HTTP/1.1" 200 887
192.168.10.84 - - [25/Jun/2018:12:40:14 -0300] "GET /digitalizacion/static/hpexe_scripts.js?201841414233682 HTTP/1.1" 200 1506
192.168.10.84 - - [25/Jun/2018:12:40:14 -0300] "GET /digitalizacion/static/hpexe_messagecontroller.js?201841414233665 HTTP/1.1" 200 857
192.168.10.84 - - [25/Jun/2018:12:40:14 -0300] "GET /digitalizacion/static/hpexe_messagegenexuscomponent.js?201841414233455 HTTP/1.1" 200 550
192.168.10.84 - - [25/Jun/2018:12:40:14 -0300] "GET /digitalizacion/static/hpexe_messagepopupcomponent.js?201841414233469 HTTP/1.1" 200 568
192.168.10.84 - - [25/Jun/2018:12:40:14 -0300] "GET /digitalizacion/static/gxui/gxui-all.js HTTP/1.1" 200 107772
192.168.10.84 - - [25/Jun/2018:12:40:14 -0300] "GET /digitalizacion/static/hpexe_messagegxuicomponent.js?201841414233441 HTTP/1.1" 200 1103
192.168.10.84 - - [25/Jun/2018:12:40:14 -0300] "GET /digitalizacion/static/Shared/jquery/jquery-1.4.2.min.js HTTP/1.1" 200 72174
192.168.10.84 - - [25/Jun/2018:12:40:14 -0300] "GET /digitalizacion/static/SmoothNavMenu/resources/ddsmoothmenu.js HTTP/1.1" 200 12712
192.168.10.84 - - [25/Jun/2018:12:40:14 -0300] "GET /digitalizacion/static/SmoothNavMenu/resources/SmoothNavMenuRender.js HTTP/1.1" 200 5951
192.168.10.84 - - [25/Jun/2018:12:40:14 -0300] "GET /digitalizacion/static/Shared/ext/resources/css/ext-all.css?205870 HTTP/1.1" 200 416045
192.168.10.84 - - [25/Jun/2018:12:40:14 -0300] "GET /digitalizacion/static/scaMessage/js/jquery.pnotify.min.js HTTP/1.1" 200 13038
192.168.10.84 - - [25/Jun/2018:12:40:14 -0300] "GET /digitalizacion/static/scaMessage/scaMessageRender.js HTTP/1.1" 200 2408
192.168.10.84 - - [25/Jun/2018:12:40:14 -0300] "GET /digitalizacion/static/Shared/jquery/jquery-1.10.2.min.js HTTP/1.1" 200 273199
192.168.10.84 - - [25/Jun/2018:12:40:14 -0300] "GET /digitalizacion/static/Shared/jqueryui/jquery-ui.min.js HTTP/1.1" 200 240427
192.168.10.84 - - [25/Jun/2018:12:40:14 -0300] "GET /digitalizacion/static/hmpwkw031.js?20184141427937 HTTP/1.1" 200 3800
192.168.10.84 - - [25/Jun/2018:12:40:14 -0300] "GET /digitalizacion/static/Resources/PXToolsHeaderHome.png HTTP/1.1" 200 1364
192.168.10.84 - - [25/Jun/2018:12:40:14 -0300] "GET /digitalizacion/static/Resources/CormunLogo2.png HTTP/1.1" 200 7733
192.168.10.84 - - [25/Jun/2018:12:40:14 -0300] "GET /digitalizacion/static/Resources/PXToolsHeaderLogin.png HTTP/1.1" 200 1432
192.168.10.84 - - [25/Jun/2018:12:40:14 -0300] "GET /digitalizacion/static/Shared/ext/ext-all.js HTTP/1.1" 200 1289687
192.168.10.84 - - [25/Jun/2018:12:40:14 -0300] "GET /digitalizacion/static/Resources/PXToolsHeaderPreferences.png HTTP/1.1" 200 1395
186.103.159.230 - - [25/Jun/2018:12:40:14 -0300] "GET /cormun/servlet/trpermisosadjuntos?9195811,20180625113529,P, HTTP/1.1" 200 6486
192.168.10.84 - - [25/Jun/2018:12:40:14 -0300] "GET /digitalizacion/static/Resources/PXToolsDataTitle.png HTTP/1.1" 200 1173
192.168.10.84 - - [25/Jun/2018:12:40:15 -0300] "GET /digitalizacion/static/SmoothNavMenu/resources/images/down.gif HTTP/1.1" 200 854
192.168.10.84 - - [25/Jun/2018:12:40:15 -0300] "GET /digitalizacion/servlet/hhome HTTP/1.1" 200 2822
186.103.159.187 - - [25/Jun/2018:12:40:15 -0300] "GET /cormun/servlet/solicitudotadjuntos?INS,2018,11786,,1, HTTP/1.1" 200 5951
186.103.159.187 - - [25/Jun/2018:12:40:16 -0300] "GET /cormun/static/about:blank HTTP/1.1" 404 1011
186.103.159.230 - - [25/Jun/2018:12:40:16 -0300] "GET /cormun/servlet/permisosadjuntos?INS,9195811,P,20180625113529,, HTTP/1.1" 200 5816
200.111.191.210 - - [25/Jun/2018:12:40:16 -0300] "GET /cormun/servlet/vesolicitudot?2018,11752,, HTTP/1.1" 200 8374
200.111.191.210 - - [25/Jun/2018:12:40:16 -0300] "GET /cormun/pexe_scrolldiv.js HTTP/1.1" 404 1009
186.103.159.230 - - [25/Jun/2018:12:40:16 -0300] "GET /cormun/static/gxcfg.js?201762717441171 HTTP/1.1" 200 953
200.111.191.210 - - [25/Jun/2018:12:40:16 -0300] "GET /cormun/pexe_scrolldiv.js HTTP/1.1" 404 1009
186.103.159.230 - - [25/Jun/2018:12:40:16 -0300] "GET /cormun/static/permisosadjuntos.js?201762717441184 HTTP/1.1" 200 8724
186.103.159.230 - - [25/Jun/2018:12:40:16 -0300] "GET /cormun/static/about:blank HTTP/1.1" 404 1011
200.111.191.210 - - [25/Jun/2018:12:40:16 -0300] "GET /cormun/servlet/vesolicitudot?2018,11752,, HTTP/1.1" 200 8373
186.103.159.230 - - [25/Jun/2018:12:40:16 -0300] "GET /cormun/servlet/permisosadjuntos?INS,9195811,P,20180625113529,, HTTP/1.1" 200 5806
