186.103.159.187 - - [25/Jun/2018:12:40:16 -0300] "GET /cormun/servlet/solicitudotadjuntos?INS,2018,11786,,1, HTTP/1.1" 200 5944
186.103.159.187 - - [25/Jun/2018:12:40:17 -0300] "GET /cormun/servlet/solicitudotadjuntos?444277a01092f66787fabdefb84d1a4ad16198e1a3c56a0db88e4c1940301f136ddf8fc992cc863fb63fde4d55b399e4,gx-no-cache=1529941206100 HTTP/1.1" 200 30
186.103.159.187 - - [25/Jun/2018:12:40:17 -0300] "POST /cormun/servlet/solicitudotadjuntos?6e0b03d03b52d95e359382af9e70a560,INS,2018,11786,,1,,gx-no-cache=1529941206194 HTTP/1.1" 200 3819
200.111.191.210 - - [25/Jun/2018:12:40:18 -0300] "GET /cormun/servlet/vesolicitudot?2018,11752,,SolicitudOTLog HTTP/1.1" 200 9023
200.111.191.210 - - [25/Jun/2018:12:40:18 -0300] "GET /cormun/pexe_scrolldiv.js HTTP/1.1" 404 1009
200.111.191.210 - - [25/Jun/2018:12:40:19 -0300] "GET /cormun/servlet/vesolicitudot?2018,11752,,SolicitudOTLog HTTP/1.1" 200 9024
200.111.191.210 - - [25/Jun/2018:12:40:19 -0300] "POST /cormun/servlet/acontrolpreferencessavestate?None,CA-7,true HTTP/1.1" 200 35
186.103.159.187 - - [25/Jun/2018:12:40:20 -0300] "POST /cormun/servlet/solicitudotadjuntos?gx-no-cache=1529941209893 HTTP/1.1" 200 26
200.111.191.210 - - [25/Jun/2018:12:40:21 -0300] "GET /cormun/servlet/vesolicitudot?2018,11752,, HTTP/1.1" 200 8374
200.111.191.210 - - [25/Jun/2018:12:40:21 -0300] "GET /cormun/servlet/vesolicitudot?2018,11752,, HTTP/1.1" 200 8373
200.111.191.210 - - [25/Jun/2018:12:40:23 -0300] "POST /cormun/servlet/vesolicitudot?a14e7caa987277d74307c0bc562b733d,2018,11752,,,gx-no-cache=1529941234678 HTTP/1.1" 200 93
200.111.191.210 - - [25/Jun/2018:12:40:23 -0300] "GET /cormun/servlet/hpexe_return? HTTP/1.1" 200 1006
200.111.191.210 - - [25/Jun/2018:12:40:23 -0300] "GET /cormun/servlet/trsolicitudot HTTP/1.1" 200 13126
192.168.10.84 - - [25/Jun/2018:12:40:23 -0300] "GET /digitalizacion/servlet/trdocumentos? HTTP/1.1" 200 9913
192.168.10.84 - - [25/Jun/2018:12:40:24 -0300] "GET /digitalizacion/static/gxcfg.js?20186221492466 HTTP/1.1" 200 954
192.168.10.84 - - [25/Jun/2018:12:40:24 -0300] "GET /digitalizacion/static/gxdec.js?85251 HTTP/1.1" 200 19729
192.168.10.84 - - [25/Jun/2018:12:40:24 -0300] "GET /digitalizacion/static/trdocumentos.js?20186221492798 HTTP/1.1" 200 22386
200.111.191.210 - - [25/Jun/2018:12:40:24 -0300] "GET /cormun/servlet/trsolicitudot HTTP/1.1" 200 13121
192.168.10.84 - - [25/Jun/2018:12:40:24 -0300] "GET /digitalizacion/static/Resources/PXToolsGridPreviousDisabled.gif HTTP/1.1" 200 90
192.168.10.84 - - [25/Jun/2018:12:40:24 -0300] "GET /digitalizacion/static/Resources/PXToolsGridFirstDisabled.gif HTTP/1.1" 200 100
192.168.10.84 - - [25/Jun/2018:12:40:24 -0300] "GET /digitalizacion/static/Resources/PXToolsGridPage.gif HTTP/1.1" 200 725
192.168.10.84 - - [25/Jun/2018:12:40:24 -0300] "GET /digitalizacion/static/Resources/PXToolsGridNextDisabled.gif HTTP/1.1" 200 90
192.168.10.84 - - [25/Jun/2018:12:40:24 -0300] "GET /digitalizacion/static/Resources/PXToolsDataSearch.png HTTP/1.1" 200 435
192.168.10.84 - - [25/Jun/2018:12:40:24 -0300] "GET /digitalizacion/static/Resources/PXToolsGridLastDisabled.gif HTTP/1.1" 200 98
192.168.10.84 - - [25/Jun/2018:12:40:24 -0300] "GET /digitalizacion/static/Resources/desc.gif HTTP/1.1" 200 65
192.168.10.84 - - [25/Jun/2018:12:40:24 -0300] "GET /digitalizacion/static/Resources/asc.gif HTTP/1.1" 200 67
192.168.10.84 - - [25/Jun/2018:12:40:24 -0300] "GET /digitalizacion//static/Resources/PXToolsGridDisplay.png HTTP/1.1" 200 525
192.168.10.84 - - [25/Jun/2018:12:40:24 -0300] "GET /digitalizacion/static/Shared/ext/resources/themes/images/default/tools/tool-sprites.gif HTTP/1.1" 200 5434
192.168.10.84 - - [25/Jun/2018:12:40:24 -0300] "GET /digitalizacion/static/Shared/ext/resources/themes/images/default/panel/bg-headersPanel.png HTTP/1.1" 200 255
192.168.10.84 - - [25/Jun/2018:12:40:25 -0300] "GET /digitalizacion/servlet/trdocumentos? HTTP/1.1" 200 9910
192.168.10.84 - - [25/Jun/2018:12:40:25 -0300] "POST /digitalizacion/servlet/trdocumentos?gx-no-cache=1529941021496 HTTP/1.1" 200 359
192.168.10.84 - - [25/Jun/2018:12:40:25 -0300] "POST /digitalizacion/servlet/trdocumentos?gx-no-cache=1529941021535 HTTP/1.1" 200 78
200.111.191.210 - - [25/Jun/2018:12:40:27 -0300] "GET /cormun/servlet/vesolicitudot?2018,11751,, HTTP/1.1" 200 8366
200.111.191.210 - - [25/Jun/2018:12:40:27 -0300] "GET /cormun/pexe_scrolldiv.js HTTP/1.1" 404 1009
200.111.191.210 - - [25/Jun/2018:12:40:27 -0300] "GET /cormun/servlet/vesolicitudot?2018,11751,, HTTP/1.1" 200 8366
200.111.191.210 - - [25/Jun/2018:12:40:30 -0300] "POST /cormun/servlet/vesolicitudot?a14e7caa987277d74307c0bc562b733d,2018,11751,,,gx-no-cache=1529941241345 HTTP/1.1" 200 93
200.111.191.210 - - [25/Jun/2018:12:40:30 -0300] "GET /cormun/servlet/hpexe_return? HTTP/1.1" 200 1005
200.111.191.210 - - [25/Jun/2018:12:40:30 -0300] "GET /cormun/servlet/trsolicitudot HTTP/1.1" 200 13126
200.111.191.210 - - [25/Jun/2018:12:40:30 -0300] "GET /cormun/servlet/trsolicitudot HTTP/1.1" 200 13121
186.103.159.187 - - [25/Jun/2018:12:40:31 -0300] "GET /cormun/servlet/solicitudotadjuntos?444277a01092f66787fabdefb84d1a4a6579a071f2433373006cd2e44cda1374,gx-no-cache=1529941220608 HTTP/1.1" 200 30
186.103.159.187 - - [25/Jun/2018:12:40:31 -0300] "GET /cormun/servlet/solicitudotadjuntos?444277a01092f66787fabdefb84d1a4a6579a071f2433373006cd2e44cda1374,gx-no-cache=1529941220634 HTTP/1.1" 200 30
186.103.159.187 - - [25/Jun/2018:12:40:31 -0300] "POST /cormun/servlet/solicitudotadjuntos?6e0b03d03b52d95e359382af9e70a560,INS,2018,11786,,1, HTTP/1.1" 200 116
186.103.159.187 - - [25/Jun/2018:12:40:32 -0300] "GET /cormun/servlet/hpexe_return? HTTP/1.1" 200 1023
186.103.159.187 - - [25/Jun/2018:12:40:32 -0300] "GET /cormun/servlet/trsolicitudadjuntos?2018,11786, HTTP/1.1" 200 8860
186.103.159.187 - - [25/Jun/2018:12:40:33 -0300] "GET /cormun/servlet/trsolicitudadjuntos?2018,11786, HTTP/1.1" 200 8858
186.103.159.182 - - [25/Jun/2018:12:40:34 -0300] "POST /cormun/servlet/trlicencias?8e581cefe44284d98c0f31452fe6c29d,,gx-no-cache=1529937511394 HTTP/1.1" 200 10836
186.103.159.182 - - [25/Jun/2018:12:40:35 -0300] "GET /cormun/static/Shared/jqueryui/images/ui-bg_highlight-soft_100_c6c2c8_1x100.png HTTP/1.1" 404 1117
186.103.159.182 - - [25/Jun/2018:12:40:35 -0300] "GET /cormun/static/Shared/jqueryui/images/ui-icons_82798d_256x240.png HTTP/1.1" 404 1089
186.103.159.182 - - [25/Jun/2018:12:40:35 -0300] "GET /cormun/static/Shared/jqueryui/images/ui-bg_flat_55_fafafa_40x100.png HTTP/1.1" 404 1097
186.103.159.182 - - [25/Jun/2018:12:40:35 -0300] "GET /cormun/static/Shared/jqueryui/images/ui-icons_8d78a5_256x240.png HTTP/1.1" 404 1089
186.103.159.187 - - [25/Jun/2018:12:40:35 -0300] "GET /cormun/servlet/solicitudotadjuntos?INS,2018,11786,,1, HTTP/1.1" 200 5951
186.103.159.187 - - [25/Jun/2018:12:40:36 -0300] "GET /cormun/static/about:blank HTTP/1.1" 404 1011
200.111.191.210 - - [25/Jun/2018:12:40:36 -0300] "GET /cormun/servlet/vesolicitudot?2018,11711,, HTTP/1.1" 200 8337
200.111.191.210 - - [25/Jun/2018:12:40:36 -0300] "GET /cormun/pexe_scrolldiv.js HTTP/1.1" 404 1009
186.103.159.187 - - [25/Jun/2018:12:40:36 -0300] "GET /cormun/servlet/solicitudotadjuntos?INS,2018,11786,,1, HTTP/1.1" 200 5944
200.111.191.210 - - [25/Jun/2018:12:40:36 -0300] "GET /cormun/servlet/vesolicitudot?2018,11711,, HTTP/1.1" 200 8337
186.103.159.187 - - [25/Jun/2018:12:40:37 -0300] "GET /cormun/servlet/solicitudotadjuntos?444277a01092f66787fabdefb84d1a4ad16198e1a3c56a0db88e4c1940301f136ddf8fc992cc863fb63fde4d55b399e4,gx-no-cache=1529941226247 HTTP/1.1" 200 30
186.103.159.187 - - [25/Jun/2018:12:40:37 -0300] "POST /cormun/servlet/solicitudotadjuntos?6e0b03d03b52d95e359382af9e70a560,INS,2018,11786,,1,,gx-no-cache=1529941226312 HTTP/1.1" 200 3819
192.168.10.84 - - [25/Jun/2018:12:40:38 -0300] "POST /digitalizacion/servlet/trdocumentos?gx-no-cache=1529941035111 HTTP/1.1" 200 155
186.103.159.187 - - [25/Jun/2018:12:40:41 -0300] "POST /cormun/servlet/solicitudotadjuntos?gx-no-cache=1529941230061 HTTP/1.1" 200 26
192.168.10.84 - - [25/Jun/2018:12:40:42 -0300] "POST /digitalizacion/servlet/trdocumentos?gx-no-cache=1529941038933 HTTP/1.1" 200 94
192.168.10.83 - - [25/Jun/2018:12:40:42 -0300] "GET /digitalizacion/servlet/wblogin HTTP/1.1" 200 2312
200.111.191.210 - - [25/Jun/2018:12:40:44 -0300] "GET /cormun/servlet/vesolicitudot?2018,11711,,SolicitudOTLog HTTP/1.1" 200 9303
200.111.191.210 - - [25/Jun/2018:12:40:44 -0300] "GET /cormun/pexe_scrolldiv.js HTTP/1.1" 404 1009
200.111.191.210 - - [25/Jun/2018:12:40:44 -0300] "GET /cormun/pexe_scrolldiv.js HTTP/1.1" 404 1009
200.111.191.210 - - [25/Jun/2018:12:40:44 -0300] "GET /cormun/servlet/vesolicitudot?2018,11711,,SolicitudOTLog HTTP/1.1" 200 9304
200.111.191.210 - - [25/Jun/2018:12:40:45 -0300] "POST /cormun/servlet/acontrolpreferencessavestate?None,CA-7,true HTTP/1.1" 200 35
192.168.10.84 - - [25/Jun/2018:12:40:46 -0300] "POST /digitalizacion/servlet/trdocumentos?9869df2e77fd9327e0af240e58de2e66,,gx-no-cache=1529941042130 HTTP/1.1" 200 3786
200.111.191.210 - - [25/Jun/2018:12:40:47 -0300] "GET /cormun/servlet/vesolicitudot?2018,11711,, HTTP/1.1" 200 8337
192.168.10.83 - - [25/Jun/2018:12:40:48 -0300] "POST /digitalizacion/servlet/wblogin?cf21cdfa3e1b18873b95a557c6bb881c,gx-no-cache=1529941044296 HTTP/1.1" 200 813
200.111.191.210 - - [25/Jun/2018:12:40:48 -0300] "GET /cormun/servlet/vesolicitudot?2018,11711,, HTTP/1.1" 200 8337
200.111.191.210 - - [25/Jun/2018:12:40:49 -0300] "GET /cormun/servlet/trsolicitudot HTTP/1.1" 200 13126
200.111.191.210 - - [25/Jun/2018:12:40:49 -0300] "GET /cormun/servlet/trsolicitudot HTTP/1.1" 200 13121
192.168.10.83 - - [25/Jun/2018:12:40:52 -0300] "POST /digitalizacion/servlet/wblogin?cf21cdfa3e1b18873b95a557c6bb881c,gx-no-cache=1529941048417 HTTP/1.1" 200 65
192.168.10.83 - - [25/Jun/2018:12:40:52 -0300] "GET /digitalizacion/servlet/hhome HTTP/1.1" 200 2823
192.168.10.83 - - [25/Jun/2018:12:40:52 -0300] "GET /digitalizacion/servlet/hhome HTTP/1.1" 200 2820
186.103.159.187 - - [25/Jun/2018:12:40:53 -0300] "GET /cormun/servlet/solicitudotadjuntos?444277a01092f66787fabdefb84d1a4a6579a071f2433373006cd2e44cda1374,gx-no-cache=1529941242243 HTTP/1.1" 200 30
186.103.159.187 - - [25/Jun/2018:12:40:53 -0300] "GET /cormun/servlet/solicitudotadjuntos?444277a01092f66787fabdefb84d1a4a6579a071f2433373006cd2e44cda1374,gx-no-cache=1529941242266 HTTP/1.1" 200 30
186.103.159.187 - - [25/Jun/2018:12:40:53 -0300] "POST /cormun/servlet/solicitudotadjuntos?6e0b03d03b52d95e359382af9e70a560,INS,2018,11786,,1, HTTP/1.1" 200 116
200.111.191.210 - - [25/Jun/2018:12:40:53 -0300] "GET /cormun/servlet/vesolicitudot?2018,11695,, HTTP/1.1" 200 8330
200.111.191.210 - - [25/Jun/2018:12:40:53 -0300] "GET /cormun/pexe_scrolldiv.js HTTP/1.1" 404 1009
186.103.159.187 - - [25/Jun/2018:12:40:53 -0300] "GET /cormun/servlet/hpexe_return? HTTP/1.1" 200 1023
200.111.191.210 - - [25/Jun/2018:12:40:53 -0300] "GET /cormun/servlet/vesolicitudot?2018,11695,, HTTP/1.1" 200 8330
186.103.159.187 - - [25/Jun/2018:12:40:54 -0300] "GET /cormun/servlet/trsolicitudadjuntos?2018,11786, HTTP/1.1" 200 9038
186.103.159.187 - - [25/Jun/2018:12:40:55 -0300] "GET /cormun/servlet/trsolicitudadjuntos?2018,11786, HTTP/1.1" 200 9033
200.111.191.210 - - [25/Jun/2018:12:40:55 -0300] "GET /cormun/servlet/trsolicitudot HTTP/1.1" 200 13122
200.111.191.210 - - [25/Jun/2018:12:40:56 -0300] "GET /cormun/servlet/trsolicitudot HTTP/1.1" 200 13121
186.103.159.187 - - [25/Jun/2018:12:40:57 -0300] "GET /cormun/servlet/solicitudotadjuntos?INS,2018,11786,,1, HTTP/1.1" 200 5951
186.103.159.187 - - [25/Jun/2018:12:40:58 -0300] "GET /cormun/static/about:blank HTTP/1.1" 404 1011
186.103.159.187 - - [25/Jun/2018:12:40:58 -0300] "GET /cormun/servlet/solicitudotadjuntos?INS,2018,11786,,1, HTTP/1.1" 200 5944
186.103.159.187 - - [25/Jun/2018:12:40:59 -0300] "GET /cormun/servlet/solicitudotadjuntos?444277a01092f66787fabdefb84d1a4ad16198e1a3c56a0db88e4c1940301f136ddf8fc992cc863fb63fde4d55b399e4,gx-no-cache=1529941248164 HTTP/1.1" 200 30
186.103.159.187 - - [25/Jun/2018:12:40:59 -0300] "POST /cormun/servlet/solicitudotadjuntos?6e0b03d03b52d95e359382af9e70a560,INS,2018,11786,,1,,gx-no-cache=1529941248195 HTTP/1.1" 200 3819
186.103.159.46 - - [25/Jun/2018:12:41:02 -0300] "POST /cormun/servlet/trautorizarpermisogoce?ddd04b575f83e27a5044ed8e8cc83911,,gx-no-cache=1529941195440 HTTP/1.1" 200 6758
186.103.159.46 - - [25/Jun/2018:12:41:02 -0300] "GET /cormun/static/Shared/jqueryui/images/ui-bg_highlight-soft_100_c6c2c8_1x100.png HTTP/1.1" 404 1117
186.103.159.46 - - [25/Jun/2018:12:41:02 -0300] "GET /cormun/static/Shared/jqueryui/images/ui-icons_82798d_256x240.png HTTP/1.1" 404 1089
186.103.159.46 - - [25/Jun/2018:12:41:02 -0300] "GET /cormun/static/Shared/jqueryui/images/ui-bg_flat_55_fafafa_40x100.png HTTP/1.1" 404 1097
186.103.159.46 - - [25/Jun/2018:12:41:02 -0300] "GET /cormun/static/Shared/jqueryui/images/ui-icons_8d78a5_256x240.png HTTP/1.1" 404 1089
186.103.159.187 - - [25/Jun/2018:12:41:02 -0300] "POST /cormun/servlet/solicitudotadjuntos?gx-no-cache=1529941251775 HTTP/1.1" 200 26
192.168.10.83 - - [25/Jun/2018:12:41:03 -0300] "GET /digitalizacion/servlet/trdocumentos? HTTP/1.1" 200 9908
192.168.10.83 - - [25/Jun/2018:12:41:03 -0300] "GET /digitalizacion/servlet/trdocumentos? HTTP/1.1" 200 9905
192.168.10.83 - - [25/Jun/2018:12:41:04 -0300] "POST /digitalizacion/servlet/trdocumentos?gx-no-cache=1529941060316 HTTP/1.1" 200 359
192.168.10.83 - - [25/Jun/2018:12:41:04 -0300] "POST /digitalizacion/servlet/trdocumentos?gx-no-cache=1529941060343 HTTP/1.1" 200 78
186.103.159.46 - - [25/Jun/2018:12:41:04 -0300] "POST /cormun/servlet/trautorizarpermisogoce?ddd04b575f83e27a5044ed8e8cc83911,,gx-no-cache=1529941198145 HTTP/1.1" 200 6759
186.103.159.230 - - [25/Jun/2018:12:41:05 -0300] "POST /cormun/servlet/permisosadjuntos?64d3ce3fdf2f96347331cb3f2b859ab6,INS,9195811,P,20180625113529,, HTTP/1.1" 200 116
186.103.159.230 - - [25/Jun/2018:12:41:05 -0300] "GET /cormun/servlet/hpexe_return? HTTP/1.1" 200 1035
186.103.159.230 - - [25/Jun/2018:12:41:05 -0300] "GET /cormun/servlet/trpermisosadjuntos?9195811,20180625113529,P, HTTP/1.1" 200 6971
186.103.159.230 - - [25/Jun/2018:12:41:08 -0300] "GET /cormun/servlet/trpermisosadjuntos?9195811,20180625113529,P, HTTP/1.1" 200 6968
200.111.191.210 - - [25/Jun/2018:12:41:09 -0300] "GET /cormun/servlet/vesolicitudot?2018,11609,, HTTP/1.1" 200 8298
200.111.191.210 - - [25/Jun/2018:12:41:09 -0300] "GET /cormun/servlet/vesolicitudot?2018,11609,, HTTP/1.1" 200 8298
200.111.191.210 - - [25/Jun/2018:12:41:09 -0300] "GET /cormun/pexe_scrolldiv.js HTTP/1.1" 404 1009
192.168.10.84 - - [25/Jun/2018:12:41:09 -0300] "GET /digitalizacion/servlet/wbadjunto?19958,PU HTTP/1.1" 302 -
200.111.191.210 - - [25/Jun/2018:12:41:09 -0300] "GET /cormun/servlet/vesolicitudot?2018,11609,, HTTP/1.1" 200 8292
192.168.10.84 - - [25/Jun/2018:12:41:10 -0300] "GET /digitalizacion/PublicTempStorage/8230984.tmp HTTP/1.1" 206 26707
192.168.10.84 - - [25/Jun/2018:12:41:10 -0300] "GET /digitalizacion/PublicTempStorage/8230984.tmp HTTP/1.1" 206 65536
192.168.10.84 - - [25/Jun/2018:12:41:11 -0300] "GET /digitalizacion/PublicTempStorage/8230984.tmp HTTP/1.1" 206 65536
192.168.10.84 - - [25/Jun/2018:12:41:11 -0300] "GET /digitalizacion/PublicTempStorage/8230984.tmp HTTP/1.1" 206 65536
192.168.10.84 - - [25/Jun/2018:12:41:11 -0300] "GET /digitalizacion/PublicTempStorage/8230984.tmp HTTP/1.1" 206 65536
192.168.10.84 - - [25/Jun/2018:12:41:11 -0300] "GET /digitalizacion/PublicTempStorage/8230984.tmp HTTP/1.1" 206 65536
192.168.10.84 - - [25/Jun/2018:12:41:11 -0300] "GET /digitalizacion/PublicTempStorage/8230984.tmp HTTP/1.1" 206 65536
192.168.10.84 - - [25/Jun/2018:12:41:11 -0300] "GET /digitalizacion/PublicTempStorage/8230984.tmp HTTP/1.1" 206 65536
192.168.10.84 - - [25/Jun/2018:12:41:11 -0300] "GET /digitalizacion/PublicTempStorage/8230984.tmp HTTP/1.1" 206 65536
192.168.10.84 - - [25/Jun/2018:12:41:11 -0300] "GET /digitalizacion/PublicTempStorage/8230984.tmp HTTP/1.1" 206 65536
192.168.10.84 - - [25/Jun/2018:12:41:11 -0300] "GET /digitalizacion/PublicTempStorage/8230984.tmp HTTP/1.1" 206 65536
192.168.10.84 - - [25/Jun/2018:12:41:12 -0300] "GET /digitalizacion/PublicTempStorage/8230984.tmp HTTP/1.1" 206 65536
186.103.159.187 - - [25/Jun/2018:12:41:12 -0300] "GET /cormun/servlet/solicitudotadjuntos?444277a01092f66787fabdefb84d1a4a6579a071f2433373006cd2e44cda1374,gx-no-cache=1529941261187 HTTP/1.1" 200 30
192.168.10.84 - - [25/Jun/2018:12:41:12 -0300] "GET /digitalizacion/PublicTempStorage/8230984.tmp HTTP/1.1" 206 65536
186.103.159.187 - - [25/Jun/2018:12:41:12 -0300] "GET /cormun/servlet/solicitudotadjuntos?444277a01092f66787fabdefb84d1a4a6579a071f2433373006cd2e44cda1374,gx-no-cache=1529941261260 HTTP/1.1" 200 30
192.168.10.84 - - [25/Jun/2018:12:41:12 -0300] "GET /digitalizacion/PublicTempStorage/8230984.tmp HTTP/1.1" 206 65536
186.103.159.46 - - [25/Jun/2018:12:41:12 -0300] "POST /cormun/servlet/trautorizarpermisogoce?ddd04b575f83e27a5044ed8e8cc83911,,gx-no-cache=1529941205419 HTTP/1.1" 200 4255
192.168.10.84 - - [25/Jun/2018:12:41:12 -0300] "GET /digitalizacion/PublicTempStorage/8230984.tmp HTTP/1.1" 206 65536
192.168.10.84 - - [25/Jun/2018:12:41:12 -0300] "GET /digitalizacion/PublicTempStorage/8230984.tmp HTTP/1.1" 206 65536
192.168.10.84 - - [25/Jun/2018:12:41:12 -0300] "GET /digitalizacion/PublicTempStorage/8230984.tmp HTTP/1.1" 206 65536
192.168.10.84 - - [25/Jun/2018:12:41:12 -0300] "GET /digitalizacion/PublicTempStorage/8230984.tmp HTTP/1.1" 206 65536
192.168.10.84 - - [25/Jun/2018:12:41:12 -0300] "GET /digitalizacion/PublicTempStorage/8230984.tmp HTTP/1.1" 206 65536
192.168.10.84 - - [25/Jun/2018:12:41:12 -0300] "GET /digitalizacion/PublicTempStorage/8230984.tmp HTTP/1.1" 206 65536
192.168.10.84 - - [25/Jun/2018:12:41:12 -0300] "GET /digitalizacion/PublicTempStorage/8230984.tmp HTTP/1.1" 206 65536
192.168.10.84 - - [25/Jun/2018:12:41:12 -0300] "GET /digitalizacion/PublicTempStorage/8230984.tmp HTTP/1.1" 206 65536
192.168.10.84 - - [25/Jun/2018:12:41:12 -0300] "GET /digitalizacion/PublicTempStorage/8230984.tmp HTTP/1.1" 206 65536
192.168.10.84 - - [25/Jun/2018:12:41:12 -0300] "GET /digitalizacion/PublicTempStorage/8230984.tmp HTTP/1.1" 206 65536
192.168.10.84 - - [25/Jun/2018:12:41:12 -0300] "GET /digitalizacion/PublicTempStorage/8230984.tmp HTTP/1.1" 206 65536
192.168.10.84 - - [25/Jun/2018:12:41:12 -0300] "GET /digitalizacion/PublicTempStorage/8230984.tmp HTTP/1.1" 206 65536
192.168.10.84 - - [25/Jun/2018:12:41:12 -0300] "GET /digitalizacion/PublicTempStorage/8230984.tmp HTTP/1.1" 206 65536
192.168.10.84 - - [25/Jun/2018:12:41:13 -0300] "GET /digitalizacion/PublicTempStorage/8230984.tmp HTTP/1.1" 206 65536
192.168.10.84 - - [25/Jun/2018:12:41:13 -0300] "GET /digitalizacion/PublicTempStorage/8230984.tmp HTTP/1.1" 206 65536
192.168.10.84 - - [25/Jun/2018:12:41:13 -0300] "GET /digitalizacion/PublicTempStorage/8230984.tmp HTTP/1.1" 206 65536
192.168.10.84 - - [25/Jun/2018:12:41:13 -0300] "GET /digitalizacion/PublicTempStorage/8230984.tmp HTTP/1.1" 206 65536
200.111.191.210 - - [25/Jun/2018:12:41:13 -0300] "GET /cormun/servlet/trsolicitudot HTTP/1.1" 200 13123
192.168.10.84 - - [25/Jun/2018:12:41:13 -0300] "GET /digitalizacion/PublicTempStorage/8230984.tmp HTTP/1.1" 206 65536
192.168.10.84 - - [25/Jun/2018:12:41:13 -0300] "GET /digitalizacion/PublicTempStorage/8230984.tmp HTTP/1.1" 206 65536
192.168.10.84 - - [25/Jun/2018:12:41:13 -0300] "GET /digitalizacion/PublicTempStorage/8230984.tmp HTTP/1.1" 200 42559571
186.103.159.187 - - [25/Jun/2018:12:41:13 -0300] "POST /cormun/servlet/solicitudotadjuntos?6e0b03d03b52d95e359382af9e70a560,INS,2018,11786,,1, HTTP/1.1" 200 116
200.111.191.210 - - [25/Jun/2018:12:41:13 -0300] "GET /cormun/servlet/trsolicitudot HTTP/1.1" 200 13121
186.103.159.187 - - [25/Jun/2018:12:41:13 -0300] "GET /cormun/servlet/hpexe_return? HTTP/1.1" 200 1023
200.111.191.210 - - [25/Jun/2018:12:41:14 -0300] "GET /cormun/servlet/vesolicitudot?2018,11751,, HTTP/1.1" 200 8366
186.103.159.187 - - [25/Jun/2018:12:41:14 -0300] "GET /cormun/servlet/trsolicitudadjuntos?2018,11786, HTTP/1.1" 200 9272
200.111.191.210 - - [25/Jun/2018:12:41:14 -0300] "GET /cormun/servlet/vesolicitudot?2018,11751,, HTTP/1.1" 200 8366
186.103.159.230 - - [25/Jun/2018:12:41:15 -0300] "GET /cormun/servlet/trpermisosgoce? HTTP/1.1" 200 12802
186.103.159.187 - - [25/Jun/2018:12:41:15 -0300] "GET /cormun/servlet/trsolicitudadjuntos?2018,11786, HTTP/1.1" 200 9270
186.103.159.230 - - [25/Jun/2018:12:41:16 -0300] "GET /cormun/servlet/trpermisosgoce? HTTP/1.1" 200 12801
192.168.10.83 - - [25/Jun/2018:12:41:16 -0300] "POST /digitalizacion/servlet/trdocumentos?gx-no-cache=1529941073161 HTTP/1.1" 200 155
186.103.159.187 - - [25/Jun/2018:12:41:18 -0300] "GET /cormun/servlet/solicitudotadjuntos?INS,2018,11786,,1, HTTP/1.1" 200 5951
186.103.159.187 - - [25/Jun/2018:12:41:18 -0300] "GET /cormun/static/about:blank HTTP/1.1" 404 1011
186.103.159.187 - - [25/Jun/2018:12:41:18 -0300] "GET /cormun/servlet/solicitudotadjuntos?INS,2018,11786,,1, HTTP/1.1" 200 5944
186.103.159.187 - - [25/Jun/2018:12:41:19 -0300] "GET /cormun/servlet/solicitudotadjuntos?444277a01092f66787fabdefb84d1a4ad16198e1a3c56a0db88e4c1940301f136ddf8fc992cc863fb63fde4d55b399e4,gx-no-cache=1529941268458 HTTP/1.1" 200 30
186.103.159.187 - - [25/Jun/2018:12:41:19 -0300] "POST /cormun/servlet/solicitudotadjuntos?6e0b03d03b52d95e359382af9e70a560,INS,2018,11786,,1,,gx-no-cache=1529941268490 HTTP/1.1" 200 3819
186.103.159.230 - - [25/Jun/2018:12:41:21 -0300] "POST /cormun/servlet/trpermisosgoce?64d3ce3fdf2f96347331cb3f2b859ab6,,gx-no-cache=1529941214046 HTTP/1.1" 200 9955
186.103.159.230 - - [25/Jun/2018:12:41:21 -0300] "GET /cormun/static/Shared/jqueryui/images/ui-bg_highlight-soft_100_c6c2c8_1x100.png HTTP/1.1" 404 1117
186.103.159.230 - - [25/Jun/2018:12:41:21 -0300] "GET /cormun/static/Shared/jqueryui/images/ui-icons_82798d_256x240.png HTTP/1.1" 404 1089
186.103.159.230 - - [25/Jun/2018:12:41:21 -0300] "GET /cormun/static/Shared/jqueryui/images/ui-bg_flat_55_fafafa_40x100.png HTTP/1.1" 404 1097
186.103.159.230 - - [25/Jun/2018:12:41:21 -0300] "GET /cormun/static/Shared/jqueryui/images/ui-icons_8d78a5_256x240.png HTTP/1.1" 404 1089
192.168.10.83 - - [25/Jun/2018:12:41:22 -0300] "POST /digitalizacion/servlet/trdocumentos?gx-no-cache=1529941078713 HTTP/1.1" 200 184
186.103.159.187 - - [25/Jun/2018:12:41:25 -0300] "POST /cormun/servlet/solicitudotadjuntos?gx-no-cache=1529941273993 HTTP/1.1" 200 26
192.168.10.83 - - [25/Jun/2018:12:41:30 -0300] "POST /digitalizacion/servlet/trdocumentos?cf21cdfa3e1b18873b95a557c6bb881c,,gx-no-cache=1529941086572 HTTP/1.1" 200 6583
186.103.159.230 - - [25/Jun/2018:12:41:42 -0300] "GET /cormun/servlet/permisogoce?INS,0,,, HTTP/1.1" 200 7018
186.103.159.230 - - [25/Jun/2018:12:41:42 -0300] "GET /cormun/servlet/permisogoce?INS,0,,, HTTP/1.1" 200 7018
186.103.159.230 - - [25/Jun/2018:12:41:46 -0300] "GET /cormun/servlet/prfichaempleado?,MD,,gxPopupLevel%3D0%3B HTTP/1.1" 200 9334
192.168.10.83 - - [25/Jun/2018:12:42:04 -0300] "GET /digitalizacion/servlet/wbadjunto?19968,PU HTTP/1.1" 302 -
192.168.10.83 - - [25/Jun/2018:12:42:05 -0300] "GET /digitalizacion/PublicTempStorage/7670421.tmp HTTP/1.1" 200 3403846
192.168.10.83 - - [25/Jun/2018:12:42:12 -0300] "GET /digitalizacion/servlet/hhome HTTP/1.1" 200 2847
192.168.10.83 - - [25/Jun/2018:12:42:12 -0300] "GET /digitalizacion/servlet/hhome HTTP/1.1" 200 2820
192.168.10.89 - - [25/Jun/2018:12:42:22 -0300] "GET /cormun/servlet/vesolicitudgral?2018,11600,, HTTP/1.1" 200 9527
192.168.10.89 - - [25/Jun/2018:12:42:22 -0300] "GET /cormun/pexe_scrolldiv.js HTTP/1.1" 404 1009
192.168.10.89 - - [25/Jun/2018:12:42:24 -0300] "GET /cormun/servlet/vesolicitudgral?2018,11600,,SolicitudOTLog HTTP/1.1" 200 10063
192.168.10.89 - - [25/Jun/2018:12:42:24 -0300] "GET /cormun/pexe_scrolldiv.js HTTP/1.1" 404 1009
78.108.177.50 - - [25/Jun/2018:12:42:25 -0300] "GET / HTTP/1.0" 200 11197
192.168.10.83 - - [25/Jun/2018:12:42:26 -0300] "GET /digitalizacion/servlet/trdocumentos? HTTP/1.1" 200 9647
192.168.10.89 - - [25/Jun/2018:12:42:26 -0300] "POST /cormun/servlet/acontrolpreferencessavestate?None,CDROGUETT,true HTTP/1.1" 200 35
192.168.10.83 - - [25/Jun/2018:12:42:26 -0300] "GET /digitalizacion/servlet/trdocumentos? HTTP/1.1" 200 9644
192.168.10.83 - - [25/Jun/2018:12:42:26 -0300] "POST /digitalizacion/servlet/trdocumentos?gx-no-cache=1529941143108 HTTP/1.1" 200 155
192.168.10.83 - - [25/Jun/2018:12:42:26 -0300] "POST /digitalizacion/servlet/trdocumentos?gx-no-cache=1529941143138 HTTP/1.1" 200 94
192.168.10.89 - - [25/Jun/2018:12:42:31 -0300] "POST /cormun/servlet/vesolicitudgral?fe1151a259887f0f525626a8bbbe73ff,2018,11600,,SolicitudOTLog,gx-no-cache=1529941147446 HTTP/1.1" 200 90
192.168.10.89 - - [25/Jun/2018:12:42:31 -0300] "GET /cormun/servlet/hpexe_link HTTP/1.1" 200 977
192.168.10.89 - - [25/Jun/2018:12:42:31 -0300] "GET /cormun/servlet/trsolicitudgral? HTTP/1.1" 200 11391
186.103.159.230 - - [25/Jun/2018:12:42:40 -0300] "POST /cormun/servlet/prfichaempleado?64d3ce3fdf2f96347331cb3f2b859ab6,,MD,,gxPopupLevel%3D0%3B,gx-no-cache=1529941294106 HTTP/1.1" 200 3175
186.103.159.230 - - [25/Jun/2018:12:42:50 -0300] "POST /cormun/servlet/prfichaempleado?64d3ce3fdf2f96347331cb3f2b859ab6,,MD,,gxPopupLevel%3D0%3B,gx-no-cache=1529941304331 HTTP/1.1" 200 3175
192.168.10.83 - - [25/Jun/2018:12:42:50 -0300] "POST /digitalizacion/servlet/trdocumentos?gx-no-cache=1529941167157 HTTP/1.1" 200 184
190.151.100.218 - - [25/Jun/2018:12:42:53 -0300] "GET /cormun/servlet/hlogin HTTP/1.1" 200 1724
186.103.132.155 - - [25/Jun/2018:12:42:53 -0300] "GET /cormun/static/gxcfg.js?20175251213516 HTTP/1.1" 200 953
200.72.197.82 - - [25/Jun/2018:12:42:53 -0300] "GET /cormun/static/gxtimezone.js?85251 HTTP/1.1" 200 5781
186.67.203.186 - - [25/Jun/2018:12:42:53 -0300] "GET /cormun/static/Resources/ComunLogin.png HTTP/1.1" 200 17326
186.103.161.206 - - [25/Jun/2018:12:42:53 -0300] "GET /cormun/static/messages.spa.js?85251 HTTP/1.1" 200 30736
186.67.203.186 - - [25/Jun/2018:12:42:53 -0300] "GET /cormun/static/hlogin.js?20175251213537 HTTP/1.1" 200 2136
190.151.100.218 - - [25/Jun/2018:12:42:53 -0300] "GET /cormun/static/Resources/Spanish/PXTools.css?11423723 HTTP/1.1" 200 89042
200.111.122.170 - - [25/Jun/2018:12:42:54 -0300] "GET /cormun/static/gxgral.js?85251 HTTP/1.1" 200 384558
200.111.122.170 - - [25/Jun/2018:12:42:54 -0300] "GET /cormun/static/Resources/PXToolsLoginBottom.png HTTP/1.1" 200 1389
186.103.161.206 - - [25/Jun/2018:12:42:54 -0300] "GET /cormun/static/Resources/PXToolsButtonLeft21.png HTTP/1.1" 200 1287
186.103.132.155 - - [25/Jun/2018:12:42:54 -0300] "GET /cormun/static/Resources/PXToolsLoginTop.png HTTP/1.1" 200 1337
200.72.197.82 - - [25/Jun/2018:12:42:54 -0300] "GET /cormun/static/Resources/PXToolsButtonBackground2.png HTTP/1.1" 200 1181
190.151.100.218 - - [25/Jun/2018:12:42:54 -0300] "GET /cormun/static/Resources/PXToolsLoginBackground.png HTTP/1.1" 200 1164
186.67.203.186 - - [25/Jun/2018:12:42:54 -0300] "GET /cormun/static/Resources/PXToolsButtonRight21.png HTTP/1.1" 200 1283
186.103.161.206 - - [25/Jun/2018:12:42:54 -0300] "GET /cormun/static/Resources/indicator.gif HTTP/1.1" 200 1553
186.103.161.206 - - [25/Jun/2018:12:42:56 -0300] "POST /cormun/servlet/hlogin?af98ce6e76134c1fad3d9a6a4d0716f8,gx-no-cache=1529941309393 HTTP/1.1" 200 90
186.103.161.206 - - [25/Jun/2018:12:42:56 -0300] "GET /cormun/servlet/hpexe_link HTTP/1.1" 200 951
186.67.203.186 - - [25/Jun/2018:12:42:56 -0300] "GET /cormun/static/hpexe_link.js?20177612121795 HTTP/1.1" 200 625
190.151.100.218 - - [25/Jun/2018:12:42:56 -0300] "GET /cormun/static/gxcfg.js?20177612121792 HTTP/1.1" 200 953
186.103.161.206 - - [25/Jun/2018:12:42:56 -0300] "GET /cormun/static/Resources/Spanish/PXTools.css?1155365 HTTP/1.1" 200 89042
186.103.161.206 - - [25/Jun/2018:12:42:56 -0300] "GET /cormun/servlet/hhome HTTP/1.1" 200 4140
186.67.203.186 - - [25/Jun/2018:12:42:57 -0300] "GET /cormun/static/SmoothNavMenu/resources/ddsmoothmenu-v.css?1012540 HTTP/1.1" 200 1188
200.111.122.170 - - [25/Jun/2018:12:42:57 -0300] "GET /cormun/static/PXToolsJavascripts/pexe_autoreload.js HTTP/1.1" 200 1762
200.72.197.82 - - [25/Jun/2018:12:42:57 -0300] "GET /cormun/static/gxcfg.js?20175251212442 HTTP/1.1" 200 953
186.103.132.155 - - [25/Jun/2018:12:42:57 -0300] "GET /cormun/static/scaMessage/css/jquery.pnotify.default.css?1716380 HTTP/1.1" 200 1707
190.151.100.218 - - [25/Jun/2018:12:42:57 -0300] "GET /cormun/static/SmoothNavMenu/resources/ddsmoothmenu.css?1012540 HTTP/1.1" 200 2223
186.103.161.206 - - [25/Jun/2018:12:42:57 -0300] "GET /cormun/static/Shared/jqueryui/jquery-ui.min.css?1245370 HTTP/1.1" 200 30288
186.67.203.186 - - [25/Jun/2018:12:42:57 -0300] "GET /cormun/static/PXToolsJavascripts/pexe_windows.js HTTP/1.1" 200 15207
186.103.132.155 - - [25/Jun/2018:12:42:57 -0300] "GET /cormun/static/PXToolsJavascripts/pexe_griddivfix.js HTTP/1.1" 200 6644
190.151.100.218 - - [25/Jun/2018:12:42:57 -0300] "GET /cormun/static/PXToolsJavascripts/pexe_link.js HTTP/1.1" 200 5671
200.72.197.82 - - [25/Jun/2018:12:42:57 -0300] "GET /cormun/static/PXToolsJavascripts/pexe_grid.js HTTP/1.1" 200 7559
200.111.122.170 - - [25/Jun/2018:12:42:57 -0300] "GET /cormun/static/PXToolsJavascripts/pexe_cookies.js HTTP/1.1" 200 792
186.103.161.206 - - [25/Jun/2018:12:42:57 -0300] "GET /cormun/static/PXToolsJavascripts/pexe_menudivfix.js HTTP/1.1" 200 333
186.103.159.230 - - [25/Jun/2018:12:42:57 -0300] "GET /cormun/servlet/prfichaempleado?,MD,,gxPopupLevel%3D0%3B HTTP/1.1" 200 9334
200.72.197.82 - - [25/Jun/2018:12:42:57 -0300] "GET /cormun/static/PXToolsJavascripts/pexe_layers.js HTTP/1.1" 200 4114
200.111.122.170 - - [25/Jun/2018:12:42:57 -0300] "GET /cormun/static/PXToolsJavascripts/pexe_oavdivfix.js HTTP/1.1" 200 639
186.103.132.155 - - [25/Jun/2018:12:42:57 -0300] "GET /cormun/static/PXToolsJavascripts/pexe_oav.js HTTP/1.1" 200 645
186.103.161.206 - - [25/Jun/2018:12:42:57 -0300] "GET /cormun/static/PXToolsJavascripts/pexe_picture.js HTTP/1.1" 200 689
186.67.203.186 - - [25/Jun/2018:12:42:57 -0300] "GET /cormun/static/PXToolsJavascripts/pexe_popup.js HTTP/1.1" 200 13458
190.151.100.218 - - [25/Jun/2018:12:42:57 -0300] "GET /cormun/static/PXToolsJavascripts/pexe_menus.js HTTP/1.1" 200 1286
200.111.122.170 - - [25/Jun/2018:12:42:57 -0300] "GET /cormun/static/PXToolsJavascripts/pexe_tabs.js HTTP/1.1" 200 3748
200.72.197.82 - - [25/Jun/2018:12:42:57 -0300] "GET /cormun/static/PXToolsJavascripts/pexe_scrolldiv.js HTTP/1.1" 200 4138
186.103.132.155 - - [25/Jun/2018:12:42:57 -0300] "GET /cormun/static/PXToolsJavascripts/pexe_tabdivfix.js HTTP/1.1" 200 876
186.103.161.206 - - [25/Jun/2018:12:42:57 -0300] "GET /cormun/static/PXToolsJavascripts/pexe_upload.js HTTP/1.1" 200 1423
190.151.100.218 - - [25/Jun/2018:12:42:57 -0300] "GET /cormun/static/Resources/logo4.png HTTP/1.1" 200 6582
186.67.203.186 - - [25/Jun/2018:12:42:57 -0300] "GET /cormun/static/PXToolsJavascripts/PXToolsJavascriptsRender.js HTTP/1.1" 200 367
186.103.132.155 - - [25/Jun/2018:12:42:57 -0300] "GET /cormun/static/Resources/PXToolsHeaderActionsLeft.png HTTP/1.1" 200 1118
186.103.161.206 - - [25/Jun/2018:12:42:57 -0300] "GET /cormun/static/RunJS/RunJS.js HTTP/1.1" 200 288
190.151.100.218 - - [25/Jun/2018:12:42:57 -0300] "GET /cormun/static/Shared/ext/locale/ext-lang-en.js HTTP/1.1" 200 10940
200.111.122.170 - - [25/Jun/2018:12:42:57 -0300] "GET /cormun/static/hhome.js?20175251212450 HTTP/1.1" 200 777
200.72.197.82 - - [25/Jun/2018:12:42:57 -0300] "GET /cormun/static/hwchdr01.js?201752511465785 HTTP/1.1" 200 1183
186.103.161.206 - - [25/Jun/2018:12:42:57 -0300] "GET /cormun/static/Resources/PXToolsFooterBackground2.png HTTP/1.1" 200 1172
190.151.100.218 - - [25/Jun/2018:12:42:58 -0300] "GET /cormun/static/Resources/PXToolsHeaderBackground2.png HTTP/1.1" 200 1174
200.111.122.170 - - [25/Jun/2018:12:42:58 -0300] "GET /cormun/static/Resources/PXToolsDataTitle.png HTTP/1.1" 200 1173
200.72.197.82 - - [25/Jun/2018:12:42:58 -0300] "GET /cormun/static/Resources/PXToolsHeaderActionsBackground.png HTTP/1.1" 200 484
186.103.161.206 - - [25/Jun/2018:12:42:58 -0300] "GET /cormun/static/Resources/PXToolsHeaderLogin.png HTTP/1.1" 200 4279
190.151.100.218 - - [25/Jun/2018:12:42:58 -0300] "GET /cormun/static/Resources/PXToolsHeaderPreferences.png HTTP/1.1" 200 4189
200.111.122.170 - - [25/Jun/2018:12:42:58 -0300] "GET /cormun/static/Resources/PXToolsHeaderSecurity.png HTTP/1.1" 200 4166
200.72.197.82 - - [25/Jun/2018:12:42:58 -0300] "GET /cormun/static/Resources/PXToolsHeaderActionsRight.png HTTP/1.1" 200 1201
186.103.161.206 - - [25/Jun/2018:12:42:58 -0300] "GET /cormun/static/Resources/PXToolsHeaderHome.png HTTP/1.1" 200 4147
186.103.132.155 - - [25/Jun/2018:12:42:58 -0300] "GET /cormun/static/gxui/gxui-all.js HTTP/1.1" 200 107772
200.111.191.210 - - [25/Jun/2018:12:42:58 -0300] "POST /cormun/servlet/vesolicitudot?a14e7caa987277d74307c0bc562b733d,2018,11751,,,gx-no-cache=1529941389648 HTTP/1.1" 200 93
186.103.161.206 - - [25/Jun/2018:12:42:58 -0300] "GET /cormun/static/hpexe_messagecontroller.js?20177611595012 HTTP/1.1" 200 870
200.72.197.82 - - [25/Jun/2018:12:42:58 -0300] "GET /cormun/static/hpexe_scripts.js?201752511465715 HTTP/1.1" 200 1544
200.111.122.170 - - [25/Jun/2018:12:42:58 -0300] "GET /cormun/static/hpexe_messagepopupcomponent.js?20161017169425 HTTP/1.1" 200 605
190.151.100.218 - - [25/Jun/2018:12:42:58 -0300] "GET /cormun/static/hpexe_recentlink.js?20177611595044 HTTP/1.1" 200 2144
200.111.191.210 - - [25/Jun/2018:12:42:58 -0300] "GET /cormun/servlet/hpexe_return? HTTP/1.1" 200 1005
200.72.197.82 - - [25/Jun/2018:12:42:58 -0300] "GET /cormun/static/hpexe_messagegenexuscomponent.js?201752511465344 HTTP/1.1" 200 587
186.103.161.206 - - [25/Jun/2018:12:42:58 -0300] "GET /cormun/static/cmcontrolpreferences.js?201752511465670 HTTP/1.1" 200 1375
200.111.191.210 - - [25/Jun/2018:12:42:58 -0300] "GET /cormun/servlet/trsolicitudot HTTP/1.1" 200 13126
200.72.197.82 - - [25/Jun/2018:12:42:59 -0300] "GET /cormun/static/Shared/jquery/jquery-1.4.2.min.js HTTP/1.1" 200 72174
200.111.191.210 - - [25/Jun/2018:12:42:59 -0300] "GET /cormun/servlet/trsolicitudot HTTP/1.1" 200 13121
186.103.132.155 - - [25/Jun/2018:12:42:59 -0300] "GET /cormun/static/SmoothNavMenu/resources/ddsmoothmenu.js HTTP/1.1" 200 12712
200.72.197.82 - - [25/Jun/2018:12:42:59 -0300] "GET /cormun/static/SmoothNavMenu/resources/SmoothNavMenuRender.js HTTP/1.1" 200 5951
186.103.161.206 - - [25/Jun/2018:12:42:59 -0300] "GET /cormun/static/Shared/jquery/jquery-1.10.2.min.js HTTP/1.1" 200 273199
186.103.132.155 - - [25/Jun/2018:12:42:59 -0300] "GET /cormun/static/scaMessage/js/jquery.pnotify.min.js HTTP/1.1" 200 13038
200.72.197.82 - - [25/Jun/2018:12:42:59 -0300] "GET /cormun/static/scaMessage/scaMessageRender.js HTTP/1.1" 200 11977
200.72.197.82 - - [25/Jun/2018:12:42:59 -0300] "GET /cormun/static/hmpwkw03.js?20177612122668 HTTP/1.1" 200 3965
186.67.203.186 - - [25/Jun/2018:12:43:01 -0300] "GET /cormun/static/Shared/ext/ext-all.js HTTP/1.1" 200 1289687
200.111.122.170 - - [25/Jun/2018:12:43:01 -0300] "GET /cormun/static/Shared/jqueryui/jquery-ui.min.js HTTP/1.1" 200 240427
190.151.100.218 - - [25/Jun/2018:12:43:02 -0300] "GET /cormun/static/SmoothNavMenu/resources/images/right.gif HTTP/1.1" 200 860
186.67.203.186 - - [25/Jun/2018:12:43:02 -0300] "GET /cormun/static/SmoothNavMenu/resources/images/down.gif HTTP/1.1" 200 854
200.111.122.170 - - [25/Jun/2018:12:43:02 -0300] "GET /cormun/servlet/hhome HTTP/1.1" 200 4136
192.168.10.83 - - [25/Jun/2018:12:43:05 -0300] "POST /digitalizacion/servlet/trdocumentos?cf21cdfa3e1b18873b95a557c6bb881c,,gx-no-cache=1529941181298 HTTP/1.1" 200 6583
200.111.122.170 - - [25/Jun/2018:12:43:06 -0300] "GET /cormun/servlet/trlicencias? HTTP/1.1" 200 9145
186.67.203.186 - - [25/Jun/2018:12:43:06 -0300] "GET /cormun/static/calendar-system.css?75620 HTTP/1.1" 200 5572
186.103.161.206 - - [25/Jun/2018:12:43:06 -0300] "GET /cormun/static/gxcfg.js?20176272054169 HTTP/1.1" 200 953
186.103.132.155 - - [25/Jun/2018:12:43:06 -0300] "GET /cormun/static/calendar.js?85251 HTTP/1.1" 200 26246
190.151.100.218 - - [25/Jun/2018:12:43:06 -0300] "GET /cormun/static/gxui/gxui-all.css?110300 HTTP/1.1" 200 2179
186.67.203.186 - - [25/Jun/2018:12:43:06 -0300] "GET /cormun/static/calendar-setup.js?85251 HTTP/1.1" 200 2588
186.103.161.206 - - [25/Jun/2018:12:43:06 -0300] "GET /cormun/static/calendar-es.js?85251 HTTP/1.1" 200 1901
190.151.100.218 - - [25/Jun/2018:12:43:06 -0300] "GET /cormun/static/Resources/PXTools/calendar.png HTTP/1.1" 200 1306
186.103.132.155 - - [25/Jun/2018:12:43:06 -0300] "GET /cormun/static/Resources/PXToolsDataSearch.png HTTP/1.1" 200 419
190.151.100.218 - - [25/Jun/2018:12:43:06 -0300] "GET /cormun/static/gxdec.js?85251 HTTP/1.1" 200 19579
186.103.132.155 - - [25/Jun/2018:12:43:07 -0300] "GET /cormun/static/trlicencias.js?20176272054837 HTTP/1.1" 200 41883
200.72.197.82 - - [25/Jun/2018:12:43:07 -0300] "GET /cormun/static/Resources/Spanish/PXTools.css?17315867 HTTP/1.1" 200 89042
190.151.100.218 - - [25/Jun/2018:12:43:07 -0300] "GET /cormun/static/Resources/PXToolsGridPreviousDisabled.gif HTTP/1.1" 200 90
186.103.132.155 - - [25/Jun/2018:12:43:07 -0300] "GET /cormun/static/Resources/PXToolsGridFirstDisabled.gif HTTP/1.1" 200 100
200.111.122.170 - - [25/Jun/2018:12:43:07 -0300] "GET /cormun/static/Shared/ext/resources/css/ext-all.css?205870 HTTP/1.1" 200 416045
186.103.132.155 - - [25/Jun/2018:12:43:07 -0300] "GET /cormun/static/Resources/PXToolsGridLastDisabled.gif HTTP/1.1" 200 98
190.151.100.218 - - [25/Jun/2018:12:43:07 -0300] "GET /cormun/static/Resources/PXToolsGridNextDisabled.gif HTTP/1.1" 200 90
186.103.132.155 - - [25/Jun/2018:12:43:07 -0300] "GET /cormun/static/Resources/PXToolsActionExcel.png HTTP/1.1" 200 3187
190.151.100.218 - - [25/Jun/2018:12:43:07 -0300] "GET /cormun/static/Resources/PXToolsGridPage.gif HTTP/1.1" 200 725
186.103.132.155 - - [25/Jun/2018:12:43:07 -0300] "GET /cormun/static/Resources/PXToolsGridNew.png HTTP/1.1" 200 2949
200.111.122.170 - - [25/Jun/2018:12:43:08 -0300] "GET /cormun/static/Resources/desc.gif HTTP/1.1" 200 65
186.67.203.186 - - [25/Jun/2018:12:43:08 -0300] "GET /cormun//static/Resources/PXTools/ActionInsert.png HTTP/1.1" 200 1482
200.72.197.82 - - [25/Jun/2018:12:43:08 -0300] "GET /cormun//static/Resources/PXToolsActionDisabled.gif HTTP/1.1" 200 53
190.151.100.218 - - [25/Jun/2018:12:43:08 -0300] "GET /cormun/static/Resources/asc.gif HTTP/1.1" 200 67
186.103.161.206 - - [25/Jun/2018:12:43:08 -0300] "GET /cormun//static/Resources/PXToolsGridDisplay.png HTTP/1.1" 200 362
186.103.132.155 - - [25/Jun/2018:12:43:08 -0300] "GET /cormun/servlet/trlicencias? HTTP/1.1" 200 9143
200.111.122.170 - - [25/Jun/2018:12:43:08 -0300] "GET /cormun//static/Resources/PXToolsActionPrint.png HTTP/1.1" 200 3317
186.67.203.186 - - [25/Jun/2018:12:43:08 -0300] "GET /cormun/static/Shared/ext/resources/themes/images/default/tools/tool-sprites.gif HTTP/1.1" 200 5434
200.72.197.82 - - [25/Jun/2018:12:43:08 -0300] "GET /cormun//static/Resources/PXToolsHeaderFavorites.png HTTP/1.1" 200 2744
186.103.132.155 - - [25/Jun/2018:12:43:08 -0300] "GET /cormun//static/Resources/PXToolsHeaderHelp.png HTTP/1.1" 200 4055
190.151.100.218 - - [25/Jun/2018:12:43:08 -0300] "GET /cormun/static/Shared/ext/resources/themes/images/default/panel/bg-headersPanel.png HTTP/1.1" 200 255
186.103.159.230 - - [25/Jun/2018:12:43:09 -0300] "POST /cormun/servlet/prfichaempleado?64d3ce3fdf2f96347331cb3f2b859ab6,,MD,,gxPopupLevel%3D0%3B,gx-no-cache=1529941323386 HTTP/1.1" 200 3388
192.168.10.83 - - [25/Jun/2018:12:43:13 -0300] "POST /digitalizacion/servlet/trdocumentos?gx-no-cache=1529941189292 HTTP/1.1" 200 94
186.103.159.230 - - [25/Jun/2018:12:43:16 -0300] "GET /cormun/servlet/permisogoce?8e6c886ce519ad636b95eeb44537f787b33ade19b4a111373a5aa1b2dfeb74705fbafeadb046743a159c5e1f91f58ece2c203b639a659aaf888f967174a59221,gx-no-cache=1529941329946 HTTP/1.1" 200 62
192.168.10.83 - - [25/Jun/2018:12:43:17 -0300] "POST /digitalizacion/servlet/trdocumentos?cf21cdfa3e1b18873b95a557c6bb881c,,gx-no-cache=1529941193479 HTTP/1.1" 200 3775
192.168.10.83 - - [25/Jun/2018:12:43:24 -0300] "POST /digitalizacion/servlet/trdocumentos?gx-no-cache=1529941200277 HTTP/1.1" 200 184
192.168.10.89 - - [25/Jun/2018:12:43:26 -0300] "POST /cormun/servlet/trsolicitudgral?fe1151a259887f0f525626a8bbbe73ff,,gx-no-cache=1529941202462 HTTP/1.1" 200 7276
192.168.10.83 - - [25/Jun/2018:12:43:29 -0300] "POST /digitalizacion/servlet/trdocumentos?cf21cdfa3e1b18873b95a557c6bb881c,,gx-no-cache=1529941205254 HTTP/1.1" 200 6583
186.103.159.230 - - [25/Jun/2018:12:43:30 -0300] "GET /cormun/servlet/permisogoce?8e6c886ce519ad636b95eeb44537f787a4d26415d9435194f712bb7713e1620d8c60d7ddf0c85e55a4173c9b5c157a82292e82e39720239cc8e6f3b76e5ce0cc,gx-no-cache=1529941344168 HTTP/1.1" 200 47
186.103.159.187 - - [25/Jun/2018:12:43:46 -0300] "GET /cormun/servlet/solicitudotadjuntos?444277a01092f66787fabdefb84d1a4a6579a071f2433373006cd2e44cda1374,gx-no-cache=1529941415558 HTTP/1.1" 200 30
186.103.159.187 - - [25/Jun/2018:12:43:46 -0300] "GET /cormun/servlet/solicitudotadjuntos?444277a01092f66787fabdefb84d1a4a6579a071f2433373006cd2e44cda1374,gx-no-cache=1529941415614 HTTP/1.1" 200 30
186.103.159.187 - - [25/Jun/2018:12:43:47 -0300] "POST /cormun/servlet/solicitudotadjuntos?6e0b03d03b52d95e359382af9e70a560,INS,2018,11786,,1, HTTP/1.1" 200 116
186.103.159.187 - - [25/Jun/2018:12:43:47 -0300] "GET /cormun/servlet/hpexe_return? HTTP/1.1" 200 1023
192.168.10.83 - - [25/Jun/2018:12:43:47 -0300] "GET /digitalizacion/servlet/wbadjunto?19968,PU HTTP/1.1" 302 -
186.103.159.187 - - [25/Jun/2018:12:43:47 -0300] "GET /cormun/servlet/trsolicitudadjuntos?2018,11786, HTTP/1.1" 200 9526
192.168.10.83 - - [25/Jun/2018:12:43:48 -0300] "GET /digitalizacion/PublicTempStorage/6220160.tmp HTTP/1.1" 200 3403846
186.103.159.187 - - [25/Jun/2018:12:43:50 -0300] "GET /cormun/servlet/trsolicitudadjuntos?2018,11786, HTTP/1.1" 200 9525
186.103.159.230 - - [25/Jun/2018:12:43:50 -0300] "POST /cormun/servlet/permisogoce?64d3ce3fdf2f96347331cb3f2b859ab6,INS,0,,,,gx-no-cache=1529941363109 HTTP/1.1" 200 93
186.103.159.230 - - [25/Jun/2018:12:43:50 -0300] "GET /cormun/servlet/hpexe_return? HTTP/1.1" 200 1009
186.103.159.230 - - [25/Jun/2018:12:43:50 -0300] "GET /cormun/servlet/trpermisosgoce? HTTP/1.1" 200 13037
186.103.159.230 - - [25/Jun/2018:12:43:50 -0300] "GET /cormun/servlet/trpermisosgoce? HTTP/1.1" 200 13032
186.103.159.187 - - [25/Jun/2018:12:43:53 -0300] "POST /cormun/servlet/trsolicitudadjuntos?6e0b03d03b52d95e359382af9e70a560,2018,11786,,gx-no-cache=1529941422800 HTTP/1.1" 200 90
186.103.159.187 - - [25/Jun/2018:12:43:53 -0300] "GET /cormun/servlet/hpexe_link HTTP/1.1" 200 965
186.103.159.187 - - [25/Jun/2018:12:43:54 -0300] "GET /cormun/servlet/trsolicitudot HTTP/1.1" 200 8926
186.103.159.230 - - [25/Jun/2018:12:43:54 -0300] "GET /cormun/servlet/trpermisosadjuntos?15123057,20180625113819,P, HTTP/1.1" 200 6476
186.103.159.187 - - [25/Jun/2018:12:43:55 -0300] "GET /cormun/servlet/trsolicitudot HTTP/1.1" 200 8925
186.103.159.230 - - [25/Jun/2018:12:43:55 -0300] "GET /cormun/servlet/trpermisosadjuntos?15123057,20180625113819,P, HTTP/1.1" 200 6476
192.168.10.83 - - [25/Jun/2018:12:43:57 -0300] "POST /digitalizacion/servlet/trdocumentos?cf21cdfa3e1b18873b95a557c6bb881c,,gx-no-cache=1529941233333 HTTP/1.1" 200 3223
192.168.10.83 - - [25/Jun/2018:12:43:57 -0300] "GET /digitalizacion/static/Resources/PXToolsGridPrevious.gif HTTP/1.1" 200 369
192.168.10.83 - - [25/Jun/2018:12:43:57 -0300] "GET /digitalizacion/static/Resources/PXToolsGridFirst.gif HTTP/1.1" 200 379
186.103.159.230 - - [25/Jun/2018:12:43:58 -0300] "GET /cormun/servlet/permisosadjuntos?INS,15123057,P,20180625113819,, HTTP/1.1" 200 5805
186.103.159.230 - - [25/Jun/2018:12:43:58 -0300] "GET /cormun/static/about:blank HTTP/1.1" 404 1011
186.103.159.230 - - [25/Jun/2018:12:43:58 -0300] "GET /cormun/servlet/permisosadjuntos?INS,15123057,P,20180625113819,, HTTP/1.1" 200 5794
192.168.10.83 - - [25/Jun/2018:12:44:01 -0300] "POST /digitalizacion/servlet/trdocumentos?cf21cdfa3e1b18873b95a557c6bb881c,,gx-no-cache=1529941238027 HTTP/1.1" 200 6554
192.168.10.83 - - [25/Jun/2018:12:44:03 -0300] "POST /digitalizacion/servlet/trdocumentos?cf21cdfa3e1b18873b95a557c6bb881c,,gx-no-cache=1529941239638 HTTP/1.1" 200 6631
192.168.10.83 - - [25/Jun/2018:12:44:05 -0300] "POST /digitalizacion/servlet/trdocumentos?cf21cdfa3e1b18873b95a557c6bb881c,,gx-no-cache=1529941241099 HTTP/1.1" 200 6604
186.103.159.187 - - [25/Jun/2018:12:44:08 -0300] "POST /cormun/servlet/trsolicitudot?6e0b03d03b52d95e359382af9e70a560,gx-no-cache=1529941437213 HTTP/1.1" 200 5662
186.103.159.187 - - [25/Jun/2018:12:44:08 -0300] "GET /cormun/static/Shared/jqueryui/images/ui-bg_highlight-soft_100_c6c2c8_1x100.png HTTP/1.1" 404 1117
186.103.159.187 - - [25/Jun/2018:12:44:08 -0300] "GET /cormun/static/Shared/jqueryui/images/ui-icons_82798d_256x240.png HTTP/1.1" 404 1089
186.103.159.187 - - [25/Jun/2018:12:44:08 -0300] "GET /cormun/static/Shared/jqueryui/images/ui-icons_8d78a5_256x240.png HTTP/1.1" 404 1089
186.103.159.187 - - [25/Jun/2018:12:44:08 -0300] "GET /cormun/static/Shared/jqueryui/images/ui-bg_flat_55_fafafa_40x100.png HTTP/1.1" 404 1097
186.103.159.187 - - [25/Jun/2018:12:44:08 -0300] "POST /cormun/servlet/trsolicitudot?6e0b03d03b52d95e359382af9e70a560,gx-no-cache=1529941437705 HTTP/1.1" 200 5603
157.55.39.117 - - [25/Jun/2018:12:44:10 -0300] "GET /cormun/servlet/trautorizarsolicitud HTTP/1.1" 200 6279
186.103.159.230 - - [25/Jun/2018:12:44:14 -0300] "POST /cormun/servlet/permisosadjuntos?64d3ce3fdf2f96347331cb3f2b859ab6,INS,15123057,P,20180625113819,, HTTP/1.1" 200 116
186.103.159.230 - - [25/Jun/2018:12:44:14 -0300] "GET /cormun/servlet/hpexe_return? HTTP/1.1" 200 1036
186.103.159.230 - - [25/Jun/2018:12:44:15 -0300] "GET /cormun/servlet/trpermisosadjuntos?15123057,20180625113819,P, HTTP/1.1" 200 6963
186.103.159.230 - - [25/Jun/2018:12:44:16 -0300] "GET /cormun/servlet/trpermisosadjuntos?15123057,20180625113819,P, HTTP/1.1" 200 6960
192.168.10.84 - - [25/Jun/2018:12:44:20 -0300] "POST /digitalizacion/servlet/trdocumentos?gx-no-cache=1529941256464 HTTP/1.1" 200 185
186.103.159.230 - - [25/Jun/2018:12:44:21 -0300] "GET /cormun/servlet/trpermisosgoce? HTTP/1.1" 200 13032
186.103.159.230 - - [25/Jun/2018:12:44:22 -0300] "GET /cormun/servlet/trpermisosgoce? HTTP/1.1" 200 13032
192.168.10.84 - - [25/Jun/2018:12:44:22 -0300] "POST /digitalizacion/servlet/trdocumentos?9869df2e77fd9327e0af240e58de2e66,,gx-no-cache=1529941258578 HTTP/1.1" 200 4397
186.103.159.230 - - [25/Jun/2018:12:44:27 -0300] "POST /cormun/servlet/trpermisosgoce?64d3ce3fdf2f96347331cb3f2b859ab6,,gx-no-cache=1529941400836 HTTP/1.1" 200 10168
186.103.159.230 - - [25/Jun/2018:12:44:27 -0300] "GET /cormun/static/Shared/jqueryui/images/ui-bg_highlight-soft_100_c6c2c8_1x100.png HTTP/1.1" 404 1117
186.103.159.230 - - [25/Jun/2018:12:44:27 -0300] "GET /cormun/static/Shared/jqueryui/images/ui-bg_flat_55_fafafa_40x100.png HTTP/1.1" 404 1097
186.103.159.230 - - [25/Jun/2018:12:44:27 -0300] "GET /cormun/static/Shared/jqueryui/images/ui-icons_8d78a5_256x240.png HTTP/1.1" 404 1089
186.103.159.230 - - [25/Jun/2018:12:44:27 -0300] "GET /cormun/static/Shared/jqueryui/images/ui-icons_82798d_256x240.png HTTP/1.1" 404 1089
207.46.13.75 - - [25/Jun/2018:12:44:28 -0300] "GET /cormun/static/PXToolsJavascripts/PXToolsJavascriptsRender.js HTTP/1.1" 200 367
207.46.13.75 - - [25/Jun/2018:12:44:28 -0300] "GET /cormun/static/PXToolsJavascripts/pexe_menus.js HTTP/1.1" 200 1286
207.46.13.75 - - [25/Jun/2018:12:44:28 -0300] "GET /cormun/static/PXToolsJavascripts/pexe_oavdivfix.js HTTP/1.1" 200 639
207.46.13.75 - - [25/Jun/2018:12:44:29 -0300] "GET /cormun/static/Resources/PXToolsDataSearch.png HTTP/1.1" 200 419
207.46.13.75 - - [25/Jun/2018:12:44:30 -0300] "GET /cormun/static/Resources/PXToolsGridPreviousDisabled.gif HTTP/1.1" 200 90
157.55.39.235 - - [25/Jun/2018:12:44:32 -0300] "GET /cormun/static/PXToolsJavascripts/pexe_grid.js HTTP/1.1" 200 7559
157.55.39.235 - - [25/Jun/2018:12:44:32 -0300] "GET /cormun/static/PXToolsJavascripts/pexe_link.js HTTP/1.1" 200 5671
157.55.39.235 - - [25/Jun/2018:12:44:32 -0300] "GET /cormun/static/PXToolsJavascripts/pexe_oav.js HTTP/1.1" 200 645
157.55.39.235 - - [25/Jun/2018:12:44:33 -0300] "GET /cormun/static/PXToolsJavascripts/pexe_popup.js HTTP/1.1" 200 13458
186.103.159.187 - - [25/Jun/2018:12:44:33 -0300] "GET /cormun/servlet/hlogin HTTP/1.1" 200 1732
157.55.39.235 - - [25/Jun/2018:12:44:33 -0300] "GET /cormun/static/PXToolsJavascripts/pexe_tabdivfix.js HTTP/1.1" 200 876
157.55.39.235 - - [25/Jun/2018:12:44:33 -0300] "GET /cormun/static/Resources/PXToolsActionExcel.png HTTP/1.1" 200 3187
157.55.39.235 - - [25/Jun/2018:12:44:33 -0300] "GET /cormun/static/Resources/PXToolsGridLastDisabled.gif HTTP/1.1" 200 98
192.168.10.83 - - [25/Jun/2018:12:44:35 -0300] "GET /digitalizacion/servlet/wbadjunto?20019,PU HTTP/1.1" 302 -
186.103.159.230 - - [25/Jun/2018:12:44:39 -0300] "GET /cormun/servlet/trpermisosgoce? HTTP/1.1" 200 13022
157.55.39.235 - - [25/Jun/2018:12:44:39 -0300] "GET /cormun/static/Resources/PXToolsGridPage.gif HTTP/1.1" 200 725
157.55.39.235 - - [25/Jun/2018:12:44:40 -0300] "GET /cormun/static/Resources/PXToolsHeaderSecurity.png HTTP/1.1" 200 4166
157.55.39.235 - - [25/Jun/2018:12:44:40 -0300] "GET /cormun/static/Resources/logo4.png HTTP/1.1" 200 6582
157.55.39.235 - - [25/Jun/2018:12:44:40 -0300] "GET /cormun/static/SmoothNavMenu/resources/SmoothNavMenuRender.js HTTP/1.1" 200 5951
157.55.39.235 - - [25/Jun/2018:12:44:40 -0300] "GET /cormun/static/calendar-setup.js?85251 HTTP/1.1" 200 2588
192.168.10.83 - - [25/Jun/2018:12:44:41 -0300] "GET /digitalizacion/PublicTempStorage/9206169.tmp HTTP/1.1" 200 59713512
186.103.159.230 - - [25/Jun/2018:12:44:41 -0300] "GET /cormun/servlet/trpermisosgoce? HTTP/1.1" 200 13022
