190.46.88.10 - - [22/Jun/2018:10:42:25 -0300] "GET /cormun/servlet/permisogoce?5e2e6af2fa0a9b0a0462ff51ed934baac38271f0c7106edc4838ddc5e7bab63ec2dc733056e97e9f5284fef2f9afdf2fb2e0e4ff08b0caafdeb29ca2b1e5dfd4,gx-no-cache=1529674881905 HTTP/1.1" 200 47
192.168.10.96 - - [22/Jun/2018:10:42:38 -0300] "GET /digitalizacion/servlet/trclase? HTTP/1.1" 200 5154
192.168.10.96 - - [22/Jun/2018:10:42:38 -0300] "GET /digitalizacion/static/gxcfg.js?201862111121437 HTTP/1.1" 200 954
192.168.10.96 - - [22/Jun/2018:10:42:38 -0300] "GET /digitalizacion/static/Resources/PXToolsGridNew.png HTTP/1.1" 200 427
192.168.10.96 - - [22/Jun/2018:10:42:38 -0300] "GET /digitalizacion/static/trclase.js?201862111121742 HTTP/1.1" 200 13126
192.168.10.96 - - [22/Jun/2018:10:42:39 -0300] "GET /digitalizacion//static/Resources/PXToolsGridUpdate.png HTTP/1.1" 200 470
192.168.10.96 - - [22/Jun/2018:10:42:39 -0300] "GET /digitalizacion//static/Resources/PXToolsGridDelete.png HTTP/1.1" 200 538
192.168.10.96 - - [22/Jun/2018:10:42:39 -0300] "GET /digitalizacion/servlet/trclase? HTTP/1.1" 200 5154
192.168.10.96 - - [22/Jun/2018:10:42:45 -0300] "GET /digitalizacion/servlet/veclase?EDUCACION,, HTTP/1.1" 200 7499
192.168.10.96 - - [22/Jun/2018:10:42:46 -0300] "GET /digitalizacion/static/gxcfg.js?201862111121920 HTTP/1.1" 200 954
192.168.10.96 - - [22/Jun/2018:10:42:46 -0300] "GET /digitalizacion/static/Resources/PXToolsTabFirstSelected.png HTTP/1.1" 200 1270
192.168.10.96 - - [22/Jun/2018:10:42:46 -0300] "GET /digitalizacion/static/Resources/PXToolsTabLastSelected.png HTTP/1.1" 200 1274
192.168.10.96 - - [22/Jun/2018:10:42:46 -0300] "GET /digitalizacion/static/hwcviewtabs.js?201841414232173 HTTP/1.1" 200 1037
192.168.10.96 - - [22/Jun/2018:10:42:46 -0300] "GET /digitalizacion/static/hpexe_tabsview.js?201841414232588 HTTP/1.1" 200 1624
192.168.10.96 - - [22/Jun/2018:10:42:46 -0300] "GET /digitalizacion/static/veclase.js?201862111121971 HTTP/1.1" 200 3699
192.168.10.96 - - [22/Jun/2018:10:42:46 -0300] "GET /digitalizacion/static/cmsubclase.js?201862111124092 HTTP/1.1" 200 14321
192.168.10.96 - - [22/Jun/2018:10:42:46 -0300] "GET /digitalizacion/static/Resources/PXToolsTabPrevious.gif HTTP/1.1" 200 172
192.168.10.96 - - [22/Jun/2018:10:42:46 -0300] "GET /digitalizacion/static/Resources/PXToolsTabNext.gif HTTP/1.1" 200 168
192.168.10.96 - - [22/Jun/2018:10:42:46 -0300] "GET /digitalizacion/static/Resources/PXToolsTabBackSelected.png HTTP/1.1" 200 1157
190.46.88.10 - - [22/Jun/2018:10:42:46 -0300] "POST /cormun/servlet/permisogoce?e857f0bee58c88add640e42e2fc53a69,INS,0,,,,gx-no-cache=1529674889510 HTTP/1.1" 200 93
192.168.10.96 - - [22/Jun/2018:10:42:46 -0300] "GET /digitalizacion/servlet/veclase?EDUCACION,, HTTP/1.1" 200 7499
190.46.88.10 - - [22/Jun/2018:10:42:46 -0300] "GET /cormun/servlet/hpexe_return? HTTP/1.1" 200 1014
190.46.88.10 - - [22/Jun/2018:10:42:47 -0300] "GET /cormun/servlet/trpermisosgoce HTTP/1.1" 200 13347
190.46.88.10 - - [22/Jun/2018:10:42:48 -0300] "GET /cormun/servlet/trpermisosgoce HTTP/1.1" 200 13343
192.168.10.96 - - [22/Jun/2018:10:42:55 -0300] "GET /digitalizacion/servlet/vesubclase?EDUCACION,CONTRATO,, HTTP/1.1" 200 6004
192.168.10.96 - - [22/Jun/2018:10:42:55 -0300] "GET /digitalizacion/static/gxcfg.js?201862111124243 HTTP/1.1" 200 954
192.168.10.96 - - [22/Jun/2018:10:42:55 -0300] "GET /digitalizacion/static/vesubclase.js?201862111124293 HTTP/1.1" 200 4569
192.168.10.96 - - [22/Jun/2018:10:42:55 -0300] "GET /digitalizacion/static/cmdivision.js?201862111122521 HTTP/1.1" 200 15760
192.168.10.96 - - [22/Jun/2018:10:42:55 -0300] "GET /digitalizacion/servlet/vesubclase?EDUCACION,CONTRATO,, HTTP/1.1" 200 6002
190.46.88.10 - - [22/Jun/2018:10:43:04 -0300] "GET /cormun/servlet/trpermisosadjuntos?17399914,20180622093314,P, HTTP/1.1" 200 6556
190.46.88.10 - - [22/Jun/2018:10:43:05 -0300] "GET /cormun/static/gxcfg.js?201762817193957 HTTP/1.1" 200 953
190.46.88.10 - - [22/Jun/2018:10:43:05 -0300] "GET /cormun/static/trpermisosadjuntos.js?201762817194366 HTTP/1.1" 200 20158
190.46.88.10 - - [22/Jun/2018:10:43:07 -0300] "GET /cormun/servlet/trpermisosadjuntos?17399914,20180622093314,P, HTTP/1.1" 200 6556
190.46.88.10 - - [22/Jun/2018:10:43:08 -0300] "GET /cormun/servlet/permisosadjuntos?INS,17399914,P,20180622093314,, HTTP/1.1" 200 5888
190.46.88.10 - - [22/Jun/2018:10:43:09 -0300] "GET /cormun/static/gxcfg.js?201762717441171 HTTP/1.1" 200 953
190.46.88.10 - - [22/Jun/2018:10:43:09 -0300] "GET /cormun/static/permisosadjuntos.js?201762717441184 HTTP/1.1" 200 8724
190.46.88.10 - - [22/Jun/2018:10:43:09 -0300] "GET /cormun/static/about:blank HTTP/1.1" 404 1011
190.46.88.10 - - [22/Jun/2018:10:43:10 -0300] "GET /cormun/servlet/permisosadjuntos?INS,17399914,P,20180622093314,, HTTP/1.1" 200 5877
186.103.161.206 - - [22/Jun/2018:10:43:20 -0300] "GET /cormun/servlet/trpermisosgoce? HTTP/1.1" 200 6102
186.103.161.206 - - [22/Jun/2018:10:43:21 -0300] "GET /cormun/servlet/hlogin HTTP/1.1" 200 1736
186.103.132.155 - - [22/Jun/2018:10:43:21 -0300] "GET /cormun/servlet/trpermisosgoce? HTTP/1.1" 200 6102
190.46.88.10 - - [22/Jun/2018:10:43:27 -0300] "POST /cormun/servlet/permisosadjuntos?e857f0bee58c88add640e42e2fc53a69,INS,17399914,P,20180622093314,, HTTP/1.1" 200 116
190.46.88.10 - - [22/Jun/2018:10:43:27 -0300] "GET /cormun/servlet/hpexe_return? HTTP/1.1" 200 1041
190.46.88.10 - - [22/Jun/2018:10:43:27 -0300] "GET /cormun/servlet/trpermisosadjuntos?17399914,20180622093314,P, HTTP/1.1" 200 7047
192.168.10.62 - - [22/Jun/2018:10:43:29 -0300] "GET /cormun/servlet/vesolicitudgral?2018,11740,,SolicitudOTAdjuntos HTTP/1.1" 200 11126
192.168.10.62 - - [22/Jun/2018:10:43:30 -0300] "GET /cormun/servlet/vesolicitudgral?2018,11740,,SolicitudOTAdjuntos HTTP/1.1" 200 11129
186.103.161.206 - - [22/Jun/2018:10:43:30 -0300] "POST /cormun/servlet/hlogin?3ca60bf0d9284646076ac8bd959b2f2d,gx-no-cache=1529674943006 HTTP/1.1" 200 90
186.103.161.206 - - [22/Jun/2018:10:43:30 -0300] "GET /cormun/servlet/hpexe_link HTTP/1.1" 200 953
192.168.10.62 - - [22/Jun/2018:10:43:31 -0300] "POST /cormun/servlet/acontrolpreferencessavestate?None,FGONZALEZ,true HTTP/1.1" 200 35
190.46.88.10 - - [22/Jun/2018:10:43:31 -0300] "GET /cormun/servlet/trpermisosadjuntos?17399914,20180622093314,P, HTTP/1.1" 200 7044
186.103.161.206 - - [22/Jun/2018:10:43:31 -0300] "GET /cormun/servlet/trpermisosgoce HTTP/1.1" 200 11406
186.103.161.206 - - [22/Jun/2018:10:43:32 -0300] "GET /cormun/servlet/trpermisosgoce HTTP/1.1" 200 11405
192.168.10.62 - - [22/Jun/2018:10:43:32 -0300] "POST /cormun/servlet/vesolicitudgral?7ce3cdf7326a1e55d17a1678c323db9f,2018,11740,,SolicitudOTAdjuntos,gx-no-cache=1529674809686 HTTP/1.1" 200 90
192.168.10.62 - - [22/Jun/2018:10:43:32 -0300] "GET /cormun/servlet/hpexe_link HTTP/1.1" 200 977
192.168.10.62 - - [22/Jun/2018:10:43:32 -0300] "GET /cormun/servlet/trsolicitudgral? HTTP/1.1" 200 10763
192.168.10.62 - - [22/Jun/2018:10:43:33 -0300] "GET /cormun/servlet/trsolicitudgral? HTTP/1.1" 200 10762
190.46.88.10 - - [22/Jun/2018:10:43:33 -0300] "POST /cormun/servlet/trpermisosadjuntos?e857f0bee58c88add640e42e2fc53a69,17399914,20180622093314,P,,gx-no-cache=1529674949869 HTTP/1.1" 200 90
190.46.88.10 - - [22/Jun/2018:10:43:33 -0300] "GET /cormun/servlet/hpexe_link HTTP/1.1" 200 985
190.46.88.10 - - [22/Jun/2018:10:43:34 -0300] "GET /cormun/servlet/trpermisosgoce HTTP/1.1" 200 13344
186.103.161.206 - - [22/Jun/2018:10:43:35 -0300] "GET /cormun/servlet/trautorizarpermisogoce? HTTP/1.1" 200 7887
186.103.161.206 - - [22/Jun/2018:10:43:35 -0300] "GET /cormun/servlet/trautorizarpermisogoce? HTTP/1.1" 200 7887
192.168.10.62 - - [22/Jun/2018:10:43:37 -0300] "GET /cormun/servlet/vesolicitudgral?2018,11740,, HTTP/1.1" 200 9058
192.168.10.62 - - [22/Jun/2018:10:43:38 -0300] "GET /cormun/pexe_scrolldiv.js HTTP/1.1" 404 1009
192.168.10.62 - - [22/Jun/2018:10:43:38 -0300] "GET /cormun/pexe_scrolldiv.js HTTP/1.1" 404 1009
192.168.10.62 - - [22/Jun/2018:10:43:38 -0300] "GET /cormun/servlet/vesolicitudgral?2018,11740,, HTTP/1.1" 200 9056
190.46.88.10 - - [22/Jun/2018:10:43:41 -0300] "GET /cormun/servlet/trpermisosgoce HTTP/1.1" 200 13343
192.168.10.62 - - [22/Jun/2018:10:43:43 -0300] "POST /cormun/servlet/vesolicitudgral?7ce3cdf7326a1e55d17a1678c323db9f,2018,11740,,,gx-no-cache=1529674820301 HTTP/1.1" 200 107
192.168.10.62 - - [22/Jun/2018:10:43:43 -0300] "GET /cormun/servlet/solicitudgral?UPD,2018,11740, HTTP/1.1" 200 12949
192.168.10.62 - - [22/Jun/2018:10:43:43 -0300] "GET /cormun/servlet/solicitudgral?UPD,2018,11740, HTTP/1.1" 200 12949
192.168.10.62 - - [22/Jun/2018:10:43:44 -0300] "POST /cormun/servlet/solicitudgral?gx-no-cache=1529674821317 HTTP/1.1" 200 3874
192.168.10.62 - - [22/Jun/2018:10:43:44 -0300] "GET /cormun/servlet/solicitudgral?b8b51096103b8af933fd3cc729ddd2c7d638610ca9323454a4892f7caa2c0a8acebf50aaa763af9f9c6d2256d79d230e48336e616eaf7595a4dd166bbe6b0c48388b2f4a6ef9267f0ac4269e7672bd46c3c70a3bb8780ca80ed4cd9575676389aa3d830fc10328268db1d7bbdbadaad28381fdb33e163cc5a62777ba0373508bda2fc58f5f99879f013c93c350cc63960720511de04de5e374def7f53e9ac34ba13397dd8cc5e7fad3e7f6a5a4df4ae527def14bc247621b39fe5c034ca9e5b165bea2755eabf222f89b1e11297466f79c188ebafb44379d8323af673929cb36657834c91d802d4daf157dacb23b53ea2208d6e556f1f8460c4469796fec6c571ef5270ce6113920d644a201b55a02534788dc15cbb701f8d6de574d97194d2ca90d6b377b792fe922c5789d5be8af78008bd704619218ce041fcbaa30ae4cd48376b3074d97b97cf4a8638cf4d9b3fa,gx-no-cache=1529674821447 HTTP/1.1" 200 297
186.79.2.199 - - [22/Jun/2018:10:43:48 -0300] "GET /cormun/servlet/trpermisosadjuntos?13795220,20180622093349,P, HTTP/1.1" 200 6553
186.79.2.199 - - [22/Jun/2018:10:43:49 -0300] "GET /cormun/servlet/trpermisosadjuntos?13795220,20180622093349,P, HTTP/1.1" 200 6552
186.79.2.199 - - [22/Jun/2018:10:43:51 -0300] "GET /cormun/servlet/permisosadjuntos?INS,13795220,P,20180622093349,, HTTP/1.1" 200 5882
186.79.2.199 - - [22/Jun/2018:10:43:51 -0300] "GET /cormun/static/about:blank HTTP/1.1" 404 1011
186.79.2.199 - - [22/Jun/2018:10:43:52 -0300] "GET /cormun/servlet/permisosadjuntos?INS,13795220,P,20180622093349,, HTTP/1.1" 200 5873
192.168.10.62 - - [22/Jun/2018:10:43:56 -0300] "GET /cormun/servlet/solicitudgral?b8b51096103b8af933fd3cc729ddd2c7aef6040598e336f09c706cab865c4729d122b9ae33768e54a5dbbe4fa7b28f81f5f0dcb1662554ba84dc9ce5beb76057771ca631c12dfb3b7ad51a8421257f64051a1bf42741f000e12515599ed94ae47f7eed5798fc546a428c9a01aa01acee337a858eb44e27c3f877272a0deef653bda3d93443260bfb737138f227b8801cfc8c79771a00bb23f6a61c549d057cd0f0ad29e4a2a6348b9d3dcfc621867060d19ce3e2b30d39c9b5093c35c98c0134c62c6e509bc831290566332882091ea2c61e857e45a2acf6486cb88ead394ef25391072002257352175f558b4274cc696e0772eaf4b60350a9abb663ab1d1b8fe4005ee1aee597fccf581f992febfc782c6374185f9549d7b3f7e1ecb764276fc7e027ee0c7125b6e507d24e1e454287d2d98b1e68c82cd5596211bcccaa61f9e57fe7abb61ecc79c28ef318929efcfe52e1582d23d192abafd0facfb768b7845bc8adf5faa9d821f904dc50cc3a2d676884f40af4c1ad6675242dd1cc968ae78650942139cce9111afb0798947fa724879c30c5bf970f59a976305ed5b0027e0d3913b5c6423d753c1b26830b29b381,gx-no-cache=1529674833316 HTTP/1.1" 200 48
192.168.10.62 - - [22/Jun/2018:10:43:56 -0300] "POST /cormun/servlet/solicitudgral?7ce3cdf7326a1e55d17a1678c323db9f,UPD,2018,11740,,gx-no-cache=1529674833341 HTTP/1.1" 200 11834
192.168.10.62 - - [22/Jun/2018:10:43:56 -0300] "GET /cormun/servlet/solicitudgral?b8b51096103b8af933fd3cc729ddd2c7fdf0b428c8400a933ecf281421a674fdc4ad7d3ae1c7fc31fd638adaa32453dc2a263582c7fe522a8b3da9b02766f34ab4ac293d706a2650c6331ea01ee65985d523c476a3a092377d3fb1140b326706dbe7ad0ec51267c8995ed10c437fd4c5,gx-no-cache=1529674833540 HTTP/1.1" 200 29
192.168.10.62 - - [22/Jun/2018:10:43:56 -0300] "POST /cormun/servlet/solicitudgral?gx-no-cache=1529674833559 HTTP/1.1" 200 1325
192.168.10.62 - - [22/Jun/2018:10:43:56 -0300] "POST /cormun/servlet/solicitudgral?gx-no-cache=1529674833605 HTTP/1.1" 200 1249
192.168.10.62 - - [22/Jun/2018:10:43:56 -0300] "GET /cormun/static/menuarrow.gif HTTP/1.1" 404 1015
192.168.10.62 - - [22/Jun/2018:10:43:58 -0300] "GET /cormun/servlet/solicitudgral?b8b51096103b8af933fd3cc729ddd2c7aef6040598e336f09c706cab865c4729d122b9ae33768e54a5dbbe4fa7b28f81f5f0dcb1662554ba84dc9ce5beb76057771ca631c12dfb3b7ad51a8421257f64051a1bf42741f000e12515599ed94ae47f7eed5798fc546a428c9a01aa01acee337a858eb44e27c3f877272a0deef653bda3d93443260bfb737138f227b8801cfc8c79771a00bb23f6a61c549d057cd0f0ad29e4a2a6348b9d3dcfc621867060d19ce3e2b30d39c9b5093c35c98c0134c62c6e509bc831290566332882091ea2c61e857e45a2acf6486cb88ead394ef25391072002257352175f558b4274cc696e0772eaf4b60350a9abb663ab1d1b8fe4005ee1aee597fccf581f992febfc782c6374185f9549d7b3f7e1ecb764276fc7e027ee0c7125b6e507d24e1e454287d2d98b1e68c82cd5596211bcccaa61f9e57fe7abb61ecc79c28ef318929efcfe52e1582d23d192abafd0facfb768b7845bc8adf5faa9d821f904dc50cc3a2d676884f40af4c1ad6675242dd1cc968ae78650942139cce9111afb0798947fa724879c30c5bf970f59a976305ed5b0027e2b9a1e36409e867b475c47066c55d30e5fac64fb9003042b1b27499bff0b7518,gx-no-cache=1529674836086 HTTP/1.1" 200 48
192.168.10.62 - - [22/Jun/2018:10:43:58 -0300] "POST /cormun/servlet/solicitudgral?gx-no-cache=1529674836120 HTTP/1.1" 200 1325
192.168.10.62 - - [22/Jun/2018:10:43:58 -0300] "POST /cormun/servlet/solicitudgral?gx-no-cache=1529674836156 HTTP/1.1" 200 1249
186.67.203.186 - - [22/Jun/2018:10:44:07 -0300] "POST /cormun/servlet/trautorizarpermisogoce?3ca60bf0d9284646076ac8bd959b2f2d,,gx-no-cache=1529674963606 HTTP/1.1" 200 4360
186.67.203.186 - - [22/Jun/2018:10:44:07 -0300] "GET /cormun/static/Shared/jqueryui/images/ui-bg_highlight-soft_100_c6c2c8_1x100.png HTTP/1.1" 404 1117
186.67.203.186 - - [22/Jun/2018:10:44:07 -0300] "GET /cormun/static/Shared/jqueryui/images/ui-icons_82798d_256x240.png HTTP/1.1" 404 1089
200.54.18.251 - - [22/Jun/2018:10:44:07 -0300] "GET /cormun/static/Shared/jqueryui/images/ui-icons_8d78a5_256x240.png HTTP/1.1" 404 1089
186.103.161.206 - - [22/Jun/2018:10:44:07 -0300] "GET /cormun/static/Shared/jqueryui/images/ui-bg_flat_55_fafafa_40x100.png HTTP/1.1" 404 1097
192.168.10.96 - - [22/Jun/2018:10:44:08 -0300] "GET /digitalizacion/servlet/trdocumentos? HTTP/1.1" 200 9389
190.46.88.10 - - [22/Jun/2018:10:44:09 -0300] "POST /cormun/servlet/permisosadjuntos?e857f0bee58c88add640e42e2fc53a69,INS,13795220,P,20180622093349,, HTTP/1.1" 200 116
190.46.88.10 - - [22/Jun/2018:10:44:09 -0300] "GET /cormun/servlet/hpexe_return? HTTP/1.1" 200 1041
192.168.10.96 - - [22/Jun/2018:10:44:10 -0300] "GET /digitalizacion/servlet/trdocumentos? HTTP/1.1" 200 9402
192.168.10.96 - - [22/Jun/2018:10:44:10 -0300] "GET /digitalizacion/servlet/trdocumentos? HTTP/1.1" 200 9402
192.168.10.96 - - [22/Jun/2018:10:44:10 -0300] "GET /digitalizacion/servlet/trdocumentos? HTTP/1.1" 200 9392
190.46.88.10 - - [22/Jun/2018:10:44:10 -0300] "GET /cormun/servlet/trpermisosadjuntos?13795220,20180622093349,P, HTTP/1.1" 200 7043
186.103.161.206 - - [22/Jun/2018:10:44:10 -0300] "GET /cormun/servlet/trpermisosgoce? HTTP/1.1" 200 11406
192.168.10.96 - - [22/Jun/2018:10:44:11 -0300] "GET /digitalizacion/servlet/trdocumentos? HTTP/1.1" 200 9402
190.151.100.218 - - [22/Jun/2018:10:44:11 -0300] "GET /cormun/servlet/trpermisosgoce? HTTP/1.1" 200 11405
190.46.88.10 - - [22/Jun/2018:10:44:12 -0300] "GET /cormun/servlet/trpermisosadjuntos?13795220,20180622093349,P, HTTP/1.1" 200 7037
190.46.88.10 - - [22/Jun/2018:10:44:14 -0300] "POST /cormun/servlet/trpermisosadjuntos?e857f0bee58c88add640e42e2fc53a69,13795220,20180622093349,P,,gx-no-cache=1529674991268 HTTP/1.1" 200 90
190.46.88.10 - - [22/Jun/2018:10:44:14 -0300] "GET /cormun/servlet/hpexe_link HTTP/1.1" 200 986
190.46.88.10 - - [22/Jun/2018:10:44:15 -0300] "GET /cormun/servlet/trpermisosgoce HTTP/1.1" 200 13344
192.168.10.96 - - [22/Jun/2018:10:44:15 -0300] "GET /digitalizacion/servlet/trdocumentos? HTTP/1.1" 200 9389
190.46.88.10 - - [22/Jun/2018:10:44:16 -0300] "GET /cormun/servlet/trpermisosgoce HTTP/1.1" 200 13343
190.46.88.10 - - [22/Jun/2018:10:44:21 -0300] "GET /cormun/servlet/trpermisosadjuntos?9186216,20180622093431,P, HTTP/1.1" 200 6555
190.46.88.10 - - [22/Jun/2018:10:44:22 -0300] "GET /cormun/servlet/trpermisosadjuntos?9186216,20180622093431,P, HTTP/1.1" 200 6554
190.46.88.10 - - [22/Jun/2018:10:44:23 -0300] "GET /cormun/servlet/permisosadjuntos?INS,9186216,P,20180622093431,, HTTP/1.1" 200 5884
190.46.88.10 - - [22/Jun/2018:10:44:25 -0300] "GET /cormun/static/about:blank HTTP/1.1" 404 1011
190.46.88.10 - - [22/Jun/2018:10:44:25 -0300] "GET /cormun/servlet/permisosadjuntos?INS,9186216,P,20180622093431,, HTTP/1.1" 200 5874
192.168.10.62 - - [22/Jun/2018:10:44:31 -0300] "POST /cormun/servlet/solicitudgral?7ce3cdf7326a1e55d17a1678c323db9f,UPD,2018,11740,,gx-no-cache=1529674868999 HTTP/1.1" 200 93
192.168.10.62 - - [22/Jun/2018:10:44:31 -0300] "GET /cormun/servlet/hpexe_return? HTTP/1.1" 200 1017
192.168.10.62 - - [22/Jun/2018:10:44:32 -0300] "GET /cormun/servlet/vesolicitudgral?2018,11740,, HTTP/1.1" 200 9102
192.168.10.62 - - [22/Jun/2018:10:44:32 -0300] "GET /cormun/pexe_scrolldiv.js HTTP/1.1" 404 1009
192.168.10.62 - - [22/Jun/2018:10:44:32 -0300] "GET /cormun/pexe_scrolldiv.js HTTP/1.1" 404 1009
192.168.10.62 - - [22/Jun/2018:10:44:32 -0300] "GET /cormun/servlet/vesolicitudgral?2018,11740,, HTTP/1.1" 200 9097
192.168.10.62 - - [22/Jun/2018:10:44:35 -0300] "POST /cormun/servlet/vesolicitudgral?7ce3cdf7326a1e55d17a1678c323db9f,2018,11740,,,gx-no-cache=1529674872757 HTTP/1.1" 200 12009
192.168.10.62 - - [22/Jun/2018:10:44:35 -0300] "GET /cormun/static/Shared/jqueryui/images/ui-bg_highlight-soft_100_c6c2c8_1x100.png HTTP/1.1" 404 1117
192.168.10.62 - - [22/Jun/2018:10:44:35 -0300] "GET /cormun/static/Shared/jqueryui/images/ui-icons_82798d_256x240.png HTTP/1.1" 404 1089
192.168.10.62 - - [22/Jun/2018:10:44:35 -0300] "GET /cormun/static/Shared/jqueryui/images/ui-bg_flat_55_fafafa_40x100.png HTTP/1.1" 404 1097
192.168.10.62 - - [22/Jun/2018:10:44:35 -0300] "GET /cormun/static/Shared/jqueryui/images/ui-icons_8d78a5_256x240.png HTTP/1.1" 404 1089
192.168.10.62 - - [22/Jun/2018:10:44:35 -0300] "POST /cormun/servlet/vesolicitudgral?7ce3cdf7326a1e55d17a1678c323db9f,2018,11740,,,gx-no-cache=1529674872993 HTTP/1.1" 200 11943
186.79.2.199 - - [22/Jun/2018:10:45:10 -0300] "POST /cormun/servlet/permisosadjuntos?e857f0bee58c88add640e42e2fc53a69,INS,9186216,P,20180622093431,, HTTP/1.1" 200 116
186.79.2.199 - - [22/Jun/2018:10:45:11 -0300] "GET /cormun/servlet/hpexe_return? HTTP/1.1" 200 1040
186.79.2.199 - - [22/Jun/2018:10:45:11 -0300] "GET /cormun/servlet/trpermisosadjuntos?9186216,20180622093431,P, HTTP/1.1" 200 7046
186.79.2.199 - - [22/Jun/2018:10:45:13 -0300] "GET /cormun/servlet/trpermisosadjuntos?9186216,20180622093431,P, HTTP/1.1" 200 7041
192.168.10.96 - - [22/Jun/2018:10:45:27 -0300] "POST /digitalizacion/servlet/trdocumentos?1b4f4a804b4f2457973d65f8a94e19a6,,gx-no-cache=1529674922287 HTTP/1.1" 200 6578
190.46.88.10 - - [22/Jun/2018:10:45:38 -0300] "POST /cormun/servlet/trpermisosadjuntos?e857f0bee58c88add640e42e2fc53a69,9186216,20180622093431,P,,gx-no-cache=1529675074706 HTTP/1.1" 200 90
190.46.88.10 - - [22/Jun/2018:10:45:38 -0300] "GET /cormun/servlet/hpexe_link HTTP/1.1" 200 985
190.46.88.10 - - [22/Jun/2018:10:45:38 -0300] "GET /cormun/servlet/trpermisosgoce HTTP/1.1" 200 13344
190.46.88.10 - - [22/Jun/2018:10:45:39 -0300] "GET /cormun/servlet/trpermisosgoce HTTP/1.1" 200 13343
192.168.10.96 - - [22/Jun/2018:10:45:40 -0300] "POST /digitalizacion/servlet/trdocumentos?1b4f4a804b4f2457973d65f8a94e19a6,,gx-no-cache=1529674936630 HTTP/1.1" 200 5496
190.46.88.10 - - [22/Jun/2018:10:45:47 -0300] "GET /cormun/servlet/trpermisosadjuntos?9337152,20180622093456,P, HTTP/1.1" 200 6556
190.46.88.10 - - [22/Jun/2018:10:45:48 -0300] "GET /cormun/servlet/trpermisosadjuntos?9337152,20180622093456,P, HTTP/1.1" 200 6557
190.46.88.10 - - [22/Jun/2018:10:45:50 -0300] "GET /cormun/servlet/permisosadjuntos?INS,9337152,P,20180622093456,, HTTP/1.1" 200 5886
190.46.88.10 - - [22/Jun/2018:10:45:50 -0300] "GET /cormun/static/about:blank HTTP/1.1" 404 1011
190.46.88.10 - - [22/Jun/2018:10:45:51 -0300] "GET /cormun/servlet/permisosadjuntos?INS,9337152,P,20180622093456,, HTTP/1.1" 200 5877
186.103.159.204 - - [22/Jun/2018:10:45:54 -0300] "GET /cormun/servlet/hlogin HTTP/1.1" 200 1716
186.103.159.204 - - [22/Jun/2018:10:45:54 -0300] "GET /cormun/servlet/hlogin HTTP/1.1" 200 1720
186.103.159.204 - - [22/Jun/2018:10:45:54 -0300] "GET /cormun/static/gxtimezone.js?85251 HTTP/1.1" 200 5781
186.103.159.204 - - [22/Jun/2018:10:45:54 -0300] "GET /cormun/static/gxcfg.js?20175251213516 HTTP/1.1" 200 953
186.103.159.204 - - [22/Jun/2018:10:45:54 -0300] "GET /cormun/static/Resources/Spanish/PXTools.css?11423723 HTTP/1.1" 200 89042
186.103.159.204 - - [22/Jun/2018:10:45:54 -0300] "GET /cormun/static/messages.spa.js?85251 HTTP/1.1" 200 30736
186.103.159.204 - - [22/Jun/2018:10:45:54 -0300] "GET /cormun/static/hlogin.js?20175251213537 HTTP/1.1" 200 2136
186.103.159.204 - - [22/Jun/2018:10:45:54 -0300] "GET /cormun/static/gxgral.js?85251 HTTP/1.1" 200 384558
186.103.159.204 - - [22/Jun/2018:10:45:54 -0300] "GET /cormun/static/Resources/ComunLogin.png HTTP/1.1" 200 17326
186.103.159.204 - - [22/Jun/2018:10:45:54 -0300] "GET /cormun/static/Resources/PXToolsLoginTop.png HTTP/1.1" 200 1337
186.103.159.204 - - [22/Jun/2018:10:45:54 -0300] "GET /cormun/static/Resources/PXToolsLoginBackground.png HTTP/1.1" 200 1164
186.103.159.204 - - [22/Jun/2018:10:45:54 -0300] "GET /cormun/static/Resources/PXToolsLoginBottom.png HTTP/1.1" 200 1389
186.103.159.204 - - [22/Jun/2018:10:45:54 -0300] "GET /cormun/static/Resources/PXToolsButtonBackground2.png HTTP/1.1" 200 1181
186.103.159.204 - - [22/Jun/2018:10:45:54 -0300] "GET /cormun/static/Resources/PXToolsButtonLeft21.png HTTP/1.1" 200 1287
186.103.159.204 - - [22/Jun/2018:10:45:54 -0300] "GET /cormun/static/Resources/PXToolsButtonRight21.png HTTP/1.1" 200 1283
186.103.159.204 - - [22/Jun/2018:10:45:54 -0300] "GET /cormun/static/Resources/indicator.gif HTTP/1.1" 200 1553
186.103.159.204 - - [22/Jun/2018:10:45:54 -0300] "GET /cormun/servlet/hlogin HTTP/1.1" 200 1731
190.46.88.10 - - [22/Jun/2018:10:46:04 -0300] "POST /cormun/servlet/permisosadjuntos?e857f0bee58c88add640e42e2fc53a69,INS,9337152,P,20180622093456,, HTTP/1.1" 200 116
190.46.88.10 - - [22/Jun/2018:10:46:04 -0300] "GET /cormun/servlet/hpexe_return? HTTP/1.1" 200 1041
190.46.88.10 - - [22/Jun/2018:10:46:05 -0300] "GET /cormun/servlet/trpermisosadjuntos?9337152,20180622093456,P, HTTP/1.1" 200 7052
190.46.88.10 - - [22/Jun/2018:10:46:06 -0300] "GET /cormun/servlet/trpermisosadjuntos?9337152,20180622093456,P, HTTP/1.1" 200 7048
190.46.88.10 - - [22/Jun/2018:10:46:09 -0300] "POST /cormun/servlet/trpermisosadjuntos?e857f0bee58c88add640e42e2fc53a69,9337152,20180622093456,P,,gx-no-cache=1529675106389 HTTP/1.1" 200 90
190.46.88.10 - - [22/Jun/2018:10:46:09 -0300] "GET /cormun/servlet/hpexe_link HTTP/1.1" 200 986
190.46.88.10 - - [22/Jun/2018:10:46:10 -0300] "GET /cormun/servlet/trpermisosgoce HTTP/1.1" 200 13344
190.46.88.10 - - [22/Jun/2018:10:46:11 -0300] "GET /cormun/servlet/trpermisosgoce HTTP/1.1" 200 13343
190.46.88.10 - - [22/Jun/2018:10:46:15 -0300] "GET /cormun/servlet/trpermisosadjuntos?15106022,20180622093526,P, HTTP/1.1" 200 6551
190.46.88.10 - - [22/Jun/2018:10:46:16 -0300] "GET /cormun/servlet/trpermisosadjuntos?15106022,20180622093526,P, HTTP/1.1" 200 6551
190.46.88.10 - - [22/Jun/2018:10:46:18 -0300] "GET /cormun/servlet/permisosadjuntos?INS,15106022,P,20180622093526,, HTTP/1.1" 200 5881
190.46.88.10 - - [22/Jun/2018:10:46:19 -0300] "GET /cormun/static/about:blank HTTP/1.1" 404 1011
190.46.88.10 - - [22/Jun/2018:10:46:19 -0300] "GET /cormun/servlet/permisosadjuntos?INS,15106022,P,20180622093526,, HTTP/1.1" 200 5870
192.168.10.96 - - [22/Jun/2018:10:46:24 -0300] "POST /digitalizacion/servlet/trdocumentos?1b4f4a804b4f2457973d65f8a94e19a6,,gx-no-cache=1529674979380 HTTP/1.1" 200 6569
190.46.88.10 - - [22/Jun/2018:10:46:35 -0300] "POST /cormun/servlet/permisosadjuntos?e857f0bee58c88add640e42e2fc53a69,INS,15106022,P,20180622093526,, HTTP/1.1" 200 116
190.46.88.10 - - [22/Jun/2018:10:46:35 -0300] "GET /cormun/servlet/hpexe_return? HTTP/1.1" 200 1041
190.46.88.10 - - [22/Jun/2018:10:46:36 -0300] "GET /cormun/servlet/trpermisosadjuntos?15106022,20180622093526,P, HTTP/1.1" 200 7041
190.46.88.10 - - [22/Jun/2018:10:46:37 -0300] "GET /cormun/servlet/trpermisosadjuntos?15106022,20180622093526,P, HTTP/1.1" 200 7039
190.46.88.10 - - [22/Jun/2018:10:46:40 -0300] "POST /cormun/servlet/trpermisosadjuntos?e857f0bee58c88add640e42e2fc53a69,15106022,20180622093526,P,,gx-no-cache=1529675136715 HTTP/1.1" 200 90
190.46.88.10 - - [22/Jun/2018:10:46:40 -0300] "GET /cormun/servlet/hpexe_link HTTP/1.1" 200 986
190.46.88.10 - - [22/Jun/2018:10:46:40 -0300] "GET /cormun/servlet/trpermisosgoce HTTP/1.1" 200 13344
190.46.88.10 - - [22/Jun/2018:10:46:41 -0300] "GET /cormun/servlet/trpermisosgoce HTTP/1.1" 200 13343
190.46.88.10 - - [22/Jun/2018:10:46:46 -0300] "GET /cormun/servlet/trpermisosadjuntos?13344089,20180622093617,P, HTTP/1.1" 200 6557
190.46.88.10 - - [22/Jun/2018:10:46:47 -0300] "GET /cormun/servlet/trpermisosadjuntos?13344089,20180622093617,P, HTTP/1.1" 200 6556
190.46.88.10 - - [22/Jun/2018:10:46:48 -0300] "GET /cormun/servlet/permisosadjuntos?INS,13344089,P,20180622093617,, HTTP/1.1" 200 5886
190.46.88.10 - - [22/Jun/2018:10:46:49 -0300] "GET /cormun/static/about:blank HTTP/1.1" 404 1011
190.46.88.10 - - [22/Jun/2018:10:46:49 -0300] "GET /cormun/servlet/permisosadjuntos?INS,13344089,P,20180622093617,, HTTP/1.1" 200 5875
190.46.88.10 - - [22/Jun/2018:10:47:00 -0300] "POST /cormun/servlet/permisosadjuntos?e857f0bee58c88add640e42e2fc53a69,INS,13344089,P,20180622093617,, HTTP/1.1" 200 116
190.46.88.10 - - [22/Jun/2018:10:47:00 -0300] "GET /cormun/servlet/hpexe_return? HTTP/1.1" 200 1041
190.46.88.10 - - [22/Jun/2018:10:47:00 -0300] "GET /cormun/servlet/trpermisosadjuntos?13344089,20180622093617,P, HTTP/1.1" 200 7052
190.46.88.10 - - [22/Jun/2018:10:47:01 -0300] "GET /cormun/servlet/trpermisosadjuntos?13344089,20180622093617,P, HTTP/1.1" 200 7050
190.46.88.10 - - [22/Jun/2018:10:47:04 -0300] "POST /cormun/servlet/trpermisosadjuntos?e857f0bee58c88add640e42e2fc53a69,13344089,20180622093617,P,,gx-no-cache=1529675160859 HTTP/1.1" 200 90
190.46.88.10 - - [22/Jun/2018:10:47:04 -0300] "GET /cormun/servlet/hpexe_link HTTP/1.1" 200 987
190.46.88.10 - - [22/Jun/2018:10:47:04 -0300] "GET /cormun/servlet/trpermisosgoce HTTP/1.1" 200 13344
190.46.88.10 - - [22/Jun/2018:10:47:06 -0300] "GET /cormun/servlet/trpermisosgoce HTTP/1.1" 200 13343
190.46.88.10 - - [22/Jun/2018:10:47:09 -0300] "GET /cormun/servlet/trpermisosadjuntos?15259664,20180622093641,P, HTTP/1.1" 200 6558
190.46.88.10 - - [22/Jun/2018:10:47:10 -0300] "GET /cormun/servlet/trpermisosadjuntos?15259664,20180622093641,P, HTTP/1.1" 200 6556
190.46.88.10 - - [22/Jun/2018:10:47:12 -0300] "GET /cormun/servlet/permisosadjuntos?INS,15259664,P,20180622093641,, HTTP/1.1" 200 5889
190.46.88.10 - - [22/Jun/2018:10:47:12 -0300] "GET /cormun/static/about:blank HTTP/1.1" 404 1011
190.46.88.10 - - [22/Jun/2018:10:47:13 -0300] "GET /cormun/servlet/permisosadjuntos?INS,15259664,P,20180622093641,, HTTP/1.1" 200 5878
192.168.10.96 - - [22/Jun/2018:10:47:20 -0300] "POST /digitalizacion/servlet/trdocumentos?1b4f4a804b4f2457973d65f8a94e19a6,,gx-no-cache=1529675036404 HTTP/1.1" 200 4098
186.67.203.186 - - [22/Jun/2018:10:47:23 -0300] "GET /cormun/servlet/trpermisosgoce? HTTP/1.1" 200 11405
186.67.203.186 - - [22/Jun/2018:10:47:24 -0300] "GET /cormun/servlet/trpermisosgoce? HTTP/1.1" 200 11405
186.67.203.186 - - [22/Jun/2018:10:47:27 -0300] "GET /cormun/servlet/permisogoce?INS,0,,, HTTP/1.1" 200 7069
190.46.88.10 - - [22/Jun/2018:10:47:27 -0300] "POST /cormun/servlet/permisosadjuntos?e857f0bee58c88add640e42e2fc53a69,INS,15259664,P,20180622093641,, HTTP/1.1" 200 116
186.67.203.186 - - [22/Jun/2018:10:47:27 -0300] "GET /cormun/servlet/permisogoce?INS,0,,, HTTP/1.1" 200 7068
190.46.88.10 - - [22/Jun/2018:10:47:27 -0300] "GET /cormun/servlet/hpexe_return? HTTP/1.1" 200 1041
190.46.88.10 - - [22/Jun/2018:10:47:28 -0300] "GET /cormun/servlet/trpermisosadjuntos?15259664,20180622093641,P, HTTP/1.1" 200 7054
190.46.88.10 - - [22/Jun/2018:10:47:29 -0300] "GET /cormun/servlet/trpermisosadjuntos?15259664,20180622093641,P, HTTP/1.1" 200 7052
192.168.10.96 - - [22/Jun/2018:10:47:29 -0300] "GET /digitalizacion/servlet/wbadjunto?8049,PU HTTP/1.1" 302 -
192.168.10.96 - - [22/Jun/2018:10:47:29 -0300] "GET /digitalizacion/PublicTempStorage/3446579.tmp HTTP/1.1" 200 594782
200.111.122.170 - - [22/Jun/2018:10:47:31 -0300] "GET /cormun/servlet/prfichaempleado?,MD,,gxPopupLevel%3D0%3B HTTP/1.1" 200 9370
190.46.88.10 - - [22/Jun/2018:10:47:31 -0300] "POST /cormun/servlet/trpermisosadjuntos?e857f0bee58c88add640e42e2fc53a69,15259664,20180622093641,P,,gx-no-cache=1529675188442 HTTP/1.1" 200 90
190.46.88.10 - - [22/Jun/2018:10:47:31 -0300] "GET /cormun/servlet/hpexe_link HTTP/1.1" 200 986
190.46.88.10 - - [22/Jun/2018:10:47:32 -0300] "GET /cormun/servlet/trpermisosgoce HTTP/1.1" 200 13344
190.46.88.10 - - [22/Jun/2018:10:47:33 -0300] "GET /cormun/servlet/trpermisosgoce HTTP/1.1" 200 13343
190.46.88.10 - - [22/Jun/2018:10:47:37 -0300] "GET /cormun/servlet/trpermisosadjuntos?16846614,20180622093714,P, HTTP/1.1" 200 6545
192.168.10.96 - - [22/Jun/2018:10:47:38 -0300] "GET /digitalizacion/servlet/wbadjunto?8050,PU HTTP/1.1" 302 -
192.168.10.96 - - [22/Jun/2018:10:47:38 -0300] "GET /digitalizacion/PublicTempStorage/5804822.tmp HTTP/1.1" 200 680898
190.46.88.10 - - [22/Jun/2018:10:47:39 -0300] "GET /cormun/servlet/trpermisosadjuntos?16846614,20180622093714,P, HTTP/1.1" 200 6543
190.46.88.10 - - [22/Jun/2018:10:47:40 -0300] "GET /cormun/servlet/permisosadjuntos?INS,16846614,P,20180622093714,, HTTP/1.1" 200 5876
190.46.88.10 - - [22/Jun/2018:10:47:41 -0300] "GET /cormun/static/about:blank HTTP/1.1" 404 1011
190.46.88.10 - - [22/Jun/2018:10:47:42 -0300] "GET /cormun/servlet/permisosadjuntos?INS,16846614,P,20180622093714,, HTTP/1.1" 200 5866
192.168.10.96 - - [22/Jun/2018:10:47:46 -0300] "GET /digitalizacion/servlet/wbadjunto?8051,PU HTTP/1.1" 302 -
192.168.10.96 - - [22/Jun/2018:10:47:46 -0300] "GET /digitalizacion/PublicTempStorage/6265469.tmp HTTP/1.1" 200 532277
200.111.122.170 - - [22/Jun/2018:10:47:52 -0300] "POST /cormun/servlet/prfichaempleado?3ca60bf0d9284646076ac8bd959b2f2d,,MD,,gxPopupLevel%3D0%3B,gx-no-cache=1529675204150 HTTP/1.1" 200 3424
192.168.10.96 - - [22/Jun/2018:10:47:53 -0300] "GET /digitalizacion/servlet/wbadjunto?8052,PU HTTP/1.1" 302 -
192.168.10.96 - - [22/Jun/2018:10:47:53 -0300] "GET /digitalizacion/PublicTempStorage/1337223.tmp HTTP/1.1" 200 595199
200.111.122.170 - - [22/Jun/2018:10:47:55 -0300] "GET /cormun/servlet/permisogoce?259a62e361b60dc41fa817fe6f557585bb8f3e659569a92be31dc7297fc9f2d278f736d50bb45050c2d539daacb91fb85a356f6b48cf3df246dc5cb66dffb693,gx-no-cache=1529675207724 HTTP/1.1" 200 86
190.46.88.10 - - [22/Jun/2018:10:47:56 -0300] "POST /cormun/servlet/permisosadjuntos?e857f0bee58c88add640e42e2fc53a69,INS,16846614,P,20180622093714,, HTTP/1.1" 200 116
190.46.88.10 - - [22/Jun/2018:10:47:56 -0300] "GET /cormun/servlet/hpexe_return? HTTP/1.1" 200 1040
190.46.88.10 - - [22/Jun/2018:10:47:57 -0300] "GET /cormun/servlet/trpermisosadjuntos?16846614,20180622093714,P, HTTP/1.1" 200 7037
190.46.88.10 - - [22/Jun/2018:10:47:58 -0300] "GET /cormun/servlet/trpermisosadjuntos?16846614,20180622093714,P, HTTP/1.1" 200 7032
200.111.122.170 - - [22/Jun/2018:10:48:00 -0300] "GET /cormun/servlet/permisogoce?259a62e361b60dc41fa817fe6f5575857241c54a6f8a1148b89501b53eb5dea1d328d14380bb35fabfc8ec2c19c6d1baa8729eab728b04d80d60baef96e1e9cd,gx-no-cache=1529675212375 HTTP/1.1" 200 47
190.46.88.10 - - [22/Jun/2018:10:48:00 -0300] "POST /cormun/servlet/trpermisosadjuntos?e857f0bee58c88add640e42e2fc53a69,16846614,20180622093714,P,,gx-no-cache=1529675217403 HTTP/1.1" 200 90
190.46.88.10 - - [22/Jun/2018:10:48:01 -0300] "GET /cormun/servlet/hpexe_link HTTP/1.1" 200 986
190.46.88.10 - - [22/Jun/2018:10:48:01 -0300] "GET /cormun/servlet/trpermisosgoce HTTP/1.1" 200 13344
190.46.88.10 - - [22/Jun/2018:10:48:03 -0300] "GET /cormun/servlet/trpermisosgoce HTTP/1.1" 200 13343
186.67.203.186 - - [22/Jun/2018:10:48:03 -0300] "POST /cormun/servlet/permisogoce?3ca60bf0d9284646076ac8bd959b2f2d,INS,0,,,,gx-no-cache=1529675215146 HTTP/1.1" 200 93
186.67.203.186 - - [22/Jun/2018:10:48:03 -0300] "GET /cormun/servlet/hpexe_return? HTTP/1.1" 200 1005
186.67.203.186 - - [22/Jun/2018:10:48:03 -0300] "GET /cormun/servlet/trpermisosgoce HTTP/1.1" 200 11711
186.67.203.186 - - [22/Jun/2018:10:48:04 -0300] "GET /cormun/servlet/trpermisosgoce HTTP/1.1" 200 11707
190.46.88.10 - - [22/Jun/2018:10:48:07 -0300] "GET /cormun/servlet/trpermisosadjuntos?17507733,20180622093739,P, HTTP/1.1" 200 6553
190.46.88.10 - - [22/Jun/2018:10:48:08 -0300] "GET /cormun/servlet/trpermisosadjuntos?17507733,20180622093739,P, HTTP/1.1" 200 6553
190.46.88.10 - - [22/Jun/2018:10:48:10 -0300] "GET /cormun/servlet/permisosadjuntos?INS,17507733,P,20180622093739,, HTTP/1.1" 200 5882
190.46.88.10 - - [22/Jun/2018:10:48:10 -0300] "GET /cormun/static/about:blank HTTP/1.1" 404 1011
190.46.88.10 - - [22/Jun/2018:10:48:11 -0300] "GET /cormun/servlet/permisosadjuntos?INS,17507733,P,20180622093739,, HTTP/1.1" 200 5873
192.168.10.96 - - [22/Jun/2018:10:48:11 -0300] "POST /digitalizacion/servlet/trdocumentos?1b4f4a804b4f2457973d65f8a94e19a6,,gx-no-cache=1529675086326 HTTP/1.1" 200 6604
190.46.88.10 - - [22/Jun/2018:10:48:22 -0300] "POST /cormun/servlet/permisosadjuntos?e857f0bee58c88add640e42e2fc53a69,INS,17507733,P,20180622093739,, HTTP/1.1" 200 116
190.46.88.10 - - [22/Jun/2018:10:48:22 -0300] "GET /cormun/servlet/hpexe_return? HTTP/1.1" 200 1041
190.46.88.10 - - [22/Jun/2018:10:48:23 -0300] "GET /cormun/servlet/trpermisosadjuntos?17507733,20180622093739,P, HTTP/1.1" 200 7053
190.46.88.10 - - [22/Jun/2018:10:48:24 -0300] "GET /cormun/servlet/trpermisosadjuntos?17507733,20180622093739,P, HTTP/1.1" 200 7049
190.46.88.10 - - [22/Jun/2018:10:48:26 -0300] "POST /cormun/servlet/trpermisosadjuntos?e857f0bee58c88add640e42e2fc53a69,17507733,20180622093739,P,,gx-no-cache=1529675243140 HTTP/1.1" 200 90
190.46.88.10 - - [22/Jun/2018:10:48:26 -0300] "GET /cormun/servlet/hpexe_link HTTP/1.1" 200 985
190.46.88.10 - - [22/Jun/2018:10:48:27 -0300] "GET /cormun/servlet/trpermisosgoce HTTP/1.1" 200 13344
190.46.88.10 - - [22/Jun/2018:10:48:28 -0300] "GET /cormun/servlet/trpermisosgoce HTTP/1.1" 200 13343
190.46.88.10 - - [22/Jun/2018:10:48:35 -0300] "GET /cormun/servlet/trpermisosadjuntos?16495466,20180622093809,P, HTTP/1.1" 200 6550
190.46.88.10 - - [22/Jun/2018:10:48:36 -0300] "GET /cormun/servlet/trpermisosadjuntos?16495466,20180622093809,P, HTTP/1.1" 200 6550
190.46.88.10 - - [22/Jun/2018:10:48:38 -0300] "GET /cormun/servlet/permisosadjuntos?INS,16495466,P,20180622093809,, HTTP/1.1" 200 5880
190.46.88.10 - - [22/Jun/2018:10:48:39 -0300] "GET /cormun/static/about:blank HTTP/1.1" 404 1011
190.46.88.10 - - [22/Jun/2018:10:48:39 -0300] "GET /cormun/servlet/permisosadjuntos?INS,16495466,P,20180622093809,, HTTP/1.1" 200 5869
190.46.88.10 - - [22/Jun/2018:10:48:50 -0300] "POST /cormun/servlet/permisosadjuntos?e857f0bee58c88add640e42e2fc53a69,INS,16495466,P,20180622093809,, HTTP/1.1" 200 116
190.46.88.10 - - [22/Jun/2018:10:48:50 -0300] "GET /cormun/servlet/hpexe_return? HTTP/1.1" 200 1041
190.46.88.10 - - [22/Jun/2018:10:48:51 -0300] "GET /cormun/servlet/trpermisosadjuntos?16495466,20180622093809,P, HTTP/1.1" 200 7041
190.46.88.10 - - [22/Jun/2018:10:48:52 -0300] "GET /cormun/servlet/trpermisosadjuntos?16495466,20180622093809,P, HTTP/1.1" 200 7036
190.46.88.10 - - [22/Jun/2018:10:48:54 -0300] "POST /cormun/servlet/trpermisosadjuntos?e857f0bee58c88add640e42e2fc53a69,16495466,20180622093809,P,,gx-no-cache=1529675270746 HTTP/1.1" 200 90
190.46.88.10 - - [22/Jun/2018:10:48:54 -0300] "GET /cormun/servlet/hpexe_link HTTP/1.1" 200 987
190.46.88.10 - - [22/Jun/2018:10:48:54 -0300] "GET /cormun/servlet/trpermisosgoce HTTP/1.1" 200 13344
190.46.88.10 - - [22/Jun/2018:10:48:55 -0300] "GET /cormun/servlet/trpermisosgoce HTTP/1.1" 200 13343
186.79.2.199 - - [22/Jun/2018:10:49:00 -0300] "GET /cormun/servlet/trpermisosadjuntos?17107585,20180622093850,P, HTTP/1.1" 200 6546
186.103.159.204 - - [22/Jun/2018:10:49:01 -0300] "POST /cormun/servlet/hlogin?5f59b0dd78dc80d4bb294c1d00691ed3,gx-no-cache=1529675277035 HTTP/1.1" 200 90
186.103.159.204 - - [22/Jun/2018:10:49:01 -0300] "GET /cormun/servlet/hpexe_link HTTP/1.1" 200 954
186.103.159.204 - - [22/Jun/2018:10:49:01 -0300] "GET /cormun/static/gxcfg.js?20177612121792 HTTP/1.1" 200 953
186.103.159.204 - - [22/Jun/2018:10:49:01 -0300] "GET /cormun/static/hpexe_link.js?20177612121795 HTTP/1.1" 200 625
186.103.159.204 - - [22/Jun/2018:10:49:01 -0300] "GET /cormun/static/Resources/Spanish/PXTools.css?1155365 HTTP/1.1" 200 89042
186.103.159.204 - - [22/Jun/2018:10:49:01 -0300] "GET /cormun/servlet/hhome HTTP/1.1" 200 4172
186.103.159.204 - - [22/Jun/2018:10:49:01 -0300] "GET /cormun/static/Shared/jqueryui/jquery-ui.min.css?1245370 HTTP/1.1" 200 30288
186.103.159.204 - - [22/Jun/2018:10:49:01 -0300] "GET /cormun/static/gxcfg.js?20175251212442 HTTP/1.1" 200 953
186.103.159.204 - - [22/Jun/2018:10:49:01 -0300] "GET /cormun/static/PXToolsJavascripts/pexe_autoreload.js HTTP/1.1" 200 1762
186.103.159.204 - - [22/Jun/2018:10:49:01 -0300] "GET /cormun/static/PXToolsJavascripts/pexe_cookies.js HTTP/1.1" 200 792
186.103.159.204 - - [22/Jun/2018:10:49:01 -0300] "GET /cormun/static/scaMessage/css/jquery.pnotify.default.css?1716380 HTTP/1.1" 200 1707
186.103.159.204 - - [22/Jun/2018:10:49:01 -0300] "GET /cormun/static/SmoothNavMenu/resources/ddsmoothmenu.css?1012540 HTTP/1.1" 200 2223
186.103.159.204 - - [22/Jun/2018:10:49:01 -0300] "GET /cormun/static/PXToolsJavascripts/pexe_windows.js HTTP/1.1" 200 15207
186.103.159.204 - - [22/Jun/2018:10:49:01 -0300] "GET /cormun/static/PXToolsJavascripts/pexe_menudivfix.js HTTP/1.1" 200 333
186.103.159.204 - - [22/Jun/2018:10:49:01 -0300] "GET /cormun/static/PXToolsJavascripts/pexe_link.js HTTP/1.1" 200 5671
186.103.159.204 - - [22/Jun/2018:10:49:01 -0300] "GET /cormun/static/SmoothNavMenu/resources/ddsmoothmenu-v.css?1012540 HTTP/1.1" 200 1188
186.103.159.204 - - [22/Jun/2018:10:49:01 -0300] "GET /cormun/static/PXToolsJavascripts/pexe_grid.js HTTP/1.1" 200 7559
186.103.159.204 - - [22/Jun/2018:10:49:01 -0300] "GET /cormun/static/PXToolsJavascripts/pexe_griddivfix.js HTTP/1.1" 200 6644
186.103.159.204 - - [22/Jun/2018:10:49:01 -0300] "GET /cormun/static/PXToolsJavascripts/pexe_menus.js HTTP/1.1" 200 1286
186.103.159.204 - - [22/Jun/2018:10:49:01 -0300] "GET /cormun/static/PXToolsJavascripts/pexe_layers.js HTTP/1.1" 200 4114
186.103.159.204 - - [22/Jun/2018:10:49:01 -0300] "GET /cormun/static/PXToolsJavascripts/pexe_picture.js HTTP/1.1" 200 689
186.103.159.204 - - [22/Jun/2018:10:49:01 -0300] "GET /cormun/static/PXToolsJavascripts/pexe_popup.js HTTP/1.1" 200 13458
186.103.159.204 - - [22/Jun/2018:10:49:01 -0300] "GET /cormun/static/PXToolsJavascripts/pexe_oav.js HTTP/1.1" 200 645
186.103.159.204 - - [22/Jun/2018:10:49:01 -0300] "GET /cormun/static/PXToolsJavascripts/pexe_oavdivfix.js HTTP/1.1" 200 639
186.103.159.204 - - [22/Jun/2018:10:49:01 -0300] "GET /cormun/static/PXToolsJavascripts/pexe_upload.js HTTP/1.1" 200 1423
186.103.159.204 - - [22/Jun/2018:10:49:01 -0300] "GET /cormun/static/PXToolsJavascripts/PXToolsJavascriptsRender.js HTTP/1.1" 200 367
186.103.159.204 - - [22/Jun/2018:10:49:01 -0300] "GET /cormun/static/PXToolsJavascripts/pexe_tabdivfix.js HTTP/1.1" 200 876
186.103.159.204 - - [22/Jun/2018:10:49:01 -0300] "GET /cormun/static/PXToolsJavascripts/pexe_tabs.js HTTP/1.1" 200 3748
186.103.159.204 - - [22/Jun/2018:10:49:01 -0300] "GET /cormun/static/PXToolsJavascripts/pexe_scrolldiv.js HTTP/1.1" 200 4138
186.103.159.204 - - [22/Jun/2018:10:49:01 -0300] "GET /cormun/static/hwchdr01.js?201752511465785 HTTP/1.1" 200 1183
186.103.159.204 - - [22/Jun/2018:10:49:01 -0300] "GET /cormun/static/hhome.js?20175251212450 HTTP/1.1" 200 777
186.103.159.204 - - [22/Jun/2018:10:49:01 -0300] "GET /cormun/static/RunJS/RunJS.js HTTP/1.1" 200 288
186.103.159.204 - - [22/Jun/2018:10:49:01 -0300] "GET /cormun/static/Resources/PXToolsHeaderBackground2.png HTTP/1.1" 200 1174
186.103.159.204 - - [22/Jun/2018:10:49:01 -0300] "GET /cormun/static/Resources/PXToolsFooterBackground2.png HTTP/1.1" 200 1172
186.103.159.204 - - [22/Jun/2018:10:49:01 -0300] "GET /cormun/static/Shared/ext/locale/ext-lang-en.js HTTP/1.1" 200 10940
186.103.159.204 - - [22/Jun/2018:10:49:01 -0300] "GET /cormun/static/Resources/PXToolsDataTitle.png HTTP/1.1" 200 1173
186.103.159.204 - - [22/Jun/2018:10:49:01 -0300] "GET /cormun/static/Resources/PXToolsHeaderActionsBackground.png HTTP/1.1" 200 484
186.103.159.204 - - [22/Jun/2018:10:49:01 -0300] "GET /cormun/static/Resources/PXToolsHeaderActionsLeft.png HTTP/1.1" 200 1118
186.103.159.204 - - [22/Jun/2018:10:49:01 -0300] "GET /cormun/static/Resources/logo4.png HTTP/1.1" 200 6582
186.103.159.204 - - [22/Jun/2018:10:49:01 -0300] "GET /cormun/static/Resources/PXToolsHeaderHome.png HTTP/1.1" 200 4147
186.103.159.204 - - [22/Jun/2018:10:49:01 -0300] "GET /cormun/static/Resources/PXToolsHeaderLogin.png HTTP/1.1" 200 4279
186.103.159.204 - - [22/Jun/2018:10:49:01 -0300] "GET /cormun/static/Resources/PXToolsHeaderSecurity.png HTTP/1.1" 200 4166
186.103.159.204 - - [22/Jun/2018:10:49:01 -0300] "GET /cormun/static/Resources/PXToolsHeaderActionsRight.png HTTP/1.1" 200 1201
186.103.159.204 - - [22/Jun/2018:10:49:01 -0300] "GET /cormun/static/Resources/PXToolsHeaderPreferences.png HTTP/1.1" 200 4189
186.103.159.204 - - [22/Jun/2018:10:49:01 -0300] "GET /cormun/static/gxui/gxui-all.js HTTP/1.1" 200 107772
186.103.159.204 - - [22/Jun/2018:10:49:02 -0300] "GET /cormun/static/hpexe_recentlink.js?20177611595044 HTTP/1.1" 200 2144
186.103.159.204 - - [22/Jun/2018:10:49:02 -0300] "GET /cormun/static/hpexe_scripts.js?201752511465715 HTTP/1.1" 200 1544
186.103.159.204 - - [22/Jun/2018:10:49:02 -0300] "GET /cormun/static/hpexe_messagepopupcomponent.js?20161017169425 HTTP/1.1" 200 605
186.103.159.204 - - [22/Jun/2018:10:49:02 -0300] "GET /cormun/static/hpexe_messagecontroller.js?20177611595012 HTTP/1.1" 200 870
186.103.159.204 - - [22/Jun/2018:10:49:02 -0300] "GET /cormun/static/hpexe_messagegenexuscomponent.js?201752511465344 HTTP/1.1" 200 587
186.103.159.204 - - [22/Jun/2018:10:49:02 -0300] "GET /cormun/static/cmcontrolpreferences.js?201752511465670 HTTP/1.1" 200 1375
186.103.159.204 - - [22/Jun/2018:10:49:02 -0300] "GET /cormun/static/Shared/jquery/jquery-1.4.2.min.js HTTP/1.1" 200 72174
186.103.159.204 - - [22/Jun/2018:10:49:02 -0300] "GET /cormun/static/SmoothNavMenu/resources/ddsmoothmenu.js HTTP/1.1" 200 12712
186.103.159.204 - - [22/Jun/2018:10:49:02 -0300] "GET /cormun/static/SmoothNavMenu/resources/SmoothNavMenuRender.js HTTP/1.1" 200 5951
186.103.159.204 - - [22/Jun/2018:10:49:02 -0300] "GET /cormun/static/scaMessage/js/jquery.pnotify.min.js HTTP/1.1" 200 13038
186.103.159.204 - - [22/Jun/2018:10:49:02 -0300] "GET /cormun/static/scaMessage/scaMessageRender.js HTTP/1.1" 200 11977
186.103.159.204 - - [22/Jun/2018:10:49:02 -0300] "GET /cormun/static/hmpwkw03.js?20177612122668 HTTP/1.1" 200 3965
186.79.2.199 - - [22/Jun/2018:10:49:02 -0300] "GET /cormun/servlet/trpermisosadjuntos?17107585,20180622093850,P, HTTP/1.1" 200 6546
186.103.159.204 - - [22/Jun/2018:10:49:02 -0300] "GET /cormun/static/Shared/jqueryui/jquery-ui.min.js HTTP/1.1" 200 240427
186.103.159.204 - - [22/Jun/2018:10:49:02 -0300] "GET /cormun/static/Shared/jquery/jquery-1.10.2.min.js HTTP/1.1" 200 273199
186.103.159.204 - - [22/Jun/2018:10:49:02 -0300] "GET /cormun/static/Shared/ext/ext-all.js HTTP/1.1" 200 1289687
186.103.159.204 - - [22/Jun/2018:10:49:03 -0300] "GET /cormun/servlet/hhome HTTP/1.1" 200 4168
186.103.159.204 - - [22/Jun/2018:10:49:03 -0300] "GET /cormun/static/SmoothNavMenu/resources/images/down.gif HTTP/1.1" 200 854
186.103.159.204 - - [22/Jun/2018:10:49:03 -0300] "GET /cormun/static/SmoothNavMenu/resources/images/right.gif HTTP/1.1" 200 860
186.79.2.199 - - [22/Jun/2018:10:49:04 -0300] "GET /cormun/servlet/permisosadjuntos?INS,17107585,P,20180622093850,, HTTP/1.1" 200 5882
186.79.2.199 - - [22/Jun/2018:10:49:04 -0300] "GET /cormun/static/about:blank HTTP/1.1" 404 1011
186.79.2.199 - - [22/Jun/2018:10:49:19 -0300] "GET /cormun/servlet/permisosadjuntos?INS,17107585,P,20180622093850,, HTTP/1.1" 200 5871
190.46.88.10 - - [22/Jun/2018:10:49:31 -0300] "POST /cormun/servlet/permisosadjuntos?e857f0bee58c88add640e42e2fc53a69,INS,17107585,P,20180622093850,, HTTP/1.1" 200 116
190.46.88.10 - - [22/Jun/2018:10:49:32 -0300] "GET /cormun/servlet/hpexe_return? HTTP/1.1" 200 1041
190.46.88.10 - - [22/Jun/2018:10:49:32 -0300] "GET /cormun/servlet/trpermisosadjuntos?17107585,20180622093850,P, HTTP/1.1" 200 7036
190.46.88.10 - - [22/Jun/2018:10:49:33 -0300] "GET /cormun/servlet/trpermisosadjuntos?17107585,20180622093850,P, HTTP/1.1" 200 7034
186.103.159.204 - - [22/Jun/2018:10:49:36 -0300] "GET /cormun/servlet/trlicencias? HTTP/1.1" 200 10227
186.103.159.204 - - [22/Jun/2018:10:49:36 -0300] "GET /cormun/static/calendar-system.css?75620 HTTP/1.1" 200 5572
186.103.159.204 - - [22/Jun/2018:10:49:36 -0300] "GET /cormun/static/gxui/gxui-all.css?110300 HTTP/1.1" 200 2179
186.103.159.204 - - [22/Jun/2018:10:49:36 -0300] "GET /cormun/static/gxcfg.js?20176272054169 HTTP/1.1" 200 953
186.103.159.204 - - [22/Jun/2018:10:49:36 -0300] "GET /cormun/static/calendar-es.js?85251 HTTP/1.1" 200 1901
186.103.159.204 - - [22/Jun/2018:10:49:36 -0300] "GET /cormun/static/calendar-setup.js?85251 HTTP/1.1" 200 2588
186.103.159.204 - - [22/Jun/2018:10:49:36 -0300] "GET /cormun/static/calendar.js?85251 HTTP/1.1" 200 26246
186.103.159.204 - - [22/Jun/2018:10:49:36 -0300] "GET /cormun/static/Resources/Spanish/PXTools.css?17315867 HTTP/1.1" 200 89042
186.103.159.204 - - [22/Jun/2018:10:49:36 -0300] "GET /cormun/static/gxdec.js?85251 HTTP/1.1" 200 19579
186.103.159.204 - - [22/Jun/2018:10:49:37 -0300] "GET /cormun/static/trlicencias.js?20176272054837 HTTP/1.1" 200 41883
186.103.159.204 - - [22/Jun/2018:10:49:37 -0300] "GET /cormun/static/Shared/ext/resources/css/ext-all.css?205870 HTTP/1.1" 200 416045
186.103.159.204 - - [22/Jun/2018:10:49:37 -0300] "GET /cormun/static/Resources/PXTools/calendar.png HTTP/1.1" 200 1306
186.103.159.204 - - [22/Jun/2018:10:49:37 -0300] "GET /cormun/static/Resources/PXToolsDataSearch.png HTTP/1.1" 200 419
186.103.159.204 - - [22/Jun/2018:10:49:37 -0300] "GET /cormun/static/Resources/PXToolsGridFirstDisabled.gif HTTP/1.1" 200 100
186.103.159.204 - - [22/Jun/2018:10:49:37 -0300] "GET /cormun/static/Resources/PXToolsGridPreviousDisabled.gif HTTP/1.1" 200 90
186.103.159.204 - - [22/Jun/2018:10:49:37 -0300] "GET /cormun/static/Resources/PXToolsGridNextDisabled.gif HTTP/1.1" 200 90
186.103.159.204 - - [22/Jun/2018:10:49:37 -0300] "GET /cormun/static/Resources/PXToolsGridLastDisabled.gif HTTP/1.1" 200 98
186.103.159.204 - - [22/Jun/2018:10:49:37 -0300] "GET /cormun/static/Resources/PXToolsGridPage.gif HTTP/1.1" 200 725
186.103.159.204 - - [22/Jun/2018:10:49:37 -0300] "GET /cormun/static/Resources/PXToolsActionExcel.png HTTP/1.1" 200 3187
186.103.159.204 - - [22/Jun/2018:10:49:37 -0300] "GET /cormun/static/Resources/PXToolsGridNew.png HTTP/1.1" 200 2949
186.103.159.204 - - [22/Jun/2018:10:49:37 -0300] "GET /cormun/static/Resources/desc.gif HTTP/1.1" 200 65
186.103.159.204 - - [22/Jun/2018:10:49:37 -0300] "GET /cormun/static/Resources/asc.gif HTTP/1.1" 200 67
186.103.159.204 - - [22/Jun/2018:10:49:37 -0300] "GET /cormun//static/Resources/PXToolsGridDisplay.png HTTP/1.1" 200 362
186.103.159.204 - - [22/Jun/2018:10:49:37 -0300] "GET /cormun//static/Resources/PXTools/ActionInsert.png HTTP/1.1" 200 1482
186.103.159.204 - - [22/Jun/2018:10:49:37 -0300] "GET /cormun//static/Resources/PXToolsActionDisabled.gif HTTP/1.1" 200 53
186.103.159.204 - - [22/Jun/2018:10:49:38 -0300] "GET /cormun//static/Resources/PXToolsActionPrint.png HTTP/1.1" 200 3317
186.103.159.204 - - [22/Jun/2018:10:49:38 -0300] "GET /cormun//static/Resources/PXToolsHeaderHelp.png HTTP/1.1" 200 4055
186.103.159.204 - - [22/Jun/2018:10:49:38 -0300] "GET /cormun//static/Resources/PXToolsHeaderFavorites.png HTTP/1.1" 200 2744
186.103.159.204 - - [22/Jun/2018:10:49:38 -0300] "GET /cormun/servlet/trlicencias? HTTP/1.1" 200 10224
186.103.159.204 - - [22/Jun/2018:10:49:38 -0300] "GET /cormun/static/Shared/ext/resources/themes/images/default/tools/tool-sprites.gif HTTP/1.1" 200 5434
186.103.159.204 - - [22/Jun/2018:10:49:38 -0300] "GET /cormun/static/Shared/ext/resources/themes/images/default/panel/bg-headersPanel.png HTTP/1.1" 200 255
190.46.88.10 - - [22/Jun/2018:10:49:44 -0300] "POST /cormun/servlet/trpermisosadjuntos?e857f0bee58c88add640e42e2fc53a69,17107585,20180622093850,P,,gx-no-cache=1529675321361 HTTP/1.1" 200 90
190.46.88.10 - - [22/Jun/2018:10:49:44 -0300] "GET /cormun/servlet/hpexe_link HTTP/1.1" 200 986
190.46.88.10 - - [22/Jun/2018:10:49:45 -0300] "GET /cormun/servlet/trpermisosgoce HTTP/1.1" 200 13344
190.46.88.10 - - [22/Jun/2018:10:49:46 -0300] "GET /cormun/servlet/trpermisosgoce HTTP/1.1" 200 13343
190.46.88.10 - - [22/Jun/2018:10:49:51 -0300] "POST /cormun/servlet/trpermisosgoce?e857f0bee58c88add640e42e2fc53a69,gx-no-cache=1529675327019 HTTP/1.1" 200 10494
190.46.88.10 - - [22/Jun/2018:10:49:51 -0300] "GET /cormun/static/Shared/jqueryui/images/ui-bg_highlight-soft_100_c6c2c8_1x100.png HTTP/1.1" 404 1117
190.46.88.10 - - [22/Jun/2018:10:49:51 -0300] "GET /cormun/static/Shared/jqueryui/images/ui-icons_82798d_256x240.png HTTP/1.1" 404 1089
190.46.88.10 - - [22/Jun/2018:10:49:51 -0300] "GET /cormun/static/Shared/jqueryui/images/ui-bg_flat_55_fafafa_40x100.png HTTP/1.1" 404 1097
190.46.88.10 - - [22/Jun/2018:10:49:51 -0300] "GET /cormun/static/Shared/jqueryui/images/ui-icons_8d78a5_256x240.png HTTP/1.1" 404 1089
