200.111.191.210 - - [20/Jun/2018:11:14:02 -0300] "GET /cormun/servlet/solicitudot?6da2bc217b99f3dfb2ea475f314df87fea01a08ffaae3bc22a4f2d17c87bda0fe208534a64e1943d06efe71ebb3ebb98badc90d79ce567694b48661131e503f7,gx-no-cache=1529504046059 HTTP/1.1" 200 30
200.111.191.210 - - [20/Jun/2018:11:14:02 -0300] "GET /cormun/servlet/solicitudot?6da2bc217b99f3dfb2ea475f314df87f9fbc6850e552e72e9b935a1f99df2f6b,gx-no-cache=1529504046078 HTTP/1.1" 200 45
200.111.191.210 - - [20/Jun/2018:11:14:02 -0300] "POST /cormun/servlet/solicitudot?gx-no-cache=1529504046100 HTTP/1.1" 200 255
200.111.191.210 - - [20/Jun/2018:11:14:02 -0300] "GET /cormun/servlet/solicitudot?6da2bc217b99f3dfb2ea475f314df87f9f959f030bf317433962f6e791ce856bea4dc19ece8fd8e7a9930781bc30e4ba1e46aebdc3cf56a0404504b56732a79c457d5ed7e2023db31d56d235004bfa9c596f276d8dfdd52e98cba06d9c7658255d94a45dc4226efaceeb29a52981202ca1b680ecb7261e0f7ac5a0e55c6760df3eed3a210c8153c7f5c8130de3a56eae9a2be457328f3590a37f39cc8566b9616efe00b647986f68b76952175f7d6d9cc264b4f95f868448c7456604c7f1a675dbcc825d1758c60b6a3d85949dc7d1b779845d709b31da68716b844483b4df2ac7312ba65ae31c4acca2c0ca5adaa82ef6bb7e9ea643da2b4ab7ed571913b7ea672db8567b0d18ad3d79b5379f646e7475c70de46fb4bd48564b2ffef3d818246f2bb1e7299925cabe6b7781a9f5ac6752c02f5437666a6c6961f927c6b01828faee788a4df0891331c97c4cc13eedfca5359da30b7ecb0af9d207385e8526164ef634e90dc83bbf1cbc65a0ac29d2d3e81fac952d3751626e47fc8b2a23781f,gx-no-cache=1529504046142 HTTP/1.1" 200 30
200.111.191.210 - - [20/Jun/2018:11:14:04 -0300] "POST /cormun/servlet/solicitudot?gx-no-cache=1529504047928 HTTP/1.1" 200 30
200.111.191.210 - - [20/Jun/2018:11:14:05 -0300] "POST /cormun/servlet/solicitudot?gx-no-cache=1529504049391 HTTP/1.1" 200 1369
200.111.191.210 - - [20/Jun/2018:11:14:05 -0300] "POST /cormun/servlet/solicitudot?gx-no-cache=1529504049435 HTTP/1.1" 200 38
186.103.157.246 - - [20/Jun/2018:11:14:07 -0300] "GET /cormun/servlet/licenciaspermisos?INS,0,,, HTTP/1.1" 200 7524
186.103.157.246 - - [20/Jun/2018:11:14:08 -0300] "GET /cormun/servlet/licenciaspermisos?INS,0,,, HTTP/1.1" 200 7531
186.103.157.246 - - [20/Jun/2018:11:14:12 -0300] "POST /cormun/servlet/solicitudot?gx-no-cache=1529503986651 HTTP/1.1" 200 41
186.103.157.246 - - [20/Jun/2018:11:14:12 -0300] "POST /cormun/servlet/solicitudot?gx-no-cache=1529503986799 HTTP/1.1" 200 1351
186.103.157.246 - - [20/Jun/2018:11:14:13 -0300] "POST /cormun/servlet/solicitudot?gx-no-cache=1529503986924 HTTP/1.1" 200 1249
186.103.157.246 - - [20/Jun/2018:11:14:13 -0300] "GET /cormun/static/menuarrow.gif HTTP/1.1" 404 1015
200.111.191.210 - - [20/Jun/2018:11:14:13 -0300] "GET /cormun/servlet/solicitudot?6da2bc217b99f3dfb2ea475f314df87fb713dbcfc11960cabcd445de3dc9ec9f44b61619335afd2be28782b19a2c54748d26f950408cfe82576b7e0090c4efd97a944ff921aafdbd31695ef3f73e0859b3ad9fe2ca2aaad375c69d67a1deeba16856dd085499b6fc23b00e4a8212d9398f71f66e8b25a58b035e008e95de37d7dbdc8a1e7ef2472869b9b1f361da819e607c810d3ef61b5c9015fef5cfb2fda4,gx-no-cache=1529504057390 HTTP/1.1" 200 29
200.111.191.210 - - [20/Jun/2018:11:14:13 -0300] "POST /cormun/servlet/solicitudot?gx-no-cache=1529504057410 HTTP/1.1" 200 1351
200.111.191.210 - - [20/Jun/2018:11:14:13 -0300] "POST /cormun/servlet/solicitudot?gx-no-cache=1529504057447 HTTP/1.1" 200 1249
186.103.157.246 - - [20/Jun/2018:11:14:14 -0300] "GET /cormun/servlet/trcontratoobservaciondir? HTTP/1.1" 200 13727
186.103.157.246 - - [20/Jun/2018:11:14:14 -0300] "GET /cormun/static/gxcfg.js?20175251262281 HTTP/1.1" 200 953
186.103.157.246 - - [20/Jun/2018:11:14:14 -0300] "GET /cormun/static/trcontratoobservaciondir.js?20175251262715 HTTP/1.1" 200 27185
186.103.157.246 - - [20/Jun/2018:11:14:15 -0300] "GET /cormun/servlet/trcontratoobservaciondir? HTTP/1.1" 200 13716
186.103.157.246 - - [20/Jun/2018:11:14:16 -0300] "POST /cormun/servlet/solicitudot?gx-no-cache=1529503990186 HTTP/1.1" 200 1351
186.103.157.246 - - [20/Jun/2018:11:14:16 -0300] "POST /cormun/servlet/solicitudot?gx-no-cache=1529503990312 HTTP/1.1" 200 1249
200.111.191.210 - - [20/Jun/2018:11:14:19 -0300] "GET /cormun/servlet/solicitudot?6da2bc217b99f3dfb2ea475f314df87fe59259faac506f166d8f948b328a05f33ee3720b43add7297b19542138d1fb39,gx-no-cache=1529504062842 HTTP/1.1" 200 30
200.111.191.210 - - [20/Jun/2018:11:14:19 -0300] "POST /cormun/servlet/solicitudot?gx-no-cache=1529504063497 HTTP/1.1" 200 30
186.103.157.246 - - [20/Jun/2018:11:14:25 -0300] "GET /cormun/servlet/solicitudot?74fc10d8e8c14f9ff1b73c97cf2876b01b2bdabf0cd71408fa2d4a7239010cd4e16277b4bec99df997fc75547f0f3c29,gx-no-cache=1529503999226 HTTP/1.1" 200 134
186.103.157.246 - - [20/Jun/2018:11:14:25 -0300] "GET /cormun/static/Shared/jqueryui/images/ui-bg_highlight-soft_100_c6c2c8_1x100.png HTTP/1.1" 404 1117
186.103.157.246 - - [20/Jun/2018:11:14:25 -0300] "GET /cormun/static/Shared/jqueryui/images/ui-icons_82798d_256x240.png HTTP/1.1" 404 1089
186.103.157.246 - - [20/Jun/2018:11:14:25 -0300] "GET /cormun/static/Shared/jqueryui/images/ui-bg_flat_55_994d53_40x100.png HTTP/1.1" 404 1097
186.103.157.246 - - [20/Jun/2018:11:14:25 -0300] "GET /cormun/static/Shared/jqueryui/images/ui-icons_ebccce_256x240.png HTTP/1.1" 404 1089
200.111.191.210 - - [20/Jun/2018:11:14:28 -0300] "POST /cormun/servlet/solicitudot?gx-no-cache=1529504072648 HTTP/1.1" 200 30
200.111.191.210 - - [20/Jun/2018:11:14:41 -0300] "POST /cormun/servlet/solicitudot?8b31e9dbad20af864f3b61ef1890e584,INS,0,0,,gx-no-cache=1529504084680 HTTP/1.1" 200 93
200.111.191.210 - - [20/Jun/2018:11:14:41 -0300] "GET /cormun/servlet/hpexe_return? HTTP/1.1" 200 1027
200.111.191.210 - - [20/Jun/2018:11:14:41 -0300] "GET /cormun/servlet/trsolicitudot?gx-no-cache=1529504022720 HTTP/1.1" 200 8913
200.111.191.210 - - [20/Jun/2018:11:14:41 -0300] "GET /cormun/servlet/trsolicitudot?gx-no-cache=1529504022720 HTTP/1.1" 200 8929
186.103.157.246 - - [20/Jun/2018:11:14:43 -0300] "GET /cormun/servlet/solicitudot?74fc10d8e8c14f9ff1b73c97cf2876b07d8cbc30641f4ae376085a85fbcadb3f04e6e0f1fe6e78180b6c5b80dc849596,gx-no-cache=1529504016589 HTTP/1.1" 200 134
200.111.191.210 - - [20/Jun/2018:11:14:48 -0300] "GET /cormun/servlet/solicitudot?INS,0,0, HTTP/1.1" 200 13427
200.111.191.210 - - [20/Jun/2018:11:14:49 -0300] "GET /cormun/servlet/solicitudot?INS,0,0, HTTP/1.1" 200 13414
200.111.191.210 - - [20/Jun/2018:11:14:56 -0300] "POST /cormun/servlet/solicitudot?gx-no-cache=1529504099860 HTTP/1.1" 200 3303
200.111.191.210 - - [20/Jun/2018:11:14:56 -0300] "POST /cormun/servlet/solicitudot?8b31e9dbad20af864f3b61ef1890e584,INS,0,0,,gx-no-cache=1529504099986 HTTP/1.1" 200 10287
200.111.191.210 - - [20/Jun/2018:11:14:58 -0300] "GET /cormun/servlet/solicitudot?6da2bc217b99f3dfb2ea475f314df87f393887e7669978ac05c08ecd0a5d2b19badc90d79ce567694b48661131e503f7,gx-no-cache=1529504102418 HTTP/1.1" 200 30
186.103.157.246 - - [20/Jun/2018:11:15:14 -0300] "GET /cormun/servlet/solicitudot?74fc10d8e8c14f9ff1b73c97cf2876b01aaa0002b7ded42fb3562357f2202151,gx-no-cache=1529504048490 HTTP/1.1" 200 30
186.103.157.246 - - [20/Jun/2018:11:15:19 -0300] "GET /cormun/servlet/prlicenciaspermisos?11274361,L,,MD,,gxPopupLevel%3D0%3B HTTP/1.1" 200 5766
186.103.157.246 - - [20/Jun/2018:11:15:25 -0300] "GET /cormun/servlet/solicitudot?8587d44b6c74cb6287d48ffcc9413aecaea9f19437380ba13e41e7ba4e6ae783,gx-no-cache=1529504059509 HTTP/1.1" 200 20
186.103.157.246 - - [20/Jun/2018:11:15:39 -0300] "POST /cormun/servlet/solicitudot?gx-no-cache=1529504073055 HTTP/1.1" 200 41
186.103.157.246 - - [20/Jun/2018:11:15:39 -0300] "POST /cormun/servlet/solicitudot?gx-no-cache=1529504073165 HTTP/1.1" 200 1351
186.103.157.246 - - [20/Jun/2018:11:15:39 -0300] "POST /cormun/servlet/solicitudot?gx-no-cache=1529504073299 HTTP/1.1" 200 1249
186.103.157.246 - - [20/Jun/2018:11:15:43 -0300] "POST /cormun/servlet/solicitudot?gx-no-cache=1529504077641 HTTP/1.1" 200 1351
186.103.157.246 - - [20/Jun/2018:11:15:43 -0300] "POST /cormun/servlet/solicitudot?gx-no-cache=1529504077766 HTTP/1.1" 200 1249
200.111.191.210 - - [20/Jun/2018:11:16:01 -0300] "GET /cormun/servlet/solicitudot?6da2bc217b99f3dfb2ea475f314df87f1cce480ed696974653598c470318d13c097c6506b62dbf098a7a108062f38e0650edd6391fa08e9ae07bbd6c3dcd0765,gx-no-cache=1529504165212 HTTP/1.1" 200 30
200.111.191.210 - - [20/Jun/2018:11:16:06 -0300] "GET /cormun/servlet/prbanco?,MD,,gxPopupLevel%3D0%3B HTTP/1.1" 200 6591
200.111.191.210 - - [20/Jun/2018:11:16:09 -0300] "GET /cormun/servlet/solicitudot?6da2bc217b99f3dfb2ea475f314df87ffd592894c797b4563edd578dc113f3c8,gx-no-cache=1529504172924 HTTP/1.1" 200 53
200.111.191.210 - - [20/Jun/2018:11:16:16 -0300] "POST /cormun/servlet/solicitudot?gx-no-cache=1529504180644 HTTP/1.1" 200 255
200.111.191.210 - - [20/Jun/2018:11:16:18 -0300] "GET /cormun/servlet/solicitudot?6da2bc217b99f3dfb2ea475f314df87f9f959f030bf317433962f6e791ce856bea4dc19ece8fd8e7a9930781bc30e4ba1e46aebdc3cf56a0404504b56732a79c457d5ed7e2023db31d56d235004bfa9c596f276d8dfdd52e98cba06d9c7658255d94a45dc4226efaceeb29a52981202ca1b680ecb7261e0f7ac5a0e55c6760df3eed3a210c8153c7f5c8130de3a56eae9a2be457328f3590a37f39cc8566b9616efe00b647986f68b76952175f7d6d9cc264b4f95f868448c7456604c7f1a675dbcc825d1758c60b6a3d85949dc7d1b779845d709b31da68716b844483b4df2ac7312ba65ae31c4acca2c0ca5adaa82ef6bb7e9ea643da2b4ab7ed571913b7ea672db8567b0d18ad3d79b5379f646e7475c70de46fb4bd48564b2ffef3d818246f2bb1e7299925cabe6b7781a9f5ac6752c02f5437666a6c6961f927c6b01828faee788a4df0891331c97c4cc13eedfca5359da30b7ecb0af9d207385e8526164ef634e90dc83bbf1cbc65a0ac29d2d3e81fac952d3751626e47fc8b2a23781f,gx-no-cache=1529504182062 HTTP/1.1" 200 30
200.111.191.210 - - [20/Jun/2018:11:16:23 -0300] "POST /cormun/servlet/solicitudot?gx-no-cache=1529504187731 HTTP/1.1" 200 30
200.111.191.210 - - [20/Jun/2018:11:16:33 -0300] "POST /cormun/servlet/solicitudot?gx-no-cache=1529504196950 HTTP/1.1" 200 1369
200.111.191.210 - - [20/Jun/2018:11:16:33 -0300] "POST /cormun/servlet/solicitudot?gx-no-cache=1529504196993 HTTP/1.1" 200 38
200.111.191.210 - - [20/Jun/2018:11:17:15 -0300] "GET /cormun/servlet/solicitudot?6da2bc217b99f3dfb2ea475f314df87fb713dbcfc11960cabcd445de3dc9ec9f44b61619335afd2be28782b19a2c54743d1d814c9749f7f1620a9793cf5ed6ff7c823f89c64b908965a524661ad1772c6b59e1a204c2e58186f6634212469731539797da85d8ffa1a362feaee57cf1e6,gx-no-cache=1529504239369 HTTP/1.1" 200 29
200.111.191.210 - - [20/Jun/2018:11:17:15 -0300] "POST /cormun/servlet/solicitudot?gx-no-cache=1529504239402 HTTP/1.1" 200 1350
200.111.191.210 - - [20/Jun/2018:11:17:15 -0300] "POST /cormun/servlet/solicitudot?gx-no-cache=1529504239719 HTTP/1.1" 200 1249
200.111.191.210 - - [20/Jun/2018:11:18:04 -0300] "GET /cormun/servlet/solicitudot?6da2bc217b99f3dfb2ea475f314df87f88799c5f3fac13490b3e8edcb97bd1239b83652cab9e32a5babce6e07c17e721,gx-no-cache=1529504288634 HTTP/1.1" 200 30
200.111.191.210 - - [20/Jun/2018:11:18:08 -0300] "POST /cormun/servlet/solicitudot?gx-no-cache=1529504292322 HTTP/1.1" 200 30
200.111.191.210 - - [20/Jun/2018:11:18:43 -0300] "POST /cormun/servlet/solicitudot?8b31e9dbad20af864f3b61ef1890e584,INS,0,0,,gx-no-cache=1529504327443 HTTP/1.1" 200 93
200.111.191.210 - - [20/Jun/2018:11:18:43 -0300] "GET /cormun/servlet/hpexe_return? HTTP/1.1" 200 1027
200.111.191.210 - - [20/Jun/2018:11:18:44 -0300] "GET /cormun/servlet/trsolicitudot?gx-no-cache=1529504022720 HTTP/1.1" 200 9268
200.111.191.210 - - [20/Jun/2018:11:18:44 -0300] "GET /cormun/servlet/trsolicitudot?gx-no-cache=1529504022720 HTTP/1.1" 200 9283
200.111.191.210 - - [20/Jun/2018:11:18:55 -0300] "GET /cormun/servlet/solicitudot?INS,0,0, HTTP/1.1" 200 13427
200.111.191.210 - - [20/Jun/2018:11:18:56 -0300] "GET /cormun/servlet/solicitudot?INS,0,0, HTTP/1.1" 200 13414
200.111.191.210 - - [20/Jun/2018:11:19:01 -0300] "POST /cormun/servlet/solicitudot?gx-no-cache=1529504344776 HTTP/1.1" 200 3429
200.111.191.210 - - [20/Jun/2018:11:19:01 -0300] "POST /cormun/servlet/solicitudot?8b31e9dbad20af864f3b61ef1890e584,INS,0,0,,gx-no-cache=1529504344969 HTTP/1.1" 200 10422
200.111.191.210 - - [20/Jun/2018:11:19:06 -0300] "GET /cormun/servlet/solicitudot?6da2bc217b99f3dfb2ea475f314df87f191398abe24a0e6ac7342f796339adc7badc90d79ce567694b48661131e503f7,gx-no-cache=1529504350395 HTTP/1.1" 200 30
200.111.191.210 - - [20/Jun/2018:11:19:06 -0300] "GET /cormun/servlet/solicitudot?6da2bc217b99f3dfb2ea475f314df87f7a003ba6c5f4213adafe63e6763f624e38371321eaa7cba5856634d0be3bdeadbadc90d79ce567694b48661131e503f7,gx-no-cache=1529504350422 HTTP/1.1" 200 30
200.111.191.210 - - [20/Jun/2018:11:19:06 -0300] "GET /cormun/servlet/solicitudot?6da2bc217b99f3dfb2ea475f314df87ffd592894c797b4563edd578dc113f3c8,gx-no-cache=1529504350444 HTTP/1.1" 200 53
200.111.191.210 - - [20/Jun/2018:11:19:06 -0300] "POST /cormun/servlet/solicitudot?gx-no-cache=1529504350468 HTTP/1.1" 200 297
200.111.191.210 - - [20/Jun/2018:11:19:06 -0300] "GET /cormun/servlet/solicitudot?6da2bc217b99f3dfb2ea475f314df87f9f959f030bf317433962f6e791ce856b47983ec5f661b5db304589ba74ab551f1e46aebdc3cf56a0404504b56732a79c457d5ed7e2023db31d56d235004bfa9c596f276d8dfdd52e98cba06d9c7658255d94a45dc4226efaceeb29a52981202ca1b680ecb7261e0f7ac5a0e55c6760df3eed3a210c8153c7f5c8130de3a56eae9a2be457328f3590a37f39cc8566b9616efe00b647986f68b76952175f7d6d9cc264b4f95f868448c7456604c7f1a675dbcc825d1758c60b6a3d85949dc7d1b779845d709b31da68716b844483b4df2ac7312ba65ae31c4acca2c0ca5adaa82eadc6918798710a0b9f734a8bdd6b9220672db8567b0d18ad3d79b5379f646e740920846695e1bf0d5670e7303fabb9b1833fc82e82a72403a18ed831c335668cf6dbcfec08dca218e358412c66d831e544fc7e4adce1e14b496fbc301423f9ac0d56c1e2985a5653b7e017b3545ba8001e7083ed45a763dd942bf67ffc208c06f7710a9ac4f9b9e962caf5505da58d1c01bf92cd86920dfc506496a1128ad4b2,gx-no-cache=1529504350502 HTTP/1.1" 200 30
200.111.191.210 - - [20/Jun/2018:11:19:16 -0300] "POST /cormun/servlet/solicitudot?gx-no-cache=1529504360070 HTTP/1.1" 200 30
200.111.191.210 - - [20/Jun/2018:11:19:17 -0300] "GET /cormun/servlet/prcontratosol?17235429,,,,,MD,,gxPopupLevel%3D0%3B HTTP/1.1" 200 7667
200.111.191.210 - - [20/Jun/2018:11:19:21 -0300] "POST /cormun/servlet/solicitudot?gx-no-cache=1529504365618 HTTP/1.1" 200 1369
200.111.191.210 - - [20/Jun/2018:11:19:21 -0300] "POST /cormun/servlet/solicitudot?gx-no-cache=1529504365660 HTTP/1.1" 200 38
200.111.191.210 - - [20/Jun/2018:11:19:21 -0300] "GET /cormun/servlet/solicitudot?6da2bc217b99f3dfb2ea475f314df87fb713dbcfc11960cabcd445de3dc9ec9f44b61619335afd2be28782b19a2c54743d1d814c9749f7f1620a9793cf5ed6ff7c823f89c64b908965a524661ad1772c6b59e1a204c2e58186f6634212469731539797da85d8ffa1a362feaee57cf1e6,gx-no-cache=1529504365684 HTTP/1.1" 200 29
200.111.191.210 - - [20/Jun/2018:11:19:21 -0300] "POST /cormun/servlet/solicitudot?gx-no-cache=1529504365705 HTTP/1.1" 200 1350
200.111.191.210 - - [20/Jun/2018:11:19:21 -0300] "POST /cormun/servlet/solicitudot?gx-no-cache=1529504365743 HTTP/1.1" 200 1248
200.111.191.210 - - [20/Jun/2018:11:19:22 -0300] "GET /cormun/servlet/solicitudot?6da2bc217b99f3dfb2ea475f314df87fab4bb5ff4edf2cf04a5f829192d497c59b83652cab9e32a5babce6e07c17e721,gx-no-cache=1529504365790 HTTP/1.1" 200 134
200.111.191.210 - - [20/Jun/2018:11:19:22 -0300] "GET /cormun/static/Shared/jqueryui/images/ui-bg_highlight-soft_100_c6c2c8_1x100.png HTTP/1.1" 404 1117
200.111.191.210 - - [20/Jun/2018:11:19:22 -0300] "GET /cormun/static/Shared/jqueryui/images/ui-icons_ebccce_256x240.png HTTP/1.1" 404 1089
200.111.191.210 - - [20/Jun/2018:11:19:22 -0300] "GET /cormun/static/Shared/jqueryui/images/ui-icons_82798d_256x240.png HTTP/1.1" 404 1089
200.111.191.210 - - [20/Jun/2018:11:19:22 -0300] "GET /cormun/static/Shared/jqueryui/images/ui-bg_flat_55_994d53_40x100.png HTTP/1.1" 404 1097
200.111.191.210 - - [20/Jun/2018:11:19:38 -0300] "POST /cormun/servlet/solicitudot?gx-no-cache=1529504382717 HTTP/1.1" 200 1349
200.111.191.210 - - [20/Jun/2018:11:19:39 -0300] "POST /cormun/servlet/solicitudot?gx-no-cache=1529504382753 HTTP/1.1" 200 1248
200.111.191.210 - - [20/Jun/2018:11:19:44 -0300] "GET /cormun/servlet/solicitudot?6da2bc217b99f3dfb2ea475f314df87f88799c5f3fac13490b3e8edcb97bd1239b83652cab9e32a5babce6e07c17e721,gx-no-cache=1529504387977 HTTP/1.1" 200 30
200.111.191.210 - - [20/Jun/2018:11:19:45 -0300] "POST /cormun/servlet/solicitudot?gx-no-cache=1529504389498 HTTP/1.1" 200 33
200.111.191.210 - - [20/Jun/2018:11:19:57 -0300] "POST /cormun/servlet/solicitudot?8b31e9dbad20af864f3b61ef1890e584,INS,0,0,,gx-no-cache=1529504401331 HTTP/1.1" 200 93
200.111.191.210 - - [20/Jun/2018:11:19:57 -0300] "GET /cormun/servlet/hpexe_return? HTTP/1.1" 200 1027
200.111.191.210 - - [20/Jun/2018:11:19:57 -0300] "GET /cormun/servlet/trsolicitudot?gx-no-cache=1529504022720 HTTP/1.1" 200 9707
200.111.191.210 - - [20/Jun/2018:11:19:58 -0300] "GET /cormun/servlet/trsolicitudot?gx-no-cache=1529504022720 HTTP/1.1" 200 9722
200.111.191.210 - - [20/Jun/2018:11:20:03 -0300] "GET /cormun/servlet/solicitudot?INS,0,0, HTTP/1.1" 200 13427
200.111.191.210 - - [20/Jun/2018:11:20:03 -0300] "GET /cormun/servlet/solicitudot?INS,0,0, HTTP/1.1" 200 13414
200.111.191.210 - - [20/Jun/2018:11:20:09 -0300] "POST /cormun/servlet/solicitudot?gx-no-cache=1529504412897 HTTP/1.1" 200 3302
200.111.191.210 - - [20/Jun/2018:11:20:09 -0300] "POST /cormun/servlet/solicitudot?8b31e9dbad20af864f3b61ef1890e584,INS,0,0,,gx-no-cache=1529504413016 HTTP/1.1" 200 10286
200.111.191.210 - - [20/Jun/2018:11:20:10 -0300] "GET /cormun/servlet/solicitudot?6da2bc217b99f3dfb2ea475f314df87fed4445e00d8ec55c0ac712b8a57bdf8ebadc90d79ce567694b48661131e503f7,gx-no-cache=1529504414697 HTTP/1.1" 200 30
200.111.191.210 - - [20/Jun/2018:11:20:59 -0300] "GET /cormun/servlet/prbanco?,MD,,gxPopupLevel%3D0%3B HTTP/1.1" 200 6591
200.111.191.210 - - [20/Jun/2018:11:21:03 -0300] "GET /cormun/servlet/solicitudot?6da2bc217b99f3dfb2ea475f314df87f64296bcce7f6ced0b4438ac4e26c6821adc4a7896291b9dc0891a4b022f95054945692bb4e92cc53f145e8f1fc036519,gx-no-cache=1529504466818 HTTP/1.1" 200 30
200.111.191.210 - - [20/Jun/2018:11:21:04 -0300] "GET /cormun/servlet/solicitudot?6da2bc217b99f3dfb2ea475f314df87ffd592894c797b4563edd578dc113f3c8,gx-no-cache=1529504468048 HTTP/1.1" 200 53
186.103.157.246 - - [20/Jun/2018:11:21:10 -0300] "GET /cormun/servlet/solicitudot?74fc10d8e8c14f9ff1b73c97cf2876b0a27fe0db0ce8f865a2e37e48fa6f743fe16277b4bec99df997fc75547f0f3c29,gx-no-cache=1529504404370 HTTP/1.1" 200 30
186.103.157.246 - - [20/Jun/2018:11:21:10 -0300] "POST /cormun/servlet/solicitudot?gx-no-cache=1529504404794 HTTP/1.1" 200 34
200.111.191.210 - - [20/Jun/2018:11:21:13 -0300] "POST /cormun/servlet/solicitudot?gx-no-cache=1529504476838 HTTP/1.1" 200 297
200.111.191.210 - - [20/Jun/2018:11:21:13 -0300] "GET /cormun/servlet/solicitudot?6da2bc217b99f3dfb2ea475f314df87f9f959f030bf317433962f6e791ce856b47983ec5f661b5db304589ba74ab551f1e46aebdc3cf56a0404504b56732a79c457d5ed7e2023db31d56d235004bfa9c596f276d8dfdd52e98cba06d9c7658255d94a45dc4226efaceeb29a52981202ca1b680ecb7261e0f7ac5a0e55c6760df3eed3a210c8153c7f5c8130de3a56eae9a2be457328f3590a37f39cc8566b9616efe00b647986f68b76952175f7d6d9cc264b4f95f868448c7456604c7f1a675dbcc825d1758c60b6a3d85949dc7d1b779845d709b31da68716b844483b4df2ac7312ba65ae31c4acca2c0ca5adaa82eadc6918798710a0b9f734a8bdd6b9220672db8567b0d18ad3d79b5379f646e740920846695e1bf0d5670e7303fabb9b1833fc82e82a72403a18ed831c335668cf6dbcfec08dca218e358412c66d831e544fc7e4adce1e14b496fbc301423f9ac0d56c1e2985a5653b7e017b3545ba8001e7083ed45a763dd942bf67ffc208c06f7710a9ac4f9b9e962caf5505da58d1c01bf92cd86920dfc506496a1128ad4b2,gx-no-cache=1529504476873 HTTP/1.1" 200 30
200.111.191.210 - - [20/Jun/2018:11:21:14 -0300] "POST /cormun/servlet/solicitudot?gx-no-cache=1529504478683 HTTP/1.1" 200 30
200.111.191.210 - - [20/Jun/2018:11:21:26 -0300] "POST /cormun/servlet/solicitudot?gx-no-cache=1529504490070 HTTP/1.1" 200 1368
200.111.191.210 - - [20/Jun/2018:11:21:26 -0300] "POST /cormun/servlet/solicitudot?gx-no-cache=1529504490131 HTTP/1.1" 200 38
186.103.157.246 - - [20/Jun/2018:11:21:34 -0300] "GET /cormun/servlet/prlicenciaspermisos?11274361,L,,MD,,gxPopupLevel%3D0%3B HTTP/1.1" 200 5766
186.103.157.246 - - [20/Jun/2018:11:21:40 -0300] "GET /cormun/servlet/solicitudot?8587d44b6c74cb6287d48ffcc9413aecaea9f19437380ba13e41e7ba4e6ae783,gx-no-cache=1529504434837 HTTP/1.1" 200 20
200.54.247.70 - - [20/Jun/2018:11:21:54 -0300] "GET /cormun/servlet/hlogin HTTP/1.1" 200 1726
200.54.247.70 - - [20/Jun/2018:11:21:55 -0300] "GET /cormun/servlet/hlogin HTTP/1.1" 200 1730
200.54.247.70 - - [20/Jun/2018:11:22:03 -0300] "POST /cormun/servlet/hlogin?d4c5abf9116776236834e859c8481280,gx-no-cache=1529504461538 HTTP/1.1" 200 446
200.111.191.210 - - [20/Jun/2018:11:22:15 -0300] "GET /cormun/servlet/solicitudot?6da2bc217b99f3dfb2ea475f314df87fb713dbcfc11960cabcd445de3dc9ec9f44b61619335afd2be28782b19a2c54743d1d814c9749f7f1620a9793cf5ed6ff7c823f89c64b908965a524661ad1772c6b59e1a204c2e58186f6634212469731539797da85d8ffa1a362feaee57cf1e6,gx-no-cache=1529504538000 HTTP/1.1" 200 29
186.103.157.246 - - [20/Jun/2018:11:22:15 -0300] "GET /cormun/servlet/prlicenciaspermisos?11274361,L,,MD,,gxPopupLevel%3D0%3B HTTP/1.1" 200 5766
200.111.191.210 - - [20/Jun/2018:11:22:17 -0300] "POST /cormun/servlet/solicitudot?gx-no-cache=1529504539438 HTTP/1.1" 200 1350
200.54.247.70 - - [20/Jun/2018:11:22:17 -0300] "POST /cormun/servlet/hlogin?d4c5abf9116776236834e859c8481280,gx-no-cache=1529504475875 HTTP/1.1" 200 446
200.111.191.210 - - [20/Jun/2018:11:22:18 -0300] "POST /cormun/servlet/solicitudot?gx-no-cache=1529504540912 HTTP/1.1" 200 1246
186.103.157.246 - - [20/Jun/2018:11:22:20 -0300] "GET /cormun/servlet/solicitudot?8587d44b6c74cb6287d48ffcc9413aecaea9f19437380ba13e41e7ba4e6ae783,gx-no-cache=1529504473998 HTTP/1.1" 200 20
200.54.247.70 - - [20/Jun/2018:11:22:22 -0300] "POST /cormun/servlet/hlogin?d4c5abf9116776236834e859c8481280,gx-no-cache=1529504480464 HTTP/1.1" 200 446
200.111.191.210 - - [20/Jun/2018:11:22:23 -0300] "GET /cormun/servlet/solicitudot?6da2bc217b99f3dfb2ea475f314df87f88799c5f3fac13490b3e8edcb97bd1239b83652cab9e32a5babce6e07c17e721,gx-no-cache=1529504546590 HTTP/1.1" 200 30
200.54.247.70 - - [20/Jun/2018:11:22:28 -0300] "POST /cormun/servlet/hlogin?d4c5abf9116776236834e859c8481280,gx-no-cache=1529504486380 HTTP/1.1" 200 446
200.111.191.210 - - [20/Jun/2018:11:22:31 -0300] "POST /cormun/servlet/solicitudot?gx-no-cache=1529504553781 HTTP/1.1" 200 30
200.54.247.70 - - [20/Jun/2018:11:22:32 -0300] "POST /cormun/servlet/hlogin?d4c5abf9116776236834e859c8481280,gx-no-cache=1529504491000 HTTP/1.1" 200 446
200.54.247.70 - - [20/Jun/2018:11:22:39 -0300] "POST /cormun/servlet/hlogin?d4c5abf9116776236834e859c8481280,gx-no-cache=1529504497722 HTTP/1.1" 200 446
186.103.157.246 - - [20/Jun/2018:11:22:42 -0300] "POST /cormun/servlet/solicitudot?gx-no-cache=1529504496330 HTTP/1.1" 200 41
186.103.157.246 - - [20/Jun/2018:11:22:42 -0300] "POST /cormun/servlet/solicitudot?gx-no-cache=1529504496554 HTTP/1.1" 200 1351
186.103.157.246 - - [20/Jun/2018:11:22:43 -0300] "POST /cormun/servlet/solicitudot?gx-no-cache=1529504496794 HTTP/1.1" 200 1249
186.103.157.246 - - [20/Jun/2018:11:22:43 -0300] "GET /cormun/servlet/solicitudot?74fc10d8e8c14f9ff1b73c97cf2876b0a27fe0db0ce8f865a2e37e48fa6f743fe16277b4bec99df997fc75547f0f3c29,gx-no-cache=1529504497002 HTTP/1.1" 200 30
186.103.157.246 - - [20/Jun/2018:11:23:06 -0300] "POST /cormun/servlet/solicitudot?gx-no-cache=1529504519953 HTTP/1.1" 200 1351
186.103.157.246 - - [20/Jun/2018:11:23:06 -0300] "POST /cormun/servlet/solicitudot?gx-no-cache=1529504520251 HTTP/1.1" 200 1249
186.103.157.246 - - [20/Jun/2018:11:23:16 -0300] "GET /cormun/servlet/solicitudot?74fc10d8e8c14f9ff1b73c97cf2876b01b2bdabf0cd71408fa2d4a7239010cd4ac5146d0bbaf0ff0206efb4baf29e2ed,gx-no-cache=1529504529795 HTTP/1.1" 200 134
200.54.247.70 - - [20/Jun/2018:11:23:42 -0300] "POST /cormun/servlet/hlogin?d4c5abf9116776236834e859c8481280,gx-no-cache=1529504560404 HTTP/1.1" 200 446
186.103.157.246 - - [20/Jun/2018:11:23:53 -0300] "POST /cormun/servlet/solicitudot?gx-no-cache=1529504566506 HTTP/1.1" 200 41
186.103.157.246 - - [20/Jun/2018:11:23:54 -0300] "POST /cormun/servlet/solicitudot?gx-no-cache=1529504567335 HTTP/1.1" 200 1351
186.103.157.246 - - [20/Jun/2018:11:23:55 -0300] "POST /cormun/servlet/solicitudot?gx-no-cache=1529504568306 HTTP/1.1" 200 1249
186.103.157.246 - - [20/Jun/2018:11:23:57 -0300] "GET /cormun/servlet/solicitudot?74fc10d8e8c14f9ff1b73c97cf2876b0a27fe0db0ce8f865a2e37e48fa6f743fe16277b4bec99df997fc75547f0f3c29,gx-no-cache=1529504569477 HTTP/1.1" 200 30
200.54.247.70 - - [20/Jun/2018:11:23:57 -0300] "POST /cormun/servlet/hlogin?d4c5abf9116776236834e859c8481280,gx-no-cache=1529504576177 HTTP/1.1" 200 446
186.103.157.246 - - [20/Jun/2018:11:24:00 -0300] "POST /cormun/servlet/solicitudot?gx-no-cache=1529504573832 HTTP/1.1" 200 1351
186.103.157.246 - - [20/Jun/2018:11:24:01 -0300] "POST /cormun/servlet/solicitudot?gx-no-cache=1529504574902 HTTP/1.1" 200 1249
200.54.247.70 - - [20/Jun/2018:11:24:02 -0300] "POST /cormun/servlet/hlogin?d4c5abf9116776236834e859c8481280,gx-no-cache=1529504581200 HTTP/1.1" 200 446
186.103.156.24 - - [20/Jun/2018:11:24:08 -0300] "GET /cormun/servlet/hlogin HTTP/1.1" 200 1723
186.103.156.24 - - [20/Jun/2018:11:24:09 -0300] "GET /cormun/servlet/hlogin HTTP/1.1" 200 1733
186.103.156.24 - - [20/Jun/2018:11:24:09 -0300] "GET /favicon.ico HTTP/1.1" 200 21630
200.54.247.70 - - [20/Jun/2018:11:24:15 -0300] "POST /cormun/servlet/hlogin?d4c5abf9116776236834e859c8481280,gx-no-cache=1529504590213 HTTP/1.1" 200 90
200.54.247.70 - - [20/Jun/2018:11:24:15 -0300] "GET /cormun/servlet/hpexe_link HTTP/1.1" 200 953
200.54.247.70 - - [20/Jun/2018:11:24:15 -0300] "GET /cormun/servlet/hhome HTTP/1.1" 200 4235
200.54.247.70 - - [20/Jun/2018:11:24:16 -0300] "GET /cormun/servlet/hhome HTTP/1.1" 200 4232
186.103.157.246 - - [20/Jun/2018:11:24:17 -0300] "POST /cormun/servlet/solicitudot?gx-no-cache=1529504590398 HTTP/1.1" 200 34
186.103.157.246 - - [20/Jun/2018:11:24:21 -0300] "POST /cormun/servlet/solicitudot?9718862b37ac079633c1831114de3d8f,UPD,2018,11750,,gx-no-cache=1529504591348 HTTP/1.1" 200 93
186.103.157.246 - - [20/Jun/2018:11:24:21 -0300] "GET /cormun/servlet/hpexe_return? HTTP/1.1" 200 999
186.103.157.246 - - [20/Jun/2018:11:24:22 -0300] "GET /cormun/servlet/trsolicitudot HTTP/1.1" 200 8383
186.103.156.24 - - [20/Jun/2018:11:24:24 -0300] "POST /cormun/servlet/hlogin?17a56db071a6bfbcea7f891e85693546,gx-no-cache=1529504599811 HTTP/1.1" 200 90
186.103.156.24 - - [20/Jun/2018:11:24:24 -0300] "GET /cormun/servlet/hpexe_link HTTP/1.1" 200 952
200.54.247.70 - - [20/Jun/2018:11:24:25 -0300] "GET /cormun/servlet/trlicencias? HTTP/1.1" 200 17681
186.103.156.24 - - [20/Jun/2018:11:24:25 -0300] "GET /cormun/servlet/hhome HTTP/1.1" 200 4240
186.103.156.24 - - [20/Jun/2018:11:24:25 -0300] "GET /cormun/servlet/hhome HTTP/1.1" 200 4237
200.54.247.70 - - [20/Jun/2018:11:24:25 -0300] "GET /cormun/servlet/trlicencias? HTTP/1.1" 200 17701
186.103.157.246 - - [20/Jun/2018:11:24:31 -0300] "POST /cormun/servlet/trsolicitudot?9718862b37ac079633c1831114de3d8f,gx-no-cache=1529504602955 HTTP/1.1" 200 4237
186.103.157.246 - - [20/Jun/2018:11:24:31 -0300] "GET /cormun/static/Shared/jqueryui/images/ui-bg_highlight-soft_100_c6c2c8_1x100.png HTTP/1.1" 404 1117
186.103.157.246 - - [20/Jun/2018:11:24:31 -0300] "GET /cormun/static/Shared/jqueryui/images/ui-icons_82798d_256x240.png HTTP/1.1" 404 1089
186.103.157.246 - - [20/Jun/2018:11:24:31 -0300] "GET /cormun/static/Shared/jqueryui/images/ui-bg_flat_55_fafafa_40x100.png HTTP/1.1" 404 1097
186.103.157.246 - - [20/Jun/2018:11:24:31 -0300] "GET /cormun/static/Shared/jqueryui/images/ui-icons_8d78a5_256x240.png HTTP/1.1" 404 1089
186.103.157.246 - - [20/Jun/2018:11:24:32 -0300] "POST /cormun/servlet/trsolicitudot?9718862b37ac079633c1831114de3d8f,gx-no-cache=1529504605407 HTTP/1.1" 200 3981
186.103.156.24 - - [20/Jun/2018:11:24:35 -0300] "GET /cormun/servlet/trsolicitudot? HTTP/1.1" 200 7457
186.103.156.24 - - [20/Jun/2018:11:24:37 -0300] "GET /cormun/servlet/trsolicitudot? HTTP/1.1" 200 7457
186.103.156.24 - - [20/Jun/2018:11:24:40 -0300] "GET /cormun/static/menuarrow.gif HTTP/1.1" 404 1015
192.168.10.90 - - [20/Jun/2018:11:24:40 -0300] "GET /cormun/servlet/hlogin HTTP/1.1" 200 1726
192.168.10.90 - - [20/Jun/2018:11:24:43 -0300] "POST /cormun/servlet/hlogin?870009e5a041f2092deb950cfd0073f0,gx-no-cache=1529504480788 HTTP/1.1" 200 90
192.168.10.90 - - [20/Jun/2018:11:24:43 -0300] "GET /cormun/servlet/hpexe_link HTTP/1.1" 200 957
192.168.10.90 - - [20/Jun/2018:11:24:43 -0300] "GET /cormun/servlet/hhome HTTP/1.1" 200 3641
192.168.10.90 - - [20/Jun/2018:11:24:44 -0300] "GET /cormun/servlet/hhome HTTP/1.1" 200 3638
186.103.156.24 - - [20/Jun/2018:11:24:52 -0300] "POST /cormun/servlet/trsolicitudot?17a56db071a6bfbcea7f891e85693546,,gx-no-cache=1529504627963 HTTP/1.1" 200 24019
192.168.10.90 - - [20/Jun/2018:11:24:54 -0300] "GET /cormun/servlet/trsendmailoutboxcab? HTTP/1.1" 200 6617
192.168.10.90 - - [20/Jun/2018:11:24:54 -0300] "GET /cormun/servlet/trsendmailoutboxcab? HTTP/1.1" 200 6617
186.103.156.24 - - [20/Jun/2018:11:24:55 -0300] "GET /cormun/servlet/vesolicitudot?2018,11670,, HTTP/1.1" 200 8645
186.103.156.24 - - [20/Jun/2018:11:24:55 -0300] "GET /cormun/pexe_scrolldiv.js HTTP/1.1" 404 1009
186.103.156.24 - - [20/Jun/2018:11:24:56 -0300] "GET /cormun/pexe_scrolldiv.js HTTP/1.1" 404 1009
186.103.156.24 - - [20/Jun/2018:11:24:56 -0300] "GET /cormun/servlet/vesolicitudot?2018,11670,, HTTP/1.1" 200 8644
186.103.156.24 - - [20/Jun/2018:11:25:00 -0300] "GET /cormun/servlet/trsolicitudot? HTTP/1.1" 200 26710
186.103.156.24 - - [20/Jun/2018:11:25:01 -0300] "GET /cormun/servlet/trsolicitudot? HTTP/1.1" 200 26707
186.103.156.24 - - [20/Jun/2018:11:25:03 -0300] "GET /cormun/servlet/vesolicitudot?2018,11669,, HTTP/1.1" 200 8622
186.103.156.24 - - [20/Jun/2018:11:25:03 -0300] "GET /cormun/pexe_scrolldiv.js HTTP/1.1" 404 1009
186.103.156.24 - - [20/Jun/2018:11:25:03 -0300] "GET /cormun/pexe_scrolldiv.js HTTP/1.1" 404 1009
186.103.156.24 - - [20/Jun/2018:11:25:04 -0300] "GET /cormun/servlet/vesolicitudot?2018,11669,, HTTP/1.1" 200 8621
192.168.10.90 - - [20/Jun/2018:11:25:08 -0300] "GET /cormun/servlet/vesendmailoutboxcab?32,, HTTP/1.1" 200 7758
192.168.10.90 - - [20/Jun/2018:11:25:08 -0300] "GET /cormun/pexe_scrolldiv.js HTTP/1.1" 404 1009
192.168.10.90 - - [20/Jun/2018:11:25:08 -0300] "GET /cormun/pexe_scrolldiv.js HTTP/1.1" 404 1009
192.168.10.90 - - [20/Jun/2018:11:25:09 -0300] "GET /cormun/servlet/vesendmailoutboxcab?32,, HTTP/1.1" 200 7758
186.103.156.24 - - [20/Jun/2018:11:25:09 -0300] "GET /cormun/servlet/trsolicitudot? HTTP/1.1" 200 26710
186.103.156.24 - - [20/Jun/2018:11:25:10 -0300] "GET /cormun/servlet/trsolicitudot? HTTP/1.1" 200 26707
200.54.247.70 - - [20/Jun/2018:11:25:15 -0300] "GET /cormun/servlet/licenciaspermisos?DSP,18302712,L,20180606000000, HTTP/1.1" 200 7338
200.54.247.70 - - [20/Jun/2018:11:25:16 -0300] "GET /cormun/servlet/licenciaspermisos?DSP,18302712,L,20180606000000, HTTP/1.1" 200 7337
200.111.191.210 - - [20/Jun/2018:11:25:25 -0300] "GET /cormun/servlet/solicitudot?6da2bc217b99f3dfb2ea475f314df87f9f959f030bf317433962f6e791ce856b47983ec5f661b5db304589ba74ab551f1e46aebdc3cf56a0404504b56732a79c457d5ed7e2023db31d56d235004bfa9c596f276d8dfdd52e98cba06d9c7658255d94a45dc4226efaceeb29a52981202ca1b680ecb7261e0f7ac5a0e55c6760df3eed3a210c8153c7f5c8130de3a56eae9a2be457328f3590a37f39cc8566b9616efe00b647986f68b76952175f7d6d9cc264b4f95f868448c7456604c7f1a675dbcc825d1758c60b6a3d85949dc7d1b779845d709b31da68716b844483b4df2ac7312ba65ae31c4acca2c0ca5adaa82eadc6918798710a0b9f734a8bdd6b9220672db8567b0d18ad3d79b5379f646e740920846695e1bf0d5670e7303fabb9b1833fc82e82a72403a18ed831c335668cf6dbcfec08dca218e358412c66d831e544fc7e4adce1e14b496fbc301423f9ac0d56c1e2985a5653b7e017b3545ba8001e7083ed45a763dd942bf67ffc208c06a4ea3d0efc4e61d396bee20fefc6c49701bf92cd86920dfc506496a1128ad4b2,gx-no-cache=1529504729641 HTTP/1.1" 200 30
200.111.191.210 - - [20/Jun/2018:11:25:25 -0300] "POST /cormun/servlet/solicitudot?gx-no-cache=1529504729687 HTTP/1.1" 200 30
200.111.191.210 - - [20/Jun/2018:11:25:25 -0300] "POST /cormun/servlet/solicitudot?gx-no-cache=1529504729710 HTTP/1.1" 200 1368
200.111.191.210 - - [20/Jun/2018:11:25:26 -0300] "POST /cormun/servlet/solicitudot?gx-no-cache=1529504729782 HTTP/1.1" 200 41
200.111.191.210 - - [20/Jun/2018:11:25:26 -0300] "POST /cormun/servlet/solicitudot?gx-no-cache=1529504729804 HTTP/1.1" 200 1350
200.111.191.210 - - [20/Jun/2018:11:25:26 -0300] "POST /cormun/servlet/solicitudot?gx-no-cache=1529504729901 HTTP/1.1" 200 1246
200.111.191.210 - - [20/Jun/2018:11:25:26 -0300] "GET /cormun/servlet/solicitudot?6da2bc217b99f3dfb2ea475f314df87f88799c5f3fac13490b3e8edcb97bd1239b83652cab9e32a5babce6e07c17e721,gx-no-cache=1529504729955 HTTP/1.1" 200 30
200.111.191.210 - - [20/Jun/2018:11:25:26 -0300] "POST /cormun/servlet/solicitudot?gx-no-cache=1529504729997 HTTP/1.1" 200 30
200.111.191.210 - - [20/Jun/2018:11:25:26 -0300] "POST /cormun/servlet/solicitudot?8b31e9dbad20af864f3b61ef1890e584,INS,0,0,,gx-no-cache=1529504730052 HTTP/1.1" 200 93
200.111.191.210 - - [20/Jun/2018:11:25:26 -0300] "GET /cormun/servlet/hpexe_return? HTTP/1.1" 200 1027
200.111.191.210 - - [20/Jun/2018:11:25:26 -0300] "GET /cormun/servlet/trsolicitudot?gx-no-cache=1529504022720 HTTP/1.1" 200 10099
200.111.191.210 - - [20/Jun/2018:11:25:27 -0300] "GET /cormun/servlet/trsolicitudot?gx-no-cache=1529504022720 HTTP/1.1" 200 10114
192.168.10.90 - - [20/Jun/2018:11:25:30 -0300] "GET /cormun/servlet/vesendmailoutboxcab?32,,Destinatarios HTTP/1.1" 200 7232
200.54.247.70 - - [20/Jun/2018:11:25:30 -0300] "GET /cormun/servlet/trlicencias? HTTP/1.1" 200 17690
192.168.10.90 - - [20/Jun/2018:11:25:30 -0300] "GET /cormun/pexe_scrolldiv.js HTTP/1.1" 404 1009
192.168.10.90 - - [20/Jun/2018:11:25:30 -0300] "GET /cormun/pexe_scrolldiv.js HTTP/1.1" 404 1009
192.168.10.90 - - [20/Jun/2018:11:25:30 -0300] "GET /cormun/servlet/vesendmailoutboxcab?32,,Destinatarios HTTP/1.1" 200 7233
200.54.247.70 - - [20/Jun/2018:11:25:30 -0300] "GET /cormun/servlet/trlicencias? HTTP/1.1" 200 17686
192.168.10.90 - - [20/Jun/2018:11:25:31 -0300] "POST /cormun/servlet/acontrolpreferencessavestate?None,NFARIAS,true HTTP/1.1" 200 35
186.103.156.24 - - [20/Jun/2018:11:25:39 -0300] "GET /cormun/servlet/vesolicitudot?2018,11189,, HTTP/1.1" 200 8558
186.103.156.24 - - [20/Jun/2018:11:25:40 -0300] "GET /cormun/pexe_scrolldiv.js HTTP/1.1" 404 1009
186.103.156.24 - - [20/Jun/2018:11:25:40 -0300] "GET /cormun/pexe_scrolldiv.js HTTP/1.1" 404 1009
186.103.156.24 - - [20/Jun/2018:11:25:40 -0300] "GET /cormun/servlet/vesolicitudot?2018,11189,, HTTP/1.1" 200 8555
192.168.10.90 - - [20/Jun/2018:11:25:41 -0300] "GET /cormun/servlet/vesendmailoutboxcab?32,,Attachments HTTP/1.1" 200 7076
192.168.10.90 - - [20/Jun/2018:11:25:41 -0300] "GET /cormun/pexe_scrolldiv.js HTTP/1.1" 404 1009
192.168.10.90 - - [20/Jun/2018:11:25:41 -0300] "GET /cormun/pexe_scrolldiv.js HTTP/1.1" 404 1009
192.168.10.90 - - [20/Jun/2018:11:25:41 -0300] "GET /cormun/servlet/vesendmailoutboxcab?32,,Attachments HTTP/1.1" 200 7076
192.168.10.90 - - [20/Jun/2018:11:25:43 -0300] "POST /cormun/servlet/acontrolpreferencessavestate?None,NFARIAS,true HTTP/1.1" 200 35
200.111.191.210 - - [20/Jun/2018:11:25:43 -0300] "POST /cormun/servlet/trsolicitudot?8b31e9dbad20af864f3b61ef1890e584,gx-no-cache=1529504022720,gx-no-cache=1529504746061 HTTP/1.1" 200 7182
200.111.191.210 - - [20/Jun/2018:11:25:43 -0300] "GET /cormun/static/Shared/jqueryui/images/ui-bg_highlight-soft_100_c6c2c8_1x100.png HTTP/1.1" 404 1117
200.111.191.210 - - [20/Jun/2018:11:25:43 -0300] "GET /cormun/static/Shared/jqueryui/images/ui-icons_82798d_256x240.png HTTP/1.1" 404 1089
200.111.191.210 - - [20/Jun/2018:11:25:43 -0300] "GET /cormun/static/Shared/jqueryui/images/ui-icons_8d78a5_256x240.png HTTP/1.1" 404 1089
200.111.191.210 - - [20/Jun/2018:11:25:43 -0300] "GET /cormun/static/Shared/jqueryui/images/ui-bg_flat_55_fafafa_40x100.png HTTP/1.1" 404 1097
200.111.191.210 - - [20/Jun/2018:11:25:43 -0300] "POST /cormun/servlet/trsolicitudot?8b31e9dbad20af864f3b61ef1890e584,gx-no-cache=1529504022720,gx-no-cache=1529504747343 HTTP/1.1" 200 7125
186.103.156.24 - - [20/Jun/2018:11:25:44 -0300] "GET /cormun/servlet/trsolicitudot? HTTP/1.1" 200 26710
200.111.191.210 - - [20/Jun/2018:11:25:44 -0300] "POST /cormun/servlet/trsolicitudot?8b31e9dbad20af864f3b61ef1890e584,gx-no-cache=1529504022720,gx-no-cache=1529504748600 HTTP/1.1" 200 7125
186.103.156.24 - - [20/Jun/2018:11:25:45 -0300] "GET /cormun/servlet/trsolicitudot? HTTP/1.1" 200 26707
200.111.191.210 - - [20/Jun/2018:11:25:46 -0300] "POST /cormun/servlet/trsolicitudot?8b31e9dbad20af864f3b61ef1890e584,gx-no-cache=1529504022720,gx-no-cache=1529504750118 HTTP/1.1" 200 7125
192.168.10.90 - - [20/Jun/2018:11:25:49 -0300] "GET /cormun/servlet/vesendmailoutboxcab?32,,SendMailOutboxSeries HTTP/1.1" 200 6815
192.168.10.90 - - [20/Jun/2018:11:25:49 -0300] "GET /cormun/pexe_scrolldiv.js HTTP/1.1" 404 1009
192.168.10.90 - - [20/Jun/2018:11:25:49 -0300] "GET /cormun/pexe_scrolldiv.js HTTP/1.1" 404 1009
192.168.10.90 - - [20/Jun/2018:11:25:50 -0300] "GET /cormun/servlet/vesendmailoutboxcab?32,,SendMailOutboxSeries HTTP/1.1" 200 6815
200.111.191.210 - - [20/Jun/2018:11:25:50 -0300] "POST /cormun/servlet/trsolicitudot?8b31e9dbad20af864f3b61ef1890e584,gx-no-cache=1529504022720,gx-no-cache=1529504754429 HTTP/1.1" 200 7182
192.168.10.90 - - [20/Jun/2018:11:25:51 -0300] "POST /cormun/servlet/acontrolpreferencessavestate?None,NFARIAS,true HTTP/1.1" 200 35
200.111.191.210 - - [20/Jun/2018:11:25:51 -0300] "POST /cormun/servlet/trsolicitudot?8b31e9dbad20af864f3b61ef1890e584,gx-no-cache=1529504022720,gx-no-cache=1529504754776 HTTP/1.1" 200 7125
200.111.191.210 - - [20/Jun/2018:11:25:52 -0300] "POST /cormun/servlet/trsolicitudot?8b31e9dbad20af864f3b61ef1890e584,gx-no-cache=1529504022720,gx-no-cache=1529504756184 HTTP/1.1" 200 7185
192.168.10.90 - - [20/Jun/2018:11:25:52 -0300] "GET /cormun/servlet/vesendmailoutboxcab?32,,General HTTP/1.1" 200 7764
200.111.191.210 - - [20/Jun/2018:11:25:52 -0300] "POST /cormun/servlet/trsolicitudot?8b31e9dbad20af864f3b61ef1890e584,gx-no-cache=1529504022720,gx-no-cache=1529504756430 HTTP/1.1" 200 7127
192.168.10.90 - - [20/Jun/2018:11:25:52 -0300] "GET /cormun/pexe_scrolldiv.js HTTP/1.1" 404 1009
192.168.10.90 - - [20/Jun/2018:11:25:52 -0300] "GET /cormun/pexe_scrolldiv.js HTTP/1.1" 404 1009
192.168.10.90 - - [20/Jun/2018:11:25:53 -0300] "GET /cormun/servlet/vesendmailoutboxcab?32,,General HTTP/1.1" 200 7763
200.111.191.210 - - [20/Jun/2018:11:25:54 -0300] "POST /cormun/servlet/trsolicitudot?8b31e9dbad20af864f3b61ef1890e584,gx-no-cache=1529504022720,gx-no-cache=1529504758332 HTTP/1.1" 200 7185
200.111.191.210 - - [20/Jun/2018:11:25:54 -0300] "POST /cormun/servlet/trsolicitudot?8b31e9dbad20af864f3b61ef1890e584,gx-no-cache=1529504022720,gx-no-cache=1529504758569 HTTP/1.1" 200 7127
192.168.10.90 - - [20/Jun/2018:11:25:56 -0300] "GET /cormun/servlet/trsendmailoutboxcab? HTTP/1.1" 200 6621
192.168.10.90 - - [20/Jun/2018:11:25:56 -0300] "GET /cormun/servlet/trsendmailoutboxcab? HTTP/1.1" 200 6617
200.111.191.210 - - [20/Jun/2018:11:25:56 -0300] "POST /cormun/servlet/trsolicitudot?8b31e9dbad20af864f3b61ef1890e584,gx-no-cache=1529504022720,gx-no-cache=1529504760317 HTTP/1.1" 200 7178
200.111.191.210 - - [20/Jun/2018:11:25:56 -0300] "POST /cormun/servlet/trsolicitudot?8b31e9dbad20af864f3b61ef1890e584,gx-no-cache=1529504022720,gx-no-cache=1529504760582 HTTP/1.1" 200 7120
200.111.191.210 - - [20/Jun/2018:11:25:59 -0300] "GET /cormun/servlet/trsolicitudot? HTTP/1.1" 200 10116
200.111.191.210 - - [20/Jun/2018:11:26:00 -0300] "GET /cormun/servlet/trsolicitudot? HTTP/1.1" 200 10096
200.111.191.210 - - [20/Jun/2018:11:26:00 -0300] "GET /cormun/servlet/hlogin HTTP/1.1" 200 1737
200.111.191.210 - - [20/Jun/2018:11:26:07 -0300] "POST /cormun/servlet/hlogin?8b31e9dbad20af864f3b61ef1890e584,gx-no-cache=1529504770997 HTTP/1.1" 200 454
192.168.10.90 - - [20/Jun/2018:11:26:11 -0300] "GET /cormun/servlet/vesendmailoutboxcab?32,, HTTP/1.1" 200 7758
192.168.10.90 - - [20/Jun/2018:11:26:11 -0300] "GET /cormun/pexe_scrolldiv.js HTTP/1.1" 404 1009
192.168.10.90 - - [20/Jun/2018:11:26:11 -0300] "GET /cormun/pexe_scrolldiv.js HTTP/1.1" 404 1009
200.111.191.210 - - [20/Jun/2018:11:26:11 -0300] "POST /cormun/servlet/hlogin?8b31e9dbad20af864f3b61ef1890e584,gx-no-cache=1529504772979 HTTP/1.1" 200 90
200.111.191.210 - - [20/Jun/2018:11:26:11 -0300] "GET /cormun/servlet/hpexe_link HTTP/1.1" 200 951
200.111.191.210 - - [20/Jun/2018:11:26:11 -0300] "GET /cormun/servlet/hhome HTTP/1.1" 200 4197
200.111.191.210 - - [20/Jun/2018:11:26:11 -0300] "GET /cormun/servlet/hhome HTTP/1.1" 200 4193
192.168.10.90 - - [20/Jun/2018:11:26:11 -0300] "GET /cormun/servlet/vesendmailoutboxcab?32,, HTTP/1.1" 200 7758
192.168.10.90 - - [20/Jun/2018:11:26:13 -0300] "GET /cormun/servlet/vesendmailoutboxcab?32,,SendMailOutboxSeries HTTP/1.1" 200 6815
192.168.10.90 - - [20/Jun/2018:11:26:13 -0300] "GET /cormun/pexe_scrolldiv.js HTTP/1.1" 404 1009
192.168.10.90 - - [20/Jun/2018:11:26:13 -0300] "GET /cormun/pexe_scrolldiv.js HTTP/1.1" 404 1009
192.168.10.90 - - [20/Jun/2018:11:26:14 -0300] "GET /cormun/servlet/vesendmailoutboxcab?32,,SendMailOutboxSeries HTTP/1.1" 200 6815
200.111.191.210 - - [20/Jun/2018:11:26:14 -0300] "GET /cormun/servlet/trautorizarsolicitud? HTTP/1.1" 200 10364
192.168.10.90 - - [20/Jun/2018:11:26:15 -0300] "POST /cormun/servlet/acontrolpreferencessavestate?None,NFARIAS,true HTTP/1.1" 200 35
200.111.191.210 - - [20/Jun/2018:11:26:16 -0300] "GET /cormun/servlet/trautorizarsolicitud? HTTP/1.1" 200 10362
200.111.191.210 - - [20/Jun/2018:11:26:17 -0300] "POST /cormun/servlet/trautorizarsolicitud?8b31e9dbad20af864f3b61ef1890e584,,gx-no-cache=1529504780976 HTTP/1.1" 200 7123
200.111.191.210 - - [20/Jun/2018:11:26:17 -0300] "GET /cormun/static/Shared/jqueryui/images/ui-bg_highlight-soft_100_c6c2c8_1x100.png HTTP/1.1" 404 1117
200.111.191.210 - - [20/Jun/2018:11:26:17 -0300] "GET /cormun/static/Shared/jqueryui/images/ui-icons_8d78a5_256x240.png HTTP/1.1" 404 1089
200.111.191.210 - - [20/Jun/2018:11:26:17 -0300] "GET /cormun/static/Shared/jqueryui/images/ui-bg_flat_55_fafafa_40x100.png HTTP/1.1" 404 1097
200.111.191.210 - - [20/Jun/2018:11:26:17 -0300] "GET /cormun/static/Shared/jqueryui/images/ui-icons_82798d_256x240.png HTTP/1.1" 404 1089
200.111.191.210 - - [20/Jun/2018:11:26:17 -0300] "POST /cormun/servlet/trautorizarsolicitud?8b31e9dbad20af864f3b61ef1890e584,,gx-no-cache=1529504781268 HTTP/1.1" 200 7067
200.111.191.210 - - [20/Jun/2018:11:26:19 -0300] "POST /cormun/servlet/trautorizarsolicitud?8b31e9dbad20af864f3b61ef1890e584,,gx-no-cache=1529504782697 HTTP/1.1" 200 6668
200.111.191.210 - - [20/Jun/2018:11:26:19 -0300] "POST /cormun/servlet/trautorizarsolicitud?8b31e9dbad20af864f3b61ef1890e584,,gx-no-cache=1529504782877 HTTP/1.1" 200 6613
200.111.191.210 - - [20/Jun/2018:11:26:20 -0300] "POST /cormun/servlet/trautorizarsolicitud?8b31e9dbad20af864f3b61ef1890e584,,gx-no-cache=1529504784180 HTTP/1.1" 200 6307
200.111.191.210 - - [20/Jun/2018:11:26:20 -0300] "POST /cormun/servlet/trautorizarsolicitud?8b31e9dbad20af864f3b61ef1890e584,,gx-no-cache=1529504784348 HTTP/1.1" 200 6251
200.111.191.210 - - [20/Jun/2018:11:26:21 -0300] "POST /cormun/servlet/trautorizarsolicitud?8b31e9dbad20af864f3b61ef1890e584,,gx-no-cache=1529504785436 HTTP/1.1" 200 5821
200.111.191.210 - - [20/Jun/2018:11:26:22 -0300] "POST /cormun/servlet/trautorizarsolicitud?8b31e9dbad20af864f3b61ef1890e584,,gx-no-cache=1529504785733 HTTP/1.1" 200 5766
200.111.191.210 - - [20/Jun/2018:11:26:22 -0300] "POST /cormun/servlet/trautorizarsolicitud?8b31e9dbad20af864f3b61ef1890e584,,gx-no-cache=1529504786680 HTTP/1.1" 200 4618
200.111.191.210 - - [20/Jun/2018:11:26:23 -0300] "POST /cormun/servlet/trautorizarsolicitud?8b31e9dbad20af864f3b61ef1890e584,,gx-no-cache=1529504786827 HTTP/1.1" 200 4375
200.111.191.210 - - [20/Jun/2018:11:26:26 -0300] "GET /cormun/servlet/trsolicitudot? HTTP/1.1" 200 10484
200.111.191.210 - - [20/Jun/2018:11:26:27 -0300] "GET /cormun/servlet/trsolicitudot? HTTP/1.1" 200 10483
192.168.10.90 - - [20/Jun/2018:11:26:37 -0300] "GET /cormun/servlet/trsolicitudcurso? HTTP/1.1" 200 6441
192.168.10.90 - - [20/Jun/2018:11:26:38 -0300] "GET /cormun/servlet/trsolicitudcurso? HTTP/1.1" 200 6503
192.168.10.90 - - [20/Jun/2018:11:26:38 -0300] "GET /cormun/static/gxcfg.js?201762916194861 HTTP/1.1" 200 953
192.168.10.90 - - [20/Jun/2018:11:26:38 -0300] "GET /cormun/static/Resources/Spanish/PXTools.css?17315867 HTTP/1.1" 200 89042
192.168.10.90 - - [20/Jun/2018:11:26:38 -0300] "GET /cormun/static/trsolicitudcurso.js?20176291619554 HTTP/1.1" 200 36522
192.168.10.90 - - [20/Jun/2018:11:26:39 -0300] "GET /cormun/servlet/trsolicitudcurso? HTTP/1.1" 200 6489
190.163.3.174 - - [20/Jun/2018:11:28:34 -0300] "GET /cormun/servlet/trsolicitudot? HTTP/1.1" 200 7893
190.163.3.174 - - [20/Jun/2018:11:28:34 -0300] "GET /cormun/servlet/hlogin HTTP/1.1" 200 1743
190.163.3.174 - - [20/Jun/2018:11:28:34 -0300] "GET /cormun/servlet/trsolicitudot? HTTP/1.1" 200 7893
190.163.3.174 - - [20/Jun/2018:11:28:59 -0300] "POST /cormun/servlet/hlogin?3798c852cb7ff2dbd7c581cfb57fff21,gx-no-cache=1529504875366 HTTP/1.1" 200 90
190.163.3.174 - - [20/Jun/2018:11:28:59 -0300] "GET /cormun/servlet/hpexe_link HTTP/1.1" 200 963
190.163.3.174 - - [20/Jun/2018:11:29:00 -0300] "GET /cormun/servlet/trsolicitudot HTTP/1.1" 200 10008
190.163.3.174 - - [20/Jun/2018:11:29:00 -0300] "GET /cormun/servlet/trsolicitudot HTTP/1.1" 200 10007
190.163.3.174 - - [20/Jun/2018:11:29:03 -0300] "GET /cormun/servlet/trsolicitudot? HTTP/1.1" 200 10007
190.163.3.174 - - [20/Jun/2018:11:29:04 -0300] "GET /cormun/servlet/trsolicitudot? HTTP/1.1" 200 10007
190.163.3.174 - - [20/Jun/2018:11:29:08 -0300] "GET /cormun/servlet/solicitudot?INS,0,0, HTTP/1.1" 200 13817
190.163.3.174 - - [20/Jun/2018:11:29:09 -0300] "GET /cormun/servlet/solicitudot?INS,0,0, HTTP/1.1" 200 13822
190.163.3.174 - - [20/Jun/2018:11:29:46 -0300] "POST /cormun/servlet/solicitudot?gx-no-cache=1529504922328 HTTP/1.1" 200 3302
190.163.3.174 - - [20/Jun/2018:11:29:47 -0300] "POST /cormun/servlet/solicitudot?3798c852cb7ff2dbd7c581cfb57fff21,INS,0,0,,gx-no-cache=1529504922604 HTTP/1.1" 200 10465
190.163.3.174 - - [20/Jun/2018:11:29:50 -0300] "GET /cormun/servlet/solicitudot?a1d4e51bfb116e590a092c206b1c885aab4ae91f29e2e7a266c2dc0ef2161e19b11e9ae76add36427f094ac90425052e,gx-no-cache=1529504926442 HTTP/1.1" 200 30
190.163.3.174 - - [20/Jun/2018:11:31:20 -0300] "GET /cormun/servlet/prbanco?,MD,,gxPopupLevel%3D0%3B HTTP/1.1" 200 6823
190.163.3.174 - - [20/Jun/2018:11:31:24 -0300] "GET /cormun/servlet/solicitudot?a1d4e51bfb116e590a092c206b1c885ae8154c9d03fa10ff50747f0d736fa127da299a7caec8ee8ae38ba252a7b6ee27,gx-no-cache=1529505020584 HTTP/1.1" 200 30
190.163.3.174 - - [20/Jun/2018:11:31:26 -0300] "GET /cormun/servlet/solicitudot?a1d4e51bfb116e590a092c206b1c885a3136e34f6d8fd04ad8c402424d613dde,gx-no-cache=1529505022206 HTTP/1.1" 200 53
190.163.3.174 - - [20/Jun/2018:11:31:58 -0300] "POST /cormun/servlet/solicitudot?gx-no-cache=1529505053000 HTTP/1.1" 200 297
190.163.3.174 - - [20/Jun/2018:11:31:58 -0300] "GET /cormun/servlet/solicitudot?a1d4e51bfb116e590a092c206b1c885a5d6d898d917e7a80cb37e31e6272e86c92c466a240094bb4b29656958b2d069f31a615ffadb08995ff2f3fd0d22e1d4011f657e42a12b0aec35f40c70b97a9598703d20aa14973c891cef11b2f96b09063e54140c5c94bbfde6cfcaa17223b0c256d6bcea09cf5c538a86e6e244c25c19ce7f13a27300bb6cfe691fca6aa6ff475fefa9083e26a6dec82c7675145ad8229a6edacde3aaefee64b124ee6d2535d8e91b8ff708d5b0a9a5f569b63d56e687640677ca96762d7886d414173ed36b1c1a30bedab7105ceec61861d4edee9aecfd2cae206642df8bb4c58391172dd06d27f1ee8ccf5227dd8edfe5252a72577b995f464a29498419abb49810ce3733163330f5596b263e9302c957a55f3eb09fed12e30f7a85e67da91f969fae98bb9294a485aeeeea838885580a723fe4766796dd9fed597d178e5d710d24e9f02718db3ec564ea72ccabc820165e350d49aad3aa42ae59b83b0d16a0cdaa1056a6731bc13137c74c690324b8c447a4c494c2203bdf1af5a98eb3b4216d550adb309,gx-no-cache=1529505053872 HTTP/1.1" 200 30
190.163.3.174 - - [20/Jun/2018:11:32:02 -0300] "POST /cormun/servlet/solicitudot?gx-no-cache=1529505058485 HTTP/1.1" 200 30
190.163.3.174 - - [20/Jun/2018:11:32:20 -0300] "POST /cormun/servlet/solicitudot?gx-no-cache=1529505076573 HTTP/1.1" 200 1369
190.163.3.174 - - [20/Jun/2018:11:32:21 -0300] "POST /cormun/servlet/solicitudot?gx-no-cache=1529505076758 HTTP/1.1" 200 38
190.163.3.174 - - [20/Jun/2018:11:32:35 -0300] "GET /cormun/servlet/solicitudot?a1d4e51bfb116e590a092c206b1c885aee4015d4d87fd447fbee93f8e02ba8b99b0273d366f2327bc701183421c8e0d81d40d8e5a123a4e53d4be17130559f466afc8323fc72a362b9bd053b91ffc5881935a1f51ca472f79f9f7a6d7ac30768fe7fc1bba4f831c53a7210df1b5785d7,gx-no-cache=1529505090926 HTTP/1.1" 200 29
190.163.3.174 - - [20/Jun/2018:11:32:35 -0300] "POST /cormun/servlet/solicitudot?gx-no-cache=1529505090988 HTTP/1.1" 200 1351
190.163.3.174 - - [20/Jun/2018:11:32:35 -0300] "POST /cormun/servlet/solicitudot?gx-no-cache=1529505091055 HTTP/1.1" 200 1249
190.163.3.174 - - [20/Jun/2018:11:32:35 -0300] "GET /cormun/static/menuarrow.gif HTTP/1.1" 404 1015
190.163.3.174 - - [20/Jun/2018:11:32:37 -0300] "POST /cormun/servlet/solicitudot?gx-no-cache=1529505093273 HTTP/1.1" 200 1351
190.163.3.174 - - [20/Jun/2018:11:32:37 -0300] "POST /cormun/servlet/solicitudot?gx-no-cache=1529505093354 HTTP/1.1" 200 1249
190.163.3.174 - - [20/Jun/2018:11:32:41 -0300] "GET /cormun/servlet/solicitudot?a1d4e51bfb116e590a092c206b1c885a64408c5e666b651774a689db45d71a104bb3b67521258ba9664eea8ea48455b4,gx-no-cache=1529505097177 HTTP/1.1" 200 30
190.163.3.174 - - [20/Jun/2018:11:32:48 -0300] "POST /cormun/servlet/solicitudot?gx-no-cache=1529505104587 HTTP/1.1" 200 30
190.163.3.174 - - [20/Jun/2018:11:33:01 -0300] "POST /cormun/servlet/solicitudot?3798c852cb7ff2dbd7c581cfb57fff21,INS,0,0,,gx-no-cache=1529505117023 HTTP/1.1" 200 93
190.163.3.174 - - [20/Jun/2018:11:33:01 -0300] "GET /cormun/servlet/hpexe_return? HTTP/1.1" 200 1013
190.163.3.174 - - [20/Jun/2018:11:33:01 -0300] "GET /cormun/servlet/trsolicitudot HTTP/1.1" 200 10391
