186.103.159.204 - - [18/Jun/2018:09:58:32 -0300] "GET /cormun/servlet/trsolicitudot? HTTP/1.1" 200 7872
186.103.159.204 - - [18/Jun/2018:09:58:32 -0300] "GET /cormun/static/gxui/gxui-all.css?120300 HTTP/1.1" 200 2179
186.103.159.204 - - [18/Jun/2018:09:58:32 -0300] "GET /cormun/static/calendar-system.css?85620 HTTP/1.1" 200 5572
186.103.159.204 - - [18/Jun/2018:09:58:32 -0300] "GET /cormun/static/SmoothNavMenu/resources/ddsmoothmenu.css?1012540 HTTP/1.1" 200 2223
186.103.159.204 - - [18/Jun/2018:09:58:32 -0300] "GET /cormun/static/SmoothNavMenu/resources/ddsmoothmenu-v.css?1012540 HTTP/1.1" 200 1188
186.103.159.204 - - [18/Jun/2018:09:58:32 -0300] "GET /cormun/static/Shared/jqueryui/jquery-ui.min.css?1245370 HTTP/1.1" 200 30288
186.103.159.204 - - [18/Jun/2018:09:58:32 -0300] "GET /cormun/static/scaMessage/css/jquery.pnotify.default.css?1716380 HTTP/1.1" 200 1707
186.103.159.204 - - [18/Jun/2018:09:58:32 -0300] "GET /cormun/static/Resources/Spanish/PXTools.css?1255365 HTTP/1.1" 200 89042
186.103.159.204 - - [18/Jun/2018:09:58:32 -0300] "GET /cormun/static/gxcfg.js?2017111422585916 HTTP/1.1" 200 953
186.103.159.204 - - [18/Jun/2018:09:58:32 -0300] "GET /cormun/static/RunJS/RunJS.js HTTP/1.1" 200 288
186.103.159.204 - - [18/Jun/2018:09:58:32 -0300] "GET /cormun/static/PXToolsJavascripts/pexe_cookies.js HTTP/1.1" 200 792
186.103.159.204 - - [18/Jun/2018:09:58:32 -0300] "GET /cormun/static/PXToolsJavascripts/pexe_menudivfix.js HTTP/1.1" 200 333
186.103.159.204 - - [18/Jun/2018:09:58:33 -0300] "GET /cormun/static/PXToolsJavascripts/pexe_oav.js HTTP/1.1" 200 645
186.103.159.204 - - [18/Jun/2018:09:58:34 -0300] "GET /cormun/static/PXToolsJavascripts/pexe_oavdivfix.js HTTP/1.1" 200 639
186.103.159.204 - - [18/Jun/2018:09:58:34 -0300] "GET /cormun/static/PXToolsJavascripts/pexe_picture.js HTTP/1.1" 200 689
186.103.159.204 - - [18/Jun/2018:09:58:34 -0300] "GET /cormun/static/PXToolsJavascripts/pexe_tabdivfix.js HTTP/1.1" 200 876
186.103.159.204 - - [18/Jun/2018:09:58:34 -0300] "GET /cormun/static/PXToolsJavascripts/PXToolsJavascriptsRender.js HTTP/1.1" 200 367
186.103.159.204 - - [18/Jun/2018:09:58:34 -0300] "GET /cormun/static/hpexe_messagepopupcomponent.js?20161017169425 HTTP/1.1" 200 605
186.103.159.204 - - [18/Jun/2018:09:58:34 -0300] "GET /cormun/static/hpexe_messagecontroller.js?20177611595012 HTTP/1.1" 200 870
186.103.159.204 - - [18/Jun/2018:09:58:35 -0300] "GET /cormun/static/hpexe_messagegenexuscomponent.js?201752511465344 HTTP/1.1" 200 587
186.103.159.204 - - [18/Jun/2018:09:58:35 -0300] "GET /cormun/static/Resources/logo4.png HTTP/1.1" 200 6582
186.103.159.204 - - [18/Jun/2018:09:58:35 -0300] "GET /cormun/static/Resources/PXToolsHeaderHome.png HTTP/1.1" 200 4147
186.103.159.204 - - [18/Jun/2018:09:58:35 -0300] "GET /cormun/static/Resources/PXToolsHeaderActionsLeft.png HTTP/1.1" 200 1118
186.103.159.204 - - [18/Jun/2018:09:58:35 -0300] "GET /cormun/static/Resources/PXToolsHeaderLogin.png HTTP/1.1" 200 4279
186.103.159.204 - - [18/Jun/2018:09:58:35 -0300] "GET /cormun/static/Resources/PXToolsHeaderPreferences.png HTTP/1.1" 200 4189
186.103.159.204 - - [18/Jun/2018:09:58:35 -0300] "GET /cormun/static/Resources/PXToolsHeaderSecurity.png HTTP/1.1" 200 4166
186.103.159.204 - - [18/Jun/2018:09:58:35 -0300] "GET /cormun/static/Resources/PXToolsHeaderActionsRight.png HTTP/1.1" 200 1201
186.103.159.204 - - [18/Jun/2018:09:58:35 -0300] "GET /cormun/static/Resources/PXTools/calendar.png HTTP/1.1" 200 1306
186.103.159.204 - - [18/Jun/2018:09:58:35 -0300] "GET /cormun/static/Resources/PXToolsGridNew.png HTTP/1.1" 200 2949
186.103.159.204 - - [18/Jun/2018:09:58:37 -0300] "GET /cormun/static/Resources/PXToolsDataSearch.png HTTP/1.1" 200 419
186.103.159.204 - - [18/Jun/2018:09:58:37 -0300] "GET /cormun/static/Resources/PXToolsGridFirstDisabled.gif HTTP/1.1" 200 100
186.103.159.204 - - [18/Jun/2018:09:58:37 -0300] "GET /cormun/static/Resources/PXToolsGridPreviousDisabled.gif HTTP/1.1" 200 90
186.103.159.204 - - [18/Jun/2018:09:58:37 -0300] "GET /cormun/static/Resources/PXToolsGridNextDisabled.gif HTTP/1.1" 200 90
186.103.159.204 - - [18/Jun/2018:09:58:37 -0300] "GET /cormun/static/Resources/PXToolsGridLastDisabled.gif HTTP/1.1" 200 98
186.103.159.204 - - [18/Jun/2018:09:58:37 -0300] "GET /cormun/static/Resources/PXToolsGridPage.gif HTTP/1.1" 200 725
186.103.159.204 - - [18/Jun/2018:09:58:37 -0300] "GET /cormun/static/Resources/PXToolsActionExcel.png HTTP/1.1" 200 3187
186.103.159.204 - - [18/Jun/2018:09:58:37 -0300] "GET /cormun/static/Resources/PXToolsFooterBackground2.png HTTP/1.1" 200 1172
186.103.159.204 - - [18/Jun/2018:09:58:37 -0300] "GET /cormun/static/Resources/PXToolsHeaderBackground2.png HTTP/1.1" 200 1174
186.103.159.204 - - [18/Jun/2018:09:58:37 -0300] "GET /cormun/static/Resources/PXToolsHeaderActionsBackground.png HTTP/1.1" 200 484
186.103.159.204 - - [18/Jun/2018:09:58:37 -0300] "GET /cormun/static/Resources/PXToolsDataTitle.png HTTP/1.1" 200 1173
186.103.159.204 - - [18/Jun/2018:09:58:37 -0300] "GET /cormun/static/Resources/indicator.gif HTTP/1.1" 200 1553
186.103.159.204 - - [18/Jun/2018:09:58:38 -0300] "GET /cormun/servlet/trsolicitudot? HTTP/1.1" 200 7882
186.103.159.204 - - [18/Jun/2018:09:58:38 -0300] "GET /cormun/static/Resources/asc.gif HTTP/1.1" 200 67
186.103.159.204 - - [18/Jun/2018:09:58:38 -0300] "GET /cormun/static/Resources/desc.gif HTTP/1.1" 200 65
186.103.159.204 - - [18/Jun/2018:09:58:38 -0300] "GET /cormun//static/Resources/PXToolsGridUpdate.png HTTP/1.1" 200 2984
186.103.159.204 - - [18/Jun/2018:09:58:38 -0300] "GET /cormun//static/Resources/PXToolsGridDelete.png HTTP/1.1" 200 357
186.103.159.204 - - [18/Jun/2018:09:58:38 -0300] "GET /cormun//static/Resources/PXToolsRemoveAllAction.png HTTP/1.1" 200 3558
186.103.159.204 - - [18/Jun/2018:09:58:38 -0300] "GET /cormun//static/Resources/PXToolsActionView.png HTTP/1.1" 200 2995
186.103.159.204 - - [18/Jun/2018:09:58:38 -0300] "GET /cormun//static/Resources/PXTools/ActionInsert.png HTTP/1.1" 200 1482
186.103.159.204 - - [18/Jun/2018:09:58:38 -0300] "GET /cormun/servlet/trsolicitudot? HTTP/1.1" 200 7882
186.103.159.204 - - [18/Jun/2018:09:58:39 -0300] "GET /cormun/servlet/hlogin HTTP/1.1" 200 1732
186.103.159.204 - - [18/Jun/2018:09:58:39 -0300] "GET /cormun/static/gxcfg.js?20175251213516 HTTP/1.1" 200 953
186.103.159.204 - - [18/Jun/2018:09:58:39 -0300] "GET /cormun/static/Resources/Spanish/PXTools.css?11423723 HTTP/1.1" 200 89042
186.103.159.204 - - [18/Jun/2018:09:58:39 -0300] "GET /cormun/static/Resources/ComunLogin.png HTTP/1.1" 200 17326
186.103.159.204 - - [18/Jun/2018:09:58:39 -0300] "GET /cormun/static/Resources/PXToolsButtonRight21.png HTTP/1.1" 200 1283
186.103.159.204 - - [18/Jun/2018:09:58:39 -0300] "GET /cormun/static/Resources/PXToolsButtonLeft21.png HTTP/1.1" 200 1287
186.103.159.204 - - [18/Jun/2018:09:58:39 -0300] "GET /cormun/static/Resources/PXToolsLoginTop.png HTTP/1.1" 200 1337
186.103.159.204 - - [18/Jun/2018:09:58:39 -0300] "GET /cormun/static/Resources/PXToolsLoginBackground.png HTTP/1.1" 200 1164
186.103.159.204 - - [18/Jun/2018:09:58:39 -0300] "GET /cormun/static/Resources/PXToolsButtonBackground2.png HTTP/1.1" 200 1181
186.103.159.204 - - [18/Jun/2018:09:58:39 -0300] "GET /cormun/static/Resources/PXToolsLoginBottom.png HTTP/1.1" 200 1389
186.103.159.204 - - [18/Jun/2018:09:58:45 -0300] "GET /favicon.ico HTTP/1.1" 200 21630
186.103.159.204 - - [18/Jun/2018:09:58:55 -0300] "POST /cormun/servlet/hlogin?c86ada423dd9e91b2ea05b7e0ff2d833,gx-no-cache=1529326668943 HTTP/1.1" 200 90
186.103.159.204 - - [18/Jun/2018:09:58:55 -0300] "GET /cormun/servlet/hpexe_link HTTP/1.1" 200 953
186.103.159.204 - - [18/Jun/2018:09:58:55 -0300] "GET /cormun/static/gxcfg.js?20177612121792 HTTP/1.1" 200 953
186.103.159.204 - - [18/Jun/2018:09:58:55 -0300] "GET /cormun/static/hpexe_link.js?20177612121795 HTTP/1.1" 200 625
186.103.159.204 - - [18/Jun/2018:09:58:55 -0300] "GET /cormun/static/Resources/Spanish/PXTools.css?1155365 HTTP/1.1" 200 57344
186.103.159.204 - - [18/Jun/2018:09:58:55 -0300] "GET /cormun/servlet/trsolicitudot HTTP/1.1" 200 7198
186.103.159.204 - - [18/Jun/2018:09:58:55 -0300] "GET /cormun/static/gxui/gxui-all.css?120300 HTTP/1.1" 200 2179
186.103.159.204 - - [18/Jun/2018:09:58:55 -0300] "GET /cormun/static/calendar-system.css?85620 HTTP/1.1" 200 5572
186.103.159.204 - - [18/Jun/2018:09:58:55 -0300] "GET /cormun/static/gxcfg.js?2017111422585916 HTTP/1.1" 200 953
186.103.159.204 - - [18/Jun/2018:09:58:55 -0300] "GET /cormun/static/Resources/Spanish/PXTools.css?1255365 HTTP/1.1" 200 57344
186.103.159.204 - - [18/Jun/2018:09:58:56 -0300] "GET /cormun/static/Resources/logo4.png HTTP/1.1" 200 6582
186.103.159.204 - - [18/Jun/2018:09:58:56 -0300] "GET /cormun/static/Resources/PXToolsHeaderActionsLeft.png HTTP/1.1" 200 1118
186.103.159.204 - - [18/Jun/2018:09:58:57 -0300] "GET /cormun/servlet/trsolicitudot HTTP/1.1" 200 7197
186.103.159.204 - - [18/Jun/2018:09:59:07 -0300] "GET /cormun/servlet/trrenuncias? HTTP/1.1" 200 7758
186.103.159.204 - - [18/Jun/2018:09:59:07 -0300] "GET /cormun/static/gxui/gxui-all.css?110300 HTTP/1.1" 200 2179
186.103.159.204 - - [18/Jun/2018:09:59:07 -0300] "GET /cormun/static/calendar-system.css?75620 HTTP/1.1" 200 5572
186.103.159.204 - - [18/Jun/2018:09:59:08 -0300] "GET /cormun/static/gxcfg.js?20175251282642 HTTP/1.1" 200 953
186.103.159.204 - - [18/Jun/2018:09:59:09 -0300] "GET /cormun//static/Resources/PXToolsActionDisabled.gif HTTP/1.1" 200 53
186.103.159.204 - - [18/Jun/2018:09:59:09 -0300] "GET /cormun//static/Resources/PXToolsActionPrint.png HTTP/1.1" 200 3317
186.103.159.204 - - [18/Jun/2018:09:59:09 -0300] "GET /cormun//static/Resources/PXToolsHeaderFavorites.png HTTP/1.1" 200 2744
186.103.159.204 - - [18/Jun/2018:09:59:09 -0300] "GET /cormun//static/Resources/PXToolsHeaderHelp.png HTTP/1.1" 200 4055
186.103.159.204 - - [18/Jun/2018:09:59:09 -0300] "GET /cormun/servlet/trrenuncias? HTTP/1.1" 200 7758
186.103.159.204 - - [18/Jun/2018:09:59:22 -0300] "POST /cormun/servlet/trrenuncias?c86ada423dd9e91b2ea05b7e0ff2d833,,gx-no-cache=1529326696028 HTTP/1.1" 200 5002
186.103.159.204 - - [18/Jun/2018:09:59:22 -0300] "GET /cormun/static/Shared/jqueryui/images/ui-bg_highlight-soft_100_c6c2c8_1x100.png HTTP/1.1" 404 1117
186.103.159.204 - - [18/Jun/2018:09:59:22 -0300] "GET /cormun/static/Shared/jqueryui/images/ui-icons_82798d_256x240.png HTTP/1.1" 404 1089
186.103.159.204 - - [18/Jun/2018:09:59:22 -0300] "GET /cormun/static/Shared/jqueryui/images/ui-bg_flat_55_fafafa_40x100.png HTTP/1.1" 404 1097
186.103.159.204 - - [18/Jun/2018:09:59:22 -0300] "GET /cormun/static/Shared/jqueryui/images/ui-icons_8d78a5_256x240.png HTTP/1.1" 404 1089
200.111.191.210 - - [18/Jun/2018:09:59:22 -0300] "GET /cormun/servlet/trpermisosgoce? HTTP/1.1" 200 16128
200.111.191.210 - - [18/Jun/2018:09:59:22 -0300] "GET /cormun/servlet/trpermisosgoce? HTTP/1.1" 200 16157
200.111.191.210 - - [18/Jun/2018:09:59:38 -0300] "GET /cormun/servlet/trlicencias? HTTP/1.1" 200 15866
200.111.191.210 - - [18/Jun/2018:09:59:38 -0300] "GET /cormun/servlet/trlicencias? HTTP/1.1" 200 15865
186.103.159.204 - - [18/Jun/2018:10:00:04 -0300] "GET /cormun/servlet/trrenunciasadjuntos?171,8525993, HTTP/1.1" 200 6575
186.103.159.204 - - [18/Jun/2018:10:00:04 -0300] "GET /cormun/static/gxui/gxui-all.css?110300 HTTP/1.1" 200 2179
186.103.159.204 - - [18/Jun/2018:10:00:04 -0300] "GET /cormun/static/gxcfg.js?20177612185036 HTTP/1.1" 200 953
186.103.159.204 - - [18/Jun/2018:10:00:04 -0300] "GET /cormun/static/trrenunciasadjuntos.js?20177612185280 HTTP/1.1" 200 15250
186.103.159.204 - - [18/Jun/2018:10:00:04 -0300] "GET /cormun/servlet/trrenunciasadjuntos?171,8525993, HTTP/1.1" 200 6575
186.103.159.204 - - [18/Jun/2018:10:00:05 -0300] "GET /cormun/PublicTempStorage/renuncia_camilo_ruz_garcia201806136163717.pdf HTTP/1.1" 200 115664
186.103.159.204 - - [18/Jun/2018:10:00:05 -0300] "GET /cormun/PublicTempStorage/renuncia_camilo_ruz_garcia201806136163717.pdf HTTP/1.1" 206 50128
186.103.159.204 - - [18/Jun/2018:10:00:05 -0300] "POST /cormun/servlet/acontrolpreferencessavestate?None,DALLENDE,true HTTP/1.1" 200 35
186.103.159.204 - - [18/Jun/2018:10:00:05 -0300] "GET /cormun/PublicTempStorage/renuncia_camilo_ruz_garcia201806136163717.pdf HTTP/1.1" 206 65536
186.103.159.204 - - [18/Jun/2018:10:00:27 -0300] "GET /cormun/servlet/trrenuncias? HTTP/1.1" 200 7763
186.103.159.204 - - [18/Jun/2018:10:00:27 -0300] "GET /cormun/static/gxcfg.js?20175251282642 HTTP/1.1" 200 953
186.103.159.204 - - [18/Jun/2018:10:00:27 -0300] "GET /cormun/servlet/trrenuncias? HTTP/1.1" 200 7762
186.103.159.204 - - [18/Jun/2018:10:00:30 -0300] "POST /cormun/servlet/trrenuncias?c86ada423dd9e91b2ea05b7e0ff2d833,,gx-no-cache=1529326764821 HTTP/1.1" 200 5002
186.103.159.204 - - [18/Jun/2018:10:00:33 -0300] "POST /cormun/servlet/trrenuncias?c86ada423dd9e91b2ea05b7e0ff2d833,,gx-no-cache=1529326767607 HTTP/1.1" 200 5001
186.103.159.204 - - [18/Jun/2018:10:00:34 -0300] "POST /cormun/servlet/trrenuncias?c86ada423dd9e91b2ea05b7e0ff2d833,,gx-no-cache=1529326768023 HTTP/1.1" 200 5002
186.103.159.204 - - [18/Jun/2018:10:00:34 -0300] "POST /cormun/servlet/trrenuncias?c86ada423dd9e91b2ea05b7e0ff2d833,,gx-no-cache=1529326768397 HTTP/1.1" 200 5003
186.103.159.182 - - [18/Jun/2018:10:00:35 -0300] "POST /cormun/servlet/solicitudot?gx-no-cache=1529326770857 HTTP/1.1" 200 3408
186.103.159.182 - - [18/Jun/2018:10:00:36 -0300] "POST /cormun/servlet/solicitudot?2e85fbc25688467b44d66d24e540011a,INS,0,0,,gx-no-cache=1529326771668 HTTP/1.1" 200 10584
186.103.159.204 - - [18/Jun/2018:10:00:52 -0300] "GET /cormun/servlet/trrenunciasadjuntos?171,8525993, HTTP/1.1" 200 6578
186.103.159.204 - - [18/Jun/2018:10:00:53 -0300] "GET /cormun/servlet/trrenunciasadjuntos?171,8525993, HTTP/1.1" 200 6578
186.103.159.204 - - [18/Jun/2018:10:00:53 -0300] "GET /cormun/PublicTempStorage/renuncia_camilo_ruz_garcia201806131455731.pdf HTTP/1.1" 200 115664
186.103.159.204 - - [18/Jun/2018:10:00:53 -0300] "GET /cormun/PublicTempStorage/renuncia_camilo_ruz_garcia201806131455731.pdf HTTP/1.1" 206 65536
186.103.159.182 - - [18/Jun/2018:10:00:53 -0300] "GET /cormun/servlet/solicitudot?4787000d60351d6d9fe9534d3d27ad920e9283bd0198ba369fcc9d955b90fc92073ebdeb973c6d544200a0da990a812e,gx-no-cache=1529326789565 HTTP/1.1" 200 30
186.103.159.182 - - [18/Jun/2018:10:00:53 -0300] "GET /cormun/servlet/solicitudot?4787000d60351d6d9fe9534d3d27ad92eaf59416e2868dab14092e2b13e05b1498e97f0d12e57de6aa20edd2c267e5c3,gx-no-cache=1529326789600 HTTP/1.1" 200 30
186.103.159.182 - - [18/Jun/2018:10:00:53 -0300] "GET /cormun/servlet/solicitudot?4787000d60351d6d9fe9534d3d27ad922991e7078d55f11fbf162da16eef06b1,gx-no-cache=1529326789627 HTTP/1.1" 200 123
186.103.159.182 - - [18/Jun/2018:10:00:53 -0300] "GET /cormun/static/Shared/jqueryui/images/ui-bg_highlight-soft_100_c6c2c8_1x100.png HTTP/1.1" 404 1117
186.103.159.182 - - [18/Jun/2018:10:00:53 -0300] "GET /cormun/static/Shared/jqueryui/images/ui-icons_82798d_256x240.png HTTP/1.1" 404 1089
186.103.159.182 - - [18/Jun/2018:10:00:53 -0300] "GET /cormun/static/Shared/jqueryui/images/ui-bg_flat_55_994d53_40x100.png HTTP/1.1" 404 1097
186.103.159.182 - - [18/Jun/2018:10:00:53 -0300] "GET /cormun/static/Shared/jqueryui/images/ui-icons_ebccce_256x240.png HTTP/1.1" 404 1089
186.103.159.182 - - [18/Jun/2018:10:00:53 -0300] "POST /cormun/servlet/solicitudot?gx-no-cache=1529326789664 HTTP/1.1" 200 297
186.103.159.182 - - [18/Jun/2018:10:00:54 -0300] "GET /cormun/servlet/solicitudot?4787000d60351d6d9fe9534d3d27ad92c0513a95bd5421152f27020ffbb8d2ef2f182760314a29f4054269993aa840dbc8ea5538a1c8795884084ad5cdc0e4ac62c51e97ec522ab877bc10de85c548033964d7c89dc8a4a340b846622bfa03b6805193e8175f40872b2f56924af633c6fccf833e6ce92c4811d59092657ae627f8ac98097417d364a33e2e9cc4974819f836932537ba84ede7b6b0270b73d9f823fc6c91fc9f733400503f01e16df9e184876b8bc014c94e022170ea85f37c25a78817c2b70f8c12e23b4e4cb4fd5c0d8e69992ed793edaf6a0e1b9070d9350c4479f8dbfd9192a2a238e778450dc913ae94b1bedfa7cedadce7d136dc10dec3e6a639f3b73658b276e8a094bfbfd3f7fc3731ebfff2c61e0613075ffe39ac4f17bdfd249bbc3c2611a9eeea4cfad43fef951da56497e053f7102eb6b13dc4aaa1bcc5ea63d8567e103c43562ff2f250006ec6bb65c21f4b852f1da1c90e13a2f9b208614cd47f2ed483be8bc347ce9ff6a4b8acbd2359af8f635d80ef2f97d5b2ad19d975eacb3b87ab27953dff1822,gx-no-cache=1529326789710 HTTP/1.1" 200 30
186.103.159.182 - - [18/Jun/2018:10:00:56 -0300] "POST /cormun/servlet/solicitudot?gx-no-cache=1529326791944 HTTP/1.1" 200 30
186.103.159.204 - - [18/Jun/2018:10:00:56 -0300] "GET /cormun/PublicTempStorage/renuncia_camilo_ruz_garcia201806131455731.pdf HTTP/1.1" 304 -
186.103.159.204 - - [18/Jun/2018:10:00:57 -0300] "GET /cormun/PublicTempStorage/renuncia_camilo_ruz_garcia201806131455731.pdf HTTP/1.1" 304 -
186.103.159.182 - - [18/Jun/2018:10:01:00 -0300] "POST /cormun/servlet/solicitudot?gx-no-cache=1529326796509 HTTP/1.1" 200 1369
186.103.159.182 - - [18/Jun/2018:10:01:00 -0300] "POST /cormun/servlet/solicitudot?gx-no-cache=1529326796619 HTTP/1.1" 200 38
186.103.159.182 - - [18/Jun/2018:10:01:06 -0300] "GET /cormun/servlet/solicitudot?4787000d60351d6d9fe9534d3d27ad921eea68f07ae6ba53d321484288f9087641ee8a7488a9e89a91c42b832cba0e7630aa8e03cd947642396f09280e02a706881d3f3899e585ba8b9877e63f027ceca85a84074b566e7e5b0d4094f9679c0c471e3133599d6cb752eb7f45dd3f1c20,gx-no-cache=1529326802569 HTTP/1.1" 200 29
186.103.159.182 - - [18/Jun/2018:10:01:07 -0300] "POST /cormun/servlet/solicitudot?gx-no-cache=1529326802696 HTTP/1.1" 200 1351
186.103.159.182 - - [18/Jun/2018:10:01:07 -0300] "POST /cormun/servlet/solicitudot?gx-no-cache=1529326802947 HTTP/1.1" 200 1249
186.103.159.182 - - [18/Jun/2018:10:01:07 -0300] "GET /cormun/static/menuarrow.gif HTTP/1.1" 404 1015
186.103.159.182 - - [18/Jun/2018:10:01:09 -0300] "POST /cormun/servlet/solicitudot?gx-no-cache=1529326805102 HTTP/1.1" 200 1351
186.103.159.204 - - [18/Jun/2018:10:01:09 -0300] "GET /cormun/servlet/trrenunciasadjuntos?171,8525993, HTTP/1.1" 200 6577
186.103.159.182 - - [18/Jun/2018:10:01:09 -0300] "POST /cormun/servlet/solicitudot?gx-no-cache=1529326805220 HTTP/1.1" 200 1249
186.103.159.204 - - [18/Jun/2018:10:01:10 -0300] "GET /cormun/PublicTempStorage/renuncia_camilo_ruz_garcia20180613917611.pdf HTTP/1.1" 200 115664
186.103.159.204 - - [18/Jun/2018:10:01:10 -0300] "GET /cormun/servlet/trrenunciasadjuntos?171,8525993, HTTP/1.1" 200 6578
186.103.159.204 - - [18/Jun/2018:10:01:10 -0300] "GET /cormun/PublicTempStorage/renuncia_camilo_ruz_garcia20180613917611.pdf HTTP/1.1" 206 65536
186.103.159.182 - - [18/Jun/2018:10:01:11 -0300] "GET /cormun/servlet/solicitudot?4787000d60351d6d9fe9534d3d27ad920810c491fbc54e47881b1de3d84462b6ad926ee519155b2434216a7cc44737f1,gx-no-cache=1529326807103 HTTP/1.1" 200 30
186.103.159.204 - - [18/Jun/2018:10:01:15 -0300] "GET /cormun/servlet/trrenuncias? HTTP/1.1" 200 7763
186.103.159.204 - - [18/Jun/2018:10:01:16 -0300] "GET /cormun/servlet/trrenuncias? HTTP/1.1" 200 7762
186.103.159.204 - - [18/Jun/2018:10:01:32 -0300] "GET /cormun/servlet/trautorizarenuncias? HTTP/1.1" 200 6870
186.103.159.204 - - [18/Jun/2018:10:01:33 -0300] "GET /cormun/static/gxcfg.js?2017761218543 HTTP/1.1" 200 953
186.103.159.204 - - [18/Jun/2018:10:01:33 -0300] "GET /cormun/servlet/trautorizarenuncias? HTTP/1.1" 200 6870
186.103.159.204 - - [18/Jun/2018:10:01:52 -0300] "POST /cormun/servlet/trautorizarenuncias?c86ada423dd9e91b2ea05b7e0ff2d833,,gx-no-cache=1529326846266 HTTP/1.1" 200 4767
186.103.159.204 - - [18/Jun/2018:10:01:58 -0300] "POST /cormun/servlet/trautorizarenuncias?c86ada423dd9e91b2ea05b7e0ff2d833,,gx-no-cache=1529326852824 HTTP/1.1" 200 4791
186.103.159.204 - - [18/Jun/2018:10:01:59 -0300] "GET /cormun/static/Shared/jqueryui/images/ui-bg_highlight-soft_100_c6c2c8_1x100.png HTTP/1.1" 404 1117
186.103.159.204 - - [18/Jun/2018:10:01:59 -0300] "GET /cormun/static/Shared/jqueryui/images/ui-bg_flat_55_fafafa_40x100.png HTTP/1.1" 404 1097
186.103.159.204 - - [18/Jun/2018:10:01:59 -0300] "GET /cormun/static/Shared/jqueryui/images/ui-icons_82798d_256x240.png HTTP/1.1" 404 1089
186.103.159.204 - - [18/Jun/2018:10:01:59 -0300] "GET /cormun/static/Shared/jqueryui/images/ui-icons_8d78a5_256x240.png HTTP/1.1" 404 1089
186.103.159.204 - - [18/Jun/2018:10:02:02 -0300] "POST /cormun/servlet/trautorizarenuncias?c86ada423dd9e91b2ea05b7e0ff2d833,,gx-no-cache=1529326855653 HTTP/1.1" 200 4791
186.103.159.204 - - [18/Jun/2018:10:02:32 -0300] "GET /cormun/servlet/trrenuncias? HTTP/1.1" 200 7763
186.103.159.204 - - [18/Jun/2018:10:02:33 -0300] "GET /cormun/servlet/trrenuncias? HTTP/1.1" 200 7762
186.103.159.182 - - [18/Jun/2018:10:02:57 -0300] "POST /cormun/servlet/solicitudot?2e85fbc25688467b44d66d24e540011a,INS,0,0,,gx-no-cache=1529326912782 HTTP/1.1" 200 11809
186.103.159.182 - - [18/Jun/2018:10:02:57 -0300] "GET /cormun/static/Shared/jqueryui/images/ui-bg_flat_55_fafafa_40x100.png HTTP/1.1" 404 1097
186.103.159.182 - - [18/Jun/2018:10:02:57 -0300] "GET /cormun/static/Shared/jqueryui/images/ui-icons_8d78a5_256x240.png HTTP/1.1" 404 1089
186.103.159.182 - - [18/Jun/2018:10:03:18 -0300] "POST /cormun/servlet/solicitudot?gx-no-cache=1529326934112 HTTP/1.1" 200 3408
186.103.159.182 - - [18/Jun/2018:10:03:18 -0300] "POST /cormun/servlet/solicitudot?2e85fbc25688467b44d66d24e540011a,INS,0,0,,gx-no-cache=1529326934257 HTTP/1.1" 200 11823
186.103.159.182 - - [18/Jun/2018:10:03:18 -0300] "GET /cormun/servlet/solicitudot?4787000d60351d6d9fe9534d3d27ad920e9283bd0198ba369fcc9d955b90fc9254d4ca66965a8b9b88a4414cd8fbb3a2,gx-no-cache=1529326934710 HTTP/1.1" 200 30
200.111.191.210 - - [18/Jun/2018:10:03:20 -0300] "GET /cormun/servlet/hlogin HTTP/1.1" 200 1739
186.103.159.204 - - [18/Jun/2018:10:03:22 -0300] "POST /cormun/servlet/trrenuncias?c86ada423dd9e91b2ea05b7e0ff2d833,,gx-no-cache=1529326935618 HTTP/1.1" 200 4298
186.103.159.204 - - [18/Jun/2018:10:03:24 -0300] "POST /cormun/servlet/trrenuncias?c86ada423dd9e91b2ea05b7e0ff2d833,,gx-no-cache=1529326938683 HTTP/1.1" 200 4298
186.103.159.204 - - [18/Jun/2018:10:03:25 -0300] "POST /cormun/servlet/trrenuncias?c86ada423dd9e91b2ea05b7e0ff2d833,,gx-no-cache=1529326939792 HTTP/1.1" 200 4298
186.103.159.204 - - [18/Jun/2018:10:03:26 -0300] "POST /cormun/servlet/trrenuncias?c86ada423dd9e91b2ea05b7e0ff2d833,,gx-no-cache=1529326940078 HTTP/1.1" 200 4298
186.103.159.204 - - [18/Jun/2018:10:03:26 -0300] "POST /cormun/servlet/trrenuncias?c86ada423dd9e91b2ea05b7e0ff2d833,,gx-no-cache=1529326940316 HTTP/1.1" 200 4298
200.111.191.210 - - [18/Jun/2018:10:03:29 -0300] "POST /cormun/servlet/hlogin?67703311257fbcf71123f0a6e1931c5a,gx-no-cache=1529327009949 HTTP/1.1" 200 90
200.111.191.210 - - [18/Jun/2018:10:03:29 -0300] "GET /cormun/servlet/hpexe_link HTTP/1.1" 200 952
200.111.191.210 - - [18/Jun/2018:10:03:29 -0300] "GET /cormun/servlet/hhome HTTP/1.1" 200 4198
200.111.191.210 - - [18/Jun/2018:10:03:29 -0300] "GET /cormun/servlet/hhome HTTP/1.1" 200 4194
200.111.191.210 - - [18/Jun/2018:10:03:29 -0300] "GET /cormun/static/SmoothNavMenu/resources/images/right.gif HTTP/1.1" 200 860
200.111.191.210 - - [18/Jun/2018:10:03:32 -0300] "GET /cormun/servlet/trautorizarsolicitud? HTTP/1.1" 200 9175
200.111.191.210 - - [18/Jun/2018:10:03:32 -0300] "GET /cormun/static/gxcfg.js?2017111423403364 HTTP/1.1" 200 953
200.111.191.210 - - [18/Jun/2018:10:03:32 -0300] "GET /cormun/static/trautorizarsolicitud.js?201711142340425 HTTP/1.1" 200 53910
200.111.191.210 - - [18/Jun/2018:10:03:32 -0300] "GET /cormun/servlet/trautorizarsolicitud? HTTP/1.1" 200 9172
200.111.191.210 - - [18/Jun/2018:10:03:35 -0300] "POST /cormun/servlet/trautorizarsolicitud?67703311257fbcf71123f0a6e1931c5a,,gx-no-cache=1529327015715 HTTP/1.1" 200 5797
200.111.191.210 - - [18/Jun/2018:10:03:35 -0300] "GET /cormun/static/Shared/jqueryui/images/ui-icons_82798d_256x240.png HTTP/1.1" 404 1089
200.111.191.210 - - [18/Jun/2018:10:03:35 -0300] "GET /cormun/static/Shared/jqueryui/images/ui-bg_highlight-soft_100_c6c2c8_1x100.png HTTP/1.1" 404 1117
200.111.191.210 - - [18/Jun/2018:10:03:35 -0300] "GET /cormun/static/Shared/jqueryui/images/ui-icons_8d78a5_256x240.png HTTP/1.1" 404 1089
200.111.191.210 - - [18/Jun/2018:10:03:35 -0300] "GET /cormun/static/Shared/jqueryui/images/ui-bg_flat_55_fafafa_40x100.png HTTP/1.1" 404 1097
200.111.191.210 - - [18/Jun/2018:10:03:35 -0300] "POST /cormun/servlet/trautorizarsolicitud?67703311257fbcf71123f0a6e1931c5a,,gx-no-cache=1529327015900 HTTP/1.1" 200 5743
186.103.159.204 - - [18/Jun/2018:10:03:36 -0300] "GET /cormun/servlet/renuncias?INS,0, HTTP/1.1" 200 6299
200.111.191.210 - - [18/Jun/2018:10:03:36 -0300] "POST /cormun/servlet/trautorizarsolicitud?67703311257fbcf71123f0a6e1931c5a,,gx-no-cache=1529327017025 HTTP/1.1" 200 4593
186.103.159.204 - - [18/Jun/2018:10:03:36 -0300] "GET /cormun/static/Resources/Spanish/PXTools.css?11294912 HTTP/1.1" 200 40960
186.103.159.204 - - [18/Jun/2018:10:03:36 -0300] "GET /cormun/static/gxcfg.js?2017426922787 HTTP/1.1" 200 953
186.103.159.204 - - [18/Jun/2018:10:03:36 -0300] "GET /cormun/static/Resources/prompt.gif HTTP/1.1" 200 902
200.111.191.210 - - [18/Jun/2018:10:03:36 -0300] "POST /cormun/servlet/trautorizarsolicitud?67703311257fbcf71123f0a6e1931c5a,,gx-no-cache=1529327017161 HTTP/1.1" 200 4373
186.103.159.204 - - [18/Jun/2018:10:03:36 -0300] "GET /cormun/static/Resources/PXToolsButtonLeft21.png HTTP/1.1" 200 1287
186.103.159.204 - - [18/Jun/2018:10:03:36 -0300] "GET /cormun/static/Resources/PXToolsButtonBackground2.png HTTP/1.1" 200 1181
186.103.159.204 - - [18/Jun/2018:10:03:36 -0300] "GET /cormun/static/Resources/PXToolsButtonRight21.png HTTP/1.1" 200 1283
186.103.159.204 - - [18/Jun/2018:10:03:37 -0300] "GET /cormun/servlet/renuncias?INS,0, HTTP/1.1" 200 6300
200.111.191.210 - - [18/Jun/2018:10:03:39 -0300] "GET /cormun/servlet/trlicencias? HTTP/1.1" 200 16121
200.111.191.210 - - [18/Jun/2018:10:03:39 -0300] "GET /cormun/servlet/trlicencias? HTTP/1.1" 200 16119
200.111.191.210 - - [18/Jun/2018:10:03:40 -0300] "GET /cormun/servlet/hlogin HTTP/1.1" 200 1739
190.163.3.174 - - [18/Jun/2018:10:03:44 -0300] "GET /cormun/servlet/trlicenciaspermisosadjuntos?15986634,20180618000000,L, HTTP/1.1" 200 7216
190.163.3.174 - - [18/Jun/2018:10:03:45 -0300] "GET /cormun/servlet/trlicenciaspermisosadjuntos?15986634,20180618000000,L, HTTP/1.1" 200 7217
186.103.159.204 - - [18/Jun/2018:10:03:45 -0300] "GET /cormun/servlet/renuncias?40d365e20988c4f94766890141fd9df0e106bb68a0b41f00767bb96ed867deeb7b16d053df0fdcb5424e11988796576c,gx-no-cache=1529326959194 HTTP/1.1" 200 33
190.163.3.174 - - [18/Jun/2018:10:03:46 -0300] "POST /cormun/servlet/trlicenciaspermisosadjuntos?f9ef56017206f9ed407f725241ad1245,15986634,20180618000000,L,,gx-no-cache=1529326963049 HTTP/1.1" 200 90
190.163.3.174 - - [18/Jun/2018:10:03:47 -0300] "GET /cormun/servlet/hpexe_link HTTP/1.1" 200 978
190.163.3.174 - - [18/Jun/2018:10:03:47 -0300] "GET /cormun/servlet/trlicencias HTTP/1.1" 200 13094
190.163.3.174 - - [18/Jun/2018:10:03:47 -0300] "GET /cormun/servlet/trlicencias HTTP/1.1" 200 13089
186.103.159.182 - - [18/Jun/2018:10:04:06 -0300] "GET /cormun/servlet/solicitudot?4787000d60351d6d9fe9534d3d27ad92eaf59416e2868dab14092e2b13e05b14d123dbb1e475bc5bb287c09b4dd04a19295e672d8350fdb1fcfb7362f1689d61,gx-no-cache=1529326982591 HTTP/1.1" 200 30
186.103.159.182 - - [18/Jun/2018:10:04:06 -0300] "GET /cormun/servlet/solicitudot?4787000d60351d6d9fe9534d3d27ad922991e7078d55f11fbf162da16eef06b1,gx-no-cache=1529326982712 HTTP/1.1" 200 123
186.103.159.182 - - [18/Jun/2018:10:04:07 -0300] "POST /cormun/servlet/solicitudot?gx-no-cache=1529326982824 HTTP/1.1" 200 297
186.103.159.182 - - [18/Jun/2018:10:04:07 -0300] "GET /cormun/servlet/solicitudot?4787000d60351d6d9fe9534d3d27ad92c0513a95bd5421152f27020ffbb8d2ef2f182760314a29f4054269993aa840dbc8ea5538a1c8795884084ad5cdc0e4ac62c51e97ec522ab877bc10de85c548033964d7c89dc8a4a340b846622bfa03b6805193e8175f40872b2f56924af633c6fccf833e6ce92c4811d59092657ae627f8ac98097417d364a33e2e9cc4974819f836932537ba84ede7b6b0270b73d9f823fc6c91fc9f733400503f01e16df9e184876b8bc014c94e022170ea85f37c25a78817c2b70f8c12e23b4e4cb4fd5c0d8e69992ed793edaf6a0e1b9070d9350c4479f8dbfd9192a2a238e778450dc913ae94b1bedfa7cedadce7d136dc10dec3e6a639f3b73658b276e8a094bfbfd3f7fc3731ebfff2c61e0613075ffe39ac4f17bdfd249bbc3c2611a9eeea4cfad43fef951da56497e053f7102eb6b13dc4aaa1bcc5ea63d8567e103c43562ff2f250006ec6bb65c21f4b852f1da1c90e13a2f9b208614cd47f2ed483be8bc347ce9ffcb55aa4ea8a5dc431ae1df5bbc078ceb2ad19d975eacb3b87ab27953dff1822,gx-no-cache=1529326982922 HTTP/1.1" 200 30
186.103.159.182 - - [18/Jun/2018:10:04:07 -0300] "POST /cormun/servlet/solicitudot?gx-no-cache=1529326983350 HTTP/1.1" 200 30
186.103.159.182 - - [18/Jun/2018:10:04:07 -0300] "POST /cormun/servlet/solicitudot?gx-no-cache=1529326983381 HTTP/1.1" 200 1369
186.103.159.182 - - [18/Jun/2018:10:04:07 -0300] "POST /cormun/servlet/solicitudot?gx-no-cache=1529326983441 HTTP/1.1" 200 41
186.103.159.182 - - [18/Jun/2018:10:04:07 -0300] "GET /cormun/servlet/solicitudot?4787000d60351d6d9fe9534d3d27ad921eea68f07ae6ba53d321484288f9087641ee8a7488a9e89a91c42b832cba0e7630aa8e03cd947642396f09280e02a706881d3f3899e585ba8b9877e63f027ceca85a84074b566e7e5b0d4094f9679c0c471e3133599d6cb752eb7f45dd3f1c20,gx-no-cache=1529326983473 HTTP/1.1" 200 29
186.103.159.182 - - [18/Jun/2018:10:04:07 -0300] "POST /cormun/servlet/solicitudot?gx-no-cache=1529326983505 HTTP/1.1" 200 1351
186.103.159.182 - - [18/Jun/2018:10:04:07 -0300] "POST /cormun/servlet/solicitudot?gx-no-cache=1529326983566 HTTP/1.1" 200 1249
186.103.159.182 - - [18/Jun/2018:10:04:07 -0300] "POST /cormun/servlet/solicitudot?gx-no-cache=1529326983650 HTTP/1.1" 200 30
186.103.159.182 - - [18/Jun/2018:10:04:08 -0300] "POST /cormun/servlet/solicitudot?2e85fbc25688467b44d66d24e540011a,INS,0,0,,gx-no-cache=1529326983707 HTTP/1.1" 200 12110
186.103.159.204 - - [18/Jun/2018:10:04:11 -0300] "GET /cormun/servlet/prfichaempleado?,MD,,gxPopupLevel%3D0%3B HTTP/1.1" 200 9306
186.103.159.204 - - [18/Jun/2018:10:04:11 -0300] "GET /cormun/static/gxcfg.js?20177612134814 HTTP/1.1" 200 953
186.103.159.204 - - [18/Jun/2018:10:04:11 -0300] "GET /cormun/static/menusearch.js?201610171694467 HTTP/1.1" 200 1424
186.103.159.204 - - [18/Jun/2018:10:04:11 -0300] "GET /cormun/static/prfichaempleado.js?20177612134999 HTTP/1.1" 200 16006
186.103.159.204 - - [18/Jun/2018:10:04:11 -0300] "GET /cormun/static/hmpwkw011.js?20177612121862 HTTP/1.1" 200 1968
186.103.159.204 - - [18/Jun/2018:10:04:12 -0300] "GET /cormun/static/Resources/PXToolsMenuSearch.png HTTP/1.1" 200 2914
186.103.159.204 - - [18/Jun/2018:10:04:12 -0300] "GET /cormun/static/Resources/PXToolsMenuSearchCancel.png HTTP/1.1" 200 2972
186.103.159.204 - - [18/Jun/2018:10:04:12 -0300] "GET /cormun/static/Resources/asc.gif HTTP/1.1" 200 67
186.103.159.204 - - [18/Jun/2018:10:04:12 -0300] "GET /cormun/static/Resources/desc.gif HTTP/1.1" 200 65
186.103.159.182 - - [18/Jun/2018:10:04:13 -0300] "GET /cormun/servlet/prbanco?,MD,,gxPopupLevel%3D0%3B HTTP/1.1" 200 6711
186.103.159.182 - - [18/Jun/2018:10:04:14 -0300] "GET /cormun/static/gxcfg.js?20181161016094 HTTP/1.1" 200 953
186.103.159.182 - - [18/Jun/2018:10:04:14 -0300] "GET /cormun/static/prbanco.js?2018116101633 HTTP/1.1" 200 10693
186.103.159.182 - - [18/Jun/2018:10:04:21 -0300] "POST /cormun/servlet/solicitudot?2e85fbc25688467b44d66d24e540011a,INS,0,0,,gx-no-cache=1529326997098 HTTP/1.1" 200 11964
186.79.162.3 - - [18/Jun/2018:10:04:28 -0300] "GET /cormun/servlet/hlogin HTTP/1.1" 200 1720
186.103.159.182 - - [18/Jun/2018:10:04:28 -0300] "POST /cormun/servlet/solicitudot?gx-no-cache=1529327003643 HTTP/1.1" 200 3408
186.103.159.182 - - [18/Jun/2018:10:04:29 -0300] "POST /cormun/servlet/solicitudot?2e85fbc25688467b44d66d24e540011a,INS,0,0,,gx-no-cache=1529327004493 HTTP/1.1" 200 11984
186.103.159.182 - - [18/Jun/2018:10:04:29 -0300] "GET /cormun/servlet/solicitudot?4787000d60351d6d9fe9534d3d27ad920e9283bd0198ba369fcc9d955b90fc9254d4ca66965a8b9b88a4414cd8fbb3a2,gx-no-cache=1529327005162 HTTP/1.1" 200 30
186.103.159.182 - - [18/Jun/2018:10:04:29 -0300] "GET /cormun/servlet/solicitudot?4787000d60351d6d9fe9534d3d27ad92eaf59416e2868dab14092e2b13e05b14baf777de52a74cb6831ed10f208a45a4,gx-no-cache=1529327005231 HTTP/1.1" 200 30
186.103.159.182 - - [18/Jun/2018:10:04:29 -0300] "GET /cormun/servlet/solicitudot?4787000d60351d6d9fe9534d3d27ad922991e7078d55f11fbf162da16eef06b1,gx-no-cache=1529327005296 HTTP/1.1" 200 123
186.103.159.182 - - [18/Jun/2018:10:04:29 -0300] "POST /cormun/servlet/solicitudot?gx-no-cache=1529327005384 HTTP/1.1" 200 297
186.103.159.182 - - [18/Jun/2018:10:04:29 -0300] "GET /cormun/servlet/solicitudot?4787000d60351d6d9fe9534d3d27ad92c0513a95bd5421152f27020ffbb8d2ef2f182760314a29f4054269993aa840dbc8ea5538a1c8795884084ad5cdc0e4ac62c51e97ec522ab877bc10de85c548033964d7c89dc8a4a340b846622bfa03b6805193e8175f40872b2f56924af633c6fccf833e6ce92c4811d59092657ae627f8ac98097417d364a33e2e9cc4974819f836932537ba84ede7b6b0270b73d9f823fc6c91fc9f733400503f01e16df9e184876b8bc014c94e022170ea85f37c25a78817c2b70f8c12e23b4e4cb4fd5c0d8e69992ed793edaf6a0e1b9070d9350c4479f8dbfd9192a2a238e778450dc913ae94b1bedfa7cedadce7d136dc10dec3e6a639f3b73658b276e8a094bfbfd3f7fc3731ebfff2c61e0613075ffe39ac4f17bdfd249bbc3c2611a9eeea4cfad43fef951da56497e053f7102eb6b13dc4aaa1bcc5ea63d8567e103c43562ff2f250006ec6bb65c21f4b852f1da1c90e13a2f9b208614cd47f2ed483be8bc347ce9ffcb55aa4ea8a5dc431ae1df5bbc078ceb2ad19d975eacb3b87ab27953dff1822,gx-no-cache=1529327005420 HTTP/1.1" 200 30
186.103.159.182 - - [18/Jun/2018:10:04:30 -0300] "POST /cormun/servlet/solicitudot?gx-no-cache=1529327005826 HTTP/1.1" 200 30
186.103.159.182 - - [18/Jun/2018:10:04:30 -0300] "POST /cormun/servlet/solicitudot?gx-no-cache=1529327006157 HTTP/1.1" 200 1369
186.103.159.182 - - [18/Jun/2018:10:04:30 -0300] "POST /cormun/servlet/solicitudot?gx-no-cache=1529327006539 HTTP/1.1" 200 41
186.103.159.182 - - [18/Jun/2018:10:04:30 -0300] "GET /cormun/servlet/solicitudot?4787000d60351d6d9fe9534d3d27ad921eea68f07ae6ba53d321484288f9087641ee8a7488a9e89a91c42b832cba0e7630aa8e03cd947642396f09280e02a706881d3f3899e585ba8b9877e63f027ceca85a84074b566e7e5b0d4094f9679c0c471e3133599d6cb752eb7f45dd3f1c20,gx-no-cache=1529327006574 HTTP/1.1" 200 29
186.103.159.182 - - [18/Jun/2018:10:04:30 -0300] "POST /cormun/servlet/solicitudot?gx-no-cache=1529327006603 HTTP/1.1" 200 1351
186.103.159.182 - - [18/Jun/2018:10:04:30 -0300] "POST /cormun/servlet/solicitudot?gx-no-cache=1529327006667 HTTP/1.1" 200 1249
186.103.159.182 - - [18/Jun/2018:10:04:30 -0300] "GET /cormun/servlet/solicitudot?4787000d60351d6d9fe9534d3d27ad920810c491fbc54e47881b1de3d84462b6ad926ee519155b2434216a7cc44737f1,gx-no-cache=1529327006718 HTTP/1.1" 200 30
186.103.159.182 - - [18/Jun/2018:10:04:30 -0300] "POST /cormun/servlet/solicitudot?gx-no-cache=1529327006754 HTTP/1.1" 200 30
186.103.159.182 - - [18/Jun/2018:10:04:31 -0300] "POST /cormun/servlet/solicitudot?2e85fbc25688467b44d66d24e540011a,INS,0,0,,gx-no-cache=1529327006797 HTTP/1.1" 200 12291
186.79.162.3 - - [18/Jun/2018:10:04:31 -0300] "POST /cormun/servlet/hlogin?63a2ce30b69c8ed0b0017b880d58b930,gx-no-cache=1529327005896 HTTP/1.1" 200 90
186.79.162.3 - - [18/Jun/2018:10:04:31 -0300] "GET /cormun/servlet/hpexe_link HTTP/1.1" 200 948
186.79.162.3 - - [18/Jun/2018:10:04:31 -0300] "GET /cormun/servlet/hhome HTTP/1.1" 200 3927
186.103.159.182 - - [18/Jun/2018:10:04:32 -0300] "GET /cormun/servlet/prbanco?,MD,,gxPopupLevel%3D0%3B HTTP/1.1" 200 6711
186.79.162.3 - - [18/Jun/2018:10:04:32 -0300] "GET /cormun/servlet/hhome HTTP/1.1" 200 3924
186.79.162.3 - - [18/Jun/2018:10:04:38 -0300] "GET /cormun/servlet/trlicencias? HTTP/1.1" 200 10134
186.79.162.3 - - [18/Jun/2018:10:04:39 -0300] "GET /cormun/servlet/trlicencias? HTTP/1.1" 200 10133
186.79.162.3 - - [18/Jun/2018:10:04:42 -0300] "GET /cormun/servlet/licenciaspermisos?INS,0,,, HTTP/1.1" 200 7454
186.103.159.204 - - [18/Jun/2018:10:04:42 -0300] "POST /cormun/servlet/prfichaempleado?c86ada423dd9e91b2ea05b7e0ff2d833,,MD,,gxPopupLevel%3D0%3B,gx-no-cache=1529327016639 HTTP/1.1" 200 3412
186.79.162.3 - - [18/Jun/2018:10:04:42 -0300] "GET /cormun/servlet/licenciaspermisos?INS,0,,, HTTP/1.1" 200 7453
190.163.3.174 - - [18/Jun/2018:10:04:43 -0300] "POST /cormun/servlet/trlicencias?f9ef56017206f9ed407f725241ad1245,gx-no-cache=1529327019610 HTTP/1.1" 200 10340
190.163.3.174 - - [18/Jun/2018:10:04:43 -0300] "GET /cormun/static/Shared/jqueryui/images/ui-bg_highlight-soft_100_c6c2c8_1x100.png HTTP/1.1" 404 1117
190.163.3.174 - - [18/Jun/2018:10:04:43 -0300] "GET /cormun/static/Shared/jqueryui/images/ui-icons_82798d_256x240.png HTTP/1.1" 404 1089
190.163.3.174 - - [18/Jun/2018:10:04:43 -0300] "GET /cormun/static/Shared/jqueryui/images/ui-bg_flat_55_fafafa_40x100.png HTTP/1.1" 404 1097
190.163.3.174 - - [18/Jun/2018:10:04:43 -0300] "GET /cormun/static/Shared/jqueryui/images/ui-icons_8d78a5_256x240.png HTTP/1.1" 404 1089
186.103.159.204 - - [18/Jun/2018:10:05:01 -0300] "GET /cormun/servlet/trrenuncias? HTTP/1.1" 200 7075
186.103.159.186 - - [18/Jun/2018:10:05:02 -0300] "GET /cormun/servlet/hlogin HTTP/1.1" 200 1719
186.103.159.204 - - [18/Jun/2018:10:05:02 -0300] "GET /cormun/servlet/trrenuncias? HTTP/1.1" 200 7075
186.103.159.186 - - [18/Jun/2018:10:05:11 -0300] "POST /cormun/servlet/hlogin?191872ab00c520426526216278745ef3,gx-no-cache=1529327047082 HTTP/1.1" 200 90
186.103.159.186 - - [18/Jun/2018:10:05:11 -0300] "GET /cormun/servlet/hpexe_link HTTP/1.1" 200 953
186.103.159.186 - - [18/Jun/2018:10:05:11 -0300] "GET /cormun/servlet/hhome HTTP/1.1" 200 3965
186.103.159.186 - - [18/Jun/2018:10:05:13 -0300] "GET /cormun/servlet/hhome HTTP/1.1" 200 3962
186.103.159.204 - - [18/Jun/2018:10:05:14 -0300] "POST /cormun/servlet/trrenuncias?c86ada423dd9e91b2ea05b7e0ff2d833,,gx-no-cache=1529327047969 HTTP/1.1" 200 4299
186.103.159.204 - - [18/Jun/2018:10:05:15 -0300] "POST /cormun/servlet/trrenuncias?c86ada423dd9e91b2ea05b7e0ff2d833,,gx-no-cache=1529327048978 HTTP/1.1" 200 4298
186.103.159.204 - - [18/Jun/2018:10:05:15 -0300] "POST /cormun/servlet/trrenuncias?c86ada423dd9e91b2ea05b7e0ff2d833,,gx-no-cache=1529327049319 HTTP/1.1" 200 4298
186.103.159.186 - - [18/Jun/2018:10:05:16 -0300] "GET /cormun/servlet/trpermisosgoce? HTTP/1.1" 200 11747
186.103.159.182 - - [18/Jun/2018:10:05:18 -0300] "POST /cormun/servlet/prbanco?2e85fbc25688467b44d66d24e540011a,,MD,,gxPopupLevel%3D0%3B,gx-no-cache=1529327053996 HTTP/1.1" 200 2542
186.103.159.186 - - [18/Jun/2018:10:05:18 -0300] "GET /cormun/servlet/trpermisosgoce? HTTP/1.1" 200 11748
186.103.159.182 - - [18/Jun/2018:10:05:22 -0300] "POST /cormun/servlet/prbanco?2e85fbc25688467b44d66d24e540011a,,MD,,gxPopupLevel%3D0%3B,gx-no-cache=1529327058450 HTTP/1.1" 200 2549
186.103.159.186 - - [18/Jun/2018:10:05:23 -0300] "GET /cormun/servlet/trpermisosadjuntos?20340793,20180614104152,P, HTTP/1.1" 200 6283
186.103.159.186 - - [18/Jun/2018:10:05:23 -0300] "GET /cormun/static/gxcfg.js?201762817193957 HTTP/1.1" 200 953
186.103.159.186 - - [18/Jun/2018:10:05:23 -0300] "GET /cormun/static/trpermisosadjuntos.js?201762817194366 HTTP/1.1" 200 20158
186.103.159.182 - - [18/Jun/2018:10:05:24 -0300] "POST /cormun/servlet/prbanco?2e85fbc25688467b44d66d24e540011a,,MD,,gxPopupLevel%3D0%3B,gx-no-cache=1529327060633 HTTP/1.1" 200 3860
186.103.159.186 - - [18/Jun/2018:10:05:24 -0300] "GET /cormun/servlet/trpermisosadjuntos?20340793,20180614104152,P, HTTP/1.1" 200 6283
186.103.159.186 - - [18/Jun/2018:10:05:27 -0300] "GET /cormun/servlet/permisosadjuntos?INS,20340793,P,20180614104152,, HTTP/1.1" 200 5613
186.103.159.186 - - [18/Jun/2018:10:05:27 -0300] "GET /cormun/static/gxcfg.js?201762717441171 HTTP/1.1" 200 953
186.103.159.186 - - [18/Jun/2018:10:05:27 -0300] "GET /cormun/static/permisosadjuntos.js?201762717441184 HTTP/1.1" 200 8724
186.103.159.186 - - [18/Jun/2018:10:05:27 -0300] "GET /cormun/static/about:blank HTTP/1.1" 404 1011
186.103.159.186 - - [18/Jun/2018:10:05:28 -0300] "GET /cormun/servlet/permisosadjuntos?INS,20340793,P,20180614104152,, HTTP/1.1" 200 5604
186.103.159.204 - - [18/Jun/2018:10:05:28 -0300] "GET /cormun/servlet/trsolicitudot? HTTP/1.1" 200 7201
186.103.159.204 - - [18/Jun/2018:10:05:28 -0300] "GET /cormun/static/gxcfg.js?2017111422585916 HTTP/1.1" 200 953
186.103.159.204 - - [18/Jun/2018:10:05:29 -0300] "GET /cormun/servlet/trsolicitudot? HTTP/1.1" 200 7201
186.103.159.182 - - [18/Jun/2018:10:05:35 -0300] "POST /cormun/servlet/prbanco?2e85fbc25688467b44d66d24e540011a,,MD,,gxPopupLevel%3D0%3B,gx-no-cache=1529327070802 HTTP/1.1" 200 2695
186.103.159.186 - - [18/Jun/2018:10:05:45 -0300] "POST /cormun/servlet/permisosadjuntos?191872ab00c520426526216278745ef3,INS,20340793,P,20180614104152,, HTTP/1.1" 200 116
186.103.159.186 - - [18/Jun/2018:10:05:46 -0300] "GET /cormun/servlet/hpexe_return? HTTP/1.1" 200 1040
186.103.159.186 - - [18/Jun/2018:10:05:46 -0300] "GET /cormun/servlet/trpermisosadjuntos?20340793,20180614104152,P, HTTP/1.1" 200 6765
186.103.159.204 - - [18/Jun/2018:10:05:46 -0300] "POST /cormun/servlet/trsolicitudot?c86ada423dd9e91b2ea05b7e0ff2d833,,gx-no-cache=1529327080346 HTTP/1.1" 200 4220
186.103.159.186 - - [18/Jun/2018:10:05:47 -0300] "GET /cormun/servlet/trpermisosadjuntos?20340793,20180614104152,P, HTTP/1.1" 200 6761
186.103.159.186 - - [18/Jun/2018:10:05:50 -0300] "POST /cormun/servlet/trpermisosadjuntos?191872ab00c520426526216278745ef3,20340793,20180614104152,P,,gx-no-cache=1529327086062 HTTP/1.1" 200 90
186.103.159.186 - - [18/Jun/2018:10:05:50 -0300] "GET /cormun/servlet/hpexe_link HTTP/1.1" 200 984
186.103.159.186 - - [18/Jun/2018:10:05:50 -0300] "GET /cormun/servlet/trpermisosgoce HTTP/1.1" 200 11749
186.103.159.182 - - [18/Jun/2018:10:05:51 -0300] "POST /cormun/servlet/solicitudot?2e85fbc25688467b44d66d24e540011a,INS,0,0,,gx-no-cache=1529327086746 HTTP/1.1" 200 12155
186.103.159.186 - - [18/Jun/2018:10:05:52 -0300] "GET /cormun/servlet/trpermisosgoce HTTP/1.1" 200 11745
186.103.159.204 - - [18/Jun/2018:10:05:54 -0300] "POST /cormun/servlet/trsolicitudot?c86ada423dd9e91b2ea05b7e0ff2d833,,gx-no-cache=1529327088665 HTTP/1.1" 200 4223
186.103.159.182 - - [18/Jun/2018:10:05:55 -0300] "POST /cormun/servlet/solicitudot?gx-no-cache=1529327090844 HTTP/1.1" 200 3410
186.103.159.182 - - [18/Jun/2018:10:05:55 -0300] "POST /cormun/servlet/solicitudot?2e85fbc25688467b44d66d24e540011a,INS,0,0,,gx-no-cache=1529327090972 HTTP/1.1" 200 12155
186.103.159.182 - - [18/Jun/2018:10:05:55 -0300] "GET /cormun/servlet/solicitudot?4787000d60351d6d9fe9534d3d27ad920e9283bd0198ba369fcc9d955b90fc9254d4ca66965a8b9b88a4414cd8fbb3a2,gx-no-cache=1529327091148 HTTP/1.1" 200 30
186.103.159.182 - - [18/Jun/2018:10:05:55 -0300] "GET /cormun/servlet/solicitudot?4787000d60351d6d9fe9534d3d27ad92eaf59416e2868dab14092e2b13e05b14baf777de52a74cb6831ed10f208a45a4,gx-no-cache=1529327091243 HTTP/1.1" 200 30
186.103.159.182 - - [18/Jun/2018:10:05:55 -0300] "GET /cormun/servlet/solicitudot?4787000d60351d6d9fe9534d3d27ad92c3912ea5afc5764ac607a7ae106b9a5e,gx-no-cache=1529327091326 HTTP/1.1" 200 51
186.103.159.182 - - [18/Jun/2018:10:05:55 -0300] "POST /cormun/servlet/solicitudot?gx-no-cache=1529327091413 HTTP/1.1" 200 297
186.103.159.204 - - [18/Jun/2018:10:05:55 -0300] "POST /cormun/servlet/trsolicitudot?c86ada423dd9e91b2ea05b7e0ff2d833,,gx-no-cache=1529327089637 HTTP/1.1" 200 4220
186.103.159.182 - - [18/Jun/2018:10:05:56 -0300] "GET /cormun/servlet/solicitudot?4787000d60351d6d9fe9534d3d27ad92c0513a95bd5421152f27020ffbb8d2ef2f182760314a29f4054269993aa840dbc8ea5538a1c8795884084ad5cdc0e4ac62c51e97ec522ab877bc10de85c548033964d7c89dc8a4a340b846622bfa03b6805193e8175f40872b2f56924af633c6fccf833e6ce92c4811d59092657ae627f8ac98097417d364a33e2e9cc4974819f836932537ba84ede7b6b0270b73d9f823fc6c91fc9f733400503f01e16df9e184876b8bc014c94e022170ea85f37c25a78817c2b70f8c12e23b4e4cb4fd5c0d8e69992ed793edaf6a0e1b9070d9350c4479f8dbfd9192a2a238e778450dc913ae94b1bedfa7cedadce7d136dc10dec3e6a639f3b73658b276e8a094bfbfd3f7fc3731ebfff2c61e0613075ffe39ac4f17bdfd249bbc3c2611a9eeea4cfad43fef951da56497e053f7102eb6b13dc4aaa1bcc5ea63d8567e103c43562ff2f250006ec6bb65c21f4b852f1da1c90e13a2f9b208614cd47f2ed483be8bc347ce9ffcb55aa4ea8a5dc431ae1df5bbc078ceb2ad19d975eacb3b87ab27953dff1822,gx-no-cache=1529327091513 HTTP/1.1" 200 30
186.103.159.182 - - [18/Jun/2018:10:05:56 -0300] "POST /cormun/servlet/solicitudot?gx-no-cache=1529327091897 HTTP/1.1" 200 30
186.103.159.182 - - [18/Jun/2018:10:05:56 -0300] "POST /cormun/servlet/solicitudot?gx-no-cache=1529327091944 HTTP/1.1" 200 1369
186.103.159.182 - - [18/Jun/2018:10:05:56 -0300] "POST /cormun/servlet/solicitudot?gx-no-cache=1529327092013 HTTP/1.1" 200 41
186.103.159.182 - - [18/Jun/2018:10:05:56 -0300] "GET /cormun/servlet/solicitudot?4787000d60351d6d9fe9534d3d27ad921eea68f07ae6ba53d321484288f9087641ee8a7488a9e89a91c42b832cba0e7630aa8e03cd947642396f09280e02a706881d3f3899e585ba8b9877e63f027ceca85a84074b566e7e5b0d4094f9679c0c471e3133599d6cb752eb7f45dd3f1c20,gx-no-cache=1529327092041 HTTP/1.1" 200 29
186.103.159.182 - - [18/Jun/2018:10:05:56 -0300] "POST /cormun/servlet/solicitudot?gx-no-cache=1529327092067 HTTP/1.1" 200 1351
186.103.159.182 - - [18/Jun/2018:10:05:56 -0300] "POST /cormun/servlet/solicitudot?gx-no-cache=1529327092111 HTTP/1.1" 200 1249
186.103.159.182 - - [18/Jun/2018:10:05:56 -0300] "GET /cormun/servlet/solicitudot?4787000d60351d6d9fe9534d3d27ad920810c491fbc54e47881b1de3d84462b6ad926ee519155b2434216a7cc44737f1,gx-no-cache=1529327092153 HTTP/1.1" 200 30
186.103.159.182 - - [18/Jun/2018:10:05:56 -0300] "POST /cormun/servlet/solicitudot?gx-no-cache=1529327092180 HTTP/1.1" 200 30
186.103.159.182 - - [18/Jun/2018:10:05:56 -0300] "POST /cormun/servlet/solicitudot?2e85fbc25688467b44d66d24e540011a,INS,0,0,,gx-no-cache=1529327092209 HTTP/1.1" 200 93
186.103.159.182 - - [18/Jun/2018:10:05:56 -0300] "GET /cormun/servlet/hpexe_return? HTTP/1.1" 200 1003
186.103.159.186 - - [18/Jun/2018:10:05:56 -0300] "GET /cormun/servlet/trpermisosadjuntos?16291838,20180613154834,P, HTTP/1.1" 200 6278
186.103.159.182 - - [18/Jun/2018:10:05:56 -0300] "GET /cormun/servlet/trsolicitudot? HTTP/1.1" 200 8849
186.103.159.182 - - [18/Jun/2018:10:05:57 -0300] "GET /cormun/servlet/trsolicitudot? HTTP/1.1" 200 8845
186.103.159.186 - - [18/Jun/2018:10:05:58 -0300] "GET /cormun/servlet/trpermisosadjuntos?16291838,20180613154834,P, HTTP/1.1" 200 6279
186.103.159.186 - - [18/Jun/2018:10:05:59 -0300] "GET /cormun/servlet/permisosadjuntos?INS,16291838,P,20180613154834,, HTTP/1.1" 200 5608
186.103.159.186 - - [18/Jun/2018:10:05:59 -0300] "GET /cormun/static/about:blank HTTP/1.1" 404 1011
186.103.159.186 - - [18/Jun/2018:10:06:00 -0300] "GET /cormun/servlet/permisosadjuntos?INS,16291838,P,20180613154834,, HTTP/1.1" 200 5598
186.103.159.204 - - [18/Jun/2018:10:06:01 -0300] "POST /cormun/servlet/trsolicitudot?c86ada423dd9e91b2ea05b7e0ff2d833,,gx-no-cache=1529327095907 HTTP/1.1" 200 5635
186.103.159.204 - - [18/Jun/2018:10:06:02 -0300] "GET /cormun//static/Resources/PXToolsGridUpdate.png HTTP/1.1" 200 2984
186.103.159.204 - - [18/Jun/2018:10:06:02 -0300] "GET /cormun//static/Resources/PXToolsActionView.png HTTP/1.1" 200 2995
186.103.159.204 - - [18/Jun/2018:10:06:02 -0300] "GET /cormun//static/Resources/PXTools/ActionInsert.png HTTP/1.1" 200 1482
186.103.159.182 - - [18/Jun/2018:10:06:08 -0300] "POST /cormun/servlet/trsolicitudot?2e85fbc25688467b44d66d24e540011a,,gx-no-cache=1529327104298 HTTP/1.1" 200 105
186.103.159.182 - - [18/Jun/2018:10:06:09 -0300] "GET /cormun/servlet/solicitudot?UPD,2018,11710, HTTP/1.1" 200 15524
186.103.159.182 - - [18/Jun/2018:10:06:09 -0300] "GET /cormun/servlet/solicitudot?UPD,2018,11710, HTTP/1.1" 200 15534
186.103.159.182 - - [18/Jun/2018:10:06:10 -0300] "POST /cormun/servlet/solicitudot?gx-no-cache=1529327106194 HTTP/1.1" 200 3421
186.103.159.182 - - [18/Jun/2018:10:06:10 -0300] "POST /cormun/servlet/solicitudot?2e85fbc25688467b44d66d24e540011a,UPD,2018,11710,,gx-no-cache=1529327106530 HTTP/1.1" 200 11750
186.103.159.182 - - [18/Jun/2018:10:06:11 -0300] "GET /cormun/servlet/solicitudot?4787000d60351d6d9fe9534d3d27ad920e9283bd0198ba369fcc9d955b90fc9254d4ca66965a8b9b88a4414cd8fbb3a2,gx-no-cache=1529327106849 HTTP/1.1" 200 30
186.103.159.182 - - [18/Jun/2018:10:06:11 -0300] "GET /cormun/servlet/solicitudot?4787000d60351d6d9fe9534d3d27ad92eaf59416e2868dab14092e2b13e05b14baf777de52a74cb6831ed10f208a45a4,gx-no-cache=1529327106919 HTTP/1.1" 200 30
186.103.159.182 - - [18/Jun/2018:10:06:11 -0300] "GET /cormun/servlet/solicitudot?4787000d60351d6d9fe9534d3d27ad92624172e9db2f12939715728dcb150d1723928b631c89a5c48a69343f3abb4971a4ae25591e9b15ca21384c527c01e891,gx-no-cache=1529327106967 HTTP/1.1" 200 51
186.103.159.182 - - [18/Jun/2018:10:06:11 -0300] "POST /cormun/servlet/solicitudot?gx-no-cache=1529327107019 HTTP/1.1" 200 297
186.103.159.186 - - [18/Jun/2018:10:06:12 -0300] "POST /cormun/servlet/permisosadjuntos?191872ab00c520426526216278745ef3,INS,16291838,P,20180613154834,, HTTP/1.1" 200 116
186.103.159.186 - - [18/Jun/2018:10:06:12 -0300] "GET /cormun/servlet/hpexe_return? HTTP/1.1" 200 1041
186.103.159.186 - - [18/Jun/2018:10:06:12 -0300] "GET /cormun/servlet/trpermisosadjuntos?16291838,20180613154834,P, HTTP/1.1" 200 6752
186.103.159.186 - - [18/Jun/2018:10:06:13 -0300] "GET /cormun/servlet/trpermisosadjuntos?16291838,20180613154834,P, HTTP/1.1" 200 6748
186.103.159.204 - - [18/Jun/2018:10:06:17 -0300] "GET /cormun/servlet/vesolicitudot?2018,10786,, HTTP/1.1" 200 8526
186.103.159.204 - - [18/Jun/2018:10:06:17 -0300] "GET /cormun/static/gxcfg.js?2017111422591385 HTTP/1.1" 200 953
186.103.159.204 - - [18/Jun/2018:10:06:17 -0300] "GET /cormun/static/Resources/PXToolsTabPrevious.gif HTTP/1.1" 200 172
186.103.159.204 - - [18/Jun/2018:10:06:17 -0300] "GET /cormun/pexe_scrolldiv.js HTTP/1.1" 404 1009
186.103.159.204 - - [18/Jun/2018:10:06:17 -0300] "GET /cormun/static/Resources/PXToolsTabNext.gif HTTP/1.1" 200 168
186.103.159.204 - - [18/Jun/2018:10:06:17 -0300] "GET /cormun/static/Resources/PXToolsButtonLeft21.png HTTP/1.1" 200 1287
186.103.159.204 - - [18/Jun/2018:10:06:17 -0300] "GET /cormun/static/Resources/PXToolsButtonRight21.png HTTP/1.1" 200 1283
