200.111.191.210 - - [18/Jun/2018:10:32:53 -0300] "GET /cormun/servlet/permisosadjuntos?INS,12291516,P,20180614153901,, HTTP/1.1" 200 5851
200.111.191.210 - - [18/Jun/2018:10:32:53 -0300] "GET /cormun/static/about:blank HTTP/1.1" 404 1011
200.111.191.210 - - [18/Jun/2018:10:32:53 -0300] "GET /cormun/servlet/permisosadjuntos?INS,12291516,P,20180614153901,, HTTP/1.1" 200 5841
186.103.159.204 - - [18/Jun/2018:10:32:54 -0300] "GET /cormun/servlet/trautorizarenuncias? HTTP/1.1" 200 7747
200.111.191.210 - - [18/Jun/2018:10:32:59 -0300] "POST /cormun/servlet/permisosadjuntos?67703311257fbcf71123f0a6e1931c5a,INS,12291516,P,20180614153901,, HTTP/1.1" 200 116
200.111.191.210 - - [18/Jun/2018:10:32:59 -0300] "GET /cormun/servlet/hpexe_return? HTTP/1.1" 200 1038
200.111.191.210 - - [18/Jun/2018:10:33:00 -0300] "GET /cormun/servlet/trpermisosadjuntos?12291516,20180614153901,P, HTTP/1.1" 200 7001
200.111.191.210 - - [18/Jun/2018:10:33:00 -0300] "GET /cormun/servlet/trpermisosadjuntos?12291516,20180614153901,P, HTTP/1.1" 200 6998
186.103.159.204 - - [18/Jun/2018:10:33:03 -0300] "POST /cormun/servlet/trautorizarenuncias?c86ada423dd9e91b2ea05b7e0ff2d833,,gx-no-cache=1529328717347 HTTP/1.1" 200 5022
200.111.191.210 - - [18/Jun/2018:10:33:03 -0300] "GET /cormun/servlet/trautorizarpermisogoce? HTTP/1.1" 200 9370
200.111.191.210 - - [18/Jun/2018:10:33:03 -0300] "GET /cormun/static/gxcfg.js?20177612165975 HTTP/1.1" 200 953
200.111.191.210 - - [18/Jun/2018:10:33:03 -0300] "GET /cormun/static/trautorizarpermisogoce.js?2017761217384 HTTP/1.1" 200 34948
200.111.191.210 - - [18/Jun/2018:10:33:04 -0300] "GET /cormun/servlet/trautorizarpermisogoce? HTTP/1.1" 200 9357
200.111.191.210 - - [18/Jun/2018:10:33:06 -0300] "POST /cormun/servlet/trautorizarpermisogoce?67703311257fbcf71123f0a6e1931c5a,,gx-no-cache=1529328786793 HTTP/1.1" 200 6385
200.111.191.210 - - [18/Jun/2018:10:33:06 -0300] "GET /cormun/static/Shared/jqueryui/images/ui-bg_highlight-soft_100_c6c2c8_1x100.png HTTP/1.1" 404 1117
200.111.191.210 - - [18/Jun/2018:10:33:06 -0300] "GET /cormun/static/Shared/jqueryui/images/ui-icons_82798d_256x240.png HTTP/1.1" 404 1089
200.111.191.210 - - [18/Jun/2018:10:33:06 -0300] "GET /cormun/static/Shared/jqueryui/images/ui-bg_flat_55_fafafa_40x100.png HTTP/1.1" 404 1097
200.111.191.210 - - [18/Jun/2018:10:33:06 -0300] "GET /cormun/static/Shared/jqueryui/images/ui-icons_8d78a5_256x240.png HTTP/1.1" 404 1089
200.111.191.210 - - [18/Jun/2018:10:33:07 -0300] "POST /cormun/servlet/trautorizarpermisogoce?67703311257fbcf71123f0a6e1931c5a,,gx-no-cache=1529328787687 HTTP/1.1" 200 6163
200.54.18.251 - - [18/Jun/2018:10:33:07 -0300] "GET /cormun/servlet/hlogin HTTP/1.1" 200 1728
200.111.191.210 - - [18/Jun/2018:10:33:07 -0300] "POST /cormun/servlet/trautorizarpermisogoce?67703311257fbcf71123f0a6e1931c5a,,gx-no-cache=1529328788335 HTTP/1.1" 200 5951
200.54.18.251 - - [18/Jun/2018:10:33:08 -0300] "GET /cormun/servlet/hlogin HTTP/1.1" 200 1733
200.111.191.210 - - [18/Jun/2018:10:33:08 -0300] "POST /cormun/servlet/trautorizarpermisogoce?67703311257fbcf71123f0a6e1931c5a,,gx-no-cache=1529328789059 HTTP/1.1" 200 5701
200.111.191.210 - - [18/Jun/2018:10:33:09 -0300] "POST /cormun/servlet/trautorizarpermisogoce?67703311257fbcf71123f0a6e1931c5a,,gx-no-cache=1529328789724 HTTP/1.1" 200 5409
200.111.191.210 - - [18/Jun/2018:10:33:09 -0300] "POST /cormun/servlet/trautorizarpermisogoce?67703311257fbcf71123f0a6e1931c5a,,gx-no-cache=1529328790378 HTTP/1.1" 200 5137
200.111.191.210 - - [18/Jun/2018:10:33:10 -0300] "POST /cormun/servlet/trautorizarpermisogoce?67703311257fbcf71123f0a6e1931c5a,,gx-no-cache=1529328791009 HTTP/1.1" 200 4385
186.103.159.204 - - [18/Jun/2018:10:33:15 -0300] "GET /cormun/servlet/trautorizarenuncias? HTTP/1.1" 200 7747
186.103.159.204 - - [18/Jun/2018:10:33:16 -0300] "GET /cormun/servlet/trautorizarenuncias? HTTP/1.1" 200 7747
200.54.18.251 - - [18/Jun/2018:10:33:16 -0300] "POST /cormun/servlet/hlogin?26a2321055f45df7683995ced66bc275,gx-no-cache=1529328734521 HTTP/1.1" 200 450
186.103.159.204 - - [18/Jun/2018:10:33:20 -0300] "POST /cormun/servlet/trautorizarenuncias?c86ada423dd9e91b2ea05b7e0ff2d833,,gx-no-cache=1529328733555 HTTP/1.1" 200 4999
186.103.159.204 - - [18/Jun/2018:10:33:28 -0300] "POST /cormun/servlet/trautorizarenuncias?c86ada423dd9e91b2ea05b7e0ff2d833,,gx-no-cache=1529328742038 HTTP/1.1" 200 4999
186.103.159.204 - - [18/Jun/2018:10:34:12 -0300] "GET /cormun/servlet/trautorizarenuncias? HTTP/1.1" 200 7747
186.103.159.204 - - [18/Jun/2018:10:34:13 -0300] "GET /cormun/servlet/trautorizarenuncias? HTTP/1.1" 200 7747
186.103.159.204 - - [18/Jun/2018:10:34:18 -0300] "POST /cormun/servlet/trautorizarenuncias?c86ada423dd9e91b2ea05b7e0ff2d833,,gx-no-cache=1529328792372 HTTP/1.1" 200 5021
186.103.159.204 - - [18/Jun/2018:10:34:18 -0300] "GET /cormun/static/Shared/jqueryui/images/ui-icons_82798d_256x240.png HTTP/1.1" 404 1089
186.103.159.204 - - [18/Jun/2018:10:34:18 -0300] "GET /cormun/static/Shared/jqueryui/images/ui-bg_highlight-soft_100_c6c2c8_1x100.png HTTP/1.1" 404 1117
186.103.159.204 - - [18/Jun/2018:10:34:18 -0300] "GET /cormun/static/Shared/jqueryui/images/ui-bg_flat_55_fafafa_40x100.png HTTP/1.1" 404 1097
186.103.159.204 - - [18/Jun/2018:10:34:18 -0300] "GET /cormun/static/Shared/jqueryui/images/ui-icons_8d78a5_256x240.png HTTP/1.1" 404 1089
186.103.159.204 - - [18/Jun/2018:10:34:20 -0300] "POST /cormun/servlet/trautorizarenuncias?c86ada423dd9e91b2ea05b7e0ff2d833,,gx-no-cache=1529328794371 HTTP/1.1" 200 5022
186.103.159.204 - - [18/Jun/2018:10:34:20 -0300] "POST /cormun/servlet/trautorizarenuncias?c86ada423dd9e91b2ea05b7e0ff2d833,,gx-no-cache=1529328794625 HTTP/1.1" 200 5022
186.103.159.204 - - [18/Jun/2018:10:34:23 -0300] "GET /cormun/servlet/trrenunciasadjuntos?172,9288734, HTTP/1.1" 200 6577
200.72.197.82 - - [18/Jun/2018:10:34:23 -0300] "POST /cormun/servlet/hlogin?26a2321055f45df7683995ced66bc275,gx-no-cache=1529328800910 HTTP/1.1" 200 450
186.103.159.204 - - [18/Jun/2018:10:34:23 -0300] "GET /cormun/servlet/trrenunciasadjuntos?172,9288734, HTTP/1.1" 200 6579
186.103.159.204 - - [18/Jun/2018:10:34:26 -0300] "GET /cormun/PublicTempStorage/luz_pilar_miranda_b914141.pdf HTTP/1.1" 200 1983926
186.103.159.204 - - [18/Jun/2018:10:34:27 -0300] "GET /cormun/PublicTempStorage/luz_pilar_miranda_b914141.pdf HTTP/1.1" 200 1983926
200.72.197.82 - - [18/Jun/2018:10:34:27 -0300] "POST /cormun/servlet/hlogin?26a2321055f45df7683995ced66bc275,gx-no-cache=1529328805525 HTTP/1.1" 200 450
200.72.197.82 - - [18/Jun/2018:10:34:30 -0300] "POST /cormun/servlet/hlogin?26a2321055f45df7683995ced66bc275,gx-no-cache=1529328807790 HTTP/1.1" 200 90
200.72.197.82 - - [18/Jun/2018:10:34:30 -0300] "GET /cormun/servlet/hpexe_link HTTP/1.1" 200 955
200.72.197.82 - - [18/Jun/2018:10:34:30 -0300] "GET /cormun/servlet/hhome HTTP/1.1" 200 4139
186.103.159.204 - - [18/Jun/2018:10:34:30 -0300] "GET /cormun/PublicTempStorage/luz_pilar_miranda_b914141.pdf HTTP/1.1" 200 1983926
186.103.159.204 - - [18/Jun/2018:10:34:31 -0300] "GET /cormun/PublicTempStorage/luz_pilar_miranda_b914141.pdf HTTP/1.1" 200 1983926
200.72.197.82 - - [18/Jun/2018:10:34:31 -0300] "GET /cormun/servlet/hhome HTTP/1.1" 200 4135
186.103.159.204 - - [18/Jun/2018:10:34:32 -0300] "GET /cormun/PublicTempStorage/luz_pilar_miranda_b914141.pdf HTTP/1.1" 200 1983926
186.103.159.204 - - [18/Jun/2018:10:34:39 -0300] "GET /cormun/PublicTempStorage/luz_pilar_miranda_b914141.pdf HTTP/1.1" 200 1983926
186.103.159.204 - - [18/Jun/2018:10:34:40 -0300] "GET /cormun/PublicTempStorage/luz_pilar_miranda_b914141.pdf HTTP/1.1" 200 1983926
186.103.159.204 - - [18/Jun/2018:10:34:51 -0300] "GET /cormun/PublicTempStorage/luz_pilar_miranda_b914141.pdf HTTP/1.1" 200 1983926
186.103.159.204 - - [18/Jun/2018:10:34:52 -0300] "GET /cormun/PublicTempStorage/luz_pilar_miranda_b914141.pdf HTTP/1.1" 200 1983926
186.103.159.204 - - [18/Jun/2018:10:35:05 -0300] "GET /cormun/servlet/trautorizarenuncias? HTTP/1.1" 200 7748
186.103.159.204 - - [18/Jun/2018:10:35:06 -0300] "GET /cormun/servlet/trautorizarenuncias? HTTP/1.1" 200 7747
200.54.18.251 - - [18/Jun/2018:10:35:16 -0300] "GET /cormun/servlet/trsolicitudot? HTTP/1.1" 200 7355
200.54.18.251 - - [18/Jun/2018:10:35:16 -0300] "GET /cormun/servlet/trsolicitudot? HTTP/1.1" 200 7354
200.54.18.251 - - [18/Jun/2018:10:35:17 -0300] "GET /cormun/static/menuarrow.gif HTTP/1.1" 404 1015
186.103.159.46 - - [18/Jun/2018:10:35:18 -0300] "GET /cormun/servlet/licenciaspermisos?faa50ab823def3cec87bba7de96f0227ca069b429a83e6c9665ac57497f12da42f48067f15f4a3cf044a177412264e93cf6762f24c5d682046b14528963be2fd8c51ee6d1a08abc46d5b310b5a93090d4a45672cb1cfc3eb119f9f9aaae3c412e5f6929b5c52e33a30c43bc80e6b1a26820db3e9cee83500aabbf698b2c0d3472cefc87a98f7fb5593f9de7abbb4cd2b2ec8e5577fd9c31c39527edddb17010ed5e3627dc1c2fad4957cb948497e05546135477a7f3476adcbd3eeacb932bc8b43a7b01c4b1b613c333cf8cfc9ade8e6b7abf34ee14ab74a02101353b008260c,gx-no-cache=1529328853455 HTTP/1.1" 200 30
186.103.159.46 - - [18/Jun/2018:10:35:18 -0300] "POST /cormun/servlet/licenciaspermisos?78ea3369e9909df6c196f00ed0970d9c,INS,0,,,,gx-no-cache=1529328853543 HTTP/1.1" 200 4781
186.103.159.204 - - [18/Jun/2018:10:35:22 -0300] "POST /cormun/servlet/trautorizarenuncias?c86ada423dd9e91b2ea05b7e0ff2d833,,gx-no-cache=1529328855675 HTTP/1.1" 200 5023
186.103.159.204 - - [18/Jun/2018:10:35:22 -0300] "GET /cormun/static/Shared/jqueryui/images/ui-bg_highlight-soft_100_c6c2c8_1x100.png HTTP/1.1" 404 1117
186.103.159.204 - - [18/Jun/2018:10:35:22 -0300] "GET /cormun/static/Shared/jqueryui/images/ui-icons_82798d_256x240.png HTTP/1.1" 404 1089
186.103.159.204 - - [18/Jun/2018:10:35:22 -0300] "GET /cormun/static/Shared/jqueryui/images/ui-bg_flat_55_fafafa_40x100.png HTTP/1.1" 404 1097
186.103.159.204 - - [18/Jun/2018:10:35:22 -0300] "GET /cormun/static/Shared/jqueryui/images/ui-icons_8d78a5_256x240.png HTTP/1.1" 404 1089
186.103.159.204 - - [18/Jun/2018:10:35:24 -0300] "POST /cormun/servlet/trautorizarenuncias?c86ada423dd9e91b2ea05b7e0ff2d833,,gx-no-cache=1529328857788 HTTP/1.1" 200 5022
200.54.18.251 - - [18/Jun/2018:10:35:25 -0300] "POST /cormun/servlet/trsolicitudot?26a2321055f45df7683995ced66bc275,,gx-no-cache=1529328862802 HTTP/1.1" 200 15712
186.103.159.204 - - [18/Jun/2018:10:35:28 -0300] "GET /cormun/servlet/trrenunciaslog?172,9288734, HTTP/1.1" 200 6068
186.103.159.204 - - [18/Jun/2018:10:35:28 -0300] "GET /cormun/static/gxcfg.js?20177612184715 HTTP/1.1" 200 953
186.103.159.204 - - [18/Jun/2018:10:35:28 -0300] "GET /cormun/static/trrenunciaslog.js?20177612184920 HTTP/1.1" 200 14956
186.103.159.204 - - [18/Jun/2018:10:35:29 -0300] "GET /cormun/servlet/trrenunciaslog?172,9288734, HTTP/1.1" 200 6068
186.103.159.204 - - [18/Jun/2018:10:35:30 -0300] "POST /cormun/servlet/acontrolpreferencessavestate?None,DALLENDE,true HTTP/1.1" 200 35
186.103.159.204 - - [18/Jun/2018:10:35:37 -0300] "GET /cormun/servlet/trautorizarenuncias? HTTP/1.1" 200 7753
186.103.159.204 - - [18/Jun/2018:10:35:37 -0300] "GET /cormun/servlet/trautorizarenuncias? HTTP/1.1" 200 7752
186.103.159.204 - - [18/Jun/2018:10:35:47 -0300] "POST /cormun/servlet/trautorizarenuncias?c86ada423dd9e91b2ea05b7e0ff2d833,,gx-no-cache=1529328881664 HTTP/1.1" 200 5023
186.103.159.204 - - [18/Jun/2018:10:35:49 -0300] "POST /cormun/servlet/trautorizarenuncias?c86ada423dd9e91b2ea05b7e0ff2d833,,gx-no-cache=1529328883379 HTTP/1.1" 200 5022
186.103.159.46 - - [18/Jun/2018:10:35:52 -0300] "GET /cormun/servlet/licenciaspermisos?faa50ab823def3cec87bba7de96f0227e82bd3d12d83a1a00947dc7632559d0c61de0cde690d2341c651159b72aeef04dfa396a89ff3666da58e31a0e9f551ba995e41a263f239888ebc9ee4f34f46a1fad4da917e91bebdb362ecde3f6106f5a3f975a24d1fcb915f36b4ea8c233e29f22f81069d57bb1bab42091c51a731727d439a90fa902286c03a47b562f636bb47c83cac681e6dd4c15dd93ed25be24e72c14b9ec613f977500a4f6eb7b6d202c2b031e253dec50d62ee33feea47615ab575faae6774e4803f73501c45bc33ad5a79ed1b1fcb5e5b06c40b7c9549c806d99f3cad19f49db481c11090f446e8f2,gx-no-cache=1529328886541 HTTP/1.1" 200 60
186.103.159.46 - - [18/Jun/2018:10:35:55 -0300] "POST /cormun/servlet/licenciaspermisos?78ea3369e9909df6c196f00ed0970d9c,INS,0,,,,gx-no-cache=1529328890086 HTTP/1.1" 200 93
186.103.159.46 - - [18/Jun/2018:10:35:55 -0300] "GET /cormun/servlet/hpexe_return? HTTP/1.1" 200 1008
186.103.159.46 - - [18/Jun/2018:10:35:55 -0300] "GET /cormun/static/gxcfg.js?2016101716175148 HTTP/1.1" 200 953
186.103.159.46 - - [18/Jun/2018:10:35:55 -0300] "GET /cormun/static/hpexe_return.js?2016101716175153 HTTP/1.1" 200 1633
186.103.159.46 - - [18/Jun/2018:10:35:55 -0300] "GET /cormun/static/Resources/Spanish/PXTools.css?167811 HTTP/1.1" 200 89042
186.103.159.46 - - [18/Jun/2018:10:35:56 -0300] "GET /cormun/servlet/trlicencias HTTP/1.1" 200 12084
186.103.159.46 - - [18/Jun/2018:10:35:58 -0300] "GET /cormun//static/Resources/PXToolsGridUpdate.png HTTP/1.1" 200 2984
186.103.159.46 - - [18/Jun/2018:10:35:58 -0300] "GET /cormun//static/Resources/PXToolsGridDelete.png HTTP/1.1" 200 357
186.103.159.46 - - [18/Jun/2018:10:35:58 -0300] "GET /cormun/servlet/trlicencias HTTP/1.1" 200 12085
186.103.159.46 - - [18/Jun/2018:10:36:02 -0300] "GET /cormun/servlet/alicenciaprn?9517647,L,20180618000000,PU HTTP/1.1" 200 1626
192.168.10.96 - - [18/Jun/2018:10:36:28 -0300] "GET /cormun/servlet/hlogin HTTP/1.1" 200 1722
192.168.10.96 - - [18/Jun/2018:10:36:29 -0300] "GET /cormun/servlet/hlogin HTTP/1.1" 200 1732
192.168.10.96 - - [18/Jun/2018:10:36:34 -0300] "POST /cormun/servlet/hlogin?0eda7c3cd03c928affcc6b90235078d1,gx-no-cache=1529328792848 HTTP/1.1" 200 90
192.168.10.96 - - [18/Jun/2018:10:36:34 -0300] "GET /cormun/servlet/hpexe_link HTTP/1.1" 200 954
192.168.10.96 - - [18/Jun/2018:10:36:34 -0300] "GET /cormun/servlet/hhome HTTP/1.1" 200 4713
192.168.10.96 - - [18/Jun/2018:10:36:35 -0300] "GET /cormun/servlet/hhome HTTP/1.1" 200 4709
192.168.10.96 - - [18/Jun/2018:10:36:38 -0300] "GET /cormun/servlet/trpermisosgeneralesgoce? HTTP/1.1" 200 18078
192.168.10.96 - - [18/Jun/2018:10:36:38 -0300] "GET /cormun/static/gxcfg.js?20176272065695 HTTP/1.1" 200 953
192.168.10.96 - - [18/Jun/2018:10:36:38 -0300] "GET /cormun/static/Resources/Spanish/PXTools.css?17315867 HTTP/1.1" 200 89042
192.168.10.96 - - [18/Jun/2018:10:36:38 -0300] "GET /cormun/static/trpermisosgeneralesgoce.js?201762720718 HTTP/1.1" 200 30422
192.168.10.96 - - [18/Jun/2018:10:36:39 -0300] "GET /cormun/servlet/trpermisosgeneralesgoce? HTTP/1.1" 200 18075
192.168.10.96 - - [18/Jun/2018:10:36:49 -0300] "POST /cormun/servlet/trpermisosgeneralesgoce?0eda7c3cd03c928affcc6b90235078d1,,gx-no-cache=1529328807634 HTTP/1.1" 200 8339
192.168.10.96 - - [18/Jun/2018:10:36:54 -0300] "POST /cormun/servlet/trpermisosgeneralesgoce?0eda7c3cd03c928affcc6b90235078d1,,gx-no-cache=1529328813136 HTTP/1.1" 200 8695
192.168.10.96 - - [18/Jun/2018:10:36:55 -0300] "POST /cormun/servlet/trpermisosgeneralesgoce?0eda7c3cd03c928affcc6b90235078d1,,gx-no-cache=1529328814103 HTTP/1.1" 200 8695
192.168.10.96 - - [18/Jun/2018:10:36:56 -0300] "POST /cormun/servlet/trpermisosgeneralesgoce?0eda7c3cd03c928affcc6b90235078d1,,gx-no-cache=1529328814465 HTTP/1.1" 200 8696
192.168.10.96 - - [18/Jun/2018:10:36:56 -0300] "POST /cormun/servlet/trpermisosgeneralesgoce?0eda7c3cd03c928affcc6b90235078d1,,gx-no-cache=1529328815095 HTTP/1.1" 200 8695
192.168.10.96 - - [18/Jun/2018:10:37:06 -0300] "POST /cormun/servlet/trpermisosgeneralesgoce?0eda7c3cd03c928affcc6b90235078d1,,gx-no-cache=1529328824591 HTTP/1.1" 200 6540
186.79.162.3 - - [18/Jun/2018:10:39:54 -0300] "GET /cormun/static/Resources/resize.gif HTTP/1.1" 200 77
186.79.162.3 - - [18/Jun/2018:10:39:54 -0300] "GET /cormun/servlet/prfichaempleado?,MD,,gxPopupLevel%3D0%3B HTTP/1.1" 302 -
186.79.162.3 - - [18/Jun/2018:10:39:54 -0300] "GET /cormun/servlet/hlogin?gxPopupLevel%3D0%3B HTTP/1.1" 200 1769
192.168.10.58 - - [18/Jun/2018:10:40:09 -0300] "GET /cormun/servlet/hlogin HTTP/1.1" 200 1726
192.168.10.58 - - [18/Jun/2018:10:40:11 -0300] "POST /cormun/servlet/hlogin?804a4d21d8371bf8f77a6ed7c616f7f3,gx-no-cache=1529329010204 HTTP/1.1" 200 90
192.168.10.58 - - [18/Jun/2018:10:40:11 -0300] "GET /cormun/servlet/hpexe_link HTTP/1.1" 200 953
192.168.10.58 - - [18/Jun/2018:10:40:11 -0300] "GET /cormun/servlet/hhome HTTP/1.1" 200 3848
186.79.162.3 - - [18/Jun/2018:10:40:12 -0300] "GET /cormun/servlet/hlogin HTTP/1.1" 200 1714
192.168.10.58 - - [18/Jun/2018:10:40:12 -0300] "GET /cormun/servlet/hhome HTTP/1.1" 200 3845
186.103.159.46 - - [18/Jun/2018:10:40:14 -0300] "GET /cormun/servlet/trlicenciaspermisosadjuntos?9517647,20180618000000,L, HTTP/1.1" 200 6332
186.103.159.46 - - [18/Jun/2018:10:40:14 -0300] "GET /cormun/static/gxcfg.js?20177612163414 HTTP/1.1" 200 953
186.103.159.46 - - [18/Jun/2018:10:40:14 -0300] "GET /cormun/static/trlicenciaspermisosadjuntos.js?20177612163719 HTTP/1.1" 200 21036
186.79.162.3 - - [18/Jun/2018:10:40:14 -0300] "POST /cormun/servlet/hlogin?9740028d416abee3807c57e638eff397,gx-no-cache=1529329149199 HTTP/1.1" 200 90
186.79.162.3 - - [18/Jun/2018:10:40:14 -0300] "GET /cormun/servlet/hpexe_link HTTP/1.1" 200 944
186.79.162.3 - - [18/Jun/2018:10:40:14 -0300] "GET /cormun/servlet/hhome HTTP/1.1" 200 3920
186.103.159.46 - - [18/Jun/2018:10:40:15 -0300] "GET /cormun/servlet/trlicenciaspermisosadjuntos?9517647,20180618000000,L, HTTP/1.1" 200 6333
186.79.162.3 - - [18/Jun/2018:10:40:15 -0300] "GET /cormun/servlet/hhome HTTP/1.1" 200 3916
192.168.10.58 - - [18/Jun/2018:10:40:16 -0300] "GET /cormun/servlet/trsolicitudgral? HTTP/1.1" 200 21935
192.168.10.58 - - [18/Jun/2018:10:40:16 -0300] "GET /cormun/servlet/trsolicitudgral? HTTP/1.1" 200 21932
186.79.162.3 - - [18/Jun/2018:10:40:18 -0300] "GET /cormun/servlet/trlicencias? HTTP/1.1" 200 10130
186.79.162.3 - - [18/Jun/2018:10:40:19 -0300] "GET /cormun/servlet/trlicencias? HTTP/1.1" 200 10128
186.103.159.46 - - [18/Jun/2018:10:40:20 -0300] "GET /cormun/servlet/licenciaspermisosadjuntos?INS,9517647,L,20180618000000,, HTTP/1.1" 200 5630
186.103.159.46 - - [18/Jun/2018:10:40:20 -0300] "GET /cormun/static/gxcfg.js?2017761263592 HTTP/1.1" 200 953
186.103.159.46 - - [18/Jun/2018:10:40:20 -0300] "GET /cormun/static/licenciaspermisosadjuntos.js?201776126362 HTTP/1.1" 200 8760
186.103.159.46 - - [18/Jun/2018:10:40:20 -0300] "GET /cormun/static/about:blank HTTP/1.1" 404 1011
186.103.159.46 - - [18/Jun/2018:10:40:21 -0300] "GET /cormun/servlet/licenciaspermisosadjuntos?INS,9517647,L,20180618000000,, HTTP/1.1" 200 5618
186.79.162.3 - - [18/Jun/2018:10:40:23 -0300] "GET /cormun/servlet/licenciaspermisos?INS,0,,, HTTP/1.1" 200 7449
186.79.162.3 - - [18/Jun/2018:10:40:23 -0300] "GET /cormun/servlet/licenciaspermisos?INS,0,,, HTTP/1.1" 200 7449
186.79.162.3 - - [18/Jun/2018:10:40:39 -0300] "GET /cormun/servlet/licenciaspermisos?23efea22a71f917876303214668558ffe555f7e12aa265fcc2dac352429146258e8affd3346f83de866e2cdfb4f6e6cc,gx-no-cache=1529329173776 HTTP/1.1" 200 92
186.79.162.3 - - [18/Jun/2018:10:40:39 -0300] "POST /cormun/servlet/licenciaspermisos?9740028d416abee3807c57e638eff397,INS,0,,,,gx-no-cache=1529329173983 HTTP/1.1" 200 4688
186.103.159.46 - - [18/Jun/2018:10:40:44 -0300] "POST /cormun/servlet/licenciaspermisosadjuntos?78ea3369e9909df6c196f00ed0970d9c,INS,9517647,L,20180618000000,, HTTP/1.1" 200 116
186.103.159.46 - - [18/Jun/2018:10:40:44 -0300] "GET /cormun/servlet/hpexe_return? HTTP/1.1" 200 1037
186.103.159.46 - - [18/Jun/2018:10:40:45 -0300] "GET /cormun/servlet/trlicenciaspermisosadjuntos?9517647,20180618000000,L, HTTP/1.1" 200 6820
186.103.159.46 - - [18/Jun/2018:10:40:46 -0300] "GET /cormun/servlet/trlicenciaspermisosadjuntos?9517647,20180618000000,L, HTTP/1.1" 200 6818
186.103.159.46 - - [18/Jun/2018:10:40:49 -0300] "GET /cormun/servlet/licenciaspermisosadjuntos?INS,9517647,L,20180618000000,, HTTP/1.1" 200 5629
186.103.159.46 - - [18/Jun/2018:10:40:49 -0300] "GET /cormun/static/about:blank HTTP/1.1" 404 1011
186.103.159.46 - - [18/Jun/2018:10:40:50 -0300] "GET /cormun/servlet/licenciaspermisosadjuntos?INS,9517647,L,20180618000000,, HTTP/1.1" 200 5618
192.168.10.58 - - [18/Jun/2018:10:40:56 -0300] "POST /cormun/servlet/trsolicitudgral?804a4d21d8371bf8f77a6ed7c616f7f3,,gx-no-cache=1529329055059 HTTP/1.1" 200 18210
192.168.10.58 - - [18/Jun/2018:10:40:57 -0300] "GET /cormun/static/Shared/jqueryui/images/ui-icons_82798d_256x240.png HTTP/1.1" 404 1089
192.168.10.58 - - [18/Jun/2018:10:40:57 -0300] "GET /cormun/static/Shared/jqueryui/images/ui-bg_highlight-soft_100_c6c2c8_1x100.png HTTP/1.1" 404 1117
192.168.10.58 - - [18/Jun/2018:10:40:57 -0300] "GET /cormun/static/Shared/jqueryui/images/ui-icons_8d78a5_256x240.png HTTP/1.1" 404 1089
192.168.10.58 - - [18/Jun/2018:10:40:57 -0300] "GET /cormun/static/Shared/jqueryui/images/ui-bg_flat_55_fafafa_40x100.png HTTP/1.1" 404 1097
186.103.159.46 - - [18/Jun/2018:10:40:59 -0300] "POST /cormun/servlet/licenciaspermisosadjuntos?78ea3369e9909df6c196f00ed0970d9c,INS,9517647,L,20180618000000,, HTTP/1.1" 200 116
186.103.159.46 - - [18/Jun/2018:10:40:59 -0300] "GET /cormun/servlet/hpexe_return? HTTP/1.1" 200 1037
186.103.159.46 - - [18/Jun/2018:10:41:00 -0300] "GET /cormun/servlet/trlicenciaspermisosadjuntos?9517647,20180618000000,L, HTTP/1.1" 200 6935
186.103.159.46 - - [18/Jun/2018:10:41:01 -0300] "GET /cormun/servlet/trlicenciaspermisosadjuntos?9517647,20180618000000,L, HTTP/1.1" 200 6936
192.168.10.58 - - [18/Jun/2018:10:41:02 -0300] "GET /cormun/servlet/trsolicitudgral? HTTP/1.1" 200 21173
192.168.10.58 - - [18/Jun/2018:10:41:03 -0300] "GET /cormun/servlet/trsolicitudgral? HTTP/1.1" 200 21173
192.168.10.58 - - [18/Jun/2018:10:41:07 -0300] "GET /cormun/servlet/trautorizarot? HTTP/1.1" 200 10097
192.168.10.58 - - [18/Jun/2018:10:41:07 -0300] "GET /cormun/servlet/trautorizarot? HTTP/1.1" 200 10096
186.103.159.46 - - [18/Jun/2018:10:41:08 -0300] "GET /cormun/servlet/trlicencias? HTTP/1.1" 200 12080
186.103.159.46 - - [18/Jun/2018:10:41:09 -0300] "GET /cormun/servlet/trlicencias? HTTP/1.1" 200 12085
192.168.10.58 - - [18/Jun/2018:10:41:12 -0300] "POST /cormun/servlet/trautorizarot?804a4d21d8371bf8f77a6ed7c616f7f3,,gx-no-cache=1529329071000 HTTP/1.1" 200 5370
192.168.10.58 - - [18/Jun/2018:10:41:15 -0300] "GET /cormun/servlet/trsolicitudgral? HTTP/1.1" 200 21173
192.168.10.58 - - [18/Jun/2018:10:41:16 -0300] "GET /cormun/servlet/trsolicitudgral? HTTP/1.1" 200 21173
186.103.159.46 - - [18/Jun/2018:10:41:33 -0300] "POST /cormun/servlet/trlicencias?78ea3369e9909df6c196f00ed0970d9c,,gx-no-cache=1529329226944 HTTP/1.1" 200 9345
186.103.159.46 - - [18/Jun/2018:10:41:33 -0300] "GET /cormun/static/Shared/jqueryui/images/ui-bg_highlight-soft_100_c6c2c8_1x100.png HTTP/1.1" 404 1117
186.103.159.46 - - [18/Jun/2018:10:41:33 -0300] "GET /cormun/static/Shared/jqueryui/images/ui-icons_82798d_256x240.png HTTP/1.1" 404 1089
186.103.159.46 - - [18/Jun/2018:10:41:33 -0300] "GET /cormun/static/Shared/jqueryui/images/ui-bg_flat_55_fafafa_40x100.png HTTP/1.1" 404 1097
186.103.159.46 - - [18/Jun/2018:10:41:33 -0300] "GET /cormun/static/Shared/jqueryui/images/ui-icons_8d78a5_256x240.png HTTP/1.1" 404 1089
186.103.159.204 - - [18/Jun/2018:10:42:05 -0300] "POST /cormun/servlet/trautorizarenuncias?c86ada423dd9e91b2ea05b7e0ff2d833,,gx-no-cache=1529329259221 HTTP/1.1" 200 5022
186.103.159.204 - - [18/Jun/2018:10:42:09 -0300] "POST /cormun/servlet/trautorizarenuncias?c86ada423dd9e91b2ea05b7e0ff2d833,,gx-no-cache=1529329262714 HTTP/1.1" 200 5023
186.103.159.204 - - [18/Jun/2018:10:42:09 -0300] "POST /cormun/servlet/trautorizarenuncias?c86ada423dd9e91b2ea05b7e0ff2d833,,gx-no-cache=1529329263034 HTTP/1.1" 200 5023
186.103.159.204 - - [18/Jun/2018:10:42:10 -0300] "GET /cormun/servlet/trrenunciasadjuntos?172,9288734, HTTP/1.1" 200 6583
186.103.159.204 - - [18/Jun/2018:10:42:11 -0300] "GET /cormun/servlet/trrenunciasadjuntos?172,9288734, HTTP/1.1" 200 6583
200.111.191.210 - - [18/Jun/2018:10:42:11 -0300] "GET /cormun/servlet/trlicencias? HTTP/1.1" 200 16129
200.111.191.210 - - [18/Jun/2018:10:42:12 -0300] "GET /cormun/servlet/trlicencias? HTTP/1.1" 200 16130
200.111.191.210 - - [18/Jun/2018:10:42:14 -0300] "GET /cormun/servlet/trlicenciaspermisosadjuntos?6214363,20180618000000,L, HTTP/1.1" 200 6544
190.163.3.174 - - [18/Jun/2018:10:42:14 -0300] "GET /cormun/servlet/hlogin HTTP/1.1" 200 1715
200.111.191.210 - - [18/Jun/2018:10:42:14 -0300] "GET /cormun/servlet/trlicenciaspermisosadjuntos?6214363,20180618000000,L, HTTP/1.1" 200 6545
190.163.3.174 - - [18/Jun/2018:10:42:14 -0300] "GET /cormun/servlet/hlogin HTTP/1.1" 200 1726
200.111.191.210 - - [18/Jun/2018:10:42:16 -0300] "GET /cormun/servlet/licenciaspermisosadjuntos?INS,6214363,L,20180618000000,, HTTP/1.1" 200 5846
200.111.191.210 - - [18/Jun/2018:10:42:16 -0300] "GET /cormun/static/about:blank HTTP/1.1" 404 1011
200.111.191.210 - - [18/Jun/2018:10:42:17 -0300] "GET /cormun/servlet/licenciaspermisosadjuntos?INS,6214363,L,20180618000000,, HTTP/1.1" 200 5835
186.103.159.204 - - [18/Jun/2018:10:42:17 -0300] "GET /cormun/servlet/renunciasadjuntos?INS,172,, HTTP/1.1" 200 5504
186.103.159.204 - - [18/Jun/2018:10:42:17 -0300] "GET /cormun/static/about:blank HTTP/1.1" 404 1011
186.103.159.204 - - [18/Jun/2018:10:42:17 -0300] "GET /cormun/servlet/renunciasadjuntos?INS,172,, HTTP/1.1" 200 5491
190.163.3.174 - - [18/Jun/2018:10:42:23 -0300] "POST /cormun/servlet/hlogin?e31be2121df00afd782ae7fec8170f63,gx-no-cache=1529329278930 HTTP/1.1" 200 446
200.111.191.210 - - [18/Jun/2018:10:42:29 -0300] "POST /cormun/servlet/licenciaspermisosadjuntos?67703311257fbcf71123f0a6e1931c5a,INS,6214363,L,20180618000000,, HTTP/1.1" 200 116
200.111.191.210 - - [18/Jun/2018:10:42:29 -0300] "GET /cormun/servlet/hpexe_return? HTTP/1.1" 200 1042
200.111.191.210 - - [18/Jun/2018:10:42:29 -0300] "GET /cormun/servlet/trlicenciaspermisosadjuntos?6214363,20180618000000,L, HTTP/1.1" 200 7032
200.111.191.210 - - [18/Jun/2018:10:42:30 -0300] "GET /cormun/servlet/trlicenciaspermisosadjuntos?6214363,20180618000000,L, HTTP/1.1" 200 7029
190.163.3.174 - - [18/Jun/2018:10:42:30 -0300] "POST /cormun/servlet/hlogin?e31be2121df00afd782ae7fec8170f63,gx-no-cache=1529329284974 HTTP/1.1" 200 90
190.163.3.174 - - [18/Jun/2018:10:42:30 -0300] "GET /cormun/servlet/hpexe_link HTTP/1.1" 200 947
190.163.3.174 - - [18/Jun/2018:10:42:30 -0300] "GET /cormun/servlet/hhome HTTP/1.1" 200 4349
190.163.3.174 - - [18/Jun/2018:10:42:31 -0300] "GET /cormun/servlet/hhome HTTP/1.1" 200 4345
200.111.191.210 - - [18/Jun/2018:10:42:31 -0300] "GET /cormun/PublicTempStorage/0724324971317.PDF HTTP/1.1" 200 645088
186.103.159.204 - - [18/Jun/2018:10:42:32 -0300] "POST /cormun/servlet/renunciasadjuntos?c86ada423dd9e91b2ea05b7e0ff2d833,INS,172,, HTTP/1.1" 200 116
186.103.159.204 - - [18/Jun/2018:10:42:32 -0300] "GET /cormun/servlet/hpexe_return? HTTP/1.1" 200 1020
186.103.159.204 - - [18/Jun/2018:10:42:33 -0300] "GET /cormun/servlet/trrenunciasadjuntos?172,9288734, HTTP/1.1" 200 6672
186.103.159.204 - - [18/Jun/2018:10:42:34 -0300] "GET /cormun/servlet/trrenunciasadjuntos?172,9288734, HTTP/1.1" 200 6668
200.111.191.210 - - [18/Jun/2018:10:42:34 -0300] "GET /cormun/servlet/trlicenciaspermisosadjuntos?6214363,20180618000000,L, HTTP/1.1" 200 7034
200.111.191.210 - - [18/Jun/2018:10:42:34 -0300] "GET /cormun/servlet/trlicenciaspermisosadjuntos?6214363,20180618000000,L, HTTP/1.1" 200 7029
200.111.191.210 - - [18/Jun/2018:10:42:38 -0300] "GET /cormun/servlet/trlicencias? HTTP/1.1" 200 16132
200.111.191.210 - - [18/Jun/2018:10:42:38 -0300] "GET /cormun/servlet/trlicencias? HTTP/1.1" 200 16127
200.111.191.210 - - [18/Jun/2018:10:42:39 -0300] "POST /cormun/servlet/trlicencias?67703311257fbcf71123f0a6e1931c5a,,gx-no-cache=1529329360463 HTTP/1.1" 200 13743
200.111.191.210 - - [18/Jun/2018:10:42:40 -0300] "GET /cormun/static/Shared/jqueryui/images/ui-bg_highlight-soft_100_c6c2c8_1x100.png HTTP/1.1" 404 1117
200.111.191.210 - - [18/Jun/2018:10:42:40 -0300] "GET /cormun/static/Shared/jqueryui/images/ui-icons_82798d_256x240.png HTTP/1.1" 404 1089
200.111.191.210 - - [18/Jun/2018:10:42:40 -0300] "GET /cormun/static/Shared/jqueryui/images/ui-bg_flat_55_fafafa_40x100.png HTTP/1.1" 404 1097
200.111.191.210 - - [18/Jun/2018:10:42:40 -0300] "GET /cormun/static/Shared/jqueryui/images/ui-icons_8d78a5_256x240.png HTTP/1.1" 404 1089
186.103.159.204 - - [18/Jun/2018:10:42:43 -0300] "GET /cormun/servlet/renunciasadjuntos?DLT,172,20180618092600, HTTP/1.1" 200 5543
186.103.159.204 - - [18/Jun/2018:10:42:43 -0300] "GET /cormun/static/Shared/jqueryui/images/ui-icons_82798d_256x240.png HTTP/1.1" 404 1089
186.103.159.204 - - [18/Jun/2018:10:42:43 -0300] "GET /cormun/static/Shared/jqueryui/images/ui-bg_highlight-soft_100_c6c2c8_1x100.png HTTP/1.1" 404 1117
186.103.159.204 - - [18/Jun/2018:10:42:43 -0300] "GET /cormun/static/Shared/jqueryui/images/ui-bg_flat_55_fafafa_40x100.png HTTP/1.1" 404 1097
186.103.159.204 - - [18/Jun/2018:10:42:43 -0300] "GET /cormun/static/Shared/jqueryui/images/ui-icons_8d78a5_256x240.png HTTP/1.1" 404 1089
186.103.159.204 - - [18/Jun/2018:10:42:44 -0300] "GET /cormun/servlet/renunciasadjuntos?DLT,172,20180618092600, HTTP/1.1" 200 5531
186.103.159.204 - - [18/Jun/2018:10:42:50 -0300] "POST /cormun/servlet/renunciasadjuntos?c86ada423dd9e91b2ea05b7e0ff2d833,DLT,172,20180618092600,,gx-no-cache=1529329303964 HTTP/1.1" 200 93
186.103.159.204 - - [18/Jun/2018:10:42:50 -0300] "GET /cormun/servlet/hpexe_return? HTTP/1.1" 200 1030
186.103.159.204 - - [18/Jun/2018:10:42:50 -0300] "GET /cormun/servlet/trrenunciasadjuntos?172,9288734, HTTP/1.1" 200 6586
186.103.159.204 - - [18/Jun/2018:10:42:51 -0300] "GET /cormun/servlet/trrenunciasadjuntos?172,9288734, HTTP/1.1" 200 6583
186.103.159.204 - - [18/Jun/2018:10:43:03 -0300] "GET /cormun/servlet/trautorizarenuncias? HTTP/1.1" 200 7753
186.103.159.204 - - [18/Jun/2018:10:43:03 -0300] "GET /cormun/servlet/trautorizarenuncias? HTTP/1.1" 200 7752
186.103.159.204 - - [18/Jun/2018:10:43:10 -0300] "POST /cormun/servlet/trautorizarenuncias?c86ada423dd9e91b2ea05b7e0ff2d833,,gx-no-cache=1529329323925 HTTP/1.1" 200 5021
186.103.159.204 - - [18/Jun/2018:10:43:10 -0300] "GET /cormun/static/Shared/jqueryui/images/ui-icons_82798d_256x240.png HTTP/1.1" 404 1089
186.103.159.204 - - [18/Jun/2018:10:43:10 -0300] "GET /cormun/static/Shared/jqueryui/images/ui-bg_highlight-soft_100_c6c2c8_1x100.png HTTP/1.1" 404 1117
186.103.159.204 - - [18/Jun/2018:10:43:10 -0300] "GET /cormun/static/Shared/jqueryui/images/ui-bg_flat_55_fafafa_40x100.png HTTP/1.1" 404 1097
186.103.159.204 - - [18/Jun/2018:10:43:10 -0300] "GET /cormun/static/Shared/jqueryui/images/ui-icons_8d78a5_256x240.png HTTP/1.1" 404 1089
186.103.159.204 - - [18/Jun/2018:10:43:11 -0300] "POST /cormun/servlet/trautorizarenuncias?c86ada423dd9e91b2ea05b7e0ff2d833,,gx-no-cache=1529329325351 HTTP/1.1" 200 5021
186.103.159.204 - - [18/Jun/2018:10:43:16 -0300] "POST /cormun/servlet/trautorizarenuncias?c86ada423dd9e91b2ea05b7e0ff2d833,,gx-no-cache=1529329330357 HTTP/1.1" 200 90
186.103.159.204 - - [18/Jun/2018:10:43:16 -0300] "GET /cormun/servlet/hpexe_link HTTP/1.1" 200 976
186.103.159.204 - - [18/Jun/2018:10:43:16 -0300] "GET /cormun/static/gxcfg.js?20177612121792 HTTP/1.1" 200 953
186.103.159.204 - - [18/Jun/2018:10:43:16 -0300] "GET /cormun/static/hpexe_link.js?20177612121795 HTTP/1.1" 200 625
186.103.159.204 - - [18/Jun/2018:10:43:17 -0300] "GET /cormun/servlet/trrenunciasadjuntos?172,9288734, HTTP/1.1" 200 6585
186.103.159.204 - - [18/Jun/2018:10:43:18 -0300] "GET /cormun/servlet/trrenunciasadjuntos?172,9288734, HTTP/1.1" 200 6583
186.103.159.204 - - [18/Jun/2018:10:43:28 -0300] "POST /cormun/servlet/trrenunciasadjuntos?c86ada423dd9e91b2ea05b7e0ff2d833,172,9288734,,gx-no-cache=1529329342028 HTTP/1.1" 200 90
186.103.159.204 - - [18/Jun/2018:10:43:28 -0300] "GET /cormun/servlet/hpexe_link HTTP/1.1" 200 968
186.103.159.204 - - [18/Jun/2018:10:43:28 -0300] "GET /cormun/servlet/trrenuncias HTTP/1.1" 200 7786
186.103.159.204 - - [18/Jun/2018:10:43:29 -0300] "GET /cormun/servlet/trrenuncias HTTP/1.1" 200 7785
186.103.159.204 - - [18/Jun/2018:10:43:40 -0300] "POST /cormun/servlet/trrenuncias?c86ada423dd9e91b2ea05b7e0ff2d833,gx-no-cache=1529329353991 HTTP/1.1" 200 4375
186.103.159.204 - - [18/Jun/2018:10:43:40 -0300] "GET /cormun/static/Shared/jqueryui/images/ui-bg_highlight-soft_100_c6c2c8_1x100.png HTTP/1.1" 404 1117
186.103.159.204 - - [18/Jun/2018:10:43:40 -0300] "GET /cormun/static/Shared/jqueryui/images/ui-icons_82798d_256x240.png HTTP/1.1" 404 1089
186.103.159.204 - - [18/Jun/2018:10:43:40 -0300] "GET /cormun/static/Shared/jqueryui/images/ui-bg_flat_55_fafafa_40x100.png HTTP/1.1" 404 1097
186.103.159.204 - - [18/Jun/2018:10:43:40 -0300] "GET /cormun/static/Shared/jqueryui/images/ui-icons_8d78a5_256x240.png HTTP/1.1" 404 1089
186.103.159.204 - - [18/Jun/2018:10:43:55 -0300] "GET /cormun/servlet/trautorizarenuncias? HTTP/1.1" 200 7763
186.103.159.204 - - [18/Jun/2018:10:43:56 -0300] "GET /cormun/servlet/trautorizarenuncias? HTTP/1.1" 200 7763
95.213.177.126 - - [18/Jun/2018:10:44:07 -0300] "CONNECT check.proxyradar.com:80 HTTP/1.1" 400 -
186.103.159.204 - - [18/Jun/2018:10:44:16 -0300] "POST /cormun/servlet/trautorizarenuncias?c86ada423dd9e91b2ea05b7e0ff2d833,,gx-no-cache=1529329389956 HTTP/1.1" 200 5011
186.103.159.204 - - [18/Jun/2018:10:44:16 -0300] "GET /cormun/static/Shared/jqueryui/images/ui-bg_highlight-soft_100_c6c2c8_1x100.png HTTP/1.1" 404 1117
186.103.159.204 - - [18/Jun/2018:10:44:16 -0300] "GET /cormun/static/Shared/jqueryui/images/ui-icons_82798d_256x240.png HTTP/1.1" 404 1089
186.103.159.204 - - [18/Jun/2018:10:44:16 -0300] "GET /cormun/static/Shared/jqueryui/images/ui-bg_flat_55_fafafa_40x100.png HTTP/1.1" 404 1097
186.103.159.204 - - [18/Jun/2018:10:44:16 -0300] "GET /cormun/static/Shared/jqueryui/images/ui-icons_8d78a5_256x240.png HTTP/1.1" 404 1089
186.79.162.3 - - [18/Jun/2018:10:44:28 -0300] "GET /cormun/servlet/licenciaspermisos?23efea22a71f917876303214668558ff668177183a372fede57804b75fff98b4aa0e0105001923fff5f20cf20f4755762a3ed2bdf1e8e52b41472709480e357174ed77f02a8fd0d176409e0c4cc025855f96e16aa95e7899e7e2ea26c07fde8cb6406e9ded5fc5c96cef42a5b39a3a5dad95c1b09ceaa0f039965165f56212666528992c347d2732a9c0551dd29d3dadcd25a6eeb2310fb3c22171a00c4f0e48c67196c061b4e76008b1692841dc78b81ac0810f4a0b44b24596dbd4b81820c9a6973cd2b237d404836ce688c2ad6886808ead771f6c44dd10f1d62031d8344e,gx-no-cache=1529329403445 HTTP/1.1" 200 30
186.79.162.3 - - [18/Jun/2018:10:44:28 -0300] "GET /cormun/servlet/licenciaspermisos?23efea22a71f917876303214668558ff16df6f673ce399d5e96dbb6008927f9795a1e016b4d098340eadb5de6afc3bbbd798476c0837c39825507f20c7ec0082507570547aca7e3ce71141d0488c698935e867fb9f0b69da83366045a4d31825ca18b0b0f9dd44271649ece89bfc2d465a74c0e24c3b3c68107ab2638454be565675082417ea6a41c61f4fdc048e8803fc13768432512894605e38ba57a6933a8abeef41846cc302593e3f803ed2b9c6afc7531b98ecf8e948a75444f28745872d83d0f00105d868d944c12edd1cb06ddfdc7d5d00cd04edd39a4c9e785cbac4,gx-no-cache=1529329403626 HTTP/1.1" 200 29
186.79.162.3 - - [18/Jun/2018:10:44:29 -0300] "POST /cormun/servlet/licenciaspermisos?9740028d416abee3807c57e638eff397,INS,0,,,,gx-no-cache=1529329403717 HTTP/1.1" 200 93
186.79.162.3 - - [18/Jun/2018:10:44:29 -0300] "GET /cormun/servlet/hpexe_return? HTTP/1.1" 200 1006
186.79.162.3 - - [18/Jun/2018:10:44:30 -0300] "GET /cormun/servlet/trlicencias HTTP/1.1" 200 10591
186.79.162.3 - - [18/Jun/2018:10:44:31 -0300] "GET /cormun/servlet/trlicencias HTTP/1.1" 200 10586
186.79.162.3 - - [18/Jun/2018:10:44:35 -0300] "GET /cormun/servlet/trlicenciaspermisosadjuntos?18309935,20180618000000,L, HTTP/1.1" 200 6270
186.79.162.3 - - [18/Jun/2018:10:44:35 -0300] "GET /cormun/static/gxcfg.js?20177612163414 HTTP/1.1" 304 -
186.79.162.3 - - [18/Jun/2018:10:44:36 -0300] "GET /cormun/servlet/trlicenciaspermisosadjuntos?18309935,20180618000000,L, HTTP/1.1" 200 6271
186.79.162.3 - - [18/Jun/2018:10:44:39 -0300] "GET /cormun/servlet/licenciaspermisosadjuntos?INS,18309935,L,20180618000000,, HTTP/1.1" 200 5567
186.79.162.3 - - [18/Jun/2018:10:44:39 -0300] "GET /cormun/static/about:blank HTTP/1.1" 404 1011
186.79.162.3 - - [18/Jun/2018:10:44:39 -0300] "GET /cormun/servlet/licenciaspermisosadjuntos?INS,18309935,L,20180618000000,, HTTP/1.1" 200 5556
186.79.162.3 - - [18/Jun/2018:10:45:45 -0300] "POST /cormun/servlet/licenciaspermisosadjuntos?9740028d416abee3807c57e638eff397,INS,18309935,L,20180618000000,, HTTP/1.1" 200 116
186.79.162.3 - - [18/Jun/2018:10:45:45 -0300] "GET /cormun/servlet/hpexe_return? HTTP/1.1" 200 1036
186.79.162.3 - - [18/Jun/2018:10:45:45 -0300] "GET /cormun/servlet/trlicenciaspermisosadjuntos?18309935,20180618000000,L, HTTP/1.1" 200 6750
186.79.162.3 - - [18/Jun/2018:10:45:46 -0300] "GET /cormun/servlet/trlicenciaspermisosadjuntos?18309935,20180618000000,L, HTTP/1.1" 200 6747
209.126.136.4 - - [18/Jun/2018:10:46:10 -0300] "GET / HTTP/1.1" 200 11217
200.54.247.70 - - [18/Jun/2018:10:53:38 -0300] "GET /cormun/servlet/hlogin HTTP/1.1" 200 1728
200.54.247.70 - - [18/Jun/2018:10:53:39 -0300] "GET /cormun/servlet/hlogin HTTP/1.1" 200 1731
200.54.247.70 - - [18/Jun/2018:10:53:47 -0300] "POST /cormun/servlet/hlogin?f341813f0dce7aa8f18cb549f30f81d4,gx-no-cache=1529329965391 HTTP/1.1" 200 446
200.54.247.70 - - [18/Jun/2018:10:53:52 -0300] "POST /cormun/servlet/hlogin?f341813f0dce7aa8f18cb549f30f81d4,gx-no-cache=1529329969769 HTTP/1.1" 200 90
200.54.247.70 - - [18/Jun/2018:10:53:52 -0300] "GET /cormun/servlet/hpexe_link HTTP/1.1" 200 953
200.54.247.70 - - [18/Jun/2018:10:53:52 -0300] "GET /cormun/servlet/hhome HTTP/1.1" 200 4236
200.54.247.70 - - [18/Jun/2018:10:53:52 -0300] "GET /cormun/servlet/hhome HTTP/1.1" 200 4233
200.54.247.70 - - [18/Jun/2018:10:53:56 -0300] "GET /cormun/servlet/trsolicitudot? HTTP/1.1" 200 7452
200.54.247.70 - - [18/Jun/2018:10:53:56 -0300] "GET /cormun/servlet/trsolicitudot? HTTP/1.1" 200 7451
200.54.247.70 - - [18/Jun/2018:10:54:04 -0300] "GET /cormun/servlet/solicitudot?INS,0,0, HTTP/1.1" 200 13689
200.54.247.70 - - [18/Jun/2018:10:54:05 -0300] "GET /cormun/servlet/solicitudot?INS,0,0, HTTP/1.1" 200 13694
200.54.247.70 - - [18/Jun/2018:10:56:22 -0300] "POST /cormun/servlet/solicitudot?gx-no-cache=1529330119745 HTTP/1.1" 200 3295
200.54.247.70 - - [18/Jun/2018:10:56:22 -0300] "POST /cormun/servlet/solicitudot?f341813f0dce7aa8f18cb549f30f81d4,INS,0,0,,gx-no-cache=1529330120013 HTTP/1.1" 200 10457
200.54.247.70 - - [18/Jun/2018:10:56:24 -0300] "GET /cormun/servlet/solicitudot?7f63321a4ab792eea4274f1648735b54ea044ef646ff30799c08f2635957c3b0154cd246f55feff9c807facce7ba0010,gx-no-cache=1529330122417 HTTP/1.1" 200 30
200.54.247.70 - - [18/Jun/2018:10:58:16 -0300] "POST /cormun/servlet/solicitudot?f341813f0dce7aa8f18cb549f30f81d4,INS,0,0,,gx-no-cache=1529330233716 HTTP/1.1" 200 10609
200.54.247.70 - - [18/Jun/2018:10:58:16 -0300] "GET /cormun/static/Shared/jqueryui/images/ui-bg_highlight-soft_100_c6c2c8_1x100.png HTTP/1.1" 404 1117
200.54.247.70 - - [18/Jun/2018:10:58:16 -0300] "GET /cormun/static/Shared/jqueryui/images/ui-icons_82798d_256x240.png HTTP/1.1" 404 1089
200.54.247.70 - - [18/Jun/2018:10:58:16 -0300] "GET /cormun/static/Shared/jqueryui/images/ui-bg_flat_55_fafafa_40x100.png HTTP/1.1" 404 1097
200.54.247.70 - - [18/Jun/2018:10:58:16 -0300] "GET /cormun/static/Shared/jqueryui/images/ui-icons_8d78a5_256x240.png HTTP/1.1" 404 1089
200.54.247.70 - - [18/Jun/2018:10:58:19 -0300] "GET /cormun/servlet/solicitudot?7f63321a4ab792eea4274f1648735b54ea044ef646ff30799c08f2635957c3b09cd4ebb075d7387aa950e1c0a92899d3,gx-no-cache=1529330237467 HTTP/1.1" 200 30
200.54.247.70 - - [18/Jun/2018:10:58:19 -0300] "GET /cormun/servlet/solicitudot?7f63321a4ab792eea4274f1648735b549c0f01dcc8379b98a4ec0a3584249b89d81bb59a2ec65f4bf585dea8f1b0e4cc,gx-no-cache=1529330237508 HTTP/1.1" 200 30
200.54.247.70 - - [18/Jun/2018:10:58:19 -0300] "GET /cormun/servlet/solicitudot?7f63321a4ab792eea4274f1648735b54c4cd319e63ed50ce3b29898d2bd943ce,gx-no-cache=1529330237537 HTTP/1.1" 200 29
200.54.247.70 - - [18/Jun/2018:10:58:21 -0300] "POST /cormun/servlet/solicitudot?gx-no-cache=1529330239302 HTTP/1.1" 200 255
200.54.247.70 - - [18/Jun/2018:10:58:25 -0300] "GET /cormun/servlet/solicitudot?7f63321a4ab792eea4274f1648735b547228e4fcad1c3b8e6d146eeb8ac1ad07644501a05f6072ad6bdb5e62ab283882b2fc5e6dc152cf9ceeca546bc4f0e917206d6afa4632239bc2a8a9e9893ac9a2021f48ea6bc4c562f42c1029ffdc1dffed0707832671d240d26258b041d8ac72d5f5be5384f5f7c3126f91ce83cc1c3fdafa4ca09c4253771c58cccfbb8d2421050476feea0386af712e806cc10af20f720e3452253ff9d6844b82d5aff4ce7f7b2962aee8416cfef77700a7ea050fe6e67325a9b67c35938c30d09d031909ff4c7b6b603502e56a8e676a24b8aff0741d5053bf603ee4fb3e9bff57c4bdfbac235ff7241494dcb6e836cb83d5f1078233061b18fa4575b381e0861b3ad0c1d5bf6e80e178015e20ac6a220d376dd04fb7f4037b9c9d86471e17cde5acb88fb1e64a80d8d1346ae813f43541c1727ed01af99762d6de9f13e8ae3dbcfbf942deea8d1b17092dd6da2e1e63fa76ba4579c1577daca75edf1680850978167867588a88e6010ec5dbda8627cedbc5624353,gx-no-cache=1529330243089 HTTP/1.1" 200 30
200.54.247.70 - - [18/Jun/2018:10:59:04 -0300] "POST /cormun/servlet/solicitudot?gx-no-cache=1529330282217 HTTP/1.1" 200 240
200.54.247.70 - - [18/Jun/2018:10:59:05 -0300] "GET /cormun/servlet/solicitudot?7f63321a4ab792eea4274f1648735b547228e4fcad1c3b8e6d146eeb8ac1ad07b769e5ec4614cdda98baf66193307179b2fc5e6dc152cf9ceeca546bc4f0e917206d6afa4632239bc2a8a9e9893ac9a2021f48ea6bc4c562f42c1029ffdc1dffed0707832671d240d26258b041d8ac72d5f5be5384f5f7c3126f91ce83cc1c3fdafa4ca09c4253771c58cccfbb8d2421050476feea0386af712e806cc10af20f720e3452253ff9d6844b82d5aff4ce7f7b2962aee8416cfef77700a7ea050fe6e67325a9b67c35938c30d09d031909ff4c7b6b603502e56a8e676a24b8aff0741d5053bf603ee4fb3e9bff57c4bdfbac235ff7241494dcb6e836cb83d5f1078233061b18fa4575b381e0861b3ad0c1d50b20b295c8459c8351f1e56563df95e74d6bfdb2e4302dcdefa738a69020d3f6846d33f1e2756d187de93b0c24837ee00ecd4d4eed843b8ae590f5bff65c09bc70d74e7c7c0b54dfbdb2e1b2aa8fc0115bab4a46a41bb529ac06cd8f645ab6c4b22b767417a061d837f7955c2372a44d,gx-no-cache=1529330283012 HTTP/1.1" 200 30
200.54.247.70 - - [18/Jun/2018:10:59:12 -0300] "POST /cormun/servlet/solicitudot?gx-no-cache=1529330290197 HTTP/1.1" 200 30
200.54.247.70 - - [18/Jun/2018:10:59:15 -0300] "GET /cormun/servlet/prfichaempleado?,MD,,gxPopupLevel%3D0%3B HTTP/1.1" 200 9397
200.54.247.70 - - [18/Jun/2018:10:59:21 -0300] "POST /cormun/servlet/prfichaempleado?f341813f0dce7aa8f18cb549f30f81d4,,MD,,gxPopupLevel%3D0%3B,gx-no-cache=1529330299448 HTTP/1.1" 200 4548
200.54.247.70 - - [18/Jun/2018:10:59:30 -0300] "POST /cormun/servlet/solicitudot?gx-no-cache=1529330308528 HTTP/1.1" 200 1368
200.54.247.70 - - [18/Jun/2018:11:00:12 -0300] "GET /cormun/servlet/hlogin HTTP/1.1" 200 1710
200.54.247.70 - - [18/Jun/2018:11:00:12 -0300] "GET /cormun/static/Resources/Spanish/PXTools.css?11423723 HTTP/1.1" 304 -
200.54.247.70 - - [18/Jun/2018:11:00:12 -0300] "GET /cormun/static/gxtimezone.js?85251 HTTP/1.1" 304 -
200.54.247.70 - - [18/Jun/2018:11:00:12 -0300] "GET /cormun/static/gxgral.js?85251 HTTP/1.1" 304 -
200.54.247.70 - - [18/Jun/2018:11:00:12 -0300] "GET /cormun/static/Resources/ComunLogin.png HTTP/1.1" 304 -
200.54.247.70 - - [18/Jun/2018:11:00:12 -0300] "GET /cormun/static/gxcfg.js?20175251213516 HTTP/1.1" 304 -
200.54.247.70 - - [18/Jun/2018:11:00:12 -0300] "GET /cormun/static/messages.spa.js?85251 HTTP/1.1" 304 -
200.54.247.70 - - [18/Jun/2018:11:00:12 -0300] "GET /cormun/static/hlogin.js?20175251213537 HTTP/1.1" 304 -
200.54.247.70 - - [18/Jun/2018:11:00:12 -0300] "GET /cormun/static/Resources/indicator.gif HTTP/1.1" 304 -
200.54.247.70 - - [18/Jun/2018:11:00:12 -0300] "GET /cormun/servlet/hlogin HTTP/1.1" 200 1721
200.54.247.70 - - [18/Jun/2018:11:00:12 -0300] "GET /cormun/static/Resources/PXToolsLoginBackground.png HTTP/1.1" 304 -
200.54.247.70 - - [18/Jun/2018:11:00:12 -0300] "GET /cormun/static/Resources/PXToolsButtonLeft21.png HTTP/1.1" 304 -
200.54.247.70 - - [18/Jun/2018:11:00:12 -0300] "GET /cormun/static/Resources/PXToolsButtonBackground2.png HTTP/1.1" 304 -
200.54.247.70 - - [18/Jun/2018:11:00:12 -0300] "GET /cormun/static/Resources/PXToolsButtonRight21.png HTTP/1.1" 304 -
200.54.247.70 - - [18/Jun/2018:11:00:12 -0300] "GET /cormun/static/Resources/PXToolsLoginTop.png HTTP/1.1" 304 -
200.54.247.70 - - [18/Jun/2018:11:00:12 -0300] "GET /cormun/static/Resources/PXToolsLoginBottom.png HTTP/1.1" 304 -
200.54.247.70 - - [18/Jun/2018:11:00:31 -0300] "POST /cormun/servlet/hlogin?40bfaba494ffbe094532fd945a583cc6,gx-no-cache=1529330369692 HTTP/1.1" 200 90
200.54.247.70 - - [18/Jun/2018:11:00:31 -0300] "GET /cormun/servlet/hpexe_link HTTP/1.1" 200 943
200.54.247.70 - - [18/Jun/2018:11:00:31 -0300] "GET /cormun/static/gxcfg.js?20177612121792 HTTP/1.1" 304 -
200.54.247.70 - - [18/Jun/2018:11:00:32 -0300] "GET /cormun/servlet/hhome HTTP/1.1" 200 4226
200.54.247.70 - - [18/Jun/2018:11:00:32 -0300] "GET /cormun/static/gxcfg.js?20175251212442 HTTP/1.1" 304 -
200.54.247.70 - - [18/Jun/2018:11:00:35 -0300] "GET /cormun/servlet/trlicencias? HTTP/1.1" 200 16248
200.54.247.70 - - [18/Jun/2018:11:00:36 -0300] "GET /cormun/static/gxcfg.js?20176272054169 HTTP/1.1" 304 -
200.54.247.70 - - [18/Jun/2018:11:00:36 -0300] "GET /cormun/static/calendar.js?85251 HTTP/1.1" 304 -
200.54.247.70 - - [18/Jun/2018:11:00:36 -0300] "GET /cormun/static/calendar-setup.js?85251 HTTP/1.1" 304 -
200.54.247.70 - - [18/Jun/2018:11:00:36 -0300] "GET /cormun/static/calendar-es.js?85251 HTTP/1.1" 304 -
200.54.247.70 - - [18/Jun/2018:11:00:36 -0300] "GET /cormun/static/gxdec.js?85251 HTTP/1.1" 304 -
200.54.247.70 - - [18/Jun/2018:11:01:11 -0300] "POST /cormun/servlet/solicitudot?gx-no-cache=1529330409398 HTTP/1.1" 200 118
200.54.247.70 - - [18/Jun/2018:11:01:11 -0300] "GET /cormun/static/Shared/jqueryui/images/ui-bg_flat_55_994d53_40x100.png HTTP/1.1" 404 1097
200.54.247.70 - - [18/Jun/2018:11:01:11 -0300] "GET /cormun/static/Shared/jqueryui/images/ui-icons_ebccce_256x240.png HTTP/1.1" 404 1089
200.54.247.70 - - [18/Jun/2018:11:01:17 -0300] "GET /cormun/static/menuarrow.gif HTTP/1.1" 404 1015
200.54.247.70 - - [18/Jun/2018:11:01:20 -0300] "POST /cormun/servlet/solicitudot?gx-no-cache=1529330418101 HTTP/1.1" 200 118
200.54.247.70 - - [18/Jun/2018:11:01:43 -0300] "POST /cormun/servlet/solicitudot?gx-no-cache=1529330441763 HTTP/1.1" 200 118
200.54.247.70 - - [18/Jun/2018:11:02:01 -0300] "GET /cormun/servlet/licenciaspermisos?DSP,16881035,L,20180613000000, HTTP/1.1" 200 7350
200.54.247.70 - - [18/Jun/2018:11:02:16 -0300] "POST /cormun/servlet/solicitudot?gx-no-cache=1529330474234 HTTP/1.1" 200 118
200.54.247.70 - - [18/Jun/2018:11:02:16 -0300] "GET /cormun/servlet/solicitudot?7f63321a4ab792eea4274f1648735b544bedc4d31b256eddd49041ab661f250259ceac699e8a700ce6cf9bbe2f8f571adf61cb71b86d246af70900d09cc25ea888ddbb324bfd6caf3685785823fc78914bea3c75833f7138848f2f47e7a6082b6c46b1327369e18286c589faa4362384,gx-no-cache=1529330474289 HTTP/1.1" 200 29
200.54.247.70 - - [18/Jun/2018:11:02:16 -0300] "POST /cormun/servlet/solicitudot?gx-no-cache=1529330474343 HTTP/1.1" 200 1351
200.54.247.70 - - [18/Jun/2018:11:02:16 -0300] "POST /cormun/servlet/solicitudot?gx-no-cache=1529330474417 HTTP/1.1" 200 1249
200.54.247.70 - - [18/Jun/2018:11:02:38 -0300] "POST /cormun/servlet/solicitudot?gx-no-cache=1529330495926 HTTP/1.1" 200 1351
200.54.247.70 - - [18/Jun/2018:11:02:38 -0300] "POST /cormun/servlet/solicitudot?gx-no-cache=1529330496202 HTTP/1.1" 200 1249
200.54.247.70 - - [18/Jun/2018:11:02:41 -0300] "POST /cormun/servlet/solicitudot?gx-no-cache=1529330499795 HTTP/1.1" 200 1351
200.54.247.70 - - [18/Jun/2018:11:02:42 -0300] "POST /cormun/servlet/solicitudot?gx-no-cache=1529330499845 HTTP/1.1" 200 1249
200.54.247.70 - - [18/Jun/2018:11:02:44 -0300] "GET /cormun/servlet/solicitudot?7f63321a4ab792eea4274f1648735b54dd8e1833b17eacddde93e70e0df85b1de7641d3abf9124ce962e77d5be83d726,gx-no-cache=1529330502490 HTTP/1.1" 200 30
200.54.247.70 - - [18/Jun/2018:11:03:04 -0300] "POST /cormun/servlet/solicitudot?gx-no-cache=1529330522318 HTTP/1.1" 200 41
200.54.247.70 - - [18/Jun/2018:11:03:04 -0300] "POST /cormun/servlet/solicitudot?gx-no-cache=1529330522349 HTTP/1.1" 200 1351
200.54.247.70 - - [18/Jun/2018:11:03:04 -0300] "POST /cormun/servlet/solicitudot?gx-no-cache=1529330522407 HTTP/1.1" 200 1249
200.54.247.70 - - [18/Jun/2018:11:03:19 -0300] "POST /cormun/servlet/solicitudot?gx-no-cache=1529330536907 HTTP/1.1" 200 1351
200.54.247.70 - - [18/Jun/2018:11:03:19 -0300] "POST /cormun/servlet/solicitudot?gx-no-cache=1529330536983 HTTP/1.1" 200 1249
200.54.247.70 - - [18/Jun/2018:11:03:20 -0300] "POST /cormun/servlet/solicitudot?gx-no-cache=1529330538428 HTTP/1.1" 200 34
186.79.162.3 - - [18/Jun/2018:11:03:42 -0300] "GET /cormun/servlet/hlogin HTTP/1.1" 200 1720
186.79.162.3 - - [18/Jun/2018:11:03:45 -0300] "POST /cormun/servlet/hlogin?6cff6b3f6501b6b6e3c7d7197171b92c,gx-no-cache=1529330559662 HTTP/1.1" 200 90
186.79.162.3 - - [18/Jun/2018:11:03:45 -0300] "GET /cormun/servlet/hpexe_link HTTP/1.1" 200 950
186.79.162.3 - - [18/Jun/2018:11:03:45 -0300] "GET /cormun/servlet/hhome HTTP/1.1" 200 3927
186.79.162.3 - - [18/Jun/2018:11:03:46 -0300] "GET /cormun/servlet/hhome HTTP/1.1" 200 3924
186.79.162.3 - - [18/Jun/2018:11:03:51 -0300] "GET /cormun/servlet/trlicencias? HTTP/1.1" 200 10596
186.79.162.3 - - [18/Jun/2018:11:03:52 -0300] "GET /cormun/servlet/trlicencias? HTTP/1.1" 200 10594
186.79.162.3 - - [18/Jun/2018:11:03:58 -0300] "GET /cormun/servlet/alicenciaprn?18309935,L,20180618000000,PU HTTP/1.1" 200 1565
186.103.157.235 - - [18/Jun/2018:11:05:48 -0300] "GET /cormun/servlet/hlogin HTTP/1.1" 200 1721
186.103.157.235 - - [18/Jun/2018:11:05:49 -0300] "GET /cormun/servlet/hlogin HTTP/1.1" 200 1721
186.103.157.235 - - [18/Jun/2018:11:05:50 -0300] "GET /cormun/servlet/hlogin HTTP/1.1" 200 1732
186.103.157.235 - - [18/Jun/2018:11:06:04 -0300] "POST /cormun/servlet/hlogin?d77cce33343a949441f02dbc8e4febbf,gx-no-cache=1529330698808 HTTP/1.1" 200 90
186.103.157.235 - - [18/Jun/2018:11:06:04 -0300] "GET /cormun/servlet/hpexe_link HTTP/1.1" 200 951
186.103.157.235 - - [18/Jun/2018:11:06:04 -0300] "GET /cormun/servlet/hhome HTTP/1.1" 200 4226
186.103.157.235 - - [18/Jun/2018:11:06:08 -0300] "GET /cormun/servlet/hhome HTTP/1.1" 200 4222
