186.79.139.86 - - [11/Jun/2018:09:20:53 -0300] "GET /cormun/static/hmpwkw03.js?20177612122668 HTTP/1.1" 304 -
186.79.139.86 - - [11/Jun/2018:09:20:53 -0300] "GET /cormun/servlet/hlogin HTTP/1.1" 200 1744
190.46.88.10 - - [11/Jun/2018:09:20:53 -0300] "GET /cormun/static/hlogin.js?20175251213537 HTTP/1.1" 304 -
186.79.139.86 - - [11/Jun/2018:09:20:53 -0300] "GET /cormun/servlet/trautorizarsolicitud? HTTP/1.1" 200 6308
186.79.139.86 - - [11/Jun/2018:09:20:53 -0300] "GET /cormun/static/Resources/Spanish/PXTools.css?11423723 HTTP/1.1" 304 -
187.144.237.59 - - [11/Jun/2018:09:21:10 -0300] "GET / HTTP/1.1" 200 11217
187.144.237.59 - - [11/Jun/2018:09:21:10 -0300] "GET / HTTP/1.1" 200 11217
200.54.247.70 - - [11/Jun/2018:09:21:20 -0300] "GET /cormun/servlet/trvisualizadoreventos? HTTP/1.1" 200 6994
200.54.247.70 - - [11/Jun/2018:09:21:21 -0300] "GET /cormun/servlet/trvisualizadoreventos? HTTP/1.1" 200 6994
200.54.247.70 - - [11/Jun/2018:09:21:26 -0300] "POST /cormun/servlet/trvisualizadoreventos?c4a040fac23177ed9a8c4e672c62e9f4,,gx-no-cache=1528719623992 HTTP/1.1" 200 4565
200.54.247.70 - - [11/Jun/2018:09:21:32 -0300] "GET /cormun/servlet/trautorizarsolicitud? HTTP/1.1" 200 11184
200.54.247.70 - - [11/Jun/2018:09:21:33 -0300] "GET /cormun/servlet/trautorizarsolicitud? HTTP/1.1" 200 11184
192.168.10.96 - - [11/Jun/2018:09:21:47 -0300] "POST /cormun/servlet/trsolicitudgral?145f682353f41256b333adf89b83b0e8,,gx-no-cache=1528719509637 HTTP/1.1" 200 9701
192.168.10.96 - - [11/Jun/2018:09:21:48 -0300] "GET /cormun/servlet/trsolicitudgral? HTTP/1.1" 200 12938
192.168.10.96 - - [11/Jun/2018:09:21:49 -0300] "GET /cormun/servlet/trsolicitudgral? HTTP/1.1" 200 12938
200.54.247.70 - - [11/Jun/2018:09:22:41 -0300] "GET /cormun/servlet/trlicencias? HTTP/1.1" 200 15401
200.54.247.70 - - [11/Jun/2018:09:22:43 -0300] "GET /cormun/servlet/trlicencias? HTTP/1.1" 200 15386
192.168.10.96 - - [11/Jun/2018:09:22:45 -0300] "GET /cormun/servlet/trlicenciasgenerales? HTTP/1.1" 200 12913
192.168.10.96 - - [11/Jun/2018:09:22:46 -0300] "GET /cormun/servlet/trlicenciasgenerales? HTTP/1.1" 200 12906
200.54.247.70 - - [11/Jun/2018:09:22:49 -0300] "GET /cormun/servlet/licenciaspermisos?DSP,18302712,L,20180606000000, HTTP/1.1" 200 7341
200.54.247.70 - - [11/Jun/2018:09:22:50 -0300] "GET /cormun/servlet/licenciaspermisos?DSP,18302712,L,20180606000000, HTTP/1.1" 200 7340
200.54.247.70 - - [11/Jun/2018:09:23:14 -0300] "GET /cormun/servlet/trlicencias? HTTP/1.1" 200 15393
200.54.247.70 - - [11/Jun/2018:09:23:15 -0300] "GET /cormun/servlet/trlicencias? HTTP/1.1" 200 15374
200.54.247.70 - - [11/Jun/2018:09:23:29 -0300] "GET /cormun/servlet/trsolicitudot? HTTP/1.1" 200 7453
200.54.247.70 - - [11/Jun/2018:09:23:30 -0300] "GET /cormun/servlet/trsolicitudot? HTTP/1.1" 200 7453
200.54.247.70 - - [11/Jun/2018:09:23:34 -0300] "GET /cormun/servlet/solicitudot?INS,0,0, HTTP/1.1" 200 13689
200.54.247.70 - - [11/Jun/2018:09:23:34 -0300] "GET /cormun/servlet/solicitudot?INS,0,0, HTTP/1.1" 200 13694
200.54.247.70 - - [11/Jun/2018:09:23:45 -0300] "POST /cormun/servlet/solicitudot?gx-no-cache=1528719762648 HTTP/1.1" 200 3295
200.54.247.70 - - [11/Jun/2018:09:23:45 -0300] "POST /cormun/servlet/solicitudot?c4a040fac23177ed9a8c4e672c62e9f4,INS,0,0,,gx-no-cache=1528719763188 HTTP/1.1" 200 10460
200.54.247.70 - - [11/Jun/2018:09:23:46 -0300] "GET /cormun/servlet/solicitudot?c84b7098680c50a50da661504fba4c4d2edd7ae4dde6eef4d4bf2c0c5e025d072171f3f52fc9057bf72e6790bb985dc8,gx-no-cache=1528719764045 HTTP/1.1" 200 30
192.168.10.97 - - [11/Jun/2018:09:24:11 -0300] "GET /cormun/servlet/hlogin HTTP/1.1" 200 1726
192.168.10.97 - - [11/Jun/2018:09:24:11 -0300] "GET /cormun/static/gxcfg.js?20175251213516 HTTP/1.1" 304 -
192.168.10.97 - - [11/Jun/2018:09:24:11 -0300] "GET /cormun/static/messages.spa.js?85251 HTTP/1.1" 304 -
192.168.10.97 - - [11/Jun/2018:09:24:11 -0300] "GET /cormun/static/gxtimezone.js?85251 HTTP/1.1" 304 -
192.168.10.97 - - [11/Jun/2018:09:24:12 -0300] "GET /cormun/servlet/hlogin HTTP/1.1" 200 1731
192.168.10.97 - - [11/Jun/2018:09:24:14 -0300] "POST /cormun/servlet/hlogin?5692a4e48064b2eaa18c7926d86ea9d5,gx-no-cache=1528719657348 HTTP/1.1" 200 90
192.168.10.97 - - [11/Jun/2018:09:24:14 -0300] "GET /cormun/servlet/hpexe_link HTTP/1.1" 200 951
192.168.10.97 - - [11/Jun/2018:09:24:14 -0300] "GET /cormun/static/gxcfg.js?20177612121792 HTTP/1.1" 304 -
192.168.10.97 - - [11/Jun/2018:09:24:14 -0300] "GET /cormun/servlet/hhome HTTP/1.1" 200 4649
192.168.10.97 - - [11/Jun/2018:09:24:14 -0300] "GET /cormun/static/gxcfg.js?20175251212442 HTTP/1.1" 304 -
192.168.10.97 - - [11/Jun/2018:09:24:15 -0300] "GET /cormun/servlet/hhome HTTP/1.1" 200 4646
192.168.10.97 - - [11/Jun/2018:09:24:18 -0300] "GET /cormun/servlet/trsolicitudgral? HTTP/1.1" 200 10981
192.168.10.97 - - [11/Jun/2018:09:24:18 -0300] "GET /cormun/static/calendar.js?85251 HTTP/1.1" 304 -
192.168.10.97 - - [11/Jun/2018:09:24:18 -0300] "GET /cormun/static/calendar-setup.js?85251 HTTP/1.1" 304 -
192.168.10.97 - - [11/Jun/2018:09:24:18 -0300] "GET /cormun/static/calendar-es.js?85251 HTTP/1.1" 304 -
192.168.10.97 - - [11/Jun/2018:09:24:18 -0300] "GET /cormun/static/gxcfg.js?201813119461163 HTTP/1.1" 304 -
192.168.10.97 - - [11/Jun/2018:09:24:18 -0300] "GET /cormun/static/gxdec.js?85251 HTTP/1.1" 304 -
192.168.10.97 - - [11/Jun/2018:09:24:18 -0300] "GET /cormun/static/trsolicitudgral.js?201813119462015 HTTP/1.1" 304 -
192.168.10.97 - - [11/Jun/2018:09:24:18 -0300] "GET /cormun/servlet/trsolicitudgral? HTTP/1.1" 200 10979
192.168.10.97 - - [11/Jun/2018:09:24:30 -0300] "POST /cormun/servlet/trsolicitudgral?5692a4e48064b2eaa18c7926d86ea9d5,,gx-no-cache=1528719672904 HTTP/1.1" 200 5914
192.168.10.97 - - [11/Jun/2018:09:24:44 -0300] "POST /cormun/servlet/trsolicitudgral?5692a4e48064b2eaa18c7926d86ea9d5,,gx-no-cache=1528719686704 HTTP/1.1" 200 5915
192.168.10.97 - - [11/Jun/2018:09:24:50 -0300] "POST /cormun/servlet/trsolicitudgral?5692a4e48064b2eaa18c7926d86ea9d5,,gx-no-cache=1528719692983 HTTP/1.1" 200 5916
192.168.10.97 - - [11/Jun/2018:09:25:03 -0300] "POST /cormun/servlet/trsolicitudgral?5692a4e48064b2eaa18c7926d86ea9d5,,gx-no-cache=1528719705863 HTTP/1.1" 200 5916
200.54.247.70 - - [11/Jun/2018:09:25:07 -0300] "POST /cormun/servlet/solicitudot?c4a040fac23177ed9a8c4e672c62e9f4,INS,0,0,,gx-no-cache=1528719845164 HTTP/1.1" 200 10622
200.54.247.70 - - [11/Jun/2018:09:25:07 -0300] "GET /cormun/static/Shared/jqueryui/images/ui-bg_highlight-soft_100_c6c2c8_1x100.png HTTP/1.1" 404 1117
200.54.247.70 - - [11/Jun/2018:09:25:07 -0300] "GET /cormun/static/Shared/jqueryui/images/ui-icons_82798d_256x240.png HTTP/1.1" 404 1089
200.54.247.70 - - [11/Jun/2018:09:25:07 -0300] "GET /cormun/static/Shared/jqueryui/images/ui-bg_flat_55_fafafa_40x100.png HTTP/1.1" 404 1097
200.54.247.70 - - [11/Jun/2018:09:25:07 -0300] "GET /cormun/static/Shared/jqueryui/images/ui-icons_8d78a5_256x240.png HTTP/1.1" 404 1089
200.54.247.70 - - [11/Jun/2018:09:25:10 -0300] "GET /cormun/servlet/solicitudot?c84b7098680c50a50da661504fba4c4d2edd7ae4dde6eef4d4bf2c0c5e025d07018110b431c2dddf26d3c60f42854f41,gx-no-cache=1528719848474 HTTP/1.1" 200 30
200.54.247.70 - - [11/Jun/2018:09:25:10 -0300] "GET /cormun/servlet/solicitudot?c84b7098680c50a50da661504fba4c4d667298060e1154147b0e1e36f47c52874de1f5d303aa3b4bc89724159040010c,gx-no-cache=1528719848514 HTTP/1.1" 200 30
200.54.247.70 - - [11/Jun/2018:09:25:11 -0300] "GET /cormun/servlet/solicitudot?c84b7098680c50a50da661504fba4c4dfb5e956800123d863aa36437cf256b20,gx-no-cache=1528719848578 HTTP/1.1" 200 29
192.168.10.97 - - [11/Jun/2018:09:25:12 -0300] "POST /cormun/servlet/trsolicitudgral?5692a4e48064b2eaa18c7926d86ea9d5,,gx-no-cache=1528719715535 HTTP/1.1" 200 5914
200.54.247.70 - - [11/Jun/2018:09:25:13 -0300] "POST /cormun/servlet/solicitudot?gx-no-cache=1528719851179 HTTP/1.1" 200 240
200.54.247.70 - - [11/Jun/2018:09:25:15 -0300] "GET /cormun/servlet/solicitudot?c84b7098680c50a50da661504fba4c4dbb4bd563f03581640dd8e72d64bc799dc7274d2520a45f62b3919dcc5ae72719ee8f26278dbab689d2eb3ee73489bbce9854a4274097ff051e43c15c93706c801a10cd88a6515dd14beb98eed2d2fe49725ab5a59e1b21d643c9c72842e349a9282f1179a2a6d26228151b89bdcb2b37c1c7111a2275eaa926f7791b8b89ca7c2c09f75bfeb99146c3ebec76eb61068fbe627ee0b01f074d962ee1bddcb2643827a3051ee09859c7fffa15c7018da97f27a0dff1f10d1e72e8f47474fddde5233eb901425e21025459f7b08038a95e9dd76b5c56b7448317a0b940cc966753731f47c34c5dfb881224b514ead7898de13e8b28ba0e3891f073dc0db198e4fa22fa247236d73e6ed3236a6cff5c26efbd96c76c75a981ab3dd0e2a3ec310925e018ba5c1b0f77efdc5b29f0d3455c6e858eedcf5ecf6817b562d48c225eee0594e36ca212eeb1326b2e4af7e1227b459f401d1b84ea97ee6f561cdee1dc2476b8e8a38fc769ed178cbeea1c1f69c0ace1,gx-no-cache=1528719853196 HTTP/1.1" 200 30
192.168.10.97 - - [11/Jun/2018:09:25:21 -0300] "POST /cormun/servlet/trsolicitudgral?5692a4e48064b2eaa18c7926d86ea9d5,,gx-no-cache=1528719723856 HTTP/1.1" 200 5915
200.54.247.70 - - [11/Jun/2018:09:25:22 -0300] "POST /cormun/servlet/solicitudot?gx-no-cache=1528719859857 HTTP/1.1" 200 30
200.54.247.70 - - [11/Jun/2018:09:25:24 -0300] "GET /cormun/servlet/prcontratosol?17521965,,,,,MD,,gxPopupLevel%3D0%3B HTTP/1.1" 200 5738
200.54.247.70 - - [11/Jun/2018:09:25:26 -0300] "POST /cormun/servlet/solicitudot?gx-no-cache=1528719864426 HTTP/1.1" 200 1445
200.54.247.70 - - [11/Jun/2018:09:25:26 -0300] "GET /cormun/static/Shared/jqueryui/images/ui-icons_ebccce_256x240.png HTTP/1.1" 404 1089
200.54.247.70 - - [11/Jun/2018:09:25:26 -0300] "GET /cormun/static/Shared/jqueryui/images/ui-bg_flat_55_994d53_40x100.png HTTP/1.1" 404 1097
200.54.247.70 - - [11/Jun/2018:09:25:26 -0300] "POST /cormun/servlet/solicitudot?gx-no-cache=1528719864520 HTTP/1.1" 200 117
200.54.247.70 - - [11/Jun/2018:09:25:27 -0300] "GET /cormun/servlet/solicitudot?c84b7098680c50a50da661504fba4c4d0a80c7ee96e09bb397bb220b70168b78ccfe8ccd879b6f552747e72d3600149db6c2309eba4436e4ed20280fdc662e1695423cda127a1c9319398bf358f4a69fe2f125216dcde2728125f43ec32e7c7dc89f2b1b4e8e2f765e4d6f1192d99e8d,gx-no-cache=1528719864583 HTTP/1.1" 200 29
200.54.247.70 - - [11/Jun/2018:09:25:27 -0300] "GET /cormun/servlet/solicitudot?c84b7098680c50a50da661504fba4c4d97fec4e17eeea1c642dec4429b81df0323b1ddb31b82d5683d7902794b22d1e2abda4910f341593d886a36183dbe50c5932da7d6afa61bf1adfa3d6f2f78b1eb3e2b71cca37d738f304ab89f2edc4891abc61cf68ac15d52dd4c48c4eea589b9528715dc6f6c7f5c8492758fb251c3b7358ade218f8969ca542d94f8976f820d3df275bc63ca71118315faa4c3bd127728d418e1b91b18b16d0df32cf5009523e4d11ae6dc3c75c10a24deeea7ef8592,gx-no-cache=1528719864640 HTTP/1.1" 200 62
200.54.247.70 - - [11/Jun/2018:09:25:27 -0300] "GET /cormun/servlet/solicitudot?494b40161837d2a6f44f09f5fc37978c0f7898adb796f40c5455e605691f4de73769ba4ef33166f60589e89d16983a254a9ef9841f25069f4e7898d14fb7894f15c55c1fa753b102de3a0945e1363451,gx-no-cache=1528719864681 HTTP/1.1" 200 55
200.54.247.70 - - [11/Jun/2018:09:25:27 -0300] "GET /cormun/servlet/solicitudot?c84b7098680c50a50da661504fba4c4d7e420cdc2b8882fdbc06fda8f64f39d5,gx-no-cache=1528719864770 HTTP/1.1" 200 30
200.54.247.70 - - [11/Jun/2018:09:25:28 -0300] "GET /cormun/servlet/prsolicitudot?17521965,,,,,MD,,gxPopupLevel%3D0%3B HTTP/1.1" 200 6106
192.168.10.97 - - [11/Jun/2018:09:25:28 -0300] "POST /cormun/servlet/trsolicitudgral?5692a4e48064b2eaa18c7926d86ea9d5,,gx-no-cache=1528719731555 HTTP/1.1" 200 5914
192.168.10.97 - - [11/Jun/2018:09:25:35 -0300] "POST /cormun/servlet/trsolicitudgral?5692a4e48064b2eaa18c7926d86ea9d5,,gx-no-cache=1528719738730 HTTP/1.1" 200 5914
200.54.247.70 - - [11/Jun/2018:09:25:37 -0300] "POST /cormun/servlet/solicitudot?gx-no-cache=1528719874553 HTTP/1.1" 200 1445
200.54.247.70 - - [11/Jun/2018:09:25:37 -0300] "POST /cormun/servlet/solicitudot?gx-no-cache=1528719874642 HTTP/1.1" 200 117
200.54.247.70 - - [11/Jun/2018:09:25:37 -0300] "GET /cormun/servlet/solicitudot?c84b7098680c50a50da661504fba4c4d97fec4e17eeea1c642dec4429b81df0323b1ddb31b82d5683d7902794b22d1e2abda4910f341593d886a36183dbe50c5932da7d6afa61bf1adfa3d6f2f78b1eb3e2b71cca37d738f304ab89f2edc4891abc61cf68ac15d52dd4c48c4eea589b9528715dc6f6c7f5c8492758fb251c3b7358ade218f8969ca542d94f8976f820d3df275bc63ca71118315faa4c3bd127728d418e1b91b18b16d0df32cf5009523e4d11ae6dc3c75c10a24deeea7ef8592,gx-no-cache=1528719874687 HTTP/1.1" 200 62
200.54.247.70 - - [11/Jun/2018:09:25:37 -0300] "GET /cormun/servlet/solicitudot?494b40161837d2a6f44f09f5fc37978c0f7898adb796f40c5455e605691f4de73769ba4ef33166f60589e89d16983a254a9ef9841f25069f4e7898d14fb7894f15c55c1fa753b102de3a0945e1363451,gx-no-cache=1528719874729 HTTP/1.1" 200 55
200.54.247.70 - - [11/Jun/2018:09:25:37 -0300] "GET /cormun/servlet/solicitudot?c84b7098680c50a50da661504fba4c4d4d33b14fb0b4ddd516177f206dd86d2520a3eed5d6eda84a840d971e0f4976f5,gx-no-cache=1528719874809 HTTP/1.1" 200 30
200.54.247.70 - - [11/Jun/2018:09:25:41 -0300] "GET /cormun/servlet/prfichaempleado?,MD,,gxPopupLevel%3D0%3B HTTP/1.1" 200 9398
192.168.10.97 - - [11/Jun/2018:09:25:42 -0300] "POST /cormun/servlet/trsolicitudgral?5692a4e48064b2eaa18c7926d86ea9d5,,gx-no-cache=1528719745123 HTTP/1.1" 200 5916
200.54.247.70 - - [11/Jun/2018:09:25:48 -0300] "POST /cormun/servlet/prfichaempleado?c4a040fac23177ed9a8c4e672c62e9f4,,MD,,gxPopupLevel%3D0%3B,gx-no-cache=1528719886249 HTTP/1.1" 200 3410
192.168.10.97 - - [11/Jun/2018:09:25:48 -0300] "POST /cormun/servlet/trsolicitudgral?5692a4e48064b2eaa18c7926d86ea9d5,,gx-no-cache=1528719751626 HTTP/1.1" 200 5912
200.54.247.70 - - [11/Jun/2018:09:25:52 -0300] "POST /cormun/servlet/solicitudot?gx-no-cache=1528719889754 HTTP/1.1" 200 1368
200.54.247.70 - - [11/Jun/2018:09:25:55 -0300] "GET /cormun/static/menuarrow.gif HTTP/1.1" 404 1015
192.168.10.97 - - [11/Jun/2018:09:25:56 -0300] "POST /cormun/servlet/trsolicitudgral?5692a4e48064b2eaa18c7926d86ea9d5,,gx-no-cache=1528719758763 HTTP/1.1" 200 5913
192.168.10.96 - - [11/Jun/2018:09:25:56 -0300] "POST /cormun/servlet/trlicenciasgenerales?145f682353f41256b333adf89b83b0e8,,gx-no-cache=1528719759405 HTTP/1.1" 200 6081
192.168.10.97 - - [11/Jun/2018:09:26:02 -0300] "POST /cormun/servlet/trsolicitudgral?5692a4e48064b2eaa18c7926d86ea9d5,,gx-no-cache=1528719764835 HTTP/1.1" 200 5915
192.168.10.96 - - [11/Jun/2018:09:26:02 -0300] "POST /cormun/servlet/trlicenciasgenerales?145f682353f41256b333adf89b83b0e8,,gx-no-cache=1528719765011 HTTP/1.1" 200 8976
200.54.247.70 - - [11/Jun/2018:09:26:02 -0300] "POST /cormun/servlet/solicitudot?gx-no-cache=1528719900033 HTTP/1.1" 200 122
192.168.10.96 - - [11/Jun/2018:09:26:07 -0300] "GET /cormun/servlet/trlicenciaspermisosadjuntos?15804934,20180605000000,L, HTTP/1.1" 200 7564
200.54.247.70 - - [11/Jun/2018:09:26:07 -0300] "POST /cormun/servlet/solicitudot?gx-no-cache=1528719905087 HTTP/1.1" 200 41
192.168.10.96 - - [11/Jun/2018:09:26:07 -0300] "GET /cormun/servlet/trlicenciaspermisosadjuntos?15804934,20180605000000,L, HTTP/1.1" 200 7564
192.168.10.97 - - [11/Jun/2018:09:26:08 -0300] "POST /cormun/servlet/trsolicitudgral?5692a4e48064b2eaa18c7926d86ea9d5,,gx-no-cache=1528719771234 HTTP/1.1" 200 5918
192.168.10.96 - - [11/Jun/2018:09:26:09 -0300] "GET /cormun/PublicTempStorage/licencia_medica_mauricio_contreras2340741.pdf HTTP/1.1" 200 1021737
192.168.10.97 - - [11/Jun/2018:09:26:16 -0300] "POST /cormun/servlet/trsolicitudgral?5692a4e48064b2eaa18c7926d86ea9d5,,gx-no-cache=1528719778803 HTTP/1.1" 200 7272
192.168.10.96 - - [11/Jun/2018:09:26:17 -0300] "GET /cormun/servlet/trlicenciaspermisosadjuntos?15804934,20180605000000,L, HTTP/1.1" 200 7564
192.168.10.96 - - [11/Jun/2018:09:26:18 -0300] "GET /cormun/servlet/trlicenciaspermisosadjuntos?15804934,20180605000000,L, HTTP/1.1" 200 7563
192.168.10.96 - - [11/Jun/2018:09:26:20 -0300] "POST /cormun/servlet/trlicenciaspermisosadjuntos?145f682353f41256b333adf89b83b0e8,15804934,20180605000000,L,,gx-no-cache=1528719783317 HTTP/1.1" 200 90
192.168.10.96 - - [11/Jun/2018:09:26:20 -0300] "GET /cormun/servlet/hpexe_link HTTP/1.1" 200 994
192.168.10.96 - - [11/Jun/2018:09:26:20 -0300] "GET /cormun/servlet/trlicenciasgenerales? HTTP/1.1" 200 11739
192.168.10.96 - - [11/Jun/2018:09:26:21 -0300] "GET /cormun/servlet/trlicenciasgenerales? HTTP/1.1" 200 11737
192.168.10.97 - - [11/Jun/2018:09:26:28 -0300] "GET /cormun/servlet/solicitudgral2?UPD,2018,11676, HTTP/1.1" 200 13135
192.168.10.97 - - [11/Jun/2018:09:26:28 -0300] "GET /cormun/static/gxcfg.js?20181911361990 HTTP/1.1" 304 -
192.168.10.97 - - [11/Jun/2018:09:26:28 -0300] "GET /cormun/servlet/solicitudgral2?UPD,2018,11676, HTTP/1.1" 200 13146
192.168.10.97 - - [11/Jun/2018:09:26:29 -0300] "POST /cormun/servlet/solicitudgral2?gx-no-cache=1528719792158 HTTP/1.1" 200 3875
192.168.10.97 - - [11/Jun/2018:09:26:29 -0300] "GET /cormun/servlet/solicitudgral2?fe07ccc21b43d1dac3bcc6624cab91fbdba9f5c71f9fef26b144eeb8862d3099420e7eddde4e1b64aa0f710cea7d5d49802f048cd9b8a9c3b76066386981e9d3e67fbb9705b23043ee9d9378129eba090c803b1a8be5252103cd07233ed624c6151826fb5586843aea1919d278da1b7b1df2fc27aad786513015b36a04f4d466a4a26f2e36a8d391cc2f500ee4d0b687806d836893f947a4af025fe70e323cf347258816b9ea7ca41ff4d69ab79ddeba1da2ed91cc0f40df0dc635d65eb097d1f75f56648df8faa9ac0827c4d35b9a528dc9ce2cc6e4d6f028f275d6d39400fce5af414e770f4694a6bd72d52bdbecbfb706cec36293a5e7ec0434ed198ef9857c2d0014d25c690876490ad4ec5cd3f4947e368aecb57e4ce31f3b28ad00c8216ab6045f52cc60ebaac0467cfa8d264686b97bf09c16f80bdca2841c2287ecdbdcc776db82d2c8376690564e224d8304,gx-no-cache=1528719792416 HTTP/1.1" 200 297
192.168.10.97 - - [11/Jun/2018:09:26:29 -0300] "POST /cormun/servlet/solicitudgral2?gx-no-cache=1528719792496 HTTP/1.1" 200 1427
192.168.10.97 - - [11/Jun/2018:09:26:29 -0300] "GET /cormun/servlet/solicitudgral2?fe07ccc21b43d1dac3bcc6624cab91fb99b2e86fc01b8172076d065307b11591fd2a95052558a87b36203f16d851de534876c9875f8057f5b10380aa9c0320f6df7fd227200f9f237a41a654cdce74b21c5b40bd7ba4bfc409a3980e2e544b2b4b40b02b511cef2f8fd03be0150d7b15,gx-no-cache=1528719792601 HTTP/1.1" 200 41
192.168.10.97 - - [11/Jun/2018:09:26:36 -0300] "POST /cormun/servlet/solicitudgral2?5692a4e48064b2eaa18c7926d86ea9d5,UPD,2018,11676,,gx-no-cache=1528719799174 HTTP/1.1" 200 93
192.168.10.97 - - [11/Jun/2018:09:26:36 -0300] "GET /cormun/servlet/hpexe_return? HTTP/1.1" 200 1016
192.168.10.97 - - [11/Jun/2018:09:26:36 -0300] "GET /cormun/static/gxcfg.js?2016101716175148 HTTP/1.1" 304 -
192.168.10.97 - - [11/Jun/2018:09:26:36 -0300] "GET /cormun/servlet/trsolicitudgral? HTTP/1.1" 200 10504
192.168.10.97 - - [11/Jun/2018:09:26:37 -0300] "GET /cormun/servlet/trsolicitudgral? HTTP/1.1" 200 10500
200.54.247.70 - - [11/Jun/2018:09:26:58 -0300] "POST /cormun/servlet/solicitudot?gx-no-cache=1528719955594 HTTP/1.1" 200 1350
200.54.247.70 - - [11/Jun/2018:09:26:58 -0300] "POST /cormun/servlet/solicitudot?gx-no-cache=1528719955813 HTTP/1.1" 200 1249
200.54.247.70 - - [11/Jun/2018:09:27:00 -0300] "POST /cormun/servlet/solicitudot?gx-no-cache=1528719958033 HTTP/1.1" 200 1350
200.54.247.70 - - [11/Jun/2018:09:27:00 -0300] "POST /cormun/servlet/solicitudot?gx-no-cache=1528719958240 HTTP/1.1" 200 1249
200.54.247.70 - - [11/Jun/2018:09:27:02 -0300] "POST /cormun/servlet/solicitudot?gx-no-cache=1528719960240 HTTP/1.1" 200 32
200.54.247.70 - - [11/Jun/2018:09:27:12 -0300] "POST /cormun/servlet/solicitudot?c4a040fac23177ed9a8c4e672c62e9f4,INS,0,0,,gx-no-cache=1528719968199 HTTP/1.1" 200 93
200.54.247.70 - - [11/Jun/2018:09:27:12 -0300] "GET /cormun/servlet/hpexe_return? HTTP/1.1" 200 1008
200.54.247.70 - - [11/Jun/2018:09:27:12 -0300] "GET /cormun/servlet/trsolicitudot HTTP/1.1" 200 8903
200.54.247.70 - - [11/Jun/2018:09:27:12 -0300] "GET /cormun/servlet/trsolicitudot HTTP/1.1" 200 8899
200.54.247.70 - - [11/Jun/2018:09:27:15 -0300] "POST /cormun/servlet/trsolicitudot?c4a040fac23177ed9a8c4e672c62e9f4,gx-no-cache=1528719972675 HTTP/1.1" 200 4723
200.54.247.70 - - [11/Jun/2018:09:27:15 -0300] "GET /cormun/static/Shared/jqueryui/images/ui-bg_highlight-soft_100_c6c2c8_1x100.png HTTP/1.1" 404 1117
200.54.247.70 - - [11/Jun/2018:09:27:15 -0300] "GET /cormun/static/Shared/jqueryui/images/ui-icons_8d78a5_256x240.png HTTP/1.1" 404 1089
200.54.247.70 - - [11/Jun/2018:09:27:15 -0300] "GET /cormun/static/Shared/jqueryui/images/ui-icons_82798d_256x240.png HTTP/1.1" 404 1089
200.54.247.70 - - [11/Jun/2018:09:27:15 -0300] "GET /cormun/static/Shared/jqueryui/images/ui-bg_flat_55_fafafa_40x100.png HTTP/1.1" 404 1097
200.54.247.70 - - [11/Jun/2018:09:27:15 -0300] "POST /cormun/servlet/trsolicitudot?c4a040fac23177ed9a8c4e672c62e9f4,gx-no-cache=1528719972930 HTTP/1.1" 200 4452
200.54.247.70 - - [11/Jun/2018:09:27:24 -0300] "GET /cormun/servlet/trautorizarsolicitud? HTTP/1.1" 200 11184
200.54.247.70 - - [11/Jun/2018:09:27:24 -0300] "GET /cormun/servlet/trautorizarsolicitud? HTTP/1.1" 200 11184
192.168.10.96 - - [11/Jun/2018:09:27:24 -0300] "GET /cormun/servlet/trlicenciaspermisosadjuntos?15804934,20180605000000,L, HTTP/1.1" 200 7564
192.168.10.96 - - [11/Jun/2018:09:27:25 -0300] "GET /cormun/servlet/trlicenciaspermisosadjuntos?15804934,20180605000000,L, HTTP/1.1" 200 7565
192.168.10.96 - - [11/Jun/2018:09:27:26 -0300] "GET /cormun/PublicTempStorage/licencia_medica_mauricio_contreras6276765.pdf HTTP/1.1" 200 1021737
192.168.10.97 - - [11/Jun/2018:09:27:27 -0300] "POST /cormun/servlet/trsolicitudgral?5692a4e48064b2eaa18c7926d86ea9d5,,gx-no-cache=1528719849691 HTTP/1.1" 200 5921
192.168.10.97 - - [11/Jun/2018:09:27:34 -0300] "POST /cormun/servlet/trsolicitudgral?5692a4e48064b2eaa18c7926d86ea9d5,,gx-no-cache=1528719856728 HTTP/1.1" 200 5920
200.54.247.70 - - [11/Jun/2018:09:27:35 -0300] "GET /cormun/servlet/trautorizarsolicitud? HTTP/1.1" 200 11184
200.54.247.70 - - [11/Jun/2018:09:27:35 -0300] "GET /cormun/servlet/trautorizarsolicitud? HTTP/1.1" 200 11184
192.168.10.97 - - [11/Jun/2018:09:27:40 -0300] "POST /cormun/servlet/trsolicitudgral?5692a4e48064b2eaa18c7926d86ea9d5,,gx-no-cache=1528719863472 HTTP/1.1" 200 5921
200.54.247.70 - - [11/Jun/2018:09:27:40 -0300] "POST /cormun/servlet/trautorizarsolicitud?c4a040fac23177ed9a8c4e672c62e9f4,,gx-no-cache=1528719998155 HTTP/1.1" 200 6188
192.168.10.97 - - [11/Jun/2018:09:27:48 -0300] "POST /cormun/servlet/trsolicitudgral?5692a4e48064b2eaa18c7926d86ea9d5,,gx-no-cache=1528719871448 HTTP/1.1" 200 7309
192.168.10.97 - - [11/Jun/2018:09:28:19 -0300] "POST /cormun/servlet/trsolicitudgral?5692a4e48064b2eaa18c7926d86ea9d5,,gx-no-cache=1528719902073 HTTP/1.1" 200 5921
192.168.10.97 - - [11/Jun/2018:09:28:25 -0300] "POST /cormun/servlet/trsolicitudgral?5692a4e48064b2eaa18c7926d86ea9d5,,gx-no-cache=1528719908682 HTTP/1.1" 200 5921
200.54.247.70 - - [11/Jun/2018:09:28:28 -0300] "POST /cormun/servlet/trautorizarsolicitud?c4a040fac23177ed9a8c4e672c62e9f4,,gx-no-cache=1528720045612 HTTP/1.1" 200 5861
200.54.247.70 - - [11/Jun/2018:09:28:28 -0300] "GET /cormun/static/Shared/jqueryui/images/ui-bg_highlight-soft_100_c6c2c8_1x100.png HTTP/1.1" 404 1117
200.54.247.70 - - [11/Jun/2018:09:28:28 -0300] "GET /cormun/static/Shared/jqueryui/images/ui-icons_82798d_256x240.png HTTP/1.1" 404 1089
200.54.247.70 - - [11/Jun/2018:09:28:28 -0300] "GET /cormun/static/Shared/jqueryui/images/ui-bg_flat_55_fafafa_40x100.png HTTP/1.1" 404 1097
200.54.247.70 - - [11/Jun/2018:09:28:28 -0300] "GET /cormun/static/Shared/jqueryui/images/ui-icons_8d78a5_256x240.png HTTP/1.1" 404 1089
200.54.247.70 - - [11/Jun/2018:09:28:28 -0300] "POST /cormun/servlet/trautorizarsolicitud?c4a040fac23177ed9a8c4e672c62e9f4,,gx-no-cache=1528720045934 HTTP/1.1" 200 5806
192.168.10.97 - - [11/Jun/2018:09:28:33 -0300] "POST /cormun/servlet/trsolicitudgral?5692a4e48064b2eaa18c7926d86ea9d5,,gx-no-cache=1528719916395 HTTP/1.1" 200 5921
200.54.247.70 - - [11/Jun/2018:09:28:37 -0300] "POST /cormun/servlet/trautorizarsolicitud?c4a040fac23177ed9a8c4e672c62e9f4,,gx-no-cache=1528720054705 HTTP/1.1" 200 116
200.54.247.70 - - [11/Jun/2018:09:28:37 -0300] "GET /cormun/servlet/solicitudotlog?INS,2018,11680,0,REC, HTTP/1.1" 200 6040
200.54.247.70 - - [11/Jun/2018:09:28:37 -0300] "GET /cormun/static/gxcfg.js?2017761245646 HTTP/1.1" 200 953
200.54.247.70 - - [11/Jun/2018:09:28:37 -0300] "GET /cormun/static/solicitudotlog.js?2017761245655 HTTP/1.1" 200 8934
200.54.247.70 - - [11/Jun/2018:09:28:38 -0300] "GET /cormun/servlet/solicitudotlog?INS,2018,11680,0,REC, HTTP/1.1" 200 6041
200.54.247.70 - - [11/Jun/2018:09:28:38 -0300] "GET /cormun/servlet/solicitudotlog?c84b7098680c50a50da661504fba4c4d3003c8dcc1a670a1dafea65204df4ecbb5e7ca21916a17cb28e7120c8980504f26867f7068b1a45c882197c163cc57774a715607fdf0ec9f1ee8359b97cda2d61e8ac332999bac5352d140445ca8db075aeaf03586b8c3089ee83dbad54f5d29702ca8980e135f8248f8f36f034a7dd265d3c1cc5fc5a750fb45ebb96d713e2ef0202a546630f785c8a1300861b0fcce,gx-no-cache=1528720055817 HTTP/1.1" 200 94
192.168.10.97 - - [11/Jun/2018:09:28:39 -0300] "POST /cormun/servlet/trsolicitudgral?5692a4e48064b2eaa18c7926d86ea9d5,,gx-no-cache=1528719922538 HTTP/1.1" 200 5920
200.54.247.70 - - [11/Jun/2018:09:28:40 -0300] "GET /cormun/servlet/trautorizarsolicitud? HTTP/1.1" 200 8782
200.54.247.70 - - [11/Jun/2018:09:28:40 -0300] "GET /cormun/servlet/trautorizarsolicitud? HTTP/1.1" 200 8782
192.168.10.97 - - [11/Jun/2018:09:28:47 -0300] "POST /cormun/servlet/trsolicitudgral?5692a4e48064b2eaa18c7926d86ea9d5,,gx-no-cache=1528719930498 HTTP/1.1" 200 5922
192.168.10.97 - - [11/Jun/2018:09:28:56 -0300] "POST /cormun/servlet/trsolicitudgral?5692a4e48064b2eaa18c7926d86ea9d5,,gx-no-cache=1528719939018 HTTP/1.1" 200 5919
192.168.10.97 - - [11/Jun/2018:09:29:03 -0300] "POST /cormun/servlet/trsolicitudgral?5692a4e48064b2eaa18c7926d86ea9d5,,gx-no-cache=1528719946401 HTTP/1.1" 200 5919
192.168.10.97 - - [11/Jun/2018:09:29:12 -0300] "POST /cormun/servlet/trsolicitudgral?5692a4e48064b2eaa18c7926d86ea9d5,,gx-no-cache=1528719955433 HTTP/1.1" 200 5920
192.168.10.97 - - [11/Jun/2018:09:29:19 -0300] "POST /cormun/servlet/trsolicitudgral?5692a4e48064b2eaa18c7926d86ea9d5,,gx-no-cache=1528719961961 HTTP/1.1" 200 5919
192.168.10.97 - - [11/Jun/2018:09:29:26 -0300] "POST /cormun/servlet/trsolicitudgral?5692a4e48064b2eaa18c7926d86ea9d5,,gx-no-cache=1528719968826 HTTP/1.1" 200 5922
192.168.10.97 - - [11/Jun/2018:09:29:32 -0300] "POST /cormun/servlet/trsolicitudgral?5692a4e48064b2eaa18c7926d86ea9d5,,gx-no-cache=1528719975554 HTTP/1.1" 200 5920
192.168.10.97 - - [11/Jun/2018:09:29:40 -0300] "POST /cormun/servlet/trsolicitudgral?5692a4e48064b2eaa18c7926d86ea9d5,,gx-no-cache=1528719983377 HTTP/1.1" 200 5921
192.168.10.97 - - [11/Jun/2018:09:29:46 -0300] "POST /cormun/servlet/trsolicitudgral?5692a4e48064b2eaa18c7926d86ea9d5,,gx-no-cache=1528719989459 HTTP/1.1" 200 5924
192.168.10.97 - - [11/Jun/2018:09:29:52 -0300] "POST /cormun/servlet/trsolicitudgral?5692a4e48064b2eaa18c7926d86ea9d5,,gx-no-cache=1528719994970 HTTP/1.1" 200 5923
192.168.10.97 - - [11/Jun/2018:09:29:57 -0300] "POST /cormun/servlet/trsolicitudgral?5692a4e48064b2eaa18c7926d86ea9d5,,gx-no-cache=1528720000162 HTTP/1.1" 200 5920
192.168.10.97 - - [11/Jun/2018:09:30:04 -0300] "POST /cormun/servlet/trsolicitudgral?5692a4e48064b2eaa18c7926d86ea9d5,,gx-no-cache=1528720006905 HTTP/1.1" 200 5920
200.54.247.70 - - [11/Jun/2018:09:30:06 -0300] "GET /cormun/servlet/trautorizarsolicitud? HTTP/1.1" 200 8782
200.54.247.70 - - [11/Jun/2018:09:30:06 -0300] "GET /cormun/servlet/trautorizarsolicitud? HTTP/1.1" 200 8782
192.168.10.97 - - [11/Jun/2018:09:30:09 -0300] "POST /cormun/servlet/trsolicitudgral?5692a4e48064b2eaa18c7926d86ea9d5,,gx-no-cache=1528720012554 HTTP/1.1" 200 5922
200.54.247.70 - - [11/Jun/2018:09:30:10 -0300] "POST /cormun/servlet/trautorizarsolicitud?c4a040fac23177ed9a8c4e672c62e9f4,,gx-no-cache=1528720147683 HTTP/1.1" 200 5843
192.168.10.97 - - [11/Jun/2018:09:30:17 -0300] "POST /cormun/servlet/trsolicitudgral?5692a4e48064b2eaa18c7926d86ea9d5,,gx-no-cache=1528720019753 HTTP/1.1" 200 5923
192.168.10.97 - - [11/Jun/2018:09:30:22 -0300] "POST /cormun/servlet/trsolicitudgral?5692a4e48064b2eaa18c7926d86ea9d5,,gx-no-cache=1528720025578 HTTP/1.1" 200 5921
200.54.247.70 - - [11/Jun/2018:09:30:28 -0300] "POST /cormun/servlet/trautorizarsolicitud?c4a040fac23177ed9a8c4e672c62e9f4,,gx-no-cache=1528720165735 HTTP/1.1" 200 5857
200.54.247.70 - - [11/Jun/2018:09:30:28 -0300] "GET /cormun/static/Shared/jqueryui/images/ui-bg_highlight-soft_100_c6c2c8_1x100.png HTTP/1.1" 404 1117
200.54.247.70 - - [11/Jun/2018:09:30:28 -0300] "GET /cormun/static/Shared/jqueryui/images/ui-icons_82798d_256x240.png HTTP/1.1" 404 1089
200.54.247.70 - - [11/Jun/2018:09:30:28 -0300] "GET /cormun/static/Shared/jqueryui/images/ui-bg_flat_55_fafafa_40x100.png HTTP/1.1" 404 1097
200.54.247.70 - - [11/Jun/2018:09:30:28 -0300] "GET /cormun/static/Shared/jqueryui/images/ui-icons_8d78a5_256x240.png HTTP/1.1" 404 1089
192.168.10.97 - - [11/Jun/2018:09:30:29 -0300] "POST /cormun/servlet/trsolicitudgral?5692a4e48064b2eaa18c7926d86ea9d5,,gx-no-cache=1528720032306 HTTP/1.1" 200 5921
192.168.10.97 - - [11/Jun/2018:09:30:37 -0300] "POST /cormun/servlet/trsolicitudgral?5692a4e48064b2eaa18c7926d86ea9d5,,gx-no-cache=1528720040105 HTTP/1.1" 200 5918
192.168.10.97 - - [11/Jun/2018:09:30:43 -0300] "POST /cormun/servlet/trsolicitudgral?5692a4e48064b2eaa18c7926d86ea9d5,,gx-no-cache=1528720046633 HTTP/1.1" 200 5919
200.54.247.70 - - [11/Jun/2018:09:30:44 -0300] "POST /cormun/servlet/trautorizarsolicitud?c4a040fac23177ed9a8c4e672c62e9f4,,gx-no-cache=1528720181017 HTTP/1.1" 200 13417
192.168.10.97 - - [11/Jun/2018:09:30:54 -0300] "POST /cormun/servlet/trsolicitudgral?5692a4e48064b2eaa18c7926d86ea9d5,,gx-no-cache=1528720057185 HTTP/1.1" 200 5920
192.168.10.97 - - [11/Jun/2018:09:31:03 -0300] "POST /cormun/servlet/trsolicitudgral?5692a4e48064b2eaa18c7926d86ea9d5,,gx-no-cache=1528720066417 HTTP/1.1" 200 5919
192.168.10.97 - - [11/Jun/2018:09:31:11 -0300] "POST /cormun/servlet/trsolicitudgral?5692a4e48064b2eaa18c7926d86ea9d5,,gx-no-cache=1528720074521 HTTP/1.1" 200 5918
200.54.247.70 - - [11/Jun/2018:09:31:15 -0300] "POST /cormun/servlet/trautorizarsolicitud?c4a040fac23177ed9a8c4e672c62e9f4,,gx-no-cache=1528720213411 HTTP/1.1" 200 116
200.54.247.70 - - [11/Jun/2018:09:31:16 -0300] "GET /cormun/servlet/solicitudotlog?INS,2018,11680,0,REC, HTTP/1.1" 200 6041
200.54.247.70 - - [11/Jun/2018:09:31:16 -0300] "GET /cormun/servlet/solicitudotlog?INS,2018,11680,0,REC, HTTP/1.1" 200 6041
200.54.247.70 - - [11/Jun/2018:09:31:16 -0300] "GET /cormun/servlet/solicitudotlog?c84b7098680c50a50da661504fba4c4d3003c8dcc1a670a1dafea65204df4ecbb5e7ca21916a17cb28e7120c8980504f26867f7068b1a45c882197c163cc57774a715607fdf0ec9f1ee8359b97cda2d61e8ac332999bac5352d140445ca8db075aeaf03586b8c3089ee83dbad54f5d29702ca8980e135f8248f8f36f034a7dd265d3c1cc5fc5a750fb45ebb96d713e2ef0202a546630f785c8a1300861b0fcce,gx-no-cache=1528720214512 HTTP/1.1" 200 94
200.54.247.70 - - [11/Jun/2018:09:31:19 -0300] "GET /cormun/servlet/trautorizarsolicitud? HTTP/1.1" 200 16230
192.168.10.97 - - [11/Jun/2018:09:31:19 -0300] "POST /cormun/servlet/trsolicitudgral?5692a4e48064b2eaa18c7926d86ea9d5,,gx-no-cache=1528720082662 HTTP/1.1" 200 5918
200.54.247.70 - - [11/Jun/2018:09:31:20 -0300] "GET /cormun/servlet/trautorizarsolicitud? HTTP/1.1" 200 16230
192.168.10.97 - - [11/Jun/2018:09:31:28 -0300] "POST /cormun/servlet/trsolicitudgral?5692a4e48064b2eaa18c7926d86ea9d5,,gx-no-cache=1528720090888 HTTP/1.1" 200 5919
192.168.10.97 - - [11/Jun/2018:09:31:36 -0300] "POST /cormun/servlet/trsolicitudgral?5692a4e48064b2eaa18c7926d86ea9d5,,gx-no-cache=1528720099490 HTTP/1.1" 200 5920
192.168.10.97 - - [11/Jun/2018:09:31:45 -0300] "POST /cormun/servlet/trsolicitudgral?5692a4e48064b2eaa18c7926d86ea9d5,,gx-no-cache=1528720108553 HTTP/1.1" 200 5918
192.168.10.97 - - [11/Jun/2018:09:31:53 -0300] "GET /cormun/servlet/trcoordinadores? HTTP/1.1" 200 7612
192.168.10.97 - - [11/Jun/2018:09:31:53 -0300] "GET /cormun/static/gxcfg.js?20182817343370 HTTP/1.1" 304 -
192.168.10.97 - - [11/Jun/2018:09:31:53 -0300] "GET /cormun/static/trcoordinadores.js?20182817343662 HTTP/1.1" 304 -
192.168.10.97 - - [11/Jun/2018:09:31:57 -0300] "GET /cormun/servlet/trcoordinadores? HTTP/1.1" 200 7611
186.79.139.86 - - [11/Jun/2018:09:33:50 -0300] "POST /cormun/servlet/hlogin?fc72c58ec672bc3a902f35fc2dd4def5,gx-no-cache=1528720367022 HTTP/1.1" 200 90
186.79.139.86 - - [11/Jun/2018:09:33:50 -0300] "GET /cormun/servlet/hpexe_link HTTP/1.1" 200 966
186.79.139.86 - - [11/Jun/2018:09:33:50 -0300] "GET /cormun/static/Resources/Spanish/PXTools.css?1155365 HTTP/1.1" 304 -
190.46.88.10 - - [11/Jun/2018:09:33:50 -0300] "GET /cormun/static/hpexe_link.js?20177612121795 HTTP/1.1" 304 -
190.46.88.10 - - [11/Jun/2018:09:33:50 -0300] "GET /cormun/servlet/trautorizarsolicitud HTTP/1.1" 200 7178
190.46.88.10 - - [11/Jun/2018:09:33:51 -0300] "GET /cormun/servlet/trautorizarsolicitud HTTP/1.1" 200 7176
186.79.139.86 - - [11/Jun/2018:09:33:56 -0300] "GET /cormun/servlet/trautorizarsolicitud? HTTP/1.1" 200 7176
186.79.139.86 - - [11/Jun/2018:09:33:56 -0300] "GET /cormun/servlet/trautorizarsolicitud? HTTP/1.1" 200 7176
186.79.139.86 - - [11/Jun/2018:09:34:02 -0300] "GET /cormun/servlet/trlicencias? HTTP/1.1" 200 13236
186.79.139.86 - - [11/Jun/2018:09:34:03 -0300] "GET /cormun/servlet/trlicencias? HTTP/1.1" 200 13234
192.168.10.96 - - [11/Jun/2018:09:42:16 -0300] "GET /cormun/servlet/trlicenciaspermisosadjuntos?15804934,20180605000000,L, HTTP/1.1" 200 7565
192.168.10.96 - - [11/Jun/2018:09:42:17 -0300] "GET /cormun/servlet/trlicenciaspermisosadjuntos?15804934,20180605000000,L, HTTP/1.1" 200 7564
192.168.10.96 - - [11/Jun/2018:09:42:19 -0300] "GET /cormun/servlet/trsolicitudgral? HTTP/1.1" 200 12961
192.168.10.96 - - [11/Jun/2018:09:42:20 -0300] "GET /cormun/servlet/trsolicitudgral? HTTP/1.1" 200 12938
192.168.10.96 - - [11/Jun/2018:09:42:49 -0300] "POST /cormun/servlet/trsolicitudgral?145f682353f41256b333adf89b83b0e8,,gx-no-cache=1528720771827 HTTP/1.1" 200 7950
192.168.10.96 - - [11/Jun/2018:09:43:03 -0300] "POST /cormun/servlet/trsolicitudgral?145f682353f41256b333adf89b83b0e8,,gx-no-cache=1528720786130 HTTP/1.1" 200 5966
192.168.10.96 - - [11/Jun/2018:09:43:08 -0300] "POST /cormun/servlet/trsolicitudgral?145f682353f41256b333adf89b83b0e8,,gx-no-cache=1528720791200 HTTP/1.1" 200 5967
192.168.10.96 - - [11/Jun/2018:09:43:08 -0300] "POST /cormun/servlet/trsolicitudgral?145f682353f41256b333adf89b83b0e8,,gx-no-cache=1528720791383 HTTP/1.1" 200 5967
192.168.10.96 - - [11/Jun/2018:09:43:08 -0300] "POST /cormun/servlet/trsolicitudgral?145f682353f41256b333adf89b83b0e8,,gx-no-cache=1528720791601 HTTP/1.1" 200 5966
192.168.10.96 - - [11/Jun/2018:09:43:14 -0300] "POST /cormun/servlet/trsolicitudgral?145f682353f41256b333adf89b83b0e8,,gx-no-cache=1528720796848 HTTP/1.1" 200 7325
192.168.10.96 - - [11/Jun/2018:09:43:17 -0300] "GET /cormun/servlet/vesolicitudgral?2018,10828,, HTTP/1.1" 200 9345
192.168.10.96 - - [11/Jun/2018:09:43:17 -0300] "GET /cormun/pexe_scrolldiv.js HTTP/1.1" 404 1009
192.168.10.96 - - [11/Jun/2018:09:43:17 -0300] "GET /cormun/pexe_scrolldiv.js HTTP/1.1" 404 1009
192.168.10.96 - - [11/Jun/2018:09:43:17 -0300] "GET /cormun/static/tbsolicitudgral01.js?201813119422078 HTTP/1.1" 304 -
192.168.10.96 - - [11/Jun/2018:09:43:17 -0300] "GET /cormun/servlet/vesolicitudgral?2018,10828,, HTTP/1.1" 200 9343
192.168.10.96 - - [11/Jun/2018:09:43:20 -0300] "GET /cormun/servlet/vesolicitudgral?2018,10828,,SolicitudOTAdjuntos HTTP/1.1" 200 11320
192.168.10.96 - - [11/Jun/2018:09:43:20 -0300] "GET /cormun/pexe_scrolldiv.js HTTP/1.1" 404 1009
192.168.10.96 - - [11/Jun/2018:09:43:20 -0300] "GET /cormun/pexe_scrolldiv.js HTTP/1.1" 404 1009
192.168.10.96 - - [11/Jun/2018:09:43:20 -0300] "GET /cormun/servlet/vesolicitudgral?2018,10828,,SolicitudOTAdjuntos HTTP/1.1" 200 11322
192.168.10.96 - - [11/Jun/2018:09:43:21 -0300] "POST /cormun/servlet/acontrolpreferencessavestate?None,DZAMUDIO,true HTTP/1.1" 200 35
192.168.10.96 - - [11/Jun/2018:09:43:26 -0300] "GET /cormun/PublicTempStorage/titulo_nathaly_castro2775916.pdf HTTP/1.1" 200 290392
192.168.10.96 - - [11/Jun/2018:09:43:31 -0300] "GET /cormun/servlet/vesolicitudgral?2018,10828,,SolicitudOTAdjuntos HTTP/1.1" 200 11320
192.168.10.96 - - [11/Jun/2018:09:43:31 -0300] "GET /cormun/servlet/vesolicitudgral?2018,10828,,SolicitudOTAdjuntos HTTP/1.1" 200 11322
192.168.10.96 - - [11/Jun/2018:09:43:32 -0300] "POST /cormun/servlet/acontrolpreferencessavestate?None,DZAMUDIO,true HTTP/1.1" 200 35
192.168.10.96 - - [11/Jun/2018:09:45:16 -0300] "GET /cormun/PublicTempStorage/antecedentes_nathaly_castro4118459.pdf HTTP/1.1" 200 226063
192.168.10.96 - - [11/Jun/2018:09:45:42 -0300] "GET /cormun/servlet/vesolicitudgral?2018,10828,,SolicitudOTAdjuntos HTTP/1.1" 200 11319
192.168.10.96 - - [11/Jun/2018:09:45:43 -0300] "GET /cormun/servlet/vesolicitudgral?2018,10828,,SolicitudOTAdjuntos HTTP/1.1" 200 11320
192.168.10.96 - - [11/Jun/2018:09:45:43 -0300] "POST /cormun/servlet/acontrolpreferencessavestate?None,DZAMUDIO,true HTTP/1.1" 200 35
192.168.10.96 - - [11/Jun/2018:09:45:44 -0300] "GET /cormun/PublicTempStorage/titulo_nathaly_castro6215427.pdf HTTP/1.1" 200 290392
192.168.10.96 - - [11/Jun/2018:09:45:54 -0300] "GET /cormun/servlet/vesolicitudgral?2018,10828,,SolicitudOTAdjuntos HTTP/1.1" 200 11320
192.168.10.96 - - [11/Jun/2018:09:45:55 -0300] "GET /cormun/servlet/vesolicitudgral?2018,10828,,SolicitudOTAdjuntos HTTP/1.1" 200 11323
192.168.10.96 - - [11/Jun/2018:09:45:56 -0300] "POST /cormun/servlet/acontrolpreferencessavestate?None,DZAMUDIO,true HTTP/1.1" 200 35
78.108.177.51 - - [11/Jun/2018:09:58:23 -0300] "GET / HTTP/1.0" 200 11197
190.100.93.40 - - [11/Jun/2018:10:05:58 -0300] "GET /cormun/servlet/trlicencias HTTP/1.1" 200 6127
190.100.93.40 - - [11/Jun/2018:10:06:04 -0300] "GET /cormun/servlet/hlogin HTTP/1.1" 200 1736
190.100.93.40 - - [11/Jun/2018:10:06:04 -0300] "GET /cormun/servlet/trlicencias HTTP/1.1" 200 6122
95.213.177.125 - - [11/Jun/2018:10:07:33 -0300] "CONNECT check.proxyradar.com:80 HTTP/1.1" 400 -
192.168.10.96 - - [11/Jun/2018:10:23:51 -0300] "GET /cormun/servlet/trsolicitudgral? HTTP/1.1" 500 10
192.168.10.96 - - [11/Jun/2018:10:23:53 -0300] "GET /cormun/servlet/trsolicitudgral? HTTP/1.1" 500 10
192.168.10.96 - - [11/Jun/2018:10:23:57 -0300] "GET /cormun/servlet/hlogin HTTP/1.1" 200 1717
192.168.10.96 - - [11/Jun/2018:10:23:58 -0300] "GET /cormun/servlet/hlogin HTTP/1.1" 200 1717
192.168.10.96 - - [11/Jun/2018:10:24:08 -0300] "POST /cormun/servlet/hlogin?3dd4363dcc1b7eacaf58148a83cf9c85,gx-no-cache=1528723249248 HTTP/1.1" 200 90
192.168.10.96 - - [11/Jun/2018:10:24:08 -0300] "GET /cormun/servlet/hpexe_link HTTP/1.1" 200 948
192.168.10.96 - - [11/Jun/2018:10:24:08 -0300] "GET /cormun/servlet/hhome HTTP/1.1" 200 4707
192.168.10.96 - - [11/Jun/2018:10:24:09 -0300] "GET /cormun/servlet/hhome HTTP/1.1" 200 4704
192.168.10.96 - - [11/Jun/2018:10:24:12 -0300] "GET /cormun/servlet/trsolicitudgral? HTTP/1.1" 200 23190
192.168.10.96 - - [11/Jun/2018:10:24:13 -0300] "GET /cormun/servlet/trsolicitudgral? HTTP/1.1" 200 23187
192.168.10.96 - - [11/Jun/2018:10:24:21 -0300] "POST /cormun/servlet/trsolicitudgral?3dd4363dcc1b7eacaf58148a83cf9c85,,gx-no-cache=1528723261957 HTTP/1.1" 200 7347
192.168.10.96 - - [11/Jun/2018:10:24:21 -0300] "POST /cormun/servlet/trsolicitudgral?3dd4363dcc1b7eacaf58148a83cf9c85,,gx-no-cache=1528723262243 HTTP/1.1" 200 7347
192.168.10.96 - - [11/Jun/2018:10:24:25 -0300] "GET /cormun/servlet/solicitudgral3?UPD,2018,11681, HTTP/1.1" 200 13822
192.168.10.96 - - [11/Jun/2018:10:24:26 -0300] "GET /cormun/servlet/solicitudgral3?UPD,2018,11681, HTTP/1.1" 200 13833
192.168.10.96 - - [11/Jun/2018:10:24:26 -0300] "POST /cormun/servlet/solicitudgral3?gx-no-cache=1528723267386 HTTP/1.1" 200 4016
192.168.10.96 - - [11/Jun/2018:10:24:26 -0300] "GET /cormun/servlet/solicitudgral3?ceb01a3da1eb459df467bb34e5dc258f01531b99001ed2d0ad8921d11e912828a396ebe98d043d7c9a38efc5b48dbb8368a9ea273e13e5b7516cc8ce138c82759c8c776c9d373f84b7a378906be0c4d3a405c3fecb18d252de5ee49df6850f21efc141abd3081d4c6a8132939df597a65263efaff4ee1cce16ff4f986bebb3fb6192d187e759af000ab4cff17b787371f797c30cb84e0421ffd9cd608242fa4168a66ac0a07bd71c02ad43ab3b879409debd6c87c4db732c6287448b65b9028838e20fb76fb12ea48f4717956c57be05830a46ee531937092e0566044f80df1fc24a303ec8a25de5985c9640d315e9aaacdb71fd7089ab7b75211ef658d98c24e8504c1d38b49521ba6f25fbb7914fa82688695a410fa8b343f47917d10fae1b04c557d8531ea4c84518685705a8537159a638159eda39e22ef9a40c7c9490c3470d8a1fd18635df9e6659f1b3984952,gx-no-cache=1528723267566 HTTP/1.1" 200 240
192.168.10.96 - - [11/Jun/2018:10:24:26 -0300] "POST /cormun/servlet/solicitudgral3?gx-no-cache=1528723267593 HTTP/1.1" 200 1431
192.168.10.96 - - [11/Jun/2018:10:24:26 -0300] "GET /cormun/servlet/solicitudgral3?ceb01a3da1eb459df467bb34e5dc258feac432d90dfd2f46b2b2a1c6b28b0ebb232dddf331671098b543c62a13cc28486788b7f6569599c58b872ccc210fe848d2cb593228f9ac91b4bec9966ea7a2f449f3cc8ebb5e1d5084433fd74fbfc6606b951f509f5fa5dad82ab5e653f1e12861b256655aa2c5061a3a236a50b87ca6,gx-no-cache=1528723267676 HTTP/1.1" 200 41
192.168.10.96 - - [11/Jun/2018:10:24:37 -0300] "POST /cormun/servlet/solicitudgral3?3dd4363dcc1b7eacaf58148a83cf9c85,UPD,2018,11681,,gx-no-cache=1528723278530 HTTP/1.1" 200 12233
192.168.10.96 - - [11/Jun/2018:10:24:37 -0300] "GET /cormun/servlet/solicitudgral3?ceb01a3da1eb459df467bb34e5dc258fd096f8b3a34dc35f6c63cd4c71c93fbbf4128b24df1429a0e29423bee04edb0447ee46f9db5d34a6327904a0aeb6ba5a6a104339334b8ffaf45c740532ebd4bffd123a4ffeb2484f8e6685e4015aa7c7a94b705146349f61e594f96b8be6d17915a051b22c80d7c8444726da5f1a5280b0ed3b778d47f9a361c5a314c48820ee37a464976ec337d21e97473b93d80167,gx-no-cache=1528723278736 HTTP/1.1" 200 29
192.168.10.96 - - [11/Jun/2018:10:24:38 -0300] "POST /cormun/servlet/solicitudgral3?gx-no-cache=1528723278759 HTTP/1.1" 200 1326
192.168.10.96 - - [11/Jun/2018:10:24:38 -0300] "POST /cormun/servlet/solicitudgral3?gx-no-cache=1528723278807 HTTP/1.1" 200 1249
192.168.10.96 - - [11/Jun/2018:10:24:38 -0300] "GET /cormun/servlet/solicitudgral3?ceb01a3da1eb459df467bb34e5dc258f80b2b6e2ce54ce309c3b22f7b797ccfb2c991409a190c187a800ba3a3236b3fd32a867bc015956ae8aa3e9a345c238d168a9ea273e13e5b7516cc8ce138c8275081e3ed143a9f0c6ccab39c3cddfaf5e5ca088df6c82e661a71049135c4f1bc927b37c64f78c7604b08fd8022ce9f3254ff3f73a912658db8bd55c57cf95f0b2,gx-no-cache=1528723278851 HTTP/1.1" 200 30
192.168.10.96 - - [11/Jun/2018:10:24:38 -0300] "POST /cormun/servlet/solicitudgral3?3dd4363dcc1b7eacaf58148a83cf9c85,UPD,2018,11681,,gx-no-cache=1528723278876 HTTP/1.1" 200 93
192.168.10.96 - - [11/Jun/2018:10:24:38 -0300] "GET /cormun/servlet/hpexe_return? HTTP/1.1" 200 1012
192.168.10.96 - - [11/Jun/2018:10:24:38 -0300] "GET /cormun/servlet/trsolicitudgral? HTTP/1.1" 200 10626
192.168.10.96 - - [11/Jun/2018:10:24:38 -0300] "GET /cormun/servlet/trsolicitudgral? HTTP/1.1" 200 10622
200.54.247.70 - - [11/Jun/2018:10:25:47 -0300] "POST /cormun/servlet/trautorizarsolicitud?c4a040fac23177ed9a8c4e672c62e9f4,,gx-no-cache=1528723484629 HTTP/1.1" 440 972
200.54.247.70 - - [11/Jun/2018:10:30:20 -0300] "GET /cormun/servlet/hlogin HTTP/1.1" 200 1724
200.54.247.70 - - [11/Jun/2018:10:30:26 -0300] "POST /cormun/servlet/hlogin?3d96885a8df9fb4a5778178a55a0951e,gx-no-cache=1528723763890 HTTP/1.1" 200 90
200.54.247.70 - - [11/Jun/2018:10:30:26 -0300] "GET /cormun/servlet/hpexe_link HTTP/1.1" 200 951
200.54.247.70 - - [11/Jun/2018:10:30:26 -0300] "GET /cormun/servlet/hhome HTTP/1.1" 200 4236
200.54.247.70 - - [11/Jun/2018:10:30:27 -0300] "GET /cormun/servlet/hhome HTTP/1.1" 200 4232
200.54.247.70 - - [11/Jun/2018:10:30:58 -0300] "GET /cormun/servlet/trautorizarsolicitud? HTTP/1.1" 200 8776
200.54.247.70 - - [11/Jun/2018:10:30:58 -0300] "GET /cormun/servlet/trautorizarsolicitud? HTTP/1.1" 200 8773
200.54.247.70 - - [11/Jun/2018:10:31:06 -0300] "POST /cormun/servlet/trautorizarsolicitud?3d96885a8df9fb4a5778178a55a0951e,,gx-no-cache=1528723803392 HTTP/1.1" 200 13363
186.79.64.75 - - [11/Jun/2018:10:40:23 -0300] "GET /cormun/servlet/hlogin HTTP/1.1" 200 1721
186.79.64.75 - - [11/Jun/2018:10:40:23 -0300] "GET /cormun/servlet/hlogin HTTP/1.1" 200 1730
46.174.191.31 - - [11/Jun/2018:10:42:19 -0300] "GET / HTTP/1.0" 200 11197
191.125.43.113 - - [11/Jun/2018:10:56:31 -0300] "GET /cormun/servlet/hlogin HTTP/1.1" 200 1718
191.125.43.113 - - [11/Jun/2018:10:56:31 -0300] "GET /cormun/servlet/hlogin HTTP/1.1" 200 1713
191.125.43.113 - - [11/Jun/2018:10:56:33 -0300] "GET /cormun/servlet/hlogin HTTP/1.1" 200 1723
191.125.43.113 - - [11/Jun/2018:10:57:26 -0300] "GET /cormun/servlet/hlogin HTTP/1.1" 200 1718
191.125.43.113 - - [11/Jun/2018:10:57:44 -0300] "POST /cormun/servlet/hlogin?1c2eb616114b3f8824cff9e6ded6e747,gx-no-cache=1528725400042 HTTP/1.1" 200 90
191.125.43.113 - - [11/Jun/2018:10:57:44 -0300] "GET /cormun/servlet/hpexe_link HTTP/1.1" 200 951
191.125.43.113 - - [11/Jun/2018:10:57:44 -0300] "GET /cormun/servlet/hhome HTTP/1.1" 200 3941
191.125.43.113 - - [11/Jun/2018:10:57:46 -0300] "GET /cormun/servlet/hhome HTTP/1.1" 200 3937
186.67.164.142 - - [11/Jun/2018:10:57:54 -0300] "GET /cormun/servlet/hlogin HTTP/1.1" 200 1715
186.67.164.142 - - [11/Jun/2018:10:57:54 -0300] "GET /cormun/servlet/hlogin HTTP/1.1" 200 1726
186.67.164.142 - - [11/Jun/2018:10:58:38 -0300] "GET /cormun/servlet/hlogin HTTP/1.1" 200 1715
191.125.43.113 - - [11/Jun/2018:10:59:08 -0300] "GET /cormun/servlet/trsolicitudot? HTTP/1.1" 200 7152
191.125.43.113 - - [11/Jun/2018:10:59:08 -0300] "GET /cormun/static/trsolicitudot.js?201711142259839 HTTP/1.1" 304 -
191.125.43.113 - - [11/Jun/2018:10:59:09 -0300] "GET /cormun/servlet/trsolicitudot? HTTP/1.1" 200 7151
191.125.43.113 - - [11/Jun/2018:10:59:15 -0300] "GET /cormun/servlet/solicitudot?INS,0,0, HTTP/1.1" 200 13391
186.67.164.142 - - [11/Jun/2018:10:59:16 -0300] "POST /cormun/servlet/hlogin?fe620a3004804cc7f1d75d4900eb80ea,gx-no-cache=1528725497846 HTTP/1.1" 200 90
186.67.164.142 - - [11/Jun/2018:10:59:16 -0300] "GET /cormun/servlet/hpexe_link HTTP/1.1" 200 947
186.67.164.142 - - [11/Jun/2018:10:59:16 -0300] "GET /cormun/servlet/hhome HTTP/1.1" 200 4162
191.125.43.113 - - [11/Jun/2018:10:59:16 -0300] "GET /cormun/servlet/solicitudot?INS,0,0, HTTP/1.1" 200 13396
186.67.164.142 - - [11/Jun/2018:10:59:16 -0300] "GET /cormun/servlet/hhome HTTP/1.1" 200 4159
186.67.164.142 - - [11/Jun/2018:10:59:44 -0300] "GET /cormun/servlet/hlogin HTTP/1.1" 200 1715
191.125.43.113 - - [11/Jun/2018:11:01:18 -0300] "POST /cormun/servlet/solicitudot?gx-no-cache=1528725614253 HTTP/1.1" 200 3302
191.125.43.113 - - [11/Jun/2018:11:01:19 -0300] "POST /cormun/servlet/solicitudot?1c2eb616114b3f8824cff9e6ded6e747,INS,0,0,,gx-no-cache=1528725614675 HTTP/1.1" 200 10274
191.125.43.113 - - [11/Jun/2018:11:01:21 -0300] "GET /cormun/servlet/prfichaempleado?,MD,,gxPopupLevel%3D0%3B HTTP/1.1" 200 9288
191.125.43.113 - - [11/Jun/2018:11:01:37 -0300] "GET /cormun/servlet/solicitudot?4323ce533132b1efabc896b4766fcef1e983f8ab69fce145599d5683e881ae046606fc23e0d58a6b9ac24c40fd87285b,gx-no-cache=1528725633094 HTTP/1.1" 200 30
209.126.136.4 - - [11/Jun/2018:11:02:43 -0300] "GET / HTTP/1.1" 200 11217
191.125.43.113 - - [11/Jun/2018:11:03:26 -0300] "GET /cormun/servlet/prbanco?,MD,,gxPopupLevel%3D0%3B HTTP/1.1" 200 6570
191.125.43.113 - - [11/Jun/2018:11:03:30 -0300] "GET /cormun/servlet/solicitudot?4323ce533132b1efabc896b4766fcef1b866ee21f3202a485d722102a5e85ccbacf438dd16a37ef590e6db10f925ac698eef8f4f0885513374d35addc1129a75,gx-no-cache=1528725746124 HTTP/1.1" 200 30
191.125.43.113 - - [11/Jun/2018:11:03:35 -0300] "GET /cormun/servlet/solicitudot?4323ce533132b1efabc896b4766fcef1319bbde50f1feafec0b89b7d3543b314,gx-no-cache=1528725750519 HTTP/1.1" 200 53
191.125.43.113 - - [11/Jun/2018:11:03:55 -0300] "POST /cormun/servlet/solicitudot?gx-no-cache=1528725770616 HTTP/1.1" 200 255
191.125.43.113 - - [11/Jun/2018:11:03:58 -0300] "POST /cormun/servlet/solicitudot?gx-no-cache=1528725774339 HTTP/1.1" 200 240
191.125.43.113 - - [11/Jun/2018:11:04:05 -0300] "GET /cormun/servlet/solicitudot?4323ce533132b1efabc896b4766fcef1b28473fb51b7d78f5b6c2624dc5d08cf204b221b099e2e6350d4e5e30a5066a7fd269703fa4f82a1c0cfff711b20e309e1458245d30413445d96af49e37197de0f9c7c6937226cc22dee14e794b7901f3136787a56ffcd205a7387f82a601ffb3f32b294b1d9bfa0863310837639035fa185c67d187858b5e0879efe274f816dcce532ab904165520a5a27defedcb2836ae63b8f8362717bc1337445ebc76863c06fee4dee95fbbb6813b5bc2b7c5b7dd3fa73a2601358d16f03269030ecc0913a2032296a2faeb014bea5b4b2eead43ffdf049b878c5b9bd46ed5415dcebe10a244012deec6035fc6f6fff51f6d3c25698880fa927862827f50c56f7c7df0970c14a160b371cc47d52fee4c3ea4b86be9349d966b1d72cfc1439a0e2b87f94fa905a2cc455b8c9baf6b4cfd10c6e2169cdc664b7afed43c6bde59ec1253bda48dae6cc09f92f533f3443ca7b8a7c456553c11e205a421d61d75217e3fdf1cb7857fdee6a00effab6032a786346d23f8,gx-no-cache=1528725781148 HTTP/1.1" 200 30
191.125.43.113 - - [11/Jun/2018:11:04:27 -0300] "POST /cormun/servlet/solicitudot?gx-no-cache=1528725803045 HTTP/1.1" 200 30
191.125.43.113 - - [11/Jun/2018:11:04:32 -0300] "GET /cormun/servlet/prcontratosol?18104674,,,,,MD,,gxPopupLevel%3D0%3B HTTP/1.1" 200 7443
191.125.43.113 - - [11/Jun/2018:11:05:02 -0300] "POST /cormun/servlet/solicitudot?gx-no-cache=1528725837924 HTTP/1.1" 200 1450
191.125.43.113 - - [11/Jun/2018:11:05:02 -0300] "GET /cormun/static/Shared/jqueryui/images/ui-bg_highlight-soft_100_c6c2c8_1x100.png HTTP/1.1" 404 1117
191.125.43.113 - - [11/Jun/2018:11:05:02 -0300] "GET /cormun/static/Shared/jqueryui/images/ui-icons_82798d_256x240.png HTTP/1.1" 404 1089
191.125.43.113 - - [11/Jun/2018:11:05:02 -0300] "GET /cormun/static/Shared/jqueryui/images/ui-bg_flat_55_994d53_40x100.png HTTP/1.1" 404 1097
191.125.43.113 - - [11/Jun/2018:11:05:02 -0300] "GET /cormun/static/Shared/jqueryui/images/ui-icons_ebccce_256x240.png HTTP/1.1" 404 1089
191.125.43.113 - - [11/Jun/2018:11:05:02 -0300] "POST /cormun/servlet/solicitudot?gx-no-cache=1528725838370 HTTP/1.1" 200 117
191.125.43.113 - - [11/Jun/2018:11:05:02 -0300] "GET /cormun/servlet/solicitudot?4323ce533132b1efabc896b4766fcef1f000ad28a5ce04d2d75331cb0e19c27465bae53353c448375e272476911117bd498f41ef000ad8d71b76946f1a5b2ba4c4633bae7f9aea5e4900b86417e414fb5651a0ee2143140c23ccdb194dba93171ade900370b8da71a8b43fe12bc7f9a4,gx-no-cache=1528725838529 HTTP/1.1" 200 29
