186.67.164.142 - - [08/Jun/2018:12:57:27 -0300] "GET /cormun/servlet/trlicenciaspermisosadjuntos?7329371,20180608000000,L, HTTP/1.1" 200 6325
186.67.164.142 - - [08/Jun/2018:12:57:27 -0300] "GET /cormun/static/gxcfg.js?20177612163414 HTTP/1.1" 200 953
186.67.164.142 - - [08/Jun/2018:12:57:27 -0300] "GET /cormun/servlet/trlicenciaspermisosadjuntos?7329371,20180608000000,L, HTTP/1.1" 200 6325
186.67.164.142 - - [08/Jun/2018:12:57:29 -0300] "GET /cormun/servlet/licenciaspermisosadjuntos?INS,7329371,L,20180608000000,, HTTP/1.1" 200 5624
186.67.164.142 - - [08/Jun/2018:12:57:29 -0300] "GET /cormun/static/gxcfg.js?2017761263592 HTTP/1.1" 200 953
186.67.164.142 - - [08/Jun/2018:12:57:29 -0300] "GET /cormun/static/about:blank HTTP/1.1" 404 1011
186.67.164.142 - - [08/Jun/2018:12:57:29 -0300] "GET /cormun/servlet/licenciaspermisosadjuntos?INS,7329371,L,20180608000000,, HTTP/1.1" 200 5613
186.67.164.142 - - [08/Jun/2018:12:57:42 -0300] "POST /cormun/servlet/licenciaspermisosadjuntos?b50eb644e75d558ecd7a777dd4354553,INS,7329371,L,20180608000000,, HTTP/1.1" 200 116
186.67.164.142 - - [08/Jun/2018:12:57:42 -0300] "GET /cormun/servlet/hpexe_return? HTTP/1.1" 200 1046
186.67.164.142 - - [08/Jun/2018:12:57:43 -0300] "GET /cormun/servlet/trlicenciaspermisosadjuntos?7329371,20180608000000,L, HTTP/1.1" 200 6795
186.67.164.142 - - [08/Jun/2018:12:57:43 -0300] "GET /cormun/servlet/trlicenciaspermisosadjuntos?7329371,20180608000000,L, HTTP/1.1" 200 6791
186.67.164.142 - - [08/Jun/2018:12:57:45 -0300] "POST /cormun/servlet/trlicenciaspermisosadjuntos?b50eb644e75d558ecd7a777dd4354553,7329371,20180608000000,L,,gx-no-cache=1528473402338 HTTP/1.1" 200 90
186.67.164.142 - - [08/Jun/2018:12:57:45 -0300] "GET /cormun/servlet/hpexe_link HTTP/1.1" 200 987
186.67.164.142 - - [08/Jun/2018:12:57:46 -0300] "GET /cormun/servlet/trlicencias HTTP/1.1" 200 13692
186.67.164.142 - - [08/Jun/2018:12:57:46 -0300] "GET /cormun/servlet/trlicencias HTTP/1.1" 200 13690
186.67.164.142 - - [08/Jun/2018:12:57:49 -0300] "GET /cormun/servlet/alicenciaprn?7329371,L,20180608000000,PU HTTP/1.1" 200 1560
200.54.247.70 - - [08/Jun/2018:12:58:16 -0300] "GET /cormun/servlet/trautorizarsolicitud? HTTP/1.1" 200 6303
200.54.247.70 - - [08/Jun/2018:12:58:16 -0300] "GET /cormun/servlet/hlogin HTTP/1.1" 200 1741
200.54.247.70 - - [08/Jun/2018:12:58:16 -0300] "GET /cormun/servlet/trautorizarsolicitud? HTTP/1.1" 200 6301
186.67.164.142 - - [08/Jun/2018:12:58:16 -0300] "POST /cormun/servlet/trlicencias?b50eb644e75d558ecd7a777dd4354553,gx-no-cache=1528473433030 HTTP/1.1" 200 11105
186.67.164.142 - - [08/Jun/2018:12:58:17 -0300] "GET /cormun/static/Shared/jqueryui/images/ui-bg_highlight-soft_100_c6c2c8_1x100.png HTTP/1.1" 404 1117
186.67.164.142 - - [08/Jun/2018:12:58:17 -0300] "GET /cormun/static/Shared/jqueryui/images/ui-icons_82798d_256x240.png HTTP/1.1" 404 1089
186.67.164.142 - - [08/Jun/2018:12:58:17 -0300] "GET /cormun/static/Shared/jqueryui/images/ui-bg_flat_55_fafafa_40x100.png HTTP/1.1" 404 1097
186.67.164.142 - - [08/Jun/2018:12:58:17 -0300] "GET /cormun/static/Shared/jqueryui/images/ui-icons_8d78a5_256x240.png HTTP/1.1" 404 1089
200.54.247.70 - - [08/Jun/2018:12:59:07 -0300] "POST /cormun/servlet/hlogin?f65bf31b740b8e56ca3f63ba682519ec,gx-no-cache=1528473484312 HTTP/1.1" 200 455
200.54.247.70 - - [08/Jun/2018:12:59:32 -0300] "POST /cormun/servlet/hlogin?f65bf31b740b8e56ca3f63ba682519ec,gx-no-cache=1528473509163 HTTP/1.1" 200 455
200.54.247.70 - - [08/Jun/2018:12:59:37 -0300] "POST /cormun/servlet/hlogin?f65bf31b740b8e56ca3f63ba682519ec,gx-no-cache=1528473513949 HTTP/1.1" 200 455
200.54.247.70 - - [08/Jun/2018:12:59:41 -0300] "POST /cormun/servlet/hlogin?f65bf31b740b8e56ca3f63ba682519ec,gx-no-cache=1528473518211 HTTP/1.1" 200 455
200.54.247.70 - - [08/Jun/2018:12:59:44 -0300] "POST /cormun/servlet/hlogin?f65bf31b740b8e56ca3f63ba682519ec,gx-no-cache=1528473520435 HTTP/1.1" 200 454
200.54.247.70 - - [08/Jun/2018:12:59:54 -0300] "POST /cormun/servlet/hlogin?f65bf31b740b8e56ca3f63ba682519ec,gx-no-cache=1528473530507 HTTP/1.1" 200 90
200.54.247.70 - - [08/Jun/2018:12:59:54 -0300] "GET /cormun/servlet/hpexe_link HTTP/1.1" 200 961
200.54.247.70 - - [08/Jun/2018:12:59:54 -0300] "GET /cormun/servlet/trautorizarsolicitud HTTP/1.1" 200 7171
200.54.247.70 - - [08/Jun/2018:12:59:54 -0300] "GET /cormun/servlet/trautorizarsolicitud HTTP/1.1" 200 7170
200.54.247.70 - - [08/Jun/2018:13:00:03 -0300] "GET /cormun/servlet/trautorizarsolicitud? HTTP/1.1" 200 7170
200.54.247.70 - - [08/Jun/2018:13:00:03 -0300] "GET /cormun/servlet/trautorizarsolicitud? HTTP/1.1" 200 7170
186.103.156.24 - - [08/Jun/2018:13:01:12 -0300] "GET /cormun/servlet/licenciaspermisos?b6daa63d191afded8ea8823c564caece753bbdfecefcd9f167de8754e4540187a2ae72f280e59acb2a3d5aa94af2a54c4f816369a775746801d47a47e6d9c2d7e4b0a6e1d8d6376c35bd222141f05abdb9f23bb9f136c14dd3bbe0541a492881b335c44b3960b251b459307138fcbcc151ab3e0a74ca3b5e58a5b096823463bb9474ffa3bd28df1c1efb463e9fe2933483e949307a55792c1de03f6c447343615b06897b3cce2cc51f687fd3936dcb0e93cc5a4c5c06b5018c2c4d340370e044fb7ac3963da63fa684b47e180e8e89f22900165489e22034b816f16fbf124da5,gx-no-cache=1528473611459 HTTP/1.1" 200 30
186.103.156.24 - - [08/Jun/2018:13:01:13 -0300] "POST /cormun/servlet/licenciaspermisos?128537ede2ed544778ded4a173a2d670,INS,0,,,,gx-no-cache=1528473611572 HTTP/1.1" 200 4958
200.54.247.70 - - [08/Jun/2018:13:01:21 -0300] "POST /cormun/servlet/trautorizarsolicitud?f65bf31b740b8e56ca3f63ba682519ec,,gx-no-cache=1528473617346 HTTP/1.1" 200 13611
186.103.156.24 - - [08/Jun/2018:13:02:12 -0300] "GET /cormun/servlet/licenciaspermisos?b6daa63d191afded8ea8823c564caece9ccbd6ff207d48b903fb9e2f28dbc135dbb5bb8f3c9ab48ff639bea4211636e80c9c3eb1342ee9b1cb93e3d1e9cf1483ae6f1e8f6ae1d0036c99e4c9b36f6fec5495a8380787f83357ff8cf3d0e6cc45daa12be5d0ec270241de44db5f200411258b784deccfc28e25640776f2ac72343d45f27f4fa02b5803a2715ad78f7eca4fa615042771a227f5df0bce73df6c7be1b160157e7c80139cbd4d101c086f48cc64869f5e049d2353265e8d2a84528e44289c6e27bd20ac02e2a1c30cb1b56bf48224e2b1e8da2bbecbba3ce704e6c9cb7b2bf54b34d6309e1900a3ce52220e,gx-no-cache=1528473671139 HTTP/1.1" 200 59
186.103.156.24 - - [08/Jun/2018:13:02:13 -0300] "POST /cormun/servlet/licenciaspermisos?128537ede2ed544778ded4a173a2d670,INS,0,,,,gx-no-cache=1528473671496 HTTP/1.1" 200 93
186.103.156.24 - - [08/Jun/2018:13:02:13 -0300] "GET /cormun/servlet/hpexe_return? HTTP/1.1" 200 1017
186.103.156.24 - - [08/Jun/2018:13:02:13 -0300] "GET /cormun/servlet/trlicencias HTTP/1.1" 200 13645
186.103.156.24 - - [08/Jun/2018:13:02:14 -0300] "GET /cormun/servlet/trlicencias HTTP/1.1" 200 13640
186.103.156.24 - - [08/Jun/2018:13:02:17 -0300] "GET /cormun/servlet/alicenciaprn?15191180,L,20180608000000,PU HTTP/1.1" 200 1602
191.126.171.143 - - [08/Jun/2018:13:02:27 -0300] "GET /cormun/servlet/hlogin HTTP/1.1" 200 1718
191.126.171.143 - - [08/Jun/2018:13:02:37 -0300] "POST /cormun/servlet/hlogin?979b532b07f987abf531e2fb4ee3fc84,gx-no-cache=1528473693719 HTTP/1.1" 200 90
191.126.171.143 - - [08/Jun/2018:13:02:37 -0300] "GET /cormun/servlet/hpexe_link HTTP/1.1" 200 958
191.126.171.143 - - [08/Jun/2018:13:02:38 -0300] "GET /cormun/servlet/renuncias?INS,0, HTTP/1.1" 200 6072
191.126.171.143 - - [08/Jun/2018:13:02:39 -0300] "GET /cormun/servlet/renuncias?INS,0, HTTP/1.1" 200 6071
186.103.156.24 - - [08/Jun/2018:13:02:43 -0300] "GET /cormun/servlet/trlicenciaspermisosadjuntos?15191180,20180608000000,L, HTTP/1.1" 200 6590
186.103.156.24 - - [08/Jun/2018:13:02:44 -0300] "GET /cormun/servlet/trlicenciaspermisosadjuntos?15191180,20180608000000,L, HTTP/1.1" 200 6591
186.103.156.24 - - [08/Jun/2018:13:02:45 -0300] "GET /cormun/servlet/licenciaspermisosadjuntos?INS,15191180,L,20180608000000,, HTTP/1.1" 200 5892
186.103.156.24 - - [08/Jun/2018:13:02:45 -0300] "GET /cormun/static/about:blank HTTP/1.1" 404 1011
186.103.156.24 - - [08/Jun/2018:13:02:46 -0300] "GET /cormun/servlet/licenciaspermisosadjuntos?INS,15191180,L,20180608000000,, HTTP/1.1" 200 5882
200.54.247.70 - - [08/Jun/2018:13:02:50 -0300] "POST /cormun/servlet/trautorizarsolicitud?f65bf31b740b8e56ca3f63ba682519ec,,gx-no-cache=1528473706793 HTTP/1.1" 200 13631
200.54.247.70 - - [08/Jun/2018:13:02:51 -0300] "GET /cormun/static/Shared/jqueryui/images/ui-bg_highlight-soft_100_c6c2c8_1x100.png HTTP/1.1" 404 1117
200.54.247.70 - - [08/Jun/2018:13:02:51 -0300] "GET /cormun/static/Shared/jqueryui/images/ui-icons_82798d_256x240.png HTTP/1.1" 404 1089
200.54.247.70 - - [08/Jun/2018:13:02:51 -0300] "GET /cormun/static/Shared/jqueryui/images/ui-bg_flat_55_fafafa_40x100.png HTTP/1.1" 404 1097
200.54.247.70 - - [08/Jun/2018:13:02:51 -0300] "GET /cormun/static/Shared/jqueryui/images/ui-icons_8d78a5_256x240.png HTTP/1.1" 404 1089
191.126.171.143 - - [08/Jun/2018:13:02:56 -0300] "GET /cormun/static/menuarrow.gif HTTP/1.1" 404 1015
191.126.171.143 - - [08/Jun/2018:13:03:00 -0300] "GET /cormun/servlet/renuncias?6b4ff8abab73864cda574e35c4d06cd67556e7c6a484982486491cd9818536a7ec110a0d91a3d3cb0e384783b2355944,gx-no-cache=1528473716694 HTTP/1.1" 200 33
186.103.156.24 - - [08/Jun/2018:13:03:02 -0300] "POST /cormun/servlet/licenciaspermisosadjuntos?128537ede2ed544778ded4a173a2d670,INS,15191180,L,20180608000000,, HTTP/1.1" 200 116
186.103.156.24 - - [08/Jun/2018:13:03:02 -0300] "GET /cormun/servlet/hpexe_return? HTTP/1.1" 200 1048
186.103.156.24 - - [08/Jun/2018:13:03:02 -0300] "GET /cormun/servlet/trlicenciaspermisosadjuntos?15191180,20180608000000,L, HTTP/1.1" 200 7103
186.103.156.24 - - [08/Jun/2018:13:03:03 -0300] "GET /cormun/servlet/trlicenciaspermisosadjuntos?15191180,20180608000000,L, HTTP/1.1" 200 7099
186.103.156.24 - - [08/Jun/2018:13:03:05 -0300] "GET /cormun/servlet/licenciaspermisosadjuntos?INS,15191180,L,20180608000000,, HTTP/1.1" 200 5892
186.103.156.24 - - [08/Jun/2018:13:03:05 -0300] "GET /cormun/static/about:blank HTTP/1.1" 404 1011
186.103.156.24 - - [08/Jun/2018:13:03:05 -0300] "GET /cormun/servlet/licenciaspermisosadjuntos?INS,15191180,L,20180608000000,, HTTP/1.1" 200 5882
186.103.156.24 - - [08/Jun/2018:13:03:09 -0300] "GET /cormun/servlet/trlicencias? HTTP/1.1" 200 13648
186.103.156.24 - - [08/Jun/2018:13:03:10 -0300] "GET /cormun/servlet/trlicencias? HTTP/1.1" 200 13640
186.103.156.24 - - [08/Jun/2018:13:03:13 -0300] "POST /cormun/servlet/trlicencias?128537ede2ed544778ded4a173a2d670,,gx-no-cache=1528473732222 HTTP/1.1" 200 10978
186.103.156.24 - - [08/Jun/2018:13:03:14 -0300] "GET /cormun/static/Shared/jqueryui/images/ui-bg_highlight-soft_100_c6c2c8_1x100.png HTTP/1.1" 404 1117
186.103.156.24 - - [08/Jun/2018:13:03:14 -0300] "GET /cormun/static/Shared/jqueryui/images/ui-icons_82798d_256x240.png HTTP/1.1" 404 1089
186.103.156.24 - - [08/Jun/2018:13:03:14 -0300] "GET /cormun/static/Shared/jqueryui/images/ui-bg_flat_55_fafafa_40x100.png HTTP/1.1" 404 1097
186.103.156.24 - - [08/Jun/2018:13:03:14 -0300] "GET /cormun/static/Shared/jqueryui/images/ui-icons_8d78a5_256x240.png HTTP/1.1" 404 1089
191.126.171.143 - - [08/Jun/2018:13:03:43 -0300] "GET /cormun/servlet/renuncias?6b4ff8abab73864cda574e35c4d06cd6e5a3966bf65e157b7cb2637cc9b21de3b29743242cecaaca40932685f82e013c,gx-no-cache=1528473758919 HTTP/1.1" 200 70
191.126.171.143 - - [08/Jun/2018:13:04:16 -0300] "POST /cormun/servlet/renuncias?979b532b07f987abf531e2fb4ee3fc84,INS,0,,gx-no-cache=1528473792208 HTTP/1.1" 200 93
191.126.171.143 - - [08/Jun/2018:13:04:17 -0300] "GET /cormun/servlet/hpexe_return? HTTP/1.1" 200 1001
191.126.171.143 - - [08/Jun/2018:13:04:17 -0300] "GET /cormun/servlet/trrenuncias HTTP/1.1" 200 7561
191.126.171.143 - - [08/Jun/2018:13:04:18 -0300] "GET /cormun/servlet/trrenuncias HTTP/1.1" 200 7557
191.126.171.143 - - [08/Jun/2018:13:04:24 -0300] "GET /cormun/servlet/trrenunciasadjuntos?167,15524660, HTTP/1.1" 200 5939
191.126.171.143 - - [08/Jun/2018:13:04:25 -0300] "GET /cormun/static/gxcfg.js?20177612185036 HTTP/1.1" 200 953
191.126.171.143 - - [08/Jun/2018:13:04:25 -0300] "GET /cormun/static/trrenunciasadjuntos.js?20177612185280 HTTP/1.1" 200 15250
191.126.171.143 - - [08/Jun/2018:13:04:26 -0300] "GET /cormun/servlet/trrenunciasadjuntos?167,15524660, HTTP/1.1" 200 5940
191.126.171.143 - - [08/Jun/2018:13:04:28 -0300] "GET /cormun/servlet/renunciasadjuntos?INS,167,, HTTP/1.1" 200 5281
191.126.171.143 - - [08/Jun/2018:13:04:28 -0300] "GET /cormun/static/gxcfg.js?2017761273622 HTTP/1.1" 200 953
191.126.171.143 - - [08/Jun/2018:13:04:28 -0300] "GET /cormun/static/renunciasadjuntos.js?2017761273629 HTTP/1.1" 200 5937
191.126.171.143 - - [08/Jun/2018:13:04:28 -0300] "GET /cormun/static/about:blank HTTP/1.1" 404 1011
191.126.171.143 - - [08/Jun/2018:13:04:29 -0300] "GET /cormun/servlet/renunciasadjuntos?INS,167,, HTTP/1.1" 200 5268
186.103.159.46 - - [08/Jun/2018:13:04:58 -0300] "GET /cormun/servlet/trrenuncias? HTTP/1.1" 200 6083
186.103.159.46 - - [08/Jun/2018:13:05:00 -0300] "GET /cormun/servlet/trrenuncias? HTTP/1.1" 200 6077
186.103.159.46 - - [08/Jun/2018:13:05:00 -0300] "GET /cormun/servlet/hlogin HTTP/1.1" 200 1741
191.126.171.143 - - [08/Jun/2018:13:05:05 -0300] "POST /cormun/servlet/renunciasadjuntos?979b532b07f987abf531e2fb4ee3fc84,INS,167,, HTTP/1.1" 200 116
191.126.171.143 - - [08/Jun/2018:13:05:05 -0300] "GET /cormun/servlet/hpexe_return? HTTP/1.1" 200 1019
191.126.171.143 - - [08/Jun/2018:13:05:06 -0300] "GET /cormun/servlet/trrenunciasadjuntos?167,15524660, HTTP/1.1" 200 6352
191.126.171.143 - - [08/Jun/2018:13:05:07 -0300] "GET /cormun/servlet/trrenunciasadjuntos?167,15524660, HTTP/1.1" 200 6349
191.126.171.143 - - [08/Jun/2018:13:05:10 -0300] "GET /cormun/PublicTempStorage/renuncia_jocelyn809624.jpg HTTP/1.1" 200 2243823
186.103.159.46 - - [08/Jun/2018:13:05:13 -0300] "POST /cormun/servlet/hlogin?4deb8a781891cb1adda905723282a387,gx-no-cache=1528473849686 HTTP/1.1" 200 90
186.103.159.46 - - [08/Jun/2018:13:05:13 -0300] "GET /cormun/servlet/hpexe_link HTTP/1.1" 200 959
186.103.159.46 - - [08/Jun/2018:13:05:13 -0300] "GET /cormun/servlet/trrenuncias HTTP/1.1" 200 6653
191.126.171.143 - - [08/Jun/2018:13:05:15 -0300] "GET /cormun/servlet/renunciasadjuntos?INS,167,, HTTP/1.1" 200 5281
191.126.171.143 - - [08/Jun/2018:13:05:16 -0300] "GET /cormun/static/about:blank HTTP/1.1" 404 1011
186.103.159.46 - - [08/Jun/2018:13:05:16 -0300] "GET /cormun/servlet/trrenuncias HTTP/1.1" 200 6651
191.126.171.143 - - [08/Jun/2018:13:05:16 -0300] "GET /cormun/servlet/renunciasadjuntos?INS,167,, HTTP/1.1" 200 5268
191.126.171.143 - - [08/Jun/2018:13:05:19 -0300] "GET /cormun/servlet/trrenunciasadjuntos?167,15524660, HTTP/1.1" 200 6352
191.126.171.143 - - [08/Jun/2018:13:05:21 -0300] "GET /cormun/servlet/trrenunciasadjuntos?167,15524660, HTTP/1.1" 200 6349
186.103.159.46 - - [08/Jun/2018:13:05:21 -0300] "GET /cormun/servlet/renuncias?INS,0, HTTP/1.1" 200 6113
191.126.171.143 - - [08/Jun/2018:13:05:23 -0300] "GET /cormun/PublicTempStorage/renuncia_jocelyn5851841.jpg HTTP/1.1" 200 2243823
186.103.159.46 - - [08/Jun/2018:13:05:23 -0300] "GET /cormun/servlet/renuncias?INS,0, HTTP/1.1" 200 6114
186.103.159.46 - - [08/Jun/2018:13:05:27 -0300] "GET /cormun/static/menuarrow.gif HTTP/1.1" 404 1015
186.103.159.46 - - [08/Jun/2018:13:05:30 -0300] "GET /cormun/servlet/renuncias?acfaae99a18ee7d8d27f46b93a441b3430e136ccfff6d9eee33bbbf9ccfb2c7cfa33a490782cdf432e8d645eed319ac6,gx-no-cache=1528473866468 HTTP/1.1" 200 33
186.103.159.46 - - [08/Jun/2018:13:05:34 -0300] "GET /cormun/servlet/renuncias?acfaae99a18ee7d8d27f46b93a441b340428489d1f9c48c4ed77465ccdd5a40a46e21c083480a7cd2ace8a8df69ed678,gx-no-cache=1528473870643 HTTP/1.1" 200 229
186.103.159.46 - - [08/Jun/2018:13:05:34 -0300] "GET /cormun/static/Shared/jqueryui/images/ui-bg_highlight-soft_100_c6c2c8_1x100.png HTTP/1.1" 404 1117
186.103.159.46 - - [08/Jun/2018:13:05:34 -0300] "GET /cormun/static/Shared/jqueryui/images/ui-icons_82798d_256x240.png HTTP/1.1" 404 1089
186.103.159.46 - - [08/Jun/2018:13:05:34 -0300] "GET /cormun/static/Shared/jqueryui/images/ui-bg_flat_55_994d53_40x100.png HTTP/1.1" 404 1097
186.103.159.46 - - [08/Jun/2018:13:05:34 -0300] "GET /cormun/static/Shared/jqueryui/images/ui-icons_ebccce_256x240.png HTTP/1.1" 404 1089
191.126.171.143 - - [08/Jun/2018:13:05:34 -0300] "GET /cormun/servlet/trrenuncias? HTTP/1.1" 200 7557
191.126.171.143 - - [08/Jun/2018:13:05:34 -0300] "GET /cormun/servlet/trrenuncias? HTTP/1.1" 200 7557
191.126.171.143 - - [08/Jun/2018:13:05:35 -0300] "GET /cormun/servlet/trrenuncias? HTTP/1.1" 200 7557
186.103.159.46 - - [08/Jun/2018:13:05:47 -0300] "GET /cormun/servlet/prcontrato?0,,,MD,,gxPopupLevel%3D0%3B HTTP/1.1" 200 5616
191.126.171.143 - - [08/Jun/2018:13:05:49 -0300] "POST /cormun/servlet/trrenuncias?979b532b07f987abf531e2fb4ee3fc84,,gx-no-cache=1528473885005 HTTP/1.1" 200 4786
191.126.171.143 - - [08/Jun/2018:13:05:49 -0300] "GET /cormun/static/Shared/jqueryui/images/ui-bg_highlight-soft_100_c6c2c8_1x100.png HTTP/1.1" 404 1117
191.126.171.143 - - [08/Jun/2018:13:05:49 -0300] "GET /cormun/static/Shared/jqueryui/images/ui-icons_82798d_256x240.png HTTP/1.1" 404 1089
191.126.171.143 - - [08/Jun/2018:13:05:49 -0300] "GET /cormun/static/Shared/jqueryui/images/ui-bg_flat_55_fafafa_40x100.png HTTP/1.1" 404 1097
191.126.171.143 - - [08/Jun/2018:13:05:49 -0300] "GET /cormun/static/Shared/jqueryui/images/ui-icons_8d78a5_256x240.png HTTP/1.1" 404 1089
191.126.171.143 - - [08/Jun/2018:13:05:59 -0300] "GET /cormun/servlet/hlogin HTTP/1.1" 200 1735
191.126.171.143 - - [08/Jun/2018:13:06:20 -0300] "POST /cormun/servlet/hlogin?979b532b07f987abf531e2fb4ee3fc84,gx-no-cache=1528473916423 HTTP/1.1" 200 90
191.126.171.143 - - [08/Jun/2018:13:06:20 -0300] "GET /cormun/servlet/hpexe_link HTTP/1.1" 200 947
191.126.171.143 - - [08/Jun/2018:13:06:20 -0300] "GET /cormun/servlet/hhome HTTP/1.1" 200 4147
191.126.171.143 - - [08/Jun/2018:13:06:22 -0300] "GET /cormun/servlet/hhome HTTP/1.1" 200 4143
186.103.159.46 - - [08/Jun/2018:13:06:24 -0300] "GET /cormun/servlet/renuncias?acfaae99a18ee7d8d27f46b93a441b34c738b553dbaee66bd434c7459d436dabd23de7e6194cc32edc881e83878f1d3a,gx-no-cache=1528473920817 HTTP/1.1" 200 68
186.103.159.46 - - [08/Jun/2018:13:06:34 -0300] "GET /cormun/servlet/prcontrato?7798370,,,MD,,gxPopupLevel%3D0%3B HTTP/1.1" 200 7536
186.103.159.46 - - [08/Jun/2018:13:06:44 -0300] "POST /cormun/servlet/renuncias?4deb8a781891cb1adda905723282a387,INS,0,,gx-no-cache=1528473940684 HTTP/1.1" 200 3777
186.103.159.46 - - [08/Jun/2018:13:06:56 -0300] "POST /cormun/servlet/renuncias?4deb8a781891cb1adda905723282a387,INS,0,,gx-no-cache=1528473952685 HTTP/1.1" 200 93
186.103.159.46 - - [08/Jun/2018:13:06:56 -0300] "GET /cormun/servlet/hpexe_return? HTTP/1.1" 200 1009
186.103.159.46 - - [08/Jun/2018:13:06:56 -0300] "GET /cormun/servlet/trrenuncias HTTP/1.1" 200 6655
186.103.159.46 - - [08/Jun/2018:13:06:58 -0300] "GET /cormun/servlet/trrenuncias HTTP/1.1" 200 6651
186.103.159.46 - - [08/Jun/2018:13:07:04 -0300] "GET /cormun/servlet/trsolicitudot? HTTP/1.1" 200 7191
186.103.159.46 - - [08/Jun/2018:13:07:04 -0300] "GET /cormun/static/gxcfg.js?2017111422585916 HTTP/1.1" 304 -
186.103.159.46 - - [08/Jun/2018:13:07:06 -0300] "GET /cormun/servlet/trsolicitudot? HTTP/1.1" 200 7191
191.126.171.143 - - [08/Jun/2018:13:08:59 -0300] "GET /cormun/servlet/trautorizarsolicitud? HTTP/1.1" 200 7252
191.126.171.143 - - [08/Jun/2018:13:09:01 -0300] "GET /cormun/servlet/trautorizarsolicitud? HTTP/1.1" 200 7252
186.103.159.46 - - [08/Jun/2018:13:09:18 -0300] "GET /cormun/servlet/trcontratoobservacion? HTTP/1.1" 200 6922
186.103.159.46 - - [08/Jun/2018:13:09:18 -0300] "GET /cormun/static/gxcfg.js?2017525126861 HTTP/1.1" 200 953
186.103.159.46 - - [08/Jun/2018:13:09:20 -0300] "GET /cormun/servlet/trcontratoobservacion? HTTP/1.1" 200 6922
186.103.159.46 - - [08/Jun/2018:13:09:29 -0300] "GET /cormun/servlet/trvisualizadoreventos? HTTP/1.1" 200 6713
186.103.159.46 - - [08/Jun/2018:13:09:31 -0300] "GET /cormun/servlet/trvisualizadoreventos? HTTP/1.1" 200 6712
186.103.159.46 - - [08/Jun/2018:13:09:34 -0300] "GET /cormun/static/menuarrow.gif HTTP/1.1" 404 1015
186.103.159.46 - - [08/Jun/2018:13:09:56 -0300] "POST /cormun/servlet/trvisualizadoreventos?4deb8a781891cb1adda905723282a387,,gx-no-cache=1528474132610 HTTP/1.1" 200 3942
186.103.159.46 - - [08/Jun/2018:13:10:06 -0300] "POST /cormun/servlet/trvisualizadoreventos?4deb8a781891cb1adda905723282a387,,gx-no-cache=1528474143032 HTTP/1.1" 200 7023
191.126.171.143 - - [08/Jun/2018:13:11:19 -0300] "GET /cormun/servlet/trautorizarsolicitud? HTTP/1.1" 200 7252
191.126.171.143 - - [08/Jun/2018:13:11:20 -0300] "GET /cormun/servlet/trautorizarsolicitud? HTTP/1.1" 200 7252
191.126.171.143 - - [08/Jun/2018:13:12:57 -0300] "GET /cormun/servlet/trsolicitudot? HTTP/1.1" 200 7354
191.126.171.143 - - [08/Jun/2018:13:12:58 -0300] "GET /cormun/servlet/trsolicitudot? HTTP/1.1" 200 7354
191.126.171.143 - - [08/Jun/2018:13:13:18 -0300] "GET /cormun/servlet/solicitudot?INS,0,0, HTTP/1.1" 200 13587
191.126.171.143 - - [08/Jun/2018:13:13:19 -0300] "GET /cormun/servlet/solicitudot?INS,0,0, HTTP/1.1" 200 13592
191.126.171.143 - - [08/Jun/2018:13:13:27 -0300] "POST /cormun/servlet/solicitudot?979b532b07f987abf531e2fb4ee3fc84,INS,0,0,,gx-no-cache=1528474343168 HTTP/1.1" 200 10747
191.126.171.143 - - [08/Jun/2018:13:13:27 -0300] "GET /cormun/static/Shared/jqueryui/images/ui-bg_highlight-soft_100_c6c2c8_1x100.png HTTP/1.1" 404 1117
191.126.171.143 - - [08/Jun/2018:13:13:28 -0300] "GET /cormun/static/Shared/jqueryui/images/ui-icons_82798d_256x240.png HTTP/1.1" 404 1089
191.126.171.143 - - [08/Jun/2018:13:13:28 -0300] "GET /cormun/static/Shared/jqueryui/images/ui-icons_ebccce_256x240.png HTTP/1.1" 404 1089
191.126.171.143 - - [08/Jun/2018:13:13:28 -0300] "GET /cormun/static/Shared/jqueryui/images/ui-bg_flat_55_994d53_40x100.png HTTP/1.1" 404 1097
191.126.171.143 - - [08/Jun/2018:13:14:00 -0300] "POST /cormun/servlet/solicitudot?gx-no-cache=1528474376350 HTTP/1.1" 200 3302
191.126.171.143 - - [08/Jun/2018:13:14:01 -0300] "POST /cormun/servlet/solicitudot?979b532b07f987abf531e2fb4ee3fc84,INS,0,0,,gx-no-cache=1528474377065 HTTP/1.1" 200 10522
186.103.159.46 - - [08/Jun/2018:13:14:28 -0300] "GET /cormun/servlet/trrenuncias? HTTP/1.1" 200 6652
186.103.159.46 - - [08/Jun/2018:13:14:29 -0300] "GET /cormun/servlet/trrenuncias? HTTP/1.1" 200 6651
186.103.159.46 - - [08/Jun/2018:13:14:34 -0300] "GET /cormun/servlet/renuncias?INS,0, HTTP/1.1" 200 6113
186.103.159.46 - - [08/Jun/2018:13:14:36 -0300] "GET /cormun/servlet/renuncias?INS,0, HTTP/1.1" 200 6114
186.103.159.46 - - [08/Jun/2018:13:14:40 -0300] "GET /cormun/static/menuarrow.gif HTTP/1.1" 404 1015
186.103.159.46 - - [08/Jun/2018:13:14:41 -0300] "GET /cormun/servlet/renuncias?acfaae99a18ee7d8d27f46b93a441b3430e136ccfff6d9eee33bbbf9ccfb2c7cfa33a490782cdf432e8d645eed319ac6,gx-no-cache=1528474418289 HTTP/1.1" 200 33
191.126.171.143 - - [08/Jun/2018:13:14:53 -0300] "POST /cormun/servlet/solicitudot?979b532b07f987abf531e2fb4ee3fc84,INS,0,0,,gx-no-cache=1528474429186 HTTP/1.1" 200 11991
186.103.159.46 - - [08/Jun/2018:13:14:54 -0300] "GET /cormun/servlet/renuncias?acfaae99a18ee7d8d27f46b93a441b34c738b553dbaee66bd434c7459d436dabd23de7e6194cc32edc881e83878f1d3a,gx-no-cache=1528474430922 HTTP/1.1" 200 68
186.103.159.46 - - [08/Jun/2018:13:14:58 -0300] "GET /cormun/servlet/prcontrato?7798370,,,MD,,gxPopupLevel%3D0%3B HTTP/1.1" 200 7535
186.103.159.46 - - [08/Jun/2018:13:15:12 -0300] "POST /cormun/servlet/renuncias?4deb8a781891cb1adda905723282a387,INS,0,,gx-no-cache=1528474448868 HTTP/1.1" 200 93
186.103.159.46 - - [08/Jun/2018:13:15:12 -0300] "GET /cormun/servlet/hpexe_return? HTTP/1.1" 200 1009
186.103.159.46 - - [08/Jun/2018:13:15:13 -0300] "GET /cormun/servlet/trrenuncias HTTP/1.1" 200 7450
186.103.159.46 - - [08/Jun/2018:13:15:14 -0300] "GET /cormun/servlet/trrenuncias HTTP/1.1" 200 7446
186.103.159.46 - - [08/Jun/2018:13:15:21 -0300] "GET /cormun/servlet/arenunciaprn?168,PU HTTP/1.1" 200 1543
191.126.171.143 - - [08/Jun/2018:13:15:32 -0300] "GET /cormun/servlet/solicitudot?94540a5e60dae5f69c8dd435ec93a50dd4b417eee8744e8381f2e1de10636e04e954f331b8175354f7a9863dd72eb660,gx-no-cache=1528474468510 HTTP/1.1" 200 111
190.46.88.10 - - [08/Jun/2018:13:18:20 -0300] "GET /cormun/servlet/hlogin HTTP/1.1" 200 1725
190.46.88.10 - - [08/Jun/2018:13:18:20 -0300] "GET /cormun/static/gxcfg.js?20175251213516 HTTP/1.1" 304 -
190.46.88.10 - - [08/Jun/2018:13:18:20 -0300] "GET /favicon.ico HTTP/1.1" 200 21630
190.46.88.10 - - [08/Jun/2018:13:18:32 -0300] "POST /cormun/servlet/hlogin?a03a0fc8a66fb8f66521b45e42e01fc2,gx-no-cache=1528474649322 HTTP/1.1" 200 90
190.46.88.10 - - [08/Jun/2018:13:18:32 -0300] "GET /cormun/servlet/hpexe_link HTTP/1.1" 200 953
190.46.88.10 - - [08/Jun/2018:13:18:33 -0300] "GET /cormun/static/gxcfg.js?20177612121792 HTTP/1.1" 304 -
190.46.88.10 - - [08/Jun/2018:13:18:33 -0300] "GET /cormun/servlet/hhome HTTP/1.1" 200 4238
190.46.88.10 - - [08/Jun/2018:13:18:33 -0300] "GET /cormun/static/gxcfg.js?20175251212442 HTTP/1.1" 304 -
190.46.88.10 - - [08/Jun/2018:13:18:33 -0300] "GET /cormun/servlet/hhome HTTP/1.1" 200 4234
186.79.91.112 - - [08/Jun/2018:13:18:41 -0300] "GET /cormun/servlet/trautorizarsolicitud? HTTP/1.1" 200 8784
186.79.91.112 - - [08/Jun/2018:13:18:42 -0300] "GET /cormun/servlet/trautorizarsolicitud? HTTP/1.1" 200 8782
190.46.88.10 - - [08/Jun/2018:13:18:42 -0300] "GET /cormun//static/Resources/PXToolsGridUpdate.png HTTP/1.1" 200 2984
190.46.88.10 - - [08/Jun/2018:13:18:42 -0300] "GET /cormun//static/Resources/PXToolsActionView.png HTTP/1.1" 200 2995
190.46.88.10 - - [08/Jun/2018:13:18:42 -0300] "GET /cormun//static/Resources/PXToolsRemoveAllAction.png HTTP/1.1" 200 3558
186.79.91.112 - - [08/Jun/2018:13:18:42 -0300] "GET /cormun//static/Resources/PXToolsGridDelete.png HTTP/1.1" 200 357
191.126.171.143 - - [08/Jun/2018:13:18:46 -0300] "GET /cormun/servlet/prfichaempleado?,MD,,gxPopupLevel%3D0%3B HTTP/1.1" 200 9287
186.103.157.98 - - [08/Jun/2018:13:18:50 -0300] "GET /cormun/servlet/hlogin HTTP/1.1" 200 1723
186.103.157.98 - - [08/Jun/2018:13:19:04 -0300] "POST /cormun/servlet/hlogin?c070f5252675e4002e987e7f57b77455,gx-no-cache=1528474682613 HTTP/1.1" 200 90
186.103.157.98 - - [08/Jun/2018:13:19:04 -0300] "GET /cormun/servlet/hpexe_link HTTP/1.1" 200 949
186.103.157.98 - - [08/Jun/2018:13:19:04 -0300] "GET /cormun/servlet/hhome HTTP/1.1" 200 4250
186.103.157.98 - - [08/Jun/2018:13:19:04 -0300] "GET /cormun/servlet/hhome HTTP/1.1" 200 4246
186.103.157.98 - - [08/Jun/2018:13:19:07 -0300] "GET /cormun/servlet/trsolicitudot? HTTP/1.1" 200 8835
186.103.157.98 - - [08/Jun/2018:13:19:08 -0300] "GET /cormun/servlet/trsolicitudot? HTTP/1.1" 200 8833
186.103.157.98 - - [08/Jun/2018:13:19:11 -0300] "GET /cormun/servlet/solicitudot?INS,0,0, HTTP/1.1" 200 13704
186.103.157.98 - - [08/Jun/2018:13:19:11 -0300] "GET /cormun/servlet/solicitudot?INS,0,0, HTTP/1.1" 200 13709
186.103.159.182 - - [08/Jun/2018:13:19:13 -0300] "GET /cormun/servlet/hlogin HTTP/1.1" 200 1720
186.103.159.182 - - [08/Jun/2018:13:19:15 -0300] "GET /cormun/servlet/hlogin HTTP/1.1" 200 1729
186.103.159.182 - - [08/Jun/2018:13:19:17 -0300] "POST /cormun/servlet/hlogin?9068c53f414a0c232cbdf16c47485317,gx-no-cache=1528471054056 HTTP/1.1" 200 90
186.103.159.182 - - [08/Jun/2018:13:19:17 -0300] "GET /cormun/servlet/hpexe_link HTTP/1.1" 200 952
186.103.159.182 - - [08/Jun/2018:13:19:17 -0300] "GET /cormun/servlet/hhome HTTP/1.1" 200 4259
186.103.159.182 - - [08/Jun/2018:13:19:19 -0300] "GET /cormun/servlet/hhome HTTP/1.1" 200 4255
186.103.159.182 - - [08/Jun/2018:13:19:21 -0300] "GET /cormun/servlet/trlicencias? HTTP/1.1" 200 13696
186.103.157.98 - - [08/Jun/2018:13:19:22 -0300] "POST /cormun/servlet/solicitudot?gx-no-cache=1528474700844 HTTP/1.1" 200 3302
186.103.157.98 - - [08/Jun/2018:13:19:23 -0300] "POST /cormun/servlet/solicitudot?c070f5252675e4002e987e7f57b77455,INS,0,0,,gx-no-cache=1528474701323 HTTP/1.1" 200 10461
186.103.159.182 - - [08/Jun/2018:13:19:23 -0300] "GET /cormun/servlet/trlicencias? HTTP/1.1" 200 13693
186.103.157.98 - - [08/Jun/2018:13:19:25 -0300] "GET /cormun/servlet/solicitudot?ddf1d535c4ff346046a8874520be4ce7200b232f6415811602ab8601c37ad41c47e87a8cd1c8f3ef135a4935ba51f230,gx-no-cache=1528474703912 HTTP/1.1" 200 30
186.103.159.182 - - [08/Jun/2018:13:19:27 -0300] "GET /cormun/servlet/licenciaspermisos?INS,0,,, HTTP/1.1" 200 7800
186.79.91.112 - - [08/Jun/2018:13:19:27 -0300] "POST /cormun/servlet/trautorizarsolicitud?a03a0fc8a66fb8f66521b45e42e01fc2,,gx-no-cache=1528474703412 HTTP/1.1" 200 4640
186.79.91.112 - - [08/Jun/2018:13:19:27 -0300] "GET /cormun/static/Shared/jqueryui/images/ui-bg_highlight-soft_100_c6c2c8_1x100.png HTTP/1.1" 404 1117
190.46.88.10 - - [08/Jun/2018:13:19:27 -0300] "GET /cormun/static/Shared/jqueryui/images/ui-icons_82798d_256x240.png HTTP/1.1" 404 1089
190.46.88.10 - - [08/Jun/2018:13:19:27 -0300] "GET /cormun/static/Shared/jqueryui/images/ui-bg_flat_55_fafafa_40x100.png HTTP/1.1" 404 1097
191.126.171.143 - - [08/Jun/2018:13:19:27 -0300] "POST /cormun/servlet/prfichaempleado?979b532b07f987abf531e2fb4ee3fc84,,MD,,gxPopupLevel%3D0%3B,gx-no-cache=1528474702664 HTTP/1.1" 200 3190
186.79.91.112 - - [08/Jun/2018:13:19:27 -0300] "GET /cormun/static/Shared/jqueryui/images/ui-icons_8d78a5_256x240.png HTTP/1.1" 404 1089
190.46.88.10 - - [08/Jun/2018:13:19:28 -0300] "POST /cormun/servlet/trautorizarsolicitud?a03a0fc8a66fb8f66521b45e42e01fc2,,gx-no-cache=1528474704317 HTTP/1.1" 200 4379
186.103.159.182 - - [08/Jun/2018:13:19:29 -0300] "GET /cormun/servlet/licenciaspermisos?INS,0,,, HTTP/1.1" 200 7808
186.103.159.182 - - [08/Jun/2018:13:19:39 -0300] "GET /cormun/servlet/prfichaempleado?,MD,,gxPopupLevel%3D0%3B HTTP/1.1" 200 9429
186.103.159.182 - - [08/Jun/2018:13:19:52 -0300] "POST /cormun/servlet/prfichaempleado?9068c53f414a0c232cbdf16c47485317,,MD,,gxPopupLevel%3D0%3B,gx-no-cache=1528471088871 HTTP/1.1" 200 5154
186.103.159.182 - - [08/Jun/2018:13:20:16 -0300] "POST /cormun/servlet/prfichaempleado?9068c53f414a0c232cbdf16c47485317,,MD,,gxPopupLevel%3D0%3B,gx-no-cache=1528471113537 HTTP/1.1" 200 3184
186.103.159.182 - - [08/Jun/2018:13:20:55 -0300] "POST /cormun/servlet/prfichaempleado?9068c53f414a0c232cbdf16c47485317,,MD,,gxPopupLevel%3D0%3B,gx-no-cache=1528471151482 HTTP/1.1" 200 5154
190.46.88.10 - - [08/Jun/2018:13:22:10 -0300] "GET /cormun/servlet/hlogin HTTP/1.1" 200 1716
190.46.88.10 - - [08/Jun/2018:13:22:11 -0300] "GET /cormun/servlet/hlogin HTTP/1.1" 200 1726
190.46.88.10 - - [08/Jun/2018:13:22:18 -0300] "POST /cormun/servlet/hlogin?e185081807dc2e04a5ee44954dae4b57,gx-no-cache=1528474876869 HTTP/1.1" 200 90
190.46.88.10 - - [08/Jun/2018:13:22:18 -0300] "GET /cormun/servlet/hpexe_link HTTP/1.1" 200 948
190.46.88.10 - - [08/Jun/2018:13:22:18 -0300] "GET /cormun/servlet/hhome HTTP/1.1" 200 4229
190.46.88.10 - - [08/Jun/2018:13:22:20 -0300] "GET /cormun/servlet/hhome HTTP/1.1" 200 4225
190.46.88.10 - - [08/Jun/2018:13:22:23 -0300] "GET /cormun/servlet/trsolicitudot? HTTP/1.1" 200 7444
190.46.88.10 - - [08/Jun/2018:13:22:24 -0300] "GET /cormun/servlet/trsolicitudot? HTTP/1.1" 200 7443
190.46.88.10 - - [08/Jun/2018:13:22:26 -0300] "GET /cormun/servlet/solicitudot?INS,0,0, HTTP/1.1" 200 13677
190.46.88.10 - - [08/Jun/2018:13:22:26 -0300] "GET /cormun/static/gxcfg.js?201812313224582 HTTP/1.1" 200 953
190.46.88.10 - - [08/Jun/2018:13:22:27 -0300] "GET /cormun/servlet/solicitudot?INS,0,0, HTTP/1.1" 200 13682
186.79.91.112 - - [08/Jun/2018:13:22:37 -0300] "POST /cormun/servlet/solicitudot?gx-no-cache=1528474895462 HTTP/1.1" 200 3303
186.103.157.98 - - [08/Jun/2018:13:22:37 -0300] "POST /cormun/servlet/solicitudot?c070f5252675e4002e987e7f57b77455,INS,0,0,,gx-no-cache=1528474895765 HTTP/1.1" 200 10630
186.103.157.98 - - [08/Jun/2018:13:22:37 -0300] "GET /cormun/static/Shared/jqueryui/images/ui-bg_highlight-soft_100_c6c2c8_1x100.png HTTP/1.1" 404 1117
186.103.157.98 - - [08/Jun/2018:13:22:37 -0300] "GET /cormun/static/Shared/jqueryui/images/ui-bg_flat_55_fafafa_40x100.png HTTP/1.1" 404 1097
186.103.157.98 - - [08/Jun/2018:13:22:37 -0300] "GET /cormun/static/Shared/jqueryui/images/ui-icons_82798d_256x240.png HTTP/1.1" 404 1089
186.103.157.98 - - [08/Jun/2018:13:22:37 -0300] "GET /cormun/static/Shared/jqueryui/images/ui-icons_8d78a5_256x240.png HTTP/1.1" 404 1089
186.79.91.112 - - [08/Jun/2018:13:22:38 -0300] "POST /cormun/servlet/solicitudot?e185081807dc2e04a5ee44954dae4b57,INS,0,0,,gx-no-cache=1528474896281 HTTP/1.1" 200 10455
186.103.157.98 - - [08/Jun/2018:13:22:41 -0300] "GET /cormun/servlet/solicitudot?ddf1d535c4ff346046a8874520be4ce77132b8bd530367c67c82e6e0646abaa8bb9a3306bddddc57025ec4b469d56b9beecc05b0d90f0596516ce39bafa5e332,gx-no-cache=1528474899433 HTTP/1.1" 200 30
186.103.157.98 - - [08/Jun/2018:13:22:41 -0300] "GET /cormun/servlet/solicitudot?ddf1d535c4ff346046a8874520be4ce7ba4d2701a619968f302329d23a917ec9,gx-no-cache=1528474899484 HTTP/1.1" 200 29
186.79.91.112 - - [08/Jun/2018:13:22:43 -0300] "GET /cormun/servlet/solicitudot?6a44398776e6dac11eacac0c06f6b19f91860495faa77802c39620c17f8399c3e25f6d990b042fab1f893026f1776c66,gx-no-cache=1528474901973 HTTP/1.1" 200 30
186.103.157.98 - - [08/Jun/2018:13:22:50 -0300] "POST /cormun/servlet/solicitudot?gx-no-cache=1528474908843 HTTP/1.1" 200 297
186.103.157.98 - - [08/Jun/2018:13:22:50 -0300] "GET /cormun/servlet/solicitudot?ddf1d535c4ff346046a8874520be4ce7acad91d7700d27f1b4ca3e8cc09bdf6f25a1692c17555bda36c3b83f29a226734a8b100e23a9a8638ddfdde50f02cbdbc7eee75bfb3d376632205b98d87f91c9a20b9400c8a03261eb2cf1c351b4e3641cd9a0998c7bb281603d735e973e9db0b34328f6d221300d8a55ea579dac25bee1c8b2ca87ed28d03db0028ceef46dc3747dbd84fbc15081c1dc82af08c986718e293366f84f1a5d6bd58f5dcf5a32a3c2cee292a946abdb8ad9eb95cd52667d0ed4014742ca2be5fe7f38d2cbed2c15604a14c31d62a2e4893e7bc938ee04612cf50e81d193e149dc8d5867961c721ebd5129b07fd404294a29bc2401a1538c12215a6d20e029deb1fdc0021cfbed7184177370628ddaacdd993e92cac223c9fde2fbeef392e407e295533d0604b9608242f7dc2fb84d457e9c05113206ceb0804b0aefdceb01d80978437a2108bfb1da918f764f0d833481fcb3cadcd27c90a22cb20664254ccbd7a6abcfd2dd72f62a15a22187a0ebcd87e447a1ad346a333ba2d9f7b5ab7801fa25029f27ebf9f1,gx-no-cache=1528474908904 HTTP/1.1" 200 30
186.103.157.98 - - [08/Jun/2018:13:22:53 -0300] "POST /cormun/servlet/solicitudot?gx-no-cache=1528474911457 HTTP/1.1" 200 30
186.103.157.98 - - [08/Jun/2018:13:22:54 -0300] "POST /cormun/servlet/solicitudot?gx-no-cache=1528474912903 HTTP/1.1" 200 1369
186.103.157.98 - - [08/Jun/2018:13:22:54 -0300] "POST /cormun/servlet/solicitudot?gx-no-cache=1528474912990 HTTP/1.1" 200 38
186.103.157.98 - - [08/Jun/2018:13:23:20 -0300] "GET /cormun/servlet/solicitudot?ddf1d535c4ff346046a8874520be4ce7a94d9678ca8bb8a2da4fe10d7f69ce06079c9981c3e4fd7a6f2db84d5ae0669a5ddaed3ce2ba26aa2cd952872e3722cf49d928accd233f7953936c587502024f90208f437a1ba487dc27c8599ee4fa0af3cbda694b140a93e9cbb31385da5d12,gx-no-cache=1528474938453 HTTP/1.1" 200 29
186.103.157.98 - - [08/Jun/2018:13:23:20 -0300] "POST /cormun/servlet/solicitudot?gx-no-cache=1528474938582 HTTP/1.1" 200 1350
186.103.157.98 - - [08/Jun/2018:13:23:21 -0300] "POST /cormun/servlet/solicitudot?gx-no-cache=1528474939188 HTTP/1.1" 200 1249
191.126.171.143 - - [08/Jun/2018:13:23:21 -0300] "GET /cormun/servlet/solicitudot?94540a5e60dae5f69c8dd435ec93a50d3d8ae75d48ee29f06afbdca42e6164b69c364d48b77ec3b1ec0fcdfb6d875791,gx-no-cache=1528474936693 HTTP/1.1" 200 30
186.103.157.98 - - [08/Jun/2018:13:23:48 -0300] "GET /cormun/static/menuarrow.gif HTTP/1.1" 404 1015
186.103.157.98 - - [08/Jun/2018:13:23:54 -0300] "GET /cormun/servlet/solicitudot?ddf1d535c4ff346046a8874520be4ce7ea6f65e3042b381c48173723e622c67364b430127ef1676614e80578f9e990ce,gx-no-cache=1528474972548 HTTP/1.1" 200 30
186.103.157.98 - - [08/Jun/2018:13:24:16 -0300] "POST /cormun/servlet/solicitudot?gx-no-cache=1528474995165 HTTP/1.1" 200 30
186.79.91.112 - - [08/Jun/2018:13:24:32 -0300] "GET /cormun/servlet/prbanco?,MD,,gxPopupLevel%3D0%3B HTTP/1.1" 200 6671
186.79.91.112 - - [08/Jun/2018:13:24:32 -0300] "GET /cormun/static/gxcfg.js?20181161016094 HTTP/1.1" 200 953
186.103.157.98 - - [08/Jun/2018:13:24:32 -0300] "POST /cormun/servlet/solicitudot?c070f5252675e4002e987e7f57b77455,INS,0,0,,gx-no-cache=1528475010909 HTTP/1.1" 200 12011
190.46.88.10 - - [08/Jun/2018:13:24:32 -0300] "GET /cormun/static/prbanco.js?2018116101633 HTTP/1.1" 200 10693
186.103.157.98 - - [08/Jun/2018:13:24:33 -0300] "GET /cormun/static/Shared/jqueryui/images/ui-bg_flat_55_994d53_40x100.png HTTP/1.1" 404 1097
186.103.157.98 - - [08/Jun/2018:13:24:33 -0300] "GET /cormun/static/Shared/jqueryui/images/ui-icons_ebccce_256x240.png HTTP/1.1" 404 1089
186.79.91.112 - - [08/Jun/2018:13:24:38 -0300] "GET /cormun/servlet/solicitudot?6a44398776e6dac11eacac0c06f6b19f047378812135b826db676acc89c4886d4a7141160bedbbee31378b6664347a2de25f6d990b042fab1f893026f1776c66,gx-no-cache=1528475017142 HTTP/1.1" 200 30
186.79.91.112 - - [08/Jun/2018:13:24:45 -0300] "GET /cormun/servlet/solicitudot?6a44398776e6dac11eacac0c06f6b19ffc556a09ecafcfa9ce61502e1316419f,gx-no-cache=1528475023956 HTTP/1.1" 200 53
186.103.157.98 - - [08/Jun/2018:13:24:51 -0300] "GET /cormun/servlet/solicitudot?ddf1d535c4ff346046a8874520be4ce7acad91d7700d27f1b4ca3e8cc09bdf6f25a1692c17555bda36c3b83f29a226734a8b100e23a9a8638ddfdde50f02cbdbc7eee75bfb3d376632205b98d87f91c9a20b9400c8a03261eb2cf1c351b4e3641cd9a0998c7bb281603d735e973e9db0b34328f6d221300d8a55ea579dac25bee1c8b2ca87ed28d03db0028ceef46dc3747dbd84fbc15081c1dc82af08c986718e293366f84f1a5d6bd58f5dcf5a32a3c2cee292a946abdb8ad9eb95cd52667d0ed4014742ca2be5fe7f38d2cbed2c15604a14c31d62a2e4893e7bc938ee04612cf50e81d193e149dc8d5867961c721ebd5129b07fd404294a29bc2401a1538c12215a6d20e029deb1fdc0021cfbed7184177370628ddaacdd993e92cac223c9fde2fbeef392e407e295533d0604b9608242f7dc2fb84d457e9c05113206ceb0804b0aefdceb01d80978437a2108bfb1da918f764f0d833481fcb3cadcd27c90a22cb20664254ccbd7a6abcfd2dd72f6b01c5a060a49e38b633304b305c25cb43ba2d9f7b5ab7801fa25029f27ebf9f1,gx-no-cache=1528475029862 HTTP/1.1" 200 30
186.103.157.98 - - [08/Jun/2018:13:24:51 -0300] "POST /cormun/servlet/solicitudot?gx-no-cache=1528475030078 HTTP/1.1" 200 30
186.103.157.98 - - [08/Jun/2018:13:24:51 -0300] "POST /cormun/servlet/solicitudot?gx-no-cache=1528475030148 HTTP/1.1" 200 1368
186.103.157.98 - - [08/Jun/2018:13:24:52 -0300] "POST /cormun/servlet/solicitudot?gx-no-cache=1528475030251 HTTP/1.1" 200 41
186.103.157.98 - - [08/Jun/2018:13:24:52 -0300] "POST /cormun/servlet/solicitudot?gx-no-cache=1528475030318 HTTP/1.1" 200 1350
186.103.157.98 - - [08/Jun/2018:13:24:52 -0300] "POST /cormun/servlet/solicitudot?gx-no-cache=1528475030447 HTTP/1.1" 200 1249
186.103.157.98 - - [08/Jun/2018:13:24:52 -0300] "GET /cormun/servlet/solicitudot?ddf1d535c4ff346046a8874520be4ce7ea6f65e3042b381c48173723e622c67364b430127ef1676614e80578f9e990ce,gx-no-cache=1528475030540 HTTP/1.1" 200 30
186.103.157.98 - - [08/Jun/2018:13:24:52 -0300] "POST /cormun/servlet/solicitudot?gx-no-cache=1528475030624 HTTP/1.1" 200 30
186.103.157.98 - - [08/Jun/2018:13:24:52 -0300] "POST /cormun/servlet/solicitudot?c070f5252675e4002e987e7f57b77455,INS,0,0,,gx-no-cache=1528475030715 HTTP/1.1" 200 93
186.103.157.98 - - [08/Jun/2018:13:24:52 -0300] "GET /cormun/servlet/hpexe_return? HTTP/1.1" 200 1005
186.103.157.98 - - [08/Jun/2018:13:24:52 -0300] "GET /cormun/static/gxcfg.js?2016101716175148 HTTP/1.1" 304 -
186.103.157.98 - - [08/Jun/2018:13:24:53 -0300] "GET /cormun/servlet/trsolicitudot HTTP/1.1" 200 9276
186.103.157.98 - - [08/Jun/2018:13:24:53 -0300] "GET /cormun/servlet/trsolicitudot HTTP/1.1" 200 9272
186.103.157.98 - - [08/Jun/2018:13:25:00 -0300] "POST /cormun/servlet/trsolicitudot?c070f5252675e4002e987e7f57b77455,gx-no-cache=1528475039129 HTTP/1.1" 200 107
186.103.157.98 - - [08/Jun/2018:13:25:01 -0300] "GET /cormun/servlet/trsolicitudadjuntos?2018,11675, HTTP/1.1" 200 6348
186.103.157.98 - - [08/Jun/2018:13:25:01 -0300] "GET /cormun/static/Shared/ext/resources/css/ext-all.css?205870 HTTP/1.1" 304 -
186.103.157.98 - - [08/Jun/2018:13:25:01 -0300] "GET /cormun/static/gxcfg.js?20177612135366 HTTP/1.1" 200 953
186.103.157.98 - - [08/Jun/2018:13:25:01 -0300] "GET /cormun/static/trsolicitudadjuntos.js?20177612135632 HTTP/1.1" 200 17922
186.103.157.98 - - [08/Jun/2018:13:25:01 -0300] "GET /cormun/servlet/trsolicitudadjuntos?2018,11675, HTTP/1.1" 200 6348
186.79.91.112 - - [08/Jun/2018:13:25:04 -0300] "POST /cormun/servlet/solicitudot?gx-no-cache=1528475043032 HTTP/1.1" 200 297
186.103.157.98 - - [08/Jun/2018:13:25:05 -0300] "GET /cormun/servlet/solicitudotadjuntos?INS,2018,11675,,1, HTTP/1.1" 200 6295
186.103.157.98 - - [08/Jun/2018:13:25:05 -0300] "GET /cormun/static/gxcfg.js?2017761244068 HTTP/1.1" 200 953
186.103.157.98 - - [08/Jun/2018:13:25:05 -0300] "GET /cormun/static/solicitudotadjuntos.js?2017761244086 HTTP/1.1" 200 11771
186.103.157.98 - - [08/Jun/2018:13:25:05 -0300] "GET /cormun/static/about:blank HTTP/1.1" 404 1011
186.103.157.98 - - [08/Jun/2018:13:25:05 -0300] "GET /cormun/servlet/solicitudotadjuntos?INS,2018,11675,,1, HTTP/1.1" 200 6288
186.79.91.112 - - [08/Jun/2018:13:25:05 -0300] "GET /cormun/servlet/solicitudot?6a44398776e6dac11eacac0c06f6b19f0ee6328319977793b419623f49441c2cdec6968a2d88f4024bf313093ebd71ef26bacf82edc66c1f09e3d68dab9ffce5b331660a1b88b1449525108ef2e4c9a1cdfc502e85e22e6c918568c939f205f5eb562a73c09a44d5f1a4189105104f76ec507f318b047662c387a25dbec8953eec3d2948a1b24770ee81f9aa153c540994e37f0ff5f932ec3ec5c830d72baa82e683a2ee4f58f1772e9ee4d6e3bd029321a810fce602fd3146d826de7b702b8666df440ab92c96fd72ef228cc41160386cb125669e5b4c7fcd73ea1f7506c7aa5408ef3674329559ea31484962cdde1a8a315863acdfb33c4f617d44ed55a94b61f69542757857ccbdacfdb07323765e6b582a7c2feb0750aa58d22ab991b5b38302160a13e4089a754836818584af83397558473261e298b3be20a2141d41574f09087c5cf78ae77cc94c2cbee5d4d5e3b64dda6d68f3690b74f673071f7e6eff9a3c9a5a84fede5ce094722c0607f668a5f6c27df423ca74791690f9e548a5108f1e38b4bdb04d0fcf583a5ff40e4d,gx-no-cache=1528475044441 HTTP/1.1" 200 30
186.103.157.98 - - [08/Jun/2018:13:25:06 -0300] "GET /cormun/servlet/solicitudotadjuntos?ddf1d535c4ff346046a8874520be4ce7aca9d8d5c308b7f1df76ee68961ff63e119e7e47d0f00fc2812096b7e9741196,gx-no-cache=1528475044372 HTTP/1.1" 200 30
186.103.157.98 - - [08/Jun/2018:13:25:06 -0300] "POST /cormun/servlet/solicitudotadjuntos?c070f5252675e4002e987e7f57b77455,INS,2018,11675,,1,,gx-no-cache=1528475044438 HTTP/1.1" 200 3989
186.103.157.98 - - [08/Jun/2018:13:25:10 -0300] "POST /cormun/servlet/solicitudotadjuntos?gx-no-cache=1528475048533 HTTP/1.1" 200 26
186.79.91.112 - - [08/Jun/2018:13:25:20 -0300] "POST /cormun/servlet/solicitudot?gx-no-cache=1528475059509 HTTP/1.1" 200 30
186.79.91.112 - - [08/Jun/2018:13:25:22 -0300] "GET /cormun/servlet/prcontratosol?15994241,,,,,MD,,gxPopupLevel%3D0%3B HTTP/1.1" 200 7546
190.46.88.10 - - [08/Jun/2018:13:25:23 -0300] "GET /cormun/static/gxcfg.js?201761413223964 HTTP/1.1" 200 953
186.79.91.112 - - [08/Jun/2018:13:25:27 -0300] "POST /cormun/servlet/solicitudot?gx-no-cache=1528475065959 HTTP/1.1" 200 1369
186.79.91.112 - - [08/Jun/2018:13:25:27 -0300] "POST /cormun/servlet/solicitudot?gx-no-cache=1528475066283 HTTP/1.1" 200 38
186.79.91.112 - - [08/Jun/2018:13:25:27 -0300] "GET /cormun/servlet/solicitudot?6a44398776e6dac11eacac0c06f6b19f94ad74a7ca35449f10fe4f1bd73791dea0443c3f1bf4ad1e2cc8de97c8adc8fa9980883284ec059e42f5446513450b2c4ed10528cc065badb0d5d4b446873fb1cb9fa89ff8884f5436df83c82fbbe573563685ca5ad60a345f9aed643bd4a299,gx-no-cache=1528475066557 HTTP/1.1" 200 29
191.126.171.143 - - [08/Jun/2018:13:25:28 -0300] "GET /cormun/servlet/solicitudot?94540a5e60dae5f69c8dd435ec93a50dba32e22372a2096a1d63dcca93015868,gx-no-cache=1528475064283 HTTP/1.1" 200 94
186.79.91.112 - - [08/Jun/2018:13:25:28 -0300] "POST /cormun/servlet/solicitudot?gx-no-cache=1528475066829 HTTP/1.1" 200 1350
191.126.171.143 - - [08/Jun/2018:13:25:28 -0300] "GET /cormun/servlet/solicitudot?94540a5e60dae5f69c8dd435ec93a50dcbdbc503badb1a5148f5eee603201978,gx-no-cache=1528475064664 HTTP/1.1" 200 29
186.79.91.112 - - [08/Jun/2018:13:25:28 -0300] "POST /cormun/servlet/solicitudot?gx-no-cache=1528475067285 HTTP/1.1" 200 1248
186.79.91.112 - - [08/Jun/2018:13:25:29 -0300] "GET /cormun/servlet/solicitudot?6a44398776e6dac11eacac0c06f6b19fb14550eba494bb99d3ee5247745a02f4731392b78b22b63fc7f5959584d9c102,gx-no-cache=1528475067614 HTTP/1.1" 200 134
190.46.88.10 - - [08/Jun/2018:13:25:29 -0300] "GET /cormun/static/Shared/jqueryui/images/ui-icons_82798d_256x240.png HTTP/1.1" 404 1089
186.79.91.112 - - [08/Jun/2018:13:25:29 -0300] "GET /cormun/static/Shared/jqueryui/images/ui-bg_highlight-soft_100_c6c2c8_1x100.png HTTP/1.1" 404 1117
190.46.88.10 - - [08/Jun/2018:13:25:29 -0300] "GET /cormun/static/Shared/jqueryui/images/ui-icons_ebccce_256x240.png HTTP/1.1" 404 1089
190.46.88.10 - - [08/Jun/2018:13:25:29 -0300] "GET /cormun/static/Shared/jqueryui/images/ui-bg_flat_55_994d53_40x100.png HTTP/1.1" 404 1097
186.79.91.112 - - [08/Jun/2018:13:26:03 -0300] "POST /cormun/servlet/solicitudot?gx-no-cache=1528475102078 HTTP/1.1" 200 1349
186.79.91.112 - - [08/Jun/2018:13:26:04 -0300] "POST /cormun/servlet/solicitudot?gx-no-cache=1528475102623 HTTP/1.1" 200 1248
186.79.91.112 - - [08/Jun/2018:13:26:04 -0300] "GET /cormun/static/menuarrow.gif HTTP/1.1" 404 1015
186.79.91.112 - - [08/Jun/2018:13:26:06 -0300] "POST /cormun/servlet/solicitudot?gx-no-cache=1528475105105 HTTP/1.1" 200 1349
186.79.91.112 - - [08/Jun/2018:13:26:07 -0300] "POST /cormun/servlet/solicitudot?gx-no-cache=1528475105478 HTTP/1.1" 200 1248
186.103.159.182 - - [08/Jun/2018:13:26:10 -0300] "GET /cormun/servlet/prfichaempleado?,MD,,gxPopupLevel%3D0%3B HTTP/1.1" 200 9429
186.79.91.112 - - [08/Jun/2018:13:26:19 -0300] "GET /cormun/servlet/solicitudot?6a44398776e6dac11eacac0c06f6b19f033375e9ac195c5bddf269e89c9d8a51e517d42ee50c3d03d02913196345ce2c,gx-no-cache=1528475117750 HTTP/1.1" 200 30
186.79.91.112 - - [08/Jun/2018:13:26:19 -0300] "POST /cormun/servlet/solicitudot?gx-no-cache=1528475117966 HTTP/1.1" 200 33
186.103.159.182 - - [08/Jun/2018:13:26:21 -0300] "GET /cormun/servlet/licenciaspermisos?5858d3cd2530ab3676a545f220e887b141ef00bc9cf1d3716ccdcbe1ab535e6fbfe23b05843d619e6d68e39004beca6f,gx-no-cache=1528471478504 HTTP/1.1" 200 84
186.103.159.182 - - [08/Jun/2018:13:26:21 -0300] "POST /cormun/servlet/licenciaspermisos?9068c53f414a0c232cbdf16c47485317,INS,0,,,,gx-no-cache=1528471478579 HTTP/1.1" 200 4880
186.79.91.112 - - [08/Jun/2018:13:26:35 -0300] "GET /cormun/servlet/prsolicitudot?15994241,,,,,MD,,gxPopupLevel%3D0%3B HTTP/1.1" 200 6088
186.79.91.112 - - [08/Jun/2018:13:26:35 -0300] "GET /cormun/static/gxcfg.js?2017111422591492 HTTP/1.1" 200 953
190.46.88.10 - - [08/Jun/2018:13:26:35 -0300] "GET /cormun/static/prsolicitudot.js?2017111422591715 HTTP/1.1" 200 13680
186.79.91.112 - - [08/Jun/2018:13:26:43 -0300] "POST /cormun/servlet/solicitudot?gx-no-cache=1528475142427 HTTP/1.1" 200 1367
186.79.91.112 - - [08/Jun/2018:13:26:44 -0300] "POST /cormun/servlet/solicitudot?gx-no-cache=1528475142736 HTTP/1.1" 200 41
186.79.91.112 - - [08/Jun/2018:13:26:44 -0300] "POST /cormun/servlet/solicitudot?gx-no-cache=1528475142979 HTTP/1.1" 200 1349
186.79.91.112 - - [08/Jun/2018:13:26:44 -0300] "POST /cormun/servlet/solicitudot?gx-no-cache=1528475143278 HTTP/1.1" 200 1248
186.79.91.112 - - [08/Jun/2018:13:26:44 -0300] "GET /cormun/servlet/solicitudot?6a44398776e6dac11eacac0c06f6b19fb14550eba494bb99d3ee5247745a02f4731392b78b22b63fc7f5959584d9c102,gx-no-cache=1528475143577 HTTP/1.1" 200 134
186.103.157.98 - - [08/Jun/2018:13:26:45 -0300] "GET /cormun/servlet/solicitudotadjuntos?ddf1d535c4ff346046a8874520be4ce7265a0b00e808b02cf0bba52d1e9fac22,gx-no-cache=1528475143622 HTTP/1.1" 200 30
186.103.157.98 - - [08/Jun/2018:13:26:45 -0300] "GET /cormun/servlet/solicitudotadjuntos?ddf1d535c4ff346046a8874520be4ce7265a0b00e808b02cf0bba52d1e9fac22,gx-no-cache=1528475143665 HTTP/1.1" 200 30
186.103.157.98 - - [08/Jun/2018:13:26:45 -0300] "POST /cormun/servlet/solicitudotadjuntos?c070f5252675e4002e987e7f57b77455,INS,2018,11675,,1, HTTP/1.1" 200 116
186.103.157.98 - - [08/Jun/2018:13:26:45 -0300] "GET /cormun/servlet/hpexe_return? HTTP/1.1" 200 1024
186.103.157.98 - - [08/Jun/2018:13:26:46 -0300] "GET /cormun/servlet/trsolicitudadjuntos?2018,11675, HTTP/1.1" 200 8833
186.103.157.98 - - [08/Jun/2018:13:26:46 -0300] "GET /cormun/servlet/trsolicitudadjuntos?2018,11675, HTTP/1.1" 200 8832
186.103.157.98 - - [08/Jun/2018:13:26:48 -0300] "GET /cormun/servlet/solicitudotadjuntos?INS,2018,11675,,1, HTTP/1.1" 200 6295
186.103.157.98 - - [08/Jun/2018:13:26:48 -0300] "GET /cormun/static/about:blank HTTP/1.1" 404 1011
186.103.157.98 - - [08/Jun/2018:13:26:49 -0300] "GET /cormun/servlet/solicitudotadjuntos?INS,2018,11675,,1, HTTP/1.1" 200 6288
186.103.157.98 - - [08/Jun/2018:13:26:49 -0300] "GET /cormun/servlet/solicitudotadjuntos?ddf1d535c4ff346046a8874520be4ce7aca9d8d5c308b7f1df76ee68961ff63e119e7e47d0f00fc2812096b7e9741196,gx-no-cache=1528475147809 HTTP/1.1" 200 30
186.103.157.98 - - [08/Jun/2018:13:26:49 -0300] "POST /cormun/servlet/solicitudotadjuntos?c070f5252675e4002e987e7f57b77455,INS,2018,11675,,1,,gx-no-cache=1528475147869 HTTP/1.1" 200 3990
191.126.171.143 - - [08/Jun/2018:13:26:50 -0300] "POST /cormun/servlet/solicitudot?gx-no-cache=1528475146003 HTTP/1.1" 200 297
