191.126.171.143 - - [08/Jun/2018:13:26:50 -0300] "GET /cormun/servlet/solicitudot?94540a5e60dae5f69c8dd435ec93a50d79e26abc5ce086ab107540c6a5c1fa6bfbf92cd5ee1c1f36530573b4d6521adbab0ef50f8040e93c5b0e1ad31d65dca8f8a36c97005476da28fb49ef14b0abaf27b47453edabd58ff55f0cec0dec96fdad253753862a0deb56285ae0b04017c368de3bffdd510aee6530cf9489a2c0ec4e3876d3053bfa9767102eadf52abb795cad8257ec27853ff0d341f27799221f810dc88236c5eb9999670f7fbaf1025ca722c19e923a6cdb73151af0bf9ac557cad87e3a0e2a3c55ab15ca211e439e8d57340911c389eb141b861b3c4d9b9ba84bc8aca1984dec8a53d7e1c3b0d3178921e03185fdc5ac464d3697e60a119344d8507b73ceaf9d447ab4836eebd2bec44aeb2dff33d00ffbf2718cdef83384494a5b8d895b8d0350557e028e2a2c38dce1ceb15d435b23ed28ebf5edd4fa8f2173da6238b762f5fedc4ac6499562da055c2a0de54b18a526e4c96bdd342dbe8ed281e8b531e60b9b748bd761fbe9435fe626bdc6e78a937982e2762f39c43e82c2f23658f77cd882510c643bb6e9cb0d,gx-no-cache=1528475146270 HTTP/1.1" 200 30
191.126.171.143 - - [08/Jun/2018:13:26:50 -0300] "POST /cormun/servlet/solicitudot?gx-no-cache=1528475146372 HTTP/1.1" 200 30
191.126.171.143 - - [08/Jun/2018:13:26:50 -0300] "POST /cormun/servlet/solicitudot?gx-no-cache=1528475146511 HTTP/1.1" 200 1367
191.126.171.143 - - [08/Jun/2018:13:26:50 -0300] "POST /cormun/servlet/solicitudot?gx-no-cache=1528475146661 HTTP/1.1" 200 38
191.126.171.143 - - [08/Jun/2018:13:26:50 -0300] "GET /cormun/servlet/solicitudot?94540a5e60dae5f69c8dd435ec93a50d4d15d553d82ac06491dd62c3a059fad63abe0cedb174f827a8c4f68ee0c577a2d28e0d93072b390bfdcaa767e5f05db7c527291c2fd213fd5a6c877223ad5cca1e270a2be6027a43d33d8226a3e39edfde072f87395b92e95c057d119c248a02,gx-no-cache=1528475146776 HTTP/1.1" 200 29
191.126.171.143 - - [08/Jun/2018:13:26:50 -0300] "POST /cormun/servlet/solicitudot?gx-no-cache=1528475146947 HTTP/1.1" 200 1349
191.126.171.143 - - [08/Jun/2018:13:26:51 -0300] "POST /cormun/servlet/solicitudot?gx-no-cache=1528475147102 HTTP/1.1" 200 1249
186.103.157.98 - - [08/Jun/2018:13:26:53 -0300] "POST /cormun/servlet/solicitudotadjuntos?gx-no-cache=1528475151278 HTTP/1.1" 200 26
186.79.91.112 - - [08/Jun/2018:13:26:58 -0300] "GET /cormun/servlet/solicitudot?6a44398776e6dac11eacac0c06f6b19f033375e9ac195c5bddf269e89c9d8a51e517d42ee50c3d03d02913196345ce2c,gx-no-cache=1528475156677 HTTP/1.1" 200 30
186.79.91.112 - - [08/Jun/2018:13:26:58 -0300] "POST /cormun/servlet/solicitudot?gx-no-cache=1528475156893 HTTP/1.1" 200 33
186.79.91.112 - - [08/Jun/2018:13:26:59 -0300] "POST /cormun/servlet/solicitudot?e185081807dc2e04a5ee44954dae4b57,INS,0,0,,gx-no-cache=1528475157146 HTTP/1.1" 200 93
186.79.91.112 - - [08/Jun/2018:13:26:59 -0300] "GET /cormun/servlet/hpexe_return? HTTP/1.1" 200 1003
186.79.91.112 - - [08/Jun/2018:13:27:00 -0300] "GET /cormun/servlet/trsolicitudot HTTP/1.1" 200 8806
190.46.88.10 - - [08/Jun/2018:13:27:01 -0300] "GET /cormun//static/Resources/PXToolsActionView.png HTTP/1.1" 200 2995
186.79.91.112 - - [08/Jun/2018:13:27:01 -0300] "GET /cormun/servlet/trsolicitudot HTTP/1.1" 200 8802
190.46.88.10 - - [08/Jun/2018:13:27:01 -0300] "GET /cormun//static/Resources/PXToolsRemoveAllAction.png HTTP/1.1" 200 3558
190.46.88.10 - - [08/Jun/2018:13:27:08 -0300] "GET /cormun/servlet/vesolicitudot?2018,11676,, HTTP/1.1" 200 8577
190.46.88.10 - - [08/Jun/2018:13:27:08 -0300] "GET /cormun/pexe_scrolldiv.js HTTP/1.1" 404 1009
190.46.88.10 - - [08/Jun/2018:13:27:08 -0300] "GET /cormun/pexe_scrolldiv.js HTTP/1.1" 404 1009
190.46.88.10 - - [08/Jun/2018:13:27:09 -0300] "GET /cormun/servlet/vesolicitudot?2018,11676,, HTTP/1.1" 200 8576
191.126.171.143 - - [08/Jun/2018:13:27:13 -0300] "POST /cormun/servlet/solicitudot?gx-no-cache=1528475169703 HTTP/1.1" 200 30
186.103.157.98 - - [08/Jun/2018:13:27:14 -0300] "GET /cormun/servlet/solicitudotadjuntos?ddf1d535c4ff346046a8874520be4ce7265a0b00e808b02cf0bba52d1e9fac22,gx-no-cache=1528475172542 HTTP/1.1" 200 30
186.103.157.98 - - [08/Jun/2018:13:27:14 -0300] "GET /cormun/servlet/solicitudotadjuntos?ddf1d535c4ff346046a8874520be4ce7265a0b00e808b02cf0bba52d1e9fac22,gx-no-cache=1528475172566 HTTP/1.1" 200 30
186.103.157.98 - - [08/Jun/2018:13:27:14 -0300] "POST /cormun/servlet/solicitudotadjuntos?c070f5252675e4002e987e7f57b77455,INS,2018,11675,,1, HTTP/1.1" 200 116
186.103.157.98 - - [08/Jun/2018:13:27:14 -0300] "GET /cormun/servlet/hpexe_return? HTTP/1.1" 200 1024
186.103.157.98 - - [08/Jun/2018:13:27:15 -0300] "GET /cormun/servlet/trsolicitudadjuntos?2018,11675, HTTP/1.1" 200 9061
186.103.157.98 - - [08/Jun/2018:13:27:15 -0300] "GET /cormun/servlet/trsolicitudadjuntos?2018,11675, HTTP/1.1" 200 9059
191.126.171.143 - - [08/Jun/2018:13:27:16 -0300] "POST /cormun/servlet/solicitudot?gx-no-cache=1528475172425 HTTP/1.1" 200 1367
191.126.171.143 - - [08/Jun/2018:13:27:16 -0300] "POST /cormun/servlet/solicitudot?gx-no-cache=1528475172706 HTTP/1.1" 200 38
186.103.157.98 - - [08/Jun/2018:13:27:18 -0300] "GET /cormun/servlet/solicitudotadjuntos?INS,2018,11675,,1, HTTP/1.1" 200 6295
186.103.157.98 - - [08/Jun/2018:13:27:18 -0300] "GET /cormun/static/about:blank HTTP/1.1" 404 1011
186.103.157.98 - - [08/Jun/2018:13:27:18 -0300] "GET /cormun/servlet/solicitudotadjuntos?INS,2018,11675,,1, HTTP/1.1" 200 6288
186.103.157.98 - - [08/Jun/2018:13:27:19 -0300] "GET /cormun/servlet/solicitudotadjuntos?ddf1d535c4ff346046a8874520be4ce7aca9d8d5c308b7f1df76ee68961ff63e119e7e47d0f00fc2812096b7e9741196,gx-no-cache=1528475177312 HTTP/1.1" 200 30
186.103.157.98 - - [08/Jun/2018:13:27:19 -0300] "POST /cormun/servlet/solicitudotadjuntos?c070f5252675e4002e987e7f57b77455,INS,2018,11675,,1,,gx-no-cache=1528475177391 HTTP/1.1" 200 3990
186.103.157.98 - - [08/Jun/2018:13:27:22 -0300] "POST /cormun/servlet/solicitudotadjuntos?gx-no-cache=1528475180757 HTTP/1.1" 200 26
191.126.171.143 - - [08/Jun/2018:13:27:27 -0300] "POST /cormun/servlet/solicitudot?gx-no-cache=1528475183209 HTTP/1.1" 200 1350
191.126.171.143 - - [08/Jun/2018:13:27:27 -0300] "POST /cormun/servlet/solicitudot?gx-no-cache=1528475183509 HTTP/1.1" 200 1249
191.126.171.143 - - [08/Jun/2018:13:27:27 -0300] "GET /cormun/static/menuarrow.gif HTTP/1.1" 404 1015
191.126.171.143 - - [08/Jun/2018:13:27:29 -0300] "POST /cormun/servlet/solicitudot?gx-no-cache=1528475185477 HTTP/1.1" 200 1350
191.126.171.143 - - [08/Jun/2018:13:27:29 -0300] "POST /cormun/servlet/solicitudot?gx-no-cache=1528475185767 HTTP/1.1" 200 1249
191.126.171.143 - - [08/Jun/2018:13:27:32 -0300] "GET /cormun/servlet/solicitudot?94540a5e60dae5f69c8dd435ec93a50d82ae44a2b831a9116958651669852d812b52a70de60e1334b99497d955cff8b1,gx-no-cache=1528475187982 HTTP/1.1" 200 30
186.103.157.98 - - [08/Jun/2018:13:27:44 -0300] "GET /cormun/servlet/solicitudotadjuntos?ddf1d535c4ff346046a8874520be4ce7265a0b00e808b02cf0bba52d1e9fac22,gx-no-cache=1528475202890 HTTP/1.1" 200 30
186.103.157.98 - - [08/Jun/2018:13:27:44 -0300] "GET /cormun/servlet/solicitudotadjuntos?ddf1d535c4ff346046a8874520be4ce7265a0b00e808b02cf0bba52d1e9fac22,gx-no-cache=1528475202914 HTTP/1.1" 200 30
186.103.157.98 - - [08/Jun/2018:13:27:44 -0300] "POST /cormun/servlet/solicitudotadjuntos?c070f5252675e4002e987e7f57b77455,INS,2018,11675,,1, HTTP/1.1" 200 116
186.103.157.98 - - [08/Jun/2018:13:27:44 -0300] "GET /cormun/servlet/hpexe_return? HTTP/1.1" 200 1024
186.103.157.98 - - [08/Jun/2018:13:27:45 -0300] "GET /cormun/servlet/trsolicitudadjuntos?2018,11675, HTTP/1.1" 200 9229
186.103.157.98 - - [08/Jun/2018:13:27:45 -0300] "GET /cormun/servlet/trsolicitudadjuntos?2018,11675, HTTP/1.1" 200 9228
186.103.157.98 - - [08/Jun/2018:13:27:48 -0300] "GET /cormun/servlet/solicitudotadjuntos?INS,2018,11675,,1, HTTP/1.1" 200 6295
186.103.157.98 - - [08/Jun/2018:13:27:48 -0300] "GET /cormun/static/about:blank HTTP/1.1" 404 1011
186.103.157.98 - - [08/Jun/2018:13:27:49 -0300] "GET /cormun/servlet/solicitudotadjuntos?INS,2018,11675,,1, HTTP/1.1" 200 6288
186.103.157.98 - - [08/Jun/2018:13:27:49 -0300] "GET /cormun/servlet/solicitudotadjuntos?ddf1d535c4ff346046a8874520be4ce7aca9d8d5c308b7f1df76ee68961ff63e119e7e47d0f00fc2812096b7e9741196,gx-no-cache=1528475207782 HTTP/1.1" 200 30
186.103.157.98 - - [08/Jun/2018:13:27:49 -0300] "POST /cormun/servlet/solicitudotadjuntos?c070f5252675e4002e987e7f57b77455,INS,2018,11675,,1,,gx-no-cache=1528475207830 HTTP/1.1" 200 3990
186.103.157.98 - - [08/Jun/2018:13:27:53 -0300] "POST /cormun/servlet/solicitudotadjuntos?gx-no-cache=1528475212065 HTTP/1.1" 200 26
186.103.159.182 - - [08/Jun/2018:13:27:54 -0300] "GET /cormun/static/menuarrow.gif HTTP/1.1" 404 1015
191.126.171.143 - - [08/Jun/2018:13:27:56 -0300] "POST /cormun/servlet/solicitudot?gx-no-cache=1528475212185 HTTP/1.1" 200 30
190.46.88.10 - - [08/Jun/2018:13:28:05 -0300] "POST /cormun/servlet/vesolicitudot?e185081807dc2e04a5ee44954dae4b57,2018,11676,,,gx-no-cache=1528475224403 HTTP/1.1" 200 90
190.46.88.10 - - [08/Jun/2018:13:28:05 -0300] "GET /cormun/servlet/hpexe_link HTTP/1.1" 200 963
190.46.88.10 - - [08/Jun/2018:13:28:06 -0300] "GET /cormun/servlet/trsolicitudot HTTP/1.1" 200 8803
190.46.88.10 - - [08/Jun/2018:13:28:07 -0300] "GET /cormun/servlet/trsolicitudot HTTP/1.1" 200 8802
186.103.157.98 - - [08/Jun/2018:13:28:11 -0300] "GET /cormun/servlet/solicitudotadjuntos?ddf1d535c4ff346046a8874520be4ce7265a0b00e808b02cf0bba52d1e9fac22,gx-no-cache=1528475230066 HTTP/1.1" 200 30
186.103.157.98 - - [08/Jun/2018:13:28:11 -0300] "GET /cormun/servlet/solicitudotadjuntos?ddf1d535c4ff346046a8874520be4ce7265a0b00e808b02cf0bba52d1e9fac22,gx-no-cache=1528475230088 HTTP/1.1" 200 30
186.103.157.98 - - [08/Jun/2018:13:28:12 -0300] "POST /cormun/servlet/solicitudotadjuntos?c070f5252675e4002e987e7f57b77455,INS,2018,11675,,1, HTTP/1.1" 200 116
186.103.157.98 - - [08/Jun/2018:13:28:12 -0300] "GET /cormun/servlet/hpexe_return? HTTP/1.1" 200 1024
186.103.157.98 - - [08/Jun/2018:13:28:12 -0300] "GET /cormun/servlet/trsolicitudadjuntos?2018,11675, HTTP/1.1" 200 9477
186.103.157.98 - - [08/Jun/2018:13:28:12 -0300] "GET /cormun/servlet/trsolicitudadjuntos?2018,11675, HTTP/1.1" 200 9474
190.46.88.10 - - [08/Jun/2018:13:28:14 -0300] "POST /cormun/servlet/trsolicitudot?e185081807dc2e04a5ee44954dae4b57,gx-no-cache=1528475232617 HTTP/1.1" 200 4675
190.46.88.10 - - [08/Jun/2018:13:28:14 -0300] "GET /cormun/static/Shared/jqueryui/images/ui-bg_highlight-soft_100_c6c2c8_1x100.png HTTP/1.1" 404 1117
190.46.88.10 - - [08/Jun/2018:13:28:14 -0300] "GET /cormun/static/Shared/jqueryui/images/ui-icons_82798d_256x240.png HTTP/1.1" 404 1089
190.46.88.10 - - [08/Jun/2018:13:28:14 -0300] "GET /cormun/static/Shared/jqueryui/images/ui-bg_flat_55_fafafa_40x100.png HTTP/1.1" 404 1097
190.46.88.10 - - [08/Jun/2018:13:28:14 -0300] "GET /cormun/static/Shared/jqueryui/images/ui-icons_8d78a5_256x240.png HTTP/1.1" 404 1089
190.46.88.10 - - [08/Jun/2018:13:28:14 -0300] "POST /cormun/servlet/trsolicitudot?e185081807dc2e04a5ee44954dae4b57,gx-no-cache=1528475232971 HTTP/1.1" 200 4446
186.103.157.98 - - [08/Jun/2018:13:28:15 -0300] "GET /cormun/servlet/solicitudotadjuntos?INS,2018,11675,,1, HTTP/1.1" 200 6295
186.103.157.98 - - [08/Jun/2018:13:28:15 -0300] "GET /cormun/static/about:blank HTTP/1.1" 404 1011
186.103.157.98 - - [08/Jun/2018:13:28:16 -0300] "GET /cormun/servlet/solicitudotadjuntos?INS,2018,11675,,1, HTTP/1.1" 200 6288
186.103.157.98 - - [08/Jun/2018:13:28:16 -0300] "GET /cormun/servlet/solicitudotadjuntos?ddf1d535c4ff346046a8874520be4ce7aca9d8d5c308b7f1df76ee68961ff63e119e7e47d0f00fc2812096b7e9741196,gx-no-cache=1528475234908 HTTP/1.1" 200 30
186.103.157.98 - - [08/Jun/2018:13:28:16 -0300] "POST /cormun/servlet/solicitudotadjuntos?c070f5252675e4002e987e7f57b77455,INS,2018,11675,,1,,gx-no-cache=1528475234979 HTTP/1.1" 200 3990
186.103.157.98 - - [08/Jun/2018:13:28:24 -0300] "POST /cormun/servlet/solicitudotadjuntos?gx-no-cache=1528475242673 HTTP/1.1" 200 26
190.46.88.10 - - [08/Jun/2018:13:28:33 -0300] "GET /cormun/servlet/hlogin HTTP/1.1" 200 1732
191.126.171.143 - - [08/Jun/2018:13:28:38 -0300] "GET /cormun/servlet/prbanco?,MD,,gxPopupLevel%3D0%3B HTTP/1.1" 200 6578
191.126.171.143 - - [08/Jun/2018:13:28:38 -0300] "GET /cormun/static/gxcfg.js?20181161016094 HTTP/1.1" 200 953
191.126.171.143 - - [08/Jun/2018:13:28:38 -0300] "GET /cormun/static/prbanco.js?2018116101633 HTTP/1.1" 200 10693
186.103.157.98 - - [08/Jun/2018:13:28:39 -0300] "GET /cormun/servlet/solicitudotadjuntos?ddf1d535c4ff346046a8874520be4ce7265a0b00e808b02cf0bba52d1e9fac22,gx-no-cache=1528475257394 HTTP/1.1" 200 30
186.103.157.98 - - [08/Jun/2018:13:28:39 -0300] "GET /cormun/servlet/solicitudotadjuntos?ddf1d535c4ff346046a8874520be4ce7265a0b00e808b02cf0bba52d1e9fac22,gx-no-cache=1528475257411 HTTP/1.1" 200 30
186.103.157.98 - - [08/Jun/2018:13:28:39 -0300] "POST /cormun/servlet/solicitudotadjuntos?c070f5252675e4002e987e7f57b77455,INS,2018,11675,,1, HTTP/1.1" 200 116
186.103.157.98 - - [08/Jun/2018:13:28:39 -0300] "GET /cormun/servlet/hpexe_return? HTTP/1.1" 200 1024
186.103.157.98 - - [08/Jun/2018:13:28:39 -0300] "GET /cormun/servlet/trsolicitudadjuntos?2018,11675, HTTP/1.1" 200 9686
186.103.157.98 - - [08/Jun/2018:13:28:40 -0300] "GET /cormun/servlet/trsolicitudadjuntos?2018,11675, HTTP/1.1" 200 9683
186.103.157.98 - - [08/Jun/2018:13:28:43 -0300] "GET /cormun/servlet/solicitudotadjuntos?INS,2018,11675,,1, HTTP/1.1" 200 6294
186.103.157.98 - - [08/Jun/2018:13:28:43 -0300] "GET /cormun/static/about:blank HTTP/1.1" 404 1011
186.103.157.98 - - [08/Jun/2018:13:28:43 -0300] "GET /cormun/servlet/solicitudotadjuntos?INS,2018,11675,,1, HTTP/1.1" 200 6287
186.103.157.98 - - [08/Jun/2018:13:28:44 -0300] "GET /cormun/servlet/solicitudotadjuntos?ddf1d535c4ff346046a8874520be4ce7aca9d8d5c308b7f1df76ee68961ff63e119e7e47d0f00fc2812096b7e9741196,gx-no-cache=1528475262319 HTTP/1.1" 200 30
186.103.157.98 - - [08/Jun/2018:13:28:44 -0300] "POST /cormun/servlet/solicitudotadjuntos?c070f5252675e4002e987e7f57b77455,INS,2018,11675,,1,,gx-no-cache=1528475262368 HTTP/1.1" 200 3988
186.103.157.98 - - [08/Jun/2018:13:28:47 -0300] "POST /cormun/servlet/solicitudotadjuntos?gx-no-cache=1528475265490 HTTP/1.1" 200 26
186.103.157.98 - - [08/Jun/2018:13:29:05 -0300] "GET /cormun/servlet/solicitudotadjuntos?ddf1d535c4ff346046a8874520be4ce7265a0b00e808b02cf0bba52d1e9fac22,gx-no-cache=1528475284098 HTTP/1.1" 200 30
186.103.157.98 - - [08/Jun/2018:13:29:05 -0300] "GET /cormun/servlet/solicitudotadjuntos?ddf1d535c4ff346046a8874520be4ce7265a0b00e808b02cf0bba52d1e9fac22,gx-no-cache=1528475284116 HTTP/1.1" 200 30
186.103.157.98 - - [08/Jun/2018:13:29:06 -0300] "POST /cormun/servlet/solicitudotadjuntos?c070f5252675e4002e987e7f57b77455,INS,2018,11675,,1, HTTP/1.1" 200 116
186.103.157.98 - - [08/Jun/2018:13:29:06 -0300] "GET /cormun/servlet/hpexe_return? HTTP/1.1" 200 1024
186.103.157.98 - - [08/Jun/2018:13:29:06 -0300] "GET /cormun/servlet/trsolicitudadjuntos?2018,11675, HTTP/1.1" 200 10014
186.103.157.98 - - [08/Jun/2018:13:29:06 -0300] "GET /cormun/servlet/trsolicitudadjuntos?2018,11675, HTTP/1.1" 200 10016
191.126.171.143 - - [08/Jun/2018:13:29:19 -0300] "GET /cormun/servlet/solicitudot?94540a5e60dae5f69c8dd435ec93a50dba32e22372a2096a1d63dcca93015868,gx-no-cache=1528475295927 HTTP/1.1" 200 94
191.126.171.143 - - [08/Jun/2018:13:29:20 -0300] "GET /cormun/servlet/solicitudot?94540a5e60dae5f69c8dd435ec93a50d357816063b4ae6426f4da436d8050d61,gx-no-cache=1528475296149 HTTP/1.1" 200 53
191.126.171.143 - - [08/Jun/2018:13:29:20 -0300] "GET /cormun/servlet/solicitudot?94540a5e60dae5f69c8dd435ec93a50d79e26abc5ce086ab107540c6a5c1fa6bfbf92cd5ee1c1f36530573b4d6521adbab0ef50f8040e93c5b0e1ad31d65dca8f8a36c97005476da28fb49ef14b0abaf27b47453edabd58ff55f0cec0dec96fdad253753862a0deb56285ae0b04017c368de3bffdd510aee6530cf9489a2c0ec4e3876d3053bfa9767102eadf52abb795cad8257ec27853ff0d341f27799221f810dc88236c5eb9999670f7fbaf1025ca722c19e923a6cdb73151af0bf9ac557cad87e3a0e2a3c55ab15ca211e439e8d57340911c389eb141b861b3c4d9b9ba84bc8aca1984dec8a53d7e1c3b0d3178921e03185fdc5ac464d3697e60a119344d8507b73ceaf9d447ab4836eebd2bec44aeb2dff33d00ffbf2718cdef83384494a5b8d895b8d0350557e028e2a2c38dce1ceb15d435b23ed28ebf5edd4fa8f2173da6238b762f5fedc4ac6499562da055c2a0de54b18a526e4c96bdd342dbe8ed281e8b531e60b9b748bd761fbe9435fe626bdc6e78a937982e2762f39c43e82c2f23658f77cd882510c643bb6e9cb0d,gx-no-cache=1528475296259 HTTP/1.1" 200 30
191.126.171.143 - - [08/Jun/2018:13:29:20 -0300] "POST /cormun/servlet/solicitudot?gx-no-cache=1528475296372 HTTP/1.1" 200 30
191.126.171.143 - - [08/Jun/2018:13:29:20 -0300] "POST /cormun/servlet/solicitudot?gx-no-cache=1528475296507 HTTP/1.1" 200 1368
191.126.171.143 - - [08/Jun/2018:13:29:20 -0300] "POST /cormun/servlet/solicitudot?gx-no-cache=1528475296677 HTTP/1.1" 200 41
186.103.159.182 - - [08/Jun/2018:13:29:20 -0300] "GET /cormun/servlet/licenciaspermisos?5858d3cd2530ab3676a545f220e887b1c1fcf76dc9c75d1d425060c05a04e302788395f8086dd6a80fdec81d32465f6215f27ad1a93642d71af4a7a3d2d9f58ca8ad07bd43f0f94157a8f4821ad3a8f15f1585bbdf5b2ea1a94f0bd079d6a195d67c40447aa4180b4ccd6a0f768cd8290af76844605a6891af1f6c8ea98d3fa963692c0d09d9f4219da12c339ee0820a790dee0fb87164dcf1549fbcb500b84f037172a3bab237c70601c521ca820ecd,gx-no-cache=1528471657365 HTTP/1.1" 200 30
186.103.159.182 - - [08/Jun/2018:13:29:20 -0300] "GET /cormun/servlet/licenciaspermisos?5858d3cd2530ab3676a545f220e887b1710f00f5a58cb18a2b117d654665d42369f455203164360c121a13dcbe153cdbbeab10ca80c237f407f462a850adc6a534075c4ffcaed59819e962559f2a559add0413de42f22b7ecda0d0d8e064b4fdf67a07cdce11a7aca2f22c23b1806023e0102617f2281beb330c0b243e58772c17ae0912667e9f8450dbe6e665a0aba633b9bb48bba6b2c6d4e2ffa767b8341416ee5661264ea176ae7692ac192793a3,gx-no-cache=1528471657415 HTTP/1.1" 200 29
191.126.171.143 - - [08/Jun/2018:13:29:20 -0300] "POST /cormun/servlet/solicitudot?gx-no-cache=1528475296845 HTTP/1.1" 200 1350
191.126.171.143 - - [08/Jun/2018:13:29:20 -0300] "POST /cormun/servlet/solicitudot?gx-no-cache=1528475297044 HTTP/1.1" 200 1249
186.103.159.182 - - [08/Jun/2018:13:29:21 -0300] "POST /cormun/servlet/licenciaspermisos?9068c53f414a0c232cbdf16c47485317,INS,0,,,,gx-no-cache=1528471657464 HTTP/1.1" 200 93
186.103.159.182 - - [08/Jun/2018:13:29:21 -0300] "GET /cormun/servlet/hpexe_return? HTTP/1.1" 200 1012
186.103.159.182 - - [08/Jun/2018:13:29:21 -0300] "GET /cormun/servlet/trlicencias HTTP/1.1" 200 14256
186.103.157.98 - - [08/Jun/2018:13:29:23 -0300] "POST /cormun/servlet/trsolicitudadjuntos?c070f5252675e4002e987e7f57b77455,2018,11675,,gx-no-cache=1528475301719 HTTP/1.1" 200 90
186.103.157.98 - - [08/Jun/2018:13:29:23 -0300] "GET /cormun/servlet/hpexe_link HTTP/1.1" 200 967
186.103.157.98 - - [08/Jun/2018:13:29:23 -0300] "GET /cormun/servlet/trsolicitudot HTTP/1.1" 200 9273
186.103.157.98 - - [08/Jun/2018:13:29:24 -0300] "GET /cormun/servlet/trsolicitudot HTTP/1.1" 200 9272
186.103.159.182 - - [08/Jun/2018:13:29:25 -0300] "GET /cormun/servlet/trlicencias HTTP/1.1" 200 14250
186.103.159.182 - - [08/Jun/2018:13:29:28 -0300] "GET /cormun/servlet/trlicenciaspermisosadjuntos?15117167,20180608000000,L, HTTP/1.1" 200 6602
186.103.159.182 - - [08/Jun/2018:13:29:30 -0300] "GET /cormun/servlet/trlicenciaspermisosadjuntos?15117167,20180608000000,L, HTTP/1.1" 200 6602
186.103.159.182 - - [08/Jun/2018:13:29:34 -0300] "GET /cormun/servlet/licenciaspermisosadjuntos?INS,15117167,L,20180608000000,, HTTP/1.1" 200 5901
186.103.159.182 - - [08/Jun/2018:13:29:34 -0300] "GET /cormun/static/about:blank HTTP/1.1" 404 1011
186.103.159.182 - - [08/Jun/2018:13:29:35 -0300] "GET /cormun/servlet/licenciaspermisosadjuntos?INS,15117167,L,20180608000000,, HTTP/1.1" 200 5891
186.103.157.98 - - [08/Jun/2018:13:29:41 -0300] "POST /cormun/servlet/trsolicitudot?c070f5252675e4002e987e7f57b77455,gx-no-cache=1528475319582 HTTP/1.1" 200 5867
186.103.157.98 - - [08/Jun/2018:13:29:41 -0300] "GET /cormun/static/Shared/jqueryui/images/ui-bg_highlight-soft_100_c6c2c8_1x100.png HTTP/1.1" 404 1117
186.103.157.98 - - [08/Jun/2018:13:29:41 -0300] "GET /cormun/static/Shared/jqueryui/images/ui-icons_82798d_256x240.png HTTP/1.1" 404 1089
186.103.157.98 - - [08/Jun/2018:13:29:41 -0300] "GET /cormun/static/Shared/jqueryui/images/ui-bg_flat_55_fafafa_40x100.png HTTP/1.1" 404 1097
186.103.157.98 - - [08/Jun/2018:13:29:41 -0300] "GET /cormun/static/Shared/jqueryui/images/ui-icons_8d78a5_256x240.png HTTP/1.1" 404 1089
186.103.157.98 - - [08/Jun/2018:13:29:41 -0300] "POST /cormun/servlet/trsolicitudot?c070f5252675e4002e987e7f57b77455,gx-no-cache=1528475319810 HTTP/1.1" 200 5808
186.103.159.182 - - [08/Jun/2018:13:29:51 -0300] "POST /cormun/servlet/licenciaspermisosadjuntos?9068c53f414a0c232cbdf16c47485317,INS,15117167,L,20180608000000,, HTTP/1.1" 200 116
186.103.159.182 - - [08/Jun/2018:13:29:51 -0300] "GET /cormun/servlet/hpexe_return? HTTP/1.1" 200 1041
186.103.159.182 - - [08/Jun/2018:13:29:52 -0300] "GET /cormun/servlet/trlicenciaspermisosadjuntos?15117167,20180608000000,L, HTTP/1.1" 200 7122
186.103.159.182 - - [08/Jun/2018:13:29:53 -0300] "GET /cormun/servlet/trlicenciaspermisosadjuntos?15117167,20180608000000,L, HTTP/1.1" 200 7118
186.103.159.182 - - [08/Jun/2018:13:29:58 -0300] "GET /cormun/servlet/trlicencias? HTTP/1.1" 200 14251
200.54.247.70 - - [08/Jun/2018:13:29:59 -0300] "GET /cormun/servlet/trsolicitudot? HTTP/1.1" 200 7444
200.54.247.70 - - [08/Jun/2018:13:30:00 -0300] "GET /cormun/servlet/trsolicitudot? HTTP/1.1" 200 7443
186.103.159.182 - - [08/Jun/2018:13:30:00 -0300] "GET /cormun/servlet/trlicencias? HTTP/1.1" 200 14250
186.103.159.182 - - [08/Jun/2018:13:30:07 -0300] "GET /cormun/servlet/trlicenciaspermisosadjuntos?15117167,20180608000000,L, HTTP/1.1" 200 7118
190.46.88.10 - - [08/Jun/2018:13:30:09 -0300] "POST /cormun/servlet/trautorizarsolicitud?a03a0fc8a66fb8f66521b45e42e01fc2,,gx-no-cache=1528475345792 HTTP/1.1" 200 5739
186.103.159.182 - - [08/Jun/2018:13:30:09 -0300] "GET /cormun/servlet/trlicenciaspermisosadjuntos?15117167,20180608000000,L, HTTP/1.1" 200 7118
186.103.159.182 - - [08/Jun/2018:13:30:13 -0300] "GET /cormun/servlet/trlicencias? HTTP/1.1" 200 14251
186.103.159.182 - - [08/Jun/2018:13:30:14 -0300] "GET /cormun/servlet/trlicencias? HTTP/1.1" 200 14250
186.103.159.182 - - [08/Jun/2018:13:30:17 -0300] "GET /cormun/servlet/alicenciaprn?15117167,L,20180608000000,PU HTTP/1.1" 200 1528
190.46.88.10 - - [08/Jun/2018:13:30:20 -0300] "POST /cormun/servlet/trautorizarsolicitud?a03a0fc8a66fb8f66521b45e42e01fc2,,gx-no-cache=1528475357178 HTTP/1.1" 200 4607
190.46.88.10 - - [08/Jun/2018:13:30:20 -0300] "POST /cormun/servlet/trautorizarsolicitud?a03a0fc8a66fb8f66521b45e42e01fc2,,gx-no-cache=1528475357355 HTTP/1.1" 200 4379
200.54.247.70 - - [08/Jun/2018:13:30:23 -0300] "GET /cormun/servlet/solicitudot?INS,0,0, HTTP/1.1" 200 13684
200.54.247.70 - - [08/Jun/2018:13:30:24 -0300] "GET /cormun/servlet/solicitudot?INS,0,0, HTTP/1.1" 200 13689
191.126.171.143 - - [08/Jun/2018:13:30:54 -0300] "GET /cormun/servlet/solicitudot?94540a5e60dae5f69c8dd435ec93a50dba32e22372a2096a1d63dcca93015868,gx-no-cache=1528475389936 HTTP/1.1" 200 94
191.126.171.143 - - [08/Jun/2018:13:30:54 -0300] "GET /cormun/servlet/solicitudot?94540a5e60dae5f69c8dd435ec93a50d79e26abc5ce086ab107540c6a5c1fa6bfbf92cd5ee1c1f36530573b4d6521adbab0ef50f8040e93c5b0e1ad31d65dca8f8a36c97005476da28fb49ef14b0abaf27b47453edabd58ff55f0cec0dec96fdad253753862a0deb56285ae0b04017c368de3bffdd510aee6530cf9489a2c0ec4e3876d3053bfa9767102eadf52abb795cad8257ec27853ff0d341f27799221f810dc88236c5eb9999670f7fbaf1025ca722c19e923a6cdb73151af0bf9ac557cad87e3a0e2a3c55ab15ca211e439e8d57340911c389eb141b861b3c4d9b9ba84bc8aca1984dec8a53d7e1c3b0d3178921e03185fdc5ac464d3697e60a119344d8507b73ceaf9d447ab4836eebd2bec44aeb2dff33d00ffbf2718cdef83384494a5b8d895b8d0350557e028e2a2c38dce1ceb15d435b23ed28ebf5edd4fa8f2173da6238b762f5fedc4ac6499562da055c2a0de54b18a526e4c96bdd342dbe8ed281e8b531e60b9b748bd761fbe9435fe626bdc6e78a937982e2762f39c43e82c2f23658f77cd882510c643bb6e9cb0d,gx-no-cache=1528475390289 HTTP/1.1" 200 30
191.126.171.143 - - [08/Jun/2018:13:30:54 -0300] "POST /cormun/servlet/solicitudot?gx-no-cache=1528475390413 HTTP/1.1" 200 30
191.126.171.143 - - [08/Jun/2018:13:30:54 -0300] "POST /cormun/servlet/solicitudot?gx-no-cache=1528475390559 HTTP/1.1" 200 1368
191.126.171.143 - - [08/Jun/2018:13:30:54 -0300] "POST /cormun/servlet/solicitudot?gx-no-cache=1528475390695 HTTP/1.1" 200 41
191.126.171.143 - - [08/Jun/2018:13:30:54 -0300] "POST /cormun/servlet/solicitudot?gx-no-cache=1528475390826 HTTP/1.1" 200 1350
191.126.171.143 - - [08/Jun/2018:13:30:54 -0300] "POST /cormun/servlet/solicitudot?gx-no-cache=1528475390984 HTTP/1.1" 200 1249
191.126.171.143 - - [08/Jun/2018:13:30:55 -0300] "GET /cormun/servlet/solicitudot?94540a5e60dae5f69c8dd435ec93a50d82ae44a2b831a9116958651669852d812b52a70de60e1334b99497d955cff8b1,gx-no-cache=1528475391134 HTTP/1.1" 200 30
191.126.171.143 - - [08/Jun/2018:13:30:55 -0300] "POST /cormun/servlet/solicitudot?gx-no-cache=1528475391272 HTTP/1.1" 200 30
191.126.171.143 - - [08/Jun/2018:13:30:55 -0300] "POST /cormun/servlet/solicitudot?979b532b07f987abf531e2fb4ee3fc84,INS,0,0,,gx-no-cache=1528475391401 HTTP/1.1" 200 12073
200.54.247.70 - - [08/Jun/2018:13:30:57 -0300] "POST /cormun/servlet/solicitudot?gx-no-cache=1528475393791 HTTP/1.1" 200 3295
200.54.247.70 - - [08/Jun/2018:13:30:58 -0300] "POST /cormun/servlet/solicitudot?f65bf31b740b8e56ca3f63ba682519ec,INS,0,0,,gx-no-cache=1528475394223 HTTP/1.1" 200 10454
200.54.247.70 - - [08/Jun/2018:13:31:00 -0300] "GET /cormun/servlet/solicitudot?b7bb3f9a547d7c9d5246aab478c26d1c21f26560345a90fc13eeb07d683830a7d962f7f8037b7c00aace255a11565cce,gx-no-cache=1528475396836 HTTP/1.1" 200 30
191.126.171.143 - - [08/Jun/2018:13:31:37 -0300] "GET /cormun/servlet/solicitudot?94540a5e60dae5f69c8dd435ec93a50df7ee5a52587185e2a466ad7116d37285b6ae3876cea3f7e3f741c6dcd9a02deec8a4633ad5c252e2583b0ece55eb698b,gx-no-cache=1528475433887 HTTP/1.1" 200 30
191.126.171.143 - - [08/Jun/2018:13:31:38 -0300] "GET /cormun/servlet/solicitudot?94540a5e60dae5f69c8dd435ec93a50d79e26abc5ce086ab107540c6a5c1fa6bfbf92cd5ee1c1f36530573b4d6521adbab0ef50f8040e93c5b0e1ad31d65dca8f8a36c97005476da28fb49ef14b0abaf27b47453edabd58ff55f0cec0dec96fdad253753862a0deb56285ae0b04017c368de3bffdd510aee6530cf9489a2c0ec4e3876d3053bfa9767102eadf52abb795cad8257ec27853ff0d341f27799221f810dc88236c5eb9999670f7fbaf1025ca722c19e923a6cdb73151af0bf9ac557cad87e3a0e2a3c55ab15ca211e439e8d57340911c389eb141b861b3c4d9b9ba84bc8aca1984dec8a53d7e1c3b0d3178921e03185fdc5ac464d3697e60a119344d8507b73ceaf9d447ab4836eebd2bec44aeb2dff33d00ffbf2718cdef83384494a5b8d895b8d0350557e028e2a2c38dce1ceb15d435b23ed28ebf5edd4fa8f2173da6238b762f5fedc4ac6499562da055c2a0de54b18a526e4c96bdd342dbe8ed281e8b531e60b9b748bd761fbe9435fe626bdc6e78a937982e2762f39c43e82c2f23658f77cd882510c643bb6e9cb0d,gx-no-cache=1528475434153 HTTP/1.1" 200 30
191.126.171.143 - - [08/Jun/2018:13:31:38 -0300] "POST /cormun/servlet/solicitudot?gx-no-cache=1528475434261 HTTP/1.1" 200 30
191.126.171.143 - - [08/Jun/2018:13:31:38 -0300] "POST /cormun/servlet/solicitudot?gx-no-cache=1528475434416 HTTP/1.1" 200 1368
191.126.171.143 - - [08/Jun/2018:13:31:38 -0300] "POST /cormun/servlet/solicitudot?gx-no-cache=1528475434598 HTTP/1.1" 200 41
191.126.171.143 - - [08/Jun/2018:13:31:38 -0300] "POST /cormun/servlet/solicitudot?gx-no-cache=1528475434749 HTTP/1.1" 200 1350
191.126.171.143 - - [08/Jun/2018:13:31:38 -0300] "POST /cormun/servlet/solicitudot?gx-no-cache=1528475434889 HTTP/1.1" 200 1249
191.126.171.143 - - [08/Jun/2018:13:31:38 -0300] "GET /cormun/servlet/solicitudot?94540a5e60dae5f69c8dd435ec93a50d82ae44a2b831a9116958651669852d812b52a70de60e1334b99497d955cff8b1,gx-no-cache=1528475435056 HTTP/1.1" 200 30
191.126.171.143 - - [08/Jun/2018:13:31:39 -0300] "POST /cormun/servlet/solicitudot?gx-no-cache=1528475435164 HTTP/1.1" 200 30
191.126.171.143 - - [08/Jun/2018:13:31:39 -0300] "POST /cormun/servlet/solicitudot?979b532b07f987abf531e2fb4ee3fc84,INS,0,0,,gx-no-cache=1528475435303 HTTP/1.1" 200 93
191.126.171.143 - - [08/Jun/2018:13:31:39 -0300] "GET /cormun/servlet/hpexe_return? HTTP/1.1" 200 1002
191.126.171.143 - - [08/Jun/2018:13:31:39 -0300] "GET /cormun/servlet/trsolicitudot HTTP/1.1" 200 8716
191.126.171.143 - - [08/Jun/2018:13:31:41 -0300] "GET /cormun/servlet/trsolicitudot HTTP/1.1" 200 8712
191.126.171.143 - - [08/Jun/2018:13:31:46 -0300] "POST /cormun/servlet/trsolicitudot?979b532b07f987abf531e2fb4ee3fc84,gx-no-cache=1528475441963 HTTP/1.1" 200 4680
191.126.171.143 - - [08/Jun/2018:13:31:46 -0300] "GET /cormun/static/Shared/jqueryui/images/ui-bg_highlight-soft_100_c6c2c8_1x100.png HTTP/1.1" 404 1117
191.126.171.143 - - [08/Jun/2018:13:31:46 -0300] "GET /cormun/static/Shared/jqueryui/images/ui-icons_82798d_256x240.png HTTP/1.1" 404 1089
191.126.171.143 - - [08/Jun/2018:13:31:46 -0300] "GET /cormun/static/Shared/jqueryui/images/ui-bg_flat_55_fafafa_40x100.png HTTP/1.1" 404 1097
191.126.171.143 - - [08/Jun/2018:13:31:46 -0300] "GET /cormun/static/Shared/jqueryui/images/ui-icons_8d78a5_256x240.png HTTP/1.1" 404 1089
191.126.171.143 - - [08/Jun/2018:13:31:46 -0300] "POST /cormun/servlet/trsolicitudot?979b532b07f987abf531e2fb4ee3fc84,gx-no-cache=1528475442418 HTTP/1.1" 200 4450
177.137.169.161 - - [08/Jun/2018:13:31:55 -0300] "GET / HTTP/1.1" 200 11217
157.55.39.135 - - [08/Jun/2018:13:32:00 -0300] "GET /cormun/servlet/hlogin?_escaped_fragment_= HTTP/1.1" 200 1705
191.126.171.143 - - [08/Jun/2018:13:32:10 -0300] "GET /cormun/servlet/hlogin HTTP/1.1" 200 1735
191.126.171.143 - - [08/Jun/2018:13:32:23 -0300] "POST /cormun/servlet/hlogin?979b532b07f987abf531e2fb4ee3fc84,gx-no-cache=1528475479741 HTTP/1.1" 200 90
191.126.171.143 - - [08/Jun/2018:13:32:23 -0300] "GET /cormun/servlet/hpexe_link HTTP/1.1" 200 974
191.126.171.143 - - [08/Jun/2018:13:32:24 -0300] "GET /cormun/servlet/trsolicitudot?gx-no-cache=1528475442418 HTTP/1.1" 200 7355
200.54.247.70 - - [08/Jun/2018:13:32:24 -0300] "POST /cormun/servlet/solicitudot?f65bf31b740b8e56ca3f63ba682519ec,INS,0,0,,gx-no-cache=1528475480596 HTTP/1.1" 200 10613
200.54.247.70 - - [08/Jun/2018:13:32:24 -0300] "GET /cormun/static/Shared/jqueryui/images/ui-bg_highlight-soft_100_c6c2c8_1x100.png HTTP/1.1" 404 1117
200.54.247.70 - - [08/Jun/2018:13:32:24 -0300] "GET /cormun/static/Shared/jqueryui/images/ui-icons_8d78a5_256x240.png HTTP/1.1" 404 1089
200.54.247.70 - - [08/Jun/2018:13:32:24 -0300] "GET /cormun/static/Shared/jqueryui/images/ui-icons_82798d_256x240.png HTTP/1.1" 404 1089
200.54.247.70 - - [08/Jun/2018:13:32:24 -0300] "GET /cormun/static/Shared/jqueryui/images/ui-bg_flat_55_fafafa_40x100.png HTTP/1.1" 404 1097
191.126.171.143 - - [08/Jun/2018:13:32:25 -0300] "GET /cormun/servlet/trsolicitudot?gx-no-cache=1528475442418 HTTP/1.1" 200 7376
200.54.247.70 - - [08/Jun/2018:13:32:26 -0300] "GET /cormun/servlet/solicitudot?b7bb3f9a547d7c9d5246aab478c26d1c21f26560345a90fc13eeb07d683830a743f746c40cf5409e74d26515e01ffc0e,gx-no-cache=1528475483313 HTTP/1.1" 200 30
200.54.247.70 - - [08/Jun/2018:13:32:27 -0300] "GET /cormun/servlet/solicitudot?b7bb3f9a547d7c9d5246aab478c26d1c3e445f81e4de61528ded07345e7d21ebfbc67e30f12cac86bc6fab6b38533364,gx-no-cache=1528475483359 HTTP/1.1" 200 30
200.54.247.70 - - [08/Jun/2018:13:32:27 -0300] "GET /cormun/servlet/solicitudot?b7bb3f9a547d7c9d5246aab478c26d1c3389c90db77a21ef1ca543350b3b4111,gx-no-cache=1528475483406 HTTP/1.1" 200 29
200.54.247.70 - - [08/Jun/2018:13:32:28 -0300] "POST /cormun/servlet/solicitudot?gx-no-cache=1528475484752 HTTP/1.1" 200 240
200.54.247.70 - - [08/Jun/2018:13:32:30 -0300] "GET /cormun/servlet/solicitudot?b7bb3f9a547d7c9d5246aab478c26d1cc365f497ce54ea5d80ad417a33cc79784adc0e53b91f3fd8e0afca4f325373c711873ae1e7e5863d2413dbdf74c4bd95a5d3f521005a7625a3ab208ed09499dac649789d9ce2d9cd1be94180afc44266af28d3c3a179ac8fdc1475087d12c7ad0ba01c4e85e1ca04177a4acdca433d434e30b4c527f45e8ca91df691d7537a8ba2b65544914ee85a2c087288ea49d72cf3a16975e86015441b6561c7542c63eb14d919e44c2aface4a20b2938dc1999528cade8fe62cd7d9dbb0674f5b9b7489cb403e9ebdb04f3b420aea3bb59777a0bc3c7a193c89058bd6ca017c92d29b5d9d17c69afde40d90573fdbfdce1a9ea5e6a05dc6cc8ccce5ad9dae0310b6a7ab56d0632394bc09ccabeed56a96d0f5b398f094bd065e29f066c781e935ddaac04fcfd3ded10d9c8a0056b6ce3cf006a9825361faf4898110e35c282ee84be513874a326b5414939f00e4b12051c40fed9d78549879550d9d6ecaa9b2902336d3f18cbfd05639a20ed2499c17b14da1f7,gx-no-cache=1528475486802 HTTP/1.1" 200 30
191.126.171.143 - - [08/Jun/2018:13:32:31 -0300] "GET /cormun/servlet/trautorizarsolicitud? HTTP/1.1" 200 8627
191.126.171.143 - - [08/Jun/2018:13:32:32 -0300] "GET /cormun/servlet/trautorizarsolicitud? HTTP/1.1" 200 8604
200.54.247.70 - - [08/Jun/2018:13:32:33 -0300] "POST /cormun/servlet/solicitudot?gx-no-cache=1528475490061 HTTP/1.1" 200 30
200.54.247.70 - - [08/Jun/2018:13:32:38 -0300] "GET /cormun/servlet/prfichaempleado?,MD,,gxPopupLevel%3D0%3B HTTP/1.1" 200 9390
191.126.171.143 - - [08/Jun/2018:13:32:39 -0300] "POST /cormun/servlet/trautorizarsolicitud?979b532b07f987abf531e2fb4ee3fc84,,gx-no-cache=1528475495111 HTTP/1.1" 200 4615
191.126.171.143 - - [08/Jun/2018:13:32:39 -0300] "GET /cormun/static/Shared/jqueryui/images/ui-bg_highlight-soft_100_c6c2c8_1x100.png HTTP/1.1" 404 1117
191.126.171.143 - - [08/Jun/2018:13:32:39 -0300] "GET /cormun/static/Shared/jqueryui/images/ui-icons_82798d_256x240.png HTTP/1.1" 404 1089
191.126.171.143 - - [08/Jun/2018:13:32:39 -0300] "GET /cormun/static/Shared/jqueryui/images/ui-icons_8d78a5_256x240.png HTTP/1.1" 404 1089
191.126.171.143 - - [08/Jun/2018:13:32:39 -0300] "GET /cormun/static/Shared/jqueryui/images/ui-bg_flat_55_fafafa_40x100.png HTTP/1.1" 404 1097
191.126.171.143 - - [08/Jun/2018:13:32:39 -0300] "POST /cormun/servlet/trautorizarsolicitud?979b532b07f987abf531e2fb4ee3fc84,,gx-no-cache=1528475495590 HTTP/1.1" 200 4388
186.103.157.98 - - [08/Jun/2018:13:32:46 -0300] "GET /cormun/servlet/trautorizarsolicitud? HTTP/1.1" 200 8730
186.103.157.98 - - [08/Jun/2018:13:32:46 -0300] "GET /cormun/static/gxcfg.js?2017111423403364 HTTP/1.1" 304 -
186.103.157.98 - - [08/Jun/2018:13:32:46 -0300] "GET /cormun/static/trautorizarsolicitud.js?201711142340425 HTTP/1.1" 304 -
186.103.157.98 - - [08/Jun/2018:13:32:46 -0300] "GET /cormun/servlet/trautorizarsolicitud? HTTP/1.1" 200 8729
200.54.247.70 - - [08/Jun/2018:13:32:50 -0300] "POST /cormun/servlet/prfichaempleado?f65bf31b740b8e56ca3f63ba682519ec,,MD,,gxPopupLevel%3D0%3B,gx-no-cache=1528475507176 HTTP/1.1" 200 6215
186.103.157.98 - - [08/Jun/2018:13:32:51 -0300] "POST /cormun/servlet/trautorizarsolicitud?c070f5252675e4002e987e7f57b77455,,gx-no-cache=1528475509908 HTTP/1.1" 200 4620
186.103.157.98 - - [08/Jun/2018:13:32:51 -0300] "GET /cormun/static/Shared/jqueryui/images/ui-bg_highlight-soft_100_c6c2c8_1x100.png HTTP/1.1" 404 1117
201.215.248.160 - - [08/Jun/2018:13:32:51 -0300] "GET /cormun/servlet/hhome HTTP/1.1" 200 3398
186.103.157.98 - - [08/Jun/2018:13:32:51 -0300] "GET /cormun/static/Shared/jqueryui/images/ui-bg_flat_55_fafafa_40x100.png HTTP/1.1" 404 1097
186.103.157.98 - - [08/Jun/2018:13:32:51 -0300] "GET /cormun/static/Shared/jqueryui/images/ui-icons_8d78a5_256x240.png HTTP/1.1" 404 1089
186.103.157.98 - - [08/Jun/2018:13:32:51 -0300] "GET /cormun/static/Shared/jqueryui/images/ui-icons_82798d_256x240.png HTTP/1.1" 404 1089
186.103.157.98 - - [08/Jun/2018:13:32:51 -0300] "POST /cormun/servlet/trautorizarsolicitud?c070f5252675e4002e987e7f57b77455,,gx-no-cache=1528475510146 HTTP/1.1" 200 4390
201.215.248.160 - - [08/Jun/2018:13:32:52 -0300] "GET /cormun/servlet/hlogin HTTP/1.1" 200 1724
201.215.248.160 - - [08/Jun/2018:13:32:52 -0300] "GET /cormun/servlet/hhome HTTP/1.1" 200 3408
201.215.248.160 - - [08/Jun/2018:13:33:03 -0300] "POST /cormun/servlet/hlogin?1693a9016527dbe480696a2e49f71d2d,gx-no-cache=1528475643358 HTTP/1.1" 200 90
201.215.248.160 - - [08/Jun/2018:13:33:03 -0300] "GET /cormun/servlet/hpexe_link HTTP/1.1" 200 944
201.215.248.160 - - [08/Jun/2018:13:33:03 -0300] "GET /cormun/servlet/hhome HTTP/1.1" 200 3980
201.215.248.160 - - [08/Jun/2018:13:33:04 -0300] "GET /cormun/servlet/hhome HTTP/1.1" 200 3977
191.126.171.143 - - [08/Jun/2018:13:33:04 -0300] "GET /cormun/servlet/hlogin HTTP/1.1" 200 1740
201.215.248.160 - - [08/Jun/2018:13:33:06 -0300] "GET /cormun/servlet/trlicencias? HTTP/1.1" 200 12177
201.215.248.160 - - [08/Jun/2018:13:33:07 -0300] "GET /cormun/servlet/trlicencias? HTTP/1.1" 200 12174
201.215.248.160 - - [08/Jun/2018:13:33:12 -0300] "GET /cormun/servlet/trlicenciaspermisosadjuntos?17279322,20180607000000,L, HTTP/1.1" 200 6341
201.215.248.160 - - [08/Jun/2018:13:33:12 -0300] "GET /cormun/servlet/trlicenciaspermisosadjuntos?17279322,20180607000000,L, HTTP/1.1" 200 6341
201.215.248.160 - - [08/Jun/2018:13:33:14 -0300] "GET /cormun/servlet/licenciaspermisosadjuntos?INS,17279322,L,20180607000000,, HTTP/1.1" 200 5641
201.215.248.160 - - [08/Jun/2018:13:33:14 -0300] "GET /cormun/static/about:blank HTTP/1.1" 404 1011
200.54.247.70 - - [08/Jun/2018:13:33:15 -0300] "POST /cormun/servlet/prfichaempleado?f65bf31b740b8e56ca3f63ba682519ec,,MD,,gxPopupLevel%3D0%3B,gx-no-cache=1528475531286 HTTP/1.1" 200 6215
201.215.248.160 - - [08/Jun/2018:13:33:15 -0300] "GET /cormun/servlet/licenciaspermisosadjuntos?INS,17279322,L,20180607000000,, HTTP/1.1" 200 5630
191.126.171.143 - - [08/Jun/2018:13:33:16 -0300] "POST /cormun/servlet/hlogin?979b532b07f987abf531e2fb4ee3fc84,gx-no-cache=1528475532421 HTTP/1.1" 200 90
191.126.171.143 - - [08/Jun/2018:13:33:16 -0300] "GET /cormun/servlet/hpexe_link HTTP/1.1" 200 947
191.126.171.143 - - [08/Jun/2018:13:33:16 -0300] "GET /cormun/servlet/hhome HTTP/1.1" 200 3941
191.126.171.143 - - [08/Jun/2018:13:33:17 -0300] "GET /cormun/servlet/hhome HTTP/1.1" 200 3938
191.126.171.143 - - [08/Jun/2018:13:33:20 -0300] "GET /cormun/servlet/trsolicitudot? HTTP/1.1" 200 7150
191.126.171.143 - - [08/Jun/2018:13:33:22 -0300] "GET /cormun/servlet/trsolicitudot? HTTP/1.1" 200 7149
201.215.248.160 - - [08/Jun/2018:13:33:23 -0300] "POST /cormun/servlet/licenciaspermisosadjuntos?1693a9016527dbe480696a2e49f71d2d,INS,17279322,L,20180607000000,, HTTP/1.1" 200 116
201.215.248.160 - - [08/Jun/2018:13:33:23 -0300] "GET /cormun/servlet/hpexe_return? HTTP/1.1" 200 1035
201.215.248.160 - - [08/Jun/2018:13:33:23 -0300] "GET /cormun/servlet/trlicenciaspermisosadjuntos?17279322,20180607000000,L, HTTP/1.1" 200 6862
201.215.248.160 - - [08/Jun/2018:13:33:24 -0300] "GET /cormun/servlet/trlicenciaspermisosadjuntos?17279322,20180607000000,L, HTTP/1.1" 200 6859
191.126.171.143 - - [08/Jun/2018:13:33:26 -0300] "GET /cormun/servlet/solicitudot?INS,0,0, HTTP/1.1" 200 13385
191.126.171.143 - - [08/Jun/2018:13:33:27 -0300] "GET /cormun/servlet/solicitudot?INS,0,0, HTTP/1.1" 200 13390
201.215.248.160 - - [08/Jun/2018:13:33:29 -0300] "GET /cormun/servlet/trlicencias? HTTP/1.1" 200 12175
201.215.248.160 - - [08/Jun/2018:13:33:30 -0300] "GET /cormun/servlet/trlicencias? HTTP/1.1" 200 12174
191.126.171.143 - - [08/Jun/2018:13:33:39 -0300] "POST /cormun/servlet/solicitudot?gx-no-cache=1528475554920 HTTP/1.1" 200 3302
191.126.171.143 - - [08/Jun/2018:13:33:39 -0300] "POST /cormun/servlet/solicitudot?979b532b07f987abf531e2fb4ee3fc84,INS,0,0,,gx-no-cache=1528475555415 HTTP/1.1" 200 10270
191.126.171.143 - - [08/Jun/2018:13:33:51 -0300] "GET /cormun/servlet/solicitudot?94540a5e60dae5f69c8dd435ec93a50d712b7ffb72eaa916b3dbbe3fc464bc759c364d48b77ec3b1ec0fcdfb6d875791,gx-no-cache=1528475567228 HTTP/1.1" 200 30
201.215.248.160 - - [08/Jun/2018:13:33:56 -0300] "POST /cormun/servlet/trlicencias?1693a9016527dbe480696a2e49f71d2d,,gx-no-cache=1528475695539 HTTP/1.1" 200 9461
201.215.248.160 - - [08/Jun/2018:13:33:56 -0300] "GET /cormun/static/Shared/jqueryui/images/ui-bg_highlight-soft_100_c6c2c8_1x100.png HTTP/1.1" 404 1117
201.215.248.160 - - [08/Jun/2018:13:33:56 -0300] "GET /cormun/static/Shared/jqueryui/images/ui-icons_82798d_256x240.png HTTP/1.1" 404 1089
201.215.248.160 - - [08/Jun/2018:13:33:56 -0300] "GET /cormun/static/Shared/jqueryui/images/ui-bg_flat_55_fafafa_40x100.png HTTP/1.1" 404 1097
201.215.248.160 - - [08/Jun/2018:13:33:56 -0300] "GET /cormun/static/Shared/jqueryui/images/ui-icons_8d78a5_256x240.png HTTP/1.1" 404 1089
201.215.248.160 - - [08/Jun/2018:13:34:10 -0300] "GET /cormun/servlet/trpermisosgoce? HTTP/1.1" 200 13413
201.215.248.160 - - [08/Jun/2018:13:34:11 -0300] "GET /cormun/servlet/trpermisosgoce? HTTP/1.1" 200 13414
200.54.247.70 - - [08/Jun/2018:13:34:19 -0300] "POST /cormun/servlet/prfichaempleado?f65bf31b740b8e56ca3f63ba682519ec,,MD,,gxPopupLevel%3D0%3B,gx-no-cache=1528475594752 HTTP/1.1" 200 3408
200.54.247.70 - - [08/Jun/2018:13:34:24 -0300] "POST /cormun/servlet/solicitudot?gx-no-cache=1528475600596 HTTP/1.1" 200 1368
190.151.100.218 - - [08/Jun/2018:13:34:52 -0300] "GET /cormun/servlet/hlogin HTTP/1.1" 200 1736
190.151.100.218 - - [08/Jun/2018:13:34:53 -0300] "GET /cormun/servlet/hlogin HTTP/1.1" 200 1725
190.151.100.218 - - [08/Jun/2018:13:34:53 -0300] "GET /favicon.ico HTTP/1.1" 200 21630
191.126.171.143 - - [08/Jun/2018:13:35:01 -0300] "GET /cormun/servlet/solicitudot?94540a5e60dae5f69c8dd435ec93a50dba32e22372a2096a1d63dcca93015868,gx-no-cache=1528475637606 HTTP/1.1" 200 94
191.126.171.143 - - [08/Jun/2018:13:35:01 -0300] "GET /cormun/static/Shared/jqueryui/images/ui-bg_highlight-soft_100_c6c2c8_1x100.png HTTP/1.1" 404 1117
191.126.171.143 - - [08/Jun/2018:13:35:01 -0300] "GET /cormun/static/Shared/jqueryui/images/ui-icons_82798d_256x240.png HTTP/1.1" 404 1089
191.126.171.143 - - [08/Jun/2018:13:35:02 -0300] "GET /cormun/static/Shared/jqueryui/images/ui-bg_flat_55_994d53_40x100.png HTTP/1.1" 404 1097
191.126.171.143 - - [08/Jun/2018:13:35:02 -0300] "GET /cormun/static/Shared/jqueryui/images/ui-icons_ebccce_256x240.png HTTP/1.1" 404 1089
200.54.247.70 - - [08/Jun/2018:13:35:19 -0300] "GET /cormun/static/menuarrow.gif HTTP/1.1" 404 1015
200.54.247.70 - - [08/Jun/2018:13:35:30 -0300] "POST /cormun/servlet/solicitudot?gx-no-cache=1528475666744 HTTP/1.1" 200 118
200.54.247.70 - - [08/Jun/2018:13:35:30 -0300] "GET /cormun/static/Shared/jqueryui/images/ui-bg_flat_55_994d53_40x100.png HTTP/1.1" 404 1097
200.54.247.70 - - [08/Jun/2018:13:35:30 -0300] "GET /cormun/static/Shared/jqueryui/images/ui-icons_ebccce_256x240.png HTTP/1.1" 404 1089
200.54.247.70 - - [08/Jun/2018:13:36:56 -0300] "GET /cormun/servlet/prfichaempleado?,MD,,gxPopupLevel%3D0%3B HTTP/1.1" 200 9390
200.54.247.70 - - [08/Jun/2018:13:37:06 -0300] "POST /cormun/servlet/prfichaempleado?f65bf31b740b8e56ca3f63ba682519ec,,MD,,gxPopupLevel%3D0%3B,gx-no-cache=1528475763028 HTTP/1.1" 200 3408
200.54.247.70 - - [08/Jun/2018:13:37:12 -0300] "POST /cormun/servlet/solicitudot?gx-no-cache=1528475768957 HTTP/1.1" 200 1368
200.54.247.70 - - [08/Jun/2018:13:37:12 -0300] "POST /cormun/servlet/solicitudot?gx-no-cache=1528475769067 HTTP/1.1" 200 118
186.103.159.182 - - [08/Jun/2018:13:38:17 -0300] "POST /cormun/servlet/trlicencias?9068c53f414a0c232cbdf16c47485317,,gx-no-cache=1528472193549 HTTP/1.1" 200 11735
186.103.159.182 - - [08/Jun/2018:13:38:17 -0300] "GET /cormun/static/Shared/jqueryui/images/ui-bg_highlight-soft_100_c6c2c8_1x100.png HTTP/1.1" 404 1117
186.103.159.182 - - [08/Jun/2018:13:38:17 -0300] "GET /cormun/static/Shared/jqueryui/images/ui-icons_82798d_256x240.png HTTP/1.1" 404 1089
186.103.159.182 - - [08/Jun/2018:13:38:17 -0300] "GET /cormun/static/Shared/jqueryui/images/ui-icons_8d78a5_256x240.png HTTP/1.1" 404 1089
186.103.159.182 - - [08/Jun/2018:13:38:17 -0300] "GET /cormun/static/Shared/jqueryui/images/ui-bg_flat_55_fafafa_40x100.png HTTP/1.1" 404 1097
200.54.247.70 - - [08/Jun/2018:13:41:16 -0300] "POST /cormun/servlet/solicitudot?gx-no-cache=1528476013224 HTTP/1.1" 200 118
82.102.88.52 - - [08/Jun/2018:13:41:17 -0300] "GET / HTTP/1.1" 200 11217
191.126.171.143 - - [08/Jun/2018:13:41:25 -0300] "GET /cormun/servlet/prbanco?,MD,,gxPopupLevel%3D0%3B HTTP/1.1" 200 6568
191.126.171.143 - - [08/Jun/2018:13:41:32 -0300] "GET /cormun/servlet/solicitudot?94540a5e60dae5f69c8dd435ec93a50d357816063b4ae6426f4da436d8050d61,gx-no-cache=1528476028496 HTTP/1.1" 200 53
200.54.247.70 - - [08/Jun/2018:13:41:48 -0300] "GET /cormun/servlet/hlogin HTTP/1.1" 200 1722
200.54.247.70 - - [08/Jun/2018:13:41:54 -0300] "POST /cormun/servlet/hlogin?f65bf31b740b8e56ca3f63ba682519ec,gx-no-cache=1528476050933 HTTP/1.1" 200 90
200.54.247.70 - - [08/Jun/2018:13:41:54 -0300] "GET /cormun/servlet/hpexe_link HTTP/1.1" 200 962
200.54.247.70 - - [08/Jun/2018:13:41:55 -0300] "GET /cormun/servlet/prfichaempleado?,MD, HTTP/1.1" 200 9387
200.54.247.70 - - [08/Jun/2018:13:42:41 -0300] "GET /cormun/servlet/solicitudot?b7bb3f9a547d7c9d5246aab478c26d1c7f2d80ab9a392c7490df12092fcc346fba93bb5d4cc80d8dbe131758f75d28148627d5c3093acb520a26cef22c814f23a31c31c6684bd93382dcc77a6e65d02025e46923846b9ecfdb528e694312be18f0899e157cf0347218dbc21785d0b149,gx-no-cache=1528476098267 HTTP/1.1" 200 29
200.54.247.70 - - [08/Jun/2018:13:42:42 -0300] "POST /cormun/servlet/solicitudot?gx-no-cache=1528476098344 HTTP/1.1" 200 1351
200.54.247.70 - - [08/Jun/2018:13:42:42 -0300] "POST /cormun/servlet/solicitudot?gx-no-cache=1528476098468 HTTP/1.1" 200 1249
200.54.247.70 - - [08/Jun/2018:13:42:46 -0300] "GET /cormun/servlet/solicitudot?b7bb3f9a547d7c9d5246aab478c26d1cdcd8bc1850057009bd313d5336a602fc8822d4b03503da9266a775d18a6680be,gx-no-cache=1528476102611 HTTP/1.1" 200 30
200.54.247.70 - - [08/Jun/2018:13:42:48 -0300] "POST /cormun/servlet/solicitudot?gx-no-cache=1528476104921 HTTP/1.1" 200 30
191.126.171.143 - - [08/Jun/2018:13:45:14 -0300] "POST /cormun/servlet/solicitudot?gx-no-cache=1528476250445 HTTP/1.1" 200 297
191.126.171.143 - - [08/Jun/2018:13:45:14 -0300] "GET /cormun/servlet/solicitudot?94540a5e60dae5f69c8dd435ec93a50d79e26abc5ce086ab107540c6a5c1fa6bfbf92cd5ee1c1f36530573b4d6521adbab0ef50f8040e93c5b0e1ad31d65dca8f8a36c97005476da28fb49ef14b0abaf27b47453edabd58ff55f0cec0dec96fdad253753862a0deb56285ae0b04017c368de3bffdd510aee6530cf9489a2c0ec4e3876d3053bfa9767102eadf52abb795cad8257ec27853ff0d341f27799221f810dc88236c5eb9999670f7fbaf1025ca722c19e923a6cdb73151af0bf9ac557cad87e3a0e2a3c55ab15ca211e439e8d57340911c389eb141b861b3c4d9b9ba84bc8aca1984dec8a53d7e1c3b0d3178921e03185fdc5ac464d3697e60a119344d8507b73ceaf9d447ab4836eebd2bec44aeb2dff33d00ffbf2718cdef83384494a5b8d895b8d0350557e028e2a2c38dce1ceb15d435b23ed28ebf5edd4fa8f2173da6238b762f5fedc4ac6499562da055c2a0de54b18a526e4c96bdd342dbe8ed281e8b531e60b9b748bd761fbe9435fb15eea272c8293a772c0f36bf24ca274c2f23658f77cd882510c643bb6e9cb0d,gx-no-cache=1528476250832 HTTP/1.1" 200 30
191.126.171.143 - - [08/Jun/2018:13:45:14 -0300] "POST /cormun/servlet/solicitudot?gx-no-cache=1528476250940 HTTP/1.1" 200 30
191.126.171.143 - - [08/Jun/2018:13:45:15 -0300] "POST /cormun/servlet/solicitudot?gx-no-cache=1528476251080 HTTP/1.1" 200 1368
191.126.171.143 - - [08/Jun/2018:13:45:15 -0300] "POST /cormun/servlet/solicitudot?gx-no-cache=1528476251304 HTTP/1.1" 200 38
186.103.159.46 - - [08/Jun/2018:13:45:34 -0300] "GET /cormun/servlet/hlogin HTTP/1.1" 200 1726
186.103.159.46 - - [08/Jun/2018:13:45:46 -0300] "POST /cormun/servlet/hlogin?77a2f40cafcb06917e5a99ea79908e01,gx-no-cache=1528476282864 HTTP/1.1" 200 90
186.103.159.46 - - [08/Jun/2018:13:45:46 -0300] "GET /cormun/servlet/hpexe_link HTTP/1.1" 200 952
186.103.159.46 - - [08/Jun/2018:13:45:46 -0300] "GET /cormun/servlet/hhome HTTP/1.1" 200 3978
186.103.159.46 - - [08/Jun/2018:13:45:49 -0300] "GET /cormun/servlet/hhome HTTP/1.1" 200 3974
191.126.171.143 - - [08/Jun/2018:13:45:49 -0300] "GET /cormun/servlet/trlicencias? HTTP/1.1" 200 9091
191.126.171.143 - - [08/Jun/2018:13:45:49 -0300] "GET /cormun/static/gxcfg.js?20176272054169 HTTP/1.1" 304 -
191.126.171.143 - - [08/Jun/2018:13:45:50 -0300] "GET /cormun/servlet/trlicencias? HTTP/1.1" 200 9084
200.54.247.70 - - [08/Jun/2018:13:46:48 -0300] "GET /cormun/servlet/hlogin HTTP/1.1" 200 1719
200.54.247.70 - - [08/Jun/2018:13:46:48 -0300] "GET /cormun/static/Resources/Spanish/PXTools.css?11423723 HTTP/1.1" 304 -
200.54.247.70 - - [08/Jun/2018:13:46:48 -0300] "GET /cormun/static/gxtimezone.js?85251 HTTP/1.1" 304 -
200.54.247.70 - - [08/Jun/2018:13:46:48 -0300] "GET /cormun/static/gxgral.js?85251 HTTP/1.1" 304 -
200.54.247.70 - - [08/Jun/2018:13:46:48 -0300] "GET /cormun/static/gxcfg.js?20175251213516 HTTP/1.1" 304 -
200.54.247.70 - - [08/Jun/2018:13:46:48 -0300] "GET /cormun/static/Resources/ComunLogin.png HTTP/1.1" 304 -
200.54.247.70 - - [08/Jun/2018:13:46:48 -0300] "GET /cormun/static/messages.spa.js?85251 HTTP/1.1" 304 -
200.54.247.70 - - [08/Jun/2018:13:46:48 -0300] "GET /cormun/static/hlogin.js?20175251213537 HTTP/1.1" 304 -
200.54.247.70 - - [08/Jun/2018:13:46:48 -0300] "GET /cormun/static/Resources/indicator.gif HTTP/1.1" 304 -
200.54.247.70 - - [08/Jun/2018:13:46:48 -0300] "GET /cormun/servlet/hlogin HTTP/1.1" 200 1728
200.54.247.70 - - [08/Jun/2018:13:46:48 -0300] "GET /cormun/static/Resources/PXToolsLoginBackground.png HTTP/1.1" 304 -
200.54.247.70 - - [08/Jun/2018:13:46:48 -0300] "GET /cormun/static/Resources/PXToolsLoginTop.png HTTP/1.1" 304 -
200.54.247.70 - - [08/Jun/2018:13:46:48 -0300] "GET /cormun/static/Resources/PXToolsButtonLeft21.png HTTP/1.1" 304 -
200.54.247.70 - - [08/Jun/2018:13:46:48 -0300] "GET /cormun/static/Resources/PXToolsButtonRight21.png HTTP/1.1" 304 -
200.54.247.70 - - [08/Jun/2018:13:46:48 -0300] "GET /cormun/static/Resources/PXToolsLoginBottom.png HTTP/1.1" 304 -
200.54.247.70 - - [08/Jun/2018:13:46:48 -0300] "GET /cormun/static/Resources/PXToolsButtonBackground2.png HTTP/1.1" 304 -
46.174.191.30 - - [08/Jun/2018:13:46:53 -0300] "GET / HTTP/1.0" 200 11197
200.54.247.70 - - [08/Jun/2018:13:46:57 -0300] "POST /cormun/servlet/hlogin?b12debfe08fd993a0a3364ba773d9715,gx-no-cache=1528476353488 HTTP/1.1" 200 90
200.54.247.70 - - [08/Jun/2018:13:46:57 -0300] "GET /cormun/servlet/hpexe_link HTTP/1.1" 200 951
200.54.247.70 - - [08/Jun/2018:13:46:57 -0300] "GET /cormun/servlet/hhome HTTP/1.1" 200 4231
200.54.247.70 - - [08/Jun/2018:13:47:01 -0300] "GET /cormun/servlet/trlicencias? HTTP/1.1" 200 16868
200.54.247.70 - - [08/Jun/2018:13:47:24 -0300] "GET /cormun/servlet/licenciaspermisos?DSP,18302712,L,20180606000000, HTTP/1.1" 200 7334
