200.54.247.70 - - [08/Jun/2018:14:06:01 -0300] "GET /cormun/static/Shared/jqueryui/images/ui-icons_82798d_256x240.png HTTP/1.1" 404 1089
200.54.247.70 - - [08/Jun/2018:14:06:06 -0300] "GET /cormun/servlet/solicitudot?b7bb3f9a547d7c9d5246aab478c26d1c21fd84e1cab86a13e36dced9ca5e130b524d8ff57602fbdb64c993256a5ba2a7,gx-no-cache=1528477502865 HTTP/1.1" 200 103
200.54.247.70 - - [08/Jun/2018:14:06:06 -0300] "GET /cormun/static/Shared/jqueryui/images/ui-icons_ebccce_256x240.png HTTP/1.1" 404 1089
200.54.247.70 - - [08/Jun/2018:14:06:06 -0300] "GET /cormun/static/Shared/jqueryui/images/ui-bg_flat_55_994d53_40x100.png HTTP/1.1" 404 1097
200.54.247.70 - - [08/Jun/2018:14:06:06 -0300] "GET /cormun/servlet/solicitudot?b7bb3f9a547d7c9d5246aab478c26d1c3389c90db77a21ef1ca543350b3b4111,gx-no-cache=1528477502930 HTTP/1.1" 200 29
200.54.247.70 - - [08/Jun/2018:14:06:10 -0300] "POST /cormun/servlet/solicitudot?gx-no-cache=1528477506551 HTTP/1.1" 200 240
200.54.247.70 - - [08/Jun/2018:14:06:11 -0300] "GET /cormun/servlet/solicitudot?b7bb3f9a547d7c9d5246aab478c26d1cc365f497ce54ea5d80ad417a33cc79784adc0e53b91f3fd8e0afca4f325373c711873ae1e7e5863d2413dbdf74c4bd95a5d3f521005a7625a3ab208ed09499dac649789d9ce2d9cd1be94180afc44266af28d3c3a179ac8fdc1475087d12c7ad0ba01c4e85e1ca04177a4acdca433d434e30b4c527f45e8ca91df691d7537a8ba2b65544914ee85a2c087288ea49d72cf3a16975e86015441b6561c7542c63eb14d919e44c2aface4a20b2938dc1999528cade8fe62cd7d9dbb0674f5b9b7489cb403e9ebdb04f3b420aea3bb59777a0bc3c7a193c89058bd6ca017c92d29b5d9d17c69afde40d90573fdbfdce1a9ea5e6a05dc6cc8ccce5ad9dae0310b6a7ab56d0632394bc09ccabeed56a96d0f5b398f094bd065e29f066c781e935ddaac04fcfd3ded10d9c8a0056b6ce3cf006a9825361faf4898110e35c282ee84be513874a326b5414939f00e4b12051c40fed9d78549879550d9d6ecaa9b2902336d3f18cbfd05639a20ed2499c17b14da1f7,gx-no-cache=1528477507994 HTTP/1.1" 200 30
200.54.247.70 - - [08/Jun/2018:14:06:15 -0300] "POST /cormun/servlet/solicitudot?gx-no-cache=1528477511325 HTTP/1.1" 200 30
200.54.247.70 - - [08/Jun/2018:14:06:16 -0300] "GET /cormun/servlet/prcontratosol?17521965,,,,,MD,,gxPopupLevel%3D0%3B HTTP/1.1" 200 5735
200.54.247.70 - - [08/Jun/2018:14:06:18 -0300] "POST /cormun/servlet/solicitudot?gx-no-cache=1528477514499 HTTP/1.1" 200 1445
200.54.247.70 - - [08/Jun/2018:14:06:18 -0300] "POST /cormun/servlet/solicitudot?gx-no-cache=1528477514555 HTTP/1.1" 200 117
200.54.247.70 - - [08/Jun/2018:14:06:18 -0300] "GET /cormun/servlet/solicitudot?b7bb3f9a547d7c9d5246aab478c26d1c7f2d80ab9a392c7490df12092fcc346fba93bb5d4cc80d8dbe131758f75d28148627d5c3093acb520a26cef22c814f23a31c31c6684bd93382dcc77a6e65d02025e46923846b9ecfdb528e694312be18f0899e157cf0347218dbc21785d0b149,gx-no-cache=1528477514593 HTTP/1.1" 200 29
200.54.247.70 - - [08/Jun/2018:14:06:18 -0300] "GET /cormun/servlet/solicitudot?b7bb3f9a547d7c9d5246aab478c26d1c93533098ae96eaca6a93d1c5456fe8ea5eef299864f1ea53ae6f8d5ba41ac86758f379078cffcc007d076b52a082ec77af53cc8bff0792eb39f45fb31dcc0aeb5d9cd41e720e74b374b83033eaf6bd40f95212cb410036f9054a60c50f5d02edc4381c08687ea5cf5361eba13759e80c3e6d30274737287c1004d356724975ccc55ef9980ac6ec75e4b987d3320747ee2e33d8dca5749a72a5eeb317cd9b7565e8b22371b293a4a3d1a89b5a8f4fe1ab,gx-no-cache=1528477514627 HTTP/1.1" 200 62
200.54.247.70 - - [08/Jun/2018:14:06:18 -0300] "GET /cormun/servlet/solicitudot?345f5dbd0e48a620407e65bd16361621378c79dc1b70d46261c314dae6167ebec65ae09ca2ae347a7616d105cc92ebfa2eb5626c2925c4d003fb0a18d722431b6296b00fb119d02014f7ce7d69b0ffb9,gx-no-cache=1528477514668 HTTP/1.1" 200 55
200.54.247.70 - - [08/Jun/2018:14:06:18 -0300] "GET /cormun/servlet/solicitudot?b7bb3f9a547d7c9d5246aab478c26d1c9886c5821320b63e1e0885647bc291cf,gx-no-cache=1528477514707 HTTP/1.1" 200 30
200.54.247.70 - - [08/Jun/2018:14:06:19 -0300] "GET /cormun/servlet/prsolicitudot?17521965,,,,,MD,,gxPopupLevel%3D0%3B HTTP/1.1" 200 6066
200.54.247.70 - - [08/Jun/2018:14:06:23 -0300] "POST /cormun/servlet/solicitudot?gx-no-cache=1528477519334 HTTP/1.1" 200 1445
200.54.247.70 - - [08/Jun/2018:14:06:23 -0300] "POST /cormun/servlet/solicitudot?gx-no-cache=1528477519423 HTTP/1.1" 200 117
200.54.247.70 - - [08/Jun/2018:14:06:23 -0300] "GET /cormun/servlet/solicitudot?b7bb3f9a547d7c9d5246aab478c26d1c93533098ae96eaca6a93d1c5456fe8ea5eef299864f1ea53ae6f8d5ba41ac86758f379078cffcc007d076b52a082ec77af53cc8bff0792eb39f45fb31dcc0aeb5d9cd41e720e74b374b83033eaf6bd40f95212cb410036f9054a60c50f5d02edc4381c08687ea5cf5361eba13759e80c3e6d30274737287c1004d356724975ccc55ef9980ac6ec75e4b987d3320747ee2e33d8dca5749a72a5eeb317cd9b7565e8b22371b293a4a3d1a89b5a8f4fe1ab,gx-no-cache=1528477519471 HTTP/1.1" 200 62
200.54.247.70 - - [08/Jun/2018:14:06:23 -0300] "GET /cormun/servlet/solicitudot?345f5dbd0e48a620407e65bd16361621378c79dc1b70d46261c314dae6167ebec65ae09ca2ae347a7616d105cc92ebfa2eb5626c2925c4d003fb0a18d722431b6296b00fb119d02014f7ce7d69b0ffb9,gx-no-cache=1528477519513 HTTP/1.1" 200 55
200.54.247.70 - - [08/Jun/2018:14:06:23 -0300] "GET /cormun/servlet/solicitudot?b7bb3f9a547d7c9d5246aab478c26d1cdcd8bc1850057009bd313d5336a602fc24a0824949b4d316b6110480f7491423,gx-no-cache=1528477519547 HTTP/1.1" 200 30
200.54.247.70 - - [08/Jun/2018:14:06:28 -0300] "GET /cormun/servlet/prfichaempleado?,MD,,gxPopupLevel%3D0%3B HTTP/1.1" 200 9390
200.54.247.70 - - [08/Jun/2018:14:06:37 -0300] "POST /cormun/servlet/prfichaempleado?f65bf31b740b8e56ca3f63ba682519ec,,MD,,gxPopupLevel%3D0%3B,gx-no-cache=1528477533478 HTTP/1.1" 200 3408
200.54.247.70 - - [08/Jun/2018:14:06:40 -0300] "POST /cormun/servlet/solicitudot?gx-no-cache=1528477537071 HTTP/1.1" 200 1368
200.54.247.70 - - [08/Jun/2018:14:06:40 -0300] "GET /cormun/static/menuarrow.gif HTTP/1.1" 404 1015
200.54.247.70 - - [08/Jun/2018:14:06:47 -0300] "POST /cormun/servlet/solicitudot?gx-no-cache=1528477543502 HTTP/1.1" 200 41
200.111.122.170 - - [08/Jun/2018:14:07:08 -0300] "GET /cormun/servlet/trpermisosadjuntos?19849942,20180608125855,P, HTTP/1.1" 200 6523
200.111.122.170 - - [08/Jun/2018:14:07:09 -0300] "GET /cormun/static/gxcfg.js?201762817193957 HTTP/1.1" 200 953
200.111.122.170 - - [08/Jun/2018:14:07:09 -0300] "GET /cormun/servlet/trpermisosadjuntos?19849942,20180608125855,P, HTTP/1.1" 200 6523
200.111.122.170 - - [08/Jun/2018:14:07:11 -0300] "GET /cormun/servlet/permisosadjuntos?INS,19849942,P,20180608125855,, HTTP/1.1" 200 5860
200.111.122.170 - - [08/Jun/2018:14:07:11 -0300] "GET /cormun/static/gxcfg.js?201762717441171 HTTP/1.1" 200 953
200.111.122.170 - - [08/Jun/2018:14:07:11 -0300] "GET /cormun/static/about:blank HTTP/1.1" 404 1011
200.111.122.170 - - [08/Jun/2018:14:07:11 -0300] "GET /cormun/servlet/permisosadjuntos?INS,19849942,P,20180608125855,, HTTP/1.1" 200 5849
200.111.122.170 - - [08/Jun/2018:14:07:23 -0300] "POST /cormun/servlet/permisosadjuntos?384afed7ca93ef5c1ae4c2aeaf1cf30a,INS,19849942,P,20180608125855,, HTTP/1.1" 200 116
200.111.122.170 - - [08/Jun/2018:14:07:24 -0300] "GET /cormun/servlet/hpexe_return? HTTP/1.1" 200 1033
200.111.122.170 - - [08/Jun/2018:14:07:24 -0300] "GET /cormun/servlet/trpermisosadjuntos?19849942,20180608125855,P, HTTP/1.1" 200 7052
200.111.122.170 - - [08/Jun/2018:14:07:25 -0300] "GET /cormun/servlet/trpermisosadjuntos?19849942,20180608125855,P, HTTP/1.1" 200 7049
200.54.247.70 - - [08/Jun/2018:14:07:27 -0300] "POST /cormun/servlet/solicitudot?gx-no-cache=1528477583130 HTTP/1.1" 200 1351
200.54.247.70 - - [08/Jun/2018:14:07:27 -0300] "POST /cormun/servlet/solicitudot?gx-no-cache=1528477583492 HTTP/1.1" 200 1249
200.54.247.70 - - [08/Jun/2018:14:07:27 -0300] "POST /cormun/servlet/solicitudot?gx-no-cache=1528477583806 HTTP/1.1" 200 32
200.54.247.70 - - [08/Jun/2018:14:07:32 -0300] "POST /cormun/servlet/solicitudot?f65bf31b740b8e56ca3f63ba682519ec,INS,0,0,,gx-no-cache=1528477588175 HTTP/1.1" 200 11970
186.67.203.186 - - [08/Jun/2018:14:07:32 -0300] "POST /cormun/servlet/trpermisosadjuntos?384afed7ca93ef5c1ae4c2aeaf1cf30a,19849942,20180608125855,P,,gx-no-cache=1528477587982 HTTP/1.1" 200 90
186.67.203.186 - - [08/Jun/2018:14:07:32 -0300] "GET /cormun/servlet/hpexe_link HTTP/1.1" 200 979
186.67.203.186 - - [08/Jun/2018:14:07:33 -0300] "GET /cormun/servlet/trpermisosgoce HTTP/1.1" 200 9025
186.67.203.186 - - [08/Jun/2018:14:07:33 -0300] "GET /cormun/servlet/trpermisosgoce HTTP/1.1" 200 9023
186.67.203.186 - - [08/Jun/2018:14:07:37 -0300] "POST /cormun/servlet/trpermisosgoce?384afed7ca93ef5c1ae4c2aeaf1cf30a,gx-no-cache=1528477592513 HTTP/1.1" 200 6168
186.67.203.186 - - [08/Jun/2018:14:07:37 -0300] "GET /cormun/static/Shared/jqueryui/images/ui-bg_highlight-soft_100_c6c2c8_1x100.png HTTP/1.1" 404 1117
186.67.203.186 - - [08/Jun/2018:14:07:38 -0300] "GET /cormun/static/Shared/jqueryui/images/ui-bg_flat_55_fafafa_40x100.png HTTP/1.1" 404 1097
190.151.100.218 - - [08/Jun/2018:14:07:38 -0300] "GET /cormun/static/Shared/jqueryui/images/ui-icons_82798d_256x240.png HTTP/1.1" 404 1089
200.54.18.251 - - [08/Jun/2018:14:07:38 -0300] "GET /cormun/static/Shared/jqueryui/images/ui-icons_8d78a5_256x240.png HTTP/1.1" 404 1089
200.54.18.251 - - [08/Jun/2018:14:07:46 -0300] "POST /cormun/servlet/trpermisosgoce?384afed7ca93ef5c1ae4c2aeaf1cf30a,gx-no-cache=1528477601846 HTTP/1.1" 200 5196
200.54.247.70 - - [08/Jun/2018:14:07:47 -0300] "GET /cormun/servlet/solicitudot?b7bb3f9a547d7c9d5246aab478c26d1c3e445f81e4de61528ded07345e7d21ebfbc67e30f12cac86bc6fab6b38533364,gx-no-cache=1528477603948 HTTP/1.1" 200 30
200.54.247.70 - - [08/Jun/2018:14:07:47 -0300] "GET /cormun/servlet/solicitudot?b7bb3f9a547d7c9d5246aab478c26d1cc365f497ce54ea5d80ad417a33cc79784adc0e53b91f3fd8e0afca4f325373c711873ae1e7e5863d2413dbdf74c4bd95a5d3f521005a7625a3ab208ed09499dac649789d9ce2d9cd1be94180afc44266af28d3c3a179ac8fdc1475087d12c7ad0ba01c4e85e1ca04177a4acdca433d434e30b4c527f45e8ca91df691d7537a8ba2b65544914ee85a2c087288ea49d72cf3a16975e86015441b6561c7542c63eb14d919e44c2aface4a20b2938dc1999528cade8fe62cd7d9dbb0674f5b9b7489cb403e9ebdb04f3b420aea3bb59777a0bc3c7a193c89058bd6ca017c92d29b5d9d17c69afde40d90573fdbfdce1a9ea5e6a05dc6cc8ccce5ad9dae0310b6a7ab56d0632394bc09ccabeed56a96d0f5b398f094bd065e29f066c781e935ddaac04fcfd3ded10d9c8a0056b6ce3cf006a9825361faf4898110e35c282ee84be513874a326b5414939f00e4b12051c40fed9d78549879550d9d6ecaa9b2902336d302adf9f34986182f550f4f9fe7036722,gx-no-cache=1528477604105 HTTP/1.1" 200 30
200.54.247.70 - - [08/Jun/2018:14:07:48 -0300] "POST /cormun/servlet/solicitudot?gx-no-cache=1528477604263 HTTP/1.1" 200 30
200.54.247.70 - - [08/Jun/2018:14:07:48 -0300] "POST /cormun/servlet/solicitudot?gx-no-cache=1528477604427 HTTP/1.1" 200 1368
200.54.247.70 - - [08/Jun/2018:14:07:48 -0300] "POST /cormun/servlet/solicitudot?gx-no-cache=1528477604758 HTTP/1.1" 200 41
200.54.247.70 - - [08/Jun/2018:14:07:48 -0300] "POST /cormun/servlet/solicitudot?gx-no-cache=1528477604969 HTTP/1.1" 200 1351
200.54.247.70 - - [08/Jun/2018:14:07:49 -0300] "POST /cormun/servlet/solicitudot?gx-no-cache=1528477605229 HTTP/1.1" 200 1249
200.54.247.70 - - [08/Jun/2018:14:07:49 -0300] "GET /cormun/servlet/solicitudot?b7bb3f9a547d7c9d5246aab478c26d1cdcd8bc1850057009bd313d5336a602fc8822d4b03503da9266a775d18a6680be,gx-no-cache=1528477605479 HTTP/1.1" 200 30
200.54.247.70 - - [08/Jun/2018:14:07:49 -0300] "POST /cormun/servlet/solicitudot?gx-no-cache=1528477605704 HTTP/1.1" 200 32
200.54.247.70 - - [08/Jun/2018:14:07:50 -0300] "POST /cormun/servlet/solicitudot?f65bf31b740b8e56ca3f63ba682519ec,INS,0,0,,gx-no-cache=1528477605978 HTTP/1.1" 200 93
200.54.247.70 - - [08/Jun/2018:14:07:50 -0300] "GET /cormun/servlet/hpexe_return? HTTP/1.1" 200 1004
200.54.247.70 - - [08/Jun/2018:14:07:50 -0300] "GET /cormun/servlet/trsolicitudot HTTP/1.1" 200 9215
200.54.18.251 - - [08/Jun/2018:14:07:51 -0300] "POST /cormun/servlet/trpermisosgoce?384afed7ca93ef5c1ae4c2aeaf1cf30a,gx-no-cache=1528477606583 HTTP/1.1" 200 5215
200.54.247.70 - - [08/Jun/2018:14:07:51 -0300] "GET /cormun/servlet/trsolicitudot HTTP/1.1" 200 9211
200.54.18.251 - - [08/Jun/2018:14:07:54 -0300] "GET /cormun/servlet/trpermisosadjuntos?19849942,20180608125855,P, HTTP/1.1" 200 7049
200.54.18.251 - - [08/Jun/2018:14:07:55 -0300] "GET /cormun/servlet/trpermisosadjuntos?19849942,20180608125855,P, HTTP/1.1" 200 7048
200.54.18.251 - - [08/Jun/2018:14:08:01 -0300] "GET /cormun/PublicTempStorage/g22_permiso_benjamin_escobar_12junio20186635947.pdf HTTP/1.1" 200 392576
200.54.247.70 - - [08/Jun/2018:14:08:03 -0300] "POST /cormun/servlet/trsolicitudot?f65bf31b740b8e56ca3f63ba682519ec,gx-no-cache=1528477619620 HTTP/1.1" 200 4468
191.126.171.143 - - [08/Jun/2018:14:08:12 -0300] "POST /cormun/servlet/solicitudot?gx-no-cache=1528477628523 HTTP/1.1" 200 30
200.54.247.70 - - [08/Jun/2018:14:08:14 -0300] "POST /cormun/servlet/trsolicitudot?f65bf31b740b8e56ca3f63ba682519ec,gx-no-cache=1528477630137 HTTP/1.1" 200 5900
200.54.18.251 - - [08/Jun/2018:14:08:14 -0300] "GET /cormun/servlet/permisosadjuntos?INS,19849942,P,20180608125855,, HTTP/1.1" 200 5860
200.54.18.251 - - [08/Jun/2018:14:08:14 -0300] "GET /cormun/static/about:blank HTTP/1.1" 404 1011
200.54.18.251 - - [08/Jun/2018:14:08:15 -0300] "GET /cormun/servlet/permisosadjuntos?INS,19849942,P,20180608125855,, HTTP/1.1" 200 5850
200.54.247.70 - - [08/Jun/2018:14:08:16 -0300] "POST /cormun/servlet/trsolicitudot?f65bf31b740b8e56ca3f63ba682519ec,gx-no-cache=1528477631933 HTTP/1.1" 200 4700
200.54.247.70 - - [08/Jun/2018:14:08:16 -0300] "GET /cormun/static/Shared/jqueryui/images/ui-bg_highlight-soft_100_c6c2c8_1x100.png HTTP/1.1" 404 1117
200.54.247.70 - - [08/Jun/2018:14:08:16 -0300] "GET /cormun/static/Shared/jqueryui/images/ui-bg_flat_55_fafafa_40x100.png HTTP/1.1" 404 1097
200.54.247.70 - - [08/Jun/2018:14:08:16 -0300] "GET /cormun/static/Shared/jqueryui/images/ui-icons_82798d_256x240.png HTTP/1.1" 404 1089
200.54.247.70 - - [08/Jun/2018:14:08:16 -0300] "GET /cormun/static/Shared/jqueryui/images/ui-icons_8d78a5_256x240.png HTTP/1.1" 404 1089
200.54.247.70 - - [08/Jun/2018:14:08:16 -0300] "POST /cormun/servlet/trsolicitudot?f65bf31b740b8e56ca3f63ba682519ec,gx-no-cache=1528477632540 HTTP/1.1" 200 4449
200.54.247.70 - - [08/Jun/2018:14:08:21 -0300] "POST /cormun/servlet/trsolicitudot?f65bf31b740b8e56ca3f63ba682519ec,gx-no-cache=1528477637298 HTTP/1.1" 200 5902
191.126.171.143 - - [08/Jun/2018:14:08:22 -0300] "GET /cormun/servlet/prcontratosol?18104674,,,,,MD,,gxPopupLevel%3D0%3B HTTP/1.1" 200 7441
200.54.247.70 - - [08/Jun/2018:14:08:22 -0300] "POST /cormun/servlet/trsolicitudot?f65bf31b740b8e56ca3f63ba682519ec,gx-no-cache=1528477638997 HTTP/1.1" 200 5879
191.126.171.143 - - [08/Jun/2018:14:08:25 -0300] "POST /cormun/servlet/solicitudot?gx-no-cache=1528477641861 HTTP/1.1" 200 1450
191.126.171.143 - - [08/Jun/2018:14:08:26 -0300] "POST /cormun/servlet/solicitudot?gx-no-cache=1528477642259 HTTP/1.1" 200 121
186.103.161.206 - - [08/Jun/2018:14:08:26 -0300] "POST /cormun/servlet/permisosadjuntos?384afed7ca93ef5c1ae4c2aeaf1cf30a,INS,19849942,P,20180608125855,, HTTP/1.1" 200 116
186.103.161.206 - - [08/Jun/2018:14:08:27 -0300] "GET /cormun/servlet/hpexe_return? HTTP/1.1" 200 1033
191.126.171.143 - - [08/Jun/2018:14:08:27 -0300] "POST /cormun/servlet/solicitudot?gx-no-cache=1528477642479 HTTP/1.1" 200 1351
200.54.247.70 - - [08/Jun/2018:14:08:27 -0300] "POST /cormun/servlet/trsolicitudot?f65bf31b740b8e56ca3f63ba682519ec,gx-no-cache=1528477643252 HTTP/1.1" 200 6240
191.126.171.143 - - [08/Jun/2018:14:08:27 -0300] "POST /cormun/servlet/solicitudot?gx-no-cache=1528477643478 HTTP/1.1" 200 1249
186.103.161.206 - - [08/Jun/2018:14:08:27 -0300] "GET /cormun/servlet/trpermisosadjuntos?19849942,20180608125855,P, HTTP/1.1" 200 7167
191.126.171.143 - - [08/Jun/2018:14:08:28 -0300] "GET /cormun/servlet/solicitudot?94540a5e60dae5f69c8dd435ec93a50dc90c3165625035bc481d55a500b43520ac9fd88c3e002cdbd4409091ee60597d,gx-no-cache=1528477644075 HTTP/1.1" 200 134
186.103.161.206 - - [08/Jun/2018:14:08:28 -0300] "GET /cormun/servlet/trpermisosadjuntos?19849942,20180608125855,P, HTTP/1.1" 200 7164
186.103.161.206 - - [08/Jun/2018:14:08:33 -0300] "POST /cormun/servlet/trpermisosadjuntos?384afed7ca93ef5c1ae4c2aeaf1cf30a,19849942,20180608125855,P,,gx-no-cache=1528477649151 HTTP/1.1" 200 90
186.103.161.206 - - [08/Jun/2018:14:08:33 -0300] "GET /cormun/servlet/hpexe_link HTTP/1.1" 200 1000
186.103.161.206 - - [08/Jun/2018:14:08:34 -0300] "GET /cormun/servlet/trpermisosgoce?gx-no-cache=1528477606583 HTTP/1.1" 200 8018
186.103.161.206 - - [08/Jun/2018:14:08:34 -0300] "GET /cormun/servlet/trpermisosgoce?gx-no-cache=1528477606583 HTTP/1.1" 200 8038
200.54.247.70 - - [08/Jun/2018:14:08:34 -0300] "POST /cormun/servlet/trsolicitudot?f65bf31b740b8e56ca3f63ba682519ec,gx-no-cache=1528477650978 HTTP/1.1" 200 6216
186.103.161.206 - - [08/Jun/2018:14:08:38 -0300] "POST /cormun/servlet/trpermisosgoce?384afed7ca93ef5c1ae4c2aeaf1cf30a,gx-no-cache=1528477606583,gx-no-cache=1528477653730 HTTP/1.1" 200 5215
186.103.161.206 - - [08/Jun/2018:14:08:38 -0300] "GET /cormun/static/Shared/jqueryui/images/ui-bg_highlight-soft_100_c6c2c8_1x100.png HTTP/1.1" 404 1117
186.67.203.186 - - [08/Jun/2018:14:08:38 -0300] "GET /cormun/static/Shared/jqueryui/images/ui-bg_flat_55_fafafa_40x100.png HTTP/1.1" 404 1097
200.54.18.251 - - [08/Jun/2018:14:08:38 -0300] "GET /cormun/static/Shared/jqueryui/images/ui-icons_8d78a5_256x240.png HTTP/1.1" 404 1089
186.103.132.155 - - [08/Jun/2018:14:08:38 -0300] "GET /cormun/static/Shared/jqueryui/images/ui-icons_82798d_256x240.png HTTP/1.1" 404 1089
200.54.247.70 - - [08/Jun/2018:14:08:40 -0300] "POST /cormun/servlet/trsolicitudot?f65bf31b740b8e56ca3f63ba682519ec,gx-no-cache=1528477656401 HTTP/1.1" 200 5901
200.54.247.70 - - [08/Jun/2018:14:08:41 -0300] "POST /cormun/servlet/trsolicitudot?f65bf31b740b8e56ca3f63ba682519ec,gx-no-cache=1528477658049 HTTP/1.1" 200 5878
200.54.247.70 - - [08/Jun/2018:14:08:44 -0300] "POST /cormun/servlet/trsolicitudot?f65bf31b740b8e56ca3f63ba682519ec,gx-no-cache=1528477660916 HTTP/1.1" 200 5879
200.54.247.70 - - [08/Jun/2018:14:08:46 -0300] "POST /cormun/servlet/trsolicitudot?f65bf31b740b8e56ca3f63ba682519ec,gx-no-cache=1528477663021 HTTP/1.1" 200 5879
200.54.18.251 - - [08/Jun/2018:14:08:47 -0300] "GET /cormun/servlet/permisogoce?DSP,19849942,P,20180608125855, HTTP/1.1" 200 6979
200.54.18.251 - - [08/Jun/2018:14:08:48 -0300] "GET /cormun/servlet/permisogoce?DSP,19849942,P,20180608125855, HTTP/1.1" 200 6958
186.103.132.155 - - [08/Jun/2018:14:08:53 -0300] "POST /cormun/servlet/permisogoce?384afed7ca93ef5c1ae4c2aeaf1cf30a,DSP,19849942,P,20180608125855,,gx-no-cache=1528477668656 HTTP/1.1" 200 93
186.103.132.155 - - [08/Jun/2018:14:08:53 -0300] "GET /cormun/servlet/hpexe_return? HTTP/1.1" 200 1045
186.103.132.155 - - [08/Jun/2018:14:08:53 -0300] "GET /cormun/servlet/trpermisosgoce?gx-no-cache=1528477606583 HTTP/1.1" 200 8021
186.103.132.155 - - [08/Jun/2018:14:08:53 -0300] "GET /cormun/servlet/trpermisosgoce?gx-no-cache=1528477606583 HTTP/1.1" 200 8038
200.54.247.70 - - [08/Jun/2018:14:08:55 -0300] "POST /cormun/servlet/trsolicitudot?f65bf31b740b8e56ca3f63ba682519ec,gx-no-cache=1528477671300 HTTP/1.1" 200 6239
186.67.203.186 - - [08/Jun/2018:14:08:57 -0300] "GET /cormun/servlet/hlogin HTTP/1.1" 200 1755
200.54.247.70 - - [08/Jun/2018:14:08:57 -0300] "POST /cormun/servlet/trsolicitudot?f65bf31b740b8e56ca3f63ba682519ec,gx-no-cache=1528477673944 HTTP/1.1" 200 6217
200.54.247.70 - - [08/Jun/2018:14:09:00 -0300] "POST /cormun/servlet/trsolicitudot?f65bf31b740b8e56ca3f63ba682519ec,gx-no-cache=1528477677159 HTTP/1.1" 200 6217
191.126.171.143 - - [08/Jun/2018:14:09:07 -0300] "POST /cormun/servlet/solicitudot?gx-no-cache=1528477683251 HTTP/1.1" 200 1369
192.168.10.97 - - [08/Jun/2018:14:09:20 -0300] "GET /cormun/servlet/hlogin HTTP/1.1" 200 1725
191.126.171.143 - - [08/Jun/2018:14:09:21 -0300] "POST /cormun/servlet/solicitudot?gx-no-cache=1528477697506 HTTP/1.1" 200 41
191.126.171.143 - - [08/Jun/2018:14:09:21 -0300] "POST /cormun/servlet/solicitudot?gx-no-cache=1528477697646 HTTP/1.1" 200 1351
191.126.171.143 - - [08/Jun/2018:14:09:21 -0300] "POST /cormun/servlet/solicitudot?gx-no-cache=1528477697814 HTTP/1.1" 200 1249
192.168.10.97 - - [08/Jun/2018:14:09:22 -0300] "POST /cormun/servlet/hlogin?3ad6d5d5830915e85d57f252840ba153,gx-no-cache=1528477564426 HTTP/1.1" 200 90
192.168.10.97 - - [08/Jun/2018:14:09:22 -0300] "GET /cormun/servlet/hpexe_link HTTP/1.1" 200 953
192.168.10.97 - - [08/Jun/2018:14:09:22 -0300] "GET /cormun/servlet/hhome HTTP/1.1" 200 4654
192.168.10.97 - - [08/Jun/2018:14:09:23 -0300] "GET /cormun/servlet/hhome HTTP/1.1" 200 4650
191.126.171.143 - - [08/Jun/2018:14:09:23 -0300] "POST /cormun/servlet/solicitudot?gx-no-cache=1528477699549 HTTP/1.1" 200 1351
191.126.171.143 - - [08/Jun/2018:14:09:23 -0300] "POST /cormun/servlet/solicitudot?gx-no-cache=1528477699752 HTTP/1.1" 200 1249
192.168.10.97 - - [08/Jun/2018:14:09:27 -0300] "GET /cormun/servlet/trcoordinadores? HTTP/1.1" 200 7664
192.168.10.97 - - [08/Jun/2018:14:09:28 -0300] "GET /cormun/servlet/trcoordinadores? HTTP/1.1" 200 7663
192.168.10.97 - - [08/Jun/2018:14:09:33 -0300] "GET /cormun/servlet/trsolicitudgral? HTTP/1.1" 200 12110
192.168.10.97 - - [08/Jun/2018:14:09:34 -0300] "GET /cormun/servlet/trsolicitudgral? HTTP/1.1" 200 12110
191.126.171.143 - - [08/Jun/2018:14:09:38 -0300] "GET /cormun/servlet/solicitudot?94540a5e60dae5f69c8dd435ec93a50d82ae44a2b831a9116958651669852d8144f2b705263dfe35efcc771dd8007b75,gx-no-cache=1528477714197 HTTP/1.1" 200 30
191.126.171.143 - - [08/Jun/2018:14:09:49 -0300] "POST /cormun/servlet/solicitudot?gx-no-cache=1528477725379 HTTP/1.1" 200 135
191.126.171.143 - - [08/Jun/2018:14:09:49 -0300] "POST /cormun/servlet/solicitudot?979b532b07f987abf531e2fb4ee3fc84,INS,0,0,,gx-no-cache=1528477725497 HTTP/1.1" 200 11802
192.168.10.97 - - [08/Jun/2018:14:09:59 -0300] "POST /cormun/servlet/trsolicitudgral?3ad6d5d5830915e85d57f252840ba153,,gx-no-cache=1528477601202 HTTP/1.1" 200 5921
192.168.10.97 - - [08/Jun/2018:14:10:08 -0300] "POST /cormun/servlet/trsolicitudgral?3ad6d5d5830915e85d57f252840ba153,,gx-no-cache=1528477609841 HTTP/1.1" 200 5920
192.168.10.97 - - [08/Jun/2018:14:10:15 -0300] "POST /cormun/servlet/trsolicitudgral?3ad6d5d5830915e85d57f252840ba153,,gx-no-cache=1528477616849 HTTP/1.1" 200 5919
192.168.10.97 - - [08/Jun/2018:14:10:23 -0300] "POST /cormun/servlet/trsolicitudgral?3ad6d5d5830915e85d57f252840ba153,,gx-no-cache=1528477625069 HTTP/1.1" 200 5919
191.126.171.143 - - [08/Jun/2018:14:10:28 -0300] "POST /cormun/servlet/solicitudot?gx-no-cache=1528477764759 HTTP/1.1" 200 135
191.126.171.143 - - [08/Jun/2018:14:10:29 -0300] "POST /cormun/servlet/solicitudot?979b532b07f987abf531e2fb4ee3fc84,INS,0,0,,gx-no-cache=1528477765063 HTTP/1.1" 200 11857
192.168.10.97 - - [08/Jun/2018:14:10:30 -0300] "POST /cormun/servlet/trsolicitudgral?3ad6d5d5830915e85d57f252840ba153,,gx-no-cache=1528477632413 HTTP/1.1" 200 5919
192.168.10.97 - - [08/Jun/2018:14:10:36 -0300] "POST /cormun/servlet/trsolicitudgral?3ad6d5d5830915e85d57f252840ba153,,gx-no-cache=1528477638485 HTTP/1.1" 200 5920
192.168.10.97 - - [08/Jun/2018:14:10:44 -0300] "POST /cormun/servlet/trsolicitudgral?3ad6d5d5830915e85d57f252840ba153,,gx-no-cache=1528477645605 HTTP/1.1" 200 5918
191.126.171.143 - - [08/Jun/2018:14:10:50 -0300] "POST /cormun/servlet/solicitudot?gx-no-cache=1528477786507 HTTP/1.1" 200 122
191.126.171.143 - - [08/Jun/2018:14:10:50 -0300] "POST /cormun/servlet/solicitudot?gx-no-cache=1528477786761 HTTP/1.1" 200 1350
191.126.171.143 - - [08/Jun/2018:14:10:50 -0300] "POST /cormun/servlet/solicitudot?gx-no-cache=1528477786915 HTTP/1.1" 200 1249
191.126.171.143 - - [08/Jun/2018:14:10:50 -0300] "POST /cormun/servlet/solicitudot?gx-no-cache=1528477787084 HTTP/1.1" 200 146
191.126.171.143 - - [08/Jun/2018:14:10:51 -0300] "POST /cormun/servlet/solicitudot?979b532b07f987abf531e2fb4ee3fc84,INS,0,0,,gx-no-cache=1528477787284 HTTP/1.1" 200 11929
192.168.10.97 - - [08/Jun/2018:14:10:52 -0300] "POST /cormun/servlet/trsolicitudgral?3ad6d5d5830915e85d57f252840ba153,,gx-no-cache=1528477653659 HTTP/1.1" 200 5920
192.168.10.97 - - [08/Jun/2018:14:10:58 -0300] "POST /cormun/servlet/trsolicitudgral?3ad6d5d5830915e85d57f252840ba153,,gx-no-cache=1528477660324 HTTP/1.1" 200 5923
192.168.10.97 - - [08/Jun/2018:14:11:04 -0300] "POST /cormun/servlet/trsolicitudgral?3ad6d5d5830915e85d57f252840ba153,,gx-no-cache=1528477666436 HTTP/1.1" 200 7276
192.168.10.97 - - [08/Jun/2018:14:11:15 -0300] "GET /cormun/servlet/solicitudgral2?UPD,2018,11676, HTTP/1.1" 200 13139
192.168.10.97 - - [08/Jun/2018:14:11:16 -0300] "GET /cormun/servlet/solicitudgral2?UPD,2018,11676, HTTP/1.1" 200 13149
192.168.10.97 - - [08/Jun/2018:14:11:16 -0300] "POST /cormun/servlet/solicitudgral2?gx-no-cache=1528477678057 HTTP/1.1" 200 3875
192.168.10.97 - - [08/Jun/2018:14:11:16 -0300] "GET /cormun/servlet/solicitudgral2?7193919cb1d5517311b57ea3f63320d1e185a52009ea609dca0f5269e2d6a4fb593e5dee02f7904c95a7fa8deecf0a7261fe42dc60865989581454758a0b07d6ac245796f03da1c074e57649ec80e8875624b5d5be57a445a48f008fd1be59a7d9b058750b1d1d895b87e62d4a383c9d0328f7508aad1cfa2f208b7458525b9f4fc0f194d90a821a924c7b4a4443642100c48eaf72349df8fbffaf6d56458cf0ec99d12150e20faafdad1133abb560b0bb6abeb6e6ec52645d3c6aae75116b2c5231d0c5fddd29f8d43f3cad08c7cbc8578c73fac4d23f8031d587678b326c81646f43a79fa66ee7456c07827f396b70c18d8017d51ed6d16d797ffbe6d6e421e8ba5896d685efe3bfea83c4980aa6c546225a12c67f48b806c3a2f43916423a8fb3c154b40b501c52d3e578f2d4f334cd3a1cb025af9b18d5de5c7225d87fa978031786f9c8862a87f8bd21930bcdf8,gx-no-cache=1528477678233 HTTP/1.1" 200 297
192.168.10.97 - - [08/Jun/2018:14:11:16 -0300] "POST /cormun/servlet/solicitudgral2?gx-no-cache=1528477678256 HTTP/1.1" 200 1427
192.168.10.97 - - [08/Jun/2018:14:11:16 -0300] "GET /cormun/servlet/solicitudgral2?7193919cb1d5517311b57ea3f63320d1a824051d16c9e5b9e6a6352ea54bdde9cb30bb821e9d63275aee4c3f30d30650c9c44842da9acd4f3a7bc5a5bd2579ad19700d634895b1f678a63b584ba54e66a690820e777c45ac269cc1579508b00a8711314473e0a4a3a4c67172bb3fa929,gx-no-cache=1528477678294 HTTP/1.1" 200 41
192.168.10.97 - - [08/Jun/2018:14:11:36 -0300] "POST /cormun/servlet/solicitudgral2?3ad6d5d5830915e85d57f252840ba153,UPD,2018,11676,,gx-no-cache=1528477697929 HTTP/1.1" 200 93
192.168.10.97 - - [08/Jun/2018:14:11:36 -0300] "GET /cormun/servlet/hpexe_return? HTTP/1.1" 200 1018
192.168.10.97 - - [08/Jun/2018:14:11:36 -0300] "GET /cormun/servlet/trsolicitudgral? HTTP/1.1" 200 10502
192.168.10.97 - - [08/Jun/2018:14:11:36 -0300] "GET /cormun/servlet/trsolicitudgral? HTTP/1.1" 200 10498
192.168.10.97 - - [08/Jun/2018:14:11:55 -0300] "POST /cormun/servlet/trsolicitudgral?3ad6d5d5830915e85d57f252840ba153,,gx-no-cache=1528477716807 HTTP/1.1" 200 5919
192.168.10.97 - - [08/Jun/2018:14:12:02 -0300] "POST /cormun/servlet/trsolicitudgral?3ad6d5d5830915e85d57f252840ba153,,gx-no-cache=1528477724373 HTTP/1.1" 200 5919
192.168.10.97 - - [08/Jun/2018:14:12:10 -0300] "POST /cormun/servlet/trsolicitudgral?3ad6d5d5830915e85d57f252840ba153,,gx-no-cache=1528477731788 HTTP/1.1" 200 5919
192.168.10.97 - - [08/Jun/2018:14:12:17 -0300] "POST /cormun/servlet/trsolicitudgral?3ad6d5d5830915e85d57f252840ba153,,gx-no-cache=1528477739052 HTTP/1.1" 200 7310
192.168.10.97 - - [08/Jun/2018:14:12:30 -0300] "POST /cormun/servlet/trsolicitudgral?3ad6d5d5830915e85d57f252840ba153,,gx-no-cache=1528477752275 HTTP/1.1" 200 5920
192.168.10.97 - - [08/Jun/2018:14:12:48 -0300] "POST /cormun/servlet/trsolicitudgral?3ad6d5d5830915e85d57f252840ba153,,gx-no-cache=1528477769660 HTTP/1.1" 200 5920
192.168.10.97 - - [08/Jun/2018:14:12:54 -0300] "POST /cormun/servlet/trsolicitudgral?3ad6d5d5830915e85d57f252840ba153,,gx-no-cache=1528477775917 HTTP/1.1" 200 5917
191.126.171.143 - - [08/Jun/2018:14:12:57 -0300] "POST /cormun/servlet/solicitudot?gx-no-cache=1528477913654 HTTP/1.1" 200 122
191.126.171.143 - - [08/Jun/2018:14:12:57 -0300] "POST /cormun/servlet/solicitudot?gx-no-cache=1528477913874 HTTP/1.1" 200 1350
191.126.171.143 - - [08/Jun/2018:14:12:58 -0300] "POST /cormun/servlet/solicitudot?gx-no-cache=1528477914106 HTTP/1.1" 200 1249
192.168.10.97 - - [08/Jun/2018:14:13:02 -0300] "POST /cormun/servlet/trsolicitudgral?3ad6d5d5830915e85d57f252840ba153,,gx-no-cache=1528477783795 HTTP/1.1" 200 5921
192.168.10.97 - - [08/Jun/2018:14:13:07 -0300] "POST /cormun/servlet/trsolicitudgral?3ad6d5d5830915e85d57f252840ba153,,gx-no-cache=1528477788837 HTTP/1.1" 200 5922
192.168.10.97 - - [08/Jun/2018:14:13:16 -0300] "POST /cormun/servlet/trsolicitudgral?3ad6d5d5830915e85d57f252840ba153,,gx-no-cache=1528477797716 HTTP/1.1" 200 5923
192.168.10.97 - - [08/Jun/2018:14:13:23 -0300] "POST /cormun/servlet/trsolicitudgral?3ad6d5d5830915e85d57f252840ba153,,gx-no-cache=1528477804723 HTTP/1.1" 200 5921
192.168.10.97 - - [08/Jun/2018:14:13:32 -0300] "POST /cormun/servlet/trsolicitudgral?3ad6d5d5830915e85d57f252840ba153,,gx-no-cache=1528477813963 HTTP/1.1" 200 5920
192.168.10.97 - - [08/Jun/2018:14:13:43 -0300] "POST /cormun/servlet/trsolicitudgral?3ad6d5d5830915e85d57f252840ba153,,gx-no-cache=1528477824620 HTTP/1.1" 200 5920
191.126.171.143 - - [08/Jun/2018:14:13:44 -0300] "POST /cormun/servlet/solicitudot?gx-no-cache=1528477960867 HTTP/1.1" 200 146
191.126.171.143 - - [08/Jun/2018:14:13:45 -0300] "POST /cormun/servlet/solicitudot?979b532b07f987abf531e2fb4ee3fc84,INS,0,0,,gx-no-cache=1528477961285 HTTP/1.1" 200 11972
192.168.10.97 - - [08/Jun/2018:14:13:50 -0300] "POST /cormun/servlet/trsolicitudgral?3ad6d5d5830915e85d57f252840ba153,,gx-no-cache=1528477831561 HTTP/1.1" 200 5921
192.168.10.97 - - [08/Jun/2018:14:13:56 -0300] "POST /cormun/servlet/trsolicitudgral?3ad6d5d5830915e85d57f252840ba153,,gx-no-cache=1528477838090 HTTP/1.1" 200 5922
46.174.191.28 - - [08/Jun/2018:14:14:05 -0300] "GET / HTTP/1.0" 200 11197
192.168.10.97 - - [08/Jun/2018:14:14:05 -0300] "POST /cormun/servlet/trsolicitudgral?3ad6d5d5830915e85d57f252840ba153,,gx-no-cache=1528477847568 HTTP/1.1" 200 5918
192.168.10.97 - - [08/Jun/2018:14:14:12 -0300] "POST /cormun/servlet/trsolicitudgral?3ad6d5d5830915e85d57f252840ba153,,gx-no-cache=1528477853896 HTTP/1.1" 200 5917
192.168.10.97 - - [08/Jun/2018:14:14:17 -0300] "POST /cormun/servlet/trsolicitudgral?3ad6d5d5830915e85d57f252840ba153,,gx-no-cache=1528477859089 HTTP/1.1" 200 5919
192.168.10.97 - - [08/Jun/2018:14:14:27 -0300] "POST /cormun/servlet/trsolicitudgral?3ad6d5d5830915e85d57f252840ba153,,gx-no-cache=1528477869049 HTTP/1.1" 200 7359
191.126.171.143 - - [08/Jun/2018:14:14:31 -0300] "POST /cormun/servlet/solicitudot?gx-no-cache=1528478007364 HTTP/1.1" 200 41
191.126.171.143 - - [08/Jun/2018:14:14:31 -0300] "POST /cormun/servlet/solicitudot?gx-no-cache=1528478007801 HTTP/1.1" 200 1350
191.126.171.143 - - [08/Jun/2018:14:14:31 -0300] "POST /cormun/servlet/solicitudot?gx-no-cache=1528478008011 HTTP/1.1" 200 1249
191.126.171.143 - - [08/Jun/2018:14:14:32 -0300] "POST /cormun/servlet/solicitudot?gx-no-cache=1528478008169 HTTP/1.1" 200 135
191.126.171.143 - - [08/Jun/2018:14:14:32 -0300] "POST /cormun/servlet/solicitudot?979b532b07f987abf531e2fb4ee3fc84,INS,0,0,,gx-no-cache=1528478008353 HTTP/1.1" 200 12015
192.168.10.97 - - [08/Jun/2018:14:14:38 -0300] "GET /cormun/servlet/solicitudgral3?UPD,2018,11664, HTTP/1.1" 200 13879
192.168.10.97 - - [08/Jun/2018:14:14:39 -0300] "GET /cormun/servlet/solicitudgral3?UPD,2018,11664, HTTP/1.1" 200 13889
192.168.10.97 - - [08/Jun/2018:14:14:39 -0300] "POST /cormun/servlet/solicitudgral3?gx-no-cache=1528477881018 HTTP/1.1" 200 4074
192.168.10.97 - - [08/Jun/2018:14:14:39 -0300] "GET /cormun/servlet/solicitudgral3?7193919cb1d5517311b57ea3f63320d1e185a52009ea609dca0f5269e2d6a4fb593e5dee02f7904c95a7fa8deecf0a7261fe42dc60865989581454758a0b07d6ac245796f03da1c074e57649ec80e8875624b5d5be57a445a48f008fd1be59a7d9b058750b1d1d895b87e62d4a383c9d0328f7508aad1cfa2f208b7458525b9f4fc0f194d90a821a924c7b4a4443642100c48eaf72349df8fbffaf6d56458cf0ec99d12150e20faafdad1133abb560b0bb6abeb6e6ec52645d3c6aae75116b2c5231d0c5fddd29f8d43f3cad08c7cbc8578c73fac4d23f8031d587678b326c81646f43a79fa66ee7456c07827f396b70c18d8017d51ed6d16d797ffbe6d6e421e8ba5896d685efe3bfea83c4980aa6c546225a12c67f48b806c3a2f43916423a8fb3c154b40b501c52d3e578f2d4f334cd3a1cb025af9b18d5de5c7225d87fa978031786f9c8862a87f8bd21930bcdf8,gx-no-cache=1528477881143 HTTP/1.1" 200 297
192.168.10.97 - - [08/Jun/2018:14:14:39 -0300] "POST /cormun/servlet/solicitudgral3?gx-no-cache=1528477881167 HTTP/1.1" 200 1433
192.168.10.97 - - [08/Jun/2018:14:14:39 -0300] "GET /cormun/servlet/solicitudgral3?7193919cb1d5517311b57ea3f63320d1a824051d16c9e5b9e6a6352ea54bdde9cb30bb821e9d63275aee4c3f30d30650c9c44842da9acd4f3a7bc5a5bd2579ad19700d634895b1f678a63b584ba54e66a59282b57b41bfc1a4fed84ae9403fd83f2802ea45465f417435ada55d3ce25b3bdc0f04f9e71a24b62a627e68989fbb,gx-no-cache=1528477881240 HTTP/1.1" 200 41
192.168.10.97 - - [08/Jun/2018:14:14:47 -0300] "POST /cormun/servlet/solicitudgral3?3ad6d5d5830915e85d57f252840ba153,UPD,2018,11664,,gx-no-cache=1528477889253 HTTP/1.1" 200 12318
192.168.10.97 - - [08/Jun/2018:14:14:47 -0300] "GET /cormun/servlet/solicitudgral3?7193919cb1d5517311b57ea3f63320d18229bee7042cb2fb1f137b0cc30b51e2bb40a2697538abe90a455728bbdd369dc01534b68984bdbabd4cb3bdf88f8d460d560ed256730a1eb93e45e40093e1de5b1765f5650f6c4a7e617d30a70bf6df792d267e81ce39dc6a2bb91e75ca5966,gx-no-cache=1528477889477 HTTP/1.1" 200 29
192.168.10.97 - - [08/Jun/2018:14:14:47 -0300] "POST /cormun/servlet/solicitudgral3?gx-no-cache=1528477889493 HTTP/1.1" 200 1324
192.168.10.97 - - [08/Jun/2018:14:14:47 -0300] "POST /cormun/servlet/solicitudgral3?gx-no-cache=1528477889522 HTTP/1.1" 200 1246
192.168.10.97 - - [08/Jun/2018:14:14:47 -0300] "GET /cormun/servlet/solicitudgral3?7193919cb1d5517311b57ea3f63320d1b0ea546597f9d5edfdd708a68ef6919b4b526fcfe36139700da8814c72d6bc87e450a2aa17ca71ddc1ebef4189a24c4a61fe42dc60865989581454758a0b07d65e88602d8a86c3c50b10d8f1c87db0fb459f045cbe727b65927ea9404b675e24536f792e54e3e8fba1676b48ebf1d44cd4cd2f0874fa71bd3b7f02d430790594,gx-no-cache=1528477889552 HTTP/1.1" 200 30
192.168.10.97 - - [08/Jun/2018:14:14:48 -0300] "POST /cormun/servlet/solicitudgral3?3ad6d5d5830915e85d57f252840ba153,UPD,2018,11664,,gx-no-cache=1528477889570 HTTP/1.1" 200 93
192.168.10.97 - - [08/Jun/2018:14:14:48 -0300] "GET /cormun/servlet/hpexe_return? HTTP/1.1" 200 1018
192.168.10.97 - - [08/Jun/2018:14:14:48 -0300] "GET /cormun/servlet/trsolicitudgral? HTTP/1.1" 200 10584
192.168.10.97 - - [08/Jun/2018:14:14:48 -0300] "GET /cormun/servlet/trsolicitudgral? HTTP/1.1" 200 10580
192.168.10.97 - - [08/Jun/2018:14:14:52 -0300] "POST /cormun/servlet/trsolicitudgral?3ad6d5d5830915e85d57f252840ba153,,gx-no-cache=1528477894447 HTTP/1.1" 200 6149
192.168.10.97 - - [08/Jun/2018:14:14:52 -0300] "GET /cormun/static/Shared/jqueryui/images/ui-bg_flat_55_fafafa_40x100.png HTTP/1.1" 404 1097
192.168.10.97 - - [08/Jun/2018:14:14:52 -0300] "GET /cormun/static/Shared/jqueryui/images/ui-bg_highlight-soft_100_c6c2c8_1x100.png HTTP/1.1" 404 1117
192.168.10.97 - - [08/Jun/2018:14:14:52 -0300] "GET /cormun/static/Shared/jqueryui/images/ui-icons_8d78a5_256x240.png HTTP/1.1" 404 1089
192.168.10.97 - - [08/Jun/2018:14:14:53 -0300] "GET /cormun/static/Shared/jqueryui/images/ui-icons_82798d_256x240.png HTTP/1.1" 404 1089
192.168.10.97 - - [08/Jun/2018:14:15:09 -0300] "POST /cormun/servlet/trsolicitudgral?3ad6d5d5830915e85d57f252840ba153,,gx-no-cache=1528477910791 HTTP/1.1" 200 5916
192.168.10.97 - - [08/Jun/2018:14:15:17 -0300] "POST /cormun/servlet/trsolicitudgral?3ad6d5d5830915e85d57f252840ba153,,gx-no-cache=1528477918815 HTTP/1.1" 200 5915
191.126.171.143 - - [08/Jun/2018:14:15:21 -0300] "GET /cormun/servlet/trlicencias? HTTP/1.1" 200 9091
192.168.10.97 - - [08/Jun/2018:14:15:22 -0300] "POST /cormun/servlet/trsolicitudgral?3ad6d5d5830915e85d57f252840ba153,,gx-no-cache=1528477924265 HTTP/1.1" 200 5918
191.126.171.143 - - [08/Jun/2018:14:15:23 -0300] "GET /cormun/servlet/trlicencias? HTTP/1.1" 200 9084
192.168.10.97 - - [08/Jun/2018:14:15:28 -0300] "POST /cormun/servlet/trsolicitudgral?3ad6d5d5830915e85d57f252840ba153,,gx-no-cache=1528477929797 HTTP/1.1" 200 5920
192.168.10.97 - - [08/Jun/2018:14:15:36 -0300] "POST /cormun/servlet/trsolicitudgral?3ad6d5d5830915e85d57f252840ba153,,gx-no-cache=1528477938032 HTTP/1.1" 200 5919
191.126.171.143 - - [08/Jun/2018:14:15:37 -0300] "GET /cormun/servlet/solicitudot?INS,0,0, HTTP/1.1" 200 13386
191.126.171.143 - - [08/Jun/2018:14:15:39 -0300] "GET /cormun/servlet/solicitudot?INS,0,0, HTTP/1.1" 200 13391
192.168.10.97 - - [08/Jun/2018:14:15:42 -0300] "POST /cormun/servlet/trsolicitudgral?3ad6d5d5830915e85d57f252840ba153,,gx-no-cache=1528477943680 HTTP/1.1" 200 5918
192.168.10.97 - - [08/Jun/2018:14:15:50 -0300] "POST /cormun/servlet/trsolicitudgral?3ad6d5d5830915e85d57f252840ba153,,gx-no-cache=1528477951949 HTTP/1.1" 200 5919
192.168.10.97 - - [08/Jun/2018:14:15:56 -0300] "POST /cormun/servlet/trsolicitudgral?3ad6d5d5830915e85d57f252840ba153,,gx-no-cache=1528477957613 HTTP/1.1" 200 5919
192.168.10.97 - - [08/Jun/2018:14:16:04 -0300] "POST /cormun/servlet/trsolicitudgral?3ad6d5d5830915e85d57f252840ba153,,gx-no-cache=1528477965965 HTTP/1.1" 200 5919
192.168.10.97 - - [08/Jun/2018:14:16:14 -0300] "POST /cormun/servlet/trsolicitudgral?3ad6d5d5830915e85d57f252840ba153,,gx-no-cache=1528477976421 HTTP/1.1" 200 5919
192.168.10.97 - - [08/Jun/2018:14:16:22 -0300] "POST /cormun/servlet/trsolicitudgral?3ad6d5d5830915e85d57f252840ba153,,gx-no-cache=1528477984533 HTTP/1.1" 200 5917
192.168.10.97 - - [08/Jun/2018:14:16:32 -0300] "POST /cormun/servlet/trsolicitudgral?3ad6d5d5830915e85d57f252840ba153,,gx-no-cache=1528477993758 HTTP/1.1" 200 5918
192.168.10.97 - - [08/Jun/2018:14:16:42 -0300] "POST /cormun/servlet/trsolicitudgral?3ad6d5d5830915e85d57f252840ba153,,gx-no-cache=1528478004053 HTTP/1.1" 200 5918
192.168.10.97 - - [08/Jun/2018:14:16:50 -0300] "POST /cormun/servlet/trsolicitudgral?3ad6d5d5830915e85d57f252840ba153,,gx-no-cache=1528478011709 HTTP/1.1" 200 5920
192.168.10.97 - - [08/Jun/2018:14:16:57 -0300] "POST /cormun/servlet/trsolicitudgral?3ad6d5d5830915e85d57f252840ba153,,gx-no-cache=1528478018821 HTTP/1.1" 200 5919
192.168.10.97 - - [08/Jun/2018:14:17:03 -0300] "POST /cormun/servlet/trsolicitudgral?3ad6d5d5830915e85d57f252840ba153,,gx-no-cache=1528478025388 HTTP/1.1" 200 5916
186.103.159.186 - - [08/Jun/2018:14:17:13 -0300] "GET /cormun/servlet/trpermisosadjuntos?15908163,20180608114349,P, HTTP/1.1" 200 5534
186.103.159.186 - - [08/Jun/2018:14:17:15 -0300] "GET /cormun/servlet/trpermisosadjuntos?15908163,20180608114349,P, HTTP/1.1" 200 5531
186.103.159.186 - - [08/Jun/2018:14:17:15 -0300] "GET /cormun/servlet/hlogin HTTP/1.1" 200 1765
192.168.10.97 - - [08/Jun/2018:14:17:15 -0300] "POST /cormun/servlet/trsolicitudgral?3ad6d5d5830915e85d57f252840ba153,,gx-no-cache=1528478037108 HTTP/1.1" 200 5918
200.54.247.70 - - [08/Jun/2018:14:17:19 -0300] "POST /cormun/servlet/trsolicitudot?f65bf31b740b8e56ca3f63ba682519ec,gx-no-cache=1528478175676 HTTP/1.1" 200 6216
186.103.159.186 - - [08/Jun/2018:14:17:24 -0300] "POST /cormun/servlet/hlogin?7f7a4f5af71990a76ca87df49eae2f2a,gx-no-cache=1528478181497 HTTP/1.1" 200 90
186.103.159.186 - - [08/Jun/2018:14:17:24 -0300] "GET /cormun/servlet/hpexe_link HTTP/1.1" 200 983
186.103.159.186 - - [08/Jun/2018:14:17:24 -0300] "GET /cormun/servlet/trpermisosadjuntos?15908163,20180608114349,P, HTTP/1.1" 200 6101
186.103.159.186 - - [08/Jun/2018:14:17:25 -0300] "GET /cormun/servlet/trpermisosadjuntos?15908163,20180608114349,P, HTTP/1.1" 200 6100
186.103.159.186 - - [08/Jun/2018:14:17:27 -0300] "GET /cormun/servlet/permisosadjuntos?INS,15908163,P,20180608114349,, HTTP/1.1" 200 5607
186.103.159.186 - - [08/Jun/2018:14:17:27 -0300] "GET /cormun/static/gxcfg.js?201762717441171 HTTP/1.1" 200 953
186.103.159.186 - - [08/Jun/2018:14:17:28 -0300] "GET /cormun/static/about:blank HTTP/1.1" 404 1011
200.54.247.70 - - [08/Jun/2018:14:17:28 -0300] "POST /cormun/servlet/trsolicitudot?f65bf31b740b8e56ca3f63ba682519ec,gx-no-cache=1528478184166 HTTP/1.1" 200 14969
186.103.159.186 - - [08/Jun/2018:14:17:28 -0300] "GET /cormun/servlet/permisosadjuntos?INS,15908163,P,20180608114349,, HTTP/1.1" 200 5596
192.168.10.97 - - [08/Jun/2018:14:17:29 -0300] "POST /cormun/servlet/trsolicitudgral?3ad6d5d5830915e85d57f252840ba153,,gx-no-cache=1528478050668 HTTP/1.1" 200 5921
192.168.10.97 - - [08/Jun/2018:14:17:36 -0300] "POST /cormun/servlet/trsolicitudgral?3ad6d5d5830915e85d57f252840ba153,,gx-no-cache=1528478058260 HTTP/1.1" 200 5920
192.168.10.97 - - [08/Jun/2018:14:17:42 -0300] "POST /cormun/servlet/trsolicitudgral?3ad6d5d5830915e85d57f252840ba153,,gx-no-cache=1528478063844 HTTP/1.1" 200 5918
186.103.159.186 - - [08/Jun/2018:14:17:42 -0300] "POST /cormun/servlet/permisosadjuntos?7f7a4f5af71990a76ca87df49eae2f2a,INS,15908163,P,20180608114349,, HTTP/1.1" 200 116
186.103.159.186 - - [08/Jun/2018:14:17:42 -0300] "GET /cormun/servlet/hpexe_return? HTTP/1.1" 200 1038
186.103.159.186 - - [08/Jun/2018:14:17:43 -0300] "GET /cormun/servlet/trpermisosadjuntos?15908163,20180608114349,P, HTTP/1.1" 200 6634
186.103.159.186 - - [08/Jun/2018:14:17:44 -0300] "GET /cormun/servlet/trpermisosadjuntos?15908163,20180608114349,P, HTTP/1.1" 200 6631
200.54.247.70 - - [08/Jun/2018:14:17:45 -0300] "POST /cormun/servlet/trsolicitudot?f65bf31b740b8e56ca3f63ba682519ec,gx-no-cache=1528478201592 HTTP/1.1" 200 6238
186.103.159.186 - - [08/Jun/2018:14:17:47 -0300] "GET /cormun/servlet/trpermisosgoce? HTTP/1.1" 200 11449
186.103.159.186 - - [08/Jun/2018:14:17:48 -0300] "GET /cormun/servlet/trpermisosgoce? HTTP/1.1" 200 11449
192.168.10.97 - - [08/Jun/2018:14:17:49 -0300] "POST /cormun/servlet/trsolicitudgral?3ad6d5d5830915e85d57f252840ba153,,gx-no-cache=1528478070708 HTTP/1.1" 200 5918
200.54.247.70 - - [08/Jun/2018:14:17:50 -0300] "POST /cormun/servlet/trsolicitudot?f65bf31b740b8e56ca3f63ba682519ec,gx-no-cache=1528478206277 HTTP/1.1" 200 5902
200.54.247.70 - - [08/Jun/2018:14:17:52 -0300] "POST /cormun/servlet/trsolicitudot?f65bf31b740b8e56ca3f63ba682519ec,gx-no-cache=1528478207686 HTTP/1.1" 200 5879
186.103.159.186 - - [08/Jun/2018:14:17:55 -0300] "POST /cormun/servlet/trpermisosgoce?7f7a4f5af71990a76ca87df49eae2f2a,,gx-no-cache=1528478212055 HTTP/1.1" 200 8588
186.103.159.186 - - [08/Jun/2018:14:17:55 -0300] "GET /cormun/static/Shared/jqueryui/images/ui-bg_highlight-soft_100_c6c2c8_1x100.png HTTP/1.1" 404 1117
186.103.159.186 - - [08/Jun/2018:14:17:55 -0300] "GET /cormun/static/Shared/jqueryui/images/ui-icons_82798d_256x240.png HTTP/1.1" 404 1089
186.103.159.186 - - [08/Jun/2018:14:17:55 -0300] "GET /cormun/static/Shared/jqueryui/images/ui-bg_flat_55_fafafa_40x100.png HTTP/1.1" 404 1097
186.103.159.186 - - [08/Jun/2018:14:17:55 -0300] "GET /cormun/static/Shared/jqueryui/images/ui-icons_8d78a5_256x240.png HTTP/1.1" 404 1089
192.168.10.97 - - [08/Jun/2018:14:17:57 -0300] "POST /cormun/servlet/trsolicitudgral?3ad6d5d5830915e85d57f252840ba153,,gx-no-cache=1528478078675 HTTP/1.1" 200 5920
200.54.247.70 - - [08/Jun/2018:14:17:57 -0300] "POST /cormun/servlet/trsolicitudot?f65bf31b740b8e56ca3f63ba682519ec,gx-no-cache=1528478213617 HTTP/1.1" 200 6239
200.54.247.70 - - [08/Jun/2018:14:18:01 -0300] "POST /cormun/servlet/trsolicitudot?f65bf31b740b8e56ca3f63ba682519ec,gx-no-cache=1528478217819 HTTP/1.1" 200 5901
186.103.159.186 - - [08/Jun/2018:14:18:02 -0300] "GET /cormun/servlet/hlogin HTTP/1.1" 200 1720
200.54.247.70 - - [08/Jun/2018:14:18:03 -0300] "POST /cormun/servlet/trsolicitudot?f65bf31b740b8e56ca3f63ba682519ec,gx-no-cache=1528478219871 HTTP/1.1" 200 5878
192.168.10.97 - - [08/Jun/2018:14:18:07 -0300] "POST /cormun/servlet/trsolicitudgral?3ad6d5d5830915e85d57f252840ba153,,gx-no-cache=1528478088964 HTTP/1.1" 200 5922
186.103.159.186 - - [08/Jun/2018:14:18:11 -0300] "POST /cormun/servlet/hlogin?7f7a4f5af71990a76ca87df49eae2f2a,gx-no-cache=1528478229010 HTTP/1.1" 200 90
186.103.159.186 - - [08/Jun/2018:14:18:11 -0300] "GET /cormun/servlet/hpexe_link HTTP/1.1" 200 951
186.103.159.186 - - [08/Jun/2018:14:18:12 -0300] "GET /cormun/servlet/hhome HTTP/1.1" 200 4125
186.103.159.186 - - [08/Jun/2018:14:18:13 -0300] "GET /cormun/servlet/hhome HTTP/1.1" 200 4122
186.103.159.186 - - [08/Jun/2018:14:18:13 -0300] "GET /cormun/static/SmoothNavMenu/resources/images/right.gif HTTP/1.1" 200 860
192.168.10.97 - - [08/Jun/2018:14:18:16 -0300] "POST /cormun/servlet/trsolicitudgral?3ad6d5d5830915e85d57f252840ba153,,gx-no-cache=1528478097700 HTTP/1.1" 200 5920
190.100.93.40 - - [08/Jun/2018:14:18:18 -0300] "GET /cormun/servlet/trpermisosgoce? HTTP/1.1" 200 6108
190.100.93.40 - - [08/Jun/2018:14:18:19 -0300] "GET /cormun/servlet/trpermisosgoce? HTTP/1.1" 200 6105
190.100.93.40 - - [08/Jun/2018:14:18:19 -0300] "GET /cormun/servlet/hlogin HTTP/1.1" 200 1739
186.103.159.186 - - [08/Jun/2018:14:18:20 -0300] "GET /cormun/servlet/trautorizarpermisogoce? HTTP/1.1" 200 7812
186.103.159.186 - - [08/Jun/2018:14:18:20 -0300] "GET /cormun/static/gxcfg.js?20177612165975 HTTP/1.1" 200 953
186.103.159.186 - - [08/Jun/2018:14:18:20 -0300] "GET /cormun/static/trautorizarpermisogoce.js?2017761217384 HTTP/1.1" 200 34948
186.103.159.186 - - [08/Jun/2018:14:18:21 -0300] "GET /cormun/servlet/trautorizarpermisogoce? HTTP/1.1" 200 7810
192.168.10.97 - - [08/Jun/2018:14:18:21 -0300] "POST /cormun/servlet/trsolicitudgral?3ad6d5d5830915e85d57f252840ba153,,gx-no-cache=1528478103469 HTTP/1.1" 200 5920
186.103.159.186 - - [08/Jun/2018:14:18:26 -0300] "POST /cormun/servlet/trautorizarpermisogoce?7f7a4f5af71990a76ca87df49eae2f2a,,gx-no-cache=1528478243079 HTTP/1.1" 200 4365
186.103.159.186 - - [08/Jun/2018:14:18:26 -0300] "GET /cormun/static/Shared/jqueryui/images/ui-bg_highlight-soft_100_c6c2c8_1x100.png HTTP/1.1" 404 1117
186.103.159.186 - - [08/Jun/2018:14:18:26 -0300] "GET /cormun/static/Shared/jqueryui/images/ui-icons_82798d_256x240.png HTTP/1.1" 404 1089
186.103.159.186 - - [08/Jun/2018:14:18:26 -0300] "GET /cormun/static/Shared/jqueryui/images/ui-bg_flat_55_fafafa_40x100.png HTTP/1.1" 404 1097
186.103.159.186 - - [08/Jun/2018:14:18:26 -0300] "GET /cormun/static/Shared/jqueryui/images/ui-icons_8d78a5_256x240.png HTTP/1.1" 404 1089
190.100.93.40 - - [08/Jun/2018:14:18:26 -0300] "POST /cormun/servlet/hlogin?1d946a20a2ccdc0834d2aaf9a04d9a68,gx-no-cache=1528478246948 HTTP/1.1" 200 90
190.100.93.40 - - [08/Jun/2018:14:18:26 -0300] "GET /cormun/servlet/hpexe_link HTTP/1.1" 200 956
190.100.93.40 - - [08/Jun/2018:14:18:26 -0300] "GET /cormun/servlet/trpermisosgoce HTTP/1.1" 200 9558
190.100.93.40 - - [08/Jun/2018:14:18:27 -0300] "GET /cormun/servlet/trpermisosgoce HTTP/1.1" 200 9557
190.100.93.40 - - [08/Jun/2018:14:18:32 -0300] "GET /cormun/servlet/trrenuncias? HTTP/1.1" 200 7933
190.100.93.40 - - [08/Jun/2018:14:18:32 -0300] "GET /cormun/static/gxcfg.js?20175251282642 HTTP/1.1" 304 -
190.100.93.40 - - [08/Jun/2018:14:18:33 -0300] "GET /cormun/servlet/trrenuncias? HTTP/1.1" 200 7933
192.168.10.97 - - [08/Jun/2018:14:18:36 -0300] "POST /cormun/servlet/trsolicitudgral?3ad6d5d5830915e85d57f252840ba153,,gx-no-cache=1528478117797 HTTP/1.1" 200 5920
190.100.93.40 - - [08/Jun/2018:14:18:39 -0300] "GET /cormun/servlet/renuncias?INS,0, HTTP/1.1" 200 6483
190.100.93.40 - - [08/Jun/2018:14:18:40 -0300] "GET /cormun/servlet/renuncias?INS,0, HTTP/1.1" 200 6483
192.168.10.97 - - [08/Jun/2018:14:18:41 -0300] "POST /cormun/servlet/trsolicitudgral?3ad6d5d5830915e85d57f252840ba153,,gx-no-cache=1528478122876 HTTP/1.1" 200 5920
190.100.93.40 - - [08/Jun/2018:14:18:41 -0300] "GET /cormun/static/menuarrow.gif HTTP/1.1" 404 1015
190.100.93.40 - - [08/Jun/2018:14:18:43 -0300] "GET /cormun/servlet/renuncias?bb54e5d2fb4f580da308b491cd906f760f28c4e5fceb634bc2e05aec6f5a5e6c09489092e8bcd22a164117757eb29a8b,gx-no-cache=1528478264104 HTTP/1.1" 200 33
192.168.10.97 - - [08/Jun/2018:14:18:51 -0300] "POST /cormun/servlet/trsolicitudgral?3ad6d5d5830915e85d57f252840ba153,,gx-no-cache=1528478133429 HTTP/1.1" 200 7310
190.100.93.40 - - [08/Jun/2018:14:18:57 -0300] "GET /cormun/servlet/prfichaempleado?,MD,,gxPopupLevel%3D0%3B HTTP/1.1" 200 9519
192.168.10.97 - - [08/Jun/2018:14:19:02 -0300] "POST /cormun/servlet/trsolicitudgral?3ad6d5d5830915e85d57f252840ba153,,gx-no-cache=1528478144428 HTTP/1.1" 200 5919
190.100.93.40 - - [08/Jun/2018:14:19:05 -0300] "POST /cormun/servlet/prfichaempleado?1d946a20a2ccdc0834d2aaf9a04d9a68,,MD,,gxPopupLevel%3D0%3B,gx-no-cache=1528478285618 HTTP/1.1" 200 4763
192.168.10.97 - - [08/Jun/2018:14:19:11 -0300] "POST /cormun/servlet/trsolicitudgral?3ad6d5d5830915e85d57f252840ba153,,gx-no-cache=1528478152917 HTTP/1.1" 200 5917
192.168.10.97 - - [08/Jun/2018:14:19:18 -0300] "POST /cormun/servlet/trsolicitudgral?3ad6d5d5830915e85d57f252840ba153,,gx-no-cache=1528478159813 HTTP/1.1" 200 5919
192.168.10.97 - - [08/Jun/2018:14:19:26 -0300] "POST /cormun/servlet/trsolicitudgral?3ad6d5d5830915e85d57f252840ba153,,gx-no-cache=1528478167933 HTTP/1.1" 200 7274
190.100.93.40 - - [08/Jun/2018:14:20:23 -0300] "GET /cormun/servlet/prfichaempleado?,MD,,gxPopupLevel%3D0%3B HTTP/1.1" 200 9519
190.100.93.40 - - [08/Jun/2018:14:20:35 -0300] "POST /cormun/servlet/prfichaempleado?1d946a20a2ccdc0834d2aaf9a04d9a68,,MD,,gxPopupLevel%3D0%3B,gx-no-cache=1528478376033 HTTP/1.1" 200 4763
190.100.93.40 - - [08/Jun/2018:14:20:40 -0300] "GET /cormun/servlet/renuncias?bb54e5d2fb4f580da308b491cd906f76ece82daf09f88a1e35b1c414ccfb3a4a50aadd695a42e1d32004bc7c2b9b3652,gx-no-cache=1528478380396 HTTP/1.1" 200 75
190.100.93.40 - - [08/Jun/2018:14:20:43 -0300] "GET /cormun/servlet/prcontrato?16792126,,,MD,,gxPopupLevel%3D0%3B HTTP/1.1" 200 6194
190.100.93.40 - - [08/Jun/2018:14:20:43 -0300] "GET /cormun/static/gxcfg.js?20175251232326 HTTP/1.1" 200 953
190.100.93.40 - - [08/Jun/2018:14:21:14 -0300] "POST /cormun/servlet/renuncias?1d946a20a2ccdc0834d2aaf9a04d9a68,INS,0,,gx-no-cache=1528478414096 HTTP/1.1" 200 93
190.100.93.40 - - [08/Jun/2018:14:21:14 -0300] "GET /cormun/servlet/hpexe_return? HTTP/1.1" 200 1007
190.100.93.40 - - [08/Jun/2018:14:21:14 -0300] "GET /cormun/servlet/trrenuncias HTTP/1.1" 200 7936
190.100.93.40 - - [08/Jun/2018:14:21:14 -0300] "GET /cormun/servlet/trrenuncias HTTP/1.1" 200 7933
190.100.93.40 - - [08/Jun/2018:14:21:17 -0300] "GET /cormun/servlet/arenunciaprn?160,PU HTTP/1.1" 200 1564
