200.112.233.47 - - [07/Jun/2018:09:43:52 -0300] "GET /cormun/servlet/trpermisosgoce?gx-no-cache=1528374613061 HTTP/1.1" 200 11204
200.112.233.47 - - [07/Jun/2018:09:43:53 -0300] "GET /cormun/servlet/trpermisosgoce?gx-no-cache=1528374613061 HTTP/1.1" 200 11220
200.112.233.47 - - [07/Jun/2018:09:43:59 -0300] "GET /cormun/servlet/trpermisosadjuntos?8995658,20180607083837,P, HTTP/1.1" 200 6563
200.112.233.47 - - [07/Jun/2018:09:44:00 -0300] "GET /cormun/servlet/trpermisosadjuntos?8995658,20180607083837,P, HTTP/1.1" 200 6545
200.112.233.47 - - [07/Jun/2018:09:44:01 -0300] "GET /cormun/servlet/permisosadjuntos?INS,8995658,P,20180607083837,, HTTP/1.1" 200 5873
200.112.233.47 - - [07/Jun/2018:09:44:02 -0300] "GET /cormun/static/about:blank HTTP/1.1" 404 1011
200.112.233.47 - - [07/Jun/2018:09:44:03 -0300] "GET /cormun/servlet/permisosadjuntos?INS,8995658,P,20180607083837,, HTTP/1.1" 200 5862
200.112.233.47 - - [07/Jun/2018:09:45:02 -0300] "POST /cormun/servlet/permisosadjuntos?6fda9b524a261767a3aa31201032290f,INS,8995658,P,20180607083837,, HTTP/1.1" 200 7064
200.112.233.47 - - [07/Jun/2018:09:45:06 -0300] "POST /cormun/servlet/permisosadjuntos?6fda9b524a261767a3aa31201032290f,INS,8995658,P,20180607083837,,,gx-no-cache=1528375443642 HTTP/1.1" 200 90
200.112.233.47 - - [07/Jun/2018:09:45:06 -0300] "GET /cormun/servlet/hpexe_link HTTP/1.1" 200 987
200.112.233.47 - - [07/Jun/2018:09:45:06 -0300] "GET /cormun/servlet/trpermisosadjuntos?8995658,20180607083837,P, HTTP/1.1" 200 6546
200.112.233.47 - - [07/Jun/2018:09:45:07 -0300] "GET /cormun/servlet/trpermisosadjuntos?8995658,20180607083837,P, HTTP/1.1" 200 6545
200.112.233.47 - - [07/Jun/2018:09:45:10 -0300] "GET /cormun/servlet/permisosadjuntos?INS,8995658,P,20180607083837,, HTTP/1.1" 200 5873
200.112.233.47 - - [07/Jun/2018:09:45:11 -0300] "GET /cormun/static/about:blank HTTP/1.1" 404 1011
200.112.233.47 - - [07/Jun/2018:09:45:12 -0300] "GET /cormun/servlet/permisosadjuntos?INS,8995658,P,20180607083837,, HTTP/1.1" 200 5862
192.168.10.58 - - [07/Jun/2018:09:45:32 -0300] "POST /cormun/servlet/trsolicitudgral?0c5a20b3cde3b356c4238b92cea72047,,gx-no-cache=1528375334563 HTTP/1.1" 200 18592
192.168.10.58 - - [07/Jun/2018:09:45:33 -0300] "GET /cormun/static/Shared/jqueryui/images/ui-bg_highlight-soft_100_c6c2c8_1x100.png HTTP/1.1" 404 1117
192.168.10.58 - - [07/Jun/2018:09:45:33 -0300] "GET /cormun/static/Shared/jqueryui/images/ui-icons_82798d_256x240.png HTTP/1.1" 404 1089
192.168.10.58 - - [07/Jun/2018:09:45:33 -0300] "GET /cormun/static/Shared/jqueryui/images/ui-bg_flat_55_fafafa_40x100.png HTTP/1.1" 404 1097
192.168.10.58 - - [07/Jun/2018:09:45:33 -0300] "GET /cormun/static/Shared/jqueryui/images/ui-icons_8d78a5_256x240.png HTTP/1.1" 404 1089
192.168.10.58 - - [07/Jun/2018:09:45:36 -0300] "GET /cormun/servlet/trsolicitudgral? HTTP/1.1" 200 21476
192.168.10.58 - - [07/Jun/2018:09:45:36 -0300] "GET /cormun/servlet/trsolicitudgral? HTTP/1.1" 200 21476
192.168.10.58 - - [07/Jun/2018:09:45:39 -0300] "GET /cormun/servlet/trautorizarot? HTTP/1.1" 200 15447
192.168.10.58 - - [07/Jun/2018:09:45:40 -0300] "GET /cormun/servlet/trautorizarot? HTTP/1.1" 200 15446
200.112.233.47 - - [07/Jun/2018:09:45:44 -0300] "POST /cormun/servlet/permisosadjuntos?6fda9b524a261767a3aa31201032290f,INS,8995658,P,20180607083837,, HTTP/1.1" 200 116
200.112.233.47 - - [07/Jun/2018:09:45:45 -0300] "GET /cormun/servlet/hpexe_return? HTTP/1.1" 200 1033
200.112.233.47 - - [07/Jun/2018:09:45:45 -0300] "GET /cormun/servlet/trpermisosadjuntos?8995658,20180607083837,P, HTTP/1.1" 200 7057
200.112.233.47 - - [07/Jun/2018:09:45:46 -0300] "GET /cormun/servlet/trpermisosadjuntos?8995658,20180607083837,P, HTTP/1.1" 200 7052
192.168.10.58 - - [07/Jun/2018:09:45:49 -0300] "POST /cormun/servlet/trautorizarot?0c5a20b3cde3b356c4238b92cea72047,,gx-no-cache=1528375351045 HTTP/1.1" 200 11990
200.112.233.47 - - [07/Jun/2018:09:45:53 -0300] "POST /cormun/servlet/trpermisosadjuntos?6fda9b524a261767a3aa31201032290f,8995658,20180607083837,P,,gx-no-cache=1528375487980 HTTP/1.1" 200 90
200.112.233.47 - - [07/Jun/2018:09:45:53 -0300] "GET /cormun/servlet/hpexe_link HTTP/1.1" 200 998
200.112.233.47 - - [07/Jun/2018:09:45:53 -0300] "GET /cormun/servlet/trpermisosgoce?gx-no-cache=1528374613061 HTTP/1.1" 200 11200
200.112.233.47 - - [07/Jun/2018:09:45:56 -0300] "GET /cormun/servlet/trpermisosgoce?gx-no-cache=1528374613061 HTTP/1.1" 200 11220
200.112.233.47 - - [07/Jun/2018:09:45:58 -0300] "POST /cormun/servlet/trpermisosgoce?6fda9b524a261767a3aa31201032290f,gx-no-cache=1528374613061,gx-no-cache=1528375496007 HTTP/1.1" 200 8363
200.112.233.47 - - [07/Jun/2018:09:46:00 -0300] "GET /cormun/static/Shared/jqueryui/images/ui-bg_highlight-soft_100_c6c2c8_1x100.png HTTP/1.1" 404 1117
200.112.233.47 - - [07/Jun/2018:09:46:01 -0300] "GET /cormun/static/Shared/jqueryui/images/ui-icons_82798d_256x240.png HTTP/1.1" 404 1089
200.112.233.47 - - [07/Jun/2018:09:46:01 -0300] "GET /cormun/static/Shared/jqueryui/images/ui-bg_flat_55_fafafa_40x100.png HTTP/1.1" 404 1097
200.112.233.47 - - [07/Jun/2018:09:46:01 -0300] "GET /cormun/static/Shared/jqueryui/images/ui-icons_8d78a5_256x240.png HTTP/1.1" 404 1089
200.112.233.47 - - [07/Jun/2018:09:46:11 -0300] "GET /cormun/servlet/trautorizarpermisogoce? HTTP/1.1" 200 9052
200.112.233.47 - - [07/Jun/2018:09:46:11 -0300] "GET /cormun/static/gxcfg.js?20177612165975 HTTP/1.1" 304 -
200.112.233.47 - - [07/Jun/2018:09:46:12 -0300] "GET /cormun/servlet/trautorizarpermisogoce? HTTP/1.1" 200 9031
200.112.233.47 - - [07/Jun/2018:09:46:17 -0300] "POST /cormun/servlet/trautorizarpermisogoce?6fda9b524a261767a3aa31201032290f,,gx-no-cache=1528375514807 HTTP/1.1" 200 6035
200.112.233.47 - - [07/Jun/2018:09:46:19 -0300] "GET /cormun/static/Shared/jqueryui/images/ui-icons_82798d_256x240.png HTTP/1.1" 404 1089
200.112.233.47 - - [07/Jun/2018:09:46:19 -0300] "GET /cormun/static/Shared/jqueryui/images/ui-bg_highlight-soft_100_c6c2c8_1x100.png HTTP/1.1" 404 1117
200.112.233.47 - - [07/Jun/2018:09:46:19 -0300] "GET /cormun/static/Shared/jqueryui/images/ui-icons_8d78a5_256x240.png HTTP/1.1" 404 1089
200.112.233.47 - - [07/Jun/2018:09:46:19 -0300] "GET /cormun/static/Shared/jqueryui/images/ui-bg_flat_55_fafafa_40x100.png HTTP/1.1" 404 1097
200.54.247.70 - - [07/Jun/2018:09:46:20 -0300] "POST /cormun/servlet/solicitudot?gx-no-cache=1528375518532 HTTP/1.1" 200 1351
200.54.247.70 - - [07/Jun/2018:09:46:21 -0300] "POST /cormun/servlet/solicitudot?gx-no-cache=1528375519472 HTTP/1.1" 200 1249
200.54.247.70 - - [07/Jun/2018:09:46:21 -0300] "GET /cormun/servlet/solicitudot?80709d77cc418fb7b226b3a2f190a176d7e40aad449c997648ba66be511d9ef1803e4c1a029a27f25492805b4596865f,gx-no-cache=1528375519520 HTTP/1.1" 200 30
200.112.233.47 - - [07/Jun/2018:09:46:21 -0300] "POST /cormun/servlet/trautorizarpermisogoce?6fda9b524a261767a3aa31201032290f,,gx-no-cache=1528375518835 HTTP/1.1" 200 5831
200.54.247.70 - - [07/Jun/2018:09:46:22 -0300] "POST /cormun/servlet/solicitudot?gx-no-cache=1528375520312 HTTP/1.1" 200 34
200.54.247.70 - - [07/Jun/2018:09:46:24 -0300] "POST /cormun/servlet/solicitudot?7f2d3ad1c1d4c354437b2457dfff4738,INS,0,0,,gx-no-cache=1528375521867 HTTP/1.1" 200 93
200.54.247.70 - - [07/Jun/2018:09:46:24 -0300] "GET /cormun/servlet/hpexe_return? HTTP/1.1" 200 1005
200.112.233.47 - - [07/Jun/2018:09:46:25 -0300] "POST /cormun/servlet/trautorizarpermisogoce?6fda9b524a261767a3aa31201032290f,,gx-no-cache=1528375521225 HTTP/1.1" 200 5603
200.54.247.70 - - [07/Jun/2018:09:46:25 -0300] "GET /cormun/servlet/trsolicitudot HTTP/1.1" 200 8898
200.54.247.70 - - [07/Jun/2018:09:46:25 -0300] "GET /cormun/servlet/trsolicitudot HTTP/1.1" 200 8894
200.112.233.47 - - [07/Jun/2018:09:46:26 -0300] "POST /cormun/servlet/trautorizarpermisogoce?6fda9b524a261767a3aa31201032290f,,gx-no-cache=1528375523330 HTTP/1.1" 200 5374
200.112.233.47 - - [07/Jun/2018:09:46:29 -0300] "POST /cormun/servlet/trautorizarpermisogoce?6fda9b524a261767a3aa31201032290f,,gx-no-cache=1528375525138 HTTP/1.1" 200 5110
200.112.233.47 - - [07/Jun/2018:09:46:30 -0300] "POST /cormun/servlet/trautorizarpermisogoce?6fda9b524a261767a3aa31201032290f,,gx-no-cache=1528375527282 HTTP/1.1" 200 4357
200.54.247.70 - - [07/Jun/2018:09:46:30 -0300] "POST /cormun/servlet/trsolicitudot?7f2d3ad1c1d4c354437b2457dfff4738,gx-no-cache=1528375528734 HTTP/1.1" 200 107
200.54.247.70 - - [07/Jun/2018:09:46:31 -0300] "GET /cormun/servlet/trsolicitudadjuntos?2018,11660, HTTP/1.1" 200 6330
200.54.247.70 - - [07/Jun/2018:09:46:31 -0300] "GET /cormun/servlet/trsolicitudadjuntos?2018,11660, HTTP/1.1" 200 6330
200.54.247.70 - - [07/Jun/2018:09:46:32 -0300] "GET /cormun/servlet/solicitudotadjuntos?INS,2018,11660,,1, HTTP/1.1" 200 6276
200.54.247.70 - - [07/Jun/2018:09:46:33 -0300] "GET /cormun/static/about:blank HTTP/1.1" 404 1011
200.54.247.70 - - [07/Jun/2018:09:46:33 -0300] "GET /cormun/servlet/solicitudotadjuntos?INS,2018,11660,,1, HTTP/1.1" 200 6269
200.54.247.70 - - [07/Jun/2018:09:46:33 -0300] "GET /cormun/servlet/solicitudotadjuntos?80709d77cc418fb7b226b3a2f190a1765ee03e830bb75e23b9732b419e2aa7008597a4970b8def2a16749147271a3ded,gx-no-cache=1528375531552 HTTP/1.1" 200 30
200.54.247.70 - - [07/Jun/2018:09:46:33 -0300] "POST /cormun/servlet/solicitudotadjuntos?7f2d3ad1c1d4c354437b2457dfff4738,INS,2018,11660,,1,,gx-no-cache=1528375531635 HTTP/1.1" 200 4015
200.54.247.70 - - [07/Jun/2018:09:46:37 -0300] "POST /cormun/servlet/solicitudotadjuntos?gx-no-cache=1528375535381 HTTP/1.1" 200 26
200.54.247.70 - - [07/Jun/2018:09:47:02 -0300] "GET /cormun/servlet/solicitudotadjuntos?80709d77cc418fb7b226b3a2f190a176769e6237d5f9bd19705439b557d64a55,gx-no-cache=1528375560120 HTTP/1.1" 200 30
200.54.247.70 - - [07/Jun/2018:09:47:02 -0300] "GET /cormun/servlet/solicitudotadjuntos?80709d77cc418fb7b226b3a2f190a176769e6237d5f9bd19705439b557d64a55,gx-no-cache=1528375560163 HTTP/1.1" 200 30
200.54.247.70 - - [07/Jun/2018:09:47:04 -0300] "POST /cormun/servlet/solicitudotadjuntos?7f2d3ad1c1d4c354437b2457dfff4738,INS,2018,11660,,1, HTTP/1.1" 200 116
200.54.247.70 - - [07/Jun/2018:09:47:04 -0300] "GET /cormun/servlet/hpexe_return? HTTP/1.1" 200 1024
200.54.247.70 - - [07/Jun/2018:09:47:04 -0300] "GET /cormun/servlet/trsolicitudadjuntos?2018,11660, HTTP/1.1" 200 8806
200.54.247.70 - - [07/Jun/2018:09:47:05 -0300] "GET /cormun/servlet/trsolicitudadjuntos?2018,11660, HTTP/1.1" 200 8805
200.54.247.70 - - [07/Jun/2018:09:47:07 -0300] "GET /cormun/servlet/solicitudotadjuntos?INS,2018,11660,,1, HTTP/1.1" 200 6276
200.54.247.70 - - [07/Jun/2018:09:47:07 -0300] "GET /cormun/static/about:blank HTTP/1.1" 404 1011
200.54.247.70 - - [07/Jun/2018:09:47:07 -0300] "GET /cormun/servlet/solicitudotadjuntos?INS,2018,11660,,1, HTTP/1.1" 200 6269
200.54.247.70 - - [07/Jun/2018:09:47:08 -0300] "GET /cormun/servlet/solicitudotadjuntos?80709d77cc418fb7b226b3a2f190a1765ee03e830bb75e23b9732b419e2aa7008597a4970b8def2a16749147271a3ded,gx-no-cache=1528375566134 HTTP/1.1" 200 30
200.54.247.70 - - [07/Jun/2018:09:47:09 -0300] "POST /cormun/servlet/solicitudotadjuntos?7f2d3ad1c1d4c354437b2457dfff4738,INS,2018,11660,,1,,gx-no-cache=1528375566220 HTTP/1.1" 200 4015
200.54.247.70 - - [07/Jun/2018:09:47:11 -0300] "POST /cormun/servlet/solicitudotadjuntos?gx-no-cache=1528375569500 HTTP/1.1" 200 26
200.54.247.70 - - [07/Jun/2018:09:47:18 -0300] "GET /cormun/servlet/solicitudotadjuntos?80709d77cc418fb7b226b3a2f190a176769e6237d5f9bd19705439b557d64a55,gx-no-cache=1528375575835 HTTP/1.1" 200 30
200.54.247.70 - - [07/Jun/2018:09:47:18 -0300] "GET /cormun/servlet/solicitudotadjuntos?80709d77cc418fb7b226b3a2f190a176769e6237d5f9bd19705439b557d64a55,gx-no-cache=1528375575858 HTTP/1.1" 200 30
200.54.247.70 - - [07/Jun/2018:09:47:18 -0300] "POST /cormun/servlet/solicitudotadjuntos?7f2d3ad1c1d4c354437b2457dfff4738,INS,2018,11660,,1, HTTP/1.1" 200 116
200.54.247.70 - - [07/Jun/2018:09:47:18 -0300] "GET /cormun/servlet/hpexe_return? HTTP/1.1" 200 1024
200.54.247.70 - - [07/Jun/2018:09:47:18 -0300] "GET /cormun/servlet/trsolicitudadjuntos?2018,11660, HTTP/1.1" 200 9040
200.54.247.70 - - [07/Jun/2018:09:47:20 -0300] "GET /cormun/servlet/trsolicitudadjuntos?2018,11660, HTTP/1.1" 200 9039
200.54.247.70 - - [07/Jun/2018:09:47:22 -0300] "GET /cormun/servlet/solicitudotadjuntos?INS,2018,11660,,1, HTTP/1.1" 200 6276
200.54.247.70 - - [07/Jun/2018:09:47:22 -0300] "GET /cormun/static/about:blank HTTP/1.1" 404 1011
200.54.247.70 - - [07/Jun/2018:09:47:22 -0300] "GET /cormun/servlet/solicitudotadjuntos?INS,2018,11660,,1, HTTP/1.1" 200 6269
200.54.247.70 - - [07/Jun/2018:09:47:23 -0300] "GET /cormun/servlet/solicitudotadjuntos?80709d77cc418fb7b226b3a2f190a1765ee03e830bb75e23b9732b419e2aa7008597a4970b8def2a16749147271a3ded,gx-no-cache=1528375581039 HTTP/1.1" 200 30
200.54.247.70 - - [07/Jun/2018:09:47:23 -0300] "POST /cormun/servlet/solicitudotadjuntos?7f2d3ad1c1d4c354437b2457dfff4738,INS,2018,11660,,1,,gx-no-cache=1528375581285 HTTP/1.1" 200 4015
200.54.247.70 - - [07/Jun/2018:09:47:25 -0300] "POST /cormun/servlet/solicitudotadjuntos?gx-no-cache=1528375583364 HTTP/1.1" 200 26
200.54.247.70 - - [07/Jun/2018:09:47:33 -0300] "GET /cormun/servlet/solicitudotadjuntos?80709d77cc418fb7b226b3a2f190a176769e6237d5f9bd19705439b557d64a55,gx-no-cache=1528375591085 HTTP/1.1" 200 30
200.54.247.70 - - [07/Jun/2018:09:47:33 -0300] "GET /cormun/servlet/solicitudotadjuntos?80709d77cc418fb7b226b3a2f190a176769e6237d5f9bd19705439b557d64a55,gx-no-cache=1528375591100 HTTP/1.1" 200 30
200.54.247.70 - - [07/Jun/2018:09:47:33 -0300] "POST /cormun/servlet/solicitudotadjuntos?7f2d3ad1c1d4c354437b2457dfff4738,INS,2018,11660,,1, HTTP/1.1" 200 116
200.54.247.70 - - [07/Jun/2018:09:47:33 -0300] "GET /cormun/servlet/hpexe_return? HTTP/1.1" 200 1024
200.54.247.70 - - [07/Jun/2018:09:47:34 -0300] "GET /cormun/servlet/trsolicitudadjuntos?2018,11660, HTTP/1.1" 200 9200
200.54.247.70 - - [07/Jun/2018:09:47:34 -0300] "GET /cormun/servlet/trsolicitudadjuntos?2018,11660, HTTP/1.1" 200 9198
200.54.247.70 - - [07/Jun/2018:09:47:36 -0300] "GET /cormun/servlet/solicitudotadjuntos?INS,2018,11660,,1, HTTP/1.1" 200 6276
200.54.247.70 - - [07/Jun/2018:09:47:36 -0300] "GET /cormun/static/about:blank HTTP/1.1" 404 1011
200.54.247.70 - - [07/Jun/2018:09:47:36 -0300] "GET /cormun/servlet/solicitudotadjuntos?INS,2018,11660,,1, HTTP/1.1" 200 6269
200.54.247.70 - - [07/Jun/2018:09:47:37 -0300] "GET /cormun/servlet/solicitudotadjuntos?80709d77cc418fb7b226b3a2f190a1765ee03e830bb75e23b9732b419e2aa7008597a4970b8def2a16749147271a3ded,gx-no-cache=1528375595225 HTTP/1.1" 200 30
200.54.247.70 - - [07/Jun/2018:09:47:37 -0300] "POST /cormun/servlet/solicitudotadjuntos?7f2d3ad1c1d4c354437b2457dfff4738,INS,2018,11660,,1,,gx-no-cache=1528375595328 HTTP/1.1" 200 4015
200.54.247.70 - - [07/Jun/2018:09:47:39 -0300] "POST /cormun/servlet/solicitudotadjuntos?gx-no-cache=1528375597526 HTTP/1.1" 200 26
200.54.247.70 - - [07/Jun/2018:09:47:44 -0300] "GET /cormun/servlet/solicitudotadjuntos?80709d77cc418fb7b226b3a2f190a176769e6237d5f9bd19705439b557d64a55,gx-no-cache=1528375602060 HTTP/1.1" 200 30
200.54.247.70 - - [07/Jun/2018:09:47:44 -0300] "GET /cormun/servlet/solicitudotadjuntos?80709d77cc418fb7b226b3a2f190a176769e6237d5f9bd19705439b557d64a55,gx-no-cache=1528375602085 HTTP/1.1" 200 30
200.54.247.70 - - [07/Jun/2018:09:47:45 -0300] "POST /cormun/servlet/solicitudotadjuntos?7f2d3ad1c1d4c354437b2457dfff4738,INS,2018,11660,,1, HTTP/1.1" 200 116
200.54.247.70 - - [07/Jun/2018:09:47:45 -0300] "GET /cormun/servlet/hpexe_return? HTTP/1.1" 200 1024
200.54.247.70 - - [07/Jun/2018:09:47:45 -0300] "GET /cormun/servlet/trsolicitudadjuntos?2018,11660, HTTP/1.1" 200 9442
200.54.247.70 - - [07/Jun/2018:09:47:46 -0300] "GET /cormun/servlet/trsolicitudadjuntos?2018,11660, HTTP/1.1" 200 9439
200.54.247.70 - - [07/Jun/2018:09:47:48 -0300] "GET /cormun/servlet/solicitudotadjuntos?INS,2018,11660,,1, HTTP/1.1" 200 6276
200.54.247.70 - - [07/Jun/2018:09:47:48 -0300] "GET /cormun/static/about:blank HTTP/1.1" 404 1011
200.54.247.70 - - [07/Jun/2018:09:47:48 -0300] "GET /cormun/servlet/solicitudotadjuntos?INS,2018,11660,,1, HTTP/1.1" 200 6269
200.54.247.70 - - [07/Jun/2018:09:47:49 -0300] "GET /cormun/servlet/solicitudotadjuntos?80709d77cc418fb7b226b3a2f190a1765ee03e830bb75e23b9732b419e2aa7008597a4970b8def2a16749147271a3ded,gx-no-cache=1528375607242 HTTP/1.1" 200 30
200.54.247.70 - - [07/Jun/2018:09:47:49 -0300] "POST /cormun/servlet/solicitudotadjuntos?7f2d3ad1c1d4c354437b2457dfff4738,INS,2018,11660,,1,,gx-no-cache=1528375607568 HTTP/1.1" 200 4015
200.54.247.70 - - [07/Jun/2018:09:47:51 -0300] "POST /cormun/servlet/solicitudotadjuntos?gx-no-cache=1528375609663 HTTP/1.1" 200 26
200.54.247.70 - - [07/Jun/2018:09:48:07 -0300] "GET /cormun/servlet/solicitudotadjuntos?80709d77cc418fb7b226b3a2f190a176769e6237d5f9bd19705439b557d64a55,gx-no-cache=1528375625416 HTTP/1.1" 200 30
200.54.247.70 - - [07/Jun/2018:09:48:07 -0300] "GET /cormun/servlet/solicitudotadjuntos?80709d77cc418fb7b226b3a2f190a176769e6237d5f9bd19705439b557d64a55,gx-no-cache=1528375625456 HTTP/1.1" 200 30
200.54.247.70 - - [07/Jun/2018:09:48:08 -0300] "POST /cormun/servlet/solicitudotadjuntos?7f2d3ad1c1d4c354437b2457dfff4738,INS,2018,11660,,1, HTTP/1.1" 200 116
200.54.247.70 - - [07/Jun/2018:09:48:08 -0300] "GET /cormun/servlet/hpexe_return? HTTP/1.1" 200 1024
200.54.247.70 - - [07/Jun/2018:09:48:08 -0300] "GET /cormun/servlet/trsolicitudadjuntos?2018,11660, HTTP/1.1" 200 9693
200.54.247.70 - - [07/Jun/2018:09:48:09 -0300] "GET /cormun/servlet/trsolicitudadjuntos?2018,11660, HTTP/1.1" 200 9688
200.54.247.70 - - [07/Jun/2018:09:48:11 -0300] "GET /cormun/servlet/solicitudotadjuntos?INS,2018,11660,,1, HTTP/1.1" 200 6276
200.54.247.70 - - [07/Jun/2018:09:48:12 -0300] "GET /cormun/static/about:blank HTTP/1.1" 404 1011
200.54.247.70 - - [07/Jun/2018:09:48:12 -0300] "GET /cormun/servlet/solicitudotadjuntos?INS,2018,11660,,1, HTTP/1.1" 200 6269
200.54.247.70 - - [07/Jun/2018:09:48:12 -0300] "GET /cormun/servlet/solicitudotadjuntos?80709d77cc418fb7b226b3a2f190a1765ee03e830bb75e23b9732b419e2aa7008597a4970b8def2a16749147271a3ded,gx-no-cache=1528375630395 HTTP/1.1" 200 30
200.54.247.70 - - [07/Jun/2018:09:48:13 -0300] "POST /cormun/servlet/solicitudotadjuntos?7f2d3ad1c1d4c354437b2457dfff4738,INS,2018,11660,,1,,gx-no-cache=1528375630461 HTTP/1.1" 200 4015
200.54.247.70 - - [07/Jun/2018:09:48:16 -0300] "POST /cormun/servlet/solicitudotadjuntos?gx-no-cache=1528375634051 HTTP/1.1" 200 26
201.215.248.160 - - [07/Jun/2018:09:48:23 -0300] "GET /cormun/servlet/hhome HTTP/1.1" 200 3411
201.215.248.160 - - [07/Jun/2018:09:48:24 -0300] "GET /cormun/servlet/hhome HTTP/1.1" 200 3421
201.215.248.160 - - [07/Jun/2018:09:48:24 -0300] "GET /cormun/servlet/hlogin HTTP/1.1" 200 1737
201.215.248.160 - - [07/Jun/2018:09:48:37 -0300] "POST /cormun/servlet/hlogin?2ce06c3f161a1fc3276faffc1617458f,gx-no-cache=1528375775403 HTTP/1.1" 200 90
201.215.248.160 - - [07/Jun/2018:09:48:37 -0300] "GET /cormun/servlet/hpexe_link HTTP/1.1" 200 953
201.215.248.160 - - [07/Jun/2018:09:48:37 -0300] "GET /cormun/servlet/hhome HTTP/1.1" 200 3992
201.215.248.160 - - [07/Jun/2018:09:48:38 -0300] "GET /cormun/servlet/hhome HTTP/1.1" 200 3989
200.54.247.70 - - [07/Jun/2018:09:48:40 -0300] "GET /cormun/servlet/solicitudotadjuntos?80709d77cc418fb7b226b3a2f190a176769e6237d5f9bd19705439b557d64a55,gx-no-cache=1528375658696 HTTP/1.1" 200 30
200.54.247.70 - - [07/Jun/2018:09:48:40 -0300] "GET /cormun/servlet/solicitudotadjuntos?80709d77cc418fb7b226b3a2f190a176769e6237d5f9bd19705439b557d64a55,gx-no-cache=1528375658758 HTTP/1.1" 200 30
201.215.248.160 - - [07/Jun/2018:09:48:41 -0300] "GET /cormun/servlet/trpermisosgoce? HTTP/1.1" 200 13242
200.54.247.70 - - [07/Jun/2018:09:48:41 -0300] "POST /cormun/servlet/solicitudotadjuntos?7f2d3ad1c1d4c354437b2457dfff4738,INS,2018,11660,,1, HTTP/1.1" 200 116
200.54.247.70 - - [07/Jun/2018:09:48:42 -0300] "GET /cormun/servlet/hpexe_return? HTTP/1.1" 200 1024
200.54.247.70 - - [07/Jun/2018:09:48:42 -0300] "GET /cormun/servlet/trsolicitudadjuntos?2018,11660, HTTP/1.1" 200 9931
201.215.248.160 - - [07/Jun/2018:09:48:42 -0300] "GET /cormun/servlet/trpermisosgoce? HTTP/1.1" 200 13240
200.54.247.70 - - [07/Jun/2018:09:48:43 -0300] "GET /cormun/servlet/trsolicitudadjuntos?2018,11660, HTTP/1.1" 200 9929
200.54.247.70 - - [07/Jun/2018:09:48:46 -0300] "POST /cormun/servlet/trsolicitudadjuntos?7f2d3ad1c1d4c354437b2457dfff4738,2018,11660,,gx-no-cache=1528375664600 HTTP/1.1" 200 90
200.54.247.70 - - [07/Jun/2018:09:48:47 -0300] "GET /cormun/servlet/hpexe_link HTTP/1.1" 200 967
200.54.247.70 - - [07/Jun/2018:09:48:47 -0300] "GET /cormun/servlet/trsolicitudot HTTP/1.1" 200 8895
200.54.247.70 - - [07/Jun/2018:09:48:47 -0300] "GET /cormun/servlet/trsolicitudot HTTP/1.1" 200 8894
201.215.248.160 - - [07/Jun/2018:09:48:47 -0300] "GET /cormun/servlet/permisogoce?INS,0,,, HTTP/1.1" 200 6826
201.215.248.160 - - [07/Jun/2018:09:48:48 -0300] "GET /cormun/servlet/permisogoce?INS,0,,, HTTP/1.1" 200 6825
200.54.247.70 - - [07/Jun/2018:09:48:56 -0300] "POST /cormun/servlet/trsolicitudot?7f2d3ad1c1d4c354437b2457dfff4738,gx-no-cache=1528375674245 HTTP/1.1" 200 4712
200.54.247.70 - - [07/Jun/2018:09:48:56 -0300] "GET /cormun/static/Shared/jqueryui/images/ui-bg_highlight-soft_100_c6c2c8_1x100.png HTTP/1.1" 404 1117
200.54.247.70 - - [07/Jun/2018:09:48:56 -0300] "GET /cormun/static/Shared/jqueryui/images/ui-icons_82798d_256x240.png HTTP/1.1" 404 1089
200.54.247.70 - - [07/Jun/2018:09:48:56 -0300] "GET /cormun/static/Shared/jqueryui/images/ui-bg_flat_55_fafafa_40x100.png HTTP/1.1" 404 1097
200.54.247.70 - - [07/Jun/2018:09:48:56 -0300] "GET /cormun/static/Shared/jqueryui/images/ui-icons_8d78a5_256x240.png HTTP/1.1" 404 1089
200.54.247.70 - - [07/Jun/2018:09:48:56 -0300] "POST /cormun/servlet/trsolicitudot?7f2d3ad1c1d4c354437b2457dfff4738,gx-no-cache=1528375674432 HTTP/1.1" 200 4448
200.54.247.70 - - [07/Jun/2018:09:49:01 -0300] "GET /cormun/servlet/trautorizarsolicitud? HTTP/1.1" 200 8789
200.54.247.70 - - [07/Jun/2018:09:49:02 -0300] "GET /cormun/servlet/trautorizarsolicitud? HTTP/1.1" 200 8788
200.54.247.70 - - [07/Jun/2018:09:49:05 -0300] "POST /cormun/servlet/trautorizarsolicitud?7f2d3ad1c1d4c354437b2457dfff4738,,gx-no-cache=1528375682986 HTTP/1.1" 200 4646
200.54.247.70 - - [07/Jun/2018:09:49:05 -0300] "GET /cormun/static/Shared/jqueryui/images/ui-icons_82798d_256x240.png HTTP/1.1" 404 1089
200.54.247.70 - - [07/Jun/2018:09:49:05 -0300] "GET /cormun/static/Shared/jqueryui/images/ui-bg_highlight-soft_100_c6c2c8_1x100.png HTTP/1.1" 404 1117
200.54.247.70 - - [07/Jun/2018:09:49:05 -0300] "GET /cormun/static/Shared/jqueryui/images/ui-bg_flat_55_fafafa_40x100.png HTTP/1.1" 404 1097
200.54.247.70 - - [07/Jun/2018:09:49:05 -0300] "GET /cormun/static/Shared/jqueryui/images/ui-icons_8d78a5_256x240.png HTTP/1.1" 404 1089
200.54.247.70 - - [07/Jun/2018:09:49:05 -0300] "POST /cormun/servlet/trautorizarsolicitud?7f2d3ad1c1d4c354437b2457dfff4738,,gx-no-cache=1528375683154 HTTP/1.1" 200 4384
200.86.99.60 - - [07/Jun/2018:09:49:08 -0300] "GET /cormun/servlet/hlogin HTTP/1.1" 200 1712
200.86.99.60 - - [07/Jun/2018:09:49:12 -0300] "POST /cormun/servlet/hlogin?d54efa39186991af77be46b769222228,gx-no-cache=1528375692638 HTTP/1.1" 200 90
200.86.99.60 - - [07/Jun/2018:09:49:12 -0300] "GET /cormun/servlet/hpexe_link HTTP/1.1" 200 945
200.86.99.60 - - [07/Jun/2018:09:49:12 -0300] "GET /cormun/servlet/hhome HTTP/1.1" 200 4160
201.215.248.160 - - [07/Jun/2018:09:49:13 -0300] "GET /cormun/servlet/permisogoce?718f637503b770f8847e4bce13c654145fc5327c492dc4f7961c542891937cbd192c7887a9ac1b658d9d9f82a556103b,gx-no-cache=1528375811395 HTTP/1.1" 200 83
200.86.99.60 - - [07/Jun/2018:09:49:13 -0300] "GET /cormun/servlet/hhome HTTP/1.1" 200 4156
200.86.99.60 - - [07/Jun/2018:09:49:19 -0300] "GET /cormun/servlet/trautorizarsolicitud? HTTP/1.1" 200 8589
200.86.99.60 - - [07/Jun/2018:09:49:20 -0300] "GET /cormun/servlet/trautorizarsolicitud? HTTP/1.1" 200 8590
201.215.248.160 - - [07/Jun/2018:09:49:33 -0300] "GET /cormun/servlet/permisogoce?718f637503b770f8847e4bce13c654146eedddd21e10a2e9bfba4cab8da52a98e280377101027b7cabc98423901d3878cff8a798c0c5fce9af9285bd4c80cf6f,gx-no-cache=1528375831526 HTTP/1.1" 200 45
200.86.99.60 - - [07/Jun/2018:09:49:35 -0300] "POST /cormun/servlet/trautorizarsolicitud?d54efa39186991af77be46b769222228,,gx-no-cache=1528375715290 HTTP/1.1" 200 4579
200.86.99.60 - - [07/Jun/2018:09:49:35 -0300] "GET /cormun/static/Shared/jqueryui/images/ui-bg_highlight-soft_100_c6c2c8_1x100.png HTTP/1.1" 404 1117
200.86.99.60 - - [07/Jun/2018:09:49:35 -0300] "GET /cormun/static/Shared/jqueryui/images/ui-icons_82798d_256x240.png HTTP/1.1" 404 1089
200.86.99.60 - - [07/Jun/2018:09:49:35 -0300] "GET /cormun/static/Shared/jqueryui/images/ui-bg_flat_55_fafafa_40x100.png HTTP/1.1" 404 1097
200.86.99.60 - - [07/Jun/2018:09:49:35 -0300] "GET /cormun/static/Shared/jqueryui/images/ui-icons_8d78a5_256x240.png HTTP/1.1" 404 1089
200.86.99.60 - - [07/Jun/2018:09:49:35 -0300] "POST /cormun/servlet/trautorizarsolicitud?d54efa39186991af77be46b769222228,,gx-no-cache=1528375715758 HTTP/1.1" 200 4368
201.215.248.160 - - [07/Jun/2018:09:49:40 -0300] "POST /cormun/servlet/permisogoce?2ce06c3f161a1fc3276faffc1617458f,INS,0,,,,gx-no-cache=1528375838246 HTTP/1.1" 200 93
201.215.248.160 - - [07/Jun/2018:09:49:40 -0300] "GET /cormun/servlet/hpexe_return? HTTP/1.1" 200 1012
201.215.248.160 - - [07/Jun/2018:09:49:40 -0300] "GET /cormun/servlet/trpermisosgoce HTTP/1.1" 200 13497
201.215.248.160 - - [07/Jun/2018:09:49:41 -0300] "GET /cormun/servlet/trpermisosgoce HTTP/1.1" 200 13492
201.215.248.160 - - [07/Jun/2018:09:49:45 -0300] "GET /cormun/servlet/apermisogoceprn?9299830,P,20180607084530,PU HTTP/1.1" 200 1649
189.226.180.214 - - [07/Jun/2018:09:50:13 -0300] "GET / HTTP/1.1" 200 11217
200.86.99.60 - - [07/Jun/2018:09:51:40 -0300] "GET /cormun/servlet/hlogin HTTP/1.1" 200 1719
200.86.99.60 - - [07/Jun/2018:09:51:41 -0300] "GET /cormun/static/Resources/indicator.gif HTTP/1.1" 200 1553
200.112.233.47 - - [07/Jun/2018:09:52:40 -0300] "GET /cormun/servlet/trsolicitudot? HTTP/1.1" 200 7454
200.112.233.47 - - [07/Jun/2018:09:52:41 -0300] "GET /cormun/servlet/trsolicitudot? HTTP/1.1" 200 7453
200.112.233.47 - - [07/Jun/2018:09:52:43 -0300] "GET /cormun/servlet/solicitudot?INS,0,0, HTTP/1.1" 200 13686
200.112.233.47 - - [07/Jun/2018:09:52:45 -0300] "GET /cormun/servlet/solicitudot?INS,0,0, HTTP/1.1" 200 13691
189.180.14.61 - - [07/Jun/2018:09:52:45 -0300] "GET / HTTP/1.1" 200 11217
200.112.233.47 - - [07/Jun/2018:09:52:51 -0300] "GET /cormun/servlet/prfichaempleado?,MD,,gxPopupLevel%3D0%3B HTTP/1.1" 200 9397
200.112.233.47 - - [07/Jun/2018:09:53:00 -0300] "POST /cormun/servlet/prfichaempleado?6fda9b524a261767a3aa31201032290f,,MD,,gxPopupLevel%3D0%3B,gx-no-cache=1528375917747 HTTP/1.1" 200 3189
200.112.233.47 - - [07/Jun/2018:09:53:53 -0300] "GET /cormun/servlet/trautorizarsolicitud? HTTP/1.1" 200 7354
200.112.233.47 - - [07/Jun/2018:09:53:54 -0300] "GET /cormun/servlet/trautorizarsolicitud? HTTP/1.1" 200 7348
200.112.233.47 - - [07/Jun/2018:09:54:02 -0300] "GET /cormun/servlet/trvisualizadoreventos? HTTP/1.1" 200 6989
200.112.233.47 - - [07/Jun/2018:09:54:02 -0300] "GET /cormun/servlet/trvisualizadoreventos? HTTP/1.1" 200 6989
200.112.233.47 - - [07/Jun/2018:09:54:12 -0300] "GET /cormun/servlet/trvisualizadoreventos? HTTP/1.1" 200 6988
192.168.10.58 - - [07/Jun/2018:09:55:24 -0300] "GET /cormun/servlet/hlogin HTTP/1.1" 200 1726
192.168.10.58 - - [07/Jun/2018:09:55:27 -0300] "POST /cormun/servlet/hlogin?0c5a20b3cde3b356c4238b92cea72047,gx-no-cache=1528375929008 HTTP/1.1" 200 90
192.168.10.58 - - [07/Jun/2018:09:55:27 -0300] "GET /cormun/servlet/hpexe_link HTTP/1.1" 200 957
192.168.10.58 - - [07/Jun/2018:09:55:27 -0300] "GET /cormun/servlet/trautorizarot? HTTP/1.1" 200 15039
192.168.10.58 - - [07/Jun/2018:09:55:27 -0300] "GET /cormun/servlet/trautorizarot? HTTP/1.1" 200 15038
192.168.10.58 - - [07/Jun/2018:09:55:40 -0300] "POST /cormun/servlet/trautorizarot?0c5a20b3cde3b356c4238b92cea72047,,gx-no-cache=1528375942320 HTTP/1.1" 200 11983
192.168.10.58 - - [07/Jun/2018:09:55:43 -0300] "GET /cormun/servlet/trsolicitudgral? HTTP/1.1" 200 21828
192.168.10.58 - - [07/Jun/2018:09:55:44 -0300] "GET /cormun/servlet/trsolicitudgral? HTTP/1.1" 200 21828
186.103.156.166 - - [07/Jun/2018:09:55:44 -0300] "GET /cormun/servlet/hhome HTTP/1.1" 200 3405
186.103.156.166 - - [07/Jun/2018:09:55:45 -0300] "GET /cormun/servlet/hhome HTTP/1.1" 200 3415
186.103.156.166 - - [07/Jun/2018:09:55:45 -0300] "GET /cormun/servlet/hlogin HTTP/1.1" 200 1729
186.103.156.166 - - [07/Jun/2018:09:55:45 -0300] "GET /favicon.ico HTTP/1.1" 200 21630
186.67.203.186 - - [07/Jun/2018:09:55:50 -0300] "GET /cormun/servlet/trpermisosgoce HTTP/1.1" 200 6098
186.67.203.186 - - [07/Jun/2018:09:55:52 -0300] "GET /cormun/servlet/trpermisosgoce HTTP/1.1" 200 6107
186.67.203.186 - - [07/Jun/2018:09:55:53 -0300] "GET /cormun/servlet/hlogin HTTP/1.1" 200 1741
200.54.247.70 - - [07/Jun/2018:09:55:56 -0300] "POST /cormun/servlet/trautorizarsolicitud?7f2d3ad1c1d4c354437b2457dfff4738,,gx-no-cache=1528376094259 HTTP/1.1" 200 5842
200.54.247.70 - - [07/Jun/2018:09:55:58 -0300] "POST /cormun/servlet/trautorizarsolicitud?7f2d3ad1c1d4c354437b2457dfff4738,,gx-no-cache=1528376096371 HTTP/1.1" 200 5854
192.168.10.58 - - [07/Jun/2018:09:56:01 -0300] "POST /cormun/servlet/trsolicitudgral?0c5a20b3cde3b356c4238b92cea72047,,gx-no-cache=1528375963176 HTTP/1.1" 200 18591
192.168.10.58 - - [07/Jun/2018:09:56:01 -0300] "GET /cormun/static/Shared/jqueryui/images/ui-bg_highlight-soft_100_c6c2c8_1x100.png HTTP/1.1" 404 1117
192.168.10.58 - - [07/Jun/2018:09:56:01 -0300] "GET /cormun/static/Shared/jqueryui/images/ui-icons_82798d_256x240.png HTTP/1.1" 404 1089
192.168.10.58 - - [07/Jun/2018:09:56:01 -0300] "GET /cormun/static/Shared/jqueryui/images/ui-bg_flat_55_fafafa_40x100.png HTTP/1.1" 404 1097
192.168.10.58 - - [07/Jun/2018:09:56:01 -0300] "GET /cormun/static/Shared/jqueryui/images/ui-icons_8d78a5_256x240.png HTTP/1.1" 404 1089
186.103.156.166 - - [07/Jun/2018:09:56:04 -0300] "POST /cormun/servlet/hlogin?719bb1c60e4f314259d41fd1ea0df845,gx-no-cache=1528376094040 HTTP/1.1" 200 442
192.168.10.58 - - [07/Jun/2018:09:56:14 -0300] "GET /cormun/servlet/trsolicitudgral? HTTP/1.1" 200 21476
192.168.10.58 - - [07/Jun/2018:09:56:14 -0300] "GET /cormun/servlet/trsolicitudgral? HTTP/1.1" 200 21476
200.54.247.70 - - [07/Jun/2018:09:56:14 -0300] "POST /cormun/servlet/trautorizarsolicitud?7f2d3ad1c1d4c354437b2457dfff4738,,gx-no-cache=1528376112662 HTTP/1.1" 200 5853
186.103.156.166 - - [07/Jun/2018:09:56:14 -0300] "POST /cormun/servlet/hlogin?719bb1c60e4f314259d41fd1ea0df845,gx-no-cache=1528376104504 HTTP/1.1" 200 90
186.103.156.166 - - [07/Jun/2018:09:56:15 -0300] "GET /cormun/servlet/hpexe_link HTTP/1.1" 200 950
186.103.156.166 - - [07/Jun/2018:09:56:15 -0300] "GET /cormun/servlet/hhome HTTP/1.1" 200 3886
186.103.156.166 - - [07/Jun/2018:09:56:15 -0300] "GET /cormun/servlet/hhome HTTP/1.1" 200 3883
186.103.156.166 - - [07/Jun/2018:09:56:19 -0300] "GET /cormun/servlet/trlicencias? HTTP/1.1" 200 9470
186.103.156.166 - - [07/Jun/2018:09:56:20 -0300] "GET /cormun/servlet/trlicencias? HTTP/1.1" 200 9468
200.54.247.70 - - [07/Jun/2018:09:56:21 -0300] "GET /cormun/servlet/trautorizarsolicitud? HTTP/1.1" 200 8790
200.54.247.70 - - [07/Jun/2018:09:56:22 -0300] "GET /cormun/servlet/trautorizarsolicitud? HTTP/1.1" 200 8790
200.54.247.70 - - [07/Jun/2018:09:56:27 -0300] "POST /cormun/servlet/trautorizarsolicitud?7f2d3ad1c1d4c354437b2457dfff4738,,gx-no-cache=1528376124790 HTTP/1.1" 200 5852
200.54.247.70 - - [07/Jun/2018:09:56:27 -0300] "GET /cormun/static/Shared/jqueryui/images/ui-bg_highlight-soft_100_c6c2c8_1x100.png HTTP/1.1" 404 1117
200.54.247.70 - - [07/Jun/2018:09:56:27 -0300] "GET /cormun/static/Shared/jqueryui/images/ui-icons_82798d_256x240.png HTTP/1.1" 404 1089
200.54.247.70 - - [07/Jun/2018:09:56:27 -0300] "GET /cormun/static/Shared/jqueryui/images/ui-bg_flat_55_fafafa_40x100.png HTTP/1.1" 404 1097
200.54.247.70 - - [07/Jun/2018:09:56:27 -0300] "GET /cormun/static/Shared/jqueryui/images/ui-icons_8d78a5_256x240.png HTTP/1.1" 404 1089
192.168.10.58 - - [07/Jun/2018:09:56:46 -0300] "GET /cormun/servlet/trsolicitudgral? HTTP/1.1" 200 21476
192.168.10.58 - - [07/Jun/2018:09:56:47 -0300] "GET /cormun/servlet/trsolicitudgral? HTTP/1.1" 200 21476
200.54.247.70 - - [07/Jun/2018:09:56:51 -0300] "POST /cormun/servlet/trautorizarsolicitud?7f2d3ad1c1d4c354437b2457dfff4738,,gx-no-cache=1528376149310 HTTP/1.1" 200 13571
192.168.10.58 - - [07/Jun/2018:09:56:54 -0300] "GET /cormun/servlet/trautorizarot? HTTP/1.1" 200 15479
192.168.10.58 - - [07/Jun/2018:09:56:55 -0300] "GET /cormun/servlet/trautorizarot? HTTP/1.1" 200 15478
192.168.10.58 - - [07/Jun/2018:09:57:03 -0300] "POST /cormun/servlet/trautorizarot?0c5a20b3cde3b356c4238b92cea72047,,gx-no-cache=1528376025214 HTTP/1.1" 200 11990
192.168.10.58 - - [07/Jun/2018:09:57:11 -0300] "GET /cormun/servlet/trautorizarot? HTTP/1.1" 200 15038
192.168.10.58 - - [07/Jun/2018:09:57:11 -0300] "GET /cormun/servlet/trautorizarot? HTTP/1.1" 200 15038
186.103.156.24 - - [07/Jun/2018:09:57:17 -0300] "GET /cormun/servlet/hlogin HTTP/1.1" 200 1718
186.103.156.24 - - [07/Jun/2018:09:57:30 -0300] "POST /cormun/servlet/hlogin?2dc57216de9e45182f762e2943e6dd54,gx-no-cache=1528376187660 HTTP/1.1" 200 90
186.103.156.24 - - [07/Jun/2018:09:57:30 -0300] "GET /cormun/servlet/hpexe_link HTTP/1.1" 200 949
186.103.156.24 - - [07/Jun/2018:09:57:30 -0300] "GET /cormun/servlet/hhome HTTP/1.1" 200 4236
186.103.156.24 - - [07/Jun/2018:09:57:31 -0300] "GET /cormun/servlet/hhome HTTP/1.1" 200 4232
200.54.247.70 - - [07/Jun/2018:09:57:32 -0300] "GET /cormun/servlet/trsolicitudot? HTTP/1.1" 200 7449
200.54.247.70 - - [07/Jun/2018:09:57:32 -0300] "GET /cormun/servlet/trsolicitudot? HTTP/1.1" 200 7448
192.168.10.58 - - [07/Jun/2018:09:57:33 -0300] "GET /cormun/static/menuarrow.gif HTTP/1.1" 404 1015
186.103.156.24 - - [07/Jun/2018:09:57:33 -0300] "GET /cormun/servlet/trlicencias? HTTP/1.1" 200 13133
186.103.156.24 - - [07/Jun/2018:09:57:34 -0300] "GET /cormun/servlet/trlicencias? HTTP/1.1" 200 13131
200.54.247.70 - - [07/Jun/2018:09:57:42 -0300] "GET /cormun/servlet/trautorizarsolicitud? HTTP/1.1" 200 16364
200.54.247.70 - - [07/Jun/2018:09:57:42 -0300] "GET /cormun/servlet/trautorizarsolicitud? HTTP/1.1" 200 16364
192.168.10.58 - - [07/Jun/2018:09:57:46 -0300] "POST /cormun/servlet/trautorizarot?0c5a20b3cde3b356c4238b92cea72047,,gx-no-cache=1528376068113 HTTP/1.1" 200 11983
200.112.233.47 - - [07/Jun/2018:09:57:48 -0300] "GET /cormun/servlet/trsolicitudot? HTTP/1.1" 200 7454
200.54.247.70 - - [07/Jun/2018:09:57:50 -0300] "POST /cormun/servlet/trautorizarsolicitud?7f2d3ad1c1d4c354437b2457dfff4738,,gx-no-cache=1528376207920 HTTP/1.1" 200 5841
200.112.233.47 - - [07/Jun/2018:09:57:50 -0300] "GET /cormun/servlet/trsolicitudot? HTTP/1.1" 200 7453
200.54.247.70 - - [07/Jun/2018:09:57:51 -0300] "POST /cormun/servlet/trautorizarsolicitud?7f2d3ad1c1d4c354437b2457dfff4738,,gx-no-cache=1528376209697 HTTP/1.1" 200 5854
200.54.247.70 - - [07/Jun/2018:09:57:52 -0300] "GET /cormun/static/Shared/jqueryui/images/ui-bg_highlight-soft_100_c6c2c8_1x100.png HTTP/1.1" 404 1117
200.54.247.70 - - [07/Jun/2018:09:57:52 -0300] "GET /cormun/static/Shared/jqueryui/images/ui-icons_82798d_256x240.png HTTP/1.1" 404 1089
200.54.247.70 - - [07/Jun/2018:09:57:52 -0300] "GET /cormun/static/Shared/jqueryui/images/ui-bg_flat_55_fafafa_40x100.png HTTP/1.1" 404 1097
200.54.247.70 - - [07/Jun/2018:09:57:52 -0300] "GET /cormun/static/Shared/jqueryui/images/ui-icons_8d78a5_256x240.png HTTP/1.1" 404 1089
200.112.233.47 - - [07/Jun/2018:09:57:53 -0300] "POST /cormun/servlet/trsolicitudot?6fda9b524a261767a3aa31201032290f,,gx-no-cache=1528376209931 HTTP/1.1" 200 4492
200.112.233.47 - - [07/Jun/2018:09:57:55 -0300] "GET /cormun/servlet/solicitudot?INS,0,0, HTTP/1.1" 200 13686
200.112.233.47 - - [07/Jun/2018:09:57:59 -0300] "GET /cormun/servlet/solicitudot?INS,0,0, HTTP/1.1" 200 13691
186.103.156.166 - - [07/Jun/2018:09:58:02 -0300] "GET /cormun/servlet/alicenciaprn?6941302,L,20180606000000,PU HTTP/1.1" 200 1548
200.54.247.70 - - [07/Jun/2018:09:58:19 -0300] "POST /cormun/servlet/trautorizarsolicitud?7f2d3ad1c1d4c354437b2457dfff4738,,gx-no-cache=1528376237203 HTTP/1.1" 200 5855
192.168.10.58 - - [07/Jun/2018:09:58:34 -0300] "GET /cormun/servlet/trsolicitudgral? HTTP/1.1" 200 21477
192.168.10.58 - - [07/Jun/2018:09:58:35 -0300] "GET /cormun/servlet/trsolicitudgral? HTTP/1.1" 200 21476
192.168.10.58 - - [07/Jun/2018:09:59:01 -0300] "GET /cormun/servlet/trautorizarot? HTTP/1.1" 200 15038
192.168.10.58 - - [07/Jun/2018:09:59:02 -0300] "GET /cormun/servlet/trautorizarot? HTTP/1.1" 200 15038
200.112.233.47 - - [07/Jun/2018:09:59:13 -0300] "GET /cormun/servlet/trcontratosolicitud? HTTP/1.1" 200 14747
200.112.233.47 - - [07/Jun/2018:09:59:15 -0300] "GET /cormun/servlet/trcontratosolicitud? HTTP/1.1" 200 14753
192.168.10.58 - - [07/Jun/2018:09:59:17 -0300] "GET /cormun/servlet/hlogin HTTP/1.1" 200 1726
192.168.10.58 - - [07/Jun/2018:09:59:19 -0300] "POST /cormun/servlet/hlogin?0c5a20b3cde3b356c4238b92cea72047,gx-no-cache=1528376160991 HTTP/1.1" 200 90
192.168.10.58 - - [07/Jun/2018:09:59:19 -0300] "GET /cormun/servlet/hpexe_link HTTP/1.1" 200 956
192.168.10.58 - - [07/Jun/2018:09:59:19 -0300] "GET /cormun/servlet/trautorizarot HTTP/1.1" 200 15039
192.168.10.58 - - [07/Jun/2018:09:59:19 -0300] "GET /cormun/servlet/trautorizarot HTTP/1.1" 200 15037
200.54.247.70 - - [07/Jun/2018:09:59:41 -0300] "GET /cormun/servlet/trautorizarsolicitud? HTTP/1.1" 200 8790
200.54.247.70 - - [07/Jun/2018:09:59:41 -0300] "GET /cormun/servlet/trautorizarsolicitud? HTTP/1.1" 200 8790
200.54.247.70 - - [07/Jun/2018:09:59:43 -0300] "POST /cormun/servlet/trautorizarsolicitud?7f2d3ad1c1d4c354437b2457dfff4738,,gx-no-cache=1528376320961 HTTP/1.1" 200 5852
200.54.247.70 - - [07/Jun/2018:09:59:43 -0300] "GET /cormun/static/Shared/jqueryui/images/ui-bg_highlight-soft_100_c6c2c8_1x100.png HTTP/1.1" 404 1117
200.54.247.70 - - [07/Jun/2018:09:59:43 -0300] "GET /cormun/static/Shared/jqueryui/images/ui-icons_82798d_256x240.png HTTP/1.1" 404 1089
200.54.247.70 - - [07/Jun/2018:09:59:43 -0300] "GET /cormun/static/Shared/jqueryui/images/ui-bg_flat_55_fafafa_40x100.png HTTP/1.1" 404 1097
200.54.247.70 - - [07/Jun/2018:09:59:43 -0300] "GET /cormun/static/Shared/jqueryui/images/ui-icons_8d78a5_256x240.png HTTP/1.1" 404 1089
192.168.10.58 - - [07/Jun/2018:10:00:41 -0300] "POST /cormun/servlet/trautorizarot?0c5a20b3cde3b356c4238b92cea72047,gx-no-cache=1528376243352 HTTP/1.1" 200 11983
192.168.10.58 - - [07/Jun/2018:10:00:43 -0300] "POST /cormun/servlet/trautorizarot?0c5a20b3cde3b356c4238b92cea72047,gx-no-cache=1528376244959 HTTP/1.1" 200 11983
192.168.10.58 - - [07/Jun/2018:10:00:49 -0300] "GET /cormun/servlet/trsolicitudgral? HTTP/1.1" 200 21477
192.168.10.58 - - [07/Jun/2018:10:00:50 -0300] "GET /cormun/servlet/trsolicitudgral? HTTP/1.1" 200 21476
192.168.10.58 - - [07/Jun/2018:10:00:58 -0300] "GET /cormun/static/menuarrow.gif HTTP/1.1" 404 1015
192.168.10.58 - - [07/Jun/2018:10:01:03 -0300] "POST /cormun/servlet/trsolicitudgral?0c5a20b3cde3b356c4238b92cea72047,,gx-no-cache=1528376265388 HTTP/1.1" 200 19138
200.86.99.60 - - [07/Jun/2018:10:01:21 -0300] "POST /cormun/servlet/hlogin?3f6bdcd2d61d1a083e57c62dce2a2e92,gx-no-cache=1528376419960 HTTP/1.1" 200 90
200.86.99.60 - - [07/Jun/2018:10:01:21 -0300] "GET /cormun/servlet/hpexe_link HTTP/1.1" 200 951
200.86.99.60 - - [07/Jun/2018:10:01:21 -0300] "GET /cormun/servlet/hhome HTTP/1.1" 200 4167
200.86.99.60 - - [07/Jun/2018:10:01:22 -0300] "GET /cormun/static/gxcfg.js?20175251212442 HTTP/1.1" 200 953
200.86.99.60 - - [07/Jun/2018:10:01:22 -0300] "GET /cormun/static/PXToolsJavascripts/pexe_cookies.js HTTP/1.1" 200 792
200.86.99.60 - - [07/Jun/2018:10:01:22 -0300] "GET /cormun/static/PXToolsJavascripts/pexe_oav.js HTTP/1.1" 200 645
200.86.99.60 - - [07/Jun/2018:10:01:22 -0300] "GET /cormun/static/PXToolsJavascripts/pexe_menudivfix.js HTTP/1.1" 200 333
200.86.99.60 - - [07/Jun/2018:10:01:22 -0300] "GET /cormun/static/PXToolsJavascripts/pexe_oavdivfix.js HTTP/1.1" 200 639
200.86.99.60 - - [07/Jun/2018:10:01:22 -0300] "GET /cormun/static/PXToolsJavascripts/pexe_picture.js HTTP/1.1" 200 689
200.86.99.60 - - [07/Jun/2018:10:01:22 -0300] "GET /cormun/static/PXToolsJavascripts/pexe_tabdivfix.js HTTP/1.1" 200 876
200.86.99.60 - - [07/Jun/2018:10:01:22 -0300] "GET /cormun/static/PXToolsJavascripts/PXToolsJavascriptsRender.js HTTP/1.1" 200 367
200.86.99.60 - - [07/Jun/2018:10:01:22 -0300] "GET /cormun/static/Resources/logo4.png HTTP/1.1" 200 6582
200.86.99.60 - - [07/Jun/2018:10:01:22 -0300] "GET /cormun/static/Resources/PXToolsHeaderActionsLeft.png HTTP/1.1" 200 1118
200.86.99.60 - - [07/Jun/2018:10:01:22 -0300] "GET /cormun/static/RunJS/RunJS.js HTTP/1.1" 200 288
200.86.99.60 - - [07/Jun/2018:10:01:22 -0300] "GET /cormun/static/hhome.js?20175251212450 HTTP/1.1" 200 777
200.86.99.60 - - [07/Jun/2018:10:01:22 -0300] "GET /cormun/static/hpexe_messagecontroller.js?20177611595012 HTTP/1.1" 200 870
200.86.99.60 - - [07/Jun/2018:10:01:22 -0300] "GET /cormun/static/hpexe_messagepopupcomponent.js?20161017169425 HTTP/1.1" 200 605
200.86.99.60 - - [07/Jun/2018:10:01:22 -0300] "GET /cormun/static/hpexe_messagegenexuscomponent.js?201752511465344 HTTP/1.1" 200 587
200.86.99.60 - - [07/Jun/2018:10:01:22 -0300] "GET /cormun/static/Resources/PXToolsHeaderBackground2.png HTTP/1.1" 200 1174
200.86.99.60 - - [07/Jun/2018:10:01:22 -0300] "GET /cormun/static/Resources/PXToolsHeaderHome.png HTTP/1.1" 200 4147
200.86.99.60 - - [07/Jun/2018:10:01:22 -0300] "GET /cormun/static/Resources/PXToolsDataTitle.png HTTP/1.1" 200 1173
200.86.99.60 - - [07/Jun/2018:10:01:22 -0300] "GET /cormun/static/Resources/PXToolsHeaderActionsBackground.png HTTP/1.1" 200 484
200.86.99.60 - - [07/Jun/2018:10:01:22 -0300] "GET /cormun/static/Resources/PXToolsHeaderSecurity.png HTTP/1.1" 200 4166
200.86.99.60 - - [07/Jun/2018:10:01:22 -0300] "GET /cormun/static/Resources/PXToolsHeaderLogin.png HTTP/1.1" 200 4279
200.86.99.60 - - [07/Jun/2018:10:01:22 -0300] "GET /cormun/static/Resources/PXToolsHeaderPreferences.png HTTP/1.1" 200 4189
200.86.99.60 - - [07/Jun/2018:10:01:22 -0300] "GET /cormun/static/Resources/PXToolsHeaderActionsRight.png HTTP/1.1" 200 1201
200.86.99.60 - - [07/Jun/2018:10:01:22 -0300] "GET /cormun/static/Resources/PXToolsFooterBackground2.png HTTP/1.1" 200 1172
200.86.99.60 - - [07/Jun/2018:10:01:24 -0300] "GET /cormun/servlet/hhome HTTP/1.1" 200 4163
200.86.99.60 - - [07/Jun/2018:10:01:25 -0300] "GET /cormun/static/SmoothNavMenu/resources/images/down.gif HTTP/1.1" 200 854
200.86.99.60 - - [07/Jun/2018:10:01:25 -0300] "GET /cormun/static/SmoothNavMenu/resources/images/right.gif HTTP/1.1" 200 860
192.168.10.58 - - [07/Jun/2018:10:01:29 -0300] "POST /cormun/servlet/trsolicitudgral?0c5a20b3cde3b356c4238b92cea72047,,gx-no-cache=1528376290942 HTTP/1.1" 200 18585
192.168.10.58 - - [07/Jun/2018:10:01:29 -0300] "GET /cormun/static/Shared/jqueryui/images/ui-bg_highlight-soft_100_c6c2c8_1x100.png HTTP/1.1" 404 1117
192.168.10.58 - - [07/Jun/2018:10:01:29 -0300] "GET /cormun/static/Shared/jqueryui/images/ui-icons_82798d_256x240.png HTTP/1.1" 404 1089
192.168.10.58 - - [07/Jun/2018:10:01:29 -0300] "GET /cormun/static/Shared/jqueryui/images/ui-bg_flat_55_fafafa_40x100.png HTTP/1.1" 404 1097
192.168.10.58 - - [07/Jun/2018:10:01:29 -0300] "GET /cormun/static/Shared/jqueryui/images/ui-icons_8d78a5_256x240.png HTTP/1.1" 404 1089
192.168.10.58 - - [07/Jun/2018:10:01:34 -0300] "GET /cormun/servlet/trsolicitudgral? HTTP/1.1" 200 21475
192.168.10.58 - - [07/Jun/2018:10:01:35 -0300] "GET /cormun/servlet/trsolicitudgral? HTTP/1.1" 200 21475
192.168.10.58 - - [07/Jun/2018:10:01:46 -0300] "GET /cormun/servlet/trautorizarot? HTTP/1.1" 200 15648
192.168.10.58 - - [07/Jun/2018:10:01:46 -0300] "GET /cormun/servlet/trautorizarot? HTTP/1.1" 200 15648
200.54.247.70 - - [07/Jun/2018:10:01:49 -0300] "POST /cormun/servlet/trautorizarsolicitud?7f2d3ad1c1d4c354437b2457dfff4738,,gx-no-cache=1528376446803 HTTP/1.1" 200 4401
192.168.10.58 - - [07/Jun/2018:10:01:50 -0300] "POST /cormun/servlet/trautorizarot?0c5a20b3cde3b356c4238b92cea72047,,gx-no-cache=1528376312030 HTTP/1.1" 200 11989
200.54.247.70 - - [07/Jun/2018:10:01:55 -0300] "POST /cormun/servlet/trautorizarsolicitud?7f2d3ad1c1d4c354437b2457dfff4738,,gx-no-cache=1528376452755 HTTP/1.1" 200 4401
192.168.10.58 - - [07/Jun/2018:10:02:03 -0300] "GET /cormun/servlet/trsolicitudgral? HTTP/1.1" 200 21475
192.168.10.58 - - [07/Jun/2018:10:02:04 -0300] "GET /cormun/servlet/trsolicitudgral? HTTP/1.1" 200 21475
103.15.80.151 - - [07/Jun/2018:10:02:11 -0300] "GET / HTTP/1.1" 200 11217
192.168.10.89 - - [07/Jun/2018:10:03:30 -0300] "GET /cormun/servlet/hlogin HTTP/1.1" 200 1719
192.168.10.89 - - [07/Jun/2018:10:03:31 -0300] "GET /cormun/servlet/hlogin HTTP/1.1" 200 1730
192.168.10.89 - - [07/Jun/2018:10:03:37 -0300] "POST /cormun/servlet/hlogin?0da85989f1fe615fe2b90c24110c9d3d,gx-no-cache=1528376419165 HTTP/1.1" 200 90
192.168.10.89 - - [07/Jun/2018:10:03:37 -0300] "GET /cormun/servlet/hpexe_link HTTP/1.1" 200 950
192.168.10.89 - - [07/Jun/2018:10:03:37 -0300] "GET /cormun/servlet/hhome HTTP/1.1" 200 4922
192.168.10.89 - - [07/Jun/2018:10:03:37 -0300] "GET /cormun/static/hwchdr01.js?201752511465785 HTTP/1.1" 304 -
192.168.10.89 - - [07/Jun/2018:10:03:37 -0300] "GET /cormun/static/hpexe_recentlink.js?20177611595044 HTTP/1.1" 304 -
192.168.10.89 - - [07/Jun/2018:10:03:37 -0300] "GET /cormun/static/hpexe_scripts.js?201752511465715 HTTP/1.1" 304 -
192.168.10.89 - - [07/Jun/2018:10:03:37 -0300] "GET /cormun/static/hpexe_messagecontroller.js?20177611595012 HTTP/1.1" 304 -
192.168.10.89 - - [07/Jun/2018:10:03:37 -0300] "GET /cormun/static/hpexe_messagepopupcomponent.js?20161017169425 HTTP/1.1" 304 -
192.168.10.89 - - [07/Jun/2018:10:03:37 -0300] "GET /cormun/static/hpexe_messagegenexuscomponent.js?201752511465344 HTTP/1.1" 304 -
192.168.10.89 - - [07/Jun/2018:10:03:37 -0300] "GET /cormun/static/cmcontrolpreferences.js?201752511465670 HTTP/1.1" 304 -
192.168.10.89 - - [07/Jun/2018:10:03:37 -0300] "GET /cormun/static/hmpwkw03.js?20177612122668 HTTP/1.1" 304 -
192.168.10.89 - - [07/Jun/2018:10:03:40 -0300] "GET /cormun/servlet/trsolicitudgral? HTTP/1.1" 200 22571
192.168.10.89 - - [07/Jun/2018:10:03:50 -0300] "POST /cormun/servlet/trsolicitudgral?0da85989f1fe615fe2b90c24110c9d3d,,gx-no-cache=1528376432548 HTTP/1.1" 200 5923
192.168.10.89 - - [07/Jun/2018:10:03:55 -0300] "POST /cormun/servlet/trsolicitudgral?0da85989f1fe615fe2b90c24110c9d3d,,gx-no-cache=1528376437346 HTTP/1.1" 200 5922
192.168.10.89 - - [07/Jun/2018:10:03:58 -0300] "POST /cormun/servlet/trsolicitudgral?0da85989f1fe615fe2b90c24110c9d3d,,gx-no-cache=1528376440906 HTTP/1.1" 200 7584
192.168.10.89 - - [07/Jun/2018:10:04:08 -0300] "GET /cormun/servlet/solicitudgral?UPD,2018,11659, HTTP/1.1" 200 13372
192.168.10.89 - - [07/Jun/2018:10:04:09 -0300] "POST /cormun/servlet/solicitudgral?gx-no-cache=1528376451800 HTTP/1.1" 200 3906
192.168.10.89 - - [07/Jun/2018:10:04:10 -0300] "GET /cormun/servlet/solicitudgral?f8d59ec471dfcfda98ce53f5874f9aa8ab2d033998be304f509237e75f762c78ad0c7f1e3995e0871ce93ffe2a6ed816453d0fd9144dd3a613f03b0d1c5da807c0658aea85c447b5d45c39dde010b832ef0063e33613e2f4706274ee7469bb66db591a29eba0ee0bfa88ce06a2ef84f3953ae1cb09e41c53ca88210cac1b7d5fee988a8e0c691d4f335025459c46c88ea88db43f3d187d7e0ee06075b669eb46117a1978618596098b2427cbaab6879d40008c6064062afb0dbfe9108a2acb2146c8ed8547dc5b39a4528db6f9629bd2738cb8631f8aec16f84321b655480c38e155bdd88eb59d89c6b581774eb5b7ed321100ecc31a8cffb2a65aa0b13f85b4d4b45872551814b0ea608aeed00452120b4a19235064bf875fb6eeb3c64f8aeaf6afdbedb96a911427fb82414c788d588dd6d9230e9ae7850b1ff566c3ce3d757581fbe23894901cf51c3b5841a1ec9f,gx-no-cache=1528376452055 HTTP/1.1" 200 297
192.168.10.89 - - [07/Jun/2018:10:04:13 -0300] "GET /cormun/servlet/solicitudgral?f8d59ec471dfcfda98ce53f5874f9aa86ff82ee74fb1e87b4f871fe33e412fd6c5884b20a965347849551d75788b50e98947b8072a48458d03199a0993d3e84e328be4bce8211aca7cb1824c5fb903bc6b866eafda89687cf8efbda80078dcc96cac364dea2919566128cd5c4bf9956ca39030adffc8f002428f1239b3519ffabbab1776a8a81acfd86da2b812abb706407cecd5d6de51b6b95c6a536418daf55fe3920d3c6f3209bc61c14d7a106215a6090b05e6953c11f584bc1b47b64194b6a769628f14fe55f017353c44f08d26a33b6e82da1aa0f68d8f8836210edf2a2526c43866f75ef82cd20aa0144fa9981fc4bfd52f4de5444f17d1e5e29fe70b7dce7b63ecf58d9fce539b3db0166e61891670decd599761fdcedc289c014cae031864d03e63caefe2f2788c50986fe6142522694de13c4d4f3f4a89230761c82a41eae96e8d99b5d5716d6d9ab6610ee0fab33789a4af11b3eeda8c6be3cc43cd4a9885bfe9aadcac3f815f91ecfac813664783fb4a790dde30b1936a5f98665b61f6cd147b2e3dfc09ff657e409e173e9dff853eff5e0be4eb5d369dd399eadb75927900201d4375c4ee7ec0227865,gx-no-cache=1528376455021 HTTP/1.1" 200 48
192.168.10.89 - - [07/Jun/2018:10:04:13 -0300] "POST /cormun/servlet/solicitudgral?0da85989f1fe615fe2b90c24110c9d3d,UPD,2018,11659,,gx-no-cache=1528376455048 HTTP/1.1" 200 11837
192.168.10.89 - - [07/Jun/2018:10:04:13 -0300] "GET /cormun/servlet/solicitudgral?f8d59ec471dfcfda98ce53f5874f9aa8b77507367ef355c95ecf436c5362ddcc6a8ab89988552eb0ce1396cbcf0050e3c3baf1c3166e78addcb5275aa03465c6e71b65865fd94065923e3726f2cd79cc84eba6382d8635e066e3762996875c0cc13c35423e43b25eaaa6ceffe5900f78,gx-no-cache=1528376455268 HTTP/1.1" 200 29
192.168.10.89 - - [07/Jun/2018:10:04:13 -0300] "POST /cormun/servlet/solicitudgral?gx-no-cache=1528376455285 HTTP/1.1" 200 1327
192.168.10.89 - - [07/Jun/2018:10:04:13 -0300] "POST /cormun/servlet/solicitudgral?gx-no-cache=1528376455319 HTTP/1.1" 200 1249
192.168.10.89 - - [07/Jun/2018:10:04:32 -0300] "POST /cormun/servlet/solicitudgral?0da85989f1fe615fe2b90c24110c9d3d,UPD,2018,11659,,gx-no-cache=1528376474638 HTTP/1.1" 200 93
192.168.10.89 - - [07/Jun/2018:10:04:32 -0300] "GET /cormun/servlet/hpexe_return? HTTP/1.1" 200 1013
192.168.10.89 - - [07/Jun/2018:10:04:33 -0300] "GET /cormun/servlet/trsolicitudgral? HTTP/1.1" 200 11078
