192.168.10.58 - - [07/Jun/2018:09:27:52 -0300] "GET /cormun/servlet/trsolicitudgral? HTTP/1.1" 200 22923
192.168.10.58 - - [07/Jun/2018:09:27:53 -0300] "GET /cormun/servlet/trsolicitudgral? HTTP/1.1" 200 22922
192.168.10.58 - - [07/Jun/2018:09:27:58 -0300] "GET /cormun/static/menuarrow.gif HTTP/1.1" 404 1015
192.168.10.97 - - [07/Jun/2018:09:27:59 -0300] "GET /cormun/servlet/trcoordinadores? HTTP/1.1" 200 7614
192.168.10.97 - - [07/Jun/2018:09:28:00 -0300] "GET /cormun/servlet/trcoordinadores? HTTP/1.1" 200 7613
192.168.10.58 - - [07/Jun/2018:09:28:10 -0300] "POST /cormun/servlet/trsolicitudgral?0c5a20b3cde3b356c4238b92cea72047,,gx-no-cache=1528374292595 HTTP/1.1" 200 19577
200.73.230.197 - - [07/Jun/2018:09:28:11 -0300] "POST /cormun/servlet/trpermisosgoce?5592d6d87e150448671c6d50547d1423,,gx-no-cache=1528374427541 HTTP/1.1" 200 9314
200.73.230.197 - - [07/Jun/2018:09:28:12 -0300] "POST /cormun/servlet/trpermisosgoce?5592d6d87e150448671c6d50547d1423,,gx-no-cache=1528374428705 HTTP/1.1" 200 9293
200.112.233.47 - - [07/Jun/2018:09:28:17 -0300] "GET /cormun/servlet/hlogin HTTP/1.1" 200 1719
200.112.233.47 - - [07/Jun/2018:09:28:18 -0300] "GET /cormun/servlet/hlogin HTTP/1.1" 200 1722
192.168.10.97 - - [07/Jun/2018:09:28:22 -0300] "GET /cormun/servlet/trsolicitudgral? HTTP/1.1" 200 9155
192.168.10.97 - - [07/Jun/2018:09:28:22 -0300] "GET /cormun/servlet/trsolicitudgral? HTTP/1.1" 200 9155
200.112.233.47 - - [07/Jun/2018:09:28:24 -0300] "POST /cormun/servlet/hlogin?6fda9b524a261767a3aa31201032290f,gx-no-cache=1528374441582 HTTP/1.1" 200 90
200.112.233.47 - - [07/Jun/2018:09:28:24 -0300] "GET /cormun/servlet/hpexe_link HTTP/1.1" 200 946
200.112.233.47 - - [07/Jun/2018:09:28:24 -0300] "GET /cormun/servlet/hhome HTTP/1.1" 200 4232
200.112.233.47 - - [07/Jun/2018:09:28:27 -0300] "GET /cormun/servlet/hhome HTTP/1.1" 200 4228
192.168.10.97 - - [07/Jun/2018:09:28:34 -0300] "POST /cormun/servlet/trsolicitudgral?05b2752c4d2ecdba11bcafa91c6953cc,,gx-no-cache=1528374316379 HTTP/1.1" 200 5921
192.168.10.97 - - [07/Jun/2018:09:28:40 -0300] "POST /cormun/servlet/trsolicitudgral?05b2752c4d2ecdba11bcafa91c6953cc,,gx-no-cache=1528374322194 HTTP/1.1" 200 5921
200.112.233.47 - - [07/Jun/2018:09:28:42 -0300] "GET /cormun/servlet/trpermisosgoce? HTTP/1.1" 200 9841
200.112.233.47 - - [07/Jun/2018:09:28:42 -0300] "GET /cormun/static/gxcfg.js?20177612163875 HTTP/1.1" 304 -
200.112.233.47 - - [07/Jun/2018:09:28:43 -0300] "GET /cormun/static/trpermisosgoce.js?20177612164335 HTTP/1.1" 304 -
200.112.233.47 - - [07/Jun/2018:09:28:43 -0300] "GET /cormun/servlet/trpermisosgoce? HTTP/1.1" 200 9839
200.112.233.47 - - [07/Jun/2018:09:28:47 -0300] "GET /cormun/servlet/permisogoce?INS,0,,, HTTP/1.1" 200 7093
200.112.233.47 - - [07/Jun/2018:09:28:47 -0300] "GET /cormun/static/gxcfg.js?201776126440 HTTP/1.1" 304 -
192.168.10.97 - - [07/Jun/2018:09:28:53 -0300] "POST /cormun/servlet/trsolicitudgral?05b2752c4d2ecdba11bcafa91c6953cc,,gx-no-cache=1528374335958 HTTP/1.1" 200 7311
200.112.233.47 - - [07/Jun/2018:09:29:02 -0300] "GET /cormun/servlet/permisogoce?INS,0,,, HTTP/1.1" 200 7093
192.168.10.97 - - [07/Jun/2018:09:29:04 -0300] "POST /cormun/servlet/trsolicitudgral?05b2752c4d2ecdba11bcafa91c6953cc,,gx-no-cache=1528374346384 HTTP/1.1" 200 7263
192.168.10.97 - - [07/Jun/2018:09:29:13 -0300] "POST /cormun/servlet/trsolicitudgral?05b2752c4d2ecdba11bcafa91c6953cc,,gx-no-cache=1528374355663 HTTP/1.1" 200 5921
200.54.247.70 - - [07/Jun/2018:09:29:19 -0300] "GET /cormun/servlet/trsolicitudot? HTTP/1.1" 200 7449
200.54.247.70 - - [07/Jun/2018:09:29:20 -0300] "GET /cormun/servlet/trsolicitudot? HTTP/1.1" 200 7448
192.168.10.97 - - [07/Jun/2018:09:29:23 -0300] "POST /cormun/servlet/trsolicitudgral?05b2752c4d2ecdba11bcafa91c6953cc,,gx-no-cache=1528374365335 HTTP/1.1" 200 5920
200.54.247.70 - - [07/Jun/2018:09:29:26 -0300] "GET /cormun/servlet/solicitudot?INS,0,0, HTTP/1.1" 200 13677
200.54.247.70 - - [07/Jun/2018:09:29:26 -0300] "GET /cormun/servlet/solicitudot?INS,0,0, HTTP/1.1" 200 13682
192.168.10.97 - - [07/Jun/2018:09:29:31 -0300] "POST /cormun/servlet/trsolicitudgral?05b2752c4d2ecdba11bcafa91c6953cc,,gx-no-cache=1528374373368 HTTP/1.1" 200 5920
200.112.233.47 - - [07/Jun/2018:09:29:35 -0300] "GET /cormun/servlet/prfichaempleado?,MD,,gxPopupLevel%3D0%3B HTTP/1.1" 200 9400
192.168.10.97 - - [07/Jun/2018:09:29:40 -0300] "POST /cormun/servlet/trsolicitudgral?05b2752c4d2ecdba11bcafa91c6953cc,,gx-no-cache=1528374382214 HTTP/1.1" 200 5923
200.112.233.47 - - [07/Jun/2018:09:29:43 -0300] "POST /cormun/servlet/prfichaempleado?6fda9b524a261767a3aa31201032290f,,MD,,gxPopupLevel%3D0%3B,gx-no-cache=1528374521086 HTTP/1.1" 200 3572
192.168.10.97 - - [07/Jun/2018:09:29:48 -0300] "POST /cormun/servlet/trsolicitudgral?05b2752c4d2ecdba11bcafa91c6953cc,,gx-no-cache=1528374390263 HTTP/1.1" 200 5919
200.112.233.47 - - [07/Jun/2018:09:30:00 -0300] "GET /cormun/servlet/permisogoce?6ffe3a04566eb270e5819bd5b29f0fa2728ed789a4a923a3fc203b996baa522d23801c79621fd2adc1214c4db8dbde89f091636572449223db80acb9391602da,gx-no-cache=1528374538256 HTTP/1.1" 200 61
200.112.233.47 - - [07/Jun/2018:09:30:07 -0300] "GET /cormun/static/menuarrow.gif HTTP/1.1" 404 1015
200.73.230.197 - - [07/Jun/2018:09:30:10 -0300] "POST /cormun/servlet/trpermisosgoce?5592d6d87e150448671c6d50547d1423,,gx-no-cache=1528374546423 HTTP/1.1" 200 9075
200.73.230.197 - - [07/Jun/2018:09:30:11 -0300] "POST /cormun/servlet/trpermisosgoce?5592d6d87e150448671c6d50547d1423,,gx-no-cache=1528374547546 HTTP/1.1" 200 9054
192.168.10.97 - - [07/Jun/2018:09:30:16 -0300] "POST /cormun/servlet/trsolicitudgral?05b2752c4d2ecdba11bcafa91c6953cc,,gx-no-cache=1528374418591 HTTP/1.1" 200 5922
200.112.233.47 - - [07/Jun/2018:09:30:18 -0300] "GET /cormun/servlet/permisogoce?6ffe3a04566eb270e5819bd5b29f0fa215591fa02bc899a9c3bc5c99fca68440ce241d526026785c70a642da263fa2cca7e82ba1130bacf02cf02c69d7f9b2e1,gx-no-cache=1528374555629 HTTP/1.1" 200 47
200.112.233.47 - - [07/Jun/2018:09:30:22 -0300] "POST /cormun/servlet/permisogoce?6fda9b524a261767a3aa31201032290f,INS,0,,,,gx-no-cache=1528374559125 HTTP/1.1" 200 93
200.112.233.47 - - [07/Jun/2018:09:30:22 -0300] "GET /cormun/servlet/hpexe_return? HTTP/1.1" 200 1006
200.112.233.47 - - [07/Jun/2018:09:30:23 -0300] "GET /cormun/servlet/trpermisosgoce HTTP/1.1" 200 10100
200.112.233.47 - - [07/Jun/2018:09:30:23 -0300] "GET /cormun/servlet/trpermisosgoce HTTP/1.1" 200 10095
192.168.10.97 - - [07/Jun/2018:09:30:25 -0300] "POST /cormun/servlet/trsolicitudgral?05b2752c4d2ecdba11bcafa91c6953cc,,gx-no-cache=1528374427534 HTTP/1.1" 200 5924
200.112.233.47 - - [07/Jun/2018:09:30:31 -0300] "GET /cormun/servlet/trpermisosadjuntos?18042371,20180607082529,P, HTTP/1.1" 200 6535
200.112.233.47 - - [07/Jun/2018:09:30:31 -0300] "GET /cormun/static/gxcfg.js?201762817193957 HTTP/1.1" 304 -
200.112.233.47 - - [07/Jun/2018:09:30:32 -0300] "GET /cormun/servlet/trpermisosadjuntos?18042371,20180607082529,P, HTTP/1.1" 200 6535
200.112.233.47 - - [07/Jun/2018:09:30:34 -0300] "GET /cormun/servlet/permisosadjuntos?INS,18042371,P,20180607082529,, HTTP/1.1" 200 5864
200.112.233.47 - - [07/Jun/2018:09:30:34 -0300] "GET /cormun/static/gxcfg.js?201762717441171 HTTP/1.1" 200 953
200.112.233.47 - - [07/Jun/2018:09:30:34 -0300] "GET /cormun/static/about:blank HTTP/1.1" 404 1011
200.112.233.47 - - [07/Jun/2018:09:30:36 -0300] "GET /cormun/servlet/permisosadjuntos?INS,18042371,P,20180607082529,, HTTP/1.1" 200 5854
200.54.247.70 - - [07/Jun/2018:09:30:39 -0300] "POST /cormun/servlet/solicitudot?gx-no-cache=1528374577331 HTTP/1.1" 200 3284
200.54.247.70 - - [07/Jun/2018:09:30:39 -0300] "POST /cormun/servlet/solicitudot?7f2d3ad1c1d4c354437b2457dfff4738,INS,0,0,,gx-no-cache=1528374577552 HTTP/1.1" 200 10442
200.54.247.70 - - [07/Jun/2018:09:30:40 -0300] "GET /cormun/servlet/solicitudot?80709d77cc418fb7b226b3a2f190a176b029c2ac9a0681938c1d3ef0a38def21d2136a7db9e41bc7105f5921e1a0955f,gx-no-cache=1528374578778 HTTP/1.1" 200 111
200.54.247.70 - - [07/Jun/2018:09:30:41 -0300] "GET /cormun/static/Shared/jqueryui/images/ui-bg_flat_55_994d53_40x100.png HTTP/1.1" 404 1097
200.54.247.70 - - [07/Jun/2018:09:30:41 -0300] "GET /cormun/static/Shared/jqueryui/images/ui-icons_82798d_256x240.png HTTP/1.1" 404 1089
200.54.247.70 - - [07/Jun/2018:09:30:41 -0300] "GET /cormun/static/Shared/jqueryui/images/ui-bg_highlight-soft_100_c6c2c8_1x100.png HTTP/1.1" 404 1117
200.54.247.70 - - [07/Jun/2018:09:30:41 -0300] "GET /cormun/static/Shared/jqueryui/images/ui-icons_ebccce_256x240.png HTTP/1.1" 404 1089
200.54.247.70 - - [07/Jun/2018:09:30:47 -0300] "GET /cormun/servlet/solicitudot?80709d77cc418fb7b226b3a2f190a1767c64ec98b189d54bd976e678a0e2543ad2136a7db9e41bc7105f5921e1a0955f,gx-no-cache=1528374585616 HTTP/1.1" 200 30
190.100.93.40 - - [07/Jun/2018:09:30:49 -0300] "GET /cormun/servlet/trlicencias HTTP/1.1" 200 6116
190.100.93.40 - - [07/Jun/2018:09:30:53 -0300] "GET /cormun/servlet/trlicencias HTTP/1.1" 200 6114
190.100.93.40 - - [07/Jun/2018:09:30:53 -0300] "GET /cormun/servlet/hlogin HTTP/1.1" 200 1727
200.73.230.197 - - [07/Jun/2018:09:30:55 -0300] "POST /cormun/servlet/trpermisosgoce?5592d6d87e150448671c6d50547d1423,,gx-no-cache=1528374591543 HTTP/1.1" 200 8855
200.73.230.197 - - [07/Jun/2018:09:30:56 -0300] "POST /cormun/servlet/trpermisosgoce?5592d6d87e150448671c6d50547d1423,,gx-no-cache=1528374592642 HTTP/1.1" 200 8835
200.112.233.47 - - [07/Jun/2018:09:31:01 -0300] "POST /cormun/servlet/permisosadjuntos?6fda9b524a261767a3aa31201032290f,INS,18042371,P,20180607082529,, HTTP/1.1" 200 116
200.112.233.47 - - [07/Jun/2018:09:31:01 -0300] "GET /cormun/servlet/hpexe_return? HTTP/1.1" 200 1034
200.112.233.47 - - [07/Jun/2018:09:31:02 -0300] "GET /cormun/servlet/trpermisosadjuntos?18042371,20180607082529,P, HTTP/1.1" 200 7032
200.112.233.47 - - [07/Jun/2018:09:31:02 -0300] "GET /cormun/servlet/trpermisosadjuntos?18042371,20180607082529,P, HTTP/1.1" 200 7027
200.112.233.47 - - [07/Jun/2018:09:31:04 -0300] "POST /cormun/servlet/trpermisosadjuntos?6fda9b524a261767a3aa31201032290f,18042371,20180607082529,P,,gx-no-cache=1528374602014 HTTP/1.1" 200 90
200.112.233.47 - - [07/Jun/2018:09:31:04 -0300] "GET /cormun/servlet/hpexe_link HTTP/1.1" 200 979
200.112.233.47 - - [07/Jun/2018:09:31:05 -0300] "GET /cormun/servlet/trpermisosgoce HTTP/1.1" 200 10096
200.112.233.47 - - [07/Jun/2018:09:31:12 -0300] "GET /cormun/servlet/trpermisosgoce HTTP/1.1" 200 10095
200.112.233.47 - - [07/Jun/2018:09:31:23 -0300] "POST /cormun/servlet/trpermisosgoce?6fda9b524a261767a3aa31201032290f,gx-no-cache=1528374613061 HTTP/1.1" 200 7272
200.112.233.47 - - [07/Jun/2018:09:31:24 -0300] "GET /cormun/static/Shared/jqueryui/images/ui-bg_highlight-soft_100_c6c2c8_1x100.png HTTP/1.1" 404 1117
200.112.233.47 - - [07/Jun/2018:09:31:24 -0300] "GET /cormun/static/Shared/jqueryui/images/ui-icons_82798d_256x240.png HTTP/1.1" 404 1089
200.112.233.47 - - [07/Jun/2018:09:31:24 -0300] "GET /cormun/static/Shared/jqueryui/images/ui-icons_8d78a5_256x240.png HTTP/1.1" 404 1089
200.112.233.47 - - [07/Jun/2018:09:31:24 -0300] "GET /cormun/static/Shared/jqueryui/images/ui-bg_flat_55_fafafa_40x100.png HTTP/1.1" 404 1097
200.112.233.47 - - [07/Jun/2018:09:31:28 -0300] "GET /cormun/servlet/permisogoce?INS,0,,, HTTP/1.1" 200 7094
200.112.233.47 - - [07/Jun/2018:09:31:29 -0300] "GET /cormun/servlet/permisogoce?INS,0,,, HTTP/1.1" 200 7094
200.73.230.197 - - [07/Jun/2018:09:31:31 -0300] "POST /cormun/servlet/trpermisosgoce?5592d6d87e150448671c6d50547d1423,,gx-no-cache=1528374628319 HTTP/1.1" 200 8601
200.73.230.197 - - [07/Jun/2018:09:31:32 -0300] "POST /cormun/servlet/trpermisosgoce?5592d6d87e150448671c6d50547d1423,,gx-no-cache=1528374629479 HTTP/1.1" 200 8581
200.112.233.47 - - [07/Jun/2018:09:31:33 -0300] "GET /cormun/servlet/prfichaempleado?,MD,,gxPopupLevel%3D0%3B HTTP/1.1" 200 9400
200.112.233.47 - - [07/Jun/2018:09:31:57 -0300] "POST /cormun/servlet/prfichaempleado?6fda9b524a261767a3aa31201032290f,,MD,,gxPopupLevel%3D0%3B,gx-no-cache=1528374653086 HTTP/1.1" 200 3434
200.112.233.47 - - [07/Jun/2018:09:32:07 -0300] "GET /cormun/servlet/permisogoce?6ffe3a04566eb270e5819bd5b29f0fa25ef2e02f04a1f2097ad90c7ea2b7b87423801c79621fd2adc1214c4db8dbde89f091636572449223db80acb9391602da,gx-no-cache=1528374665294 HTTP/1.1" 200 83
200.112.233.47 - - [07/Jun/2018:09:32:11 -0300] "GET /cormun/static/menuarrow.gif HTTP/1.1" 404 1015
200.112.233.47 - - [07/Jun/2018:09:32:16 -0300] "GET /cormun/servlet/permisogoce?6ffe3a04566eb270e5819bd5b29f0fa20e56240a1681180c0456d4b4138b3fb5d079328d7af504277dad00ddf739df47a7e82ba1130bacf02cf02c69d7f9b2e1,gx-no-cache=1528374674380 HTTP/1.1" 200 47
200.112.233.47 - - [07/Jun/2018:09:32:24 -0300] "POST /cormun/servlet/permisogoce?6fda9b524a261767a3aa31201032290f,INS,0,,,,gx-no-cache=1528374676605 HTTP/1.1" 200 93
200.112.233.47 - - [07/Jun/2018:09:32:24 -0300] "GET /cormun/servlet/hpexe_return? HTTP/1.1" 200 1026
200.112.233.47 - - [07/Jun/2018:09:32:24 -0300] "GET /cormun/servlet/trpermisosgoce?gx-no-cache=1528374613061 HTTP/1.1" 200 10316
200.112.233.47 - - [07/Jun/2018:09:32:25 -0300] "GET /cormun/servlet/trpermisosgoce?gx-no-cache=1528374613061 HTTP/1.1" 200 10332
200.112.233.47 - - [07/Jun/2018:09:32:31 -0300] "GET /cormun/servlet/trpermisosadjuntos?18646578,20180607082811,P, HTTP/1.1" 200 6564
200.112.233.47 - - [07/Jun/2018:09:32:35 -0300] "GET /cormun/servlet/trpermisosadjuntos?18646578,20180607082811,P, HTTP/1.1" 200 6544
200.112.233.47 - - [07/Jun/2018:09:32:38 -0300] "GET /cormun/servlet/permisosadjuntos?INS,18646578,P,20180607082811,, HTTP/1.1" 200 5873
200.112.233.47 - - [07/Jun/2018:09:32:39 -0300] "GET /cormun/static/about:blank HTTP/1.1" 404 1011
200.112.233.47 - - [07/Jun/2018:09:32:39 -0300] "GET /cormun/servlet/permisosadjuntos?INS,18646578,P,20180607082811,, HTTP/1.1" 200 5863
200.112.233.47 - - [07/Jun/2018:09:32:52 -0300] "POST /cormun/servlet/permisosadjuntos?6fda9b524a261767a3aa31201032290f,INS,18646578,P,20180607082811,, HTTP/1.1" 200 116
200.112.233.47 - - [07/Jun/2018:09:32:52 -0300] "GET /cormun/servlet/hpexe_return? HTTP/1.1" 200 1034
200.112.233.47 - - [07/Jun/2018:09:32:54 -0300] "GET /cormun/servlet/trpermisosadjuntos?18646578,20180607082811,P, HTTP/1.1" 200 7051
200.112.233.47 - - [07/Jun/2018:09:32:54 -0300] "GET /cormun/servlet/trpermisosadjuntos?18646578,20180607082811,P, HTTP/1.1" 200 7048
200.112.233.47 - - [07/Jun/2018:09:32:58 -0300] "POST /cormun/servlet/trpermisosadjuntos?6fda9b524a261767a3aa31201032290f,18646578,20180607082811,P,,gx-no-cache=1528374715806 HTTP/1.1" 200 90
200.112.233.47 - - [07/Jun/2018:09:32:58 -0300] "GET /cormun/servlet/hpexe_link HTTP/1.1" 200 1000
200.112.233.47 - - [07/Jun/2018:09:32:59 -0300] "GET /cormun/servlet/trpermisosgoce?gx-no-cache=1528374613061 HTTP/1.1" 200 10313
200.112.233.47 - - [07/Jun/2018:09:32:59 -0300] "GET /cormun/servlet/trpermisosgoce?gx-no-cache=1528374613061 HTTP/1.1" 200 10332
200.112.233.47 - - [07/Jun/2018:09:33:09 -0300] "POST /cormun/servlet/trpermisosgoce?6fda9b524a261767a3aa31201032290f,gx-no-cache=1528374613061,gx-no-cache=1528374720126 HTTP/1.1" 200 7469
200.112.233.47 - - [07/Jun/2018:09:33:09 -0300] "GET /cormun/static/Shared/jqueryui/images/ui-bg_highlight-soft_100_c6c2c8_1x100.png HTTP/1.1" 404 1117
200.112.233.47 - - [07/Jun/2018:09:33:09 -0300] "GET /cormun/static/Shared/jqueryui/images/ui-icons_82798d_256x240.png HTTP/1.1" 404 1089
200.112.233.47 - - [07/Jun/2018:09:33:09 -0300] "GET /cormun/static/Shared/jqueryui/images/ui-bg_flat_55_fafafa_40x100.png HTTP/1.1" 404 1097
200.112.233.47 - - [07/Jun/2018:09:33:10 -0300] "GET /cormun/static/Shared/jqueryui/images/ui-icons_8d78a5_256x240.png HTTP/1.1" 404 1089
200.112.233.47 - - [07/Jun/2018:09:33:15 -0300] "GET /cormun/servlet/permisogoce?INS,0,,, HTTP/1.1" 200 7114
200.112.233.47 - - [07/Jun/2018:09:33:16 -0300] "GET /cormun/servlet/permisogoce?INS,0,,, HTTP/1.1" 200 7092
200.112.233.47 - - [07/Jun/2018:09:33:20 -0300] "GET /cormun/servlet/prfichaempleado?,MD,,gxPopupLevel%3D0%3B HTTP/1.1" 200 9400
192.168.10.96 - - [07/Jun/2018:09:33:23 -0300] "GET /cormun/servlet/trsolicitudgral? HTTP/1.1" 500 10
192.168.10.96 - - [07/Jun/2018:09:33:26 -0300] "GET /cormun/servlet/hlogin HTTP/1.1" 200 1715
192.168.10.96 - - [07/Jun/2018:09:33:26 -0300] "GET /cormun/servlet/hlogin HTTP/1.1" 200 1715
192.168.10.96 - - [07/Jun/2018:09:33:31 -0300] "POST /cormun/servlet/hlogin?1f0a67261bcd54ea0dd094afd6710ee5,gx-no-cache=1528374613976 HTTP/1.1" 200 90
192.168.10.96 - - [07/Jun/2018:09:33:32 -0300] "GET /cormun/servlet/hpexe_link HTTP/1.1" 200 945
192.168.10.96 - - [07/Jun/2018:09:33:32 -0300] "GET /cormun/servlet/hhome HTTP/1.1" 200 4706
192.168.10.96 - - [07/Jun/2018:09:33:32 -0300] "GET /cormun/static/Resources/Spanish/PXTools.css?11423723 HTTP/1.1" 200 89042
192.168.10.96 - - [07/Jun/2018:09:33:32 -0300] "GET /cormun/servlet/hhome HTTP/1.1" 200 4702
192.168.10.96 - - [07/Jun/2018:09:33:35 -0300] "GET /cormun/servlet/trsolicitudgral? HTTP/1.1" 200 23812
192.168.10.96 - - [07/Jun/2018:09:33:36 -0300] "GET /cormun/servlet/trsolicitudgral? HTTP/1.1" 200 23809
200.112.233.47 - - [07/Jun/2018:09:33:44 -0300] "POST /cormun/servlet/prfichaempleado?6fda9b524a261767a3aa31201032290f,,MD,,gxPopupLevel%3D0%3B,gx-no-cache=1528374747900 HTTP/1.1" 200 3430
200.112.233.47 - - [07/Jun/2018:09:33:51 -0300] "GET /cormun/servlet/permisogoce?6ffe3a04566eb270e5819bd5b29f0fa289b6c933ba8ad68a8fdb085bead4342423801c79621fd2adc1214c4db8dbde89f091636572449223db80acb9391602da,gx-no-cache=1528374768448 HTTP/1.1" 200 84
192.168.10.58 - - [07/Jun/2018:09:33:51 -0300] "POST /cormun/servlet/trsolicitudgral?0c5a20b3cde3b356c4238b92cea72047,,gx-no-cache=1528374632932 HTTP/1.1" 200 20000
192.168.10.96 - - [07/Jun/2018:09:33:51 -0300] "POST /cormun/servlet/trsolicitudgral?1f0a67261bcd54ea0dd094afd6710ee5,,gx-no-cache=1528374633772 HTTP/1.1" 200 7273
192.168.10.58 - - [07/Jun/2018:09:33:53 -0300] "POST /cormun/servlet/trsolicitudgral?0c5a20b3cde3b356c4238b92cea72047,,gx-no-cache=1528374634928 HTTP/1.1" 200 20000
200.112.233.47 - - [07/Jun/2018:09:33:58 -0300] "GET /cormun/static/menuarrow.gif HTTP/1.1" 404 1015
192.168.10.96 - - [07/Jun/2018:09:34:08 -0300] "GET /cormun/servlet/vesolicitudgral?2018,11469,, HTTP/1.1" 200 9238
192.168.10.96 - - [07/Jun/2018:09:34:08 -0300] "GET /cormun/pexe_scrolldiv.js HTTP/1.1" 404 1009
192.168.10.96 - - [07/Jun/2018:09:34:08 -0300] "GET /cormun/pexe_scrolldiv.js HTTP/1.1" 404 1009
192.168.10.96 - - [07/Jun/2018:09:34:09 -0300] "GET /cormun/servlet/vesolicitudgral?2018,11469,, HTTP/1.1" 200 9237
200.112.233.47 - - [07/Jun/2018:09:34:11 -0300] "GET /cormun/servlet/permisogoce?6ffe3a04566eb270e5819bd5b29f0fa2ff7012ee4030e6a625a5b85b2206e88eb51b5aad23a8ff858f8460c6b132a0b1a7e82ba1130bacf02cf02c69d7f9b2e1,gx-no-cache=1528374788542 HTTP/1.1" 200 47
192.168.10.96 - - [07/Jun/2018:09:34:13 -0300] "GET /cormun/servlet/vesolicitudgral?2018,11469,,SolicitudOTAdjuntos HTTP/1.1" 200 7965
192.168.10.96 - - [07/Jun/2018:09:34:13 -0300] "GET /cormun/pexe_scrolldiv.js HTTP/1.1" 404 1009
192.168.10.96 - - [07/Jun/2018:09:34:13 -0300] "GET /cormun/pexe_scrolldiv.js HTTP/1.1" 404 1009
192.168.10.96 - - [07/Jun/2018:09:34:13 -0300] "GET /cormun/servlet/vesolicitudgral?2018,11469,,SolicitudOTAdjuntos HTTP/1.1" 200 7965
192.168.10.96 - - [07/Jun/2018:09:34:14 -0300] "POST /cormun/servlet/acontrolpreferencessavestate?None,DZAMUDIO,true HTTP/1.1" 200 35
200.112.233.47 - - [07/Jun/2018:09:34:17 -0300] "POST /cormun/servlet/permisogoce?6fda9b524a261767a3aa31201032290f,INS,0,,,,gx-no-cache=1528374790580 HTTP/1.1" 200 93
200.112.233.47 - - [07/Jun/2018:09:34:17 -0300] "GET /cormun/servlet/hpexe_return? HTTP/1.1" 200 1026
200.112.233.47 - - [07/Jun/2018:09:34:17 -0300] "GET /cormun/servlet/trpermisosgoce?gx-no-cache=1528374613061 HTTP/1.1" 200 10584
200.112.233.47 - - [07/Jun/2018:09:34:19 -0300] "GET /cormun/servlet/trpermisosgoce?gx-no-cache=1528374613061 HTTP/1.1" 200 10600
200.54.247.70 - - [07/Jun/2018:09:34:20 -0300] "POST /cormun/servlet/solicitudot?7f2d3ad1c1d4c354437b2457dfff4738,INS,0,0,,gx-no-cache=1528374798016 HTTP/1.1" 200 10600
200.54.247.70 - - [07/Jun/2018:09:34:20 -0300] "GET /cormun/static/Shared/jqueryui/images/ui-bg_flat_55_fafafa_40x100.png HTTP/1.1" 404 1097
200.54.247.70 - - [07/Jun/2018:09:34:20 -0300] "GET /cormun/static/Shared/jqueryui/images/ui-icons_8d78a5_256x240.png HTTP/1.1" 404 1089
200.54.247.70 - - [07/Jun/2018:09:34:22 -0300] "GET /cormun/servlet/solicitudot?80709d77cc418fb7b226b3a2f190a1762d44d3d62d20029e2a04599059983a9f8f865700b4b4a054cc347247f24ad6ee9bc1c7a4432fcabd0879c5cef1be7d1a,gx-no-cache=1528374800530 HTTP/1.1" 200 30
200.54.247.70 - - [07/Jun/2018:09:34:22 -0300] "GET /cormun/servlet/solicitudot?80709d77cc418fb7b226b3a2f190a176c3aa0d3ddc5d7bfa105ec9b9d5d286d0,gx-no-cache=1528374800567 HTTP/1.1" 200 29
200.54.247.70 - - [07/Jun/2018:09:34:24 -0300] "POST /cormun/servlet/solicitudot?gx-no-cache=1528374802050 HTTP/1.1" 200 240
200.54.247.70 - - [07/Jun/2018:09:34:25 -0300] "GET /cormun/servlet/solicitudot?80709d77cc418fb7b226b3a2f190a176af3f321492ce69d67fbcb6d44d76043fc720c103bf3344cdf2284c1a912ee3dbc0e5d8af9980875e571578a6aa8610d0aec7d4a783467ce492f2c91a54e0e3b4d8b068ee2139343d57e4b9071fecc60c2fa56033e197764307e90dd5f17515e114f6a5704b73e7d1cc5a028ab6a5ec6a94ad36b892db1fa189e03a4778069da653f7daf0883491148bb936039dbffa2d3394e2359c0221db48113caf4cf102164e193be69ea740436be33cf2b21995382d2b1690b9cca2868cc47e35138baf6e39aeba5a1c44394d17a313768195f4042f48ae297459f5121b2521d2ead3a29e11bc4698a095b8b5e7c26bd2750affea089f9e92eb889c52f9b633d95463498051d318d591753756ac9915d7c8af9629cee72f48f668a7de09e7830ca49844cbb4cbfd2cdd8c7b0b9946abe06367b6d033c07e9c099284ac0a6a3de559188b73d4c0b7ace6639084fb3cd5cb5585616d8cef5efad02b3cdc0cfbd544d1ba081752f1d9a76f95e61e645ba6d1f1939d81,gx-no-cache=1528374803733 HTTP/1.1" 200 30
192.168.10.58 - - [07/Jun/2018:09:34:26 -0300] "POST /cormun/servlet/trsolicitudgral?0c5a20b3cde3b356c4238b92cea72047,,gx-no-cache=1528374667869 HTTP/1.1" 200 18972
192.168.10.58 - - [07/Jun/2018:09:34:26 -0300] "GET /cormun/static/Shared/jqueryui/images/ui-icons_82798d_256x240.png HTTP/1.1" 404 1089
192.168.10.58 - - [07/Jun/2018:09:34:26 -0300] "GET /cormun/static/Shared/jqueryui/images/ui-bg_highlight-soft_100_c6c2c8_1x100.png HTTP/1.1" 404 1117
192.168.10.58 - - [07/Jun/2018:09:34:26 -0300] "GET /cormun/static/Shared/jqueryui/images/ui-bg_flat_55_fafafa_40x100.png HTTP/1.1" 404 1097
192.168.10.58 - - [07/Jun/2018:09:34:26 -0300] "GET /cormun/static/Shared/jqueryui/images/ui-icons_8d78a5_256x240.png HTTP/1.1" 404 1089
200.112.233.47 - - [07/Jun/2018:09:34:27 -0300] "GET /cormun/servlet/trpermisosadjuntos?14197061,20180607082958,P, HTTP/1.1" 200 6566
200.112.233.47 - - [07/Jun/2018:09:34:28 -0300] "GET /cormun/servlet/trpermisosadjuntos?14197061,20180607082958,P, HTTP/1.1" 200 6547
200.54.247.70 - - [07/Jun/2018:09:34:30 -0300] "POST /cormun/servlet/solicitudot?gx-no-cache=1528374808547 HTTP/1.1" 200 30
200.112.233.47 - - [07/Jun/2018:09:34:31 -0300] "GET /cormun/servlet/permisosadjuntos?INS,14197061,P,20180607082958,, HTTP/1.1" 200 5877
200.112.233.47 - - [07/Jun/2018:09:34:31 -0300] "GET /cormun/static/about:blank HTTP/1.1" 404 1011
192.168.10.58 - - [07/Jun/2018:09:34:31 -0300] "GET /cormun/servlet/trsolicitudgral? HTTP/1.1" 200 21855
200.112.233.47 - - [07/Jun/2018:09:34:31 -0300] "GET /cormun/servlet/permisosadjuntos?INS,14197061,P,20180607082958,, HTTP/1.1" 200 5867
192.168.10.58 - - [07/Jun/2018:09:34:32 -0300] "GET /cormun/servlet/trsolicitudgral? HTTP/1.1" 200 21855
192.168.10.58 - - [07/Jun/2018:09:34:37 -0300] "GET /cormun/servlet/trautorizarot? HTTP/1.1" 200 17388
192.168.10.58 - - [07/Jun/2018:09:34:37 -0300] "GET /cormun/servlet/trautorizarot? HTTP/1.1" 200 17387
200.112.233.47 - - [07/Jun/2018:09:34:58 -0300] "POST /cormun/servlet/permisosadjuntos?6fda9b524a261767a3aa31201032290f,INS,14197061,P,20180607082958,, HTTP/1.1" 200 116
200.112.233.47 - - [07/Jun/2018:09:34:58 -0300] "GET /cormun/servlet/hpexe_return? HTTP/1.1" 200 1034
200.112.233.47 - - [07/Jun/2018:09:34:58 -0300] "GET /cormun/servlet/trpermisosadjuntos?14197061,20180607082958,P, HTTP/1.1" 200 7050
200.112.233.47 - - [07/Jun/2018:09:34:59 -0300] "GET /cormun/servlet/trpermisosadjuntos?14197061,20180607082958,P, HTTP/1.1" 200 7047
200.112.233.47 - - [07/Jun/2018:09:35:02 -0300] "POST /cormun/servlet/trpermisosadjuntos?6fda9b524a261767a3aa31201032290f,14197061,20180607082958,P,,gx-no-cache=1528374839138 HTTP/1.1" 200 90
200.112.233.47 - - [07/Jun/2018:09:35:02 -0300] "GET /cormun/servlet/hpexe_link HTTP/1.1" 200 999
200.112.233.47 - - [07/Jun/2018:09:35:06 -0300] "GET /cormun/servlet/trpermisosgoce?gx-no-cache=1528374613061 HTTP/1.1" 200 10581
186.103.159.46 - - [07/Jun/2018:09:35:07 -0300] "GET /cormun/servlet/hlogin HTTP/1.1" 200 1724
200.112.233.47 - - [07/Jun/2018:09:35:07 -0300] "GET /cormun/servlet/trpermisosgoce?gx-no-cache=1528374613061 HTTP/1.1" 200 10600
192.168.10.58 - - [07/Jun/2018:09:35:07 -0300] "POST /cormun/servlet/trautorizarot?0c5a20b3cde3b356c4238b92cea72047,,gx-no-cache=1528374709569 HTTP/1.1" 200 12614
186.103.159.46 - - [07/Jun/2018:09:35:08 -0300] "GET /cormun/servlet/hlogin HTTP/1.1" 200 1732
200.112.233.47 - - [07/Jun/2018:09:35:11 -0300] "POST /cormun/servlet/trpermisosgoce?6fda9b524a261767a3aa31201032290f,gx-no-cache=1528374613061,gx-no-cache=1528374849043 HTTP/1.1" 200 7708
200.112.233.47 - - [07/Jun/2018:09:35:14 -0300] "GET /cormun/static/Shared/jqueryui/images/ui-bg_highlight-soft_100_c6c2c8_1x100.png HTTP/1.1" 404 1117
200.112.233.47 - - [07/Jun/2018:09:35:14 -0300] "GET /cormun/static/Shared/jqueryui/images/ui-icons_8d78a5_256x240.png HTTP/1.1" 404 1089
200.112.233.47 - - [07/Jun/2018:09:35:14 -0300] "GET /cormun/static/Shared/jqueryui/images/ui-icons_82798d_256x240.png HTTP/1.1" 404 1089
200.112.233.47 - - [07/Jun/2018:09:35:14 -0300] "GET /cormun/static/Shared/jqueryui/images/ui-bg_flat_55_fafafa_40x100.png HTTP/1.1" 404 1097
192.168.10.58 - - [07/Jun/2018:09:35:14 -0300] "POST /cormun/servlet/trautorizarot?0c5a20b3cde3b356c4238b92cea72047,,gx-no-cache=1528374716215 HTTP/1.1" 200 11990
200.112.233.47 - - [07/Jun/2018:09:35:20 -0300] "GET /cormun/servlet/permisogoce?INS,0,,, HTTP/1.1" 200 7115
192.168.10.96 - - [07/Jun/2018:09:35:22 -0300] "GET /cormun/servlet/trsolicitudgral? HTTP/1.1" 200 10562
192.168.10.96 - - [07/Jun/2018:09:35:22 -0300] "GET /cormun/servlet/trsolicitudgral? HTTP/1.1" 200 10556
200.112.233.47 - - [07/Jun/2018:09:35:22 -0300] "GET /cormun/servlet/permisogoce?INS,0,,, HTTP/1.1" 200 7093
200.112.233.47 - - [07/Jun/2018:09:35:26 -0300] "GET /cormun/servlet/prfichaempleado?,MD,,gxPopupLevel%3D0%3B HTTP/1.1" 200 9400
192.168.10.96 - - [07/Jun/2018:09:35:31 -0300] "POST /cormun/servlet/trsolicitudgral?1f0a67261bcd54ea0dd094afd6710ee5,,gx-no-cache=1528374733569 HTTP/1.1" 200 7285
200.112.233.47 - - [07/Jun/2018:09:35:39 -0300] "POST /cormun/servlet/prfichaempleado?6fda9b524a261767a3aa31201032290f,,MD,,gxPopupLevel%3D0%3B,gx-no-cache=1528374876509 HTTP/1.1" 200 3439
192.168.10.96 - - [07/Jun/2018:09:35:41 -0300] "POST /cormun/servlet/trsolicitudgral?1f0a67261bcd54ea0dd094afd6710ee5,,gx-no-cache=1528374743823 HTTP/1.1" 200 7291
192.168.10.96 - - [07/Jun/2018:09:35:42 -0300] "POST /cormun/servlet/trsolicitudgral?1f0a67261bcd54ea0dd094afd6710ee5,,gx-no-cache=1528374744486 HTTP/1.1" 200 7291
192.168.10.96 - - [07/Jun/2018:09:35:42 -0300] "POST /cormun/servlet/trsolicitudgral?1f0a67261bcd54ea0dd094afd6710ee5,,gx-no-cache=1528374744679 HTTP/1.1" 200 7291
200.112.233.47 - - [07/Jun/2018:09:35:45 -0300] "GET /cormun/servlet/permisogoce?6ffe3a04566eb270e5819bd5b29f0fa2d708f7c7838757c3c098bb27642d6e51a2accb46dfb3b54bc8c66d4fc25d7d41,gx-no-cache=1528374882462 HTTP/1.1" 200 91
192.168.10.96 - - [07/Jun/2018:09:35:48 -0300] "POST /cormun/servlet/trsolicitudgral?1f0a67261bcd54ea0dd094afd6710ee5,,gx-no-cache=1528374750831 HTTP/1.1" 200 7290
192.168.10.96 - - [07/Jun/2018:09:35:49 -0300] "POST /cormun/servlet/trsolicitudgral?1f0a67261bcd54ea0dd094afd6710ee5,,gx-no-cache=1528374751017 HTTP/1.1" 200 7290
192.168.10.96 - - [07/Jun/2018:09:35:49 -0300] "POST /cormun/servlet/trsolicitudgral?1f0a67261bcd54ea0dd094afd6710ee5,,gx-no-cache=1528374751231 HTTP/1.1" 200 7290
192.168.10.96 - - [07/Jun/2018:09:35:49 -0300] "POST /cormun/servlet/trsolicitudgral?1f0a67261bcd54ea0dd094afd6710ee5,,gx-no-cache=1528374751394 HTTP/1.1" 200 7290
192.168.10.96 - - [07/Jun/2018:09:35:49 -0300] "POST /cormun/servlet/trsolicitudgral?1f0a67261bcd54ea0dd094afd6710ee5,,gx-no-cache=1528374751563 HTTP/1.1" 200 7290
192.168.10.96 - - [07/Jun/2018:09:35:54 -0300] "POST /cormun/servlet/trsolicitudgral?1f0a67261bcd54ea0dd094afd6710ee5,,gx-no-cache=1528374756662 HTTP/1.1" 200 5946
200.112.233.47 - - [07/Jun/2018:09:35:55 -0300] "GET /cormun/servlet/permisogoce?6ffe3a04566eb270e5819bd5b29f0fa291d8bd1e21b66b6d719efc208c2f3ee133588332f80a7e0890c5b7768f7ace9ccf41a63fb1cf6e1f0acd02425a5fdf20,gx-no-cache=1528374892460 HTTP/1.1" 200 46
192.168.10.96 - - [07/Jun/2018:09:35:55 -0300] "POST /cormun/servlet/trsolicitudgral?1f0a67261bcd54ea0dd094afd6710ee5,,gx-no-cache=1528374757454 HTTP/1.1" 200 5945
192.168.10.96 - - [07/Jun/2018:09:35:55 -0300] "POST /cormun/servlet/trsolicitudgral?1f0a67261bcd54ea0dd094afd6710ee5,,gx-no-cache=1528374757637 HTTP/1.1" 200 5947
192.168.10.96 - - [07/Jun/2018:09:35:59 -0300] "POST /cormun/servlet/trsolicitudgral?1f0a67261bcd54ea0dd094afd6710ee5,,gx-no-cache=1528374761478 HTTP/1.1" 200 7298
200.112.233.47 - - [07/Jun/2018:09:36:00 -0300] "POST /cormun/servlet/permisogoce?6fda9b524a261767a3aa31201032290f,INS,0,,,,gx-no-cache=1528374895820 HTTP/1.1" 200 93
200.112.233.47 - - [07/Jun/2018:09:36:00 -0300] "GET /cormun/servlet/hpexe_return? HTTP/1.1" 200 1026
200.112.233.47 - - [07/Jun/2018:09:36:01 -0300] "GET /cormun/servlet/trpermisosgoce?gx-no-cache=1528374613061 HTTP/1.1" 200 10832
200.112.233.47 - - [07/Jun/2018:09:36:03 -0300] "GET /cormun/servlet/trpermisosgoce?gx-no-cache=1528374613061 HTTP/1.1" 200 10848
192.168.10.96 - - [07/Jun/2018:09:36:06 -0300] "GET /cormun/servlet/vesolicitudgral?2018,10745,, HTTP/1.1" 200 9253
192.168.10.96 - - [07/Jun/2018:09:36:06 -0300] "GET /cormun/pexe_scrolldiv.js HTTP/1.1" 404 1009
192.168.10.96 - - [07/Jun/2018:09:36:06 -0300] "GET /cormun/pexe_scrolldiv.js HTTP/1.1" 404 1009
192.168.10.96 - - [07/Jun/2018:09:36:07 -0300] "GET /cormun/servlet/vesolicitudgral?2018,10745,, HTTP/1.1" 200 9253
200.112.233.47 - - [07/Jun/2018:09:36:07 -0300] "GET /cormun/servlet/trpermisosadjuntos?8400588,20180607083202,P, HTTP/1.1" 200 6576
192.168.10.96 - - [07/Jun/2018:09:36:08 -0300] "GET /cormun/servlet/vesolicitudgral?2018,10745,,SolicitudOTLog HTTP/1.1" 200 10391
192.168.10.96 - - [07/Jun/2018:09:36:08 -0300] "GET /cormun/pexe_scrolldiv.js HTTP/1.1" 404 1009
192.168.10.96 - - [07/Jun/2018:09:36:08 -0300] "GET /cormun/pexe_scrolldiv.js HTTP/1.1" 404 1009
192.168.10.96 - - [07/Jun/2018:09:36:08 -0300] "GET /cormun/servlet/vesolicitudgral?2018,10745,,SolicitudOTLog HTTP/1.1" 200 10392
192.168.10.96 - - [07/Jun/2018:09:36:09 -0300] "POST /cormun/servlet/acontrolpreferencessavestate?None,DZAMUDIO,true HTTP/1.1" 200 35
200.112.233.47 - - [07/Jun/2018:09:36:10 -0300] "GET /cormun/servlet/trpermisosadjuntos?8400588,20180607083202,P, HTTP/1.1" 200 6556
200.112.233.47 - - [07/Jun/2018:09:36:12 -0300] "GET /cormun/servlet/permisosadjuntos?INS,8400588,P,20180607083202,, HTTP/1.1" 200 5882
200.112.233.47 - - [07/Jun/2018:09:36:12 -0300] "GET /cormun/static/about:blank HTTP/1.1" 404 1011
192.168.10.96 - - [07/Jun/2018:09:36:14 -0300] "GET /cormun/servlet/vesolicitudgral?2018,10745,,SolicitudOTAdjuntos HTTP/1.1" 200 7965
192.168.10.96 - - [07/Jun/2018:09:36:14 -0300] "GET /cormun/pexe_scrolldiv.js HTTP/1.1" 404 1009
192.168.10.96 - - [07/Jun/2018:09:36:14 -0300] "GET /cormun/pexe_scrolldiv.js HTTP/1.1" 404 1009
192.168.10.96 - - [07/Jun/2018:09:36:14 -0300] "GET /cormun/servlet/vesolicitudgral?2018,10745,,SolicitudOTAdjuntos HTTP/1.1" 200 7965
200.112.233.47 - - [07/Jun/2018:09:36:15 -0300] "GET /cormun/servlet/permisosadjuntos?INS,8400588,P,20180607083202,, HTTP/1.1" 200 5871
192.168.10.96 - - [07/Jun/2018:09:36:15 -0300] "POST /cormun/servlet/acontrolpreferencessavestate?None,DZAMUDIO,true HTTP/1.1" 200 35
192.168.10.96 - - [07/Jun/2018:09:36:16 -0300] "GET /cormun/servlet/vesolicitudgral?2018,10745,,General HTTP/1.1" 200 9258
192.168.10.96 - - [07/Jun/2018:09:36:16 -0300] "GET /cormun/pexe_scrolldiv.js HTTP/1.1" 404 1009
192.168.10.96 - - [07/Jun/2018:09:36:16 -0300] "GET /cormun/pexe_scrolldiv.js HTTP/1.1" 404 1009
192.168.10.96 - - [07/Jun/2018:09:36:16 -0300] "GET /cormun/servlet/vesolicitudgral?2018,10745,,General HTTP/1.1" 200 9258
192.168.10.96 - - [07/Jun/2018:09:36:20 -0300] "GET /cormun/servlet/trsolicitudgral? HTTP/1.1" 200 10570
192.168.10.96 - - [07/Jun/2018:09:36:21 -0300] "GET /cormun/servlet/trsolicitudgral? HTTP/1.1" 200 10567
192.168.10.96 - - [07/Jun/2018:09:36:25 -0300] "POST /cormun/servlet/trsolicitudgral?1f0a67261bcd54ea0dd094afd6710ee5,,gx-no-cache=1528374787296 HTTP/1.1" 200 5940
192.168.10.96 - - [07/Jun/2018:09:36:34 -0300] "POST /cormun/servlet/trsolicitudgral?1f0a67261bcd54ea0dd094afd6710ee5,,gx-no-cache=1528374796239 HTTP/1.1" 200 7295
200.112.233.47 - - [07/Jun/2018:09:36:46 -0300] "POST /cormun/servlet/permisosadjuntos?6fda9b524a261767a3aa31201032290f,INS,8400588,P,20180607083202,, HTTP/1.1" 200 116
200.112.233.47 - - [07/Jun/2018:09:36:46 -0300] "GET /cormun/servlet/hpexe_return? HTTP/1.1" 200 1033
200.112.233.47 - - [07/Jun/2018:09:36:47 -0300] "GET /cormun/servlet/trpermisosadjuntos?8400588,20180607083202,P, HTTP/1.1" 200 7054
200.112.233.47 - - [07/Jun/2018:09:36:47 -0300] "GET /cormun/servlet/trpermisosadjuntos?8400588,20180607083202,P, HTTP/1.1" 200 7050
200.112.233.47 - - [07/Jun/2018:09:36:49 -0300] "POST /cormun/servlet/trpermisosadjuntos?6fda9b524a261767a3aa31201032290f,8400588,20180607083202,P,,gx-no-cache=1528374946750 HTTP/1.1" 200 90
200.112.233.47 - - [07/Jun/2018:09:36:49 -0300] "GET /cormun/servlet/hpexe_link HTTP/1.1" 200 999
200.112.233.47 - - [07/Jun/2018:09:36:49 -0300] "GET /cormun/servlet/trpermisosgoce?gx-no-cache=1528374613061 HTTP/1.1" 200 10829
200.112.233.47 - - [07/Jun/2018:09:36:54 -0300] "GET /cormun/servlet/trpermisosgoce?gx-no-cache=1528374613061 HTTP/1.1" 200 10848
200.112.233.47 - - [07/Jun/2018:09:36:59 -0300] "POST /cormun/servlet/trpermisosgoce?6fda9b524a261767a3aa31201032290f,gx-no-cache=1528374613061,gx-no-cache=1528374956518 HTTP/1.1" 200 7937
200.112.233.47 - - [07/Jun/2018:09:37:00 -0300] "GET /cormun/static/Shared/jqueryui/images/ui-bg_highlight-soft_100_c6c2c8_1x100.png HTTP/1.1" 404 1117
200.112.233.47 - - [07/Jun/2018:09:37:00 -0300] "GET /cormun/static/Shared/jqueryui/images/ui-icons_82798d_256x240.png HTTP/1.1" 404 1089
200.112.233.47 - - [07/Jun/2018:09:37:00 -0300] "GET /cormun/static/Shared/jqueryui/images/ui-bg_flat_55_fafafa_40x100.png HTTP/1.1" 404 1097
200.112.233.47 - - [07/Jun/2018:09:37:00 -0300] "GET /cormun/static/Shared/jqueryui/images/ui-icons_8d78a5_256x240.png HTTP/1.1" 404 1089
200.112.233.47 - - [07/Jun/2018:09:37:05 -0300] "GET /cormun/servlet/permisogoce?INS,0,,, HTTP/1.1" 200 7114
200.112.233.47 - - [07/Jun/2018:09:37:15 -0300] "GET /cormun/servlet/permisogoce?INS,0,,, HTTP/1.1" 200 7092
200.112.233.47 - - [07/Jun/2018:09:37:28 -0300] "GET /cormun/servlet/prfichaempleado?,MD,,gxPopupLevel%3D0%3B HTTP/1.1" 200 9400
200.112.233.47 - - [07/Jun/2018:09:37:35 -0300] "POST /cormun/servlet/prfichaempleado?6fda9b524a261767a3aa31201032290f,,MD,,gxPopupLevel%3D0%3B,gx-no-cache=1528374992670 HTTP/1.1" 200 3403
200.112.233.47 - - [07/Jun/2018:09:37:39 -0300] "GET /cormun/servlet/permisogoce?6ffe3a04566eb270e5819bd5b29f0fa23568c9768827066635b9a107f08ce1f223801c79621fd2adc1214c4db8dbde89f091636572449223db80acb9391602da,gx-no-cache=1528374996564 HTTP/1.1" 200 169
200.112.233.47 - - [07/Jun/2018:09:37:39 -0300] "GET /cormun/static/Shared/jqueryui/images/ui-bg_highlight-soft_100_c6c2c8_1x100.png HTTP/1.1" 404 1117
200.112.233.47 - - [07/Jun/2018:09:37:39 -0300] "GET /cormun/static/Shared/jqueryui/images/ui-icons_82798d_256x240.png HTTP/1.1" 404 1089
200.112.233.47 - - [07/Jun/2018:09:37:39 -0300] "GET /cormun/static/Shared/jqueryui/images/ui-bg_flat_55_994d53_40x100.png HTTP/1.1" 404 1097
200.112.233.47 - - [07/Jun/2018:09:37:39 -0300] "GET /cormun/static/Shared/jqueryui/images/ui-icons_ebccce_256x240.png HTTP/1.1" 404 1089
200.112.233.47 - - [07/Jun/2018:09:37:46 -0300] "GET /cormun/servlet/permisogoce?6ffe3a04566eb270e5819bd5b29f0fa2207bb5a7f56fa8c9eb0192f744c75248c8aa86423bf1eb07f9d4f78fc9780cd7a7e82ba1130bacf02cf02c69d7f9b2e1,gx-no-cache=1528375004188 HTTP/1.1" 200 46
200.112.233.47 - - [07/Jun/2018:09:37:55 -0300] "POST /cormun/servlet/permisogoce?6fda9b524a261767a3aa31201032290f,INS,0,,,,gx-no-cache=1528375013093 HTTP/1.1" 200 4590
200.54.247.70 - - [07/Jun/2018:09:38:10 -0300] "POST /cormun/servlet/solicitudot?gx-no-cache=1528375028552 HTTP/1.1" 200 1368
200.54.247.70 - - [07/Jun/2018:09:38:15 -0300] "POST /cormun/servlet/solicitudot?gx-no-cache=1528375032939 HTTP/1.1" 200 117
200.112.233.47 - - [07/Jun/2018:09:38:15 -0300] "GET /cormun/servlet/prfichaempleado?,MD,,gxPopupLevel%3D0%3B HTTP/1.1" 200 9400
200.54.247.70 - - [07/Jun/2018:09:38:21 -0300] "GET /cormun/static/menuarrow.gif HTTP/1.1" 404 1015
200.112.233.47 - - [07/Jun/2018:09:38:27 -0300] "POST /cormun/servlet/prfichaempleado?6fda9b524a261767a3aa31201032290f,,MD,,gxPopupLevel%3D0%3B,gx-no-cache=1528375042197 HTTP/1.1" 200 3403
200.112.233.47 - - [07/Jun/2018:09:38:31 -0300] "GET /cormun/servlet/permisogoce?6ffe3a04566eb270e5819bd5b29f0fa23568c9768827066635b9a107f08ce1f26a513172628f4088d09f89a48ef225f88780302a9cac3e0d65b375157a5595ca50134090c63fc70118049ccfe7cf2f8a7c19a6ffba5b723b48c53d01388d2d1e1fe4382ef6d0597acab6153c86f20b737c19a6ffba5b723b48c53d01388d2d1e8780302a9cac3e0d65b375157a5595ca50134090c63fc70118049ccfe7cf2f8a4d5589dfbdd15eaeb690d7c107a86dccce92f198a6497785897325e7513f39dd50e18773aa824232da3ae013f94b41f37f2308c47eafd47e53537b569a020b49,gx-no-cache=1528375048862 HTTP/1.1" 200 169
200.112.233.47 - - [07/Jun/2018:09:38:33 -0300] "GET /cormun/servlet/permisogoce?6ffe3a04566eb270e5819bd5b29f0fa2207bb5a7f56fa8c9eb0192f744c752487afe7ee7ca41b243729f1a3352c03803dc7f7cfaaaa19c328e609552b931ce27,gx-no-cache=1528375050762 HTTP/1.1" 200 46
200.112.233.47 - - [07/Jun/2018:09:39:24 -0300] "POST /cormun/servlet/permisogoce?6fda9b524a261767a3aa31201032290f,INS,0,,,,gx-no-cache=1528375090885 HTTP/1.1" 200 90
200.112.233.47 - - [07/Jun/2018:09:39:24 -0300] "GET /cormun/servlet/hpexe_link HTTP/1.1" 200 981
200.112.233.47 - - [07/Jun/2018:09:39:24 -0300] "GET /cormun/servlet/trpermisosgoce?gx-no-cache=1528374613061 HTTP/1.1" 200 10746
200.112.233.47 - - [07/Jun/2018:09:39:28 -0300] "GET /cormun/servlet/trpermisosgoce?gx-no-cache=1528374613061 HTTP/1.1" 200 10764
200.112.233.47 - - [07/Jun/2018:09:39:28 -0300] "GET /cormun/servlet/permisogoce?INS,0,,, HTTP/1.1" 200 7195
200.112.233.47 - - [07/Jun/2018:09:39:28 -0300] "GET /cormun/servlet/permisogoce?INS,0,,, HTTP/1.1" 200 7094
200.112.233.47 - - [07/Jun/2018:09:39:32 -0300] "GET /cormun/servlet/prfichaempleado?,MD,,gxPopupLevel%3D0%3B HTTP/1.1" 200 9400
200.54.247.70 - - [07/Jun/2018:09:39:33 -0300] "GET /cormun/servlet/hlogin HTTP/1.1" 200 1722
200.54.247.70 - - [07/Jun/2018:09:39:33 -0300] "GET /cormun/static/gxcfg.js?20175251213516 HTTP/1.1" 304 -
200.54.247.70 - - [07/Jun/2018:09:39:33 -0300] "GET /cormun/static/Resources/ComunLogin.png HTTP/1.1" 304 -
200.54.247.70 - - [07/Jun/2018:09:39:33 -0300] "GET /cormun/static/gxtimezone.js?85251 HTTP/1.1" 304 -
200.54.247.70 - - [07/Jun/2018:09:39:33 -0300] "GET /cormun/static/gxgral.js?85251 HTTP/1.1" 304 -
200.54.247.70 - - [07/Jun/2018:09:39:33 -0300] "GET /cormun/static/Resources/Spanish/PXTools.css?11423723 HTTP/1.1" 304 -
200.54.247.70 - - [07/Jun/2018:09:39:33 -0300] "GET /cormun/static/Resources/PXToolsLoginTop.png HTTP/1.1" 304 -
200.54.247.70 - - [07/Jun/2018:09:39:33 -0300] "GET /cormun/static/Resources/PXToolsLoginBackground.png HTTP/1.1" 304 -
200.54.247.70 - - [07/Jun/2018:09:39:36 -0300] "GET /cormun/static/messages.spa.js?85251 HTTP/1.1" 304 -
200.54.247.70 - - [07/Jun/2018:09:39:36 -0300] "GET /cormun/static/hlogin.js?20175251213537 HTTP/1.1" 304 -
200.54.247.70 - - [07/Jun/2018:09:39:36 -0300] "GET /cormun/static/Resources/PXToolsButtonRight21.png HTTP/1.1" 304 -
200.54.247.70 - - [07/Jun/2018:09:39:36 -0300] "GET /cormun/static/Resources/PXToolsButtonLeft21.png HTTP/1.1" 304 -
200.54.247.70 - - [07/Jun/2018:09:39:36 -0300] "GET /cormun/static/Resources/PXToolsButtonBackground2.png HTTP/1.1" 304 -
200.54.247.70 - - [07/Jun/2018:09:39:36 -0300] "GET /cormun/static/Resources/PXToolsLoginBottom.png HTTP/1.1" 304 -
200.54.247.70 - - [07/Jun/2018:09:39:36 -0300] "GET /cormun/servlet/hlogin HTTP/1.1" 200 1732
200.54.247.70 - - [07/Jun/2018:09:39:36 -0300] "GET /cormun/static/Resources/indicator.gif HTTP/1.1" 304 -
200.112.233.47 - - [07/Jun/2018:09:39:42 -0300] "POST /cormun/servlet/prfichaempleado?6fda9b524a261767a3aa31201032290f,,MD,,gxPopupLevel%3D0%3B,gx-no-cache=1528375119910 HTTP/1.1" 200 3196
200.54.247.70 - - [07/Jun/2018:09:39:44 -0300] "POST /cormun/servlet/hlogin?d7c612a6f6a18891cababc07319907fd,gx-no-cache=1528375121973 HTTP/1.1" 200 90
200.54.247.70 - - [07/Jun/2018:09:39:44 -0300] "GET /cormun/servlet/hpexe_link HTTP/1.1" 200 951
200.54.247.70 - - [07/Jun/2018:09:39:44 -0300] "GET /cormun/servlet/hhome HTTP/1.1" 200 4234
200.54.247.70 - - [07/Jun/2018:09:39:55 -0300] "GET /cormun/servlet/trlicencias? HTTP/1.1" 200 16551
200.112.233.47 - - [07/Jun/2018:09:39:57 -0300] "POST /cormun/servlet/prfichaempleado?6fda9b524a261767a3aa31201032290f,,MD,,gxPopupLevel%3D0%3B,gx-no-cache=1528375134987 HTTP/1.1" 200 3488
200.54.247.70 - - [07/Jun/2018:09:40:06 -0300] "POST /cormun/servlet/trlicencias?d7c612a6f6a18891cababc07319907fd,,gx-no-cache=1528375143522 HTTP/1.1" 200 5590
200.112.233.47 - - [07/Jun/2018:09:40:21 -0300] "GET /cormun/servlet/permisogoce?6ffe3a04566eb270e5819bd5b29f0fa27468299f6a7455db3ad1e52264393d6ba2accb46dfb3b54bc8c66d4fc25d7d41,gx-no-cache=1528375158990 HTTP/1.1" 200 75
200.112.233.47 - - [07/Jun/2018:09:40:34 -0300] "GET /cormun/servlet/permisogoce?6ffe3a04566eb270e5819bd5b29f0fa2cf99282021f24b5d65449085c707df16421502f9b9446d9b8e83e7c5f6e472f7cf41a63fb1cf6e1f0acd02425a5fdf20,gx-no-cache=1528375171611 HTTP/1.1" 200 44
200.112.233.47 - - [07/Jun/2018:09:40:36 -0300] "POST /cormun/servlet/permisogoce?6fda9b524a261767a3aa31201032290f,INS,0,,,,gx-no-cache=1528375173876 HTTP/1.1" 200 93
200.112.233.47 - - [07/Jun/2018:09:40:37 -0300] "GET /cormun/servlet/hpexe_return? HTTP/1.1" 200 1026
200.112.233.47 - - [07/Jun/2018:09:40:37 -0300] "GET /cormun/servlet/trpermisosgoce?gx-no-cache=1528374613061 HTTP/1.1" 200 11011
200.112.233.47 - - [07/Jun/2018:09:40:40 -0300] "GET /cormun/servlet/trpermisosgoce?gx-no-cache=1528374613061 HTTP/1.1" 200 11028
200.54.247.70 - - [07/Jun/2018:09:40:51 -0300] "POST /cormun/servlet/solicitudot?gx-no-cache=1528375189164 HTTP/1.1" 200 41
200.112.233.47 - - [07/Jun/2018:09:40:54 -0300] "GET /cormun/servlet/trpermisosadjuntos?7211375,20180607083610,P, HTTP/1.1" 200 6559
200.112.233.47 - - [07/Jun/2018:09:40:55 -0300] "GET /cormun/servlet/trpermisosadjuntos?7211375,20180607083610,P, HTTP/1.1" 200 6538
200.112.233.47 - - [07/Jun/2018:09:40:57 -0300] "GET /cormun/servlet/permisosadjuntos?INS,7211375,P,20180607083610,, HTTP/1.1" 200 5867
200.112.233.47 - - [07/Jun/2018:09:40:59 -0300] "GET /cormun/servlet/permisosadjuntos?INS,7211375,P,20180607083610,, HTTP/1.1" 200 5858
200.112.233.47 - - [07/Jun/2018:09:41:00 -0300] "GET /cormun/static/about:blank HTTP/1.1" 404 1011
200.112.233.47 - - [07/Jun/2018:09:41:31 -0300] "POST /cormun/servlet/permisosadjuntos?6fda9b524a261767a3aa31201032290f,INS,7211375,P,20180607083610,, HTTP/1.1" 200 116
200.112.233.47 - - [07/Jun/2018:09:41:31 -0300] "GET /cormun/servlet/hpexe_return? HTTP/1.1" 200 1033
200.112.233.47 - - [07/Jun/2018:09:41:32 -0300] "GET /cormun/servlet/trpermisosadjuntos?7211375,20180607083610,P, HTTP/1.1" 200 7037
200.112.233.47 - - [07/Jun/2018:09:41:36 -0300] "GET /cormun/servlet/trpermisosadjuntos?7211375,20180607083610,P, HTTP/1.1" 200 7033
200.112.233.47 - - [07/Jun/2018:09:41:39 -0300] "POST /cormun/servlet/trpermisosadjuntos?6fda9b524a261767a3aa31201032290f,7211375,20180607083610,P,,gx-no-cache=1528375236173 HTTP/1.1" 200 90
200.112.233.47 - - [07/Jun/2018:09:41:39 -0300] "GET /cormun/servlet/hpexe_link HTTP/1.1" 200 999
200.112.233.47 - - [07/Jun/2018:09:41:39 -0300] "GET /cormun/servlet/trpermisosgoce?gx-no-cache=1528374613061 HTTP/1.1" 200 11008
200.112.233.47 - - [07/Jun/2018:09:41:41 -0300] "GET /cormun/servlet/trpermisosgoce?gx-no-cache=1528374613061 HTTP/1.1" 200 11028
200.54.247.70 - - [07/Jun/2018:09:41:49 -0300] "GET /cormun/servlet/solicitudot?80709d77cc418fb7b226b3a2f190a176dd9af774068d7ae04c50cb6299e37347c425f9140cfdfc561919bf7626c3d685b92f5f6afee5281c26ad6110a33e50f26bd117d847588fe37c268bf20fe17dd54b718bf9be6c365419a1e7d6308a5701deeb38d686524b89466190c16ed67f5c,gx-no-cache=1528375247267 HTTP/1.1" 200 29
200.54.247.70 - - [07/Jun/2018:09:41:49 -0300] "POST /cormun/servlet/solicitudot?gx-no-cache=1528375247316 HTTP/1.1" 200 1351
200.54.247.70 - - [07/Jun/2018:09:41:49 -0300] "POST /cormun/servlet/solicitudot?gx-no-cache=1528375247375 HTTP/1.1" 200 1249
200.112.233.47 - - [07/Jun/2018:09:41:50 -0300] "POST /cormun/servlet/trpermisosgoce?6fda9b524a261767a3aa31201032290f,gx-no-cache=1528374613061,gx-no-cache=1528375242453 HTTP/1.1" 200 8148
200.112.233.47 - - [07/Jun/2018:09:41:50 -0300] "GET /cormun/static/Shared/jqueryui/images/ui-bg_highlight-soft_100_c6c2c8_1x100.png HTTP/1.1" 404 1117
200.112.233.47 - - [07/Jun/2018:09:41:51 -0300] "GET /cormun/static/Shared/jqueryui/images/ui-icons_82798d_256x240.png HTTP/1.1" 404 1089
200.112.233.47 - - [07/Jun/2018:09:41:51 -0300] "GET /cormun/static/Shared/jqueryui/images/ui-bg_flat_55_fafafa_40x100.png HTTP/1.1" 404 1097
200.112.233.47 - - [07/Jun/2018:09:41:51 -0300] "GET /cormun/static/Shared/jqueryui/images/ui-icons_8d78a5_256x240.png HTTP/1.1" 404 1089
200.112.233.47 - - [07/Jun/2018:09:41:55 -0300] "GET /cormun/servlet/permisogoce?INS,0,,, HTTP/1.1" 200 7114
200.54.247.70 - - [07/Jun/2018:09:42:00 -0300] "POST /cormun/servlet/solicitudot?gx-no-cache=1528375257828 HTTP/1.1" 200 1351
200.112.233.47 - - [07/Jun/2018:09:42:08 -0300] "GET /cormun/servlet/permisogoce?INS,0,,, HTTP/1.1" 200 7094
200.54.247.70 - - [07/Jun/2018:09:42:08 -0300] "POST /cormun/servlet/solicitudot?gx-no-cache=1528375266722 HTTP/1.1" 200 1249
200.112.233.47 - - [07/Jun/2018:09:42:14 -0300] "GET /cormun/servlet/prfichaempleado?,MD,,gxPopupLevel%3D0%3B HTTP/1.1" 200 9400
200.112.233.47 - - [07/Jun/2018:09:42:27 -0300] "POST /cormun/servlet/prfichaempleado?6fda9b524a261767a3aa31201032290f,,MD,,gxPopupLevel%3D0%3B,gx-no-cache=1528375284436 HTTP/1.1" 200 3434
200.54.247.70 - - [07/Jun/2018:09:42:29 -0300] "POST /cormun/servlet/solicitudot?gx-no-cache=1528375287184 HTTP/1.1" 200 1351
200.54.247.70 - - [07/Jun/2018:09:42:29 -0300] "POST /cormun/servlet/solicitudot?gx-no-cache=1528375287505 HTTP/1.1" 200 1249
200.54.247.70 - - [07/Jun/2018:09:42:29 -0300] "GET /cormun/servlet/solicitudot?80709d77cc418fb7b226b3a2f190a176d7e40aad449c997648ba66be511d9ef17c0a9ab8cea96e1e49cef778ba235cef,gx-no-cache=1528375287559 HTTP/1.1" 200 30
200.54.247.70 - - [07/Jun/2018:09:42:30 -0300] "POST /cormun/servlet/solicitudot?gx-no-cache=1528375288636 HTTP/1.1" 200 34
192.168.10.58 - - [07/Jun/2018:09:42:44 -0300] "GET /cormun/servlet/trautorizarot? HTTP/1.1" 200 15038
200.54.247.70 - - [07/Jun/2018:09:42:44 -0300] "GET /cormun/servlet/licenciaspermisos?DSP,17117969,L,20180511000000, HTTP/1.1" 200 7384
200.54.247.70 - - [07/Jun/2018:09:42:44 -0300] "GET /cormun/static/gxcfg.js?201762917281167 HTTP/1.1" 200 953
200.54.247.70 - - [07/Jun/2018:09:42:44 -0300] "GET /cormun/static/Resources/prompt.gif HTTP/1.1" 200 902
192.168.10.58 - - [07/Jun/2018:09:42:44 -0300] "GET /cormun/servlet/trautorizarot? HTTP/1.1" 200 15038
200.54.247.70 - - [07/Jun/2018:09:42:44 -0300] "GET /cormun/static/licenciaspermisos.js?201762917281260 HTTP/1.1" 200 37491
200.112.233.47 - - [07/Jun/2018:09:42:52 -0300] "POST /cormun/servlet/prfichaempleado?6fda9b524a261767a3aa31201032290f,,MD,,gxPopupLevel%3D0%3B,gx-no-cache=1528375310026 HTTP/1.1" 200 3190
200.54.247.70 - - [07/Jun/2018:09:42:53 -0300] "GET /cormun/servlet/trlicencias? HTTP/1.1" 200 8378
192.168.10.58 - - [07/Jun/2018:09:42:58 -0300] "POST /cormun/servlet/trautorizarot?0c5a20b3cde3b356c4238b92cea72047,,gx-no-cache=1528375180262 HTTP/1.1" 200 11983
192.168.10.58 - - [07/Jun/2018:09:43:10 -0300] "GET /cormun/servlet/trsolicitudgral? HTTP/1.1" 200 21856
192.168.10.58 - - [07/Jun/2018:09:43:11 -0300] "GET /cormun/servlet/trsolicitudgral? HTTP/1.1" 200 21855
200.112.233.47 - - [07/Jun/2018:09:43:19 -0300] "POST /cormun/servlet/prfichaempleado?6fda9b524a261767a3aa31201032290f,,MD,,gxPopupLevel%3D0%3B,gx-no-cache=1528375337091 HTTP/1.1" 200 3191
200.112.233.47 - - [07/Jun/2018:09:43:24 -0300] "POST /cormun/servlet/prfichaempleado?6fda9b524a261767a3aa31201032290f,,MD,,gxPopupLevel%3D0%3B,gx-no-cache=1528375341666 HTTP/1.1" 200 5202
200.112.233.47 - - [07/Jun/2018:09:43:41 -0300] "GET /cormun/servlet/permisogoce?6ffe3a04566eb270e5819bd5b29f0fa276c1f04b9138c1c6965dcf6de0dbd15ea2accb46dfb3b54bc8c66d4fc25d7d41,gx-no-cache=1528375359182 HTTP/1.1" 200 81
200.112.233.47 - - [07/Jun/2018:09:43:49 -0300] "GET /cormun/servlet/permisogoce?6ffe3a04566eb270e5819bd5b29f0fa218d1592142524613367c3ad2226cd3ccfd8c10ed832319d6b8a2d720f30b473acf41a63fb1cf6e1f0acd02425a5fdf20,gx-no-cache=1528375367192 HTTP/1.1" 200 44
200.112.233.47 - - [07/Jun/2018:09:43:52 -0300] "POST /cormun/servlet/permisogoce?6fda9b524a261767a3aa31201032290f,INS,0,,,,gx-no-cache=1528375368601 HTTP/1.1" 200 93
200.112.233.47 - - [07/Jun/2018:09:43:52 -0300] "GET /cormun/servlet/hpexe_return? HTTP/1.1" 200 1026
