186.79.225.40 - - [07/Jun/2018:12:11:01 -0300] "GET /cormun/static/Resources/asc.gif HTTP/1.1" 200 67
186.79.225.40 - - [07/Jun/2018:12:11:01 -0300] "GET /cormun/static/Resources/desc.gif HTTP/1.1" 200 65
186.79.225.40 - - [07/Jun/2018:12:11:01 -0300] "GET /cormun/servlet/trsolicitudot? HTTP/1.1" 200 7453
186.79.225.40 - - [07/Jun/2018:12:11:01 -0300] "GET /cormun/static/Shared/ext/resources/themes/images/default/panel/bg-headersPanel.png HTTP/1.1" 200 255
186.79.225.40 - - [07/Jun/2018:12:11:01 -0300] "GET /cormun/static/Shared/ext/resources/themes/images/default/tools/tool-sprites.gif HTTP/1.1" 200 5434
186.103.156.24 - - [07/Jun/2018:12:11:12 -0300] "GET /cormun/servlet/permisogoce?9d7050ee52d9e857f63dea05a2e38655de745f6f2a1375627ac454c1bbe507aff6e16cc901df054e05a3a96ffdb4ce65,gx-no-cache=1528384209754 HTTP/1.1" 200 80
186.103.156.24 - - [07/Jun/2018:12:11:13 -0300] "GET /cormun/static/menuarrow.gif HTTP/1.1" 404 1015
186.103.156.24 - - [07/Jun/2018:12:11:21 -0300] "GET /cormun/servlet/permisogoce?9d7050ee52d9e857f63dea05a2e386551ee7b8f46be096f857fc495f9ae403884dde6640fa828832f8be0f8e0f73f629c8d06283f181c7e3740443d99238954d,gx-no-cache=1528384219185 HTTP/1.1" 200 47
186.79.225.40 - - [07/Jun/2018:12:11:27 -0300] "GET /cormun/servlet/solicitudot?INS,0,0, HTTP/1.1" 200 13691
186.79.225.40 - - [07/Jun/2018:12:11:27 -0300] "GET /cormun/static/gxcfg.js?201812313224582 HTTP/1.1" 200 953
186.79.225.40 - - [07/Jun/2018:12:11:27 -0300] "GET /cormun/static/Resources/prompt.gif HTTP/1.1" 200 902
186.79.225.40 - - [07/Jun/2018:12:11:27 -0300] "GET /cormun/static/solicitudot.js?201812313224831 HTTP/1.1" 200 72336
186.79.225.40 - - [07/Jun/2018:12:11:27 -0300] "GET /cormun/servlet/solicitudot?INS,0,0, HTTP/1.1" 200 13696
186.79.225.40 - - [07/Jun/2018:12:11:39 -0300] "POST /cormun/servlet/solicitudot?gx-no-cache=1528384236425 HTTP/1.1" 200 3284
186.79.225.40 - - [07/Jun/2018:12:11:39 -0300] "POST /cormun/servlet/solicitudot?8b4935c3867faa2354a7cf21fca786a5,INS,0,0,,gx-no-cache=1528384236831 HTTP/1.1" 200 10445
186.79.225.40 - - [07/Jun/2018:12:11:39 -0300] "GET /cormun/servlet/solicitudot?8eb587e742e09a9281035c6b310db9925854711a140f7837ef3b56c3598d1405401d0c3ffc97c99d8c63e1c644e3fd18,gx-no-cache=1528384237381 HTTP/1.1" 200 111
186.79.225.40 - - [07/Jun/2018:12:11:39 -0300] "GET /cormun/static/Shared/jqueryui/images/ui-bg_highlight-soft_100_c6c2c8_1x100.png HTTP/1.1" 404 1117
186.79.225.40 - - [07/Jun/2018:12:11:39 -0300] "GET /cormun/static/Shared/jqueryui/images/ui-icons_82798d_256x240.png HTTP/1.1" 404 1089
186.79.225.40 - - [07/Jun/2018:12:11:39 -0300] "GET /cormun/static/Shared/jqueryui/images/ui-bg_flat_55_994d53_40x100.png HTTP/1.1" 404 1097
186.79.225.40 - - [07/Jun/2018:12:11:39 -0300] "GET /cormun/static/Shared/jqueryui/images/ui-icons_ebccce_256x240.png HTTP/1.1" 404 1089
186.103.156.24 - - [07/Jun/2018:12:11:55 -0300] "POST /cormun/servlet/permisogoce?66dd8b7a098f88febdbc0c1fa380ad78,INS,0,,,,gx-no-cache=1528384252968 HTTP/1.1" 200 93
186.103.156.24 - - [07/Jun/2018:12:11:55 -0300] "GET /cormun/servlet/hpexe_return? HTTP/1.1" 200 1015
186.103.156.24 - - [07/Jun/2018:12:11:56 -0300] "GET /cormun/servlet/trpermisosgoce HTTP/1.1" 200 13625
186.103.156.24 - - [07/Jun/2018:12:11:56 -0300] "GET /cormun/servlet/trpermisosgoce HTTP/1.1" 200 13620
186.103.156.24 - - [07/Jun/2018:12:12:04 -0300] "GET /cormun/servlet/apermisogoceprn?9826174,P,20180607110716,PU HTTP/1.1" 200 1669
192.168.10.96 - - [07/Jun/2018:12:12:14 -0300] "GET /cormun/servlet/hlogin HTTP/1.1" 200 1736
192.168.10.96 - - [07/Jun/2018:12:12:29 -0300] "POST /cormun/servlet/hlogin?029cebbb3c2cf733d59da2bb6e8f899c,gx-no-cache=1528384151618 HTTP/1.1" 200 450
186.103.157.235 - - [07/Jun/2018:12:12:34 -0300] "GET /cormun/servlet/hlogin HTTP/1.1" 200 1717
186.103.157.235 - - [07/Jun/2018:12:12:34 -0300] "GET /cormun/static/gxcfg.js?20175251213516 HTTP/1.1" 200 953
186.103.157.235 - - [07/Jun/2018:12:12:34 -0300] "GET /cormun/static/gxtimezone.js?85251 HTTP/1.1" 200 5781
186.103.157.235 - - [07/Jun/2018:12:12:35 -0300] "GET /cormun/static/Resources/Spanish/PXTools.css?11423723 HTTP/1.1" 200 89042
186.103.156.24 - - [07/Jun/2018:12:12:37 -0300] "GET /cormun/servlet/permisogoce?INS,0,,, HTTP/1.1" 200 7107
186.103.156.24 - - [07/Jun/2018:12:12:38 -0300] "GET /cormun/servlet/permisogoce?INS,0,,, HTTP/1.1" 200 7107
186.103.157.235 - - [07/Jun/2018:12:12:40 -0300] "GET /cormun/static/gxgral.js?85251 HTTP/1.1" 200 384558
192.168.10.96 - - [07/Jun/2018:12:12:47 -0300] "POST /cormun/servlet/hlogin?029cebbb3c2cf733d59da2bb6e8f899c,gx-no-cache=1528384168978 HTTP/1.1" 200 90
192.168.10.96 - - [07/Jun/2018:12:12:47 -0300] "GET /cormun/servlet/hpexe_link HTTP/1.1" 200 956
192.168.10.96 - - [07/Jun/2018:12:12:47 -0300] "GET /cormun/servlet/hhome HTTP/1.1" 200 4241
192.168.10.96 - - [07/Jun/2018:12:12:47 -0300] "GET /cormun/servlet/hhome HTTP/1.1" 200 4237
186.103.156.24 - - [07/Jun/2018:12:12:53 -0300] "GET /cormun/servlet/permisogoce?9d7050ee52d9e857f63dea05a2e38655eaa2defbb79087e6425f400ccdd2a2b32f866b46a6d3dda3f8409c41670bbd8f5640fd49f418deb63475727997577b74,gx-no-cache=1528384310570 HTTP/1.1" 200 82
186.103.156.24 - - [07/Jun/2018:12:12:53 -0300] "GET /cormun/static/menuarrow.gif HTTP/1.1" 404 1015
192.168.10.96 - - [07/Jun/2018:12:12:57 -0300] "GET /cormun/servlet/trsolicitudot? HTTP/1.1" 200 7454
192.168.10.96 - - [07/Jun/2018:12:12:57 -0300] "GET /cormun/servlet/trsolicitudot? HTTP/1.1" 200 7454
192.168.10.96 - - [07/Jun/2018:12:12:59 -0300] "GET /cormun/servlet/solicitudot?INS,0,0, HTTP/1.1" 200 13694
192.168.10.96 - - [07/Jun/2018:12:12:59 -0300] "GET /cormun/servlet/solicitudot?INS,0,0, HTTP/1.1" 200 13699
192.168.10.96 - - [07/Jun/2018:12:13:02 -0300] "GET /cormun/servlet/prfichaempleado?,MD,,gxPopupLevel%3D0%3B HTTP/1.1" 200 9402
186.103.157.235 - - [07/Jun/2018:12:13:12 -0300] "GET /cormun/static/messages.spa.js?85251 HTTP/1.1" 200 30736
186.103.157.235 - - [07/Jun/2018:12:13:17 -0300] "GET /cormun/static/hlogin.js?20175251213537 HTTP/1.1" 200 2136
186.103.157.235 - - [07/Jun/2018:12:13:17 -0300] "GET /cormun/static/Resources/ComunLogin.png HTTP/1.1" 200 17326
192.168.10.96 - - [07/Jun/2018:12:13:18 -0300] "POST /cormun/servlet/prfichaempleado?029cebbb3c2cf733d59da2bb6e8f899c,,MD,,gxPopupLevel%3D0%3B,gx-no-cache=1528384200686 HTTP/1.1" 200 3206
186.103.156.24 - - [07/Jun/2018:12:13:33 -0300] "GET /cormun/servlet/permisogoce?9d7050ee52d9e857f63dea05a2e38655c0e32afff66dd2fcdb3410f6719980bc9ecb2ab52b4575c9924b96c702a9ff0f5aa7a39575cf6996a1112de1e24ce5ff,gx-no-cache=1528384351008 HTTP/1.1" 200 46
192.168.10.96 - - [07/Jun/2018:12:13:36 -0300] "POST /cormun/servlet/solicitudot?gx-no-cache=1528384218390 HTTP/1.1" 200 3292
192.168.10.96 - - [07/Jun/2018:12:13:36 -0300] "POST /cormun/servlet/solicitudot?029cebbb3c2cf733d59da2bb6e8f899c,INS,0,0,,gx-no-cache=1528384218513 HTTP/1.1" 200 10457
192.168.10.96 - - [07/Jun/2018:12:13:40 -0300] "GET /cormun/servlet/solicitudot?7128d37f587acca3fb2fedfb80feceacc6b9122afaa42850389915fbcbf2c819e6117d24f931536cdce0a0601a111b7a,gx-no-cache=1528384222240 HTTP/1.1" 200 30
186.103.156.24 - - [07/Jun/2018:12:14:02 -0300] "POST /cormun/servlet/permisogoce?66dd8b7a098f88febdbc0c1fa380ad78,INS,0,,,,gx-no-cache=1528384378946 HTTP/1.1" 200 93
186.103.156.24 - - [07/Jun/2018:12:14:02 -0300] "GET /cormun/servlet/hpexe_return? HTTP/1.1" 200 1015
186.103.156.24 - - [07/Jun/2018:12:14:02 -0300] "GET /cormun/servlet/trpermisosgoce HTTP/1.1" 200 13865
186.103.156.24 - - [07/Jun/2018:12:14:03 -0300] "GET /cormun/servlet/trpermisosgoce HTTP/1.1" 200 13861
186.103.156.24 - - [07/Jun/2018:12:14:06 -0300] "GET /cormun/servlet/apermisogoceprn?11511754,P,20180607110919,PU HTTP/1.1" 200 1676
192.168.10.96 - - [07/Jun/2018:12:14:10 -0300] "GET /cormun/servlet/solicitudot?7128d37f587acca3fb2fedfb80feceacb3dc04e87d6e7d29cce4470c24fed02a,gx-no-cache=1528384252614 HTTP/1.1" 200 94
192.168.10.96 - - [07/Jun/2018:12:14:10 -0300] "GET /cormun/static/Shared/jqueryui/images/ui-bg_highlight-soft_100_c6c2c8_1x100.png HTTP/1.1" 404 1117
192.168.10.96 - - [07/Jun/2018:12:14:10 -0300] "GET /cormun/static/Shared/jqueryui/images/ui-icons_82798d_256x240.png HTTP/1.1" 404 1089
192.168.10.96 - - [07/Jun/2018:12:14:10 -0300] "GET /cormun/static/Shared/jqueryui/images/ui-icons_ebccce_256x240.png HTTP/1.1" 404 1089
192.168.10.96 - - [07/Jun/2018:12:14:10 -0300] "GET /cormun/static/Shared/jqueryui/images/ui-bg_flat_55_994d53_40x100.png HTTP/1.1" 404 1097
186.103.157.39 - - [07/Jun/2018:12:14:21 -0300] "GET /cormun/servlet/renuncias?INS,0, HTTP/1.1" 200 6069
186.103.157.39 - - [07/Jun/2018:12:14:21 -0300] "GET /cormun/static/gxcfg.js?2017426922787 HTTP/1.1" 200 953
186.103.157.39 - - [07/Jun/2018:12:14:21 -0300] "GET /cormun/static/Resources/Spanish/PXTools.css?11294912 HTTP/1.1" 200 89042
186.103.157.39 - - [07/Jun/2018:12:14:21 -0300] "GET /cormun/static/renuncias.js?201742692287 HTTP/1.1" 200 14762
186.103.157.39 - - [07/Jun/2018:12:14:23 -0300] "GET /cormun/servlet/renuncias?INS,0, HTTP/1.1" 200 6069
186.103.157.39 - - [07/Jun/2018:12:14:32 -0300] "GET /cormun/servlet/renuncias?3ddeee48d17a4ee56ae22dd4a0c1fcea972bdd9af824a70f037decbf5730d37282d92736f0668b516de12c1b70304770,gx-no-cache=1528384408518 HTTP/1.1" 200 33
186.103.156.24 - - [07/Jun/2018:12:14:48 -0300] "GET /cormun/servlet/permisogoce?INS,0,,, HTTP/1.1" 200 7105
186.103.156.24 - - [07/Jun/2018:12:14:48 -0300] "GET /cormun/servlet/permisogoce?INS,0,,, HTTP/1.1" 200 7104
186.103.156.24 - - [07/Jun/2018:12:15:04 -0300] "GET /cormun/servlet/permisogoce?9d7050ee52d9e857f63dea05a2e38655928c3e8ddaddae4e4304362bc50f6a132f866b46a6d3dda3f8409c41670bbd8f5640fd49f418deb63475727997577b74,gx-no-cache=1528384441858 HTTP/1.1" 200 73
186.103.156.24 - - [07/Jun/2018:12:15:04 -0300] "GET /cormun/static/menuarrow.gif HTTP/1.1" 404 1015
186.103.159.189 - - [07/Jun/2018:12:15:05 -0300] "GET /cormun/servlet/hlogin HTTP/1.1" 200 1723
186.103.156.24 - - [07/Jun/2018:12:15:09 -0300] "GET /cormun/servlet/permisogoce?9d7050ee52d9e857f63dea05a2e386554f71565904fe1b2d748f693beca0ca4e3febd287ced422e70b62667f556093435aa7a39575cf6996a1112de1e24ce5ff,gx-no-cache=1528384446903 HTTP/1.1" 200 44
186.103.156.24 - - [07/Jun/2018:12:15:13 -0300] "POST /cormun/servlet/permisogoce?66dd8b7a098f88febdbc0c1fa380ad78,INS,0,,,,gx-no-cache=1528384450595 HTTP/1.1" 200 93
186.103.156.24 - - [07/Jun/2018:12:15:13 -0300] "GET /cormun/servlet/hpexe_return? HTTP/1.1" 200 1015
186.103.156.24 - - [07/Jun/2018:12:15:13 -0300] "GET /cormun/servlet/trpermisosgoce HTTP/1.1" 200 14153
186.103.156.24 - - [07/Jun/2018:12:15:14 -0300] "GET /cormun/servlet/trpermisosgoce HTTP/1.1" 200 14149
186.103.156.24 - - [07/Jun/2018:12:15:17 -0300] "GET /cormun/servlet/apermisogoceprn?13568000,P,20180607111130,PU HTTP/1.1" 200 1652
186.103.156.24 - - [07/Jun/2018:12:15:51 -0300] "GET /cormun/servlet/permisogoce?INS,0,,, HTTP/1.1" 200 7106
186.103.156.24 - - [07/Jun/2018:12:15:52 -0300] "GET /cormun/servlet/permisogoce?INS,0,,, HTTP/1.1" 200 7106
186.103.156.24 - - [07/Jun/2018:12:16:01 -0300] "GET /cormun/servlet/permisogoce?9d7050ee52d9e857f63dea05a2e38655a9ba12cd02384d05fd98650db4777e28f6e16cc901df054e05a3a96ffdb4ce65,gx-no-cache=1528384499081 HTTP/1.1" 200 74
186.103.156.24 - - [07/Jun/2018:12:16:01 -0300] "GET /cormun/static/menuarrow.gif HTTP/1.1" 404 1015
186.103.156.24 - - [07/Jun/2018:12:16:06 -0300] "GET /cormun/servlet/permisogoce?9d7050ee52d9e857f63dea05a2e386557c62e40ff345b68fc9c7a1d3e731c8efb0f0243909efc65c468686eaf4f3c302c8d06283f181c7e3740443d99238954d,gx-no-cache=1528384503760 HTTP/1.1" 200 44
192.168.10.96 - - [07/Jun/2018:12:16:26 -0300] "GET /cormun/servlet/solicitudot?7128d37f587acca3fb2fedfb80feceac3031c99c174527f2bcaa8f8f4d62f94929b88c88358c20d45f34ffe5dd373d9f21951a3ecd67d943f040c4a357fab842,gx-no-cache=1528384388948 HTTP/1.1" 200 30
200.54.18.251 - - [07/Jun/2018:12:16:28 -0300] "GET /cormun/servlet/hlogin HTTP/1.1" 200 1726
200.54.18.251 - - [07/Jun/2018:12:16:28 -0300] "GET /cormun/servlet/hlogin HTTP/1.1" 200 1732
200.54.18.251 - - [07/Jun/2018:12:16:29 -0300] "POST /cormun/servlet/hlogin?7ee36c8cace239aa881a40e79a57e537,gx-no-cache=1528384527286 HTTP/1.1" 200 90
200.54.18.251 - - [07/Jun/2018:12:16:30 -0300] "GET /cormun/servlet/hpexe_link HTTP/1.1" 200 964
192.168.10.96 - - [07/Jun/2018:12:16:30 -0300] "GET /cormun/servlet/solicitudot?7128d37f587acca3fb2fedfb80feceacdefcea36f8d09dfc5304e0203cbc366f,gx-no-cache=1528384392188 HTTP/1.1" 200 29
200.54.18.251 - - [07/Jun/2018:12:16:30 -0300] "GET /cormun/servlet/trcontratoobservaciondir HTTP/1.1" 200 6338
200.54.18.251 - - [07/Jun/2018:12:16:31 -0300] "GET /cormun/servlet/trcontratoobservaciondir HTTP/1.1" 200 6336
192.168.10.96 - - [07/Jun/2018:12:16:31 -0300] "POST /cormun/servlet/solicitudot?gx-no-cache=1528384393349 HTTP/1.1" 200 255
192.168.10.96 - - [07/Jun/2018:12:16:32 -0300] "GET /cormun/servlet/solicitudot?7128d37f587acca3fb2fedfb80feceac1100f418d32935d03e9ecccc4c9553aa3ee40d83489ec203c3e8dcd7f3228640fd84a3c137c60c92f766f5abe7927c026dfcd6c18b6b0ea3a32ec630b2e1df64694210a81f5a17feed0a8381c8fc9fb8eed854ab403772762d8c77a681a0f6462540ca4ac53157c3d9fd12102a8416db49c05487e75ed1ddb5ad90bfadf59e49aff31e1b68b10bc25fbb683274a556a3651ca70d75504842991eeaae721a45f68666ca23a0cdd623938e0049e78b818a5b4b8c161fe50998d987f201aacdb670d2157d57d70fb71d6b8280fa3fe6a7c836181d223373b0999d2f24b14f858297f0a15b6a1aee3d3f2633d478dea71325105b686fb8eadb18cfddb2b6782d1cb4f75335d013027965f566dc5413080040d0b7ff6545570adf8963eb72c24e9999e32cee9b19109cd3238669dc61674f2106a03cb124d3df1a68031cd2720e8548d5c6466dd4f0726e12d67a1c34b92e5bccdef9be75eda539b6b53fb2839fc676f8f064ee96d97c4caaaa0de97e2a67a9,gx-no-cache=1528384394710 HTTP/1.1" 200 30
200.54.18.251 - - [07/Jun/2018:12:16:33 -0300] "GET /cormun/servlet/trlicencias? HTTP/1.1" 200 8913
200.54.18.251 - - [07/Jun/2018:12:16:34 -0300] "GET /cormun/servlet/trlicencias? HTTP/1.1" 200 8912
192.168.10.96 - - [07/Jun/2018:12:16:35 -0300] "POST /cormun/servlet/solicitudot?gx-no-cache=1528384397716 HTTP/1.1" 200 30
192.168.10.96 - - [07/Jun/2018:12:16:37 -0300] "GET /cormun/servlet/prcontratosol?6735753,,,,,MD,,gxPopupLevel%3D0%3B HTTP/1.1" 200 7548
192.168.10.96 - - [07/Jun/2018:12:16:38 -0300] "POST /cormun/servlet/solicitudot?gx-no-cache=1528384400858 HTTP/1.1" 200 1370
192.168.10.96 - - [07/Jun/2018:12:16:38 -0300] "POST /cormun/servlet/solicitudot?gx-no-cache=1528384400903 HTTP/1.1" 200 38
192.168.10.96 - - [07/Jun/2018:12:16:38 -0300] "GET /cormun/servlet/solicitudot?7128d37f587acca3fb2fedfb80feceac184ffde6dfeb18b40afb998db24814b3ae1cbb5dc51dbe55ddb79a0791e8b995c931bc28bf681d07b99d83ec0b9787692f38f07ddfd38163d8beefedc2ecbca22cd3d3ba7e602d17349ebbd737906bff5c78bb5fc76248819a4a46a30544c93e,gx-no-cache=1528384400927 HTTP/1.1" 200 29
192.168.10.96 - - [07/Jun/2018:12:16:38 -0300] "POST /cormun/servlet/solicitudot?gx-no-cache=1528384400949 HTTP/1.1" 200 1351
192.168.10.96 - - [07/Jun/2018:12:16:39 -0300] "POST /cormun/servlet/solicitudot?gx-no-cache=1528384400998 HTTP/1.1" 200 1249
192.168.10.96 - - [07/Jun/2018:12:16:39 -0300] "GET /cormun/servlet/solicitudot?7128d37f587acca3fb2fedfb80feceac6947868ba1c5406f4c8d8c5faa535cb954e361a0e24bd2108accd52f6fa3a7ed,gx-no-cache=1528384401056 HTTP/1.1" 200 134
200.54.18.251 - - [07/Jun/2018:12:16:48 -0300] "POST /cormun/servlet/acontrolpreferencessavestate?None,MSALGADO,true HTTP/1.1" 200 35
200.54.18.251 - - [07/Jun/2018:12:16:49 -0300] "POST /cormun/servlet/acontrolpreferencessavestate?None,MSALGADO,true HTTP/1.1" 200 35
186.103.156.24 - - [07/Jun/2018:12:16:52 -0300] "POST /cormun/servlet/permisogoce?66dd8b7a098f88febdbc0c1fa380ad78,INS,0,,,,gx-no-cache=1528384546657 HTTP/1.1" 200 93
186.103.156.24 - - [07/Jun/2018:12:16:52 -0300] "GET /cormun/servlet/hpexe_return? HTTP/1.1" 200 1015
186.103.156.24 - - [07/Jun/2018:12:16:53 -0300] "GET /cormun/servlet/trpermisosgoce HTTP/1.1" 200 14323
192.168.10.96 - - [07/Jun/2018:12:16:53 -0300] "POST /cormun/servlet/solicitudot?gx-no-cache=1528384415881 HTTP/1.1" 200 1351
192.168.10.96 - - [07/Jun/2018:12:16:53 -0300] "POST /cormun/servlet/solicitudot?gx-no-cache=1528384415943 HTTP/1.1" 200 1249
186.103.156.24 - - [07/Jun/2018:12:16:54 -0300] "GET /cormun/servlet/trpermisosgoce HTTP/1.1" 200 14319
192.168.10.96 - - [07/Jun/2018:12:16:56 -0300] "GET /cormun/servlet/solicitudot?7128d37f587acca3fb2fedfb80feceac8ff566b18b67f6d7783da6fbca9a257c54e361a0e24bd2108accd52f6fa3a7ed,gx-no-cache=1528384418553 HTTP/1.1" 200 30
186.103.156.24 - - [07/Jun/2018:12:16:58 -0300] "GET /cormun/servlet/apermisogoceprn?6359233,P,20180607111233,PU HTTP/1.1" 200 1634
192.168.10.96 - - [07/Jun/2018:12:16:59 -0300] "POST /cormun/servlet/solicitudot?gx-no-cache=1528384421066 HTTP/1.1" 200 33
186.103.159.189 - - [07/Jun/2018:12:17:03 -0300] "POST /cormun/servlet/hlogin?1d13c772bb19ed0f8a0bc713d4a953e4,gx-no-cache=1528384560877 HTTP/1.1" 200 90
186.103.159.189 - - [07/Jun/2018:12:17:03 -0300] "GET /cormun/servlet/hpexe_link HTTP/1.1" 200 953
186.103.159.189 - - [07/Jun/2018:12:17:03 -0300] "GET /cormun/servlet/hhome HTTP/1.1" 200 3988
186.103.159.189 - - [07/Jun/2018:12:17:05 -0300] "GET /cormun/servlet/hhome HTTP/1.1" 200 3984
192.168.10.96 - - [07/Jun/2018:12:17:12 -0300] "POST /cormun/servlet/solicitudot?029cebbb3c2cf733d59da2bb6e8f899c,INS,0,0,,gx-no-cache=1528384433777 HTTP/1.1" 200 93
192.168.10.96 - - [07/Jun/2018:12:17:12 -0300] "GET /cormun/servlet/hpexe_return? HTTP/1.1" 200 1012
192.168.10.96 - - [07/Jun/2018:12:17:12 -0300] "GET /cormun/servlet/trsolicitudot HTTP/1.1" 200 8843
192.168.10.96 - - [07/Jun/2018:12:17:12 -0300] "GET /cormun/servlet/trsolicitudot HTTP/1.1" 200 8838
186.103.132.155 - - [07/Jun/2018:12:17:12 -0300] "POST /cormun/servlet/trlicencias?7ee36c8cace239aa881a40e79a57e537,,gx-no-cache=1528384569454 HTTP/1.1" 200 4302
186.103.132.155 - - [07/Jun/2018:12:17:17 -0300] "GET /cormun/servlet/trlicencias? HTTP/1.1" 200 7086
186.103.132.155 - - [07/Jun/2018:12:17:18 -0300] "GET /cormun/servlet/trlicencias? HTTP/1.1" 200 7086
186.103.157.39 - - [07/Jun/2018:12:17:19 -0300] "GET /cormun/servlet/prfichaempleado?,MD,,gxPopupLevel%3D0%3B HTTP/1.1" 200 9283
186.103.157.39 - - [07/Jun/2018:12:17:19 -0300] "GET /cormun/static/gxcfg.js?20177612134814 HTTP/1.1" 200 953
186.103.157.39 - - [07/Jun/2018:12:17:19 -0300] "GET /cormun/static/prfichaempleado.js?20177612134999 HTTP/1.1" 200 16006
200.72.197.82 - - [07/Jun/2018:12:17:20 -0300] "GET /cormun/servlet/trlicencias? HTTP/1.1" 200 7087
200.72.197.82 - - [07/Jun/2018:12:17:21 -0300] "GET /cormun/servlet/trlicencias? HTTP/1.1" 200 7086
192.168.10.96 - - [07/Jun/2018:12:17:21 -0300] "POST /cormun/servlet/trsolicitudot?029cebbb3c2cf733d59da2bb6e8f899c,gx-no-cache=1528384443496 HTTP/1.1" 200 13115
186.67.203.186 - - [07/Jun/2018:12:17:24 -0300] "GET /cormun/servlet/trcontratoobservaciondir HTTP/1.1" 200 6338
186.67.203.186 - - [07/Jun/2018:12:17:25 -0300] "GET /cormun/servlet/trcontratoobservaciondir HTTP/1.1" 200 6336
192.168.10.96 - - [07/Jun/2018:12:17:25 -0300] "POST /cormun/servlet/trsolicitudot?029cebbb3c2cf733d59da2bb6e8f899c,gx-no-cache=1528384447889 HTTP/1.1" 200 105
192.168.10.96 - - [07/Jun/2018:12:17:26 -0300] "GET /cormun/servlet/solicitudot?UPD,2018,11200, HTTP/1.1" 200 15491
192.168.10.96 - - [07/Jun/2018:12:17:26 -0300] "GET /cormun/servlet/solicitudot?UPD,2018,11200, HTTP/1.1" 200 15501
186.103.156.24 - - [07/Jun/2018:12:17:26 -0300] "GET /cormun/servlet/permisogoce?INS,0,,, HTTP/1.1" 200 7107
192.168.10.96 - - [07/Jun/2018:12:17:27 -0300] "POST /cormun/servlet/solicitudot?gx-no-cache=1528384448979 HTTP/1.1" 200 3426
192.168.10.96 - - [07/Jun/2018:12:17:27 -0300] "POST /cormun/servlet/solicitudot?029cebbb3c2cf733d59da2bb6e8f899c,UPD,2018,11200,,gx-no-cache=1528384449123 HTTP/1.1" 200 11745
186.103.156.24 - - [07/Jun/2018:12:17:27 -0300] "GET /cormun/servlet/permisogoce?INS,0,,, HTTP/1.1" 200 7106
192.168.10.96 - - [07/Jun/2018:12:17:27 -0300] "GET /cormun/servlet/solicitudot?7128d37f587acca3fb2fedfb80feceac80484a85a1432315ca27bf33a7ec3ec68068e6d31c3049d20257e7bc6d552524,gx-no-cache=1528384449343 HTTP/1.1" 200 30
192.168.10.96 - - [07/Jun/2018:12:17:27 -0300] "GET /cormun/servlet/solicitudot?7128d37f587acca3fb2fedfb80feceacb9eb432c1d0b936cfc703c1ed75bad9f2a044f8cac5720cb9542d300a3b6044f49e99e66d8f5dca7725b722020a8e4de,gx-no-cache=1528384449372 HTTP/1.1" 200 30
192.168.10.96 - - [07/Jun/2018:12:17:27 -0300] "GET /cormun/servlet/solicitudot?7128d37f587acca3fb2fedfb80feceacf86a79d7659cb51411a036590c613aae24e466b6ccd3b9b26d5308c931e22774e7a034df69ba768f812788887c5b330d,gx-no-cache=1528384449460 HTTP/1.1" 200 53
192.168.10.96 - - [07/Jun/2018:12:17:27 -0300] "POST /cormun/servlet/solicitudot?gx-no-cache=1528384449500 HTTP/1.1" 200 297
192.168.10.96 - - [07/Jun/2018:12:17:27 -0300] "GET /cormun/servlet/solicitudot?7128d37f587acca3fb2fedfb80feceac1100f418d32935d03e9ecccc4c9553aa8e38cd44432759c0b05c9b0418edbdc6fd84a3c137c60c92f766f5abe7927c026dfcd6c18b6b0ea3a32ec630b2e1df64694210a81f5a17feed0a8381c8fc9fb8eed854ab403772762d8c77a681a0f6462540ca4ac53157c3d9fd12102a8416db49c05487e75ed1ddb5ad90bfadf59e49aff31e1b68b10bc25fbb683274a556a3651ca70d75504842991eeaae721a45f68666ca23a0cdd623938e0049e78b818a5b4b8c161fe50998d987f201aacdb670d2157d57d70fb71d6b8280fa3fe6a7c836181d223373b0999d2f24b14f8582975d904cd1f0e5cc383ba966fab2d4d57d105b686fb8eadb18cfddb2b6782d1cb43b7eb9447823ec87a532026d37602a75d79f3660efa808ce60c9ef365c13be4b52ad148490b78fd12002114d5a3617af3e9f11a8ce30dd9c4985483d70c609cde493e0be39d17d4f29d4b22b0ea0a7191bf69264f1d51c6079862df0e784ddcc2a906585e9d85fc9a891d013f6b69a33efc9263683a5935d40af417be13dee6e,gx-no-cache=1528384449554 HTTP/1.1" 200 30
192.168.10.96 - - [07/Jun/2018:12:17:27 -0300] "POST /cormun/servlet/solicitudot?gx-no-cache=1528384449579 HTTP/1.1" 200 30
192.168.10.96 - - [07/Jun/2018:12:17:27 -0300] "POST /cormun/servlet/solicitudot?gx-no-cache=1528384449623 HTTP/1.1" 200 1369
192.168.10.96 - - [07/Jun/2018:12:17:27 -0300] "POST /cormun/servlet/solicitudot?gx-no-cache=1528384449669 HTTP/1.1" 200 41
192.168.10.96 - - [07/Jun/2018:12:17:31 -0300] "POST /cormun/servlet/solicitudot?gx-no-cache=1528384453845 HTTP/1.1" 200 30
186.103.157.39 - - [07/Jun/2018:12:17:33 -0300] "GET /cormun/servlet/renuncias?3ddeee48d17a4ee56ae22dd4a0c1fcea2a788949c3c27938ff351f7e7e06b000d3307ffdd5ff7c0989da8db17f523d83,gx-no-cache=1528384589772 HTTP/1.1" 200 230
186.103.157.39 - - [07/Jun/2018:12:17:33 -0300] "GET /cormun/static/Shared/jqueryui/images/ui-icons_82798d_256x240.png HTTP/1.1" 404 1089
186.103.157.39 - - [07/Jun/2018:12:17:33 -0300] "GET /cormun/static/Shared/jqueryui/images/ui-bg_highlight-soft_100_c6c2c8_1x100.png HTTP/1.1" 404 1117
186.103.157.39 - - [07/Jun/2018:12:17:33 -0300] "GET /cormun/static/Shared/jqueryui/images/ui-bg_flat_55_994d53_40x100.png HTTP/1.1" 404 1097
186.103.157.39 - - [07/Jun/2018:12:17:33 -0300] "GET /cormun/static/Shared/jqueryui/images/ui-icons_ebccce_256x240.png HTTP/1.1" 404 1089
192.168.10.96 - - [07/Jun/2018:12:17:34 -0300] "POST /cormun/servlet/solicitudot?gx-no-cache=1528384456594 HTTP/1.1" 200 1369
192.168.10.96 - - [07/Jun/2018:12:17:34 -0300] "POST /cormun/servlet/solicitudot?gx-no-cache=1528384456654 HTTP/1.1" 200 41
192.168.10.96 - - [07/Jun/2018:12:17:34 -0300] "GET /cormun/servlet/solicitudot?7128d37f587acca3fb2fedfb80feceace3b071fea25738443d551e94c0fd0ea6625809c06c1e6884b0d9ec8ab0d33cf988f86e0984c923c1ceedb0c5aa38a4022b2c9dff8d4ee8db5b6cbdd9226d2f6c032acf128a1f2d1ea600b2abdd09fb9a782fcd706b3c3e409aa16d765dcddc25,gx-no-cache=1528384456693 HTTP/1.1" 200 29
192.168.10.96 - - [07/Jun/2018:12:17:34 -0300] "POST /cormun/servlet/solicitudot?gx-no-cache=1528384456716 HTTP/1.1" 200 1351
192.168.10.96 - - [07/Jun/2018:12:17:34 -0300] "POST /cormun/servlet/solicitudot?gx-no-cache=1528384456767 HTTP/1.1" 200 1249
192.168.10.96 - - [07/Jun/2018:12:17:34 -0300] "GET /cormun/servlet/solicitudot?7128d37f587acca3fb2fedfb80feceac5eb052dcf37bcd50f9ca9a596ca2135ec9ad278a1ebce69d4a2ca47a8632b31c,gx-no-cache=1528384456813 HTTP/1.1" 200 134
192.168.10.96 - - [07/Jun/2018:12:17:34 -0300] "GET /cormun/static/Shared/jqueryui/images/ui-bg_highlight-soft_100_c6c2c8_1x100.png HTTP/1.1" 404 1117
192.168.10.96 - - [07/Jun/2018:12:17:34 -0300] "GET /cormun/static/Shared/jqueryui/images/ui-icons_82798d_256x240.png HTTP/1.1" 404 1089
192.168.10.96 - - [07/Jun/2018:12:17:34 -0300] "GET /cormun/static/Shared/jqueryui/images/ui-bg_flat_55_994d53_40x100.png HTTP/1.1" 404 1097
192.168.10.96 - - [07/Jun/2018:12:17:34 -0300] "GET /cormun/static/Shared/jqueryui/images/ui-icons_ebccce_256x240.png HTTP/1.1" 404 1089
192.168.10.96 - - [07/Jun/2018:12:17:34 -0300] "POST /cormun/servlet/solicitudot?gx-no-cache=1528384456875 HTTP/1.1" 200 30
192.168.10.96 - - [07/Jun/2018:12:17:36 -0300] "POST /cormun/servlet/solicitudot?029cebbb3c2cf733d59da2bb6e8f899c,UPD,2018,11200,,gx-no-cache=1528384458224 HTTP/1.1" 200 12056
186.103.132.155 - - [07/Jun/2018:12:17:37 -0300] "GET /cormun/servlet/hlogin HTTP/1.1" 200 1726
192.168.10.96 - - [07/Jun/2018:12:17:37 -0300] "POST /cormun/servlet/solicitudot?gx-no-cache=1528384459774 HTTP/1.1" 200 3426
192.168.10.96 - - [07/Jun/2018:12:17:37 -0300] "POST /cormun/servlet/solicitudot?029cebbb3c2cf733d59da2bb6e8f899c,UPD,2018,11200,,gx-no-cache=1528384459875 HTTP/1.1" 200 11860
192.168.10.96 - - [07/Jun/2018:12:17:38 -0300] "GET /cormun/servlet/solicitudot?7128d37f587acca3fb2fedfb80feceac80484a85a1432315ca27bf33a7ec3ec68068e6d31c3049d20257e7bc6d552524,gx-no-cache=1528384460057 HTTP/1.1" 200 30
192.168.10.96 - - [07/Jun/2018:12:17:38 -0300] "GET /cormun/servlet/solicitudot?7128d37f587acca3fb2fedfb80feceacb9eb432c1d0b936cfc703c1ed75bad9f2a044f8cac5720cb9542d300a3b6044f49e99e66d8f5dca7725b722020a8e4de,gx-no-cache=1528384460082 HTTP/1.1" 200 30
192.168.10.96 - - [07/Jun/2018:12:17:38 -0300] "GET /cormun/servlet/solicitudot?7128d37f587acca3fb2fedfb80feceacf86a79d7659cb51411a036590c613aae24e466b6ccd3b9b26d5308c931e22774a14455e50c8c70a451d2b3bbde72c1a8da5fbc6ade58ffcbd398b3aa6bc8da7798fcead4394721ced7ad03315b1ebfc9d555ba9a4cae6f149fcc1829e271ef80,gx-no-cache=1528384460109 HTTP/1.1" 200 53
192.168.10.96 - - [07/Jun/2018:12:17:38 -0300] "POST /cormun/servlet/solicitudot?gx-no-cache=1528384460146 HTTP/1.1" 200 297
192.168.10.96 - - [07/Jun/2018:12:17:38 -0300] "GET /cormun/servlet/solicitudot?7128d37f587acca3fb2fedfb80feceac1100f418d32935d03e9ecccc4c9553aa8e38cd44432759c0b05c9b0418edbdc6fd84a3c137c60c92f766f5abe7927c026dfcd6c18b6b0ea3a32ec630b2e1df64694210a81f5a17feed0a8381c8fc9fb8eed854ab403772762d8c77a681a0f6462540ca4ac53157c3d9fd12102a8416db49c05487e75ed1ddb5ad90bfadf59e49aff31e1b68b10bc25fbb683274a556a3651ca70d75504842991eeaae721a45f68666ca23a0cdd623938e0049e78b818a5b4b8c161fe50998d987f201aacdb670d2157d57d70fb71d6b8280fa3fe6a7c836181d223373b0999d2f24b14f8582975d904cd1f0e5cc383ba966fab2d4d57d105b686fb8eadb18cfddb2b6782d1cb43b7eb9447823ec87a532026d37602a75d79f3660efa808ce60c9ef365c13be4b52ad148490b78fd12002114d5a3617af3e9f11a8ce30dd9c4985483d70c609cde493e0be39d17d4f29d4b22b0ea0a7191bf69264f1d51c6079862df0e784ddcc2a906585e9d85fc9a891d013f6b69a33efc9263683a5935d40af417be13dee6e,gx-no-cache=1528384460191 HTTP/1.1" 200 30
192.168.10.96 - - [07/Jun/2018:12:17:38 -0300] "POST /cormun/servlet/solicitudot?gx-no-cache=1528384460227 HTTP/1.1" 200 30
192.168.10.96 - - [07/Jun/2018:12:17:38 -0300] "POST /cormun/servlet/solicitudot?gx-no-cache=1528384460257 HTTP/1.1" 200 1369
192.168.10.96 - - [07/Jun/2018:12:17:38 -0300] "POST /cormun/servlet/solicitudot?gx-no-cache=1528384460297 HTTP/1.1" 200 41
192.168.10.96 - - [07/Jun/2018:12:17:38 -0300] "POST /cormun/servlet/solicitudot?gx-no-cache=1528384460328 HTTP/1.1" 200 1351
192.168.10.96 - - [07/Jun/2018:12:17:38 -0300] "POST /cormun/servlet/solicitudot?gx-no-cache=1528384460388 HTTP/1.1" 200 1249
186.103.132.155 - - [07/Jun/2018:12:17:39 -0300] "POST /cormun/servlet/hlogin?7ee36c8cace239aa881a40e79a57e537,gx-no-cache=1528384596768 HTTP/1.1" 200 90
186.103.132.155 - - [07/Jun/2018:12:17:39 -0300] "GET /cormun/servlet/hpexe_link HTTP/1.1" 200 964
186.103.132.155 - - [07/Jun/2018:12:17:40 -0300] "GET /cormun/servlet/trcontratoobservaciondir HTTP/1.1" 200 6338
186.103.132.155 - - [07/Jun/2018:12:17:40 -0300] "GET /cormun/servlet/trcontratoobservaciondir HTTP/1.1" 200 6336
186.103.156.24 - - [07/Jun/2018:12:17:41 -0300] "GET /cormun/servlet/permisogoce?9d7050ee52d9e857f63dea05a2e386552d6eaba29c2e91e5edc26a9dc8c6dba12f866b46a6d3dda3f8409c41670bbd8f5640fd49f418deb63475727997577b74,gx-no-cache=1528384598843 HTTP/1.1" 200 77
186.103.156.24 - - [07/Jun/2018:12:17:41 -0300] "GET /cormun/static/menuarrow.gif HTTP/1.1" 404 1015
186.103.132.155 - - [07/Jun/2018:12:17:44 -0300] "GET /cormun/servlet/trlicencias? HTTP/1.1" 200 7087
186.103.132.155 - - [07/Jun/2018:12:17:44 -0300] "GET /cormun/servlet/trlicencias? HTTP/1.1" 200 7086
192.168.10.96 - - [07/Jun/2018:12:17:44 -0300] "GET /cormun/servlet/solicitudot?7128d37f587acca3fb2fedfb80feceac8ff566b18b67f6d7783da6fbca9a257cc9ad278a1ebce69d4a2ca47a8632b31c,gx-no-cache=1528384466863 HTTP/1.1" 200 30
192.168.10.96 - - [07/Jun/2018:12:17:44 -0300] "POST /cormun/servlet/solicitudot?gx-no-cache=1528384466897 HTTP/1.1" 200 30
186.103.156.24 - - [07/Jun/2018:12:17:51 -0300] "GET /cormun/servlet/permisogoce?9d7050ee52d9e857f63dea05a2e386550e9494520f8fa45fdb13e18ff40e31753ac736baf27ee5ff97499926d859ee2f5aa7a39575cf6996a1112de1e24ce5ff,gx-no-cache=1528384608695 HTTP/1.1" 200 47
186.103.156.24 - - [07/Jun/2018:12:17:56 -0300] "POST /cormun/servlet/permisogoce?66dd8b7a098f88febdbc0c1fa380ad78,INS,0,,,,gx-no-cache=1528384613627 HTTP/1.1" 200 93
186.103.156.24 - - [07/Jun/2018:12:17:56 -0300] "GET /cormun/servlet/hpexe_return? HTTP/1.1" 200 1015
186.103.156.24 - - [07/Jun/2018:12:17:56 -0300] "GET /cormun/servlet/trpermisosgoce HTTP/1.1" 200 14505
192.168.10.96 - - [07/Jun/2018:12:17:57 -0300] "POST /cormun/servlet/solicitudot?029cebbb3c2cf733d59da2bb6e8f899c,UPD,2018,11200,,gx-no-cache=1528384479150 HTTP/1.1" 200 93
192.168.10.96 - - [07/Jun/2018:12:17:57 -0300] "GET /cormun/servlet/hpexe_return? HTTP/1.1" 200 1040
186.103.156.24 - - [07/Jun/2018:12:17:57 -0300] "GET /cormun/servlet/trpermisosgoce HTTP/1.1" 200 14501
192.168.10.96 - - [07/Jun/2018:12:17:57 -0300] "GET /cormun/servlet/trsolicitudot?gx-no-cache=1528384443496 HTTP/1.1" 200 15969
192.168.10.96 - - [07/Jun/2018:12:17:58 -0300] "GET /cormun/servlet/trsolicitudot?gx-no-cache=1528384443496 HTTP/1.1" 200 15986
186.103.157.39 - - [07/Jun/2018:12:17:58 -0300] "GET /cormun/servlet/prfichaempleado?,MD,,gxPopupLevel%3D0%3B HTTP/1.1" 200 9283
186.103.132.155 - - [07/Jun/2018:12:18:01 -0300] "GET /cormun/servlet/trlicencias? HTTP/1.1" 200 7086
192.168.10.96 - - [07/Jun/2018:12:18:01 -0300] "POST /cormun/servlet/trsolicitudot?029cebbb3c2cf733d59da2bb6e8f899c,gx-no-cache=1528384443496,gx-no-cache=1528384483476 HTTP/1.1" 200 12715
192.168.10.96 - - [07/Jun/2018:12:18:01 -0300] "GET /cormun/static/Shared/jqueryui/images/ui-bg_highlight-soft_100_c6c2c8_1x100.png HTTP/1.1" 404 1117
192.168.10.96 - - [07/Jun/2018:12:18:01 -0300] "GET /cormun/static/Shared/jqueryui/images/ui-icons_82798d_256x240.png HTTP/1.1" 404 1089
186.103.132.155 - - [07/Jun/2018:12:18:01 -0300] "GET /cormun/servlet/trlicencias? HTTP/1.1" 200 7086
192.168.10.96 - - [07/Jun/2018:12:18:01 -0300] "GET /cormun/static/Shared/jqueryui/images/ui-icons_8d78a5_256x240.png HTTP/1.1" 404 1089
192.168.10.96 - - [07/Jun/2018:12:18:01 -0300] "GET /cormun/static/Shared/jqueryui/images/ui-bg_flat_55_fafafa_40x100.png HTTP/1.1" 404 1097
192.168.10.96 - - [07/Jun/2018:12:18:02 -0300] "POST /cormun/servlet/trsolicitudot?029cebbb3c2cf733d59da2bb6e8f899c,gx-no-cache=1528384443496,gx-no-cache=1528384483954 HTTP/1.1" 200 12653
186.103.157.39 - - [07/Jun/2018:12:18:04 -0300] "GET /cormun/servlet/renuncias?3ddeee48d17a4ee56ae22dd4a0c1fcead28845f56dd4ec9d3eda7f08bd9fc4efd3307ffdd5ff7c0989da8db17f523d83,gx-no-cache=1528384621169 HTTP/1.1" 200 70
192.168.10.96 - - [07/Jun/2018:12:18:05 -0300] "POST /cormun/servlet/trsolicitudot?029cebbb3c2cf733d59da2bb6e8f899c,gx-no-cache=1528384443496,gx-no-cache=1528384486920 HTTP/1.1" 200 12417
192.168.10.96 - - [07/Jun/2018:12:18:05 -0300] "POST /cormun/servlet/trsolicitudot?029cebbb3c2cf733d59da2bb6e8f899c,gx-no-cache=1528384443496,gx-no-cache=1528384487395 HTTP/1.1" 200 12359
192.168.10.96 - - [07/Jun/2018:12:18:07 -0300] "GET /cormun/servlet/trautorizarsolicitud? HTTP/1.1" 200 8755
192.168.10.96 - - [07/Jun/2018:12:18:07 -0300] "GET /cormun/static/gxcfg.js?2017111423403364 HTTP/1.1" 200 953
192.168.10.96 - - [07/Jun/2018:12:18:07 -0300] "GET /cormun/servlet/trautorizarsolicitud? HTTP/1.1" 200 8729
186.103.156.24 - - [07/Jun/2018:12:18:09 -0300] "GET /cormun/servlet/apermisogoceprn?18379412,P,20180607111408,PU HTTP/1.1" 200 1647
186.103.132.155 - - [07/Jun/2018:12:18:10 -0300] "GET /cormun/servlet/trlicencias? HTTP/1.1" 200 7087
186.103.132.155 - - [07/Jun/2018:12:18:14 -0300] "GET /cormun/servlet/trlicencias? HTTP/1.1" 200 7086
186.103.157.39 - - [07/Jun/2018:12:18:16 -0300] "GET /cormun/servlet/prcontrato?15524660,,,MD,,gxPopupLevel%3D0%3B HTTP/1.1" 200 7319
186.103.157.39 - - [07/Jun/2018:12:18:16 -0300] "GET /cormun/static/gxcfg.js?20175251232326 HTTP/1.1" 200 953
186.103.157.39 - - [07/Jun/2018:12:18:16 -0300] "GET /cormun/static/prcontrato.js?20175251232552 HTTP/1.1" 200 13820
192.168.10.96 - - [07/Jun/2018:12:18:17 -0300] "POST /cormun/servlet/trautorizarsolicitud?029cebbb3c2cf733d59da2bb6e8f899c,,gx-no-cache=1528384499688 HTTP/1.1" 200 6312
192.168.10.96 - - [07/Jun/2018:12:18:24 -0300] "POST /cormun/servlet/trautorizarsolicitud?029cebbb3c2cf733d59da2bb6e8f899c,,gx-no-cache=1528384506016 HTTP/1.1" 200 5842
192.168.10.96 - - [07/Jun/2018:12:18:24 -0300] "GET /cormun/static/Shared/jqueryui/images/ui-bg_highlight-soft_100_c6c2c8_1x100.png HTTP/1.1" 404 1117
192.168.10.96 - - [07/Jun/2018:12:18:24 -0300] "GET /cormun/static/Shared/jqueryui/images/ui-icons_82798d_256x240.png HTTP/1.1" 404 1089
192.168.10.96 - - [07/Jun/2018:12:18:24 -0300] "GET /cormun/static/Shared/jqueryui/images/ui-icons_8d78a5_256x240.png HTTP/1.1" 404 1089
192.168.10.96 - - [07/Jun/2018:12:18:24 -0300] "GET /cormun/static/Shared/jqueryui/images/ui-bg_flat_55_fafafa_40x100.png HTTP/1.1" 404 1097
192.168.10.96 - - [07/Jun/2018:12:18:24 -0300] "POST /cormun/servlet/trautorizarsolicitud?029cebbb3c2cf733d59da2bb6e8f899c,,gx-no-cache=1528384506191 HTTP/1.1" 200 5788
192.168.10.96 - - [07/Jun/2018:12:18:25 -0300] "POST /cormun/servlet/trautorizarsolicitud?029cebbb3c2cf733d59da2bb6e8f899c,,gx-no-cache=1528384507208 HTTP/1.1" 200 4636
192.168.10.96 - - [07/Jun/2018:12:18:25 -0300] "POST /cormun/servlet/trautorizarsolicitud?029cebbb3c2cf733d59da2bb6e8f899c,,gx-no-cache=1528384507342 HTTP/1.1" 200 4414
186.103.132.155 - - [07/Jun/2018:12:18:31 -0300] "GET /cormun/servlet/trcontratounov2? HTTP/1.1" 200 17124
186.103.132.155 - - [07/Jun/2018:12:18:32 -0300] "GET /cormun/servlet/trcontratounov2? HTTP/1.1" 200 17111
186.103.156.24 - - [07/Jun/2018:12:18:40 -0300] "GET /cormun/servlet/permisogoce?INS,0,,, HTTP/1.1" 200 7107
186.103.156.24 - - [07/Jun/2018:12:18:41 -0300] "GET /cormun/servlet/permisogoce?INS,0,,, HTTP/1.1" 200 7106
186.103.132.155 - - [07/Jun/2018:12:18:42 -0300] "GET /cormun/servlet/trlicencias? HTTP/1.1" 200 7091
186.103.132.155 - - [07/Jun/2018:12:18:42 -0300] "GET /cormun/servlet/trlicencias? HTTP/1.1" 200 7090
186.103.132.155 - - [07/Jun/2018:12:18:46 -0300] "GET /cormun/servlet/licenciaspermisos?INS,0,,, HTTP/1.1" 200 7675
186.103.132.155 - - [07/Jun/2018:12:18:46 -0300] "GET /cormun/static/gxcfg.js?201762917281167 HTTP/1.1" 200 953
200.111.122.170 - - [07/Jun/2018:12:18:46 -0300] "GET /cormun/static/Resources/prompt.gif HTTP/1.1" 200 902
200.54.18.251 - - [07/Jun/2018:12:18:46 -0300] "GET /cormun/static/licenciaspermisos.js?201762917281260 HTTP/1.1" 200 37491
186.103.132.155 - - [07/Jun/2018:12:18:47 -0300] "GET /cormun/servlet/licenciaspermisos?INS,0,,, HTTP/1.1" 200 7683
186.103.156.24 - - [07/Jun/2018:12:18:52 -0300] "GET /cormun/servlet/permisogoce?9d7050ee52d9e857f63dea05a2e386552d6eaba29c2e91e5edc26a9dc8c6dba12f866b46a6d3dda3f8409c41670bbd8f5640fd49f418deb63475727997577b74,gx-no-cache=1528384670299 HTTP/1.1" 200 77
186.103.156.24 - - [07/Jun/2018:12:18:52 -0300] "GET /cormun/static/menuarrow.gif HTTP/1.1" 404 1015
200.54.18.251 - - [07/Jun/2018:12:18:53 -0300] "GET /cormun/servlet/trlicencias? HTTP/1.1" 200 7091
200.54.18.251 - - [07/Jun/2018:12:18:53 -0300] "GET /cormun/servlet/trlicencias? HTTP/1.1" 200 7090
200.111.122.170 - - [07/Jun/2018:12:18:56 -0300] "GET /cormun/servlet/licenciaspermisos?INS,0,,, HTTP/1.1" 200 7675
200.111.122.170 - - [07/Jun/2018:12:18:56 -0300] "GET /cormun/servlet/licenciaspermisos?INS,0,,, HTTP/1.1" 200 7683
186.103.156.24 - - [07/Jun/2018:12:18:57 -0300] "GET /cormun/servlet/permisogoce?9d7050ee52d9e857f63dea05a2e386550e9494520f8fa45fdb13e18ff40e3175bbc16e2ecd524689eebd5252c8ca7e8e5aa7a39575cf6996a1112de1e24ce5ff,gx-no-cache=1528384675528 HTTP/1.1" 200 47
186.103.156.24 - - [07/Jun/2018:12:19:11 -0300] "POST /cormun/servlet/permisogoce?66dd8b7a098f88febdbc0c1fa380ad78,INS,0,,,,gx-no-cache=1528384688578 HTTP/1.1" 200 93
186.103.156.24 - - [07/Jun/2018:12:19:11 -0300] "GET /cormun/servlet/hpexe_return? HTTP/1.1" 200 1015
186.103.156.24 - - [07/Jun/2018:12:19:11 -0300] "GET /cormun/servlet/trpermisosgoce HTTP/1.1" 200 14696
186.103.156.24 - - [07/Jun/2018:12:19:12 -0300] "GET /cormun/servlet/trpermisosgoce HTTP/1.1" 200 14692
186.67.203.186 - - [07/Jun/2018:12:19:22 -0300] "GET /cormun/servlet/trlicencias? HTTP/1.1" 200 7091
186.67.203.186 - - [07/Jun/2018:12:19:23 -0300] "GET /cormun/servlet/trlicencias? HTTP/1.1" 200 7090
186.103.156.24 - - [07/Jun/2018:12:19:32 -0300] "GET /cormun/servlet/apermisogoceprn?18379412,P,20180607111522,PU HTTP/1.1" 200 1667
186.67.203.186 - - [07/Jun/2018:12:19:37 -0300] "POST /cormun/servlet/acontrolpreferencessavestate?None,MSALGADO,true HTTP/1.1" 200 35
186.67.203.186 - - [07/Jun/2018:12:19:39 -0300] "GET /cormun/servlet/trlicencias? HTTP/1.1" 200 7090
186.67.203.186 - - [07/Jun/2018:12:19:40 -0300] "GET /cormun/servlet/trlicencias? HTTP/1.1" 200 7090
186.103.161.206 - - [07/Jun/2018:12:19:50 -0300] "POST /cormun/servlet/trlicencias?7ee36c8cace239aa881a40e79a57e537,,gx-no-cache=1528384727856 HTTP/1.1" 200 101
186.103.161.206 - - [07/Jun/2018:12:19:51 -0300] "GET /cormun/Licencias-6116.xls HTTP/1.1" 200 4608
192.168.10.96 - - [07/Jun/2018:12:20:05 -0300] "GET /cormun/servlet/hlogin HTTP/1.1" 200 1748
192.168.10.96 - - [07/Jun/2018:12:20:11 -0300] "POST /cormun/servlet/hlogin?029cebbb3c2cf733d59da2bb6e8f899c,gx-no-cache=1528384613598 HTTP/1.1" 200 90
192.168.10.96 - - [07/Jun/2018:12:20:11 -0300] "GET /cormun/servlet/hpexe_link HTTP/1.1" 200 956
192.168.10.96 - - [07/Jun/2018:12:20:11 -0300] "GET /cormun/servlet/hhome HTTP/1.1" 200 4716
192.168.10.96 - - [07/Jun/2018:12:20:12 -0300] "GET /cormun/servlet/hhome HTTP/1.1" 200 4713
186.67.203.186 - - [07/Jun/2018:12:20:13 -0300] "GET /cormun/servlet/trlicencias? HTTP/1.1" 200 7090
186.67.203.186 - - [07/Jun/2018:12:20:14 -0300] "GET /cormun/servlet/trlicencias? HTTP/1.1" 200 7090
192.168.10.96 - - [07/Jun/2018:12:20:14 -0300] "GET /cormun/servlet/trsolicitudgral? HTTP/1.1" 200 23714
192.168.10.96 - - [07/Jun/2018:12:20:15 -0300] "GET /cormun/servlet/trsolicitudgral? HTTP/1.1" 200 23712
186.67.203.186 - - [07/Jun/2018:12:20:17 -0300] "POST /cormun/servlet/trlicencias?7ee36c8cace239aa881a40e79a57e537,,gx-no-cache=1528384754945 HTTP/1.1" 200 4297
186.67.203.186 - - [07/Jun/2018:12:20:21 -0300] "POST /cormun/servlet/trlicencias?7ee36c8cace239aa881a40e79a57e537,,gx-no-cache=1528384756940 HTTP/1.1" 200 4297
186.67.203.186 - - [07/Jun/2018:12:20:23 -0300] "POST /cormun/servlet/trlicencias?7ee36c8cace239aa881a40e79a57e537,,gx-no-cache=1528384759948 HTTP/1.1" 200 4297
186.67.203.186 - - [07/Jun/2018:12:20:24 -0300] "POST /cormun/servlet/trlicencias?7ee36c8cace239aa881a40e79a57e537,,gx-no-cache=1528384762133 HTTP/1.1" 200 4297
186.67.203.186 - - [07/Jun/2018:12:20:26 -0300] "POST /cormun/servlet/trlicencias?7ee36c8cace239aa881a40e79a57e537,,gx-no-cache=1528384763588 HTTP/1.1" 200 4297
186.67.203.186 - - [07/Jun/2018:12:20:41 -0300] "POST /cormun/servlet/trlicencias?7ee36c8cace239aa881a40e79a57e537,,gx-no-cache=1528384778427 HTTP/1.1" 200 90
186.67.203.186 - - [07/Jun/2018:12:20:42 -0300] "GET /cormun/servlet/hpexe_link HTTP/1.1" 200 962
186.67.203.186 - - [07/Jun/2018:12:20:43 -0300] "GET /cormun/servlet/trcontratounov2 HTTP/1.1" 200 17112
186.67.203.186 - - [07/Jun/2018:12:20:44 -0300] "GET /cormun/servlet/trcontratounov2 HTTP/1.1" 200 17119
186.67.203.186 - - [07/Jun/2018:12:20:54 -0300] "GET /cormun/servlet/trlicencias? HTTP/1.1" 200 7091
186.67.203.186 - - [07/Jun/2018:12:20:55 -0300] "GET /cormun/servlet/trlicencias? HTTP/1.1" 200 7090
186.103.159.189 - - [07/Jun/2018:12:21:16 -0300] "GET /cormun/servlet/trlicencias? HTTP/1.1" 200 12592
186.103.159.189 - - [07/Jun/2018:12:21:18 -0300] "GET /cormun/servlet/trlicencias? HTTP/1.1" 200 12590
186.103.159.189 - - [07/Jun/2018:12:21:21 -0300] "GET /cormun/servlet/licenciaspermisos?INS,0,,, HTTP/1.1" 200 7520
186.103.159.189 - - [07/Jun/2018:12:21:22 -0300] "GET /cormun/servlet/licenciaspermisos?INS,0,,, HTTP/1.1" 200 7518
186.103.159.189 - - [07/Jun/2018:12:21:25 -0300] "GET /cormun/servlet/prfichaempleado?,MD,,gxPopupLevel%3D0%3B HTTP/1.1" 200 9335
186.103.157.235 - - [07/Jun/2018:12:21:40 -0300] "GET /cormun/static/Resources/indicator.gif HTTP/1.1" 200 1553
186.103.157.235 - - [07/Jun/2018:12:21:40 -0300] "GET /cormun/servlet/hlogin HTTP/1.1" 200 1726
186.103.157.235 - - [07/Jun/2018:12:21:40 -0300] "GET /cormun/static/Resources/Spanish/PXTools.css?11423723 HTTP/1.1" 206 1
186.103.157.235 - - [07/Jun/2018:12:21:40 -0300] "GET /cormun/static/Resources/Spanish/PXTools.css?11423723 HTTP/1.1" 206 3271
186.103.157.235 - - [07/Jun/2018:12:21:40 -0300] "GET /cormun/static/Resources/PXToolsLoginBottom.png HTTP/1.1" 200 1389
186.103.157.235 - - [07/Jun/2018:12:21:40 -0300] "GET /cormun/static/Resources/PXToolsLoginBackground.png HTTP/1.1" 200 1164
186.103.157.235 - - [07/Jun/2018:12:21:40 -0300] "GET /cormun/static/Resources/PXToolsButtonLeft21.png HTTP/1.1" 200 1287
186.103.157.235 - - [07/Jun/2018:12:21:40 -0300] "GET /cormun/static/Resources/PXToolsButtonRight21.png HTTP/1.1" 200 1283
186.103.157.235 - - [07/Jun/2018:12:21:40 -0300] "GET /cormun/static/Resources/PXToolsButtonBackground2.png HTTP/1.1" 200 1181
186.103.157.235 - - [07/Jun/2018:12:21:40 -0300] "GET /cormun/static/Resources/PXToolsLoginTop.png HTTP/1.1" 200 1337
186.103.157.235 - - [07/Jun/2018:12:21:40 -0300] "GET /cormun/static/Resources/indicator.gif HTTP/1.1" 200 1553
186.103.156.24 - - [07/Jun/2018:12:21:49 -0300] "GET /cormun/servlet/permisogoce?INS,0,,, HTTP/1.1" 200 7107
186.103.156.24 - - [07/Jun/2018:12:21:50 -0300] "GET /cormun/servlet/permisogoce?INS,0,,, HTTP/1.1" 200 7107
186.103.156.24 - - [07/Jun/2018:12:21:59 -0300] "GET /cormun/servlet/permisogoce?9d7050ee52d9e857f63dea05a2e38655b039b1d5fa9dfd5ac91508ed961b60762f866b46a6d3dda3f8409c41670bbd8f5640fd49f418deb63475727997577b74,gx-no-cache=1528384856930 HTTP/1.1" 200 76
186.103.156.24 - - [07/Jun/2018:12:21:59 -0300] "GET /cormun/static/menuarrow.gif HTTP/1.1" 404 1015
186.103.156.24 - - [07/Jun/2018:12:22:05 -0300] "GET /cormun/servlet/permisogoce?9d7050ee52d9e857f63dea05a2e38655c4370ac524b3d4f4cccaf6277f251ea8ff2377d9b8ab6668c5ea6dea90e1b5765aa7a39575cf6996a1112de1e24ce5ff,gx-no-cache=1528384862839 HTTP/1.1" 200 46
186.103.159.183 - - [07/Jun/2018:12:22:27 -0300] "GET /cormun/servlet/hlogin HTTP/1.1" 200 1714
186.103.159.183 - - [07/Jun/2018:12:22:27 -0300] "GET /cormun/static/gxtimezone.js?85251 HTTP/1.1" 200 5781
186.103.159.183 - - [07/Jun/2018:12:22:27 -0300] "GET /cormun/static/gxcfg.js?20175251213516 HTTP/1.1" 200 953
186.103.159.183 - - [07/Jun/2018:12:22:27 -0300] "GET /cormun/static/Resources/Spanish/PXTools.css?11423723 HTTP/1.1" 200 89042
186.103.159.183 - - [07/Jun/2018:12:22:27 -0300] "GET /cormun/static/messages.spa.js?85251 HTTP/1.1" 200 30736
186.103.159.183 - - [07/Jun/2018:12:22:28 -0300] "GET /cormun/static/gxgral.js?85251 HTTP/1.1" 200 384558
186.103.159.183 - - [07/Jun/2018:12:22:28 -0300] "GET /cormun/static/Resources/ComunLogin.png HTTP/1.1" 200 17326
186.103.159.183 - - [07/Jun/2018:12:22:28 -0300] "GET /cormun/static/Resources/PXToolsLoginTop.png HTTP/1.1" 200 1337
186.103.159.183 - - [07/Jun/2018:12:22:28 -0300] "GET /cormun/static/hlogin.js?20175251213537 HTTP/1.1" 200 2136
186.103.159.183 - - [07/Jun/2018:12:22:28 -0300] "GET /cormun/static/Resources/PXToolsLoginBackground.png HTTP/1.1" 200 1164
186.103.159.183 - - [07/Jun/2018:12:22:28 -0300] "GET /cormun/static/Resources/PXToolsButtonBackground2.png HTTP/1.1" 200 1181
186.103.159.183 - - [07/Jun/2018:12:22:28 -0300] "GET /cormun/static/Resources/PXToolsButtonRight21.png HTTP/1.1" 200 1283
186.103.159.183 - - [07/Jun/2018:12:22:28 -0300] "GET /cormun/static/Resources/PXToolsButtonLeft21.png HTTP/1.1" 200 1287
186.103.159.183 - - [07/Jun/2018:12:22:28 -0300] "GET /cormun/static/Resources/PXToolsLoginBottom.png HTTP/1.1" 200 1389
186.103.159.183 - - [07/Jun/2018:12:22:28 -0300] "GET /cormun/static/Resources/indicator.gif HTTP/1.1" 200 1553
186.103.159.183 - - [07/Jun/2018:12:22:28 -0300] "GET /cormun/servlet/hlogin HTTP/1.1" 200 1725
186.103.159.183 - - [07/Jun/2018:12:22:28 -0300] "GET /favicon.ico HTTP/1.1" 200 21630
186.103.159.183 - - [07/Jun/2018:12:22:28 -0300] "GET /cormun/static/Resources/PXToolsButtonLeft21.png HTTP/1.1" 200 1287
186.103.159.183 - - [07/Jun/2018:12:22:28 -0300] "GET /cormun/static/Resources/PXToolsButtonRight21.png HTTP/1.1" 200 1283
186.103.159.183 - - [07/Jun/2018:12:22:28 -0300] "GET /cormun/static/Resources/PXToolsButtonBackground2.png HTTP/1.1" 200 1181
186.103.159.183 - - [07/Jun/2018:12:22:28 -0300] "GET /cormun/static/Resources/PXToolsLoginBottom.png HTTP/1.1" 200 1389
186.103.159.183 - - [07/Jun/2018:12:22:28 -0300] "GET /favicon.ico HTTP/1.1" 200 21630
186.103.156.24 - - [07/Jun/2018:12:22:30 -0300] "POST /cormun/servlet/permisogoce?66dd8b7a098f88febdbc0c1fa380ad78,INS,0,,,,gx-no-cache=1528384886825 HTTP/1.1" 200 93
186.103.156.24 - - [07/Jun/2018:12:22:30 -0300] "GET /cormun/servlet/hpexe_return? HTTP/1.1" 200 1015
186.103.156.24 - - [07/Jun/2018:12:22:30 -0300] "GET /cormun/servlet/trpermisosgoce HTTP/1.1" 200 14947
186.103.156.24 - - [07/Jun/2018:12:22:31 -0300] "GET /cormun/servlet/trpermisosgoce HTTP/1.1" 200 14943
186.103.156.24 - - [07/Jun/2018:12:22:35 -0300] "GET /cormun/servlet/apermisogoceprn?17651056,P,20180607111831,PU HTTP/1.1" 200 1677
186.103.159.183 - - [07/Jun/2018:12:22:38 -0300] "POST /cormun/servlet/hlogin?d2d51a28952aaab3eaea09436483e75b,gx-no-cache=1528384896171 HTTP/1.1" 200 90
186.103.159.183 - - [07/Jun/2018:12:22:38 -0300] "GET /cormun/servlet/hpexe_link HTTP/1.1" 200 947
186.103.159.183 - - [07/Jun/2018:12:22:38 -0300] "GET /cormun/static/gxcfg.js?20177612121792 HTTP/1.1" 200 953
186.103.159.183 - - [07/Jun/2018:12:22:38 -0300] "GET /cormun/static/hpexe_link.js?20177612121795 HTTP/1.1" 200 625
186.103.159.183 - - [07/Jun/2018:12:22:38 -0300] "GET /cormun/static/Resources/Spanish/PXTools.css?1155365 HTTP/1.1" 200 89042
186.103.159.183 - - [07/Jun/2018:12:22:38 -0300] "GET /cormun/servlet/hhome HTTP/1.1" 200 3920
186.103.159.183 - - [07/Jun/2018:12:22:39 -0300] "GET /cormun/static/Shared/jqueryui/jquery-ui.min.css?1245370 HTTP/1.1" 200 30288
186.103.159.183 - - [07/Jun/2018:12:22:39 -0300] "GET /cormun/static/SmoothNavMenu/resources/ddsmoothmenu.css?1012540 HTTP/1.1" 200 2223
186.103.159.183 - - [07/Jun/2018:12:22:39 -0300] "GET /cormun/static/SmoothNavMenu/resources/ddsmoothmenu-v.css?1012540 HTTP/1.1" 200 1188
186.103.159.183 - - [07/Jun/2018:12:22:39 -0300] "GET /cormun/static/gxcfg.js?20175251212442 HTTP/1.1" 200 953
186.103.159.183 - - [07/Jun/2018:12:22:39 -0300] "GET /cormun/static/scaMessage/css/jquery.pnotify.default.css?1716380 HTTP/1.1" 200 1707
186.103.159.183 - - [07/Jun/2018:12:22:39 -0300] "GET /cormun/static/PXToolsJavascripts/pexe_autoreload.js HTTP/1.1" 200 1762
186.103.159.183 - - [07/Jun/2018:12:22:39 -0300] "GET /cormun/static/PXToolsJavascripts/pexe_cookies.js HTTP/1.1" 200 792
186.103.159.183 - - [07/Jun/2018:12:22:39 -0300] "GET /cormun/static/PXToolsJavascripts/pexe_windows.js HTTP/1.1" 200 15207
186.103.159.183 - - [07/Jun/2018:12:22:39 -0300] "GET /cormun/static/PXToolsJavascripts/pexe_grid.js HTTP/1.1" 200 7559
186.103.159.183 - - [07/Jun/2018:12:22:39 -0300] "GET /cormun/static/PXToolsJavascripts/pexe_griddivfix.js HTTP/1.1" 200 6644
186.103.159.183 - - [07/Jun/2018:12:22:39 -0300] "GET /cormun/static/PXToolsJavascripts/pexe_link.js HTTP/1.1" 200 5671
186.103.159.183 - - [07/Jun/2018:12:22:39 -0300] "GET /cormun/static/PXToolsJavascripts/pexe_menudivfix.js HTTP/1.1" 200 333
186.103.159.183 - - [07/Jun/2018:12:22:39 -0300] "GET /cormun/static/PXToolsJavascripts/pexe_menus.js HTTP/1.1" 200 1286
186.103.159.183 - - [07/Jun/2018:12:22:39 -0300] "GET /cormun/static/PXToolsJavascripts/pexe_layers.js HTTP/1.1" 200 4114
186.103.159.183 - - [07/Jun/2018:12:22:39 -0300] "GET /cormun/static/PXToolsJavascripts/pexe_oav.js HTTP/1.1" 200 645
186.103.159.183 - - [07/Jun/2018:12:22:39 -0300] "GET /cormun/static/PXToolsJavascripts/pexe_oavdivfix.js HTTP/1.1" 200 639
186.103.159.183 - - [07/Jun/2018:12:22:39 -0300] "GET /cormun/static/PXToolsJavascripts/pexe_picture.js HTTP/1.1" 200 689
186.103.159.183 - - [07/Jun/2018:12:22:39 -0300] "GET /cormun/static/PXToolsJavascripts/pexe_popup.js HTTP/1.1" 200 13458
186.103.159.183 - - [07/Jun/2018:12:22:39 -0300] "GET /cormun/static/PXToolsJavascripts/pexe_scrolldiv.js HTTP/1.1" 200 4138
186.103.159.183 - - [07/Jun/2018:12:22:39 -0300] "GET /cormun/static/PXToolsJavascripts/pexe_tabdivfix.js HTTP/1.1" 200 876
186.103.159.183 - - [07/Jun/2018:12:22:39 -0300] "GET /cormun/static/PXToolsJavascripts/pexe_tabs.js HTTP/1.1" 200 3748
186.103.159.183 - - [07/Jun/2018:12:22:39 -0300] "GET /cormun/static/PXToolsJavascripts/pexe_upload.js HTTP/1.1" 200 1423
