186.103.132.155 - - [06/Jun/2018:13:10:11 -0300] "POST /cormun/servlet/solicitudot?gx-no-cache=1528301347572 HTTP/1.1" 200 30
200.111.122.170 - - [06/Jun/2018:13:10:22 -0300] "POST /cormun/servlet/solicitudot?gx-no-cache=1528301359394 HTTP/1.1" 200 1369
200.111.122.170 - - [06/Jun/2018:13:10:22 -0300] "POST /cormun/servlet/solicitudot?gx-no-cache=1528301359484 HTTP/1.1" 200 38
186.67.203.186 - - [06/Jun/2018:13:10:31 -0300] "GET /cormun/servlet/solicitudot?43be2b83ec16dbcb9e1651e2aaff3b072772bcabe1dccf415b96cf148785dd9c53622453ba063d51a88a422d21da93d492592f81a54baa1397562c21428f89e2e53842feaf6cb63b9a231a8419cb19323c1b330b1336983a6243d9cbcf5a0e5d9533938fc16f41cecb8798fe606268ba,gx-no-cache=1528301367822 HTTP/1.1" 200 29
186.67.203.186 - - [06/Jun/2018:13:10:31 -0300] "POST /cormun/servlet/solicitudot?gx-no-cache=1528301367899 HTTP/1.1" 200 1351
186.67.203.186 - - [06/Jun/2018:13:10:31 -0300] "POST /cormun/servlet/solicitudot?gx-no-cache=1528301367968 HTTP/1.1" 200 1249
186.103.132.155 - - [06/Jun/2018:13:10:57 -0300] "GET /cormun/static/menuarrow.gif HTTP/1.1" 404 1015
200.72.197.82 - - [06/Jun/2018:13:11:00 -0300] "GET /cormun/servlet/solicitudot?43be2b83ec16dbcb9e1651e2aaff3b07ceaa32f216b49992985a182eb12b2995b95fb0bff74131875fee5dd3d8915218,gx-no-cache=1528301396564 HTTP/1.1" 200 30
200.72.197.82 - - [06/Jun/2018:13:11:04 -0300] "POST /cormun/servlet/solicitudot?gx-no-cache=1528301401669 HTTP/1.1" 200 30
186.67.203.186 - - [06/Jun/2018:13:11:16 -0300] "POST /cormun/servlet/solicitudot?a2cb224d8d6d9e5e5572e220fe112dd0,INS,0,0,,gx-no-cache=1528301413049 HTTP/1.1" 200 93
186.67.203.186 - - [06/Jun/2018:13:11:16 -0300] "GET /cormun/servlet/hpexe_return? HTTP/1.1" 200 1004
186.67.203.186 - - [06/Jun/2018:13:11:17 -0300] "GET /cormun/servlet/trsolicitudot HTTP/1.1" 200 10962
186.67.203.186 - - [06/Jun/2018:13:11:19 -0300] "GET /cormun/servlet/trsolicitudot HTTP/1.1" 200 10957
186.103.132.155 - - [06/Jun/2018:13:11:26 -0300] "GET /cormun/servlet/solicitudot?INS,0,0, HTTP/1.1" 200 13578
186.103.132.155 - - [06/Jun/2018:13:11:26 -0300] "GET /cormun/servlet/solicitudot?INS,0,0, HTTP/1.1" 200 13583
190.151.100.218 - - [06/Jun/2018:13:12:03 -0300] "POST /cormun/servlet/solicitudot?gx-no-cache=1528301459560 HTTP/1.1" 200 3421
190.151.100.218 - - [06/Jun/2018:13:12:03 -0300] "POST /cormun/servlet/solicitudot?a2cb224d8d6d9e5e5572e220fe112dd0,INS,0,0,,gx-no-cache=1528301460122 HTTP/1.1" 200 10594
190.151.100.218 - - [06/Jun/2018:13:12:07 -0300] "GET /cormun/servlet/solicitudot?43be2b83ec16dbcb9e1651e2aaff3b07efd9e86aa1b896c80a5708f122fcce57206643f7762bae41b211a68a1f263768,gx-no-cache=1528301463865 HTTP/1.1" 200 30
190.151.100.218 - - [06/Jun/2018:13:12:07 -0300] "GET /cormun/servlet/solicitudot?43be2b83ec16dbcb9e1651e2aaff3b07539d944f45ca06c12e1fb4f92ebc230c0a7061d194a5380b9b92d3184bd48b31b95e339795e0680c7181a9eab11cca81,gx-no-cache=1528301463925 HTTP/1.1" 200 30
190.151.100.218 - - [06/Jun/2018:13:12:07 -0300] "GET /cormun/servlet/solicitudot?43be2b83ec16dbcb9e1651e2aaff3b07a6a799f284722f5cc31889aae7f499f1,gx-no-cache=1528301463967 HTTP/1.1" 200 53
190.151.100.218 - - [06/Jun/2018:13:12:07 -0300] "POST /cormun/servlet/solicitudot?gx-no-cache=1528301464004 HTTP/1.1" 200 297
190.151.100.218 - - [06/Jun/2018:13:12:07 -0300] "GET /cormun/servlet/solicitudot?43be2b83ec16dbcb9e1651e2aaff3b07b3bee08f755f054d0072003e1a5edd77184f55f18955433874ca4d37b8cf7a54e7ad0511e304be29b452166eedb6819254fb2747d3548092412caaef190aeb4cad868c7b24b0f4596f77fdcf621ad410a4cadd7b8cd0a5d7076b0a9171ce2f251b70b0662356329e28d6f9c5c56637f3400cfba1807321a358769d22147837e440aa2cd87a96e6c8a4ed0fd6cd0b2c9924b2fde790cdcc4fe8ec71cda1b37ac5d6016f2864e2c384004de7ccc97271a97299ff54decba955e4e991fad8928feb98cf95e9bc8ce63e5842746770ed7cf59ae6345161bbc497c1be1107209a15f22a358fc2aade9e9c91162e8f44c76240bcc58f215af445d10eecc981bf5b035686d8902aea7362ed46c59c2aeae817f0df77cc3a4a2af4e0583aabbeb1c3a1d0ecbb188111ded3957aa33e65cd5e039e841ef1aeeb0cdd874c16e310fae47a4f227b0d6e47cf368721a054f5027da7ebfd954fec17ea1a846718fbbe78bcfb3ab642daf7dea70d862832c8588cb0d497a1598cd68bbc236b7afcea769f66c4e8,gx-no-cache=1528301464056 HTTP/1.1" 200 30
190.151.100.218 - - [06/Jun/2018:13:12:07 -0300] "POST /cormun/servlet/solicitudot?gx-no-cache=1528301464094 HTTP/1.1" 200 30
190.151.100.218 - - [06/Jun/2018:13:12:07 -0300] "POST /cormun/servlet/solicitudot?gx-no-cache=1528301464161 HTTP/1.1" 200 1369
190.151.100.218 - - [06/Jun/2018:13:12:07 -0300] "POST /cormun/servlet/solicitudot?gx-no-cache=1528301464271 HTTP/1.1" 200 38
200.72.197.82 - - [06/Jun/2018:13:12:11 -0300] "POST /cormun/servlet/solicitudot?gx-no-cache=1528301467972 HTTP/1.1" 200 30
186.67.203.186 - - [06/Jun/2018:13:12:49 -0300] "POST /cormun/servlet/solicitudot?gx-no-cache=1528301505786 HTTP/1.1" 200 1369
186.67.203.186 - - [06/Jun/2018:13:12:49 -0300] "POST /cormun/servlet/solicitudot?gx-no-cache=1528301505882 HTTP/1.1" 200 38
186.103.161.206 - - [06/Jun/2018:13:12:54 -0300] "GET /cormun/servlet/solicitudot?43be2b83ec16dbcb9e1651e2aaff3b072772bcabe1dccf415b96cf148785dd9c53622453ba063d51a88a422d21da93d492592f81a54baa1397562c21428f89e2e53842feaf6cb63b9a231a8419cb19323c1b330b1336983a6243d9cbcf5a0e5d9533938fc16f41cecb8798fe606268ba,gx-no-cache=1528301511567 HTTP/1.1" 200 29
186.103.161.206 - - [06/Jun/2018:13:12:54 -0300] "POST /cormun/servlet/solicitudot?gx-no-cache=1528301511630 HTTP/1.1" 200 1350
186.103.161.206 - - [06/Jun/2018:13:12:55 -0300] "POST /cormun/servlet/solicitudot?gx-no-cache=1528301511711 HTTP/1.1" 200 1249
186.103.161.206 - - [06/Jun/2018:13:12:55 -0300] "GET /cormun/static/menuarrow.gif HTTP/1.1" 404 1015
186.103.161.206 - - [06/Jun/2018:13:12:56 -0300] "POST /cormun/servlet/solicitudot?gx-no-cache=1528301513163 HTTP/1.1" 200 1350
186.103.161.206 - - [06/Jun/2018:13:12:56 -0300] "POST /cormun/servlet/solicitudot?gx-no-cache=1528301513257 HTTP/1.1" 200 1249
186.103.161.206 - - [06/Jun/2018:13:12:57 -0300] "GET /cormun/servlet/solicitudot?43be2b83ec16dbcb9e1651e2aaff3b07ceaa32f216b49992985a182eb12b2995b95fb0bff74131875fee5dd3d8915218,gx-no-cache=1528301514020 HTTP/1.1" 200 30
200.111.122.170 - - [06/Jun/2018:13:13:02 -0300] "POST /cormun/servlet/solicitudot?gx-no-cache=1528301519432 HTTP/1.1" 200 30
200.111.122.170 - - [06/Jun/2018:13:13:08 -0300] "POST /cormun/servlet/solicitudot?a2cb224d8d6d9e5e5572e220fe112dd0,INS,0,0,,gx-no-cache=1528301525296 HTTP/1.1" 200 93
200.111.122.170 - - [06/Jun/2018:13:13:09 -0300] "GET /cormun/servlet/hpexe_return? HTTP/1.1" 200 1004
200.111.122.170 - - [06/Jun/2018:13:13:09 -0300] "GET /cormun/servlet/trsolicitudot HTTP/1.1" 200 11245
200.111.122.170 - - [06/Jun/2018:13:13:12 -0300] "GET /cormun/servlet/trsolicitudot HTTP/1.1" 200 11240
190.151.100.218 - - [06/Jun/2018:13:13:20 -0300] "GET /cormun/servlet/solicitudot?INS,0,0, HTTP/1.1" 200 13578
190.151.100.218 - - [06/Jun/2018:13:13:21 -0300] "GET /cormun/servlet/solicitudot?INS,0,0, HTTP/1.1" 200 13583
200.111.122.170 - - [06/Jun/2018:13:13:39 -0300] "POST /cormun/servlet/solicitudot?gx-no-cache=1528301556125 HTTP/1.1" 200 3404
200.111.122.170 - - [06/Jun/2018:13:13:39 -0300] "POST /cormun/servlet/solicitudot?a2cb224d8d6d9e5e5572e220fe112dd0,INS,0,0,,gx-no-cache=1528301556349 HTTP/1.1" 200 10569
190.151.100.218 - - [06/Jun/2018:13:13:42 -0300] "GET /cormun/servlet/solicitudot?43be2b83ec16dbcb9e1651e2aaff3b0770d4027f2f2fecdfcb2f2231d7db11004ce99f7c53c2043447378bc9bbb37d9b,gx-no-cache=1528301559504 HTTP/1.1" 200 30
190.151.100.218 - - [06/Jun/2018:13:13:42 -0300] "GET /cormun/servlet/solicitudot?43be2b83ec16dbcb9e1651e2aaff3b07b4bcebb040d71530f001d08e37b5286ee1c0b3231958b5652357e8f6d20a52e6ba43455bd188869bfcbed8d0dbc9d533,gx-no-cache=1528301559577 HTTP/1.1" 200 30
190.151.100.218 - - [06/Jun/2018:13:13:42 -0300] "GET /cormun/servlet/solicitudot?43be2b83ec16dbcb9e1651e2aaff3b07a6a799f284722f5cc31889aae7f499f1,gx-no-cache=1528301559610 HTTP/1.1" 200 53
190.151.100.218 - - [06/Jun/2018:13:13:42 -0300] "POST /cormun/servlet/solicitudot?gx-no-cache=1528301559653 HTTP/1.1" 200 255
190.151.100.218 - - [06/Jun/2018:13:13:43 -0300] "GET /cormun/servlet/solicitudot?43be2b83ec16dbcb9e1651e2aaff3b07b3bee08f755f054d0072003e1a5edd77280d67ff921b4678d4216bcd3abaf2fde7ad0511e304be29b452166eedb6819254fb2747d3548092412caaef190aeb4cad868c7b24b0f4596f77fdcf621ad410a4cadd7b8cd0a5d7076b0a9171ce2f251b70b0662356329e28d6f9c5c56637f3400cfba1807321a358769d22147837e440aa2cd87a96e6c8a4ed0fd6cd0b2c9924b2fde790cdcc4fe8ec71cda1b37ac5d6016f2864e2c384004de7ccc97271a97299ff54decba955e4e991fad8928feb98cf95e9bc8ce63e5842746770ed7cf59ae6345161bbc497c1be1107209a15f2522141e3a1bb7b70df7aca847d213305bcc58f215af445d10eecc981bf5b0356522090ade6553ab86e898c13fe3774498b5f93a5ee0eeb3e9a1d664e9184861b6e60574414ef48a98131a7dd32167e60b1be5be051b3762ad7a380ce96572a768793ea36da37758f1bace9cb990e2e43dc66722489553d8a331f37ef74c424e10c933fbb4b8e9e0de1cf2597e37247be,gx-no-cache=1528301559744 HTTP/1.1" 200 30
190.151.100.218 - - [06/Jun/2018:13:13:44 -0300] "POST /cormun/servlet/solicitudot?gx-no-cache=1528301561380 HTTP/1.1" 200 30
200.72.197.82 - - [06/Jun/2018:13:21:39 -0300] "POST /cormun/servlet/solicitudot?gx-no-cache=1528302036330 HTTP/1.1" 200 1369
200.72.197.82 - - [06/Jun/2018:13:21:39 -0300] "POST /cormun/servlet/solicitudot?gx-no-cache=1528302036463 HTTP/1.1" 200 38
66.249.64.28 - - [06/Jun/2018:13:22:58 -0300] "GET /cormun/servlet/wbsecusr01? HTTP/1.1" 302 -
66.249.64.27 - - [06/Jun/2018:13:22:59 -0300] "GET /cormun/servlet/hlogin HTTP/1.1" 200 1747
200.111.191.210 - - [06/Jun/2018:13:30:44 -0300] "GET /cormun/servlet/hlogin HTTP/1.1" 200 1737
200.111.191.210 - - [06/Jun/2018:13:30:44 -0300] "GET /cormun/servlet/hlogin HTTP/1.1" 200 1731
200.111.191.210 - - [06/Jun/2018:13:31:08 -0300] "POST /cormun/servlet/hlogin?f5422a0e89b64e5cae343a673db41fe4,gx-no-cache=1528302667275 HTTP/1.1" 200 90
200.111.191.210 - - [06/Jun/2018:13:31:08 -0300] "GET /cormun/servlet/hpexe_link HTTP/1.1" 200 953
200.111.191.210 - - [06/Jun/2018:13:31:08 -0300] "GET /cormun/servlet/hhome HTTP/1.1" 200 3962
200.111.191.210 - - [06/Jun/2018:13:31:08 -0300] "GET /cormun/servlet/hhome HTTP/1.1" 200 3958
200.111.191.210 - - [06/Jun/2018:13:31:11 -0300] "GET /cormun/servlet/trpermisosgoce? HTTP/1.1" 200 20385
200.111.191.210 - - [06/Jun/2018:13:31:11 -0300] "GET /cormun/servlet/trpermisosgoce? HTTP/1.1" 200 20382
200.111.191.210 - - [06/Jun/2018:13:31:17 -0300] "GET /cormun/servlet/permisogoce?INS,0,,, HTTP/1.1" 200 6796
200.111.191.210 - - [06/Jun/2018:13:31:17 -0300] "GET /cormun/servlet/permisogoce?INS,0,,, HTTP/1.1" 200 6795
200.54.18.251 - - [06/Jun/2018:13:31:25 -0300] "GET /cormun/servlet/solicitudot?43be2b83ec16dbcb9e1651e2aaff3b072772bcabe1dccf415b96cf148785dd9c53622453ba063d51a88a422d21da93d492592f81a54baa1397562c21428f89e2e53842feaf6cb63b9a231a8419cb19328830634fd766526f12ecb4627e835d5ddaa02aa9ffa2f3b75ce0eb6089e57e0abec6a268dcfd7f478da17a2440f490c73ddcad725aeee7175fb9c23c59b5c28f7fc6e9df038d19de2c71ab7e27b161ca,gx-no-cache=1528302622650 HTTP/1.1" 200 29
200.54.18.251 - - [06/Jun/2018:13:31:26 -0300] "POST /cormun/servlet/solicitudot?gx-no-cache=1528302622711 HTTP/1.1" 200 1351
200.54.18.251 - - [06/Jun/2018:13:31:26 -0300] "POST /cormun/servlet/solicitudot?gx-no-cache=1528302622797 HTTP/1.1" 200 1249
200.54.18.251 - - [06/Jun/2018:13:31:26 -0300] "GET /cormun/static/menuarrow.gif HTTP/1.1" 404 1015
200.54.18.251 - - [06/Jun/2018:13:31:28 -0300] "POST /cormun/servlet/solicitudot?gx-no-cache=1528302624573 HTTP/1.1" 200 1351
200.54.18.251 - - [06/Jun/2018:13:31:28 -0300] "POST /cormun/servlet/solicitudot?gx-no-cache=1528302625141 HTTP/1.1" 200 1249
200.54.18.251 - - [06/Jun/2018:13:31:29 -0300] "GET /cormun/servlet/solicitudot?43be2b83ec16dbcb9e1651e2aaff3b07ceaa32f216b49992985a182eb12b2995b95fb0bff74131875fee5dd3d8915218,gx-no-cache=1528302626465 HTTP/1.1" 200 30
200.111.191.210 - - [06/Jun/2018:13:31:34 -0300] "GET /cormun/servlet/permisogoce?61d214feafcbc3974bcd4cdf853c26a80ca52cb3f083929a5ae9fc5aa8b10bf866d8e47f6b6656622d5886c8215a1b179b144bc04495ecf56a9b330aaaf90f06,gx-no-cache=1528302694145 HTTP/1.1" 200 77
200.54.18.251 - - [06/Jun/2018:13:31:35 -0300] "POST /cormun/servlet/solicitudot?gx-no-cache=1528302631760 HTTP/1.1" 200 30
200.54.18.251 - - [06/Jun/2018:13:31:47 -0300] "POST /cormun/servlet/solicitudot?a2cb224d8d6d9e5e5572e220fe112dd0,INS,0,0,,gx-no-cache=1528302643918 HTTP/1.1" 200 93
200.54.18.251 - - [06/Jun/2018:13:31:47 -0300] "GET /cormun/servlet/hpexe_return? HTTP/1.1" 200 1004
200.54.18.251 - - [06/Jun/2018:13:31:48 -0300] "GET /cormun/servlet/trsolicitudot HTTP/1.1" 200 11718
200.54.18.251 - - [06/Jun/2018:13:31:48 -0300] "GET /cormun/servlet/trsolicitudot HTTP/1.1" 200 11713
200.111.191.210 - - [06/Jun/2018:13:31:53 -0300] "GET /cormun/servlet/permisogoce?61d214feafcbc3974bcd4cdf853c26a824ee5b9d77dac3bc60e3e075cf7612eb3b91e7656a1454b29aa85f2a9d5220f039560221ed924451bd285cd8352660de,gx-no-cache=1528302712518 HTTP/1.1" 200 46
186.67.203.186 - - [06/Jun/2018:13:32:07 -0300] "GET /cormun/servlet/solicitudot?INS,0,0, HTTP/1.1" 200 13578
186.67.203.186 - - [06/Jun/2018:13:32:07 -0300] "GET /cormun/servlet/solicitudot?INS,0,0, HTTP/1.1" 200 13583
200.111.191.210 - - [06/Jun/2018:13:32:12 -0300] "POST /cormun/servlet/permisogoce?f5422a0e89b64e5cae343a673db41fe4,INS,0,,,,gx-no-cache=1528302731271 HTTP/1.1" 200 93
200.111.191.210 - - [06/Jun/2018:13:32:12 -0300] "GET /cormun/servlet/hpexe_return? HTTP/1.1" 200 1012
200.111.191.210 - - [06/Jun/2018:13:32:12 -0300] "GET /cormun/servlet/trpermisosgoce HTTP/1.1" 200 20627
200.111.191.210 - - [06/Jun/2018:13:32:13 -0300] "GET /cormun/servlet/trpermisosgoce HTTP/1.1" 200 20623
200.111.191.210 - - [06/Jun/2018:13:32:16 -0300] "GET /cormun/servlet/apermisogoceprn?12961880,P,20180606122759,PU HTTP/1.1" 200 1656
201.215.248.160 - - [06/Jun/2018:13:32:21 -0300] "GET /cormun/servlet/trpermisosgoce? HTTP/1.1" 200 6112
201.215.248.160 - - [06/Jun/2018:13:32:22 -0300] "GET /cormun/servlet/trpermisosgoce? HTTP/1.1" 200 6108
201.215.248.160 - - [06/Jun/2018:13:32:22 -0300] "GET /cormun/servlet/hlogin HTTP/1.1" 200 1742
186.103.161.206 - - [06/Jun/2018:13:32:54 -0300] "POST /cormun/servlet/solicitudot?gx-no-cache=1528302711049 HTTP/1.1" 200 3284
186.103.161.206 - - [06/Jun/2018:13:32:54 -0300] "POST /cormun/servlet/solicitudot?a2cb224d8d6d9e5e5572e220fe112dd0,INS,0,0,,gx-no-cache=1528302711299 HTTP/1.1" 200 10431
186.103.161.206 - - [06/Jun/2018:13:32:54 -0300] "GET /cormun/servlet/solicitudot?43be2b83ec16dbcb9e1651e2aaff3b07435442a5bbdf2f3c60e2ddf772f1be19,gx-no-cache=1528302711561 HTTP/1.1" 200 111
186.103.161.206 - - [06/Jun/2018:13:32:54 -0300] "GET /cormun/static/Shared/jqueryui/images/ui-bg_highlight-soft_100_c6c2c8_1x100.png HTTP/1.1" 404 1117
190.151.100.218 - - [06/Jun/2018:13:32:55 -0300] "GET /cormun/static/Shared/jqueryui/images/ui-icons_82798d_256x240.png HTTP/1.1" 404 1089
200.54.18.251 - - [06/Jun/2018:13:32:55 -0300] "GET /cormun/static/Shared/jqueryui/images/ui-icons_ebccce_256x240.png HTTP/1.1" 404 1089
186.103.132.155 - - [06/Jun/2018:13:32:55 -0300] "GET /cormun/static/Shared/jqueryui/images/ui-bg_flat_55_994d53_40x100.png HTTP/1.1" 404 1097
186.103.161.206 - - [06/Jun/2018:13:32:55 -0300] "GET /cormun/servlet/solicitudot?43be2b83ec16dbcb9e1651e2aaff3b07e24b91855c3aa88421095e68b2ede63a,gx-no-cache=1528302711651 HTTP/1.1" 200 94
186.103.161.206 - - [06/Jun/2018:13:32:55 -0300] "GET /cormun/servlet/solicitudot?43be2b83ec16dbcb9e1651e2aaff3b0747a1b53e4f8353d0ee483aea74d1fe82,gx-no-cache=1528302711788 HTTP/1.1" 200 29
186.103.161.206 - - [06/Jun/2018:13:32:55 -0300] "POST /cormun/servlet/solicitudot?gx-no-cache=1528302711911 HTTP/1.1" 200 297
186.103.161.206 - - [06/Jun/2018:13:32:55 -0300] "GET /cormun/servlet/solicitudot?43be2b83ec16dbcb9e1651e2aaff3b07b3bee08f755f054d0072003e1a5edd77184f55f18955433874ca4d37b8cf7a54e7ad0511e304be29b452166eedb6819254fb2747d3548092412caaef190aeb4cad868c7b24b0f4596f77fdcf621ad410a4cadd7b8cd0a5d7076b0a9171ce2f251b70b0662356329e28d6f9c5c56637f3400cfba1807321a358769d22147837e440aa2cd87a96e6c8a4ed0fd6cd0b2c9924b2fde790cdcc4fe8ec71cda1b37ac5d6016f2864e2c384004de7ccc97271a97299ff54decba955e4e991fad8928feb98cf95e9bc8ce63e5842746770ed7cf59ae6345161bbc497c1be1107209a15f22a358fc2aade9e9c91162e8f44c76240bcc58f215af445d10eecc981bf5b035686d8902aea7362ed46c59c2aeae817f0df77cc3a4a2af4e0583aabbeb1c3a1d0ecbb188111ded3957aa33e65cd5e039e841ef1aeeb0cdd874c16e310fae47a4f227b0d6e47cf368721a054f5027da7ebfd954fec17ea1a846718fbbe78bcfb3ab642daf7dea70d862832c8588cb0d497a1598cd68bbc236b7afcea769f66c4e8,gx-no-cache=1528302712011 HTTP/1.1" 200 30
186.103.161.206 - - [06/Jun/2018:13:32:55 -0300] "POST /cormun/servlet/solicitudot?gx-no-cache=1528302712081 HTTP/1.1" 200 30
186.103.161.206 - - [06/Jun/2018:13:32:55 -0300] "POST /cormun/servlet/solicitudot?gx-no-cache=1528302712197 HTTP/1.1" 200 1366
186.103.161.206 - - [06/Jun/2018:13:32:55 -0300] "POST /cormun/servlet/solicitudot?gx-no-cache=1528302712265 HTTP/1.1" 200 38
200.54.18.251 - - [06/Jun/2018:13:33:06 -0300] "POST /cormun/servlet/solicitudot?gx-no-cache=1528302723339 HTTP/1.1" 200 3292
200.54.18.251 - - [06/Jun/2018:13:33:06 -0300] "POST /cormun/servlet/solicitudot?a2cb224d8d6d9e5e5572e220fe112dd0,INS,0,0,,gx-no-cache=1528302723506 HTTP/1.1" 200 11607
186.103.132.155 - - [06/Jun/2018:13:33:18 -0300] "POST /cormun/servlet/solicitudot?gx-no-cache=1528302734814 HTTP/1.1" 200 3292
186.103.132.155 - - [06/Jun/2018:13:33:18 -0300] "POST /cormun/servlet/solicitudot?a2cb224d8d6d9e5e5572e220fe112dd0,INS,0,0,,gx-no-cache=1528302734982 HTTP/1.1" 200 11661
186.103.132.155 - - [06/Jun/2018:13:33:22 -0300] "GET /cormun/servlet/solicitudot?43be2b83ec16dbcb9e1651e2aaff3b07d3bd76b86b9e2ea8140003f3c1c7ce8b206643f7762bae41b211a68a1f263768,gx-no-cache=1528302739322 HTTP/1.1" 200 30
200.111.122.170 - - [06/Jun/2018:13:33:26 -0300] "GET /cormun/static/Resources/resize.gif HTTP/1.1" 200 77
186.67.203.186 - - [06/Jun/2018:13:33:26 -0300] "GET /cormun/servlet/prfichaempleado?,MD,,gxPopupLevel%3D0%3B HTTP/1.1" 200 9275
200.111.122.170 - - [06/Jun/2018:13:33:26 -0300] "GET /cormun/static/gxui/gxui-all.css?110300 HTTP/1.1" 200 2179
190.151.100.218 - - [06/Jun/2018:13:33:26 -0300] "GET /cormun/static/gxcfg.js?20177612134814 HTTP/1.1" 200 953
186.103.161.206 - - [06/Jun/2018:13:33:26 -0300] "GET /cormun/static/Resources/PXToolsMenuSearch.png HTTP/1.1" 200 2914
186.103.161.206 - - [06/Jun/2018:13:33:26 -0300] "GET /cormun/static/menusearch.js?201610171694467 HTTP/1.1" 200 1424
190.151.100.218 - - [06/Jun/2018:13:33:26 -0300] "GET /cormun/static/Resources/PXToolsMenuSearchCancel.png HTTP/1.1" 200 2972
200.111.122.170 - - [06/Jun/2018:13:33:26 -0300] "GET /cormun/static/hmpwkw011.js?20177612121862 HTTP/1.1" 200 1968
186.103.161.206 - - [06/Jun/2018:13:33:26 -0300] "GET /cormun/static/prfichaempleado.js?20177612134999 HTTP/1.1" 200 16006
186.67.203.186 - - [06/Jun/2018:13:33:26 -0300] "GET /cormun/static/Shared/ext/resources/css/ext-all.css?205870 HTTP/1.1" 200 416045
186.67.203.186 - - [06/Jun/2018:13:33:32 -0300] "POST /cormun/servlet/prfichaempleado?a2cb224d8d6d9e5e5572e220fe112dd0,,MD,,gxPopupLevel%3D0%3B,gx-no-cache=1528302748887 HTTP/1.1" 200 4337
186.103.132.155 - - [06/Jun/2018:13:34:25 -0300] "GET /cormun/servlet/solicitudot?43be2b83ec16dbcb9e1651e2aaff3b07e24b91855c3aa88421095e68b2ede63a,gx-no-cache=1528302801871 HTTP/1.1" 200 94
186.103.132.155 - - [06/Jun/2018:13:34:25 -0300] "GET /cormun/servlet/solicitudot?43be2b83ec16dbcb9e1651e2aaff3b0747a1b53e4f8353d0ee483aea74d1fe82,gx-no-cache=1528302801977 HTTP/1.1" 200 29
186.103.132.155 - - [06/Jun/2018:13:34:25 -0300] "POST /cormun/servlet/solicitudot?gx-no-cache=1528302802046 HTTP/1.1" 200 297
186.103.132.155 - - [06/Jun/2018:13:34:25 -0300] "GET /cormun/servlet/solicitudot?43be2b83ec16dbcb9e1651e2aaff3b07b3bee08f755f054d0072003e1a5edd77184f55f18955433874ca4d37b8cf7a54e7ad0511e304be29b452166eedb6819254fb2747d3548092412caaef190aeb4cad868c7b24b0f4596f77fdcf621ad410a4cadd7b8cd0a5d7076b0a9171ce2f251b70b0662356329e28d6f9c5c56637f3400cfba1807321a358769d22147837e440aa2cd87a96e6c8a4ed0fd6cd0b2c9924b2fde790cdcc4fe8ec71cda1b37ac5d6016f2864e2c384004de7ccc97271a97299ff54decba955e4e991fad8928feb98cf95e9bc8ce63e5842746770ed7cf59ae6345161bbc497c1be1107209a15f22a358fc2aade9e9c91162e8f44c76240bcc58f215af445d10eecc981bf5b035686d8902aea7362ed46c59c2aeae817f0df77cc3a4a2af4e0583aabbeb1c3a1d0ecbb188111ded3957aa33e65cd5e039e841ef1aeeb0cdd874c16e310fae47a4f227b0d6e47cf368721a054f5027da7ebfd954fec17ea1a846718fbbe78bcfb3a7a033ecb00eeb4706cd75d925a34566ea1598cd68bbc236b7afcea769f66c4e8,gx-no-cache=1528302802147 HTTP/1.1" 200 30
186.103.132.155 - - [06/Jun/2018:13:34:25 -0300] "POST /cormun/servlet/solicitudot?gx-no-cache=1528302802260 HTTP/1.1" 200 30
186.103.132.155 - - [06/Jun/2018:13:34:25 -0300] "POST /cormun/servlet/solicitudot?gx-no-cache=1528302802354 HTTP/1.1" 200 1369
186.103.132.155 - - [06/Jun/2018:13:34:25 -0300] "POST /cormun/servlet/solicitudot?gx-no-cache=1528302802446 HTTP/1.1" 200 38
200.111.122.170 - - [06/Jun/2018:13:35:42 -0300] "GET /cormun/servlet/solicitudot?43be2b83ec16dbcb9e1651e2aaff3b072772bcabe1dccf415b96cf148785dd9c53622453ba063d51a88a422d21da93d492592f81a54baa1397562c21428f89e2e53842feaf6cb63b9a231a8419cb19323c1b330b1336983a6243d9cbcf5a0e5d9533938fc16f41cecb8798fe606268ba,gx-no-cache=1528302879531 HTTP/1.1" 200 29
200.111.122.170 - - [06/Jun/2018:13:35:42 -0300] "POST /cormun/servlet/solicitudot?gx-no-cache=1528302879607 HTTP/1.1" 200 1351
200.111.122.170 - - [06/Jun/2018:13:35:43 -0300] "POST /cormun/servlet/solicitudot?gx-no-cache=1528302879734 HTTP/1.1" 200 1249
200.111.122.170 - - [06/Jun/2018:13:35:43 -0300] "GET /cormun/static/menuarrow.gif HTTP/1.1" 404 1015
200.111.122.170 - - [06/Jun/2018:13:35:44 -0300] "POST /cormun/servlet/solicitudot?gx-no-cache=1528302880882 HTTP/1.1" 200 1351
200.111.122.170 - - [06/Jun/2018:13:35:44 -0300] "POST /cormun/servlet/solicitudot?gx-no-cache=1528302880961 HTTP/1.1" 200 1249
186.103.132.155 - - [06/Jun/2018:13:35:45 -0300] "GET /cormun/servlet/solicitudot?43be2b83ec16dbcb9e1651e2aaff3b07ceaa32f216b49992985a182eb12b2995b95fb0bff74131875fee5dd3d8915218,gx-no-cache=1528302882112 HTTP/1.1" 200 30
186.103.132.155 - - [06/Jun/2018:13:35:47 -0300] "POST /cormun/servlet/solicitudot?gx-no-cache=1528302884237 HTTP/1.1" 200 30
200.54.247.70 - - [06/Jun/2018:13:36:54 -0300] "GET /cormun/servlet/trlicencias? HTTP/1.1" 200 6127
200.54.247.70 - - [06/Jun/2018:13:36:54 -0300] "GET /cormun/servlet/hlogin HTTP/1.1" 200 1734
200.54.247.70 - - [06/Jun/2018:13:36:54 -0300] "GET /cormun/servlet/trlicencias? HTTP/1.1" 200 6120
200.54.247.70 - - [06/Jun/2018:13:37:02 -0300] "POST /cormun/servlet/hlogin?b00685c10c8a427063f673a15fcea71b,gx-no-cache=1528302960173 HTTP/1.1" 200 90
200.54.247.70 - - [06/Jun/2018:13:37:02 -0300] "GET /cormun/servlet/hpexe_link HTTP/1.1" 200 954
200.54.247.70 - - [06/Jun/2018:13:37:02 -0300] "GET /cormun/servlet/trlicencias HTTP/1.1" 200 16078
200.54.247.70 - - [06/Jun/2018:13:37:03 -0300] "GET /cormun/servlet/trlicencias HTTP/1.1" 200 16076
200.54.247.70 - - [06/Jun/2018:13:37:05 -0300] "GET /cormun/servlet/trlicencias? HTTP/1.1" 200 16076
200.54.247.70 - - [06/Jun/2018:13:37:06 -0300] "GET /cormun/servlet/trlicencias? HTTP/1.1" 200 16076
200.54.247.70 - - [06/Jun/2018:13:37:09 -0300] "GET /cormun/servlet/licenciaspermisos?INS,0,,, HTTP/1.1" 200 7763
200.54.247.70 - - [06/Jun/2018:13:37:09 -0300] "GET /cormun/servlet/licenciaspermisos?INS,0,,, HTTP/1.1" 200 7770
200.54.247.70 - - [06/Jun/2018:13:37:32 -0300] "GET /cormun/servlet/licenciaspermisos?2833bf74a5e68d39fce59e39369fdfd15ad8ac7dd449e89c5cf45705adbff29703d9db88e684f2015dd34192192868ff,gx-no-cache=1528302990269 HTTP/1.1" 200 180
200.54.247.70 - - [06/Jun/2018:13:37:32 -0300] "GET /cormun/static/Shared/jqueryui/images/ui-bg_highlight-soft_100_c6c2c8_1x100.png HTTP/1.1" 404 1117
200.54.247.70 - - [06/Jun/2018:13:37:32 -0300] "GET /cormun/static/Shared/jqueryui/images/ui-icons_82798d_256x240.png HTTP/1.1" 404 1089
200.54.247.70 - - [06/Jun/2018:13:37:32 -0300] "GET /cormun/static/Shared/jqueryui/images/ui-bg_flat_55_994d53_40x100.png HTTP/1.1" 404 1097
200.54.247.70 - - [06/Jun/2018:13:37:32 -0300] "GET /cormun/static/Shared/jqueryui/images/ui-icons_ebccce_256x240.png HTTP/1.1" 404 1089
200.54.247.70 - - [06/Jun/2018:13:37:37 -0300] "GET /cormun/servlet/prfichaempleado?,MD,,gxPopupLevel%3D0%3B HTTP/1.1" 200 9396
200.72.197.82 - - [06/Jun/2018:13:37:41 -0300] "GET /cormun/servlet/solicitudot?43be2b83ec16dbcb9e1651e2aaff3b07e24b91855c3aa88421095e68b2ede63a,gx-no-cache=1528302998288 HTTP/1.1" 200 94
200.54.247.70 - - [06/Jun/2018:13:37:42 -0300] "POST /cormun/servlet/prfichaempleado?b00685c10c8a427063f673a15fcea71b,,MD,,gxPopupLevel%3D0%3B,gx-no-cache=1528303000527 HTTP/1.1" 200 6222
200.54.247.70 - - [06/Jun/2018:13:37:42 -0300] "GET /cormun/static/Resources/PXToolsGridNext.gif HTTP/1.1" 200 369
200.54.247.70 - - [06/Jun/2018:13:37:42 -0300] "GET /cormun/static/Resources/PXToolsGridLast.gif HTTP/1.1" 200 370
186.103.132.155 - - [06/Jun/2018:13:37:51 -0300] "GET /cormun/servlet/trsolicitudot? HTTP/1.1" 200 11719
186.103.132.155 - - [06/Jun/2018:13:37:52 -0300] "GET /cormun/servlet/trsolicitudot? HTTP/1.1" 200 11713
200.72.197.82 - - [06/Jun/2018:13:38:05 -0300] "GET /cormun/servlet/solicitudot?INS,0,0, HTTP/1.1" 200 13580
200.72.197.82 - - [06/Jun/2018:13:38:06 -0300] "GET /cormun/servlet/solicitudot?INS,0,0, HTTP/1.1" 200 13585
190.46.88.10 - - [06/Jun/2018:13:38:39 -0300] "GET /cormun/servlet/hlogin HTTP/1.1" 200 1715
200.54.247.70 - - [06/Jun/2018:13:38:42 -0300] "POST /cormun/servlet/prfichaempleado?b00685c10c8a427063f673a15fcea71b,,MD,,gxPopupLevel%3D0%3B,gx-no-cache=1528303060170 HTTP/1.1" 200 6222
200.54.247.70 - - [06/Jun/2018:13:38:46 -0300] "POST /cormun/servlet/prfichaempleado?b00685c10c8a427063f673a15fcea71b,,MD,,gxPopupLevel%3D0%3B,gx-no-cache=1528303064058 HTTP/1.1" 200 6222
190.46.88.10 - - [06/Jun/2018:13:38:47 -0300] "POST /cormun/servlet/hlogin?3379592bb269767200c3e16eb6511a86,gx-no-cache=1528303064660 HTTP/1.1" 200 90
190.46.88.10 - - [06/Jun/2018:13:38:47 -0300] "GET /cormun/servlet/hpexe_link HTTP/1.1" 200 946
190.46.88.10 - - [06/Jun/2018:13:38:47 -0300] "GET /cormun/servlet/hhome HTTP/1.1" 200 4231
190.46.88.10 - - [06/Jun/2018:13:38:48 -0300] "GET /cormun/servlet/hhome HTTP/1.1" 200 4227
190.46.88.10 - - [06/Jun/2018:13:38:53 -0300] "GET /cormun/servlet/trcontratounov2? HTTP/1.1" 200 17535
190.46.88.10 - - [06/Jun/2018:13:38:55 -0300] "GET /cormun/servlet/trcontratounov2? HTTP/1.1" 200 17540
190.46.88.10 - - [06/Jun/2018:13:39:03 -0300] "POST /cormun/servlet/trcontratounov2?3379592bb269767200c3e16eb6511a86,,gx-no-cache=1528303081155 HTTP/1.1" 200 17632
190.46.88.10 - - [06/Jun/2018:13:39:04 -0300] "GET /cormun/static/Resources/PXToolsGridFirst.gif HTTP/1.1" 200 379
190.46.88.10 - - [06/Jun/2018:13:39:04 -0300] "GET /cormun/static/Resources/PXToolsGridPrevious.gif HTTP/1.1" 200 369
190.46.88.10 - - [06/Jun/2018:13:39:05 -0300] "GET /cormun/static/Resources/PXToolsGridNext.gif HTTP/1.1" 200 369
190.46.88.10 - - [06/Jun/2018:13:39:05 -0300] "GET /cormun/static/Resources/PXToolsGridLast.gif HTTP/1.1" 200 370
200.54.18.251 - - [06/Jun/2018:13:39:09 -0300] "GET /cormun/servlet/trautorizarsolicitud? HTTP/1.1" 200 7254
200.54.18.251 - - [06/Jun/2018:13:39:09 -0300] "GET /cormun/servlet/trautorizarsolicitud? HTTP/1.1" 200 7249
200.54.18.251 - - [06/Jun/2018:13:39:11 -0300] "GET /cormun/servlet/trsolicitudot? HTTP/1.1" 200 11714
200.54.18.251 - - [06/Jun/2018:13:39:12 -0300] "GET /cormun/servlet/trsolicitudot? HTTP/1.1" 200 11713
186.103.132.155 - - [06/Jun/2018:13:39:16 -0300] "GET /cormun/static/menuarrow.gif HTTP/1.1" 404 1015
200.54.247.70 - - [06/Jun/2018:13:39:24 -0300] "POST /cormun/servlet/prfichaempleado?b00685c10c8a427063f673a15fcea71b,,MD,,gxPopupLevel%3D0%3B,gx-no-cache=1528303102362 HTTP/1.1" 200 3415
200.54.247.70 - - [06/Jun/2018:13:39:29 -0300] "GET /cormun/servlet/licenciaspermisos?2833bf74a5e68d39fce59e39369fdfd1bfc94b622f5144977b3b3e155c917b7da26ddc294b26901911046692911ed85b,gx-no-cache=1528303107133 HTTP/1.1" 200 84
200.54.247.70 - - [06/Jun/2018:13:39:30 -0300] "POST /cormun/servlet/licenciaspermisos?b00685c10c8a427063f673a15fcea71b,INS,0,,,,gx-no-cache=1528303108037 HTTP/1.1" 200 4874
186.67.203.186 - - [06/Jun/2018:13:39:32 -0300] "POST /cormun/servlet/trsolicitudot?a2cb224d8d6d9e5e5572e220fe112dd0,,gx-no-cache=1528303108529 HTTP/1.1" 200 8462
186.67.203.186 - - [06/Jun/2018:13:39:32 -0300] "GET /cormun/static/Shared/jqueryui/images/ui-bg_highlight-soft_100_c6c2c8_1x100.png HTTP/1.1" 404 1117
200.111.122.170 - - [06/Jun/2018:13:39:32 -0300] "GET /cormun/static/Shared/jqueryui/images/ui-icons_82798d_256x240.png HTTP/1.1" 404 1089
200.54.18.251 - - [06/Jun/2018:13:39:32 -0300] "GET /cormun/static/Shared/jqueryui/images/ui-icons_8d78a5_256x240.png HTTP/1.1" 404 1089
186.103.132.155 - - [06/Jun/2018:13:39:32 -0300] "GET /cormun/static/Shared/jqueryui/images/ui-bg_flat_55_fafafa_40x100.png HTTP/1.1" 404 1097
186.67.203.186 - - [06/Jun/2018:13:39:32 -0300] "POST /cormun/servlet/trsolicitudot?a2cb224d8d6d9e5e5572e220fe112dd0,,gx-no-cache=1528303108934 HTTP/1.1" 200 8405
186.67.203.186 - - [06/Jun/2018:13:39:33 -0300] "POST /cormun/servlet/trsolicitudot?a2cb224d8d6d9e5e5572e220fe112dd0,,gx-no-cache=1528303110263 HTTP/1.1" 200 8147
186.67.203.186 - - [06/Jun/2018:13:39:34 -0300] "POST /cormun/servlet/trsolicitudot?a2cb224d8d6d9e5e5572e220fe112dd0,,gx-no-cache=1528303110591 HTTP/1.1" 200 8090
190.46.88.10 - - [06/Jun/2018:13:39:34 -0300] "POST /cormun/servlet/trcontratounov2?3379592bb269767200c3e16eb6511a86,,gx-no-cache=1528303111584 HTTP/1.1" 200 16842
186.67.203.186 - - [06/Jun/2018:13:39:35 -0300] "POST /cormun/servlet/trsolicitudot?a2cb224d8d6d9e5e5572e220fe112dd0,,gx-no-cache=1528303111468 HTTP/1.1" 200 7849
186.103.161.206 - - [06/Jun/2018:13:39:35 -0300] "POST /cormun/servlet/trsolicitudot?a2cb224d8d6d9e5e5572e220fe112dd0,,gx-no-cache=1528303111902 HTTP/1.1" 200 7792
186.103.161.206 - - [06/Jun/2018:13:39:36 -0300] "POST /cormun/servlet/trsolicitudot?a2cb224d8d6d9e5e5572e220fe112dd0,,gx-no-cache=1528303112725 HTTP/1.1" 200 7437
186.103.161.206 - - [06/Jun/2018:13:39:36 -0300] "POST /cormun/servlet/trsolicitudot?a2cb224d8d6d9e5e5572e220fe112dd0,,gx-no-cache=1528303113131 HTTP/1.1" 200 7379
186.103.161.206 - - [06/Jun/2018:13:39:37 -0300] "POST /cormun/servlet/trsolicitudot?a2cb224d8d6d9e5e5572e220fe112dd0,,gx-no-cache=1528303113941 HTTP/1.1" 200 7021
186.103.161.206 - - [06/Jun/2018:13:39:37 -0300] "POST /cormun/servlet/trsolicitudot?a2cb224d8d6d9e5e5572e220fe112dd0,,gx-no-cache=1528303114359 HTTP/1.1" 200 6964
186.103.161.206 - - [06/Jun/2018:13:39:38 -0300] "POST /cormun/servlet/trsolicitudot?a2cb224d8d6d9e5e5572e220fe112dd0,,gx-no-cache=1528303115195 HTTP/1.1" 200 6745
186.103.161.206 - - [06/Jun/2018:13:39:38 -0300] "POST /cormun/servlet/trsolicitudot?a2cb224d8d6d9e5e5572e220fe112dd0,,gx-no-cache=1528303115481 HTTP/1.1" 200 6687
186.103.161.206 - - [06/Jun/2018:13:39:39 -0300] "POST /cormun/servlet/trsolicitudot?a2cb224d8d6d9e5e5572e220fe112dd0,,gx-no-cache=1528303116148 HTTP/1.1" 200 6366
186.103.161.206 - - [06/Jun/2018:13:39:39 -0300] "POST /cormun/servlet/trsolicitudot?a2cb224d8d6d9e5e5572e220fe112dd0,,gx-no-cache=1528303116414 HTTP/1.1" 200 6310
186.103.161.206 - - [06/Jun/2018:13:39:40 -0300] "POST /cormun/servlet/trsolicitudot?a2cb224d8d6d9e5e5572e220fe112dd0,,gx-no-cache=1528303117539 HTTP/1.1" 200 5925
186.103.161.206 - - [06/Jun/2018:13:39:41 -0300] "POST /cormun/servlet/trsolicitudot?a2cb224d8d6d9e5e5572e220fe112dd0,,gx-no-cache=1528303117751 HTTP/1.1" 200 5869
186.103.161.206 - - [06/Jun/2018:13:39:42 -0300] "POST /cormun/servlet/trsolicitudot?a2cb224d8d6d9e5e5572e220fe112dd0,,gx-no-cache=1528303118738 HTTP/1.1" 200 4709
186.103.161.206 - - [06/Jun/2018:13:39:42 -0300] "POST /cormun/servlet/trsolicitudot?a2cb224d8d6d9e5e5572e220fe112dd0,,gx-no-cache=1528303118948 HTTP/1.1" 200 4460
190.151.100.218 - - [06/Jun/2018:13:39:59 -0300] "POST /cormun/servlet/trsolicitudot?a2cb224d8d6d9e5e5572e220fe112dd0,,gx-no-cache=1528303135259 HTTP/1.1" 200 22828
190.151.100.218 - - [06/Jun/2018:13:40:00 -0300] "GET /cormun/static/Resources/PXToolsGridNext.gif HTTP/1.1" 200 369
186.103.161.206 - - [06/Jun/2018:13:40:00 -0300] "GET /cormun/static/Resources/PXToolsGridLast.gif HTTP/1.1" 200 370
186.103.161.206 - - [06/Jun/2018:13:40:02 -0300] "GET /cormun/servlet/solicitudot?INS,0,0, HTTP/1.1" 200 13580
186.103.161.206 - - [06/Jun/2018:13:40:02 -0300] "GET /cormun/servlet/solicitudot?INS,0,0, HTTP/1.1" 200 13585
190.46.88.10 - - [06/Jun/2018:13:40:05 -0300] "POST /cormun/servlet/trcontratounov2?3379592bb269767200c3e16eb6511a86,,gx-no-cache=1528303142902 HTTP/1.1" 200 17420
200.111.122.170 - - [06/Jun/2018:13:40:06 -0300] "GET /cormun/servlet/trsolicitudot? HTTP/1.1" 200 25421
200.111.122.170 - - [06/Jun/2018:13:40:07 -0300] "GET /cormun/servlet/trsolicitudot? HTTP/1.1" 200 25420
200.111.122.170 - - [06/Jun/2018:13:40:12 -0300] "POST /cormun/servlet/trsolicitudot?a2cb224d8d6d9e5e5572e220fe112dd0,,gx-no-cache=1528303148405 HTTP/1.1" 200 22829
200.111.122.170 - - [06/Jun/2018:13:40:14 -0300] "GET /cormun/servlet/solicitudot?INS,0,0, HTTP/1.1" 200 13580
200.111.122.170 - - [06/Jun/2018:13:40:15 -0300] "GET /cormun/servlet/solicitudot?INS,0,0, HTTP/1.1" 200 13585
190.151.100.218 - - [06/Jun/2018:13:40:17 -0300] "GET /cormun/servlet/trsolicitudot? HTTP/1.1" 200 25421
190.151.100.218 - - [06/Jun/2018:13:40:18 -0300] "GET /cormun/servlet/trsolicitudot? HTTP/1.1" 200 25420
190.151.100.218 - - [06/Jun/2018:13:40:20 -0300] "POST /cormun/servlet/trsolicitudot?a2cb224d8d6d9e5e5572e220fe112dd0,,gx-no-cache=1528303156177 HTTP/1.1" 200 103
190.151.100.218 - - [06/Jun/2018:13:40:20 -0300] "GET /cormun/SolicitudOT-1777.xls HTTP/1.1" 200 30208
200.54.247.70 - - [06/Jun/2018:13:40:31 -0300] "GET /cormun/servlet/licenciaspermisos?2833bf74a5e68d39fce59e39369fdfd19e620f8f16e61db0a3f21699de53734758a79f6f9e0774ac9095191fc1e42e203fcc32159e029b8484dc46dd396bada7200c46fb1095f430abe60f9f9d9c8d701e2e5c181e0b71e5043602ab34f395c56f8c4757c8f95fdba5063a7342a08d5f4eff2025c3df8b4c444ad737c311761d1cadf7fdd60e62bedac0e1e6792a8ef87be2fa5eb4de9fbf11526a405bb86ad22b636799cb50a3e5b426f6bd6accefa0,gx-no-cache=1528303169185 HTTP/1.1" 200 30
200.54.247.70 - - [06/Jun/2018:13:40:31 -0300] "GET /cormun/servlet/licenciaspermisos?2833bf74a5e68d39fce59e39369fdfd1791c7ef175c9913d7bce93a55d75d9f9f1fc9f773c0199e71772eed5eb0197421ae283b74dc4d8799dceaba844ada21ca570b0bbc09a2cefa2f7eb5e657226eefbdd065be4fadf91801a5ca1dc598b1d5bf0465aa8fd1a1e04661c5e166122a1e9d9400ee0d4012af3259858c852f2d7e4dd2424c64193e67a6f656e5a5cf1cf987f4693443fc84d71d2076540bce2c8ce2be80cacad82a6dad06f1e8e920b63,gx-no-cache=1528303169478 HTTP/1.1" 200 29
200.54.247.70 - - [06/Jun/2018:13:40:31 -0300] "POST /cormun/servlet/licenciaspermisos?b00685c10c8a427063f673a15fcea71b,INS,0,,,,gx-no-cache=1528303169512 HTTP/1.1" 200 5030
190.46.88.10 - - [06/Jun/2018:13:40:32 -0300] "POST /cormun/servlet/trcontratounov2?3379592bb269767200c3e16eb6511a86,,gx-no-cache=1528303169613 HTTP/1.1" 200 16827
200.54.247.70 - - [06/Jun/2018:13:40:38 -0300] "GET /cormun/servlet/licenciaspermisos?2833bf74a5e68d39fce59e39369fdfd19e620f8f16e61db0a3f21699de53734758a79f6f9e0774ac9095191fc1e42e203fcc32159e029b8484dc46dd396bada7200c46fb1095f430abe60f9f9d9c8d701e2e5c181e0b71e5043602ab34f395c59994f22032932b1373c6b1b4544b2c4d4eff2025c3df8b4c444ad737c311761d29baf5ee9fd4d2a91766305e5dd22df3df64cf9eaa4ec710076183ea71eea12d2572faea6d095d2b3865f9351bc3ce4f48307567beb39ac999ac3578d9c1d050423131ebfb0e371d0cfb669224a0421cdd6a75e66e40a03d4f1de6dce5ea1e0c,gx-no-cache=1528303176506 HTTP/1.1" 200 30
200.54.247.70 - - [06/Jun/2018:13:40:39 -0300] "GET /cormun/servlet/licenciaspermisos?2833bf74a5e68d39fce59e39369fdfd1791c7ef175c9913d7bce93a55d75d9f9f1fc9f773c0199e71772eed5eb0197421ae283b74dc4d8799dceaba844ada21ca570b0bbc09a2cefa2f7eb5e657226eefbdd065be4fadf91801a5ca1dc598b1dc01185ff2ebce4492e1d9b5a480cb791e9d9400ee0d4012af3259858c852f2d7aa7fe346a6d55c7fd625c2db8a85a2a175c897e53e3b93d4868620a3cfa9294c778b7b9810bef39b2f2ce5c2566f4847d54fbc3cb348a494d89f0b4f65e3189409d66387576203b508575a1c03b5a6fc43139bfc487c6fe0c598758baa70995c,gx-no-cache=1528303177030 HTTP/1.1" 200 29
200.54.247.70 - - [06/Jun/2018:13:40:39 -0300] "POST /cormun/servlet/licenciaspermisos?b00685c10c8a427063f673a15fcea71b,INS,0,,,,gx-no-cache=1528303177075 HTTP/1.1" 200 93
200.54.247.70 - - [06/Jun/2018:13:40:39 -0300] "GET /cormun/servlet/hpexe_return? HTTP/1.1" 200 1009
200.54.247.70 - - [06/Jun/2018:13:40:39 -0300] "GET /cormun/servlet/trlicencias HTTP/1.1" 200 16624
200.54.247.70 - - [06/Jun/2018:13:40:40 -0300] "GET /cormun/servlet/trlicencias HTTP/1.1" 200 16619
200.54.247.70 - - [06/Jun/2018:13:40:43 -0300] "GET /cormun/servlet/trlicenciaspermisosadjuntos?18302712,20180606000000,L, HTTP/1.1" 200 6570
200.54.247.70 - - [06/Jun/2018:13:40:44 -0300] "GET /cormun/servlet/trlicenciaspermisosadjuntos?18302712,20180606000000,L, HTTP/1.1" 200 6570
200.54.247.70 - - [06/Jun/2018:13:40:45 -0300] "GET /cormun/servlet/licenciaspermisosadjuntos?INS,18302712,L,20180606000000,, HTTP/1.1" 200 5871
200.54.247.70 - - [06/Jun/2018:13:40:45 -0300] "GET /cormun/static/about:blank HTTP/1.1" 404 1011
200.54.247.70 - - [06/Jun/2018:13:40:45 -0300] "GET /cormun/servlet/licenciaspermisosadjuntos?INS,18302712,L,20180606000000,, HTTP/1.1" 200 5860
200.54.247.70 - - [06/Jun/2018:13:41:01 -0300] "POST /cormun/servlet/licenciaspermisosadjuntos?b00685c10c8a427063f673a15fcea71b,INS,18302712,L,20180606000000,, HTTP/1.1" 200 116
200.54.247.70 - - [06/Jun/2018:13:41:02 -0300] "GET /cormun/servlet/hpexe_return? HTTP/1.1" 200 1040
200.54.247.70 - - [06/Jun/2018:13:41:02 -0300] "GET /cormun/servlet/trlicenciaspermisosadjuntos?18302712,20180606000000,L, HTTP/1.1" 200 7078
200.54.247.70 - - [06/Jun/2018:13:41:02 -0300] "GET /cormun/servlet/trlicenciaspermisosadjuntos?18302712,20180606000000,L, HTTP/1.1" 200 7077
186.79.219.159 - - [06/Jun/2018:13:41:04 -0300] "GET /cormun/servlet/trsolicitudot? HTTP/1.1" 200 7439
186.79.219.159 - - [06/Jun/2018:13:41:05 -0300] "GET /cormun/static/calendar-system.css?85620 HTTP/1.1" 200 5572
200.54.247.70 - - [06/Jun/2018:13:41:05 -0300] "POST /cormun/servlet/trlicenciaspermisosadjuntos?b00685c10c8a427063f673a15fcea71b,18302712,20180606000000,L,,gx-no-cache=1528303203356 HTTP/1.1" 200 90
200.54.247.70 - - [06/Jun/2018:13:41:05 -0300] "GET /cormun/servlet/hpexe_link HTTP/1.1" 200 982
200.54.247.70 - - [06/Jun/2018:13:41:06 -0300] "GET /cormun/servlet/trlicencias HTTP/1.1" 200 16621
186.79.219.159 - - [06/Jun/2018:13:41:06 -0300] "GET /cormun/static/Resources/Spanish/PXTools.css?1255365 HTTP/1.1" 200 89042
200.54.247.70 - - [06/Jun/2018:13:41:06 -0300] "GET /cormun/servlet/trlicencias HTTP/1.1" 200 16619
186.79.219.159 - - [06/Jun/2018:13:41:08 -0300] "GET /cormun/servlet/trsolicitudot? HTTP/1.1" 200 7439
200.54.247.70 - - [06/Jun/2018:13:41:08 -0300] "GET /cormun/servlet/alicenciaprn?18302712,L,20180606000000,PU HTTP/1.1" 200 1522
186.79.219.159 - - [06/Jun/2018:13:41:10 -0300] "GET /cormun/servlet/trcontratounov2? HTTP/1.1" 200 17023
186.79.219.159 - - [06/Jun/2018:13:41:12 -0300] "GET /cormun/servlet/trcontratounov2? HTTP/1.1" 200 17033
200.54.247.70 - - [06/Jun/2018:13:41:22 -0300] "POST /cormun/servlet/trlicencias?b00685c10c8a427063f673a15fcea71b,gx-no-cache=1528303219873 HTTP/1.1" 200 14080
200.54.247.70 - - [06/Jun/2018:13:41:22 -0300] "GET /cormun/static/Shared/jqueryui/images/ui-bg_highlight-soft_100_c6c2c8_1x100.png HTTP/1.1" 404 1117
200.54.247.70 - - [06/Jun/2018:13:41:22 -0300] "GET /cormun/static/Shared/jqueryui/images/ui-icons_82798d_256x240.png HTTP/1.1" 404 1089
200.54.247.70 - - [06/Jun/2018:13:41:23 -0300] "GET /cormun/static/Shared/jqueryui/images/ui-icons_8d78a5_256x240.png HTTP/1.1" 404 1089
200.54.247.70 - - [06/Jun/2018:13:41:23 -0300] "GET /cormun/static/Shared/jqueryui/images/ui-bg_flat_55_fafafa_40x100.png HTTP/1.1" 404 1097
186.79.219.159 - - [06/Jun/2018:13:41:25 -0300] "POST /cormun/servlet/trcontratounov2?3379592bb269767200c3e16eb6511a86,,gx-no-cache=1528303219016 HTTP/1.1" 200 17227
200.111.122.170 - - [06/Jun/2018:13:41:41 -0300] "GET /cormun/servlet/solicitudot?INS,0,0, HTTP/1.1" 200 13579
200.111.122.170 - - [06/Jun/2018:13:41:41 -0300] "GET /cormun/servlet/solicitudot?INS,0,0, HTTP/1.1" 200 13583
186.79.219.159 - - [06/Jun/2018:13:41:42 -0300] "GET /cormun/servlet/trsolicitudot? HTTP/1.1" 200 7439
186.79.219.159 - - [06/Jun/2018:13:41:44 -0300] "GET /cormun/servlet/trsolicitudot? HTTP/1.1" 200 7439
190.46.88.10 - - [06/Jun/2018:13:41:46 -0300] "GET /cormun/servlet/solicitudot?INS,0,0, HTTP/1.1" 200 13662
190.46.88.10 - - [06/Jun/2018:13:41:46 -0300] "GET /cormun/static/gxcfg.js?201812313224582 HTTP/1.1" 200 953
190.46.88.10 - - [06/Jun/2018:13:41:47 -0300] "GET /cormun/servlet/solicitudot?INS,0,0, HTTP/1.1" 200 13667
186.67.203.186 - - [06/Jun/2018:13:41:51 -0300] "POST /cormun/servlet/solicitudot?gx-no-cache=1528303248395 HTTP/1.1" 200 3292
186.67.203.186 - - [06/Jun/2018:13:41:52 -0300] "POST /cormun/servlet/solicitudot?a2cb224d8d6d9e5e5572e220fe112dd0,INS,0,0,,gx-no-cache=1528303248626 HTTP/1.1" 200 10445
190.46.88.10 - - [06/Jun/2018:13:41:52 -0300] "POST /cormun/servlet/solicitudot?gx-no-cache=1528303250266 HTTP/1.1" 200 3395
190.46.88.10 - - [06/Jun/2018:13:41:53 -0300] "POST /cormun/servlet/solicitudot?3379592bb269767200c3e16eb6511a86,INS,0,0,,gx-no-cache=1528303250628 HTTP/1.1" 200 10557
186.103.161.206 - - [06/Jun/2018:13:41:55 -0300] "GET /cormun/servlet/solicitudot?43be2b83ec16dbcb9e1651e2aaff3b07d3bd76b86b9e2ea8140003f3c1c7ce8b206643f7762bae41b211a68a1f263768,gx-no-cache=1528303252216 HTTP/1.1" 200 30
186.103.161.206 - - [06/Jun/2018:13:42:01 -0300] "GET /cormun/servlet/solicitudot?43be2b83ec16dbcb9e1651e2aaff3b07e24b91855c3aa88421095e68b2ede63a,gx-no-cache=1528303257768 HTTP/1.1" 200 94
186.103.161.206 - - [06/Jun/2018:13:42:01 -0300] "GET /cormun/static/Shared/jqueryui/images/ui-bg_highlight-soft_100_c6c2c8_1x100.png HTTP/1.1" 404 1117
186.103.132.155 - - [06/Jun/2018:13:42:01 -0300] "GET /cormun/servlet/solicitudot?43be2b83ec16dbcb9e1651e2aaff3b0747a1b53e4f8353d0ee483aea74d1fe82,gx-no-cache=1528303257834 HTTP/1.1" 200 29
186.67.203.186 - - [06/Jun/2018:13:42:01 -0300] "GET /cormun/static/Shared/jqueryui/images/ui-bg_flat_55_994d53_40x100.png HTTP/1.1" 404 1097
186.103.161.206 - - [06/Jun/2018:13:42:01 -0300] "GET /cormun/static/Shared/jqueryui/images/ui-icons_82798d_256x240.png HTTP/1.1" 404 1089
186.103.161.206 - - [06/Jun/2018:13:42:01 -0300] "GET /cormun/static/Shared/jqueryui/images/ui-icons_ebccce_256x240.png HTTP/1.1" 404 1089
186.103.161.206 - - [06/Jun/2018:13:42:01 -0300] "POST /cormun/servlet/solicitudot?gx-no-cache=1528303257901 HTTP/1.1" 200 297
186.103.161.206 - - [06/Jun/2018:13:42:01 -0300] "GET /cormun/servlet/solicitudot?43be2b83ec16dbcb9e1651e2aaff3b07b3bee08f755f054d0072003e1a5edd77184f55f18955433874ca4d37b8cf7a54e7ad0511e304be29b452166eedb6819254fb2747d3548092412caaef190aeb4cad868c7b24b0f4596f77fdcf621ad410a4cadd7b8cd0a5d7076b0a9171ce2f251b70b0662356329e28d6f9c5c56637f3400cfba1807321a358769d22147837e440aa2cd87a96e6c8a4ed0fd6cd0b2c9924b2fde790cdcc4fe8ec71cda1b37ac5d6016f2864e2c384004de7ccc97271a97299ff54decba955e4e991fad8928feb98cf95e9bc8ce63e5842746770ed7cf59ae6345161bbc497c1be1107209a15f22a358fc2aade9e9c91162e8f44c76240bcc58f215af445d10eecc981bf5b035686d8902aea7362ed46c59c2aeae817f0df77cc3a4a2af4e0583aabbeb1c3a1d0ecbb188111ded3957aa33e65cd5e039e841ef1aeeb0cdd874c16e310fae47a4f227b0d6e47cf368721a054f5027da7ebfd954fec17ea1a846718fbbe78bcfb3ab642daf7dea70d862832c8588cb0d497a1598cd68bbc236b7afcea769f66c4e8,gx-no-cache=1528303257957 HTTP/1.1" 200 30
186.103.161.206 - - [06/Jun/2018:13:42:01 -0300] "POST /cormun/servlet/solicitudot?gx-no-cache=1528303258008 HTTP/1.1" 200 30
186.103.161.206 - - [06/Jun/2018:13:42:01 -0300] "POST /cormun/servlet/solicitudot?gx-no-cache=1528303258076 HTTP/1.1" 200 1369
186.103.161.206 - - [06/Jun/2018:13:42:01 -0300] "POST /cormun/servlet/solicitudot?gx-no-cache=1528303258137 HTTP/1.1" 200 38
190.46.88.10 - - [06/Jun/2018:13:42:02 -0300] "GET /cormun/servlet/solicitudot?38b6c8cbb86b19a75e09ef7c249070ce4daad043aef47ea6cc60926cec8d1c8794ac7b9b5f3a41eab616b36a0a9c4453,gx-no-cache=1528303260161 HTTP/1.1" 200 30
190.46.88.10 - - [06/Jun/2018:13:42:02 -0300] "GET /cormun/servlet/solicitudot?38b6c8cbb86b19a75e09ef7c249070ceef5040cebbbd1caa08f3869396b7528494cf3f37638671f5b48941590182d2bd94ac7b9b5f3a41eab616b36a0a9c4453,gx-no-cache=1528303260282 HTTP/1.1" 200 30
190.46.88.10 - - [06/Jun/2018:13:42:02 -0300] "GET /cormun/servlet/solicitudot?38b6c8cbb86b19a75e09ef7c249070ce01ed2956fa8413f377c1b089dadb5e8f,gx-no-cache=1528303260364 HTTP/1.1" 200 51
190.46.88.10 - - [06/Jun/2018:13:42:02 -0300] "POST /cormun/servlet/solicitudot?gx-no-cache=1528303260455 HTTP/1.1" 200 297
190.46.88.10 - - [06/Jun/2018:13:42:02 -0300] "GET /cormun/servlet/solicitudot?38b6c8cbb86b19a75e09ef7c249070cee07ebb880b8ae4b002217c9fdf1ca1d9b1926a5e0604265b7d7aa372f73afada014314bacb50a3566211682a374ca94b0090b9d907eb7622ba3423150f031ec21f3b67b982ffe78fd303adf9f083ea4e0999cb0ed3900a0d6cb97f3be9573bd1ba91152d2dd1abc9a1c4a33066a1b9b29a41baac6110398ed8a07f97bee7fae9913d7fbf17388871328123c362f5e691c219dc4244ba15c196f53c40a74e696021a7de4d2dc1691ae24508d402b0e07e51f77c53c4a2ed2dd6015c81ac0d8cd7c42e22f8b16101789d330972af4fe96b043670aeae8b3f7d503ee67de9db403b238abc43a375d1acf8cecd6f78092e6e82cf9eab749dc8f522608503119ddfb8ff2556d7588eb8cf57f153c8636eee441f813c2c057e00b9958efdd50803cfc56b259d9f0eb0ab6c5f3da088085524bef51816cc7020461f096036a12ebce96bd15f87106b9a18914cb9f5b2054606c6c8f1dc8b6e09feb1d4289a1877fc2467f9fc5ad6e85ab8742cef402eec22e42768191002ee84db97bd3c5f2f4dde4279,gx-no-cache=1528303260543 HTTP/1.1" 200 30
190.46.88.10 - - [06/Jun/2018:13:42:13 -0300] "POST /cormun/servlet/solicitudot?gx-no-cache=1528303270681 HTTP/1.1" 200 30
139.162.111.98 - - [06/Jun/2018:13:42:16 -0300] "GET / HTTP/1.1" 200 11217
190.46.88.10 - - [06/Jun/2018:13:42:23 -0300] "GET /cormun/servlet/prlicenciaspermisos?15104893,L,,MD,,gxPopupLevel%3D0%3B HTTP/1.1" 200 6483
190.46.88.10 - - [06/Jun/2018:13:42:23 -0300] "GET /cormun/static/gxcfg.js?20176272053834 HTTP/1.1" 200 953
190.46.88.10 - - [06/Jun/2018:13:42:23 -0300] "GET /cormun/static/prlicenciaspermisos.js?20176272054050 HTTP/1.1" 200 13379
186.103.132.155 - - [06/Jun/2018:13:42:38 -0300] "POST /cormun/servlet/solicitudot?gx-no-cache=1528303295585 HTTP/1.1" 200 3410
186.103.132.155 - - [06/Jun/2018:13:42:39 -0300] "POST /cormun/servlet/solicitudot?a2cb224d8d6d9e5e5572e220fe112dd0,INS,0,0,,gx-no-cache=1528303295769 HTTP/1.1" 200 11741
190.46.88.10 - - [06/Jun/2018:13:42:43 -0300] "POST /cormun/servlet/solicitudot?gx-no-cache=1528303301042 HTTP/1.1" 200 1368
186.103.132.155 - - [06/Jun/2018:13:42:44 -0300] "GET /cormun/servlet/solicitudot?43be2b83ec16dbcb9e1651e2aaff3b0791f225c9c0d1aed84444b625843490a167812871b3b749c5f26bf78439098596,gx-no-cache=1528303301038 HTTP/1.1" 200 30
186.103.132.155 - - [06/Jun/2018:13:42:44 -0300] "GET /cormun/servlet/solicitudot?43be2b83ec16dbcb9e1651e2aaff3b075b1790be87adb3d106a3084c2344836c36eb5cf469814a9f8f1591197f1abd70ba43455bd188869bfcbed8d0dbc9d533,gx-no-cache=1528303301120 HTTP/1.1" 200 30
186.103.132.155 - - [06/Jun/2018:13:42:44 -0300] "GET /cormun/servlet/solicitudot?43be2b83ec16dbcb9e1651e2aaff3b07a6a799f284722f5cc31889aae7f499f1,gx-no-cache=1528303301218 HTTP/1.1" 200 53
186.103.132.155 - - [06/Jun/2018:13:42:44 -0300] "POST /cormun/servlet/solicitudot?gx-no-cache=1528303301314 HTTP/1.1" 200 297
186.103.132.155 - - [06/Jun/2018:13:42:44 -0300] "GET /cormun/servlet/solicitudot?43be2b83ec16dbcb9e1651e2aaff3b07b3bee08f755f054d0072003e1a5edd77184f55f18955433874ca4d37b8cf7a54e7ad0511e304be29b452166eedb6819254fb2747d3548092412caaef190aeb4cad868c7b24b0f4596f77fdcf621ad410a4cadd7b8cd0a5d7076b0a9171ce2f251b70b0662356329e28d6f9c5c56637f3400cfba1807321a358769d22147837e440aa2cd87a96e6c8a4ed0fd6cd0b2c9924b2fde790cdcc4fe8ec71cda1b37ac5d6016f2864e2c384004de7ccc97271a97299ff54decba955e4e991fad8928feb98cf95e9bc8ce63e5842746770ed7cf59ae6345161bbc497c1be1107209a15f22a358fc2aade9e9c91162e8f44c76240bcc58f215af445d10eecc981bf5b035686d8902aea7362ed46c59c2aeae817f0df77cc3a4a2af4e0583aabbeb1c3a1d0ecbb188111ded3957aa33e65cd5e039e841ef1aeeb0cdd874c16e310fae47a4f227b0d6e47cf368721a054f5027da7ebfd954fec17ea1a846718fbbe78bcfb3a7a033ecb00eeb4706cd75d925a34566ea1598cd68bbc236b7afcea769f66c4e8,gx-no-cache=1528303301429 HTTP/1.1" 200 30
190.46.88.10 - - [06/Jun/2018:13:42:46 -0300] "GET /cormun/servlet/hlogin HTTP/1.1" 200 1738
186.103.132.155 - - [06/Jun/2018:13:42:46 -0300] "POST /cormun/servlet/solicitudot?gx-no-cache=1528303303128 HTTP/1.1" 200 30
186.67.203.186 - - [06/Jun/2018:13:43:37 -0300] "POST /cormun/servlet/solicitudot?gx-no-cache=1528303353713 HTTP/1.1" 200 1368
186.67.203.186 - - [06/Jun/2018:13:43:37 -0300] "POST /cormun/servlet/solicitudot?gx-no-cache=1528303353874 HTTP/1.1" 200 38
186.67.203.186 - - [06/Jun/2018:13:43:44 -0300] "GET /cormun/servlet/solicitudot?43be2b83ec16dbcb9e1651e2aaff3b072772bcabe1dccf415b96cf148785dd9c53622453ba063d51a88a422d21da93d492592f81a54baa1397562c21428f89e2e53842feaf6cb63b9a231a8419cb19323c1b330b1336983a6243d9cbcf5a0e5d9533938fc16f41cecb8798fe606268ba,gx-no-cache=1528303360849 HTTP/1.1" 200 29
186.67.203.186 - - [06/Jun/2018:13:43:45 -0300] "POST /cormun/servlet/solicitudot?gx-no-cache=1528303360903 HTTP/1.1" 200 1350
186.67.203.186 - - [06/Jun/2018:13:43:45 -0300] "POST /cormun/servlet/solicitudot?gx-no-cache=1528303361826 HTTP/1.1" 200 1249
186.67.203.186 - - [06/Jun/2018:13:43:45 -0300] "GET /cormun/static/menuarrow.gif HTTP/1.1" 404 1015
186.103.161.206 - - [06/Jun/2018:13:44:03 -0300] "POST /cormun/servlet/solicitudot?gx-no-cache=1528303380549 HTTP/1.1" 200 1350
186.103.161.206 - - [06/Jun/2018:13:44:04 -0300] "POST /cormun/servlet/solicitudot?gx-no-cache=1528303380634 HTTP/1.1" 200 1249
