192.168.10.56 - - [06/Jun/2018:16:32:48 -0300] "POST /cormun/servlet/hlogin?4031c0fd071b26b2ced486808be4a350,gx-no-cache=1528313370356 HTTP/1.1" 200 90
192.168.10.56 - - [06/Jun/2018:16:32:48 -0300] "GET /cormun/servlet/hpexe_link HTTP/1.1" 200 948
192.168.10.56 - - [06/Jun/2018:16:32:48 -0300] "GET /cormun/servlet/hhome HTTP/1.1" 200 3840
192.168.10.56 - - [06/Jun/2018:16:32:48 -0300] "GET /cormun/servlet/hhome HTTP/1.1" 200 3837
200.73.230.197 - - [06/Jun/2018:16:32:49 -0300] "GET /cormun/servlet/trpermisosgoce HTTP/1.1" 200 10677
192.168.10.96 - - [06/Jun/2018:16:32:49 -0300] "GET /cormun/servlet/vesolicitudgral?2018,11630,,SolicitudOTAdjuntos HTTP/1.1" 200 11404
190.46.88.10 - - [06/Jun/2018:16:32:50 -0300] "POST /cormun/servlet/trpermisosadjuntos?98b43f23e0913268f62f1a6698892d2e,13250827,20180606152326,P,,gx-no-cache=1528313508056 HTTP/1.1" 200 90
190.46.88.10 - - [06/Jun/2018:16:32:50 -0300] "GET /cormun/servlet/hpexe_link HTTP/1.1" 200 985
186.103.159.189 - - [06/Jun/2018:16:32:50 -0300] "GET /cormun/servlet/hlogin HTTP/1.1" 200 1721
190.46.88.10 - - [06/Jun/2018:16:32:50 -0300] "GET /cormun/servlet/trpermisosgoce HTTP/1.1" 200 14273
192.168.10.96 - - [06/Jun/2018:16:32:51 -0300] "GET /cormun/servlet/vesolicitudgral?2018,11630,,SolicitudOTAdjuntos HTTP/1.1" 200 11405
192.168.10.56 - - [06/Jun/2018:16:32:51 -0300] "GET /cormun/servlet/trautorizarot? HTTP/1.1" 200 16511
192.168.10.96 - - [06/Jun/2018:16:32:51 -0300] "POST /cormun/servlet/acontrolpreferencessavestate?None,DZAMUDIO,true HTTP/1.1" 200 35
192.168.10.96 - - [06/Jun/2018:16:32:51 -0300] "GET /cormun/PublicTempStorage/licencia_ense%F1anza_media4599676.pdf HTTP/1.1" 200 660234
192.168.10.56 - - [06/Jun/2018:16:32:51 -0300] "GET /cormun/servlet/trautorizarot? HTTP/1.1" 200 16509
190.46.88.10 - - [06/Jun/2018:16:32:52 -0300] "GET /cormun/servlet/trpermisosgoce HTTP/1.1" 200 14271
200.73.230.197 - - [06/Jun/2018:16:32:55 -0300] "GET /cormun/servlet/apermisogoceprn?11274998,P,20180606152843,PU HTTP/1.1" 200 1659
190.46.88.10 - - [06/Jun/2018:16:32:56 -0300] "GET /cormun/servlet/trpermisosadjuntos?6264666,20180606152352,P, HTTP/1.1" 200 6546
192.168.10.96 - - [06/Jun/2018:16:32:57 -0300] "GET /cormun/servlet/vesolicitudgral?2018,11630,,SolicitudOTAdjuntos HTTP/1.1" 200 11403
190.46.88.10 - - [06/Jun/2018:16:32:57 -0300] "GET /cormun/servlet/trpermisosadjuntos?6264666,20180606152352,P, HTTP/1.1" 200 6546
192.168.10.96 - - [06/Jun/2018:16:32:58 -0300] "GET /cormun/servlet/vesolicitudgral?2018,11630,,SolicitudOTAdjuntos HTTP/1.1" 200 11406
192.168.10.96 - - [06/Jun/2018:16:32:58 -0300] "POST /cormun/servlet/acontrolpreferencessavestate?None,DZAMUDIO,true HTTP/1.1" 200 35
190.46.88.10 - - [06/Jun/2018:16:32:59 -0300] "GET /cormun/servlet/permisosadjuntos?INS,6264666,P,20180606152352,, HTTP/1.1" 200 5877
192.168.10.96 - - [06/Jun/2018:16:32:59 -0300] "GET /cormun/PublicTempStorage/afiliacion_afp4837670.pdf HTTP/1.1" 200 462449
190.46.88.10 - - [06/Jun/2018:16:32:59 -0300] "GET /cormun/static/about:blank HTTP/1.1" 404 1011
190.46.88.10 - - [06/Jun/2018:16:33:00 -0300] "GET /cormun/servlet/permisosadjuntos?INS,6264666,P,20180606152352,, HTTP/1.1" 200 5867
192.168.10.96 - - [06/Jun/2018:16:33:04 -0300] "GET /cormun/servlet/vesolicitudgral?2018,11630,,SolicitudOTAdjuntos HTTP/1.1" 200 11401
192.168.10.96 - - [06/Jun/2018:16:33:05 -0300] "GET /cormun/servlet/vesolicitudgral?2018,11630,,SolicitudOTAdjuntos HTTP/1.1" 200 11404
192.168.10.96 - - [06/Jun/2018:16:33:05 -0300] "POST /cormun/servlet/acontrolpreferencessavestate?None,DZAMUDIO,true HTTP/1.1" 200 35
192.168.10.96 - - [06/Jun/2018:16:33:07 -0300] "GET /cormun/PublicTempStorage/afiliacion_fonasa1814028.pdf HTTP/1.1" 200 471394
192.168.10.56 - - [06/Jun/2018:16:33:07 -0300] "POST /cormun/servlet/trautorizarot?4031c0fd071b26b2ced486808be4a350,,gx-no-cache=1528313389300 HTTP/1.1" 200 13188
192.168.10.56 - - [06/Jun/2018:16:33:09 -0300] "GET /cormun/servlet/hlogin HTTP/1.1" 200 1736
190.46.88.10 - - [06/Jun/2018:16:33:09 -0300] "POST /cormun/servlet/permisosadjuntos?98b43f23e0913268f62f1a6698892d2e,INS,6264666,P,20180606152352,, HTTP/1.1" 200 116
190.46.88.10 - - [06/Jun/2018:16:33:09 -0300] "GET /cormun/servlet/hpexe_return? HTTP/1.1" 200 1039
190.46.88.10 - - [06/Jun/2018:16:33:10 -0300] "GET /cormun/servlet/trpermisosadjuntos?6264666,20180606152352,P, HTTP/1.1" 200 7040
190.46.88.10 - - [06/Jun/2018:16:33:11 -0300] "GET /cormun/servlet/trpermisosadjuntos?6264666,20180606152352,P, HTTP/1.1" 200 7036
190.46.88.10 - - [06/Jun/2018:16:33:13 -0300] "POST /cormun/servlet/trpermisosadjuntos?98b43f23e0913268f62f1a6698892d2e,6264666,20180606152352,P,,gx-no-cache=1528313531234 HTTP/1.1" 200 90
190.46.88.10 - - [06/Jun/2018:16:33:13 -0300] "GET /cormun/servlet/hpexe_link HTTP/1.1" 200 984
190.46.88.10 - - [06/Jun/2018:16:33:13 -0300] "GET /cormun/servlet/trpermisosgoce HTTP/1.1" 200 14273
190.46.88.10 - - [06/Jun/2018:16:33:15 -0300] "GET /cormun/servlet/trpermisosgoce HTTP/1.1" 200 14271
192.168.10.96 - - [06/Jun/2018:16:33:15 -0300] "GET /cormun/servlet/vesolicitudgral?2018,11630,,SolicitudOTAdjuntos HTTP/1.1" 200 11395
192.168.10.96 - - [06/Jun/2018:16:33:16 -0300] "GET /cormun/servlet/vesolicitudgral?2018,11630,,SolicitudOTAdjuntos HTTP/1.1" 200 11395
192.168.10.96 - - [06/Jun/2018:16:33:16 -0300] "POST /cormun/servlet/acontrolpreferencessavestate?None,DZAMUDIO,true HTTP/1.1" 200 35
192.168.10.96 - - [06/Jun/2018:16:33:17 -0300] "GET /cormun/PublicTempStorage/cert._de_antecedentes5578461.pdf HTTP/1.1" 200 792599
190.100.93.40 - - [06/Jun/2018:16:33:20 -0300] "GET /cormun/static/menuarrow.gif HTTP/1.1" 404 1015
190.46.88.10 - - [06/Jun/2018:16:33:22 -0300] "GET /cormun/servlet/trpermisosadjuntos?7324314,20180606152426,P, HTTP/1.1" 200 6543
192.168.10.96 - - [06/Jun/2018:16:33:22 -0300] "GET /cormun/servlet/vesolicitudgral?2018,11630,,SolicitudOTAdjuntos HTTP/1.1" 200 11400
192.168.10.96 - - [06/Jun/2018:16:33:23 -0300] "GET /cormun/servlet/vesolicitudgral?2018,11630,,SolicitudOTAdjuntos HTTP/1.1" 200 11397
190.46.88.10 - - [06/Jun/2018:16:33:23 -0300] "GET /cormun/servlet/trpermisosadjuntos?7324314,20180606152426,P, HTTP/1.1" 200 6543
192.168.10.96 - - [06/Jun/2018:16:33:23 -0300] "POST /cormun/servlet/acontrolpreferencessavestate?None,DZAMUDIO,true HTTP/1.1" 200 35
192.168.10.96 - - [06/Jun/2018:16:33:24 -0300] "GET /cormun/PublicTempStorage/curriculum7003523.pdf HTTP/1.1" 200 511846
190.46.88.10 - - [06/Jun/2018:16:33:25 -0300] "GET /cormun/servlet/permisosadjuntos?INS,7324314,P,20180606152426,, HTTP/1.1" 200 5875
190.46.88.10 - - [06/Jun/2018:16:33:26 -0300] "GET /cormun/static/about:blank HTTP/1.1" 404 1011
190.46.88.10 - - [06/Jun/2018:16:33:27 -0300] "GET /cormun/servlet/permisosadjuntos?INS,7324314,P,20180606152426,, HTTP/1.1" 200 5865
190.46.88.10 - - [06/Jun/2018:16:33:34 -0300] "POST /cormun/servlet/permisosadjuntos?98b43f23e0913268f62f1a6698892d2e,INS,7324314,P,20180606152426,, HTTP/1.1" 200 116
190.46.88.10 - - [06/Jun/2018:16:33:34 -0300] "GET /cormun/servlet/hpexe_return? HTTP/1.1" 200 1039
190.46.88.10 - - [06/Jun/2018:16:33:34 -0300] "GET /cormun/servlet/trpermisosadjuntos?7324314,20180606152426,P, HTTP/1.1" 200 7038
200.73.230.197 - - [06/Jun/2018:16:33:34 -0300] "GET /cormun/servlet/permisogoce?INS,0,,, HTTP/1.1" 200 6787
190.46.88.10 - - [06/Jun/2018:16:33:35 -0300] "GET /cormun/servlet/trpermisosadjuntos?7324314,20180606152426,P, HTTP/1.1" 200 7034
200.73.230.197 - - [06/Jun/2018:16:33:36 -0300] "GET /cormun/servlet/permisogoce?INS,0,,, HTTP/1.1" 200 6786
190.46.88.10 - - [06/Jun/2018:16:33:38 -0300] "POST /cormun/servlet/trpermisosadjuntos?98b43f23e0913268f62f1a6698892d2e,7324314,20180606152426,P,,gx-no-cache=1528313556612 HTTP/1.1" 200 90
190.46.88.10 - - [06/Jun/2018:16:33:38 -0300] "GET /cormun/servlet/hpexe_link HTTP/1.1" 200 985
190.46.88.10 - - [06/Jun/2018:16:33:39 -0300] "GET /cormun/servlet/trpermisosgoce HTTP/1.1" 200 14273
190.46.88.10 - - [06/Jun/2018:16:33:40 -0300] "GET /cormun/servlet/trpermisosgoce HTTP/1.1" 200 14271
190.46.88.10 - - [06/Jun/2018:16:33:45 -0300] "GET /cormun/servlet/trpermisosadjuntos?9337152,20180606152449,P, HTTP/1.1" 200 6553
190.46.88.10 - - [06/Jun/2018:16:33:46 -0300] "GET /cormun/servlet/trpermisosadjuntos?9337152,20180606152449,P, HTTP/1.1" 200 6553
190.46.88.10 - - [06/Jun/2018:16:33:49 -0300] "GET /cormun/servlet/permisosadjuntos?INS,9337152,P,20180606152449,, HTTP/1.1" 200 5883
190.46.88.10 - - [06/Jun/2018:16:33:49 -0300] "GET /cormun/static/about:blank HTTP/1.1" 404 1011
190.46.88.10 - - [06/Jun/2018:16:33:50 -0300] "GET /cormun/servlet/permisosadjuntos?INS,9337152,P,20180606152449,, HTTP/1.1" 200 5872
190.46.88.10 - - [06/Jun/2018:16:34:03 -0300] "POST /cormun/servlet/permisosadjuntos?98b43f23e0913268f62f1a6698892d2e,INS,9337152,P,20180606152449,, HTTP/1.1" 200 116
190.46.88.10 - - [06/Jun/2018:16:34:03 -0300] "GET /cormun/servlet/hpexe_return? HTTP/1.1" 200 1038
190.46.88.10 - - [06/Jun/2018:16:34:04 -0300] "GET /cormun/servlet/trpermisosadjuntos?9337152,20180606152449,P, HTTP/1.1" 200 7047
190.46.88.10 - - [06/Jun/2018:16:34:05 -0300] "GET /cormun/servlet/trpermisosadjuntos?9337152,20180606152449,P, HTTP/1.1" 200 7044
190.46.88.10 - - [06/Jun/2018:16:34:09 -0300] "POST /cormun/servlet/trpermisosadjuntos?98b43f23e0913268f62f1a6698892d2e,9337152,20180606152449,P,,gx-no-cache=1528313586882 HTTP/1.1" 200 90
190.46.88.10 - - [06/Jun/2018:16:34:09 -0300] "GET /cormun/servlet/hpexe_link HTTP/1.1" 200 984
200.73.230.197 - - [06/Jun/2018:16:34:09 -0300] "GET /cormun/servlet/permisogoce?bc7af41772b2c57479cc2c8a7ef981b3def43e764fa0017df7cb7e632661c308dafadae829fd260834497f0f591389289d03d7ef8a3beab1caacca9b68ea9827,gx-no-cache=1528313585993 HTTP/1.1" 200 226
190.46.88.10 - - [06/Jun/2018:16:34:09 -0300] "GET /cormun/servlet/trpermisosgoce HTTP/1.1" 200 14273
200.73.230.197 - - [06/Jun/2018:16:34:09 -0300] "GET /cormun/static/Shared/jqueryui/images/ui-bg_highlight-soft_100_c6c2c8_1x100.png HTTP/1.1" 404 1117
200.73.230.197 - - [06/Jun/2018:16:34:09 -0300] "GET /cormun/static/Shared/jqueryui/images/ui-icons_82798d_256x240.png HTTP/1.1" 404 1089
200.73.230.197 - - [06/Jun/2018:16:34:09 -0300] "GET /cormun/static/Shared/jqueryui/images/ui-bg_flat_55_994d53_40x100.png HTTP/1.1" 404 1097
200.73.230.197 - - [06/Jun/2018:16:34:09 -0300] "GET /cormun/static/Shared/jqueryui/images/ui-icons_ebccce_256x240.png HTTP/1.1" 404 1089
190.46.88.10 - - [06/Jun/2018:16:34:10 -0300] "GET /cormun/servlet/trpermisosgoce HTTP/1.1" 200 14271
186.103.159.189 - - [06/Jun/2018:16:34:13 -0300] "POST /cormun/servlet/hlogin?23afa7fa6faea5f6eda6e31c47b87bd5,gx-no-cache=1528313590515 HTTP/1.1" 200 90
186.103.159.189 - - [06/Jun/2018:16:34:13 -0300] "GET /cormun/servlet/hpexe_link HTTP/1.1" 200 978
186.103.159.189 - - [06/Jun/2018:16:34:14 -0300] "GET /cormun/servlet/solicitudotadjuntos?INS,2018,11652,,1, HTTP/1.1" 200 6026
186.103.159.189 - - [06/Jun/2018:16:34:14 -0300] "GET /cormun/static/about:blank HTTP/1.1" 404 1011
186.103.159.189 - - [06/Jun/2018:16:34:15 -0300] "GET /cormun/servlet/solicitudotadjuntos?INS,2018,11652,,1, HTTP/1.1" 200 6025
186.103.159.189 - - [06/Jun/2018:16:34:16 -0300] "GET /cormun/servlet/solicitudotadjuntos?c214580105269a88661ea3d140e33d5d73cfc91e243c7fe714d36bec5e912374ace09bae863b4a66d5141f55b966b5f7,gx-no-cache=1528313593139 HTTP/1.1" 200 30
186.103.159.189 - - [06/Jun/2018:16:34:16 -0300] "POST /cormun/servlet/solicitudotadjuntos?23afa7fa6faea5f6eda6e31c47b87bd5,INS,2018,11652,,1,,gx-no-cache=1528313593193 HTTP/1.1" 200 3778
190.46.88.10 - - [06/Jun/2018:16:34:17 -0300] "GET /cormun/servlet/trpermisosadjuntos?10026195,20180606152515,P, HTTP/1.1" 200 6543
190.46.88.10 - - [06/Jun/2018:16:34:19 -0300] "GET /cormun/servlet/trpermisosadjuntos?10026195,20180606152515,P, HTTP/1.1" 200 6543
190.46.88.10 - - [06/Jun/2018:16:34:22 -0300] "GET /cormun/servlet/permisosadjuntos?INS,10026195,P,20180606152515,, HTTP/1.1" 200 5877
190.46.88.10 - - [06/Jun/2018:16:34:22 -0300] "GET /cormun/static/about:blank HTTP/1.1" 404 1011
190.46.88.10 - - [06/Jun/2018:16:34:23 -0300] "GET /cormun/servlet/permisosadjuntos?INS,10026195,P,20180606152515,, HTTP/1.1" 200 5867
190.46.88.10 - - [06/Jun/2018:16:34:41 -0300] "POST /cormun/servlet/permisosadjuntos?98b43f23e0913268f62f1a6698892d2e,INS,10026195,P,20180606152515,, HTTP/1.1" 200 116
190.46.88.10 - - [06/Jun/2018:16:34:41 -0300] "GET /cormun/servlet/hpexe_return? HTTP/1.1" 200 1038
190.46.88.10 - - [06/Jun/2018:16:34:41 -0300] "GET /cormun/servlet/trpermisosadjuntos?10026195,20180606152515,P, HTTP/1.1" 200 7037
200.73.230.197 - - [06/Jun/2018:16:34:42 -0300] "GET /cormun/servlet/permisogoce?bc7af41772b2c57479cc2c8a7ef981b311ceb7743fd1f849a44ecf45ea36a49ddafadae829fd260834497f0f591389289d03d7ef8a3beab1caacca9b68ea9827,gx-no-cache=1528313618732 HTTP/1.1" 200 81
200.73.230.197 - - [06/Jun/2018:16:34:42 -0300] "GET /cormun/static/menuarrow.gif HTTP/1.1" 404 1015
190.46.88.10 - - [06/Jun/2018:16:34:43 -0300] "GET /cormun/servlet/trpermisosadjuntos?10026195,20180606152515,P, HTTP/1.1" 200 7036
190.46.88.10 - - [06/Jun/2018:16:34:45 -0300] "POST /cormun/servlet/trpermisosadjuntos?98b43f23e0913268f62f1a6698892d2e,10026195,20180606152515,P,,gx-no-cache=1528313623128 HTTP/1.1" 200 90
190.46.88.10 - - [06/Jun/2018:16:34:45 -0300] "GET /cormun/servlet/hpexe_link HTTP/1.1" 200 984
190.46.88.10 - - [06/Jun/2018:16:34:45 -0300] "GET /cormun/servlet/trpermisosgoce HTTP/1.1" 200 14273
190.46.88.10 - - [06/Jun/2018:16:34:47 -0300] "GET /cormun/servlet/trpermisosgoce HTTP/1.1" 200 14271
192.168.10.96 - - [06/Jun/2018:16:34:49 -0300] "GET /cormun/servlet/vesolicitudgral?2018,11630,,SolicitudOTAdjuntos HTTP/1.1" 200 11394
192.168.10.96 - - [06/Jun/2018:16:34:50 -0300] "GET /cormun/servlet/vesolicitudgral?2018,11630,,SolicitudOTAdjuntos HTTP/1.1" 200 11398
192.168.10.96 - - [06/Jun/2018:16:34:50 -0300] "POST /cormun/servlet/acontrolpreferencessavestate?None,DZAMUDIO,true HTTP/1.1" 200 35
190.46.88.10 - - [06/Jun/2018:16:34:54 -0300] "GET /cormun/servlet/trpermisosadjuntos?13938012,20180606152537,P, HTTP/1.1" 200 6548
190.46.88.10 - - [06/Jun/2018:16:34:55 -0300] "GET /cormun/servlet/trpermisosadjuntos?13938012,20180606152537,P, HTTP/1.1" 200 6547
200.73.230.197 - - [06/Jun/2018:16:34:56 -0300] "GET /cormun/servlet/permisogoce?bc7af41772b2c57479cc2c8a7ef981b3ebe608e90ba48aac9c06a5712e8099dbe08c814ae337b495558534bd8849df3c851fb47082a64c0ccdd90f3733124515,gx-no-cache=1528313633064 HTTP/1.1" 200 129
200.73.230.197 - - [06/Jun/2018:16:34:56 -0300] "POST /cormun/servlet/permisogoce?693feeccf52600f63d328d44bb349425,INS,0,,,,gx-no-cache=1528313633157 HTTP/1.1" 200 4394
190.46.88.10 - - [06/Jun/2018:16:34:57 -0300] "GET /cormun/servlet/permisosadjuntos?INS,13938012,P,20180606152537,, HTTP/1.1" 200 5879
190.46.88.10 - - [06/Jun/2018:16:34:57 -0300] "GET /cormun/static/about:blank HTTP/1.1" 404 1011
190.46.88.10 - - [06/Jun/2018:16:34:58 -0300] "GET /cormun/servlet/permisosadjuntos?INS,13938012,P,20180606152537,, HTTP/1.1" 200 5870
200.73.230.197 - - [06/Jun/2018:16:35:06 -0300] "GET /cormun/servlet/permisogoce?bc7af41772b2c57479cc2c8a7ef981b3ebe608e90ba48aac9c06a5712e8099dbe61ba96a5d7335b45fcb8adfb6750d95851fb47082a64c0ccdd90f3733124515,gx-no-cache=1528313642962 HTTP/1.1" 200 46
190.46.88.10 - - [06/Jun/2018:16:35:06 -0300] "POST /cormun/servlet/permisosadjuntos?98b43f23e0913268f62f1a6698892d2e,INS,13938012,P,20180606152537,, HTTP/1.1" 200 116
190.46.88.10 - - [06/Jun/2018:16:35:06 -0300] "GET /cormun/servlet/hpexe_return? HTTP/1.1" 200 1039
190.46.88.10 - - [06/Jun/2018:16:35:06 -0300] "GET /cormun/servlet/trpermisosadjuntos?13938012,20180606152537,P, HTTP/1.1" 200 7042
190.46.88.10 - - [06/Jun/2018:16:35:08 -0300] "GET /cormun/servlet/trpermisosadjuntos?13938012,20180606152537,P, HTTP/1.1" 200 7039
190.46.88.10 - - [06/Jun/2018:16:35:11 -0300] "POST /cormun/servlet/trpermisosadjuntos?98b43f23e0913268f62f1a6698892d2e,13938012,20180606152537,P,,gx-no-cache=1528313649578 HTTP/1.1" 200 90
190.46.88.10 - - [06/Jun/2018:16:35:11 -0300] "GET /cormun/servlet/hpexe_link HTTP/1.1" 200 985
190.46.88.10 - - [06/Jun/2018:16:35:12 -0300] "GET /cormun/servlet/trpermisosgoce HTTP/1.1" 200 14273
190.46.88.10 - - [06/Jun/2018:16:35:13 -0300] "GET /cormun/servlet/trpermisosgoce HTTP/1.1" 200 14271
186.103.159.189 - - [06/Jun/2018:16:35:13 -0300] "POST /cormun/servlet/solicitudotadjuntos?gx-no-cache=1528313650974 HTTP/1.1" 200 26
190.46.88.10 - - [06/Jun/2018:16:35:17 -0300] "GET /cormun/servlet/trpermisosadjuntos?15259664,20180606152601,P, HTTP/1.1" 200 6551
190.46.88.10 - - [06/Jun/2018:16:35:18 -0300] "GET /cormun/servlet/trpermisosadjuntos?15259664,20180606152601,P, HTTP/1.1" 200 6550
190.46.88.10 - - [06/Jun/2018:16:35:19 -0300] "GET /cormun/servlet/permisosadjuntos?INS,15259664,P,20180606152601,, HTTP/1.1" 200 5885
190.46.88.10 - - [06/Jun/2018:16:35:19 -0300] "GET /cormun/static/about:blank HTTP/1.1" 404 1011
190.46.88.10 - - [06/Jun/2018:16:35:20 -0300] "GET /cormun/servlet/permisosadjuntos?INS,15259664,P,20180606152601,, HTTP/1.1" 200 5875
186.103.159.189 - - [06/Jun/2018:16:35:24 -0300] "GET /cormun/servlet/solicitudotadjuntos?c214580105269a88661ea3d140e33d5d341e9305f74a0aadf8cde70e8d8d1d09,gx-no-cache=1528313661980 HTTP/1.1" 200 30
186.103.159.189 - - [06/Jun/2018:16:35:25 -0300] "GET /cormun/servlet/solicitudotadjuntos?c214580105269a88661ea3d140e33d5d341e9305f74a0aadf8cde70e8d8d1d09,gx-no-cache=1528313662052 HTTP/1.1" 200 30
186.103.159.189 - - [06/Jun/2018:16:35:26 -0300] "POST /cormun/servlet/solicitudotadjuntos?23afa7fa6faea5f6eda6e31c47b87bd5,INS,2018,11652,,1, HTTP/1.1" 200 116
186.103.159.189 - - [06/Jun/2018:16:35:26 -0300] "GET /cormun/servlet/hpexe_return? HTTP/1.1" 200 1027
186.103.159.189 - - [06/Jun/2018:16:35:26 -0300] "GET /cormun/servlet/trsolicitudadjuntos?2018,11652, HTTP/1.1" 200 8532
190.100.93.40 - - [06/Jun/2018:16:35:27 -0300] "GET /cormun/servlet/licenciaspermisos?4d5b1b167972e7dde4c21eb934eca58d3026dae3bda7eff9eaa274a89b32ddb9016f0ced94caf3d2eea49950fbd5c6d59b3e4e7d9aa69d37bfd7f63b48a5509b848085fe09c07cdc50807b2c38d1a2e2d37bbf8f1b5457f343adc2151669295cdb947c4eb09658d1816ca7d27d0e6bfeeb7b98ba2f496e8ebc0f70c633a3e030af589185be56c6494b8148d853f3fa7b26f222f58308279223dd5a9d463847e239ad217803ee3481ebc60d73bec902fc90101f2956e9ca9b9e39f23ab268c05d97372e1586597539dffa6d63c93798dde5056c509501d83acd724178bddcc689,gx-no-cache=1528313667154 HTTP/1.1" 200 30
190.100.93.40 - - [06/Jun/2018:16:35:28 -0300] "GET /cormun/servlet/licenciaspermisos?4d5b1b167972e7dde4c21eb934eca58d885905e089f77e709cec24cfda36be9fe35f00c9194bc182b869428769ea7f779bcb5835220dfeee943270969175bd034a751d6025bb5aa47864f8d613281c13947547951cab0e6028c78c781cbfabe2bbca2245e4beae164b779ad351767c0ad41a1dcabdd4c1ca240e3272df3f3cad7af72d193b5b7b05876b44905c16b4b2bd6f08cd8ef951c5a7f6e996b195937c56af6b85aa3b1770cb6b8ef006fe64b64a579a26d1223b6560afda00c2205d73a77fb64289ee632baaf3a21e77bb4d05481ea99735a1be7e9938f3f9bfb6278e,gx-no-cache=1528313667256 HTTP/1.1" 200 29
186.103.159.189 - - [06/Jun/2018:16:35:28 -0300] "GET /cormun/servlet/trsolicitudadjuntos?2018,11652, HTTP/1.1" 200 8529
190.100.93.40 - - [06/Jun/2018:16:35:28 -0300] "POST /cormun/servlet/licenciaspermisos?2665937c7b9c28e930f0b0cddc311797,INS,0,,,,gx-no-cache=1528313667323 HTTP/1.1" 200 93
190.100.93.40 - - [06/Jun/2018:16:35:28 -0300] "GET /cormun/servlet/hpexe_return? HTTP/1.1" 200 1010
190.100.93.40 - - [06/Jun/2018:16:35:28 -0300] "GET /cormun/servlet/trlicencias HTTP/1.1" 200 12542
190.46.88.10 - - [06/Jun/2018:16:35:29 -0300] "POST /cormun/servlet/permisosadjuntos?98b43f23e0913268f62f1a6698892d2e,INS,15259664,P,20180606152601,, HTTP/1.1" 200 116
190.46.88.10 - - [06/Jun/2018:16:35:29 -0300] "GET /cormun/servlet/hpexe_return? HTTP/1.1" 200 1038
190.100.93.40 - - [06/Jun/2018:16:35:29 -0300] "GET /cormun/servlet/trlicencias HTTP/1.1" 200 12537
190.46.88.10 - - [06/Jun/2018:16:35:29 -0300] "GET /cormun/servlet/trpermisosadjuntos?15259664,20180606152601,P, HTTP/1.1" 200 7048
186.103.159.189 - - [06/Jun/2018:16:35:30 -0300] "GET /cormun/servlet/solicitudotadjuntos?INS,2018,11652,,1, HTTP/1.1" 200 6030
186.103.159.189 - - [06/Jun/2018:16:35:30 -0300] "GET /cormun/static/about:blank HTTP/1.1" 404 1011
190.46.88.10 - - [06/Jun/2018:16:35:30 -0300] "GET /cormun/servlet/trpermisosadjuntos?15259664,20180606152601,P, HTTP/1.1" 200 7046
186.103.159.189 - - [06/Jun/2018:16:35:31 -0300] "GET /cormun/servlet/solicitudotadjuntos?INS,2018,11652,,1, HTTP/1.1" 200 6024
186.103.159.189 - - [06/Jun/2018:16:35:32 -0300] "GET /cormun/servlet/solicitudotadjuntos?c214580105269a88661ea3d140e33d5d73cfc91e243c7fe714d36bec5e912374ace09bae863b4a66d5141f55b966b5f7,gx-no-cache=1528313668926 HTTP/1.1" 200 30
190.46.88.10 - - [06/Jun/2018:16:35:32 -0300] "POST /cormun/servlet/trpermisosadjuntos?98b43f23e0913268f62f1a6698892d2e,15259664,20180606152601,P,,gx-no-cache=1528313670154 HTTP/1.1" 200 90
190.46.88.10 - - [06/Jun/2018:16:35:32 -0300] "GET /cormun/servlet/hpexe_link HTTP/1.1" 200 984
186.103.159.189 - - [06/Jun/2018:16:35:32 -0300] "POST /cormun/servlet/solicitudotadjuntos?23afa7fa6faea5f6eda6e31c47b87bd5,INS,2018,11652,,1,,gx-no-cache=1528313669290 HTTP/1.1" 200 3788
190.46.88.10 - - [06/Jun/2018:16:35:32 -0300] "GET /cormun/servlet/trpermisosgoce HTTP/1.1" 200 14273
190.46.88.10 - - [06/Jun/2018:16:35:34 -0300] "GET /cormun/servlet/trpermisosgoce HTTP/1.1" 200 14271
190.46.88.10 - - [06/Jun/2018:16:35:38 -0300] "GET /cormun/servlet/trpermisosadjuntos?11364480,20180606152625,P, HTTP/1.1" 200 6543
186.103.159.189 - - [06/Jun/2018:16:35:39 -0300] "POST /cormun/servlet/solicitudotadjuntos?gx-no-cache=1528313676618 HTTP/1.1" 200 26
190.46.88.10 - - [06/Jun/2018:16:35:40 -0300] "GET /cormun/servlet/trpermisosadjuntos?11364480,20180606152625,P, HTTP/1.1" 200 6544
190.46.88.10 - - [06/Jun/2018:16:35:41 -0300] "GET /cormun/servlet/permisosadjuntos?INS,11364480,P,20180606152625,, HTTP/1.1" 200 5879
190.46.88.10 - - [06/Jun/2018:16:35:42 -0300] "GET /cormun/static/about:blank HTTP/1.1" 404 1011
190.46.88.10 - - [06/Jun/2018:16:35:43 -0300] "GET /cormun/servlet/permisosadjuntos?INS,11364480,P,20180606152625,, HTTP/1.1" 200 5869
186.103.159.189 - - [06/Jun/2018:16:35:49 -0300] "GET /cormun/servlet/solicitudotadjuntos?c214580105269a88661ea3d140e33d5d341e9305f74a0aadf8cde70e8d8d1d09,gx-no-cache=1528313686624 HTTP/1.1" 200 30
186.103.159.189 - - [06/Jun/2018:16:35:49 -0300] "GET /cormun/servlet/solicitudotadjuntos?c214580105269a88661ea3d140e33d5d341e9305f74a0aadf8cde70e8d8d1d09,gx-no-cache=1528313686658 HTTP/1.1" 200 30
186.103.159.189 - - [06/Jun/2018:16:35:49 -0300] "POST /cormun/servlet/solicitudotadjuntos?23afa7fa6faea5f6eda6e31c47b87bd5,INS,2018,11652,,1, HTTP/1.1" 200 116
186.103.159.189 - - [06/Jun/2018:16:35:50 -0300] "GET /cormun/servlet/hpexe_return? HTTP/1.1" 200 1027
186.103.159.189 - - [06/Jun/2018:16:35:50 -0300] "GET /cormun/servlet/trsolicitudadjuntos?2018,11652, HTTP/1.1" 200 8746
186.103.159.189 - - [06/Jun/2018:16:35:51 -0300] "GET /cormun/servlet/trsolicitudadjuntos?2018,11652, HTTP/1.1" 200 8746
200.73.230.197 - - [06/Jun/2018:16:35:52 -0300] "POST /cormun/servlet/permisogoce?693feeccf52600f63d328d44bb349425,INS,0,,,,gx-no-cache=1528313688192 HTTP/1.1" 200 93
200.73.230.197 - - [06/Jun/2018:16:35:52 -0300] "GET /cormun/servlet/hpexe_return? HTTP/1.1" 200 1010
200.73.230.197 - - [06/Jun/2018:16:35:52 -0300] "GET /cormun/servlet/trpermisosgoce HTTP/1.1" 200 10920
190.46.88.10 - - [06/Jun/2018:16:35:53 -0300] "POST /cormun/servlet/permisosadjuntos?98b43f23e0913268f62f1a6698892d2e,INS,11364480,P,20180606152625,, HTTP/1.1" 200 116
190.46.88.10 - - [06/Jun/2018:16:35:53 -0300] "GET /cormun/servlet/hpexe_return? HTTP/1.1" 200 1040
190.46.88.10 - - [06/Jun/2018:16:35:53 -0300] "GET /cormun/servlet/trpermisosadjuntos?11364480,20180606152625,P, HTTP/1.1" 200 7037
186.103.159.189 - - [06/Jun/2018:16:35:53 -0300] "GET /cormun/servlet/solicitudotadjuntos?INS,2018,11652,,1, HTTP/1.1" 200 6030
200.73.230.197 - - [06/Jun/2018:16:35:54 -0300] "GET /cormun/servlet/trpermisosgoce HTTP/1.1" 200 10915
186.103.159.189 - - [06/Jun/2018:16:35:54 -0300] "GET /cormun/static/about:blank HTTP/1.1" 404 1011
190.46.88.10 - - [06/Jun/2018:16:35:55 -0300] "GET /cormun/servlet/trpermisosadjuntos?11364480,20180606152625,P, HTTP/1.1" 200 7034
186.103.159.189 - - [06/Jun/2018:16:35:55 -0300] "GET /cormun/servlet/solicitudotadjuntos?INS,2018,11652,,1, HTTP/1.1" 200 6024
186.103.159.189 - - [06/Jun/2018:16:35:55 -0300] "GET /cormun/servlet/solicitudotadjuntos?c214580105269a88661ea3d140e33d5d73cfc91e243c7fe714d36bec5e912374ace09bae863b4a66d5141f55b966b5f7,gx-no-cache=1528313692739 HTTP/1.1" 200 30
186.103.159.189 - - [06/Jun/2018:16:35:56 -0300] "POST /cormun/servlet/solicitudotadjuntos?23afa7fa6faea5f6eda6e31c47b87bd5,INS,2018,11652,,1,,gx-no-cache=1528313693065 HTTP/1.1" 200 3788
190.46.88.10 - - [06/Jun/2018:16:35:57 -0300] "POST /cormun/servlet/trpermisosadjuntos?98b43f23e0913268f62f1a6698892d2e,11364480,20180606152625,P,,gx-no-cache=1528313695707 HTTP/1.1" 200 90
190.46.88.10 - - [06/Jun/2018:16:35:57 -0300] "GET /cormun/servlet/hpexe_link HTTP/1.1" 200 985
190.46.88.10 - - [06/Jun/2018:16:35:58 -0300] "GET /cormun/servlet/trpermisosgoce HTTP/1.1" 200 14273
186.103.159.189 - - [06/Jun/2018:16:35:59 -0300] "POST /cormun/servlet/solicitudotadjuntos?gx-no-cache=1528313696585 HTTP/1.1" 200 26
190.46.88.10 - - [06/Jun/2018:16:35:59 -0300] "GET /cormun/servlet/trpermisosgoce HTTP/1.1" 200 14271
190.46.88.10 - - [06/Jun/2018:16:36:03 -0300] "GET /cormun/servlet/trpermisosadjuntos?9781383,20180606152651,P, HTTP/1.1" 200 6545
190.46.88.10 - - [06/Jun/2018:16:36:04 -0300] "GET /cormun/servlet/trpermisosadjuntos?9781383,20180606152651,P, HTTP/1.1" 200 6544
190.46.88.10 - - [06/Jun/2018:16:36:06 -0300] "GET /cormun/servlet/permisosadjuntos?INS,9781383,P,20180606152651,, HTTP/1.1" 200 5877
190.46.88.10 - - [06/Jun/2018:16:36:06 -0300] "GET /cormun/static/about:blank HTTP/1.1" 404 1011
190.46.88.10 - - [06/Jun/2018:16:36:07 -0300] "GET /cormun/servlet/permisosadjuntos?INS,9781383,P,20180606152651,, HTTP/1.1" 200 5867
186.103.159.189 - - [06/Jun/2018:16:36:13 -0300] "POST /cormun/servlet/solicitudotadjuntos?gx-no-cache=1528313710520 HTTP/1.1" 200 26
200.73.230.197 - - [06/Jun/2018:16:36:16 -0300] "GET /cormun/servlet/permisogoce?UPD,18159101,P,20180606153017, HTTP/1.1" 200 6863
190.46.88.10 - - [06/Jun/2018:16:36:17 -0300] "POST /cormun/servlet/permisosadjuntos?98b43f23e0913268f62f1a6698892d2e,INS,9781383,P,20180606152651,, HTTP/1.1" 200 116
190.46.88.10 - - [06/Jun/2018:16:36:17 -0300] "GET /cormun/servlet/hpexe_return? HTTP/1.1" 200 1039
190.46.88.10 - - [06/Jun/2018:16:36:17 -0300] "GET /cormun/servlet/trpermisosadjuntos?9781383,20180606152651,P, HTTP/1.1" 200 7039
200.73.230.197 - - [06/Jun/2018:16:36:17 -0300] "GET /cormun/servlet/permisogoce?UPD,18159101,P,20180606153017, HTTP/1.1" 200 6863
200.73.230.197 - - [06/Jun/2018:16:36:18 -0300] "GET /cormun/servlet/permisogoce?bc7af41772b2c57479cc2c8a7ef981b311ceb7743fd1f849a44ecf45ea36a49dedab9985bdc8c50e8281f75197743f81807009fbb50e85d26124c578616875d5,gx-no-cache=1528313714806 HTTP/1.1" 200 83
190.46.88.10 - - [06/Jun/2018:16:36:18 -0300] "GET /cormun/servlet/trpermisosadjuntos?9781383,20180606152651,P, HTTP/1.1" 200 7035
190.46.88.10 - - [06/Jun/2018:16:36:20 -0300] "POST /cormun/servlet/trpermisosadjuntos?98b43f23e0913268f62f1a6698892d2e,9781383,20180606152651,P,,gx-no-cache=1528313718765 HTTP/1.1" 200 90
190.46.88.10 - - [06/Jun/2018:16:36:20 -0300] "GET /cormun/servlet/hpexe_link HTTP/1.1" 200 985
190.46.88.10 - - [06/Jun/2018:16:36:21 -0300] "GET /cormun/servlet/trpermisosgoce HTTP/1.1" 200 14273
190.46.88.10 - - [06/Jun/2018:16:36:22 -0300] "GET /cormun/servlet/trpermisosgoce HTTP/1.1" 200 14271
190.46.88.10 - - [06/Jun/2018:16:36:25 -0300] "POST /cormun/servlet/trpermisosgoce?98b43f23e0913268f62f1a6698892d2e,gx-no-cache=1528313723559 HTTP/1.1" 200 11470
190.46.88.10 - - [06/Jun/2018:16:36:26 -0300] "GET /cormun/static/Shared/jqueryui/images/ui-bg_highlight-soft_100_c6c2c8_1x100.png HTTP/1.1" 404 1117
186.79.219.159 - - [06/Jun/2018:16:36:26 -0300] "GET /cormun/static/Shared/jqueryui/images/ui-icons_82798d_256x240.png HTTP/1.1" 404 1089
190.46.88.10 - - [06/Jun/2018:16:36:26 -0300] "GET /cormun/static/Shared/jqueryui/images/ui-icons_8d78a5_256x240.png HTTP/1.1" 404 1089
186.79.219.159 - - [06/Jun/2018:16:36:26 -0300] "GET /cormun/static/Shared/jqueryui/images/ui-bg_flat_55_fafafa_40x100.png HTTP/1.1" 404 1097
186.79.219.159 - - [06/Jun/2018:16:36:29 -0300] "POST /cormun/servlet/trpermisosgoce?98b43f23e0913268f62f1a6698892d2e,gx-no-cache=1528313726017 HTTP/1.1" 200 11473
200.73.230.197 - - [06/Jun/2018:16:36:30 -0300] "GET /cormun/servlet/permisogoce?bc7af41772b2c57479cc2c8a7ef981b3ebe608e90ba48aac9c06a5712e8099db52936523b3317efb64e479d5522ccab6529811f2b8388291340df14e082bb0c2,gx-no-cache=1528313727003 HTTP/1.1" 200 47
200.73.230.197 - - [06/Jun/2018:16:36:30 -0300] "POST /cormun/servlet/permisogoce?693feeccf52600f63d328d44bb349425,UPD,18159101,P,20180606153017,,gx-no-cache=1528313727078 HTTP/1.1" 200 93
200.73.230.197 - - [06/Jun/2018:16:36:30 -0300] "GET /cormun/servlet/hpexe_return? HTTP/1.1" 200 1028
200.73.230.197 - - [06/Jun/2018:16:36:30 -0300] "GET /cormun/servlet/trpermisosgoce HTTP/1.1" 200 10922
186.103.159.189 - - [06/Jun/2018:16:36:31 -0300] "GET /cormun/servlet/solicitudotadjuntos?c214580105269a88661ea3d140e33d5d341e9305f74a0aadf8cde70e8d8d1d09,gx-no-cache=1528313728262 HTTP/1.1" 200 30
186.103.159.189 - - [06/Jun/2018:16:36:31 -0300] "GET /cormun/servlet/solicitudotadjuntos?c214580105269a88661ea3d140e33d5d341e9305f74a0aadf8cde70e8d8d1d09,gx-no-cache=1528313728297 HTTP/1.1" 200 30
186.103.159.189 - - [06/Jun/2018:16:36:32 -0300] "POST /cormun/servlet/solicitudotadjuntos?23afa7fa6faea5f6eda6e31c47b87bd5,INS,2018,11652,,1, HTTP/1.1" 200 116
186.103.159.189 - - [06/Jun/2018:16:36:32 -0300] "GET /cormun/servlet/hpexe_return? HTTP/1.1" 200 1027
200.73.230.197 - - [06/Jun/2018:16:36:32 -0300] "GET /cormun/servlet/trpermisosgoce HTTP/1.1" 200 10918
186.103.159.189 - - [06/Jun/2018:16:36:32 -0300] "GET /cormun/servlet/trsolicitudadjuntos?2018,11652, HTTP/1.1" 200 8938
186.79.219.159 - - [06/Jun/2018:16:36:32 -0300] "POST /cormun/servlet/trpermisosgoce?98b43f23e0913268f62f1a6698892d2e,gx-no-cache=1528313728888 HTTP/1.1" 200 11469
186.103.159.189 - - [06/Jun/2018:16:36:33 -0300] "GET /cormun/servlet/trsolicitudadjuntos?2018,11652, HTTP/1.1" 200 8936
186.79.219.159 - - [06/Jun/2018:16:36:35 -0300] "POST /cormun/servlet/trpermisosgoce?98b43f23e0913268f62f1a6698892d2e,gx-no-cache=1528313732872 HTTP/1.1" 200 11466
200.73.230.197 - - [06/Jun/2018:16:36:38 -0300] "GET /cormun/servlet/apermisogoceprn?18159101,P,20180606153017,PU HTTP/1.1" 200 1652
186.103.159.189 - - [06/Jun/2018:16:36:39 -0300] "GET /cormun/servlet/solicitudotadjuntos?INS,2018,11652,,1, HTTP/1.1" 200 6031
186.79.219.159 - - [06/Jun/2018:16:36:39 -0300] "POST /cormun/servlet/trpermisosgoce?98b43f23e0913268f62f1a6698892d2e,gx-no-cache=1528313736187 HTTP/1.1" 200 11458
186.103.159.189 - - [06/Jun/2018:16:36:40 -0300] "GET /cormun/static/about:blank HTTP/1.1" 404 1011
186.103.159.189 - - [06/Jun/2018:16:36:40 -0300] "GET /cormun/servlet/solicitudotadjuntos?INS,2018,11652,,1, HTTP/1.1" 200 6024
186.103.159.189 - - [06/Jun/2018:16:36:40 -0300] "GET /cormun/servlet/solicitudotadjuntos?c214580105269a88661ea3d140e33d5d73cfc91e243c7fe714d36bec5e912374ace09bae863b4a66d5141f55b966b5f7,gx-no-cache=1528313737789 HTTP/1.1" 200 30
186.103.159.189 - - [06/Jun/2018:16:36:40 -0300] "POST /cormun/servlet/solicitudotadjuntos?23afa7fa6faea5f6eda6e31c47b87bd5,INS,2018,11652,,1,,gx-no-cache=1528313737845 HTTP/1.1" 200 3789
186.79.219.159 - - [06/Jun/2018:16:36:42 -0300] "POST /cormun/servlet/trpermisosgoce?98b43f23e0913268f62f1a6698892d2e,gx-no-cache=1528313739536 HTTP/1.1" 200 11449
186.79.219.159 - - [06/Jun/2018:16:36:46 -0300] "POST /cormun/servlet/trpermisosgoce?98b43f23e0913268f62f1a6698892d2e,gx-no-cache=1528313742793 HTTP/1.1" 200 11443
78.108.177.54 - - [06/Jun/2018:16:36:46 -0300] "GET / HTTP/1.0" 200 11197
186.103.159.189 - - [06/Jun/2018:16:36:46 -0300] "POST /cormun/servlet/solicitudotadjuntos?gx-no-cache=1528313743725 HTTP/1.1" 200 26
186.79.219.159 - - [06/Jun/2018:16:36:49 -0300] "POST /cormun/servlet/trpermisosgoce?98b43f23e0913268f62f1a6698892d2e,gx-no-cache=1528313746464 HTTP/1.1" 200 11436
186.79.219.159 - - [06/Jun/2018:16:36:53 -0300] "POST /cormun/servlet/trpermisosgoce?98b43f23e0913268f62f1a6698892d2e,gx-no-cache=1528313750720 HTTP/1.1" 200 11429
186.103.159.189 - - [06/Jun/2018:16:36:56 -0300] "GET /cormun/servlet/solicitudotadjuntos?c214580105269a88661ea3d140e33d5d341e9305f74a0aadf8cde70e8d8d1d09,gx-no-cache=1528313753216 HTTP/1.1" 200 30
186.103.159.189 - - [06/Jun/2018:16:36:56 -0300] "GET /cormun/servlet/solicitudotadjuntos?c214580105269a88661ea3d140e33d5d341e9305f74a0aadf8cde70e8d8d1d09,gx-no-cache=1528313753243 HTTP/1.1" 200 30
186.103.159.189 - - [06/Jun/2018:16:36:57 -0300] "POST /cormun/servlet/solicitudotadjuntos?23afa7fa6faea5f6eda6e31c47b87bd5,INS,2018,11652,,1, HTTP/1.1" 200 116
186.103.159.189 - - [06/Jun/2018:16:36:57 -0300] "GET /cormun/servlet/hpexe_return? HTTP/1.1" 200 1027
186.103.159.189 - - [06/Jun/2018:16:36:57 -0300] "GET /cormun/servlet/trsolicitudadjuntos?2018,11652, HTTP/1.1" 200 9131
186.79.219.159 - - [06/Jun/2018:16:36:57 -0300] "POST /cormun/servlet/trpermisosgoce?98b43f23e0913268f62f1a6698892d2e,gx-no-cache=1528313754355 HTTP/1.1" 200 11422
186.103.159.189 - - [06/Jun/2018:16:36:59 -0300] "GET /cormun/servlet/trsolicitudadjuntos?2018,11652, HTTP/1.1" 200 9130
186.103.159.189 - - [06/Jun/2018:16:37:01 -0300] "GET /cormun/servlet/solicitudotadjuntos?INS,2018,11652,,1, HTTP/1.1" 200 6031
186.103.159.189 - - [06/Jun/2018:16:37:01 -0300] "GET /cormun/static/about:blank HTTP/1.1" 404 1011
186.79.219.159 - - [06/Jun/2018:16:37:01 -0300] "POST /cormun/servlet/trpermisosgoce?98b43f23e0913268f62f1a6698892d2e,gx-no-cache=1528313758195 HTTP/1.1" 200 11411
186.103.159.189 - - [06/Jun/2018:16:37:02 -0300] "GET /cormun/servlet/solicitudotadjuntos?INS,2018,11652,,1, HTTP/1.1" 200 6024
186.103.159.189 - - [06/Jun/2018:16:37:02 -0300] "GET /cormun/servlet/solicitudotadjuntos?c214580105269a88661ea3d140e33d5d73cfc91e243c7fe714d36bec5e912374ace09bae863b4a66d5141f55b966b5f7,gx-no-cache=1528313759641 HTTP/1.1" 200 30
186.103.159.189 - - [06/Jun/2018:16:37:03 -0300] "POST /cormun/servlet/solicitudotadjuntos?23afa7fa6faea5f6eda6e31c47b87bd5,INS,2018,11652,,1,,gx-no-cache=1528313760000 HTTP/1.1" 200 3789
186.103.159.189 - - [06/Jun/2018:16:37:06 -0300] "POST /cormun/servlet/solicitudotadjuntos?gx-no-cache=1528313763835 HTTP/1.1" 200 26
186.79.219.159 - - [06/Jun/2018:16:37:06 -0300] "POST /cormun/servlet/trpermisosgoce?98b43f23e0913268f62f1a6698892d2e,gx-no-cache=1528313763656 HTTP/1.1" 200 11397
186.79.219.159 - - [06/Jun/2018:16:37:11 -0300] "POST /cormun/servlet/trpermisosgoce?98b43f23e0913268f62f1a6698892d2e,gx-no-cache=1528313768612 HTTP/1.1" 200 11362
186.79.219.159 - - [06/Jun/2018:16:37:18 -0300] "GET /cormun/servlet/trautorizarpermisogoce? HTTP/1.1" 200 10506
186.103.159.189 - - [06/Jun/2018:16:37:18 -0300] "GET /cormun/servlet/solicitudotadjuntos?c214580105269a88661ea3d140e33d5d341e9305f74a0aadf8cde70e8d8d1d09,gx-no-cache=1528313775231 HTTP/1.1" 200 30
186.103.159.189 - - [06/Jun/2018:16:37:18 -0300] "GET /cormun/servlet/solicitudotadjuntos?c214580105269a88661ea3d140e33d5d341e9305f74a0aadf8cde70e8d8d1d09,gx-no-cache=1528313775254 HTTP/1.1" 200 30
186.79.219.159 - - [06/Jun/2018:16:37:18 -0300] "GET /cormun/static/gxcfg.js?20177612165975 HTTP/1.1" 200 953
186.79.219.159 - - [06/Jun/2018:16:37:18 -0300] "GET /cormun/static/trautorizarpermisogoce.js?2017761217384 HTTP/1.1" 200 34948
200.73.230.197 - - [06/Jun/2018:16:37:19 -0300] "GET /cormun/servlet/permisogoce?INS,0,,, HTTP/1.1" 200 6788
186.79.219.159 - - [06/Jun/2018:16:37:19 -0300] "GET /cormun/servlet/trautorizarpermisogoce? HTTP/1.1" 200 10506
186.103.159.189 - - [06/Jun/2018:16:37:20 -0300] "POST /cormun/servlet/solicitudotadjuntos?23afa7fa6faea5f6eda6e31c47b87bd5,INS,2018,11652,,1, HTTP/1.1" 200 116
186.103.159.189 - - [06/Jun/2018:16:37:20 -0300] "GET /cormun/servlet/hpexe_return? HTTP/1.1" 200 1027
186.103.159.189 - - [06/Jun/2018:16:37:20 -0300] "GET /cormun/servlet/trsolicitudadjuntos?2018,11652, HTTP/1.1" 200 9361
200.73.230.197 - - [06/Jun/2018:16:37:20 -0300] "GET /cormun/servlet/permisogoce?INS,0,,, HTTP/1.1" 200 6786
186.103.159.189 - - [06/Jun/2018:16:37:22 -0300] "GET /cormun/servlet/trsolicitudadjuntos?2018,11652, HTTP/1.1" 200 9352
186.79.219.159 - - [06/Jun/2018:16:37:23 -0300] "POST /cormun/servlet/trautorizarpermisogoce?98b43f23e0913268f62f1a6698892d2e,,gx-no-cache=1528313780673 HTTP/1.1" 200 7543
190.46.88.10 - - [06/Jun/2018:16:37:23 -0300] "GET /cormun/static/Shared/jqueryui/images/ui-icons_82798d_256x240.png HTTP/1.1" 404 1089
186.79.219.159 - - [06/Jun/2018:16:37:23 -0300] "GET /cormun/static/Shared/jqueryui/images/ui-bg_highlight-soft_100_c6c2c8_1x100.png HTTP/1.1" 404 1117
190.46.88.10 - - [06/Jun/2018:16:37:23 -0300] "GET /cormun/static/Shared/jqueryui/images/ui-icons_8d78a5_256x240.png HTTP/1.1" 404 1089
186.79.219.159 - - [06/Jun/2018:16:37:23 -0300] "GET /cormun/static/Shared/jqueryui/images/ui-bg_flat_55_fafafa_40x100.png HTTP/1.1" 404 1097
186.103.159.189 - - [06/Jun/2018:16:37:24 -0300] "GET /cormun/servlet/solicitudotadjuntos?INS,2018,11652,,2, HTTP/1.1" 200 6030
186.79.219.159 - - [06/Jun/2018:16:37:25 -0300] "POST /cormun/servlet/trautorizarpermisogoce?98b43f23e0913268f62f1a6698892d2e,,gx-no-cache=1528313782398 HTTP/1.1" 200 7321
186.103.159.189 - - [06/Jun/2018:16:37:25 -0300] "GET /cormun/static/about:blank HTTP/1.1" 404 1011
186.103.159.189 - - [06/Jun/2018:16:37:25 -0300] "GET /cormun/servlet/solicitudotadjuntos?INS,2018,11652,,2, HTTP/1.1" 200 6024
186.103.159.189 - - [06/Jun/2018:16:37:26 -0300] "GET /cormun/servlet/solicitudotadjuntos?c214580105269a88661ea3d140e33d5d73cfc91e243c7fe714d36bec5e912374ace09bae863b4a66d5141f55b966b5f7,gx-no-cache=1528313783569 HTTP/1.1" 200 30
186.79.219.159 - - [06/Jun/2018:16:37:26 -0300] "POST /cormun/servlet/trautorizarpermisogoce?98b43f23e0913268f62f1a6698892d2e,,gx-no-cache=1528313783916 HTTP/1.1" 200 7082
186.103.159.189 - - [06/Jun/2018:16:37:26 -0300] "POST /cormun/servlet/solicitudotadjuntos?23afa7fa6faea5f6eda6e31c47b87bd5,INS,2018,11652,,2,,gx-no-cache=1528313783616 HTTP/1.1" 200 4000
186.79.219.159 - - [06/Jun/2018:16:37:28 -0300] "POST /cormun/servlet/trautorizarpermisogoce?98b43f23e0913268f62f1a6698892d2e,,gx-no-cache=1528313785509 HTTP/1.1" 200 6859
186.79.219.159 - - [06/Jun/2018:16:37:29 -0300] "POST /cormun/servlet/trautorizarpermisogoce?98b43f23e0913268f62f1a6698892d2e,,gx-no-cache=1528313786980 HTTP/1.1" 200 6651
186.79.219.159 - - [06/Jun/2018:16:37:31 -0300] "POST /cormun/servlet/trautorizarpermisogoce?98b43f23e0913268f62f1a6698892d2e,,gx-no-cache=1528313788447 HTTP/1.1" 200 6455
200.73.230.197 - - [06/Jun/2018:16:37:31 -0300] "GET /cormun/servlet/permisogoce?bc7af41772b2c57479cc2c8a7ef981b3f4813bef8f51c564d977ef48f09c68c8c35b45281260758fce0b6133995a19d4,gx-no-cache=1528313788500 HTTP/1.1" 200 74
200.73.230.197 - - [06/Jun/2018:16:37:31 -0300] "GET /cormun/static/menuarrow.gif HTTP/1.1" 404 1015
186.79.219.159 - - [06/Jun/2018:16:37:32 -0300] "POST /cormun/servlet/trautorizarpermisogoce?98b43f23e0913268f62f1a6698892d2e,,gx-no-cache=1528313789866 HTTP/1.1" 200 6241
186.79.219.159 - - [06/Jun/2018:16:37:33 -0300] "POST /cormun/servlet/trautorizarpermisogoce?98b43f23e0913268f62f1a6698892d2e,,gx-no-cache=1528313791247 HTTP/1.1" 200 6026
186.79.219.159 - - [06/Jun/2018:16:37:35 -0300] "POST /cormun/servlet/trautorizarpermisogoce?98b43f23e0913268f62f1a6698892d2e,,gx-no-cache=1528313792638 HTTP/1.1" 200 5812
186.79.219.159 - - [06/Jun/2018:16:37:37 -0300] "POST /cormun/servlet/trautorizarpermisogoce?98b43f23e0913268f62f1a6698892d2e,,gx-no-cache=1528313793976 HTTP/1.1" 200 5588
186.79.219.159 - - [06/Jun/2018:16:37:38 -0300] "POST /cormun/servlet/trautorizarpermisogoce?98b43f23e0913268f62f1a6698892d2e,,gx-no-cache=1528313796279 HTTP/1.1" 200 5365
186.79.219.159 - - [06/Jun/2018:16:37:40 -0300] "POST /cormun/servlet/trautorizarpermisogoce?98b43f23e0913268f62f1a6698892d2e,,gx-no-cache=1528313797799 HTTP/1.1" 200 5121
186.103.159.189 - - [06/Jun/2018:16:37:40 -0300] "POST /cormun/servlet/solicitudotadjuntos?gx-no-cache=1528313797685 HTTP/1.1" 200 26
186.79.219.159 - - [06/Jun/2018:16:37:41 -0300] "POST /cormun/servlet/trautorizarpermisogoce?98b43f23e0913268f62f1a6698892d2e,,gx-no-cache=1528313799103 HTTP/1.1" 200 4362
200.73.230.197 - - [06/Jun/2018:16:37:49 -0300] "GET /cormun/servlet/permisogoce?bc7af41772b2c57479cc2c8a7ef981b36eb1e5cba0393a616f6714c9587f34c3fef271c9aa45ed74b7931ee6fdfb77b60bdb98224a9389aa61a1bd7311515262,gx-no-cache=1528313806369 HTTP/1.1" 200 47
200.73.230.197 - - [06/Jun/2018:16:37:53 -0300] "POST /cormun/servlet/permisogoce?693feeccf52600f63d328d44bb349425,INS,0,,,,gx-no-cache=1528313809680 HTTP/1.1" 200 93
200.73.230.197 - - [06/Jun/2018:16:37:53 -0300] "GET /cormun/servlet/hpexe_return? HTTP/1.1" 200 1010
200.73.230.197 - - [06/Jun/2018:16:37:53 -0300] "GET /cormun/servlet/trpermisosgoce HTTP/1.1" 200 11150
200.73.230.197 - - [06/Jun/2018:16:37:55 -0300] "GET /cormun/servlet/trpermisosgoce HTTP/1.1" 200 11145
186.103.159.189 - - [06/Jun/2018:16:37:56 -0300] "GET /cormun/servlet/solicitudotadjuntos?c214580105269a88661ea3d140e33d5d341e9305f74a0aadf8cde70e8d8d1d09,gx-no-cache=1528313813632 HTTP/1.1" 200 30
186.103.159.189 - - [06/Jun/2018:16:37:56 -0300] "GET /cormun/servlet/solicitudotadjuntos?c214580105269a88661ea3d140e33d5d341e9305f74a0aadf8cde70e8d8d1d09,gx-no-cache=1528313813657 HTTP/1.1" 200 30
186.103.159.189 - - [06/Jun/2018:16:37:57 -0300] "POST /cormun/servlet/solicitudotadjuntos?23afa7fa6faea5f6eda6e31c47b87bd5,INS,2018,11652,,2, HTTP/1.1" 200 116
186.103.159.189 - - [06/Jun/2018:16:37:57 -0300] "GET /cormun/servlet/hpexe_return? HTTP/1.1" 200 1027
186.103.159.189 - - [06/Jun/2018:16:37:58 -0300] "GET /cormun/servlet/trsolicitudadjuntos?2018,11652, HTTP/1.1" 200 9615
186.103.159.189 - - [06/Jun/2018:16:37:59 -0300] "GET /cormun/servlet/trsolicitudadjuntos?2018,11652, HTTP/1.1" 200 9613
186.103.159.189 - - [06/Jun/2018:16:38:01 -0300] "GET /cormun/servlet/solicitudotadjuntos?INS,2018,11652,,2, HTTP/1.1" 200 6030
186.103.159.189 - - [06/Jun/2018:16:38:01 -0300] "GET /cormun/static/about:blank HTTP/1.1" 404 1011
200.73.230.197 - - [06/Jun/2018:16:38:02 -0300] "GET /cormun/servlet/apermisogoceprn?9214477,P,20180606153402,PU HTTP/1.1" 200 1660
186.103.159.189 - - [06/Jun/2018:16:38:02 -0300] "GET /cormun/servlet/solicitudotadjuntos?INS,2018,11652,,2, HTTP/1.1" 200 6024
186.103.159.189 - - [06/Jun/2018:16:38:03 -0300] "GET /cormun/servlet/solicitudotadjuntos?c214580105269a88661ea3d140e33d5d73cfc91e243c7fe714d36bec5e912374ace09bae863b4a66d5141f55b966b5f7,gx-no-cache=1528313820205 HTTP/1.1" 200 30
186.103.159.189 - - [06/Jun/2018:16:38:03 -0300] "POST /cormun/servlet/solicitudotadjuntos?23afa7fa6faea5f6eda6e31c47b87bd5,INS,2018,11652,,2,,gx-no-cache=1528313820976 HTTP/1.1" 200 4000
186.103.159.189 - - [06/Jun/2018:16:38:12 -0300] "POST /cormun/servlet/solicitudotadjuntos?gx-no-cache=1528313829654 HTTP/1.1" 200 26
186.103.159.189 - - [06/Jun/2018:16:38:25 -0300] "GET /cormun/servlet/solicitudotadjuntos?c214580105269a88661ea3d140e33d5d341e9305f74a0aadf8cde70e8d8d1d09,gx-no-cache=1528313842090 HTTP/1.1" 200 30
186.103.159.189 - - [06/Jun/2018:16:38:25 -0300] "GET /cormun/servlet/solicitudotadjuntos?c214580105269a88661ea3d140e33d5d341e9305f74a0aadf8cde70e8d8d1d09,gx-no-cache=1528313842130 HTTP/1.1" 200 30
186.103.159.189 - - [06/Jun/2018:16:38:26 -0300] "POST /cormun/servlet/solicitudotadjuntos?23afa7fa6faea5f6eda6e31c47b87bd5,INS,2018,11652,,2, HTTP/1.1" 200 116
186.103.159.189 - - [06/Jun/2018:16:38:26 -0300] "GET /cormun/servlet/hpexe_return? HTTP/1.1" 200 1027
186.103.159.189 - - [06/Jun/2018:16:38:27 -0300] "GET /cormun/servlet/trsolicitudadjuntos?2018,11652, HTTP/1.1" 200 9758
186.103.159.189 - - [06/Jun/2018:16:38:28 -0300] "GET /cormun/servlet/trsolicitudadjuntos?2018,11652, HTTP/1.1" 200 9759
186.103.159.189 - - [06/Jun/2018:16:38:30 -0300] "GET /cormun/servlet/solicitudotadjuntos?INS,2018,11652,,2, HTTP/1.1" 200 6030
186.103.159.189 - - [06/Jun/2018:16:38:31 -0300] "GET /cormun/static/about:blank HTTP/1.1" 404 1011
186.103.159.189 - - [06/Jun/2018:16:38:34 -0300] "GET /cormun/servlet/solicitudotadjuntos?INS,2018,11652,,2, HTTP/1.1" 200 6024
186.103.159.189 - - [06/Jun/2018:16:38:34 -0300] "GET /cormun/servlet/solicitudotadjuntos?c214580105269a88661ea3d140e33d5d73cfc91e243c7fe714d36bec5e912374ace09bae863b4a66d5141f55b966b5f7,gx-no-cache=1528313851713 HTTP/1.1" 200 30
186.103.159.189 - - [06/Jun/2018:16:38:34 -0300] "POST /cormun/servlet/solicitudotadjuntos?23afa7fa6faea5f6eda6e31c47b87bd5,INS,2018,11652,,2,,gx-no-cache=1528313851792 HTTP/1.1" 200 4000
186.103.159.189 - - [06/Jun/2018:16:38:44 -0300] "POST /cormun/servlet/solicitudotadjuntos?gx-no-cache=1528313861105 HTTP/1.1" 200 26
186.79.219.159 - - [06/Jun/2018:16:38:49 -0300] "GET /cormun/servlet/hlogin HTTP/1.1" 200 1745
186.103.159.189 - - [06/Jun/2018:16:38:55 -0300] "GET /cormun/servlet/solicitudotadjuntos?c214580105269a88661ea3d140e33d5d341e9305f74a0aadf8cde70e8d8d1d09,gx-no-cache=1528313872140 HTTP/1.1" 200 30
186.103.159.189 - - [06/Jun/2018:16:38:55 -0300] "GET /cormun/servlet/solicitudotadjuntos?c214580105269a88661ea3d140e33d5d341e9305f74a0aadf8cde70e8d8d1d09,gx-no-cache=1528313872179 HTTP/1.1" 200 30
186.103.159.189 - - [06/Jun/2018:16:38:55 -0300] "POST /cormun/servlet/solicitudotadjuntos?23afa7fa6faea5f6eda6e31c47b87bd5,INS,2018,11652,,2, HTTP/1.1" 200 116
186.103.159.189 - - [06/Jun/2018:16:38:55 -0300] "GET /cormun/servlet/hpexe_return? HTTP/1.1" 200 1027
186.103.159.189 - - [06/Jun/2018:16:38:56 -0300] "GET /cormun/servlet/trsolicitudadjuntos?2018,11652, HTTP/1.1" 200 9927
186.103.159.189 - - [06/Jun/2018:16:38:57 -0300] "GET /cormun/servlet/trsolicitudadjuntos?2018,11652, HTTP/1.1" 200 9921
186.103.159.189 - - [06/Jun/2018:16:39:02 -0300] "POST /cormun/servlet/trsolicitudadjuntos?23afa7fa6faea5f6eda6e31c47b87bd5,2018,11652,,gx-no-cache=1528313879657 HTTP/1.1" 200 90
186.103.159.189 - - [06/Jun/2018:16:39:02 -0300] "GET /cormun/servlet/hpexe_link HTTP/1.1" 200 969
186.103.159.189 - - [06/Jun/2018:16:39:03 -0300] "GET /cormun/servlet/trsolicitudot HTTP/1.1" 200 8479
186.103.159.189 - - [06/Jun/2018:16:39:04 -0300] "GET /cormun/servlet/trsolicitudot HTTP/1.1" 200 8478
200.73.230.197 - - [06/Jun/2018:16:39:10 -0300] "GET /cormun/servlet/permisogoce?INS,0,,, HTTP/1.1" 200 6786
200.73.230.197 - - [06/Jun/2018:16:39:11 -0300] "GET /cormun/servlet/permisogoce?INS,0,,, HTTP/1.1" 200 6786
200.73.230.197 - - [06/Jun/2018:16:39:32 -0300] "GET /cormun/servlet/permisogoce?bc7af41772b2c57479cc2c8a7ef981b3d79937c037f1082a79e52d707bb2dab2dafadae829fd260834497f0f591389289d03d7ef8a3beab1caacca9b68ea9827,gx-no-cache=1528313909039 HTTP/1.1" 200 80
200.73.230.197 - - [06/Jun/2018:16:39:32 -0300] "GET /cormun/static/menuarrow.gif HTTP/1.1" 404 1015
200.73.230.197 - - [06/Jun/2018:16:39:45 -0300] "GET /cormun/servlet/permisogoce?bc7af41772b2c57479cc2c8a7ef981b36e25f5c62a46566484f1d2e99388481be73875f9f156c638ac92f8a07401a521851fb47082a64c0ccdd90f3733124515,gx-no-cache=1528313922092 HTTP/1.1" 200 47
200.73.230.197 - - [06/Jun/2018:16:39:48 -0300] "POST /cormun/servlet/permisogoce?693feeccf52600f63d328d44bb349425,INS,0,,,,gx-no-cache=1528313924923 HTTP/1.1" 200 93
200.73.230.197 - - [06/Jun/2018:16:39:48 -0300] "GET /cormun/servlet/hpexe_return? HTTP/1.1" 200 1010
200.73.230.197 - - [06/Jun/2018:16:39:48 -0300] "GET /cormun/servlet/trpermisosgoce HTTP/1.1" 200 11421
200.73.230.197 - - [06/Jun/2018:16:39:50 -0300] "GET /cormun/servlet/trpermisosgoce HTTP/1.1" 200 11417
186.83.66.134 - - [06/Jun/2018:16:39:54 -0300] "GET / HTTP/1.1" 200 11217
200.73.230.197 - - [06/Jun/2018:16:39:57 -0300] "GET /cormun/servlet/apermisogoceprn?12692670,P,20180606153552,PU HTTP/1.1" 200 1643
200.73.230.197 - - [06/Jun/2018:16:40:30 -0300] "GET /cormun/servlet/permisogoce?INS,0,,, HTTP/1.1" 200 6787
200.73.230.197 - - [06/Jun/2018:16:40:32 -0300] "GET /cormun/servlet/permisogoce?INS,0,,, HTTP/1.1" 200 6786
200.73.230.197 - - [06/Jun/2018:16:40:40 -0300] "GET /cormun/servlet/permisogoce?bc7af41772b2c57479cc2c8a7ef981b311d986c4dc72b9066e75eac169896949dafadae829fd260834497f0f591389289d03d7ef8a3beab1caacca9b68ea9827,gx-no-cache=1528313977545 HTTP/1.1" 200 79
200.73.230.197 - - [06/Jun/2018:16:40:40 -0300] "GET /cormun/static/menuarrow.gif HTTP/1.1" 404 1015
200.73.230.197 - - [06/Jun/2018:16:40:54 -0300] "GET /cormun/servlet/permisogoce?bc7af41772b2c57479cc2c8a7ef981b39072646f4e329e1464af03f3f2e4bbd2c4fc281c7318fb1f920bb2b5b60c2db34151c6ab2d8e0bd20cb417d763f882f9,gx-no-cache=1528313991445 HTTP/1.1" 200 48
200.73.230.197 - - [06/Jun/2018:16:40:58 -0300] "POST /cormun/servlet/permisogoce?693feeccf52600f63d328d44bb349425,INS,0,,,,gx-no-cache=1528313994793 HTTP/1.1" 200 93
200.73.230.197 - - [06/Jun/2018:16:40:58 -0300] "GET /cormun/servlet/hpexe_return? HTTP/1.1" 200 1010
200.73.230.197 - - [06/Jun/2018:16:40:58 -0300] "GET /cormun/servlet/trpermisosgoce HTTP/1.1" 200 11682
200.73.230.197 - - [06/Jun/2018:16:41:00 -0300] "GET /cormun/servlet/trpermisosgoce HTTP/1.1" 200 11677
200.73.230.197 - - [06/Jun/2018:16:41:05 -0300] "GET /cormun/servlet/apermisogoceprn?14202567,P,20180606153713,PU HTTP/1.1" 200 1654
200.73.230.197 - - [06/Jun/2018:16:41:28 -0300] "GET /cormun/servlet/permisogoce?INS,0,,, HTTP/1.1" 200 6787
200.73.230.197 - - [06/Jun/2018:16:41:29 -0300] "GET /cormun/servlet/permisogoce?INS,0,,, HTTP/1.1" 200 6786
95.213.177.124 - - [06/Jun/2018:16:41:36 -0300] "CONNECT check.proxyradar.com:80 HTTP/1.1" 400 -
