123.249.24.188 - - [06/Jun/2018:16:14:19 -0300] "GET /manager/html HTTP/1.1" 401 2474
123.249.24.188 - - [06/Jun/2018:16:14:19 -0300] "GET /manager/html HTTP/1.1" 401 2474
123.249.24.188 - - [06/Jun/2018:16:14:20 -0300] "GET /manager/html HTTP/1.1" 401 2474
123.249.24.188 - - [06/Jun/2018:16:14:20 -0300] "GET /manager/html HTTP/1.1" 401 2474
186.103.159.189 - - [06/Jun/2018:16:14:21 -0300] "POST /cormun/servlet/solicitudot?gx-no-cache=1528312397971 HTTP/1.1" 200 1367
123.249.24.188 - - [06/Jun/2018:16:14:21 -0300] "GET /manager/html HTTP/1.1" 401 2474
186.103.159.189 - - [06/Jun/2018:16:14:21 -0300] "GET /cormun/static/menuarrow.gif HTTP/1.1" 404 1015
186.103.159.189 - - [06/Jun/2018:16:14:25 -0300] "POST /cormun/servlet/solicitudot?gx-no-cache=1528312402333 HTTP/1.1" 200 118
186.103.159.189 - - [06/Jun/2018:16:15:06 -0300] "GET /cormun/servlet/solicitudot?c214580105269a88661ea3d140e33d5d174c5ef1a881c4d75b67fb9dd2d4c2b1c5e13dc4bb3f9134e45fbae311ae8945cbdc75ecccaed0ba1e2941e762016042ed70dc256f591e30f9ab23b065a70c2a6147eb3b8c6295e1b10a1b1677e2e5b91bf626641bcac297f6bcc4a72df57480,gx-no-cache=1528312443198 HTTP/1.1" 200 29
186.103.159.189 - - [06/Jun/2018:16:15:06 -0300] "POST /cormun/servlet/solicitudot?gx-no-cache=1528312443298 HTTP/1.1" 200 1349
186.103.159.189 - - [06/Jun/2018:16:15:06 -0300] "POST /cormun/servlet/solicitudot?gx-no-cache=1528312443363 HTTP/1.1" 200 1247
186.103.159.189 - - [06/Jun/2018:16:15:15 -0300] "POST /cormun/servlet/solicitudot?gx-no-cache=1528312452829 HTTP/1.1" 200 1349
186.103.159.189 - - [06/Jun/2018:16:15:16 -0300] "POST /cormun/servlet/solicitudot?gx-no-cache=1528312453668 HTTP/1.1" 200 1247
186.103.159.189 - - [06/Jun/2018:16:15:17 -0300] "GET /cormun/servlet/solicitudot?c214580105269a88661ea3d140e33d5dd74b808d00ae3f63b410f3d62dd97824d53234f2e73ff6eee7c62fc71ac2f65a,gx-no-cache=1528312454721 HTTP/1.1" 200 30
186.103.159.189 - - [06/Jun/2018:16:15:17 -0300] "POST /cormun/servlet/solicitudot?gx-no-cache=1528312454764 HTTP/1.1" 200 30
186.103.159.189 - - [06/Jun/2018:16:15:21 -0300] "GET /cormun/servlet/solicitudot?c214580105269a88661ea3d140e33d5dd74b808d00ae3f63b410f3d62dd97824a571047e0bd086ef3d014b144daf09c8,gx-no-cache=1528312458079 HTTP/1.1" 200 30
186.103.159.189 - - [06/Jun/2018:16:15:32 -0300] "POST /cormun/servlet/solicitudot?gx-no-cache=1528312469192 HTTP/1.1" 200 120
186.103.159.189 - - [06/Jun/2018:16:17:09 -0300] "GET /cormun/servlet/solicitudot?c214580105269a88661ea3d140e33d5dd74b808d00ae3f63b410f3d62dd97824760f56a8191bb7fe7410077b37b002e3,gx-no-cache=1528312566812 HTTP/1.1" 200 30
186.103.159.189 - - [06/Jun/2018:16:17:09 -0300] "POST /cormun/servlet/solicitudot?gx-no-cache=1528312566884 HTTP/1.1" 200 120
186.103.159.189 - - [06/Jun/2018:16:17:10 -0300] "POST /cormun/servlet/solicitudot?23afa7fa6faea5f6eda6e31c47b87bd5,INS,0,0,,gx-no-cache=1528312567686 HTTP/1.1" 200 11961
186.103.159.189 - - [06/Jun/2018:16:17:40 -0300] "POST /cormun/servlet/solicitudot?gx-no-cache=1528312597471 HTTP/1.1" 200 30
186.103.159.189 - - [06/Jun/2018:16:17:40 -0300] "POST /cormun/servlet/solicitudot?gx-no-cache=1528312597804 HTTP/1.1" 200 1367
186.103.159.189 - - [06/Jun/2018:16:17:41 -0300] "POST /cormun/servlet/solicitudot?gx-no-cache=1528312598672 HTTP/1.1" 200 122
186.103.159.189 - - [06/Jun/2018:16:18:45 -0300] "POST /cormun/servlet/solicitudot?gx-no-cache=1528312662371 HTTP/1.1" 200 122
186.103.159.189 - - [06/Jun/2018:16:18:45 -0300] "POST /cormun/servlet/solicitudot?gx-no-cache=1528312662451 HTTP/1.1" 200 1349
186.103.159.189 - - [06/Jun/2018:16:18:45 -0300] "POST /cormun/servlet/solicitudot?gx-no-cache=1528312662521 HTTP/1.1" 200 1247
186.103.159.189 - - [06/Jun/2018:16:18:45 -0300] "POST /cormun/servlet/solicitudot?gx-no-cache=1528312662586 HTTP/1.1" 200 120
186.103.159.189 - - [06/Jun/2018:16:18:45 -0300] "POST /cormun/servlet/solicitudot?23afa7fa6faea5f6eda6e31c47b87bd5,INS,0,0,,gx-no-cache=1528312662658 HTTP/1.1" 200 12044
186.103.159.189 - - [06/Jun/2018:16:19:01 -0300] "GET /cormun/servlet/solicitudot?c214580105269a88661ea3d140e33d5dd74b808d00ae3f63b410f3d62dd97824d96636c52bc928f26a903d7260d13fad,gx-no-cache=1528312678444 HTTP/1.1" 200 30
186.103.159.189 - - [06/Jun/2018:16:19:01 -0300] "POST /cormun/servlet/solicitudot?gx-no-cache=1528312678488 HTTP/1.1" 200 120
186.103.159.189 - - [06/Jun/2018:16:19:01 -0300] "POST /cormun/servlet/solicitudot?23afa7fa6faea5f6eda6e31c47b87bd5,INS,0,0,,gx-no-cache=1528312678545 HTTP/1.1" 200 12105
186.103.159.189 - - [06/Jun/2018:16:19:42 -0300] "GET /cormun/servlet/solicitudot?c214580105269a88661ea3d140e33d5dd74b808d00ae3f63b410f3d62dd97824d53234f2e73ff6eee7c62fc71ac2f65a,gx-no-cache=1528312719278 HTTP/1.1" 200 30
186.103.159.189 - - [06/Jun/2018:16:19:42 -0300] "POST /cormun/servlet/solicitudot?gx-no-cache=1528312719350 HTTP/1.1" 200 120
186.103.159.189 - - [06/Jun/2018:16:19:42 -0300] "POST /cormun/servlet/solicitudot?23afa7fa6faea5f6eda6e31c47b87bd5,INS,0,0,,gx-no-cache=1528312719414 HTTP/1.1" 200 12157
186.103.159.189 - - [06/Jun/2018:16:20:24 -0300] "GET /cormun/servlet/solicitudot?c214580105269a88661ea3d140e33d5d3f9670416ca432919b14e7cd513e1c6c64fc5dfb06f55fb4522e9cd1c37fda27025f7779b5432758a0a54d7549ac59c8,gx-no-cache=1528312759752 HTTP/1.1" 200 30
186.103.159.189 - - [06/Jun/2018:16:20:30 -0300] "GET /cormun/servlet/solicitudot?c214580105269a88661ea3d140e33d5d69ed43c2e8bc3504359f8df9e087cdab651ce6b55ee06457274a1dd76002c1e88f36c6bd84558b6d3de23dcf3f22a518e9d216d64793181d5c86daa49f68460ff13b1def644f6a3369025116b80c04d6f7b1fbe083b60d60b0b4137494f0d8c9d1b3858a1dab4931c50e64528094aacab66fcf42e5b3435944a0c08d36895b55217b6fa62d5822944e374db296ae9f764ad1d3acfd595c8007fc187498f321d8442e1ebed4a0cc7d9e14c97f92ce8702fb562460e94f3fd99ab3bf5e2651bf70b78ab44ebfe2c592b412b1ac6aa1743cd10edfeeb9f38d5c991a02bf5e5554b44bf7803d9eeb0772a0cefc0bdc8273d35be152cf3be2839d3ac0a245a9571bf313bb41bc85872aad2c151f2fd62c253980b88e0f10d9adda747059ded4fc9ccc6ef645476a992756be9a7a7e441040fd1d9a584ff389a5b6d3f8f378ddc20531b6d7daf2479e8b2ad79a5000652d7d648f055418206e5e45c3bd5fd2f6978ca577fb6ff616e8ec8d1a4f0b547e661e26929703479e3e13f4fbf88bb2e05a9818,gx-no-cache=1528312761283 HTTP/1.1" 200 30
186.103.159.189 - - [06/Jun/2018:16:20:30 -0300] "POST /cormun/servlet/solicitudot?gx-no-cache=1528312767325 HTTP/1.1" 200 30
186.103.159.189 - - [06/Jun/2018:16:20:30 -0300] "POST /cormun/servlet/solicitudot?gx-no-cache=1528312767418 HTTP/1.1" 200 1367
186.103.159.189 - - [06/Jun/2018:16:20:30 -0300] "POST /cormun/servlet/solicitudot?gx-no-cache=1528312767618 HTTP/1.1" 200 122
186.103.159.189 - - [06/Jun/2018:16:20:30 -0300] "POST /cormun/servlet/solicitudot?gx-no-cache=1528312767695 HTTP/1.1" 200 1349
186.103.159.189 - - [06/Jun/2018:16:20:30 -0300] "POST /cormun/servlet/solicitudot?gx-no-cache=1528312767800 HTTP/1.1" 200 1247
186.103.159.189 - - [06/Jun/2018:16:20:31 -0300] "POST /cormun/servlet/solicitudot?gx-no-cache=1528312768175 HTTP/1.1" 200 120
186.103.159.189 - - [06/Jun/2018:16:20:31 -0300] "POST /cormun/servlet/solicitudot?23afa7fa6faea5f6eda6e31c47b87bd5,INS,0,0,,gx-no-cache=1528312768257 HTTP/1.1" 200 12206
186.103.159.189 - - [06/Jun/2018:16:20:56 -0300] "GET /cormun/servlet/solicitudot?c214580105269a88661ea3d140e33d5dd74b808d00ae3f63b410f3d62dd97824f21f40fb54b8cebbf665e52c8ac5c468,gx-no-cache=1528312793635 HTTP/1.1" 200 30
186.103.159.189 - - [06/Jun/2018:16:20:56 -0300] "POST /cormun/servlet/solicitudot?gx-no-cache=1528312793688 HTTP/1.1" 200 120
186.103.159.189 - - [06/Jun/2018:16:20:57 -0300] "POST /cormun/servlet/solicitudot?23afa7fa6faea5f6eda6e31c47b87bd5,INS,0,0,,gx-no-cache=1528312793751 HTTP/1.1" 200 12241
186.103.159.189 - - [06/Jun/2018:16:24:22 -0300] "GET /cormun/servlet/prfichaempleado?,MD,,gxPopupLevel%3D0%3B HTTP/1.1" 200 9332
190.46.88.10 - - [06/Jun/2018:16:24:43 -0300] "GET /cormun/servlet/hlogin HTTP/1.1" 200 1723
190.46.88.10 - - [06/Jun/2018:16:24:51 -0300] "POST /cormun/servlet/hlogin?98b43f23e0913268f62f1a6698892d2e,gx-no-cache=1528313028958 HTTP/1.1" 200 90
190.46.88.10 - - [06/Jun/2018:16:24:51 -0300] "GET /cormun/servlet/hpexe_link HTTP/1.1" 200 953
190.46.88.10 - - [06/Jun/2018:16:24:51 -0300] "GET /cormun/servlet/hhome HTTP/1.1" 200 4237
190.46.88.10 - - [06/Jun/2018:16:24:52 -0300] "GET /cormun/servlet/hhome HTTP/1.1" 200 4233
190.46.88.10 - - [06/Jun/2018:16:25:03 -0300] "GET /cormun/servlet/trpermisosgoce? HTTP/1.1" 200 11272
190.46.88.10 - - [06/Jun/2018:16:25:03 -0300] "GET /cormun/static/gxcfg.js?20177612163875 HTTP/1.1" 200 953
190.46.88.10 - - [06/Jun/2018:16:25:03 -0300] "GET /cormun/static/trpermisosgoce.js?20177612164335 HTTP/1.1" 200 35904
190.46.88.10 - - [06/Jun/2018:16:25:05 -0300] "GET /cormun/servlet/trpermisosgoce? HTTP/1.1" 200 11270
186.79.219.159 - - [06/Jun/2018:16:25:05 -0300] "GET /cormun//static/Resources/PXToolsGridDisplay.png HTTP/1.1" 200 362
190.46.88.10 - - [06/Jun/2018:16:25:05 -0300] "GET /cormun//static/Resources/PXToolsHeaderFavorites.png HTTP/1.1" 200 2744
190.46.88.10 - - [06/Jun/2018:16:25:05 -0300] "GET /cormun//static/Resources/PXToolsActionPrint.png HTTP/1.1" 200 3317
190.46.88.10 - - [06/Jun/2018:16:25:05 -0300] "GET /cormun//static/Resources/PXTools/ActionInsert.png HTTP/1.1" 200 1482
186.79.219.159 - - [06/Jun/2018:16:25:05 -0300] "GET /cormun//static/Resources/PXToolsHeaderHelp.png HTTP/1.1" 200 4055
186.79.219.159 - - [06/Jun/2018:16:25:05 -0300] "GET /cormun//static/Resources/PXToolsGridDelete.png HTTP/1.1" 200 357
186.79.219.159 - - [06/Jun/2018:16:25:10 -0300] "GET /cormun/servlet/permisogoce?INS,0,,, HTTP/1.1" 200 7102
186.79.219.159 - - [06/Jun/2018:16:25:10 -0300] "GET /cormun/static/gxcfg.js?201776126440 HTTP/1.1" 200 953
186.79.219.159 - - [06/Jun/2018:16:25:10 -0300] "GET /cormun/static/permisogoce.js?2017761264459 HTTP/1.1" 200 27897
186.79.219.159 - - [06/Jun/2018:16:25:11 -0300] "GET /cormun/servlet/permisogoce?INS,0,,, HTTP/1.1" 200 7102
186.79.219.159 - - [06/Jun/2018:16:25:21 -0300] "GET /cormun/servlet/permisogoce?a56dc778c05c0641ad6e6336abfbe833b9186516c353f86da6556e680327f4cb45ed79a285961217006abe3f18ec4420e285da7c34a7a6764d89c491b11930ee,gx-no-cache=1528313059027 HTTP/1.1" 200 80
186.79.219.159 - - [06/Jun/2018:16:25:21 -0300] "GET /cormun/static/menuarrow.gif HTTP/1.1" 404 1015
186.79.219.159 - - [06/Jun/2018:16:25:27 -0300] "GET /cormun/servlet/permisogoce?a56dc778c05c0641ad6e6336abfbe83342d12375295b321e2d3406a17fdcd0b4a9081a050cddf4e6b5f6725b6f35a02e5d1d083c509afef9bdde71a3ecfdd55c,gx-no-cache=1528313065518 HTTP/1.1" 200 47
186.103.159.46 - - [06/Jun/2018:16:25:31 -0300] "POST /cormun/servlet/hlogin?0ad95582bfd2672f2250b5964f9ae8f7,gx-no-cache=1528313065938 HTTP/1.1" 440 972
186.79.219.159 - - [06/Jun/2018:16:25:33 -0300] "POST /cormun/servlet/permisogoce?98b43f23e0913268f62f1a6698892d2e,INS,0,,,,gx-no-cache=1528313071171 HTTP/1.1" 200 93
186.103.159.46 - - [06/Jun/2018:16:25:33 -0300] "GET /cormun/servlet/hlogin HTTP/1.1" 200 1734
186.79.219.159 - - [06/Jun/2018:16:25:33 -0300] "GET /cormun/servlet/hpexe_return? HTTP/1.1" 200 1011
186.79.219.159 - - [06/Jun/2018:16:25:34 -0300] "GET /cormun/servlet/trpermisosgoce HTTP/1.1" 200 11598
190.46.88.10 - - [06/Jun/2018:16:25:35 -0300] "GET /cormun//static/Resources/PXToolsGridUpdate.png HTTP/1.1" 200 2984
186.79.219.159 - - [06/Jun/2018:16:25:35 -0300] "GET /cormun/servlet/trpermisosgoce HTTP/1.1" 200 11593
186.79.219.159 - - [06/Jun/2018:16:25:37 -0300] "GET /cormun/servlet/permisogoce?INS,0,,, HTTP/1.1" 200 7102
186.79.219.159 - - [06/Jun/2018:16:25:39 -0300] "GET /cormun/servlet/permisogoce?INS,0,,, HTTP/1.1" 200 7102
186.103.159.46 - - [06/Jun/2018:16:25:44 -0300] "POST /cormun/servlet/hlogin?36b0c6038d214ed050ac7c56e8c779b1,gx-no-cache=1528313079155 HTTP/1.1" 200 90
186.103.159.46 - - [06/Jun/2018:16:25:44 -0300] "GET /cormun/servlet/hpexe_link HTTP/1.1" 200 954
186.103.159.46 - - [06/Jun/2018:16:25:44 -0300] "GET /cormun/servlet/hhome HTTP/1.1" 200 4128
186.103.159.46 - - [06/Jun/2018:16:25:45 -0300] "GET /cormun/servlet/hhome HTTP/1.1" 200 4126
186.79.219.159 - - [06/Jun/2018:16:25:45 -0300] "GET /cormun/servlet/permisogoce?a56dc778c05c0641ad6e6336abfbe83376bcad7a12245f1f8f4dc1057b79920d45ed79a285961217006abe3f18ec4420e285da7c34a7a6764d89c491b11930ee,gx-no-cache=1528313083743 HTTP/1.1" 200 77
186.79.219.159 - - [06/Jun/2018:16:25:46 -0300] "GET /cormun/static/menuarrow.gif HTTP/1.1" 404 1015
186.103.159.46 - - [06/Jun/2018:16:25:51 -0300] "GET /cormun/servlet/trautorizarpermisogoce? HTTP/1.1" 200 8316
186.79.219.159 - - [06/Jun/2018:16:25:51 -0300] "GET /cormun/servlet/permisogoce?a56dc778c05c0641ad6e6336abfbe833110ac52d1daab6104a975dfb015dd58ec4b06c2e82a90859a9e902e9009f0b0c5d1d083c509afef9bdde71a3ecfdd55c,gx-no-cache=1528313089448 HTTP/1.1" 200 45
186.103.159.46 - - [06/Jun/2018:16:25:52 -0300] "GET /cormun/servlet/trautorizarpermisogoce? HTTP/1.1" 200 8315
186.79.219.159 - - [06/Jun/2018:16:25:53 -0300] "POST /cormun/servlet/permisogoce?98b43f23e0913268f62f1a6698892d2e,INS,0,,,,gx-no-cache=1528313091251 HTTP/1.1" 200 93
186.79.219.159 - - [06/Jun/2018:16:25:53 -0300] "GET /cormun/servlet/hpexe_return? HTTP/1.1" 200 1011
186.79.219.159 - - [06/Jun/2018:16:25:54 -0300] "GET /cormun/servlet/trpermisosgoce HTTP/1.1" 200 11830
186.79.219.159 - - [06/Jun/2018:16:25:55 -0300] "GET /cormun/servlet/trpermisosgoce HTTP/1.1" 200 11826
186.79.219.159 - - [06/Jun/2018:16:25:58 -0300] "GET /cormun/servlet/permisogoce?INS,0,,, HTTP/1.1" 200 7102
186.79.219.159 - - [06/Jun/2018:16:25:59 -0300] "GET /cormun/servlet/permisogoce?INS,0,,, HTTP/1.1" 200 7102
186.103.159.189 - - [06/Jun/2018:16:26:02 -0300] "GET /cormun/servlet/solicitudot?c214580105269a88661ea3d140e33d5d69ed43c2e8bc3504359f8df9e087cdab651ce6b55ee06457274a1dd76002c1e88f36c6bd84558b6d3de23dcf3f22a518e9d216d64793181d5c86daa49f68460ff13b1def644f6a3369025116b80c04d6f7b1fbe083b60d60b0b4137494f0d8c9d1b3858a1dab4931c50e64528094aacab66fcf42e5b3435944a0c08d36895b55217b6fa62d5822944e374db296ae9f764ad1d3acfd595c8007fc187498f321d8442e1ebed4a0cc7d9e14c97f92ce8702fb562460e94f3fd99ab3bf5e2651bf70b78ab44ebfe2c592b412b1ac6aa1743cd10edfeeb9f38d5c991a02bf5e5554b44bf7803d9eeb0772a0cefc0bdc8273d35be152cf3be2839d3ac0a245a9571bf313bb41bc85872aad2c151f2fd62c253980b88e0f10d9adda747059ded4fc9ccc6ef645476a992756be9a7a7e441040fd1d9a584ff389a5b6d3f8f378ddc20531b6d7daf2479e8b2ad79a5000652d7d648f055418206e5e45c3bd5fd2f6978ca577fb6ff616e8ec8d1a4f0b547e661e26929703479e3e13f4fbf88bb2e05a9818,gx-no-cache=1528313099654 HTTP/1.1" 200 30
186.103.159.189 - - [06/Jun/2018:16:26:02 -0300] "POST /cormun/servlet/solicitudot?gx-no-cache=1528313099999 HTTP/1.1" 200 30
186.103.159.189 - - [06/Jun/2018:16:26:03 -0300] "POST /cormun/servlet/solicitudot?gx-no-cache=1528313100065 HTTP/1.1" 200 1367
186.79.219.159 - - [06/Jun/2018:16:26:06 -0300] "GET /cormun/servlet/permisogoce?a56dc778c05c0641ad6e6336abfbe8331cf0de6c0a7f071b522395451557056c45ed79a285961217006abe3f18ec4420e285da7c34a7a6764d89c491b11930ee,gx-no-cache=1528313104678 HTTP/1.1" 200 81
186.79.219.159 - - [06/Jun/2018:16:26:06 -0300] "GET /cormun/static/menuarrow.gif HTTP/1.1" 404 1015
186.103.159.189 - - [06/Jun/2018:16:26:11 -0300] "GET /cormun/servlet/prlicenciaspermisos?12517562,L,,MD,,gxPopupLevel%3D0%3B HTTP/1.1" 200 7747
186.79.219.159 - - [06/Jun/2018:16:26:13 -0300] "GET /cormun/servlet/permisogoce?a56dc778c05c0641ad6e6336abfbe83341fc6c8134567bea56002324dda30f094d66dd0bafc5c1382d7c9aca2e36a7bb5d1d083c509afef9bdde71a3ecfdd55c,gx-no-cache=1528313111365 HTTP/1.1" 200 46
186.79.219.159 - - [06/Jun/2018:16:26:15 -0300] "POST /cormun/servlet/permisogoce?98b43f23e0913268f62f1a6698892d2e,INS,0,,,,gx-no-cache=1528313113305 HTTP/1.1" 200 93
186.79.219.159 - - [06/Jun/2018:16:26:16 -0300] "GET /cormun/servlet/hpexe_return? HTTP/1.1" 200 1011
186.79.219.159 - - [06/Jun/2018:16:26:16 -0300] "GET /cormun/servlet/trpermisosgoce HTTP/1.1" 200 12080
186.79.219.159 - - [06/Jun/2018:16:26:18 -0300] "GET /cormun/servlet/trpermisosgoce HTTP/1.1" 200 12075
186.79.219.159 - - [06/Jun/2018:16:26:21 -0300] "GET /cormun/servlet/permisogoce?INS,0,,, HTTP/1.1" 200 7102
186.79.219.159 - - [06/Jun/2018:16:26:22 -0300] "GET /cormun/servlet/permisogoce?INS,0,,, HTTP/1.1" 200 7102
186.103.159.189 - - [06/Jun/2018:16:26:25 -0300] "POST /cormun/servlet/solicitudot?gx-no-cache=1528313122882 HTTP/1.1" 200 41
186.103.159.189 - - [06/Jun/2018:16:26:25 -0300] "POST /cormun/servlet/solicitudot?gx-no-cache=1528313122932 HTTP/1.1" 200 1349
186.103.159.189 - - [06/Jun/2018:16:26:26 -0300] "POST /cormun/servlet/solicitudot?gx-no-cache=1528313123047 HTTP/1.1" 200 1247
186.103.159.189 - - [06/Jun/2018:16:26:26 -0300] "GET /cormun/servlet/solicitudot?c214580105269a88661ea3d140e33d5dd74b808d00ae3f63b410f3d62dd97824d53234f2e73ff6eee7c62fc71ac2f65a,gx-no-cache=1528313123141 HTTP/1.1" 200 30
186.103.159.189 - - [06/Jun/2018:16:26:26 -0300] "POST /cormun/servlet/solicitudot?gx-no-cache=1528313123207 HTTP/1.1" 200 34
186.103.159.189 - - [06/Jun/2018:16:26:27 -0300] "POST /cormun/servlet/solicitudot?23afa7fa6faea5f6eda6e31c47b87bd5,INS,0,0,,gx-no-cache=1528313123265 HTTP/1.1" 200 93
186.103.159.189 - - [06/Jun/2018:16:26:27 -0300] "GET /cormun/servlet/hpexe_return? HTTP/1.1" 200 1006
186.103.159.189 - - [06/Jun/2018:16:26:27 -0300] "GET /cormun/servlet/trsolicitudot HTTP/1.1" 200 8482
186.79.219.159 - - [06/Jun/2018:16:26:28 -0300] "GET /cormun/servlet/permisogoce?a56dc778c05c0641ad6e6336abfbe83320115afc67f48ed2ac91e2bcfd107f2045ed79a285961217006abe3f18ec4420e285da7c34a7a6764d89c491b11930ee,gx-no-cache=1528313126852 HTTP/1.1" 200 83
186.79.219.159 - - [06/Jun/2018:16:26:29 -0300] "GET /cormun/static/menuarrow.gif HTTP/1.1" 404 1015
186.103.159.189 - - [06/Jun/2018:16:26:29 -0300] "GET /cormun/servlet/trsolicitudot HTTP/1.1" 200 8478
186.79.219.159 - - [06/Jun/2018:16:26:36 -0300] "GET /cormun/servlet/permisogoce?a56dc778c05c0641ad6e6336abfbe833150ff3923756671d34d4ab3d43403623bf6d8d31c89dab3a795d2cafe1b6736b5d1d083c509afef9bdde71a3ecfdd55c,gx-no-cache=1528313134405 HTTP/1.1" 200 48
186.79.219.159 - - [06/Jun/2018:16:26:39 -0300] "POST /cormun/servlet/permisogoce?98b43f23e0913268f62f1a6698892d2e,INS,0,,,,gx-no-cache=1528313137041 HTTP/1.1" 200 93
186.79.219.159 - - [06/Jun/2018:16:26:39 -0300] "GET /cormun/servlet/hpexe_return? HTTP/1.1" 200 1011
186.79.219.159 - - [06/Jun/2018:16:26:40 -0300] "GET /cormun/servlet/trpermisosgoce HTTP/1.1" 200 12359
186.79.219.159 - - [06/Jun/2018:16:26:41 -0300] "GET /cormun/servlet/trpermisosgoce HTTP/1.1" 200 12355
186.79.219.159 - - [06/Jun/2018:16:26:43 -0300] "GET /cormun/servlet/permisogoce?INS,0,,, HTTP/1.1" 200 7101
186.79.219.159 - - [06/Jun/2018:16:26:45 -0300] "GET /cormun/servlet/permisogoce?INS,0,,, HTTP/1.1" 200 7102
186.103.159.46 - - [06/Jun/2018:16:26:45 -0300] "POST /cormun/servlet/trautorizarpermisogoce?36b0c6038d214ed050ac7c56e8c779b1,,gx-no-cache=1528313140493 HTTP/1.1" 200 5373
186.103.159.46 - - [06/Jun/2018:16:26:45 -0300] "GET /cormun/static/Shared/jqueryui/images/ui-icons_82798d_256x240.png HTTP/1.1" 404 1089
186.103.159.46 - - [06/Jun/2018:16:26:45 -0300] "GET /cormun/static/Shared/jqueryui/images/ui-bg_highlight-soft_100_c6c2c8_1x100.png HTTP/1.1" 404 1117
186.103.159.46 - - [06/Jun/2018:16:26:45 -0300] "GET /cormun/static/Shared/jqueryui/images/ui-bg_flat_55_fafafa_40x100.png HTTP/1.1" 404 1097
186.103.159.46 - - [06/Jun/2018:16:26:45 -0300] "GET /cormun/static/Shared/jqueryui/images/ui-icons_8d78a5_256x240.png HTTP/1.1" 404 1089
186.103.159.46 - - [06/Jun/2018:16:26:46 -0300] "POST /cormun/servlet/trautorizarpermisogoce?36b0c6038d214ed050ac7c56e8c779b1,,gx-no-cache=1528313141545 HTTP/1.1" 200 5117
186.103.159.46 - - [06/Jun/2018:16:26:47 -0300] "POST /cormun/servlet/trautorizarpermisogoce?36b0c6038d214ed050ac7c56e8c779b1,,gx-no-cache=1528313142505 HTTP/1.1" 200 4355
186.79.219.159 - - [06/Jun/2018:16:26:53 -0300] "GET /cormun/servlet/permisogoce?a56dc778c05c0641ad6e6336abfbe833bc3c21db9c36e14d86385c6a12b98f2745ed79a285961217006abe3f18ec4420e285da7c34a7a6764d89c491b11930ee,gx-no-cache=1528313151558 HTTP/1.1" 200 81
186.79.219.159 - - [06/Jun/2018:16:26:53 -0300] "GET /cormun/static/menuarrow.gif HTTP/1.1" 404 1015
186.103.159.46 - - [06/Jun/2018:16:26:58 -0300] "POST /cormun/servlet/trautorizarpermisogoce?36b0c6038d214ed050ac7c56e8c779b1,,gx-no-cache=1528313153075 HTTP/1.1" 200 10330
186.79.219.159 - - [06/Jun/2018:16:27:01 -0300] "GET /cormun/servlet/permisogoce?a56dc778c05c0641ad6e6336abfbe8330c449997e0bb48b6e6843f6c01deeab6e3c9af4f26a6cdaa9935e4b928ca38955d1d083c509afef9bdde71a3ecfdd55c,gx-no-cache=1528313159332 HTTP/1.1" 200 48
186.79.219.159 - - [06/Jun/2018:16:27:04 -0300] "POST /cormun/servlet/permisogoce?98b43f23e0913268f62f1a6698892d2e,INS,0,,,,gx-no-cache=1528313161355 HTTP/1.1" 200 93
186.79.219.159 - - [06/Jun/2018:16:27:04 -0300] "GET /cormun/servlet/hpexe_return? HTTP/1.1" 200 1011
186.79.219.159 - - [06/Jun/2018:16:27:04 -0300] "GET /cormun/servlet/trpermisosgoce HTTP/1.1" 200 12604
186.79.219.159 - - [06/Jun/2018:16:27:06 -0300] "GET /cormun/servlet/trpermisosgoce HTTP/1.1" 200 12600
186.79.219.159 - - [06/Jun/2018:16:27:09 -0300] "GET /cormun/servlet/permisogoce?INS,0,,, HTTP/1.1" 200 7102
186.79.219.159 - - [06/Jun/2018:16:27:10 -0300] "GET /cormun/servlet/permisogoce?INS,0,,, HTTP/1.1" 200 7102
186.79.219.159 - - [06/Jun/2018:16:27:28 -0300] "GET /cormun/servlet/permisogoce?a56dc778c05c0641ad6e6336abfbe8330d4401093a05d1f5a1346152cf9713cb4b3c28984d0253d46f4efd88b6d7ca15,gx-no-cache=1528313186435 HTTP/1.1" 200 83
186.79.219.159 - - [06/Jun/2018:16:27:28 -0300] "GET /cormun/static/menuarrow.gif HTTP/1.1" 404 1015
186.79.219.159 - - [06/Jun/2018:16:27:36 -0300] "GET /cormun/servlet/permisogoce?a56dc778c05c0641ad6e6336abfbe833f4186b7cb15c91910afc4a50e2f7eb1ae2547d5c050f397e0809b33057e127a538faf72a13f748dba1869dc42ca49c62,gx-no-cache=1528313194213 HTTP/1.1" 200 47
186.79.219.159 - - [06/Jun/2018:16:27:38 -0300] "POST /cormun/servlet/permisogoce?98b43f23e0913268f62f1a6698892d2e,INS,0,,,,gx-no-cache=1528313195961 HTTP/1.1" 200 93
186.79.219.159 - - [06/Jun/2018:16:27:38 -0300] "GET /cormun/servlet/hpexe_return? HTTP/1.1" 200 1011
186.79.219.159 - - [06/Jun/2018:16:27:39 -0300] "GET /cormun/servlet/trpermisosgoce HTTP/1.1" 200 12807
186.79.219.159 - - [06/Jun/2018:16:27:40 -0300] "GET /cormun/servlet/trpermisosgoce HTTP/1.1" 200 12803
186.79.219.159 - - [06/Jun/2018:16:27:43 -0300] "GET /cormun/servlet/permisogoce?INS,0,,, HTTP/1.1" 200 7101
186.79.219.159 - - [06/Jun/2018:16:27:44 -0300] "GET /cormun/servlet/permisogoce?INS,0,,, HTTP/1.1" 200 7102
186.79.219.159 - - [06/Jun/2018:16:27:51 -0300] "GET /cormun/servlet/permisogoce?a56dc778c05c0641ad6e6336abfbe83371d515114b45c2304f30a6231cd141ba4b3c28984d0253d46f4efd88b6d7ca15,gx-no-cache=1528313209251 HTTP/1.1" 200 77
186.79.219.159 - - [06/Jun/2018:16:27:51 -0300] "GET /cormun/static/menuarrow.gif HTTP/1.1" 404 1015
186.79.219.159 - - [06/Jun/2018:16:27:59 -0300] "GET /cormun/servlet/permisogoce?a56dc778c05c0641ad6e6336abfbe8330b4ce9f73135688911e6c7a958d6dabe8701e7b5ee33dcfbeeb8e8ed4eae14a338faf72a13f748dba1869dc42ca49c62,gx-no-cache=1528313217532 HTTP/1.1" 200 48
186.79.219.159 - - [06/Jun/2018:16:28:01 -0300] "POST /cormun/servlet/permisogoce?98b43f23e0913268f62f1a6698892d2e,INS,0,,,,gx-no-cache=1528313219242 HTTP/1.1" 200 93
186.79.219.159 - - [06/Jun/2018:16:28:01 -0300] "GET /cormun/servlet/hpexe_return? HTTP/1.1" 200 1011
186.79.219.159 - - [06/Jun/2018:16:28:02 -0300] "GET /cormun/servlet/trpermisosgoce HTTP/1.1" 200 13028
186.79.219.159 - - [06/Jun/2018:16:28:04 -0300] "GET /cormun/servlet/trpermisosgoce HTTP/1.1" 200 13024
186.79.219.159 - - [06/Jun/2018:16:28:06 -0300] "GET /cormun/servlet/permisogoce?INS,0,,, HTTP/1.1" 200 7102
186.79.219.159 - - [06/Jun/2018:16:28:08 -0300] "GET /cormun/servlet/permisogoce?INS,0,,, HTTP/1.1" 200 7101
186.79.219.159 - - [06/Jun/2018:16:28:16 -0300] "GET /cormun/servlet/permisogoce?a56dc778c05c0641ad6e6336abfbe833a33da2219567dfab464fdd2f235eee214b3c28984d0253d46f4efd88b6d7ca15,gx-no-cache=1528313234491 HTTP/1.1" 200 86
186.79.219.159 - - [06/Jun/2018:16:28:16 -0300] "GET /cormun/static/menuarrow.gif HTTP/1.1" 404 1015
186.79.219.159 - - [06/Jun/2018:16:28:23 -0300] "GET /cormun/servlet/permisogoce?a56dc778c05c0641ad6e6336abfbe833d564e536ae294f60b2a0426048c5c95d19359979053c83927a7f83e501c7603138faf72a13f748dba1869dc42ca49c62,gx-no-cache=1528313241173 HTTP/1.1" 200 48
186.79.219.159 - - [06/Jun/2018:16:28:26 -0300] "POST /cormun/servlet/permisogoce?98b43f23e0913268f62f1a6698892d2e,INS,0,,,,gx-no-cache=1528313243530 HTTP/1.1" 200 93
186.79.219.159 - - [06/Jun/2018:16:28:26 -0300] "GET /cormun/servlet/hpexe_return? HTTP/1.1" 200 1011
186.79.219.159 - - [06/Jun/2018:16:28:27 -0300] "GET /cormun/servlet/trpermisosgoce HTTP/1.1" 200 13218
186.79.219.159 - - [06/Jun/2018:16:28:28 -0300] "GET /cormun/servlet/trpermisosgoce HTTP/1.1" 200 13214
186.79.219.159 - - [06/Jun/2018:16:28:32 -0300] "GET /cormun/servlet/permisogoce?INS,0,,, HTTP/1.1" 200 7102
186.79.219.159 - - [06/Jun/2018:16:28:34 -0300] "GET /cormun/servlet/permisogoce?INS,0,,, HTTP/1.1" 200 7101
186.79.219.159 - - [06/Jun/2018:16:28:40 -0300] "GET /cormun/servlet/permisogoce?a56dc778c05c0641ad6e6336abfbe833ff96738df9df33b2188429b63fa6f05145ed79a285961217006abe3f18ec4420e285da7c34a7a6764d89c491b11930ee,gx-no-cache=1528313257876 HTTP/1.1" 200 77
186.79.219.159 - - [06/Jun/2018:16:28:40 -0300] "GET /cormun/static/menuarrow.gif HTTP/1.1" 404 1015
186.79.219.159 - - [06/Jun/2018:16:28:47 -0300] "GET /cormun/servlet/permisogoce?a56dc778c05c0641ad6e6336abfbe833b4f2bf57da479feeb3545acaad283e8ac9693433d1d05a7f03c382479cc386475d1d083c509afef9bdde71a3ecfdd55c,gx-no-cache=1528313265380 HTTP/1.1" 200 47
186.79.219.159 - - [06/Jun/2018:16:28:50 -0300] "POST /cormun/servlet/permisogoce?98b43f23e0913268f62f1a6698892d2e,INS,0,,,,gx-no-cache=1528313267489 HTTP/1.1" 200 93
186.79.219.159 - - [06/Jun/2018:16:28:50 -0300] "GET /cormun/servlet/hpexe_return? HTTP/1.1" 200 1011
186.79.219.159 - - [06/Jun/2018:16:28:50 -0300] "GET /cormun/servlet/trpermisosgoce HTTP/1.1" 200 13424
186.79.219.159 - - [06/Jun/2018:16:28:52 -0300] "GET /cormun/servlet/trpermisosgoce HTTP/1.1" 200 13420
186.79.219.159 - - [06/Jun/2018:16:28:54 -0300] "GET /cormun/servlet/permisogoce?INS,0,,, HTTP/1.1" 200 7102
186.79.219.159 - - [06/Jun/2018:16:28:56 -0300] "GET /cormun/servlet/permisogoce?INS,0,,, HTTP/1.1" 200 7102
186.79.219.159 - - [06/Jun/2018:16:29:02 -0300] "GET /cormun/servlet/permisogoce?a56dc778c05c0641ad6e6336abfbe833d6c9a8ff7de57e5f02b0171fce9d0cb145ed79a285961217006abe3f18ec4420e285da7c34a7a6764d89c491b11930ee,gx-no-cache=1528313280870 HTTP/1.1" 200 81
186.79.219.159 - - [06/Jun/2018:16:29:03 -0300] "GET /cormun/static/menuarrow.gif HTTP/1.1" 404 1015
186.103.159.189 - - [06/Jun/2018:16:29:08 -0300] "POST /cormun/servlet/trsolicitudot?23afa7fa6faea5f6eda6e31c47b87bd5,gx-no-cache=1528313285244 HTTP/1.1" 200 107
186.103.159.189 - - [06/Jun/2018:16:29:08 -0300] "GET /cormun/servlet/trsolicitudadjuntos?2018,11652, HTTP/1.1" 200 6086
186.103.159.189 - - [06/Jun/2018:16:29:08 -0300] "GET /cormun/static/gxcfg.js?20177612135366 HTTP/1.1" 200 953
186.103.159.189 - - [06/Jun/2018:16:29:08 -0300] "GET /cormun/static/trsolicitudadjuntos.js?20177612135632 HTTP/1.1" 200 17922
186.103.159.189 - - [06/Jun/2018:16:29:10 -0300] "GET /cormun/servlet/trsolicitudadjuntos?2018,11652, HTTP/1.1" 200 6086
186.79.219.159 - - [06/Jun/2018:16:29:10 -0300] "GET /cormun/servlet/permisogoce?a56dc778c05c0641ad6e6336abfbe8338437bc4581d734c1d351f3fa5b9bccad95c699e0548024c4c47e9629a98ba5805d1d083c509afef9bdde71a3ecfdd55c,gx-no-cache=1528313288088 HTTP/1.1" 200 47
186.103.159.189 - - [06/Jun/2018:16:29:13 -0300] "GET /cormun/servlet/solicitudotadjuntos?INS,2018,11652,,1, HTTP/1.1" 200 6031
186.103.159.189 - - [06/Jun/2018:16:29:13 -0300] "GET /cormun/static/gxcfg.js?2017761244068 HTTP/1.1" 200 953
186.103.159.189 - - [06/Jun/2018:16:29:13 -0300] "GET /cormun/static/solicitudotadjuntos.js?2017761244086 HTTP/1.1" 200 11771
186.103.159.189 - - [06/Jun/2018:16:29:13 -0300] "GET /cormun/static/about:blank HTTP/1.1" 404 1011
186.79.219.159 - - [06/Jun/2018:16:29:13 -0300] "POST /cormun/servlet/permisogoce?98b43f23e0913268f62f1a6698892d2e,INS,0,,,,gx-no-cache=1528313290305 HTTP/1.1" 200 93
186.79.219.159 - - [06/Jun/2018:16:29:14 -0300] "GET /cormun/servlet/hpexe_return? HTTP/1.1" 200 1011
186.103.159.189 - - [06/Jun/2018:16:29:14 -0300] "GET /cormun/servlet/solicitudotadjuntos?INS,2018,11652,,1, HTTP/1.1" 200 6025
186.79.219.159 - - [06/Jun/2018:16:29:14 -0300] "GET /cormun/servlet/trpermisosgoce HTTP/1.1" 200 13678
186.103.159.189 - - [06/Jun/2018:16:29:14 -0300] "GET /cormun/servlet/solicitudotadjuntos?c214580105269a88661ea3d140e33d5d73cfc91e243c7fe714d36bec5e912374ace09bae863b4a66d5141f55b966b5f7,gx-no-cache=1528313291924 HTTP/1.1" 200 30
186.79.219.159 - - [06/Jun/2018:16:29:16 -0300] "GET /cormun/servlet/trpermisosgoce HTTP/1.1" 200 13673
186.103.159.189 - - [06/Jun/2018:16:29:16 -0300] "POST /cormun/servlet/solicitudotadjuntos?23afa7fa6faea5f6eda6e31c47b87bd5,INS,2018,11652,,1,,gx-no-cache=1528313293516 HTTP/1.1" 200 3789
186.79.219.159 - - [06/Jun/2018:16:29:18 -0300] "GET /cormun/servlet/permisogoce?INS,0,,, HTTP/1.1" 200 7101
186.79.219.159 - - [06/Jun/2018:16:29:20 -0300] "GET /cormun/servlet/permisogoce?INS,0,,, HTTP/1.1" 200 7102
186.79.219.159 - - [06/Jun/2018:16:29:26 -0300] "GET /cormun/servlet/permisogoce?a56dc778c05c0641ad6e6336abfbe833097769db55eb76a67f91462f67bb18a345ed79a285961217006abe3f18ec4420e285da7c34a7a6764d89c491b11930ee,gx-no-cache=1528313304623 HTTP/1.1" 200 85
186.79.219.159 - - [06/Jun/2018:16:29:26 -0300] "GET /cormun/static/menuarrow.gif HTTP/1.1" 404 1015
192.168.10.96 - - [06/Jun/2018:16:29:31 -0300] "POST /cormun/servlet/hlogin?2980c24c1bfcd10ef229b5adb002e026,gx-no-cache=1528313174164 HTTP/1.1" 200 90
192.168.10.96 - - [06/Jun/2018:16:29:31 -0300] "GET /cormun/servlet/hpexe_link HTTP/1.1" 200 951
192.168.10.96 - - [06/Jun/2018:16:29:32 -0300] "GET /cormun/servlet/hhome HTTP/1.1" 200 4708
192.168.10.96 - - [06/Jun/2018:16:29:32 -0300] "GET /cormun/servlet/hhome HTTP/1.1" 200 4707
186.79.219.159 - - [06/Jun/2018:16:29:33 -0300] "GET /cormun/servlet/permisogoce?a56dc778c05c0641ad6e6336abfbe8339c37a127f3c25a55bf59509f48ded3641cdc4d8b7491044d4a0880a064619b805d1d083c509afef9bdde71a3ecfdd55c,gx-no-cache=1528313311748 HTTP/1.1" 200 47
192.168.10.96 - - [06/Jun/2018:16:29:34 -0300] "GET /cormun/servlet/trsolicitudgral? HTTP/1.1" 200 23985
192.168.10.96 - - [06/Jun/2018:16:29:35 -0300] "GET /cormun/servlet/trsolicitudgral? HTTP/1.1" 200 23983
186.79.219.159 - - [06/Jun/2018:16:29:35 -0300] "POST /cormun/servlet/permisogoce?98b43f23e0913268f62f1a6698892d2e,INS,0,,,,gx-no-cache=1528313313313 HTTP/1.1" 200 93
186.79.219.159 - - [06/Jun/2018:16:29:36 -0300] "GET /cormun/servlet/hpexe_return? HTTP/1.1" 200 1011
186.79.219.159 - - [06/Jun/2018:16:29:36 -0300] "GET /cormun/servlet/trpermisosgoce HTTP/1.1" 200 13877
186.79.219.159 - - [06/Jun/2018:16:29:38 -0300] "GET /cormun/servlet/trpermisosgoce HTTP/1.1" 200 13872
186.79.219.159 - - [06/Jun/2018:16:29:42 -0300] "GET /cormun/servlet/permisogoce?INS,0,,, HTTP/1.1" 200 7101
186.79.219.159 - - [06/Jun/2018:16:29:43 -0300] "GET /cormun/servlet/permisogoce?INS,0,,, HTTP/1.1" 200 7100
186.79.219.159 - - [06/Jun/2018:16:29:49 -0300] "GET /cormun/servlet/permisogoce?a56dc778c05c0641ad6e6336abfbe8337715c14aa75852bb86b991150714969a45ed79a285961217006abe3f18ec4420e285da7c34a7a6764d89c491b11930ee,gx-no-cache=1528313327876 HTTP/1.1" 200 80
186.79.219.159 - - [06/Jun/2018:16:29:50 -0300] "GET /cormun/static/menuarrow.gif HTTP/1.1" 404 1015
192.168.10.96 - - [06/Jun/2018:16:29:53 -0300] "POST /cormun/servlet/trsolicitudgral?2980c24c1bfcd10ef229b5adb002e026,,gx-no-cache=1528313195225 HTTP/1.1" 200 7837
186.79.219.159 - - [06/Jun/2018:16:29:57 -0300] "GET /cormun/servlet/permisogoce?a56dc778c05c0641ad6e6336abfbe833603ad15a0e38fa067f078fb5be7340dea33915e94ae453cfbbad6684bea11d2a5d1d083c509afef9bdde71a3ecfdd55c,gx-no-cache=1528313335268 HTTP/1.1" 200 48
186.79.219.159 - - [06/Jun/2018:16:30:00 -0300] "POST /cormun/servlet/permisogoce?98b43f23e0913268f62f1a6698892d2e,INS,0,,,,gx-no-cache=1528313337371 HTTP/1.1" 200 93
186.79.219.159 - - [06/Jun/2018:16:30:00 -0300] "GET /cormun/servlet/hpexe_return? HTTP/1.1" 200 1011
186.79.219.159 - - [06/Jun/2018:16:30:00 -0300] "GET /cormun/servlet/trpermisosgoce HTTP/1.1" 200 14070
186.79.219.159 - - [06/Jun/2018:16:30:02 -0300] "GET /cormun/servlet/trpermisosgoce HTTP/1.1" 200 14066
186.79.219.159 - - [06/Jun/2018:16:30:08 -0300] "GET /cormun/servlet/permisogoce?INS,0,,, HTTP/1.1" 200 7101
186.79.219.159 - - [06/Jun/2018:16:30:10 -0300] "GET /cormun/servlet/permisogoce?INS,0,,, HTTP/1.1" 200 7101
186.79.219.159 - - [06/Jun/2018:16:30:16 -0300] "GET /cormun/servlet/permisogoce?a56dc778c05c0641ad6e6336abfbe83327cd81ea2d2dc65b0c5ee6bc020b53db4b3c28984d0253d46f4efd88b6d7ca15,gx-no-cache=1528313354379 HTTP/1.1" 200 76
186.79.219.159 - - [06/Jun/2018:16:30:16 -0300] "GET /cormun/static/menuarrow.gif HTTP/1.1" 404 1015
186.79.219.159 - - [06/Jun/2018:16:30:23 -0300] "GET /cormun/servlet/permisogoce?a56dc778c05c0641ad6e6336abfbe833b17d0845e3068abdbab29200a1269092eacc81e00dd30a935c3da262698a47a838faf72a13f748dba1869dc42ca49c62,gx-no-cache=1528313361637 HTTP/1.1" 200 47
186.79.219.159 - - [06/Jun/2018:16:30:26 -0300] "POST /cormun/servlet/permisogoce?98b43f23e0913268f62f1a6698892d2e,INS,0,,,,gx-no-cache=1528313363482 HTTP/1.1" 200 93
186.79.219.159 - - [06/Jun/2018:16:30:26 -0300] "GET /cormun/servlet/hpexe_return? HTTP/1.1" 200 1011
186.79.219.159 - - [06/Jun/2018:16:30:26 -0300] "GET /cormun/servlet/trpermisosgoce HTTP/1.1" 200 14276
186.79.219.159 - - [06/Jun/2018:16:30:28 -0300] "GET /cormun/servlet/trpermisosgoce HTTP/1.1" 200 14271
186.79.219.159 - - [06/Jun/2018:16:30:38 -0300] "GET /cormun/servlet/trpermisosadjuntos?10613676,20180606152153,P, HTTP/1.1" 200 6544
186.79.219.159 - - [06/Jun/2018:16:30:39 -0300] "GET /cormun/static/gxcfg.js?201762817193957 HTTP/1.1" 200 953
190.46.88.10 - - [06/Jun/2018:16:30:39 -0300] "GET /cormun/static/trpermisosadjuntos.js?201762817194366 HTTP/1.1" 200 20158
190.46.88.10 - - [06/Jun/2018:16:30:40 -0300] "GET /cormun/servlet/trpermisosadjuntos?10613676,20180606152153,P, HTTP/1.1" 200 6544
190.46.88.10 - - [06/Jun/2018:16:30:42 -0300] "GET /cormun/servlet/permisosadjuntos?INS,10613676,P,20180606152153,, HTTP/1.1" 200 5876
186.79.219.159 - - [06/Jun/2018:16:30:42 -0300] "GET /cormun/static/permisosadjuntos.js?201762717441184 HTTP/1.1" 200 8724
190.46.88.10 - - [06/Jun/2018:16:30:42 -0300] "GET /cormun/static/gxcfg.js?201762717441171 HTTP/1.1" 200 953
190.46.88.10 - - [06/Jun/2018:16:30:42 -0300] "GET /cormun/static/about:blank HTTP/1.1" 404 1011
190.46.88.10 - - [06/Jun/2018:16:30:43 -0300] "GET /cormun/servlet/permisosadjuntos?INS,10613676,P,20180606152153,, HTTP/1.1" 200 5866
190.46.88.10 - - [06/Jun/2018:16:31:00 -0300] "POST /cormun/servlet/permisosadjuntos?98b43f23e0913268f62f1a6698892d2e,INS,10613676,P,20180606152153,, HTTP/1.1" 200 116
190.46.88.10 - - [06/Jun/2018:16:31:00 -0300] "GET /cormun/servlet/hpexe_return? HTTP/1.1" 200 1039
190.46.88.10 - - [06/Jun/2018:16:31:00 -0300] "GET /cormun/servlet/trpermisosadjuntos?10613676,20180606152153,P, HTTP/1.1" 200 7038
200.73.230.197 - - [06/Jun/2018:16:31:01 -0300] "GET /cormun/servlet/hlogin HTTP/1.1" 200 1719
190.46.88.10 - - [06/Jun/2018:16:31:02 -0300] "GET /cormun/servlet/trpermisosadjuntos?10613676,20180606152153,P, HTTP/1.1" 200 7035
190.46.88.10 - - [06/Jun/2018:16:31:04 -0300] "POST /cormun/servlet/trpermisosadjuntos?98b43f23e0913268f62f1a6698892d2e,10613676,20180606152153,P,,gx-no-cache=1528313402072 HTTP/1.1" 200 90
190.46.88.10 - - [06/Jun/2018:16:31:04 -0300] "GET /cormun/servlet/hpexe_link HTTP/1.1" 200 984
190.46.88.10 - - [06/Jun/2018:16:31:04 -0300] "GET /cormun/servlet/trpermisosgoce HTTP/1.1" 200 14273
190.46.88.10 - - [06/Jun/2018:16:31:06 -0300] "GET /cormun/servlet/trpermisosgoce HTTP/1.1" 200 14271
190.46.88.10 - - [06/Jun/2018:16:31:09 -0300] "GET /cormun/servlet/trpermisosadjuntos?16495466,20180606152220,P, HTTP/1.1" 200 6544
190.46.88.10 - - [06/Jun/2018:16:31:11 -0300] "GET /cormun/servlet/trpermisosadjuntos?16495466,20180606152220,P, HTTP/1.1" 200 6545
190.46.88.10 - - [06/Jun/2018:16:31:13 -0300] "GET /cormun/servlet/permisosadjuntos?INS,16495466,P,20180606152220,, HTTP/1.1" 200 5877
190.46.88.10 - - [06/Jun/2018:16:31:13 -0300] "GET /cormun/static/about:blank HTTP/1.1" 404 1011
190.46.88.10 - - [06/Jun/2018:16:31:14 -0300] "GET /cormun/servlet/permisosadjuntos?INS,16495466,P,20180606152220,, HTTP/1.1" 200 5867
200.73.230.197 - - [06/Jun/2018:16:31:21 -0300] "POST /cormun/servlet/hlogin?693feeccf52600f63d328d44bb349425,gx-no-cache=1528313418585 HTTP/1.1" 200 90
200.73.230.197 - - [06/Jun/2018:16:31:22 -0300] "GET /cormun/servlet/hpexe_link HTTP/1.1" 200 949
200.73.230.197 - - [06/Jun/2018:16:31:22 -0300] "GET /cormun/servlet/hhome HTTP/1.1" 200 3956
190.46.88.10 - - [06/Jun/2018:16:31:23 -0300] "POST /cormun/servlet/permisosadjuntos?98b43f23e0913268f62f1a6698892d2e,INS,16495466,P,20180606152220,, HTTP/1.1" 200 116
190.46.88.10 - - [06/Jun/2018:16:31:23 -0300] "GET /cormun/servlet/hpexe_return? HTTP/1.1" 200 1039
190.46.88.10 - - [06/Jun/2018:16:31:23 -0300] "GET /cormun/servlet/trpermisosadjuntos?16495466,20180606152220,P, HTTP/1.1" 200 7034
200.73.230.197 - - [06/Jun/2018:16:31:24 -0300] "GET /cormun/servlet/hhome HTTP/1.1" 200 3953
190.46.88.10 - - [06/Jun/2018:16:31:25 -0300] "GET /cormun/servlet/trpermisosadjuntos?16495466,20180606152220,P, HTTP/1.1" 200 7030
190.46.88.10 - - [06/Jun/2018:16:31:27 -0300] "POST /cormun/servlet/trpermisosadjuntos?98b43f23e0913268f62f1a6698892d2e,16495466,20180606152220,P,,gx-no-cache=1528313425800 HTTP/1.1" 200 90
190.46.88.10 - - [06/Jun/2018:16:31:27 -0300] "GET /cormun/servlet/hpexe_link HTTP/1.1" 200 985
190.46.88.10 - - [06/Jun/2018:16:31:28 -0300] "GET /cormun/servlet/trpermisosgoce HTTP/1.1" 200 14273
200.73.230.197 - - [06/Jun/2018:16:31:29 -0300] "GET /cormun/servlet/trpermisosgoce? HTTP/1.1" 200 10446
190.46.88.10 - - [06/Jun/2018:16:31:29 -0300] "GET /cormun/servlet/trpermisosgoce HTTP/1.1" 200 14271
200.73.230.197 - - [06/Jun/2018:16:31:31 -0300] "GET /cormun/servlet/trpermisosgoce? HTTP/1.1" 200 10444
190.46.88.10 - - [06/Jun/2018:16:31:36 -0300] "GET /cormun/servlet/trpermisosadjuntos?16710494,20180606152241,P, HTTP/1.1" 200 6549
190.46.88.10 - - [06/Jun/2018:16:31:37 -0300] "GET /cormun/servlet/trpermisosadjuntos?16710494,20180606152241,P, HTTP/1.1" 200 6549
190.46.88.10 - - [06/Jun/2018:16:31:39 -0300] "GET /cormun/servlet/permisosadjuntos?INS,16710494,P,20180606152241,, HTTP/1.1" 200 5882
192.168.10.56 - - [06/Jun/2018:16:31:39 -0300] "GET /cormun/servlet/hlogin HTTP/1.1" 200 1718
190.46.88.10 - - [06/Jun/2018:16:31:40 -0300] "GET /cormun/static/about:blank HTTP/1.1" 404 1011
192.168.10.56 - - [06/Jun/2018:16:31:40 -0300] "GET /cormun/servlet/hlogin HTTP/1.1" 200 1728
190.46.88.10 - - [06/Jun/2018:16:31:40 -0300] "GET /cormun/servlet/permisosadjuntos?INS,16710494,P,20180606152241,, HTTP/1.1" 200 5872
192.168.10.56 - - [06/Jun/2018:16:31:41 -0300] "POST /cormun/servlet/hlogin?4031c0fd071b26b2ced486808be4a350,gx-no-cache=1528313304173 HTTP/1.1" 200 90
192.168.10.56 - - [06/Jun/2018:16:31:41 -0300] "GET /cormun/servlet/hpexe_link HTTP/1.1" 200 948
192.168.10.56 - - [06/Jun/2018:16:31:42 -0300] "GET /cormun/servlet/hhome HTTP/1.1" 200 4510
192.168.10.56 - - [06/Jun/2018:16:31:42 -0300] "GET /cormun/servlet/hhome HTTP/1.1" 200 4506
192.168.10.56 - - [06/Jun/2018:16:31:46 -0300] "GET /cormun/servlet/trsolicitudgral? HTTP/1.1" 200 23782
192.168.10.56 - - [06/Jun/2018:16:31:47 -0300] "GET /cormun/servlet/trsolicitudgral? HTTP/1.1" 200 23780
192.168.10.56 - - [06/Jun/2018:16:31:49 -0300] "GET /cormun/static/menuarrow.gif HTTP/1.1" 404 1015
190.46.88.10 - - [06/Jun/2018:16:31:50 -0300] "POST /cormun/servlet/permisosadjuntos?98b43f23e0913268f62f1a6698892d2e,INS,16710494,P,20180606152241,, HTTP/1.1" 200 116
190.46.88.10 - - [06/Jun/2018:16:31:50 -0300] "GET /cormun/servlet/hpexe_return? HTTP/1.1" 200 1038
190.46.88.10 - - [06/Jun/2018:16:31:50 -0300] "GET /cormun/servlet/trpermisosadjuntos?16710494,20180606152241,P, HTTP/1.1" 200 7042
190.46.88.10 - - [06/Jun/2018:16:31:51 -0300] "GET /cormun/servlet/trpermisosadjuntos?16710494,20180606152241,P, HTTP/1.1" 200 7039
192.168.10.56 - - [06/Jun/2018:16:31:54 -0300] "POST /cormun/servlet/trsolicitudgral?4031c0fd071b26b2ced486808be4a350,,gx-no-cache=1528313316594 HTTP/1.1" 200 22696
190.46.88.10 - - [06/Jun/2018:16:31:55 -0300] "POST /cormun/servlet/trpermisosadjuntos?98b43f23e0913268f62f1a6698892d2e,16710494,20180606152241,P,,gx-no-cache=1528313453129 HTTP/1.1" 200 90
190.46.88.10 - - [06/Jun/2018:16:31:55 -0300] "GET /cormun/servlet/hpexe_link HTTP/1.1" 200 984
190.46.88.10 - - [06/Jun/2018:16:31:55 -0300] "GET /cormun/servlet/trpermisosgoce HTTP/1.1" 200 14273
190.46.88.10 - - [06/Jun/2018:16:31:57 -0300] "GET /cormun/servlet/trpermisosgoce HTTP/1.1" 200 14271
200.73.230.197 - - [06/Jun/2018:16:32:00 -0300] "GET /cormun/servlet/permisogoce?INS,0,,, HTTP/1.1" 200 6787
200.73.230.197 - - [06/Jun/2018:16:32:01 -0300] "GET /cormun/servlet/permisogoce?INS,0,,, HTTP/1.1" 200 6787
190.46.88.10 - - [06/Jun/2018:16:32:03 -0300] "GET /cormun/servlet/trpermisosadjuntos?12913525,20180606152303,P, HTTP/1.1" 200 6545
190.46.88.10 - - [06/Jun/2018:16:32:05 -0300] "GET /cormun/servlet/trpermisosadjuntos?12913525,20180606152303,P, HTTP/1.1" 200 6543
190.46.88.10 - - [06/Jun/2018:16:32:06 -0300] "GET /cormun/servlet/permisosadjuntos?INS,12913525,P,20180606152303,, HTTP/1.1" 200 5879
190.46.88.10 - - [06/Jun/2018:16:32:07 -0300] "GET /cormun/static/about:blank HTTP/1.1" 404 1011
190.46.88.10 - - [06/Jun/2018:16:32:07 -0300] "GET /cormun/servlet/permisosadjuntos?INS,12913525,P,20180606152303,, HTTP/1.1" 200 5867
200.111.122.170 - - [06/Jun/2018:16:32:11 -0300] "GET /cormun/servlet/hlogin HTTP/1.1" 200 1727
190.100.93.40 - - [06/Jun/2018:16:32:12 -0300] "GET /cormun/servlet/hlogin HTTP/1.1" 200 1717
192.168.10.96 - - [06/Jun/2018:16:32:12 -0300] "GET /cormun/servlet/vesolicitudgral?2018,11630,, HTTP/1.1" 200 9308
192.168.10.96 - - [06/Jun/2018:16:32:12 -0300] "GET /cormun/pexe_scrolldiv.js HTTP/1.1" 404 1009
190.100.93.40 - - [06/Jun/2018:16:32:12 -0300] "GET /cormun/servlet/hlogin HTTP/1.1" 200 1727
192.168.10.96 - - [06/Jun/2018:16:32:12 -0300] "GET /cormun/pexe_scrolldiv.js HTTP/1.1" 404 1009
192.168.10.96 - - [06/Jun/2018:16:32:13 -0300] "GET /cormun/servlet/vesolicitudgral?2018,11630,, HTTP/1.1" 200 9307
200.111.122.170 - - [06/Jun/2018:16:32:13 -0300] "POST /cormun/servlet/hlogin?aee395d2d76afd19bef58b0694244cf1,gx-no-cache=1528313470734 HTTP/1.1" 200 90
200.111.122.170 - - [06/Jun/2018:16:32:13 -0300] "GET /cormun/servlet/hpexe_link HTTP/1.1" 200 952
200.111.122.170 - - [06/Jun/2018:16:32:13 -0300] "GET /cormun/servlet/hhome HTTP/1.1" 200 4138
200.111.122.170 - - [06/Jun/2018:16:32:13 -0300] "GET /cormun/static/gxcfg.js?20175251212442 HTTP/1.1" 200 953
200.111.122.170 - - [06/Jun/2018:16:32:13 -0300] "GET /cormun/static/hhome.js?20175251212450 HTTP/1.1" 200 777
190.100.93.40 - - [06/Jun/2018:16:32:14 -0300] "POST /cormun/servlet/hlogin?2665937c7b9c28e930f0b0cddc311797,gx-no-cache=1528313473331 HTTP/1.1" 200 90
190.100.93.40 - - [06/Jun/2018:16:32:14 -0300] "GET /cormun/servlet/hpexe_link HTTP/1.1" 200 949
200.111.122.170 - - [06/Jun/2018:16:32:14 -0300] "GET /cormun/servlet/hhome HTTP/1.1" 200 4134
190.100.93.40 - - [06/Jun/2018:16:32:14 -0300] "GET /cormun/servlet/hhome HTTP/1.1" 200 4345
190.100.93.40 - - [06/Jun/2018:16:32:14 -0300] "GET /cormun/servlet/hhome HTTP/1.1" 200 4344
200.73.230.197 - - [06/Jun/2018:16:32:16 -0300] "GET /cormun/servlet/permisogoce?bc7af41772b2c57479cc2c8a7ef981b3dfec752176ec0da3f60288506218adf9dafadae829fd260834497f0f591389289d03d7ef8a3beab1caacca9b68ea9827,gx-no-cache=1528313473094 HTTP/1.1" 200 78
200.73.230.197 - - [06/Jun/2018:16:32:16 -0300] "GET /cormun/static/menuarrow.gif HTTP/1.1" 404 1015
200.111.122.170 - - [06/Jun/2018:16:32:18 -0300] "GET /cormun/servlet/trlicencias? HTTP/1.1" 200 9428
186.67.203.186 - - [06/Jun/2018:16:32:18 -0300] "GET /cormun/static/gxcfg.js?20176272054169 HTTP/1.1" 200 953
186.103.132.155 - - [06/Jun/2018:16:32:19 -0300] "GET /cormun/static/trlicencias.js?20176272054837 HTTP/1.1" 200 41883
200.111.122.170 - - [06/Jun/2018:16:32:19 -0300] "GET /cormun/static/Resources/Spanish/PXTools.css?17315867 HTTP/1.1" 200 89042
200.111.122.170 - - [06/Jun/2018:16:32:19 -0300] "GET /cormun/servlet/trlicencias? HTTP/1.1" 200 9425
190.46.88.10 - - [06/Jun/2018:16:32:19 -0300] "POST /cormun/servlet/permisosadjuntos?98b43f23e0913268f62f1a6698892d2e,INS,12913525,P,20180606152303,, HTTP/1.1" 200 116
190.46.88.10 - - [06/Jun/2018:16:32:19 -0300] "GET /cormun/servlet/hpexe_return? HTTP/1.1" 200 1039
190.100.93.40 - - [06/Jun/2018:16:32:20 -0300] "GET /cormun/servlet/trlicencias? HTTP/1.1" 200 12132
190.46.88.10 - - [06/Jun/2018:16:32:20 -0300] "GET /cormun/servlet/trpermisosadjuntos?12913525,20180606152303,P, HTTP/1.1" 200 7037
190.100.93.40 - - [06/Jun/2018:16:32:20 -0300] "GET /cormun/servlet/trlicencias? HTTP/1.1" 200 12129
190.46.88.10 - - [06/Jun/2018:16:32:21 -0300] "GET /cormun/servlet/trpermisosadjuntos?12913525,20180606152303,P, HTTP/1.1" 200 7033
190.46.88.10 - - [06/Jun/2018:16:32:23 -0300] "POST /cormun/servlet/trpermisosadjuntos?98b43f23e0913268f62f1a6698892d2e,12913525,20180606152303,P,,gx-no-cache=1528313481738 HTTP/1.1" 200 90
190.46.88.10 - - [06/Jun/2018:16:32:23 -0300] "GET /cormun/servlet/hpexe_link HTTP/1.1" 200 985
190.46.88.10 - - [06/Jun/2018:16:32:24 -0300] "GET /cormun/servlet/trpermisosgoce HTTP/1.1" 200 14273
190.100.93.40 - - [06/Jun/2018:16:32:24 -0300] "GET /cormun/servlet/licenciaspermisos?INS,0,,, HTTP/1.1" 200 7875
190.100.93.40 - - [06/Jun/2018:16:32:24 -0300] "GET /cormun/servlet/licenciaspermisos?INS,0,,, HTTP/1.1" 200 7883
190.46.88.10 - - [06/Jun/2018:16:32:25 -0300] "GET /cormun/servlet/trpermisosgoce HTTP/1.1" 200 14271
190.100.93.40 - - [06/Jun/2018:16:32:30 -0300] "GET /cormun/servlet/licenciaspermisos?4d5b1b167972e7dde4c21eb934eca58d1ce8a72831852a0d593f43399853e7067ca37ccf5a874414dd52e7038f74c335,gx-no-cache=1528313489753 HTTP/1.1" 200 92
190.100.93.40 - - [06/Jun/2018:16:32:30 -0300] "POST /cormun/servlet/licenciaspermisos?2665937c7b9c28e930f0b0cddc311797,INS,0,,,,gx-no-cache=1528313489833 HTTP/1.1" 200 4888
200.111.122.170 - - [06/Jun/2018:16:32:30 -0300] "GET /cormun/servlet/alicenciaprn?16252801,L,20180514000000,PU HTTP/1.1" 200 1559
190.46.88.10 - - [06/Jun/2018:16:32:31 -0300] "GET /cormun/servlet/trpermisosadjuntos?13250827,20180606152326,P, HTTP/1.1" 200 6544
192.168.10.56 - - [06/Jun/2018:16:32:31 -0300] "POST /cormun/servlet/trsolicitudgral?4031c0fd071b26b2ced486808be4a350,,gx-no-cache=1528313353472 HTTP/1.1" 200 22288
192.168.10.56 - - [06/Jun/2018:16:32:31 -0300] "GET /cormun/static/Shared/jqueryui/images/ui-icons_82798d_256x240.png HTTP/1.1" 404 1089
192.168.10.56 - - [06/Jun/2018:16:32:31 -0300] "GET /cormun/static/Shared/jqueryui/images/ui-bg_highlight-soft_100_c6c2c8_1x100.png HTTP/1.1" 404 1117
192.168.10.56 - - [06/Jun/2018:16:32:31 -0300] "GET /cormun/static/Shared/jqueryui/images/ui-icons_8d78a5_256x240.png HTTP/1.1" 404 1089
192.168.10.56 - - [06/Jun/2018:16:32:31 -0300] "GET /cormun/static/Shared/jqueryui/images/ui-bg_flat_55_fafafa_40x100.png HTTP/1.1" 404 1097
190.46.88.10 - - [06/Jun/2018:16:32:32 -0300] "GET /cormun/servlet/trpermisosadjuntos?13250827,20180606152326,P, HTTP/1.1" 200 6543
190.46.88.10 - - [06/Jun/2018:16:32:34 -0300] "GET /cormun/servlet/permisosadjuntos?INS,13250827,P,20180606152326,, HTTP/1.1" 200 5878
190.46.88.10 - - [06/Jun/2018:16:32:34 -0300] "GET /cormun/static/about:blank HTTP/1.1" 404 1011
190.46.88.10 - - [06/Jun/2018:16:32:35 -0300] "GET /cormun/servlet/permisosadjuntos?INS,13250827,P,20180606152326,, HTTP/1.1" 200 5867
200.73.230.197 - - [06/Jun/2018:16:32:37 -0300] "GET /cormun/servlet/permisogoce?bc7af41772b2c57479cc2c8a7ef981b3323ca0760ce205c02e719448ede0525549d2e16adfd61fe07d9265a32faa80564151c6ab2d8e0bd20cb417d763f882f9,gx-no-cache=1528313493944 HTTP/1.1" 200 47
192.168.10.96 - - [06/Jun/2018:16:32:37 -0300] "GET /cormun/servlet/vesolicitudgral?2018,11630,,SolicitudOTAdjuntos HTTP/1.1" 200 11404
192.168.10.96 - - [06/Jun/2018:16:32:37 -0300] "GET /cormun/pexe_scrolldiv.js HTTP/1.1" 404 1009
192.168.10.96 - - [06/Jun/2018:16:32:37 -0300] "GET /cormun/pexe_scrolldiv.js HTTP/1.1" 404 1009
192.168.10.96 - - [06/Jun/2018:16:32:38 -0300] "GET /cormun/servlet/vesolicitudgral?2018,11630,,SolicitudOTAdjuntos HTTP/1.1" 200 11406
192.168.10.96 - - [06/Jun/2018:16:32:39 -0300] "POST /cormun/servlet/acontrolpreferencessavestate?None,DZAMUDIO,true HTTP/1.1" 200 35
192.168.10.96 - - [06/Jun/2018:16:32:39 -0300] "GET /cormun/PublicTempStorage/fotocopia_cedula_ident.2249305.pdf HTTP/1.1" 200 500031
192.168.10.56 - - [06/Jun/2018:16:32:43 -0300] "GET /cormun/servlet/hlogin HTTP/1.1" 200 1737
190.46.88.10 - - [06/Jun/2018:16:32:44 -0300] "POST /cormun/servlet/permisosadjuntos?98b43f23e0913268f62f1a6698892d2e,INS,13250827,P,20180606152326,, HTTP/1.1" 200 116
190.46.88.10 - - [06/Jun/2018:16:32:44 -0300] "GET /cormun/servlet/hpexe_return? HTTP/1.1" 200 1040
190.46.88.10 - - [06/Jun/2018:16:32:44 -0300] "GET /cormun/servlet/trpermisosadjuntos?13250827,20180606152326,P, HTTP/1.1" 200 7036
190.46.88.10 - - [06/Jun/2018:16:32:45 -0300] "GET /cormun/servlet/trpermisosadjuntos?13250827,20180606152326,P, HTTP/1.1" 200 7033
200.73.230.197 - - [06/Jun/2018:16:32:47 -0300] "POST /cormun/servlet/permisogoce?693feeccf52600f63d328d44bb349425,INS,0,,,,gx-no-cache=1528313503473 HTTP/1.1" 200 93
200.73.230.197 - - [06/Jun/2018:16:32:47 -0300] "GET /cormun/servlet/hpexe_return? HTTP/1.1" 200 1010
200.73.230.197 - - [06/Jun/2018:16:32:47 -0300] "GET /cormun/servlet/trpermisosgoce HTTP/1.1" 200 10680
