200.54.247.70 - - [05/Jun/2018:11:54:32 -0300] "GET /cormun/static/scaMessage/scaMessageRender.js HTTP/1.1" 200 11977
200.54.247.70 - - [05/Jun/2018:11:54:33 -0300] "GET /cormun/static/hmpwkw03.js?20177612122668 HTTP/1.1" 200 3965
200.54.247.70 - - [05/Jun/2018:11:55:10 -0300] "GET /cormun/static/Shared/jquery/jquery-1.10.2.min.js HTTP/1.1" 200 273199
192.168.10.96 - - [05/Jun/2018:11:55:17 -0300] "GET /cormun/servlet/hlogin HTTP/1.1" 200 1726
192.168.10.96 - - [05/Jun/2018:11:55:18 -0300] "GET /cormun/servlet/hlogin HTTP/1.1" 200 1737
192.168.10.96 - - [05/Jun/2018:11:55:24 -0300] "POST /cormun/servlet/hlogin?75f98a67115c1edbe9632c86e703a846,gx-no-cache=1528210326867 HTTP/1.1" 200 90
192.168.10.96 - - [05/Jun/2018:11:55:24 -0300] "GET /cormun/servlet/hpexe_link HTTP/1.1" 200 956
192.168.10.96 - - [05/Jun/2018:11:55:24 -0300] "GET /cormun/servlet/hhome HTTP/1.1" 200 4717
192.168.10.96 - - [05/Jun/2018:11:55:25 -0300] "GET /cormun/servlet/hhome HTTP/1.1" 200 4713
192.168.10.96 - - [05/Jun/2018:11:55:27 -0300] "GET /cormun/servlet/trsolicitudgral? HTTP/1.1" 200 19857
192.168.10.96 - - [05/Jun/2018:11:55:28 -0300] "GET /cormun/servlet/trsolicitudgral? HTTP/1.1" 200 19855
192.168.10.96 - - [05/Jun/2018:11:55:35 -0300] "POST /cormun/servlet/trsolicitudgral?75f98a67115c1edbe9632c86e703a846,,gx-no-cache=1528210337740 HTTP/1.1" 200 7787
192.168.10.96 - - [05/Jun/2018:11:55:55 -0300] "POST /cormun/servlet/trsolicitudgral?75f98a67115c1edbe9632c86e703a846,,gx-no-cache=1528210358091 HTTP/1.1" 200 7309
192.168.10.96 - - [05/Jun/2018:11:56:00 -0300] "GET /cormun/servlet/vesolicitudgral?2018,11292,, HTTP/1.1" 200 9324
192.168.10.96 - - [05/Jun/2018:11:56:00 -0300] "GET /cormun/pexe_scrolldiv.js HTTP/1.1" 404 1009
192.168.10.96 - - [05/Jun/2018:11:56:00 -0300] "GET /cormun/pexe_scrolldiv.js HTTP/1.1" 404 1009
192.168.10.96 - - [05/Jun/2018:11:56:01 -0300] "GET /cormun/servlet/vesolicitudgral?2018,11292,, HTTP/1.1" 200 9323
192.168.10.96 - - [05/Jun/2018:11:56:03 -0300] "GET /cormun/servlet/vesolicitudgral?2018,11292,,SolicitudOTAdjuntos HTTP/1.1" 200 11409
192.168.10.96 - - [05/Jun/2018:11:56:03 -0300] "GET /cormun/pexe_scrolldiv.js HTTP/1.1" 404 1009
192.168.10.96 - - [05/Jun/2018:11:56:03 -0300] "GET /cormun/pexe_scrolldiv.js HTTP/1.1" 404 1009
192.168.10.96 - - [05/Jun/2018:11:56:04 -0300] "GET /cormun/servlet/vesolicitudgral?2018,11292,,SolicitudOTAdjuntos HTTP/1.1" 200 11414
192.168.10.96 - - [05/Jun/2018:11:56:04 -0300] "POST /cormun/servlet/acontrolpreferencessavestate?None,DZAMUDIO,true HTTP/1.1" 200 35
192.168.10.96 - - [05/Jun/2018:11:56:05 -0300] "GET /cormun/servlet/vesolicitudgral?2018,11292,,SolicitudOTLog HTTP/1.1" 200 10178
192.168.10.96 - - [05/Jun/2018:11:56:05 -0300] "GET /cormun/pexe_scrolldiv.js HTTP/1.1" 404 1009
192.168.10.96 - - [05/Jun/2018:11:56:05 -0300] "GET /cormun/pexe_scrolldiv.js HTTP/1.1" 404 1009
192.168.10.96 - - [05/Jun/2018:11:56:05 -0300] "GET /cormun/servlet/vesolicitudgral?2018,11292,,SolicitudOTLog HTTP/1.1" 200 10178
192.168.10.96 - - [05/Jun/2018:11:56:06 -0300] "POST /cormun/servlet/acontrolpreferencessavestate?None,DZAMUDIO,true HTTP/1.1" 200 35
192.168.10.96 - - [05/Jun/2018:11:56:16 -0300] "GET /cormun/servlet/vesolicitudgral?2018,11292,,General HTTP/1.1" 200 9328
192.168.10.96 - - [05/Jun/2018:11:56:16 -0300] "GET /cormun/pexe_scrolldiv.js HTTP/1.1" 404 1009
192.168.10.96 - - [05/Jun/2018:11:56:17 -0300] "GET /cormun/pexe_scrolldiv.js HTTP/1.1" 404 1009
192.168.10.96 - - [05/Jun/2018:11:56:17 -0300] "GET /cormun/servlet/vesolicitudgral?2018,11292,,General HTTP/1.1" 200 9328
192.168.10.96 - - [05/Jun/2018:11:56:51 -0300] "GET /cormun/servlet/vesolicitudgral?2018,11292,,SolicitudOTLog HTTP/1.1" 200 10178
192.168.10.96 - - [05/Jun/2018:11:56:51 -0300] "GET /cormun/pexe_scrolldiv.js HTTP/1.1" 404 1009
192.168.10.96 - - [05/Jun/2018:11:56:51 -0300] "GET /cormun/pexe_scrolldiv.js HTTP/1.1" 404 1009
192.168.10.96 - - [05/Jun/2018:11:56:51 -0300] "GET /cormun/servlet/vesolicitudgral?2018,11292,,SolicitudOTLog HTTP/1.1" 200 10178
192.168.10.96 - - [05/Jun/2018:11:56:52 -0300] "POST /cormun/servlet/acontrolpreferencessavestate?None,DZAMUDIO,true HTTP/1.1" 200 35
192.168.10.96 - - [05/Jun/2018:11:57:23 -0300] "POST /cormun/servlet/vesolicitudgral?75f98a67115c1edbe9632c86e703a846,2018,11292,,SolicitudOTLog,gx-no-cache=1528210445973 HTTP/1.1" 200 90
192.168.10.96 - - [05/Jun/2018:11:57:23 -0300] "GET /cormun/servlet/hpexe_link HTTP/1.1" 200 981
192.168.10.96 - - [05/Jun/2018:11:57:23 -0300] "GET /cormun/servlet/trsolicitudgral? HTTP/1.1" 200 10600
192.168.10.96 - - [05/Jun/2018:11:57:24 -0300] "GET /cormun/servlet/trsolicitudgral? HTTP/1.1" 200 10599
200.54.247.70 - - [05/Jun/2018:11:57:36 -0300] "GET /cormun/servlet/hlogin HTTP/1.1" 200 1718
200.54.247.70 - - [05/Jun/2018:11:57:44 -0300] "POST /cormun/servlet/hlogin?d2cb10f85506857f4f6f581e1214d3dd,gx-no-cache=1528210602462 HTTP/1.1" 200 90
200.54.247.70 - - [05/Jun/2018:11:57:44 -0300] "GET /cormun/servlet/hpexe_link HTTP/1.1" 200 945
200.54.247.70 - - [05/Jun/2018:11:57:45 -0300] "GET /cormun/servlet/hhome HTTP/1.1" 200 4229
200.54.247.70 - - [05/Jun/2018:11:58:19 -0300] "GET /cormun/servlet/hlogin HTTP/1.1" 200 1718
192.168.10.96 - - [05/Jun/2018:11:58:22 -0300] "GET /cormun/servlet/vesolicitudgral?2018,11292,, HTTP/1.1" 200 9324
192.168.10.96 - - [05/Jun/2018:11:58:22 -0300] "GET /cormun/pexe_scrolldiv.js HTTP/1.1" 404 1009
192.168.10.96 - - [05/Jun/2018:11:58:22 -0300] "GET /cormun/pexe_scrolldiv.js HTTP/1.1" 404 1009
192.168.10.96 - - [05/Jun/2018:11:58:22 -0300] "GET /cormun/servlet/vesolicitudgral?2018,11292,, HTTP/1.1" 200 9323
192.168.10.96 - - [05/Jun/2018:11:58:24 -0300] "GET /cormun/servlet/vesolicitudgral?2018,11292,,SolicitudOTLog HTTP/1.1" 200 10175
192.168.10.96 - - [05/Jun/2018:11:58:24 -0300] "GET /cormun/pexe_scrolldiv.js HTTP/1.1" 404 1009
192.168.10.96 - - [05/Jun/2018:11:58:25 -0300] "GET /cormun/pexe_scrolldiv.js HTTP/1.1" 404 1009
192.168.10.96 - - [05/Jun/2018:11:58:25 -0300] "GET /cormun/servlet/vesolicitudgral?2018,11292,,SolicitudOTLog HTTP/1.1" 200 10178
192.168.10.96 - - [05/Jun/2018:11:58:26 -0300] "POST /cormun/servlet/acontrolpreferencessavestate?None,DZAMUDIO,true HTTP/1.1" 200 35
200.54.247.70 - - [05/Jun/2018:11:58:26 -0300] "POST /cormun/servlet/hlogin?d2cb10f85506857f4f6f581e1214d3dd,gx-no-cache=1528210643968 HTTP/1.1" 200 428
200.54.247.70 - - [05/Jun/2018:11:58:30 -0300] "POST /cormun/servlet/hlogin?d2cb10f85506857f4f6f581e1214d3dd,gx-no-cache=1528210647785 HTTP/1.1" 200 90
200.54.247.70 - - [05/Jun/2018:11:58:30 -0300] "GET /cormun/servlet/hpexe_link HTTP/1.1" 200 945
200.54.247.70 - - [05/Jun/2018:11:58:30 -0300] "GET /cormun/servlet/hhome HTTP/1.1" 200 4229
192.168.10.96 - - [05/Jun/2018:11:59:14 -0300] "GET /cormun/servlet/vesolicitudgral?2018,11292,,SolicitudOTAdjuntos HTTP/1.1" 200 11416
192.168.10.96 - - [05/Jun/2018:11:59:14 -0300] "GET /cormun/pexe_scrolldiv.js HTTP/1.1" 404 1009
192.168.10.96 - - [05/Jun/2018:11:59:14 -0300] "GET /cormun/pexe_scrolldiv.js HTTP/1.1" 404 1009
192.168.10.96 - - [05/Jun/2018:11:59:15 -0300] "GET /cormun/servlet/vesolicitudgral?2018,11292,,SolicitudOTAdjuntos HTTP/1.1" 200 11412
192.168.10.96 - - [05/Jun/2018:11:59:16 -0300] "POST /cormun/servlet/acontrolpreferencessavestate?None,DZAMUDIO,true HTTP/1.1" 200 35
192.168.10.96 - - [05/Jun/2018:11:59:17 -0300] "GET /cormun/servlet/vesolicitudgral?2018,11292,,General HTTP/1.1" 200 9329
192.168.10.96 - - [05/Jun/2018:11:59:17 -0300] "GET /cormun/pexe_scrolldiv.js HTTP/1.1" 404 1009
192.168.10.96 - - [05/Jun/2018:11:59:17 -0300] "GET /cormun/servlet/vesolicitudgral?2018,11292,,General HTTP/1.1" 200 9328
192.168.10.96 - - [05/Jun/2018:11:59:43 -0300] "GET /cormun/servlet/vesolicitudgral?2018,11292,,SolicitudOTLog HTTP/1.1" 200 10178
192.168.10.96 - - [05/Jun/2018:11:59:43 -0300] "GET /cormun/pexe_scrolldiv.js HTTP/1.1" 404 1009
192.168.10.96 - - [05/Jun/2018:11:59:43 -0300] "GET /cormun/pexe_scrolldiv.js HTTP/1.1" 404 1009
192.168.10.96 - - [05/Jun/2018:11:59:44 -0300] "GET /cormun/servlet/vesolicitudgral?2018,11292,,SolicitudOTLog HTTP/1.1" 200 10178
192.168.10.96 - - [05/Jun/2018:11:59:45 -0300] "POST /cormun/servlet/acontrolpreferencessavestate?None,DZAMUDIO,true HTTP/1.1" 200 35
192.168.10.96 - - [05/Jun/2018:12:00:23 -0300] "GET /cormun/servlet/vesolicitudgral?2018,11292,,General HTTP/1.1" 200 9328
192.168.10.96 - - [05/Jun/2018:12:00:23 -0300] "GET /cormun/pexe_scrolldiv.js HTTP/1.1" 404 1009
192.168.10.96 - - [05/Jun/2018:12:00:24 -0300] "GET /cormun/pexe_scrolldiv.js HTTP/1.1" 404 1009
192.168.10.96 - - [05/Jun/2018:12:00:24 -0300] "GET /cormun/servlet/vesolicitudgral?2018,11292,,General HTTP/1.1" 200 9328
192.168.10.96 - - [05/Jun/2018:12:00:32 -0300] "GET /cormun/servlet/vesolicitudgral?2018,11292,,SolicitudOTLog HTTP/1.1" 200 10178
192.168.10.96 - - [05/Jun/2018:12:00:32 -0300] "GET /cormun/pexe_scrolldiv.js HTTP/1.1" 404 1009
192.168.10.96 - - [05/Jun/2018:12:00:32 -0300] "GET /cormun/pexe_scrolldiv.js HTTP/1.1" 404 1009
192.168.10.96 - - [05/Jun/2018:12:00:32 -0300] "GET /cormun/servlet/vesolicitudgral?2018,11292,,SolicitudOTLog HTTP/1.1" 200 10178
200.54.247.70 - - [05/Jun/2018:12:00:32 -0300] "GET /cormun/static/Shared/ext/ext-all.js HTTP/1.1" 200 1289687
192.168.10.96 - - [05/Jun/2018:12:00:33 -0300] "POST /cormun/servlet/acontrolpreferencessavestate?None,DZAMUDIO,true HTTP/1.1" 200 35
200.54.247.70 - - [05/Jun/2018:12:00:46 -0300] "GET /cormun/static/Shared/jqueryui/jquery-ui.min.js HTTP/1.1" 200 240427
200.54.247.70 - - [05/Jun/2018:12:00:47 -0300] "GET /cormun/servlet/hhome HTTP/1.1" 200 4226
200.54.247.70 - - [05/Jun/2018:12:00:47 -0300] "GET /cormun/static/SmoothNavMenu/resources/images/down.gif HTTP/1.1" 200 854
200.54.247.70 - - [05/Jun/2018:12:00:47 -0300] "GET /cormun/static/SmoothNavMenu/resources/images/right.gif HTTP/1.1" 200 860
192.168.10.96 - - [05/Jun/2018:12:01:16 -0300] "GET /cormun/servlet/vesolicitudgral?2018,11292,,SolicitudOTAdjuntos HTTP/1.1" 200 11415
192.168.10.96 - - [05/Jun/2018:12:01:16 -0300] "GET /cormun/pexe_scrolldiv.js HTTP/1.1" 404 1009
192.168.10.96 - - [05/Jun/2018:12:01:16 -0300] "GET /cormun/pexe_scrolldiv.js HTTP/1.1" 404 1009
192.168.10.96 - - [05/Jun/2018:12:01:17 -0300] "GET /cormun/servlet/vesolicitudgral?2018,11292,,SolicitudOTAdjuntos HTTP/1.1" 200 11413
192.168.10.96 - - [05/Jun/2018:12:01:18 -0300] "POST /cormun/servlet/acontrolpreferencessavestate?None,DZAMUDIO,true HTTP/1.1" 200 35
192.168.10.96 - - [05/Jun/2018:12:01:21 -0300] "GET /cormun/PublicTempStorage/curriculum2341384.pdf HTTP/1.1" 200 511846
192.168.10.96 - - [05/Jun/2018:12:01:36 -0300] "GET /cormun/servlet/vesolicitudgral?2018,11292,,SolicitudOTAdjuntos HTTP/1.1" 200 11415
192.168.10.96 - - [05/Jun/2018:12:01:37 -0300] "GET /cormun/servlet/vesolicitudgral?2018,11292,,SolicitudOTAdjuntos HTTP/1.1" 200 11411
192.168.10.96 - - [05/Jun/2018:12:01:38 -0300] "POST /cormun/servlet/acontrolpreferencessavestate?None,DZAMUDIO,true HTTP/1.1" 200 35
200.54.247.70 - - [05/Jun/2018:12:01:45 -0300] "GET /cormun/static/gxui/gxui-all.css?110300 HTTP/1.1" 200 2179
200.54.247.70 - - [05/Jun/2018:12:01:45 -0300] "GET /cormun/static/gxcfg.js?201752512124396 HTTP/1.1" 200 953
200.54.247.70 - - [05/Jun/2018:12:01:45 -0300] "GET /cormun/static/calendar-system.css?75620 HTTP/1.1" 200 5572
200.54.247.70 - - [05/Jun/2018:12:01:45 -0300] "GET /cormun/servlet/trcontratounov2? HTTP/1.1" 200 17533
200.54.247.70 - - [05/Jun/2018:12:01:45 -0300] "GET /cormun/static/calendar-es.js?85251 HTTP/1.1" 200 1901
200.54.247.70 - - [05/Jun/2018:12:01:45 -0300] "GET /cormun/static/calendar-setup.js?85251 HTTP/1.1" 200 2588
200.54.247.70 - - [05/Jun/2018:12:01:45 -0300] "GET /cormun/static/calendar.js?85251 HTTP/1.1" 200 26246
200.54.247.70 - - [05/Jun/2018:12:01:45 -0300] "GET /cormun/static/Resources/PXToolsDataSearch.png HTTP/1.1" 200 419
200.54.247.70 - - [05/Jun/2018:12:01:45 -0300] "GET /cormun/static/Resources/PXToolsGridFirstDisabled.gif HTTP/1.1" 200 100
200.54.247.70 - - [05/Jun/2018:12:01:45 -0300] "GET /cormun/static/gxdec.js?85251 HTTP/1.1" 200 19579
200.54.247.70 - - [05/Jun/2018:12:01:45 -0300] "GET /cormun/static/trcontratounov2.js?201752512125146 HTTP/1.1" 200 38486
200.54.247.70 - - [05/Jun/2018:12:01:46 -0300] "GET /cormun/static/Resources/PXToolsGridPreviousDisabled.gif HTTP/1.1" 200 90
200.54.247.70 - - [05/Jun/2018:12:01:46 -0300] "GET /cormun/static/Resources/PXToolsGridNextDisabled.gif HTTP/1.1" 200 90
200.54.247.70 - - [05/Jun/2018:12:01:46 -0300] "GET /cormun/static/Resources/PXToolsGridLastDisabled.gif HTTP/1.1" 200 98
200.54.247.70 - - [05/Jun/2018:12:01:46 -0300] "GET /cormun/static/Resources/PXToolsGridPage.gif HTTP/1.1" 200 725
200.54.247.70 - - [05/Jun/2018:12:01:46 -0300] "GET /cormun/static/Resources/PXToolsActionExcel.png HTTP/1.1" 200 3187
200.54.247.70 - - [05/Jun/2018:12:01:46 -0300] "GET /cormun/static/Resources/PXToolsGridNew.png HTTP/1.1" 200 2949
200.54.247.70 - - [05/Jun/2018:12:01:46 -0300] "GET /cormun/static/Resources/PXToolsAddSelectedAction.png HTTP/1.1" 200 3660
200.54.247.70 - - [05/Jun/2018:12:01:52 -0300] "GET /cormun/servlet/hhome HTTP/1.1" 200 4229
200.54.247.70 - - [05/Jun/2018:12:01:52 -0300] "GET /cormun/servlet/hhome HTTP/1.1" 200 4226
200.54.247.70 - - [05/Jun/2018:12:01:52 -0300] "GET /cormun/static/Shared/ext/resources/css/ext-all.css?205870 HTTP/1.1" 200 376832
200.54.247.70 - - [05/Jun/2018:12:01:54 -0300] "GET /cormun/servlet/trsolicitudot? HTTP/1.1" 200 7444
200.54.247.70 - - [05/Jun/2018:12:01:54 -0300] "GET /cormun/static/calendar-system.css?85620 HTTP/1.1" 200 5572
200.54.247.70 - - [05/Jun/2018:12:01:54 -0300] "GET /cormun/static/gxui/gxui-all.css?120300 HTTP/1.1" 200 2179
200.54.247.70 - - [05/Jun/2018:12:01:55 -0300] "GET /cormun/static/gxcfg.js?2017111422585916 HTTP/1.1" 200 953
200.54.247.70 - - [05/Jun/2018:12:01:56 -0300] "GET /cormun/static/Resources/Spanish/PXTools.css?1255365 HTTP/1.1" 200 89042
200.54.247.70 - - [05/Jun/2018:12:01:58 -0300] "GET /cormun/static/trsolicitudot.js?201711142259839 HTTP/1.1" 200 54041
200.54.247.70 - - [05/Jun/2018:12:01:59 -0300] "GET /cormun/static/Resources/PXTools/calendar.png HTTP/1.1" 200 1306
200.54.247.70 - - [05/Jun/2018:12:02:30 -0300] "GET /cormun/static/Shared/ext/resources/css/ext-all.css?215870 HTTP/1.1" 200 416045
200.54.247.70 - - [05/Jun/2018:12:02:30 -0300] "GET /cormun/static/Resources/asc.gif HTTP/1.1" 200 67
200.54.247.70 - - [05/Jun/2018:12:02:30 -0300] "GET /cormun/static/Resources/desc.gif HTTP/1.1" 200 65
200.54.247.70 - - [05/Jun/2018:12:02:30 -0300] "GET /cormun/servlet/trsolicitudot? HTTP/1.1" 200 7444
200.54.247.70 - - [05/Jun/2018:12:02:30 -0300] "GET /cormun/static/Shared/ext/resources/themes/images/default/tools/tool-sprites.gif HTTP/1.1" 200 5434
200.54.247.70 - - [05/Jun/2018:12:02:30 -0300] "GET /cormun/static/Shared/ext/resources/themes/images/default/panel/bg-headersPanel.png HTTP/1.1" 200 255
200.54.247.70 - - [05/Jun/2018:12:02:33 -0300] "GET /cormun/servlet/solicitudot?INS,0,0, HTTP/1.1" 200 13672
200.54.247.70 - - [05/Jun/2018:12:02:33 -0300] "GET /cormun/static/gxcfg.js?201812313224582 HTTP/1.1" 200 953
200.54.247.70 - - [05/Jun/2018:12:02:33 -0300] "GET /cormun/static/Resources/prompt.gif HTTP/1.1" 200 902
200.54.247.70 - - [05/Jun/2018:12:02:33 -0300] "GET /cormun/static/solicitudot.js?201812313224831 HTTP/1.1" 200 72336
200.54.247.70 - - [05/Jun/2018:12:02:34 -0300] "GET /cormun/servlet/solicitudot?INS,0,0, HTTP/1.1" 200 13677
200.54.247.70 - - [05/Jun/2018:12:02:44 -0300] "POST /cormun/servlet/solicitudot?gx-no-cache=1528210901865 HTTP/1.1" 200 3284
200.54.247.70 - - [05/Jun/2018:12:02:44 -0300] "POST /cormun/servlet/solicitudot?d2cb10f85506857f4f6f581e1214d3dd,INS,0,0,,gx-no-cache=1528210901994 HTTP/1.1" 200 10438
200.54.247.70 - - [05/Jun/2018:12:02:46 -0300] "GET /cormun/servlet/solicitudot?d768df4426a82c62ba35e02ce6fbfdaaf6c251f1b69d809a2e5afe53896f452a65e8259ee6524bfb1ef5ec3dc9885f90,gx-no-cache=1528210903538 HTTP/1.1" 200 30
186.103.159.204 - - [05/Jun/2018:12:03:22 -0300] "GET /cormun/servlet/hlogin HTTP/1.1" 200 1718
186.103.159.204 - - [05/Jun/2018:12:03:22 -0300] "GET /cormun/static/gxtimezone.js?85251 HTTP/1.1" 200 5781
186.103.159.204 - - [05/Jun/2018:12:03:22 -0300] "GET /cormun/static/gxcfg.js?20175251213516 HTTP/1.1" 200 953
186.103.159.204 - - [05/Jun/2018:12:03:22 -0300] "GET /cormun/static/hlogin.js?20175251213537 HTTP/1.1" 200 2136
186.103.159.204 - - [05/Jun/2018:12:03:22 -0300] "GET /cormun/static/messages.spa.js?85251 HTTP/1.1" 200 30736
186.103.159.204 - - [05/Jun/2018:12:03:22 -0300] "GET /cormun/static/Resources/Spanish/PXTools.css?11423723 HTTP/1.1" 200 89042
186.103.159.204 - - [05/Jun/2018:12:03:23 -0300] "GET /cormun/static/gxgral.js?85251 HTTP/1.1" 200 384558
186.103.159.204 - - [05/Jun/2018:12:03:23 -0300] "GET /cormun/static/Resources/ComunLogin.png HTTP/1.1" 200 17326
186.103.159.204 - - [05/Jun/2018:12:03:23 -0300] "GET /cormun/static/Resources/PXToolsLoginTop.png HTTP/1.1" 200 1337
186.103.159.204 - - [05/Jun/2018:12:03:23 -0300] "GET /cormun/static/Resources/PXToolsLoginBackground.png HTTP/1.1" 200 1164
186.103.159.204 - - [05/Jun/2018:12:03:23 -0300] "GET /cormun/static/Resources/PXToolsButtonRight21.png HTTP/1.1" 200 1283
186.103.159.204 - - [05/Jun/2018:12:03:23 -0300] "GET /cormun/static/Resources/PXToolsButtonLeft21.png HTTP/1.1" 200 1287
186.103.159.204 - - [05/Jun/2018:12:03:23 -0300] "GET /cormun/static/Resources/PXToolsButtonBackground2.png HTTP/1.1" 200 1181
186.103.159.204 - - [05/Jun/2018:12:03:23 -0300] "GET /cormun/static/Resources/PXToolsLoginBottom.png HTTP/1.1" 200 1389
186.103.159.204 - - [05/Jun/2018:12:03:23 -0300] "GET /cormun/servlet/hlogin HTTP/1.1" 200 1724
186.103.159.204 - - [05/Jun/2018:12:03:23 -0300] "GET /cormun/static/Resources/indicator.gif HTTP/1.1" 200 1553
186.103.159.204 - - [05/Jun/2018:12:03:23 -0300] "GET /cormun/static/gxtimezone.js?85251 HTTP/1.1" 200 5781
186.103.159.204 - - [05/Jun/2018:12:03:23 -0300] "GET /cormun/static/Resources/Spanish/PXTools.css?11423723 HTTP/1.1" 200 89042
186.103.159.204 - - [05/Jun/2018:12:03:23 -0300] "GET /cormun/static/hlogin.js?20175251213537 HTTP/1.1" 200 2136
186.103.159.204 - - [05/Jun/2018:12:03:23 -0300] "GET /cormun/static/gxcfg.js?20175251213516 HTTP/1.1" 200 953
186.103.159.204 - - [05/Jun/2018:12:03:23 -0300] "GET /cormun/static/messages.spa.js?85251 HTTP/1.1" 200 30736
186.103.159.204 - - [05/Jun/2018:12:03:23 -0300] "GET /cormun/static/gxgral.js?85251 HTTP/1.1" 200 384558
186.103.159.204 - - [05/Jun/2018:12:03:23 -0300] "GET /cormun/static/Resources/ComunLogin.png HTTP/1.1" 200 17326
186.103.159.204 - - [05/Jun/2018:12:03:23 -0300] "GET /cormun/static/Resources/indicator.gif HTTP/1.1" 200 1553
186.103.159.204 - - [05/Jun/2018:12:03:23 -0300] "GET /cormun/static/Resources/PXToolsLoginTop.png HTTP/1.1" 200 1337
186.103.159.204 - - [05/Jun/2018:12:03:23 -0300] "GET /cormun/static/Resources/PXToolsLoginBackground.png HTTP/1.1" 200 1164
186.103.159.204 - - [05/Jun/2018:12:03:23 -0300] "GET /cormun/static/Resources/PXToolsButtonLeft21.png HTTP/1.1" 200 1287
186.103.159.204 - - [05/Jun/2018:12:03:23 -0300] "GET /cormun/static/Resources/PXToolsButtonRight21.png HTTP/1.1" 200 1283
186.103.159.204 - - [05/Jun/2018:12:03:23 -0300] "GET /cormun/static/Resources/PXToolsButtonBackground2.png HTTP/1.1" 200 1181
186.103.159.204 - - [05/Jun/2018:12:03:23 -0300] "GET /cormun/static/Resources/PXToolsLoginBottom.png HTTP/1.1" 200 1389
200.54.247.70 - - [05/Jun/2018:12:04:30 -0300] "POST /cormun/servlet/solicitudot?d2cb10f85506857f4f6f581e1214d3dd,INS,0,0,,gx-no-cache=1528211006644 HTTP/1.1" 200 10619
200.54.247.70 - - [05/Jun/2018:12:04:31 -0300] "GET /cormun/static/Shared/jqueryui/images/ui-bg_highlight-soft_100_c6c2c8_1x100.png HTTP/1.1" 404 1117
200.54.247.70 - - [05/Jun/2018:12:04:31 -0300] "GET /cormun/static/Shared/jqueryui/images/ui-icons_82798d_256x240.png HTTP/1.1" 404 1089
200.54.247.70 - - [05/Jun/2018:12:04:31 -0300] "GET /cormun/static/Shared/jqueryui/images/ui-bg_flat_55_fafafa_40x100.png HTTP/1.1" 404 1097
200.54.247.70 - - [05/Jun/2018:12:04:31 -0300] "GET /cormun/static/Shared/jqueryui/images/ui-icons_8d78a5_256x240.png HTTP/1.1" 404 1089
200.54.247.70 - - [05/Jun/2018:12:04:33 -0300] "GET /cormun/servlet/solicitudot?d768df4426a82c62ba35e02ce6fbfdaaaf76144f2973f82f7e77bd703686e3906e021edabcc9bf1b37ed0733a0f8356950e7fd494c75cbb1d83346e5e583e9ca,gx-no-cache=1528211010639 HTTP/1.1" 200 30
200.54.247.70 - - [05/Jun/2018:12:04:33 -0300] "GET /cormun/servlet/solicitudot?d768df4426a82c62ba35e02ce6fbfdaaafc93c6e26a4f8a2ef6dd31e2b386859,gx-no-cache=1528211010691 HTTP/1.1" 200 29
200.54.247.70 - - [05/Jun/2018:12:04:34 -0300] "POST /cormun/servlet/solicitudot?gx-no-cache=1528211012023 HTTP/1.1" 200 255
200.54.247.70 - - [05/Jun/2018:12:04:37 -0300] "GET /cormun/servlet/solicitudot?d768df4426a82c62ba35e02ce6fbfdaacb2a07b8480a4903092312483e40470f770372a5a6b61693f4b7bbdd0e039297fbe4aea5604d6af9293825150a5c579e35e8be61d7c2e690c5d167f7ccd3b94bd5f88130769c04dd9cf6313018e9fff335746bf5895a1d610460ce0f32b7a6b117571aa141e3eeb620a1698aac4955ef6716c0c300b0d4173c25fab25189128117c7e230abae35304770575f9a7157b63bca8d42fa9f71e8683cdb4dd7c53ce79afff681e44e89b5bd3e89ad0db0575d2dd3fb5861c50632e7b36ff7e46df8613a87fe63291df7b107e4aec8607b1ff5c6a83a25a73f74564b6d66ef2d8d3899b1003317ece8db21c41cb74dbfb95e431db037c747162d1cd10cd3e5246e8904951b0bcc50a92a1de0b792dd4c0e42d406c5a3309baedbc5eff1b45062074d497514453e8ce73b382f26d1402b20c4e22bfb9f720d0c54150736f7fbc54a3af6b40875ff5dfcd1ab5a5dbf3b6f3124e363949e7a7752bb4836e802624ac5c0cb2edaf7be26586392c2809f6c6a4093b8,gx-no-cache=1528211014927 HTTP/1.1" 200 30
200.54.247.70 - - [05/Jun/2018:12:04:55 -0300] "POST /cormun/servlet/solicitudot?gx-no-cache=1528211033391 HTTP/1.1" 200 30
200.54.247.70 - - [05/Jun/2018:12:05:03 -0300] "POST /cormun/servlet/solicitudot?gx-no-cache=1528211040787 HTTP/1.1" 200 30
200.54.247.70 - - [05/Jun/2018:12:05:04 -0300] "POST /cormun/servlet/solicitudot?gx-no-cache=1528211042322 HTTP/1.1" 200 1366
200.54.247.70 - - [05/Jun/2018:12:05:05 -0300] "POST /cormun/servlet/solicitudot?gx-no-cache=1528211042731 HTTP/1.1" 200 38
201.215.248.160 - - [05/Jun/2018:12:05:11 -0300] "GET /cormun/servlet/trpermisosgoce? HTTP/1.1" 200 6112
201.215.248.160 - - [05/Jun/2018:12:05:12 -0300] "GET /cormun/servlet/trpermisosgoce? HTTP/1.1" 200 6108
201.215.248.160 - - [05/Jun/2018:12:05:12 -0300] "GET /cormun/servlet/hlogin HTTP/1.1" 200 1741
200.54.247.70 - - [05/Jun/2018:12:06:23 -0300] "GET /cormun/servlet/solicitudot?d768df4426a82c62ba35e02ce6fbfdaa6c57431ddf94a80d6f51c9be0a039deffd4293aa4ea10b245ac0244f82c41f7c34a386fcd780dfb875a5e1f3996fd58017018a674d0313b846a6ad4d7c577e67271fa990c0455916115629cb724d39590611270d581d3fce83fac9dc0357a26f,gx-no-cache=1528211121365 HTTP/1.1" 200 29
200.54.247.70 - - [05/Jun/2018:12:06:23 -0300] "POST /cormun/servlet/solicitudot?gx-no-cache=1528211121459 HTTP/1.1" 200 1350
200.54.247.70 - - [05/Jun/2018:12:06:24 -0300] "POST /cormun/servlet/solicitudot?gx-no-cache=1528211121839 HTTP/1.1" 200 1246
190.46.88.10 - - [05/Jun/2018:12:06:49 -0300] "POST /cormun/servlet/solicitudot?gx-no-cache=1528211146602 HTTP/1.1" 200 255
190.46.88.10 - - [05/Jun/2018:12:06:51 -0300] "GET /cormun/servlet/solicitudot?487c20d414da9ed1263f3476a38a175d700c0c6d76da243649d29bc9b30a73d072a8e7be155a778dbf8c592c1fe72fb46fb5c8566b8982fb99f35e9832e2e69bbb8e8a935b7994b6d73d4c9933867ee7538f2c21d23f89c4e6a151505fa0005b92fc87e44f5cb2fd205276f89d906d000ab5b713316311627c3725060744bcda882f3bf5ce1a17c2da2758dd9bcb1415722377398979feeb47aeb2d04e1888910d18ce0174723172e1ae0897b476baa314a4f1168f8b7e7525ecf49f2b8781840de1fcbda7a7b4ffdb61be49067334bcb9829faca511ef014487a3ab5e8bb62016d865f06a99fffa5c3eb7d20f5e8d99858b1c18afe300b632f075c9c0810ea447d4d94a6a488a44e97126e6a831658a8e00bd8172b396b926d525b2443de416277bed5244aeae3a110dbec5ba92d9f52dcaa5f9296886b0d8d1d0ac08ec0ab85c792c6de59d0cfc19341343f84ecf967a0d001ea60068d5569d8ef0e1b7d7cfee8b198227085ee5810afd38a0ab6030660b28218f98827947e65b3d5eead532,gx-no-cache=1528211149242 HTTP/1.1" 200 30
190.46.88.10 - - [05/Jun/2018:12:06:56 -0300] "POST /cormun/servlet/solicitudot?gx-no-cache=1528211153425 HTTP/1.1" 200 30
190.46.88.10 - - [05/Jun/2018:12:06:58 -0300] "POST /cormun/servlet/solicitudot?gx-no-cache=1528211155662 HTTP/1.1" 200 1366
190.46.88.10 - - [05/Jun/2018:12:06:58 -0300] "POST /cormun/servlet/solicitudot?gx-no-cache=1528211155811 HTTP/1.1" 200 38
190.46.88.10 - - [05/Jun/2018:12:07:11 -0300] "GET /cormun/servlet/solicitudot?487c20d414da9ed1263f3476a38a175d1b68e9c0f6fcaf2daf7290c29cbe9ab20d1ffaf2a12ddf051e2c7b4836127363b9ccfdcfdd7f02bf8d77c18ef48668dd4b6367b4a824d0f7d99e30711be6c8684b43f2e30ac9e46d6e000b8dbed63696f1f0d7dcdc7549d8f1ef6f0daaa7ea04,gx-no-cache=1528211168532 HTTP/1.1" 200 29
190.46.88.10 - - [05/Jun/2018:12:07:11 -0300] "POST /cormun/servlet/solicitudot?gx-no-cache=1528211168658 HTTP/1.1" 200 1350
190.46.88.10 - - [05/Jun/2018:12:07:11 -0300] "POST /cormun/servlet/solicitudot?gx-no-cache=1528211168856 HTTP/1.1" 200 1246
186.103.159.46 - - [05/Jun/2018:12:07:21 -0300] "GET /cormun/servlet/hlogin HTTP/1.1" 200 1724
200.111.191.210 - - [05/Jun/2018:12:07:22 -0300] "GET /cormun/servlet/trlicencias? HTTP/1.1" 200 14080
200.111.191.210 - - [05/Jun/2018:12:07:22 -0300] "GET /cormun/servlet/trlicencias? HTTP/1.1" 200 14079
200.111.191.210 - - [05/Jun/2018:12:07:28 -0300] "GET /cormun/servlet/licenciaspermisos?INS,0,,, HTTP/1.1" 200 7486
200.111.191.210 - - [05/Jun/2018:12:07:28 -0300] "GET /cormun/servlet/licenciaspermisos?INS,0,,, HTTP/1.1" 200 7484
190.46.88.10 - - [05/Jun/2018:12:07:28 -0300] "GET /cormun/static/menuarrow.gif HTTP/1.1" 404 1015
186.103.159.46 - - [05/Jun/2018:12:07:30 -0300] "POST /cormun/servlet/hlogin?bbe86df8ff57903fb2fe404f430f070a,gx-no-cache=1528211187309 HTTP/1.1" 200 90
186.103.159.46 - - [05/Jun/2018:12:07:30 -0300] "GET /cormun/servlet/hpexe_link HTTP/1.1" 200 949
186.103.159.46 - - [05/Jun/2018:12:07:30 -0300] "GET /cormun/servlet/hhome HTTP/1.1" 200 3968
186.103.159.46 - - [05/Jun/2018:12:07:33 -0300] "GET /cormun/servlet/hhome HTTP/1.1" 200 3964
200.111.191.210 - - [05/Jun/2018:12:07:33 -0300] "GET /cormun/servlet/licenciaspermisos?8cbd27a3577a95e4087824f63fe47b1af089fd0ca6159bcda08057def176aa99306858dca6b06d0551533a4de0675722,gx-no-cache=1528211250957 HTTP/1.1" 200 96
200.111.191.210 - - [05/Jun/2018:12:07:33 -0300] "POST /cormun/servlet/licenciaspermisos?8403045beed4f22a5ace404b5fe97a02,INS,0,,,,gx-no-cache=1528211251051 HTTP/1.1" 200 4680
190.46.88.10 - - [05/Jun/2018:12:07:33 -0300] "GET /cormun/servlet/solicitudot?487c20d414da9ed1263f3476a38a175d995c759322dcaf3ee52d37c67c2bcff6d95a020441bd8e2de2b79c328d337478,gx-no-cache=1528211191161 HTTP/1.1" 200 30
186.103.159.46 - - [05/Jun/2018:12:07:41 -0300] "GET /cormun/servlet/trpermisosgoce? HTTP/1.1" 200 13656
190.46.88.10 - - [05/Jun/2018:12:07:42 -0300] "POST /cormun/servlet/solicitudot?gx-no-cache=1528211199479 HTTP/1.1" 200 30
186.103.159.46 - - [05/Jun/2018:12:07:43 -0300] "GET /cormun/servlet/trpermisosgoce? HTTP/1.1" 200 13655
186.103.159.46 - - [05/Jun/2018:12:07:49 -0300] "GET /cormun/servlet/trpermisosadjuntos?12515426,20180604124525,P, HTTP/1.1" 200 6282
186.103.159.46 - - [05/Jun/2018:12:07:51 -0300] "GET /cormun/servlet/trpermisosadjuntos?12515426,20180604124525,P, HTTP/1.1" 200 6282
200.54.247.70 - - [05/Jun/2018:12:07:54 -0300] "GET /cormun/static/menuarrow.gif HTTP/1.1" 404 1015
186.103.159.46 - - [05/Jun/2018:12:07:56 -0300] "GET /cormun/servlet/permisosadjuntos?INS,12515426,P,20180604124525,, HTTP/1.1" 200 5614
186.103.159.46 - - [05/Jun/2018:12:07:56 -0300] "GET /cormun/static/about:blank HTTP/1.1" 404 1011
186.103.159.46 - - [05/Jun/2018:12:07:57 -0300] "GET /cormun/servlet/permisosadjuntos?INS,12515426,P,20180604124525,, HTTP/1.1" 200 5604
190.46.88.10 - - [05/Jun/2018:12:08:07 -0300] "POST /cormun/servlet/solicitudot?1363a0a0872a9762356bb2acccf1495a,INS,0,0,,gx-no-cache=1528211224601 HTTP/1.1" 200 93
190.46.88.10 - - [05/Jun/2018:12:08:07 -0300] "GET /cormun/servlet/hpexe_return? HTTP/1.1" 200 1026
190.46.88.10 - - [05/Jun/2018:12:08:07 -0300] "GET /cormun/servlet/trsolicitudot?gx-no-cache=1528209841518 HTTP/1.1" 200 8794
190.46.88.10 - - [05/Jun/2018:12:08:09 -0300] "GET /cormun/servlet/trsolicitudot?gx-no-cache=1528209841518 HTTP/1.1" 200 8813
190.46.88.10 - - [05/Jun/2018:12:08:19 -0300] "POST /cormun/servlet/trsolicitudot?1363a0a0872a9762356bb2acccf1495a,gx-no-cache=1528209841518,gx-no-cache=1528211236685 HTTP/1.1" 200 107
190.46.88.10 - - [05/Jun/2018:12:08:19 -0300] "GET /cormun/servlet/trsolicitudadjuntos?2018,11624, HTTP/1.1" 200 6351
190.46.88.10 - - [05/Jun/2018:12:08:19 -0300] "GET /cormun/static/gxcfg.js?20177612135366 HTTP/1.1" 200 953
190.46.88.10 - - [05/Jun/2018:12:08:20 -0300] "GET /cormun/static/trsolicitudadjuntos.js?20177612135632 HTTP/1.1" 200 17922
186.103.159.46 - - [05/Jun/2018:12:08:20 -0300] "POST /cormun/servlet/permisosadjuntos?bbe86df8ff57903fb2fe404f430f070a,INS,12515426,P,20180604124525,, HTTP/1.1" 200 116
186.103.159.46 - - [05/Jun/2018:12:08:20 -0300] "GET /cormun/servlet/hpexe_return? HTTP/1.1" 200 1035
190.46.88.10 - - [05/Jun/2018:12:08:20 -0300] "GET /cormun/servlet/trsolicitudadjuntos?2018,11624, HTTP/1.1" 200 6328
186.103.159.46 - - [05/Jun/2018:12:08:20 -0300] "GET /cormun/servlet/trpermisosadjuntos?12515426,20180604124525,P, HTTP/1.1" 200 6778
190.46.88.10 - - [05/Jun/2018:12:08:22 -0300] "GET /cormun/servlet/solicitudotadjuntos?INS,2018,11624,,1, HTTP/1.1" 200 6275
190.46.88.10 - - [05/Jun/2018:12:08:22 -0300] "GET /cormun/static/gxcfg.js?2017761244068 HTTP/1.1" 200 953
190.46.88.10 - - [05/Jun/2018:12:08:22 -0300] "GET /cormun/static/solicitudotadjuntos.js?2017761244086 HTTP/1.1" 200 11771
190.46.88.10 - - [05/Jun/2018:12:08:22 -0300] "GET /cormun/static/about:blank HTTP/1.1" 404 1011
186.103.159.46 - - [05/Jun/2018:12:08:22 -0300] "GET /cormun/servlet/trpermisosadjuntos?12515426,20180604124525,P, HTTP/1.1" 200 6777
190.46.88.10 - - [05/Jun/2018:12:08:23 -0300] "GET /cormun/servlet/solicitudotadjuntos?INS,2018,11624,,1, HTTP/1.1" 200 6268
190.46.88.10 - - [05/Jun/2018:12:08:23 -0300] "GET /cormun/servlet/solicitudotadjuntos?487c20d414da9ed1263f3476a38a175db1bd5f0118f714bb62c0fd58475726a18143ea370c87350217e5237f8dd5902f,gx-no-cache=1528211241183 HTTP/1.1" 200 30
190.46.88.10 - - [05/Jun/2018:12:08:24 -0300] "POST /cormun/servlet/solicitudotadjuntos?1363a0a0872a9762356bb2acccf1495a,INS,2018,11624,,1,,gx-no-cache=1528211241288 HTTP/1.1" 200 4020
190.46.88.10 - - [05/Jun/2018:12:08:25 -0300] "POST /cormun/servlet/solicitudotadjuntos?gx-no-cache=1528211243364 HTTP/1.1" 200 26
186.103.159.46 - - [05/Jun/2018:12:08:27 -0300] "GET /cormun/servlet/trpermisosgoce? HTTP/1.1" 200 13668
186.103.159.46 - - [05/Jun/2018:12:08:29 -0300] "GET /cormun/servlet/trpermisosgoce? HTTP/1.1" 200 13655
186.103.159.46 - - [05/Jun/2018:12:08:35 -0300] "GET /cormun/servlet/trpermisosadjuntos?13776572,20180604120719,P, HTTP/1.1" 200 6284
190.46.88.10 - - [05/Jun/2018:12:08:35 -0300] "GET /cormun/servlet/solicitudotadjuntos?487c20d414da9ed1263f3476a38a175d746b7afbf48101f4c273c64f930fd7cb,gx-no-cache=1528211252775 HTTP/1.1" 200 30
190.46.88.10 - - [05/Jun/2018:12:08:35 -0300] "GET /cormun/servlet/solicitudotadjuntos?487c20d414da9ed1263f3476a38a175d746b7afbf48101f4c273c64f930fd7cb,gx-no-cache=1528211252827 HTTP/1.1" 200 30
190.46.88.10 - - [05/Jun/2018:12:08:35 -0300] "POST /cormun/servlet/solicitudotadjuntos?1363a0a0872a9762356bb2acccf1495a,INS,2018,11624,,1, HTTP/1.1" 200 116
190.46.88.10 - - [05/Jun/2018:12:08:36 -0300] "GET /cormun/servlet/hpexe_return? HTTP/1.1" 200 1025
190.46.88.10 - - [05/Jun/2018:12:08:36 -0300] "GET /cormun/servlet/trsolicitudadjuntos?2018,11624, HTTP/1.1" 200 8785
186.103.159.46 - - [05/Jun/2018:12:08:37 -0300] "GET /cormun/servlet/trpermisosadjuntos?13776572,20180604120719,P, HTTP/1.1" 200 6284
190.46.88.10 - - [05/Jun/2018:12:08:37 -0300] "GET /cormun/servlet/trsolicitudadjuntos?2018,11624, HTTP/1.1" 200 8785
190.46.88.10 - - [05/Jun/2018:12:08:39 -0300] "GET /cormun/servlet/solicitudotadjuntos?INS,2018,11624,,1, HTTP/1.1" 200 6275
186.103.159.46 - - [05/Jun/2018:12:08:39 -0300] "GET /cormun/servlet/permisosadjuntos?INS,13776572,P,20180604120719,, HTTP/1.1" 200 5613
190.46.88.10 - - [05/Jun/2018:12:08:39 -0300] "GET /cormun/static/about:blank HTTP/1.1" 404 1011
186.103.159.46 - - [05/Jun/2018:12:08:39 -0300] "GET /cormun/static/about:blank HTTP/1.1" 404 1011
190.46.88.10 - - [05/Jun/2018:12:08:40 -0300] "GET /cormun/servlet/solicitudotadjuntos?INS,2018,11624,,1, HTTP/1.1" 200 6268
190.46.88.10 - - [05/Jun/2018:12:08:40 -0300] "GET /cormun/servlet/solicitudotadjuntos?487c20d414da9ed1263f3476a38a175db1bd5f0118f714bb62c0fd58475726a18143ea370c87350217e5237f8dd5902f,gx-no-cache=1528211258185 HTTP/1.1" 200 30
186.103.159.46 - - [05/Jun/2018:12:08:40 -0300] "GET /cormun/servlet/permisosadjuntos?INS,13776572,P,20180604120719,, HTTP/1.1" 200 5602
190.46.88.10 - - [05/Jun/2018:12:08:40 -0300] "POST /cormun/servlet/solicitudotadjuntos?1363a0a0872a9762356bb2acccf1495a,INS,2018,11624,,1,,gx-no-cache=1528211258273 HTTP/1.1" 200 4020
190.46.88.10 - - [05/Jun/2018:12:08:43 -0300] "POST /cormun/servlet/solicitudotadjuntos?gx-no-cache=1528211260744 HTTP/1.1" 200 26
190.46.88.10 - - [05/Jun/2018:12:08:48 -0300] "GET /cormun/servlet/solicitudotadjuntos?487c20d414da9ed1263f3476a38a175d746b7afbf48101f4c273c64f930fd7cb,gx-no-cache=1528211265514 HTTP/1.1" 200 30
190.46.88.10 - - [05/Jun/2018:12:08:48 -0300] "GET /cormun/servlet/solicitudotadjuntos?487c20d414da9ed1263f3476a38a175d746b7afbf48101f4c273c64f930fd7cb,gx-no-cache=1528211265560 HTTP/1.1" 200 30
190.46.88.10 - - [05/Jun/2018:12:08:48 -0300] "POST /cormun/servlet/solicitudotadjuntos?1363a0a0872a9762356bb2acccf1495a,INS,2018,11624,,1, HTTP/1.1" 200 116
190.46.88.10 - - [05/Jun/2018:12:08:48 -0300] "GET /cormun/servlet/hpexe_return? HTTP/1.1" 200 1025
190.46.88.10 - - [05/Jun/2018:12:08:49 -0300] "GET /cormun/servlet/trsolicitudadjuntos?2018,11624, HTTP/1.1" 200 8993
200.111.191.210 - - [05/Jun/2018:12:08:49 -0300] "GET /cormun/servlet/licenciaspermisos?8cbd27a3577a95e4087824f63fe47b1a893286bbfbc030cd1d0bc77d01614adddde3c67224086653779ecf2781d87f2f4e7ad656c9d7cada0d6ca0ca2aa596a2050d4400a96d764592c80abbf2906c1daeaf8757ab5bda745a78f4bb19d62ab97d3bfa072159f686c79b41e19b7b1b4e5cb011ae67a7d651c2fd90109f823cd04c6524fd5f6ec28056b5aa197647585566111c77be9fc38ab364ab7fb5139eaa6c3e9f1fb50b930e337c5042d71347c1,gx-no-cache=1528211327436 HTTP/1.1" 200 30
200.111.191.210 - - [05/Jun/2018:12:08:49 -0300] "GET /cormun/servlet/licenciaspermisos?8cbd27a3577a95e4087824f63fe47b1a5936ca1f7eb29f5719c2b95558c3adf0137b6e9a328eb6e9cf1640fdeacf5c849adcfa6d128bb863977f3072ce757227d5453ca7516a5c7460ae9e023d165c70dae636235fbe18420191b3946a35b2ac9e016d4e9f90425e6f4d974d1e0d37d54efe2466a7ffb305ed9f04c82b316ef50578fdfe650273e558c155ecf26d103e135827ada7d73af5505817383260a4b36d211fc06b145e54fd7f1b0d68fe439e,gx-no-cache=1528211327454 HTTP/1.1" 200 29
200.111.191.210 - - [05/Jun/2018:12:08:50 -0300] "POST /cormun/servlet/licenciaspermisos?8403045beed4f22a5ace404b5fe97a02,INS,0,,,,gx-no-cache=1528211327468 HTTP/1.1" 200 93
200.111.191.210 - - [05/Jun/2018:12:08:50 -0300] "GET /cormun/servlet/hpexe_return? HTTP/1.1" 200 1012
200.111.191.210 - - [05/Jun/2018:12:08:50 -0300] "GET /cormun/servlet/trlicencias HTTP/1.1" 200 14528
190.46.88.10 - - [05/Jun/2018:12:08:50 -0300] "GET /cormun/servlet/trsolicitudadjuntos?2018,11624, HTTP/1.1" 200 8991
200.111.191.210 - - [05/Jun/2018:12:08:50 -0300] "GET /cormun/servlet/trlicencias HTTP/1.1" 200 14523
190.46.88.10 - - [05/Jun/2018:12:08:52 -0300] "GET /cormun/servlet/solicitudotadjuntos?INS,2018,11624,,1, HTTP/1.1" 200 6275
200.111.191.210 - - [05/Jun/2018:12:08:52 -0300] "GET /cormun/servlet/alicenciaprn?7713472,L,20180605000000,PU HTTP/1.1" 200 1533
190.46.88.10 - - [05/Jun/2018:12:08:52 -0300] "GET /cormun/static/about:blank HTTP/1.1" 404 1011
190.46.88.10 - - [05/Jun/2018:12:08:53 -0300] "GET /cormun/servlet/solicitudotadjuntos?INS,2018,11624,,1, HTTP/1.1" 200 6268
190.46.88.10 - - [05/Jun/2018:12:08:53 -0300] "GET /cormun/servlet/solicitudotadjuntos?487c20d414da9ed1263f3476a38a175db1bd5f0118f714bb62c0fd58475726a18143ea370c87350217e5237f8dd5902f,gx-no-cache=1528211270946 HTTP/1.1" 200 30
190.46.88.10 - - [05/Jun/2018:12:08:53 -0300] "POST /cormun/servlet/solicitudotadjuntos?1363a0a0872a9762356bb2acccf1495a,INS,2018,11624,,1,,gx-no-cache=1528211271010 HTTP/1.1" 200 4020
200.54.247.70 - - [05/Jun/2018:12:08:53 -0300] "GET /cormun/servlet/solicitudot?d768df4426a82c62ba35e02ce6fbfdaaf558a4d6b3b6e2675348239838d910bc219b75b791e4b27f6f65e50b85d8bed6,gx-no-cache=1528211271380 HTTP/1.1" 200 30
200.54.247.70 - - [05/Jun/2018:12:08:54 -0300] "POST /cormun/servlet/solicitudot?gx-no-cache=1528211271551 HTTP/1.1" 200 30
190.46.88.10 - - [05/Jun/2018:12:08:55 -0300] "POST /cormun/servlet/solicitudotadjuntos?gx-no-cache=1528211273304 HTTP/1.1" 200 26
190.46.88.10 - - [05/Jun/2018:12:08:59 -0300] "GET /cormun/servlet/solicitudotadjuntos?487c20d414da9ed1263f3476a38a175d746b7afbf48101f4c273c64f930fd7cb,gx-no-cache=1528211277409 HTTP/1.1" 200 30
190.46.88.10 - - [05/Jun/2018:12:08:59 -0300] "GET /cormun/servlet/solicitudotadjuntos?487c20d414da9ed1263f3476a38a175d746b7afbf48101f4c273c64f930fd7cb,gx-no-cache=1528211277453 HTTP/1.1" 200 30
190.46.88.10 - - [05/Jun/2018:12:09:00 -0300] "POST /cormun/servlet/solicitudotadjuntos?1363a0a0872a9762356bb2acccf1495a,INS,2018,11624,,1, HTTP/1.1" 200 116
190.46.88.10 - - [05/Jun/2018:12:09:00 -0300] "GET /cormun/servlet/hpexe_return? HTTP/1.1" 200 1025
190.46.88.10 - - [05/Jun/2018:12:09:00 -0300] "GET /cormun/servlet/trsolicitudadjuntos?2018,11624, HTTP/1.1" 200 9150
190.46.88.10 - - [05/Jun/2018:12:09:02 -0300] "GET /cormun/servlet/trsolicitudadjuntos?2018,11624, HTTP/1.1" 200 9146
190.46.88.10 - - [05/Jun/2018:12:09:04 -0300] "GET /cormun/servlet/solicitudotadjuntos?INS,2018,11624,,1, HTTP/1.1" 200 6275
186.103.159.46 - - [05/Jun/2018:12:09:04 -0300] "POST /cormun/servlet/permisosadjuntos?bbe86df8ff57903fb2fe404f430f070a,INS,13776572,P,20180604120719,, HTTP/1.1" 200 116
186.103.159.46 - - [05/Jun/2018:12:09:04 -0300] "GET /cormun/servlet/hpexe_return? HTTP/1.1" 200 1035
186.103.159.46 - - [05/Jun/2018:12:09:04 -0300] "GET /cormun/servlet/trpermisosadjuntos?13776572,20180604120719,P, HTTP/1.1" 200 6787
190.46.88.10 - - [05/Jun/2018:12:09:05 -0300] "GET /cormun/static/about:blank HTTP/1.1" 404 1011
190.46.88.10 - - [05/Jun/2018:12:09:05 -0300] "GET /cormun/servlet/solicitudotadjuntos?INS,2018,11624,,1, HTTP/1.1" 200 6268
190.46.88.10 - - [05/Jun/2018:12:09:05 -0300] "GET /cormun/servlet/solicitudotadjuntos?487c20d414da9ed1263f3476a38a175db1bd5f0118f714bb62c0fd58475726a18143ea370c87350217e5237f8dd5902f,gx-no-cache=1528211283107 HTTP/1.1" 200 30
190.46.88.10 - - [05/Jun/2018:12:09:05 -0300] "POST /cormun/servlet/solicitudotadjuntos?1363a0a0872a9762356bb2acccf1495a,INS,2018,11624,,1,,gx-no-cache=1528211283176 HTTP/1.1" 200 4020
186.103.159.46 - - [05/Jun/2018:12:09:06 -0300] "GET /cormun/servlet/trpermisosadjuntos?13776572,20180604120719,P, HTTP/1.1" 200 6786
190.46.88.10 - - [05/Jun/2018:12:09:08 -0300] "POST /cormun/servlet/solicitudotadjuntos?gx-no-cache=1528211285696 HTTP/1.1" 200 26
190.46.88.10 - - [05/Jun/2018:12:09:13 -0300] "GET /cormun/servlet/solicitudotadjuntos?487c20d414da9ed1263f3476a38a175d746b7afbf48101f4c273c64f930fd7cb,gx-no-cache=1528211290853 HTTP/1.1" 200 30
190.46.88.10 - - [05/Jun/2018:12:09:13 -0300] "GET /cormun/servlet/solicitudotadjuntos?487c20d414da9ed1263f3476a38a175d746b7afbf48101f4c273c64f930fd7cb,gx-no-cache=1528211290944 HTTP/1.1" 200 30
190.46.88.10 - - [05/Jun/2018:12:09:14 -0300] "POST /cormun/servlet/solicitudotadjuntos?1363a0a0872a9762356bb2acccf1495a,INS,2018,11624,,1, HTTP/1.1" 200 116
190.46.88.10 - - [05/Jun/2018:12:09:14 -0300] "GET /cormun/servlet/hpexe_return? HTTP/1.1" 200 1025
190.46.88.10 - - [05/Jun/2018:12:09:14 -0300] "GET /cormun/servlet/trsolicitudadjuntos?2018,11624, HTTP/1.1" 200 9375
190.46.88.10 - - [05/Jun/2018:12:09:15 -0300] "GET /cormun/servlet/trsolicitudadjuntos?2018,11624, HTTP/1.1" 200 9372
186.103.159.46 - - [05/Jun/2018:12:09:16 -0300] "GET /cormun/servlet/trpermisosgoce? HTTP/1.1" 200 13667
190.46.88.10 - - [05/Jun/2018:12:09:17 -0300] "GET /cormun/servlet/solicitudotadjuntos?INS,2018,11624,,1, HTTP/1.1" 200 6275
190.46.88.10 - - [05/Jun/2018:12:09:18 -0300] "GET /cormun/static/about:blank HTTP/1.1" 404 1011
190.46.88.10 - - [05/Jun/2018:12:09:18 -0300] "GET /cormun/servlet/solicitudotadjuntos?INS,2018,11624,,1, HTTP/1.1" 200 6268
190.46.88.10 - - [05/Jun/2018:12:09:19 -0300] "GET /cormun/servlet/solicitudotadjuntos?487c20d414da9ed1263f3476a38a175db1bd5f0118f714bb62c0fd58475726a18143ea370c87350217e5237f8dd5902f,gx-no-cache=1528211296816 HTTP/1.1" 200 30
190.46.88.10 - - [05/Jun/2018:12:09:19 -0300] "POST /cormun/servlet/solicitudotadjuntos?1363a0a0872a9762356bb2acccf1495a,INS,2018,11624,,1,,gx-no-cache=1528211296884 HTTP/1.1" 200 4020
186.103.159.46 - - [05/Jun/2018:12:09:19 -0300] "GET /cormun/servlet/trpermisosgoce? HTTP/1.1" 200 13655
201.215.248.160 - - [05/Jun/2018:12:09:22 -0300] "POST /cormun/servlet/hlogin?9eb3333ea5cb115806bc1015fe8a10b3,gx-no-cache=1528211417588 HTTP/1.1" 200 90
201.215.248.160 - - [05/Jun/2018:12:09:22 -0300] "GET /cormun/servlet/hpexe_link HTTP/1.1" 200 959
190.46.88.10 - - [05/Jun/2018:12:09:22 -0300] "POST /cormun/servlet/solicitudotadjuntos?gx-no-cache=1528211299728 HTTP/1.1" 200 26
201.215.248.160 - - [05/Jun/2018:12:09:22 -0300] "GET /cormun/servlet/trpermisosgoce HTTP/1.1" 200 12360
201.215.248.160 - - [05/Jun/2018:12:09:23 -0300] "GET /cormun/servlet/trpermisosgoce HTTP/1.1" 200 12360
186.103.159.46 - - [05/Jun/2018:12:09:25 -0300] "GET /cormun/servlet/trpermisosadjuntos?15993773,20180604120612,P, HTTP/1.1" 200 6274
190.46.88.10 - - [05/Jun/2018:12:09:26 -0300] "GET /cormun/servlet/solicitudotadjuntos?487c20d414da9ed1263f3476a38a175d746b7afbf48101f4c273c64f930fd7cb,gx-no-cache=1528211304019 HTTP/1.1" 200 30
190.46.88.10 - - [05/Jun/2018:12:09:26 -0300] "GET /cormun/servlet/solicitudotadjuntos?487c20d414da9ed1263f3476a38a175d746b7afbf48101f4c273c64f930fd7cb,gx-no-cache=1528211304070 HTTP/1.1" 200 30
186.103.159.46 - - [05/Jun/2018:12:09:27 -0300] "GET /cormun/servlet/trpermisosadjuntos?15993773,20180604120612,P, HTTP/1.1" 200 6273
190.46.88.10 - - [05/Jun/2018:12:09:27 -0300] "POST /cormun/servlet/solicitudotadjuntos?1363a0a0872a9762356bb2acccf1495a,INS,2018,11624,,1, HTTP/1.1" 200 116
190.46.88.10 - - [05/Jun/2018:12:09:27 -0300] "GET /cormun/servlet/hpexe_return? HTTP/1.1" 200 1025
201.215.248.160 - - [05/Jun/2018:12:09:27 -0300] "GET /cormun/servlet/trpermisosgoce? HTTP/1.1" 200 12360
190.46.88.10 - - [05/Jun/2018:12:09:27 -0300] "GET /cormun/servlet/trsolicitudadjuntos?2018,11624, HTTP/1.1" 200 9576
201.215.248.160 - - [05/Jun/2018:12:09:28 -0300] "GET /cormun/servlet/trpermisosgoce? HTTP/1.1" 200 12360
186.103.159.46 - - [05/Jun/2018:12:09:28 -0300] "GET /cormun/servlet/permisosadjuntos?INS,15993773,P,20180604120612,, HTTP/1.1" 200 5603
186.103.159.46 - - [05/Jun/2018:12:09:29 -0300] "GET /cormun/static/about:blank HTTP/1.1" 404 1011
190.46.88.10 - - [05/Jun/2018:12:09:29 -0300] "GET /cormun/servlet/trsolicitudadjuntos?2018,11624, HTTP/1.1" 200 9573
186.103.159.46 - - [05/Jun/2018:12:09:30 -0300] "GET /cormun/servlet/permisosadjuntos?INS,15993773,P,20180604120612,, HTTP/1.1" 200 5593
190.46.88.10 - - [05/Jun/2018:12:09:32 -0300] "GET /cormun/servlet/solicitudotadjuntos?INS,2018,11624,,1, HTTP/1.1" 200 6275
190.46.88.10 - - [05/Jun/2018:12:09:33 -0300] "GET /cormun/static/about:blank HTTP/1.1" 404 1011
190.46.88.10 - - [05/Jun/2018:12:09:33 -0300] "GET /cormun/servlet/solicitudotadjuntos?INS,2018,11624,,1, HTTP/1.1" 200 6268
190.46.88.10 - - [05/Jun/2018:12:09:33 -0300] "GET /cormun/servlet/solicitudotadjuntos?487c20d414da9ed1263f3476a38a175db1bd5f0118f714bb62c0fd58475726a18143ea370c87350217e5237f8dd5902f,gx-no-cache=1528211311117 HTTP/1.1" 200 30
190.46.88.10 - - [05/Jun/2018:12:09:33 -0300] "POST /cormun/servlet/solicitudotadjuntos?1363a0a0872a9762356bb2acccf1495a,INS,2018,11624,,1,,gx-no-cache=1528211311193 HTTP/1.1" 200 4020
190.46.88.10 - - [05/Jun/2018:12:09:35 -0300] "POST /cormun/servlet/solicitudotadjuntos?gx-no-cache=1528211313008 HTTP/1.1" 200 26
190.46.88.10 - - [05/Jun/2018:12:09:40 -0300] "GET /cormun/servlet/solicitudotadjuntos?487c20d414da9ed1263f3476a38a175d746b7afbf48101f4c273c64f930fd7cb,gx-no-cache=1528211317475 HTTP/1.1" 200 30
190.46.88.10 - - [05/Jun/2018:12:09:40 -0300] "GET /cormun/servlet/solicitudotadjuntos?487c20d414da9ed1263f3476a38a175d746b7afbf48101f4c273c64f930fd7cb,gx-no-cache=1528211317572 HTTP/1.1" 200 30
190.46.88.10 - - [05/Jun/2018:12:09:40 -0300] "POST /cormun/servlet/solicitudotadjuntos?1363a0a0872a9762356bb2acccf1495a,INS,2018,11624,,1, HTTP/1.1" 200 116
190.46.88.10 - - [05/Jun/2018:12:09:40 -0300] "GET /cormun/servlet/hpexe_return? HTTP/1.1" 200 1025
190.46.88.10 - - [05/Jun/2018:12:09:41 -0300] "GET /cormun/servlet/trsolicitudadjuntos?2018,11624, HTTP/1.1" 200 9820
190.46.88.10 - - [05/Jun/2018:12:09:42 -0300] "GET /cormun/servlet/trsolicitudadjuntos?2018,11624, HTTP/1.1" 200 9821
186.103.159.46 - - [05/Jun/2018:12:09:43 -0300] "POST /cormun/servlet/permisosadjuntos?bbe86df8ff57903fb2fe404f430f070a,INS,15993773,P,20180604120612,, HTTP/1.1" 200 116
186.103.159.46 - - [05/Jun/2018:12:09:43 -0300] "GET /cormun/servlet/hpexe_return? HTTP/1.1" 200 1035
186.103.159.46 - - [05/Jun/2018:12:09:43 -0300] "GET /cormun/servlet/trpermisosadjuntos?15993773,20180604120612,P, HTTP/1.1" 200 6764
190.46.88.10 - - [05/Jun/2018:12:09:45 -0300] "POST /cormun/servlet/trsolicitudadjuntos?1363a0a0872a9762356bb2acccf1495a,2018,11624,,gx-no-cache=1528211322391 HTTP/1.1" 200 90
190.46.88.10 - - [05/Jun/2018:12:09:45 -0300] "GET /cormun/servlet/hpexe_link HTTP/1.1" 200 988
186.103.159.46 - - [05/Jun/2018:12:09:45 -0300] "GET /cormun/servlet/trpermisosadjuntos?15993773,20180604120612,P, HTTP/1.1" 200 6761
190.46.88.10 - - [05/Jun/2018:12:09:45 -0300] "GET /cormun/servlet/trsolicitudot?gx-no-cache=1528209841518 HTTP/1.1" 200 8791
190.46.88.10 - - [05/Jun/2018:12:09:46 -0300] "GET /cormun/servlet/trsolicitudot?gx-no-cache=1528209841518 HTTP/1.1" 200 8813
190.46.88.10 - - [05/Jun/2018:12:09:48 -0300] "GET /cormun/servlet/vesolicitudot?2018,11624,, HTTP/1.1" 200 8614
190.46.88.10 - - [05/Jun/2018:12:09:49 -0300] "GET /cormun/pexe_scrolldiv.js HTTP/1.1" 404 1009
190.46.88.10 - - [05/Jun/2018:12:09:49 -0300] "GET /cormun/pexe_scrolldiv.js HTTP/1.1" 404 1009
186.103.159.46 - - [05/Jun/2018:12:09:49 -0300] "GET /cormun/servlet/trpermisosgoce? HTTP/1.1" 200 13668
200.54.247.70 - - [05/Jun/2018:12:09:50 -0300] "POST /cormun/servlet/solicitudot?gx-no-cache=1528211326433 HTTP/1.1" 200 238
190.46.88.10 - - [05/Jun/2018:12:09:50 -0300] "GET /cormun/servlet/vesolicitudot?2018,11624,, HTTP/1.1" 200 8593
186.103.159.46 - - [05/Jun/2018:12:09:51 -0300] "GET /cormun/servlet/trpermisosgoce? HTTP/1.1" 200 13655
200.54.247.70 - - [05/Jun/2018:12:09:52 -0300] "GET /cormun/servlet/solicitudot?d768df4426a82c62ba35e02ce6fbfdaacb2a07b8480a4903092312483e40470f85a7b6ff0cf9a1e54dfc970eb654a97afbe4aea5604d6af9293825150a5c579e35e8be61d7c2e690c5d167f7ccd3b94bd5f88130769c04dd9cf6313018e9fff335746bf5895a1d610460ce0f32b7a6b117571aa141e3eeb620a1698aac4955ef6716c0c300b0d4173c25fab25189128117c7e230abae35304770575f9a7157b63bca8d42fa9f71e8683cdb4dd7c53ce79afff681e44e89b5bd3e89ad0db0575d2dd3fb5861c50632e7b36ff7e46df8613a87fe63291df7b107e4aec8607b1ff5c6a83a25a73f74564b6d66ef2d8d3899b1003317ece8db21c41cb74dbfb95e431db037c747162d1cd10cd3e5246e8904fd8032f662cf218112134dd4bac2632f885e29b8496eec4e3d4664ece7039188289f335ef385343c471a2145b2fcd24a9b9edb5a547263fc36dd048063c8630d7ba5a95eb23309f3ffc852a02dd12c065ad2dad600a94f7275bced9251dfc87fbd76a53e091b1b6255e2626b1632b4a9,gx-no-cache=1528211329771 HTTP/1.1" 200 30
192.168.10.62 - - [05/Jun/2018:12:09:54 -0300] "GET /cormun/servlet/hlogin HTTP/1.1" 200 1742
200.54.247.70 - - [05/Jun/2018:12:09:56 -0300] "POST /cormun/servlet/solicitudot?gx-no-cache=1528211333547 HTTP/1.1" 200 30
186.103.159.46 - - [05/Jun/2018:12:09:56 -0300] "GET /cormun/servlet/trpermisosadjuntos?13776572,20180604120719,P, HTTP/1.1" 200 6785
186.103.159.46 - - [05/Jun/2018:12:09:59 -0300] "GET /cormun/servlet/trpermisosadjuntos?13776572,20180604120719,P, HTTP/1.1" 200 6786
186.103.159.46 - - [05/Jun/2018:12:10:02 -0300] "GET /cormun/servlet/trpermisosgoce? HTTP/1.1" 200 13667
186.103.159.46 - - [05/Jun/2018:12:10:04 -0300] "GET /cormun/servlet/trpermisosgoce? HTTP/1.1" 200 13655
192.168.10.62 - - [05/Jun/2018:12:10:13 -0300] "POST /cormun/servlet/hlogin?bb5869af3fbfde508d9b81c9adb62190,gx-no-cache=1528211216170 HTTP/1.1" 200 456
192.168.10.62 - - [05/Jun/2018:12:10:20 -0300] "POST /cormun/servlet/hlogin?bb5869af3fbfde508d9b81c9adb62190,gx-no-cache=1528211222894 HTTP/1.1" 200 456
186.103.159.46 - - [05/Jun/2018:12:10:30 -0300] "POST /cormun/servlet/trpermisosgoce?bbe86df8ff57903fb2fe404f430f070a,,gx-no-cache=1528211367257 HTTP/1.1" 200 10859
186.103.159.46 - - [05/Jun/2018:12:10:30 -0300] "GET /cormun/static/Shared/jqueryui/images/ui-bg_highlight-soft_100_c6c2c8_1x100.png HTTP/1.1" 404 1117
186.103.159.46 - - [05/Jun/2018:12:10:30 -0300] "GET /cormun/static/Shared/jqueryui/images/ui-icons_82798d_256x240.png HTTP/1.1" 404 1089
186.103.159.46 - - [05/Jun/2018:12:10:30 -0300] "GET /cormun/static/Shared/jqueryui/images/ui-bg_flat_55_fafafa_40x100.png HTTP/1.1" 404 1097
186.103.159.46 - - [05/Jun/2018:12:10:30 -0300] "GET /cormun/static/Shared/jqueryui/images/ui-icons_8d78a5_256x240.png HTTP/1.1" 404 1089
192.168.10.62 - - [05/Jun/2018:12:10:32 -0300] "POST /cormun/servlet/hlogin?bb5869af3fbfde508d9b81c9adb62190,gx-no-cache=1528211234318 HTTP/1.1" 200 456
186.79.27.47 - - [05/Jun/2018:12:10:32 -0300] "POST /cormun/servlet/vesolicitudot?1363a0a0872a9762356bb2acccf1495a,2018,11624,,,gx-no-cache=1528211369245 HTTP/1.1" 200 90
