186.103.161.206 - - [05/Jun/2018:13:11:53 -0300] "POST /cormun/servlet/trautorizarsolicitud?8cb8f1c27b62d8a615725138825d496b,,gx-no-cache=1528215047281 HTTP/1.1" 200 4394
186.67.164.142 - - [05/Jun/2018:13:11:59 -0300] "POST /cormun/servlet/solicitudot?gx-no-cache=1528215056034 HTTP/1.1" 200 1449
186.67.164.142 - - [05/Jun/2018:13:11:59 -0300] "POST /cormun/servlet/solicitudot?gx-no-cache=1528215056153 HTTP/1.1" 200 117
186.67.164.142 - - [05/Jun/2018:13:11:59 -0300] "GET /cormun/servlet/solicitudot?42e358cf8fffd2505f123d68cee21d2edfb1f2ce298f6dfaa02471c5c7e973644f6c3bad2dfe18cf1539218e09ead9cccf5df691ab2147d6755c1d768a92a01b077a594b780b2977d90312a1791b3ed81d124def013c7d2e8da9d3148803ca2599049c2c913842acd8a2e6c479caf3dc,gx-no-cache=1528215056210 HTTP/1.1" 200 29
186.67.164.142 - - [05/Jun/2018:13:11:59 -0300] "POST /cormun/servlet/solicitudot?gx-no-cache=1528215056263 HTTP/1.1" 200 1350
186.67.164.142 - - [05/Jun/2018:13:11:59 -0300] "POST /cormun/servlet/solicitudot?gx-no-cache=1528215056333 HTTP/1.1" 200 1249
186.67.164.142 - - [05/Jun/2018:13:12:00 -0300] "GET /cormun/servlet/solicitudot?42e358cf8fffd2505f123d68cee21d2e369c92d3bc18bffb2bbd007afa0c57053e8a77e79422365b08512ac0d2aeca50,gx-no-cache=1528215056395 HTTP/1.1" 200 134
186.67.164.142 - - [05/Jun/2018:13:12:28 -0300] "POST /cormun/servlet/solicitudot?gx-no-cache=1528215084467 HTTP/1.1" 200 1367
186.67.164.142 - - [05/Jun/2018:13:12:30 -0300] "GET /cormun/servlet/prlicenciaspermisos?8265169,L,,MD,,gxPopupLevel%3D0%3B HTTP/1.1" 200 6666
186.67.164.142 - - [05/Jun/2018:13:12:30 -0300] "GET /cormun/static/gxcfg.js?20176272053834 HTTP/1.1" 200 953
186.67.164.142 - - [05/Jun/2018:13:12:30 -0300] "GET /cormun/static/prlicenciaspermisos.js?20176272054050 HTTP/1.1" 200 13379
31.184.194.109 - - [05/Jun/2018:13:12:49 -0300] "GET / HTTP/1.0" 200 11197
186.103.132.155 - - [05/Jun/2018:13:13:10 -0300] "GET /cormun/Manuales/ManualContratos.pdf HTTP/1.1" 200 629147
186.67.164.142 - - [05/Jun/2018:13:13:17 -0300] "POST /cormun/servlet/solicitudot?gx-no-cache=1528215133763 HTTP/1.1" 200 41
186.67.164.142 - - [05/Jun/2018:13:13:17 -0300] "POST /cormun/servlet/solicitudot?gx-no-cache=1528215133916 HTTP/1.1" 200 1350
186.67.164.142 - - [05/Jun/2018:13:13:17 -0300] "POST /cormun/servlet/solicitudot?gx-no-cache=1528215133970 HTTP/1.1" 200 1249
186.67.164.142 - - [05/Jun/2018:13:13:17 -0300] "GET /cormun/servlet/solicitudot?42e358cf8fffd2505f123d68cee21d2e369c92d3bc18bffb2bbd007afa0c570573c4c530fccbd42f254bbe7c75df6d67,gx-no-cache=1528215134014 HTTP/1.1" 200 134
186.67.164.142 - - [05/Jun/2018:13:13:17 -0300] "POST /cormun/servlet/solicitudot?gx-no-cache=1528215134048 HTTP/1.1" 200 122
186.67.164.142 - - [05/Jun/2018:13:14:38 -0300] "POST /cormun/servlet/solicitudot?gx-no-cache=1528215214904 HTTP/1.1" 200 1351
186.67.164.142 - - [05/Jun/2018:13:14:38 -0300] "POST /cormun/servlet/solicitudot?gx-no-cache=1528215214983 HTTP/1.1" 200 1249
186.67.164.142 - - [05/Jun/2018:13:14:38 -0300] "GET /cormun/static/menuarrow.gif HTTP/1.1" 404 1015
186.67.164.142 - - [05/Jun/2018:13:14:40 -0300] "POST /cormun/servlet/solicitudot?gx-no-cache=1528215216857 HTTP/1.1" 200 1351
186.67.164.142 - - [05/Jun/2018:13:14:40 -0300] "POST /cormun/servlet/solicitudot?gx-no-cache=1528215216920 HTTP/1.1" 200 1249
186.67.164.142 - - [05/Jun/2018:13:15:14 -0300] "GET /cormun/servlet/solicitudot?42e358cf8fffd2505f123d68cee21d2eee13bb8d6d5718397599bd87c57fe7f773c4c530fccbd42f254bbe7c75df6d67,gx-no-cache=1528215250782 HTTP/1.1" 200 30
186.103.159.46 - - [05/Jun/2018:13:15:24 -0300] "GET /cormun/servlet/hlogin HTTP/1.1" 200 1726
186.67.164.142 - - [05/Jun/2018:13:15:27 -0300] "POST /cormun/servlet/solicitudot?gx-no-cache=1528215263794 HTTP/1.1" 200 146
186.67.164.142 - - [05/Jun/2018:13:15:27 -0300] "POST /cormun/servlet/solicitudot?5824f20d2799c15205a3d77edcda631d,INS,0,0,,gx-no-cache=1528215263859 HTTP/1.1" 200 11812
186.103.159.46 - - [05/Jun/2018:13:15:37 -0300] "POST /cormun/servlet/hlogin?052f5ee52ad34a19b4431093c4c6ca97,gx-no-cache=1528215274276 HTTP/1.1" 200 90
186.103.159.46 - - [05/Jun/2018:13:15:37 -0300] "GET /cormun/servlet/hpexe_link HTTP/1.1" 200 953
186.103.159.46 - - [05/Jun/2018:13:15:37 -0300] "GET /cormun/servlet/hhome HTTP/1.1" 200 3972
186.67.164.142 - - [05/Jun/2018:13:15:38 -0300] "GET /cormun/servlet/prlicenciaspermisos?8265169,L,,MD,,gxPopupLevel%3D0%3B HTTP/1.1" 200 6666
186.103.159.46 - - [05/Jun/2018:13:15:39 -0300] "GET /cormun/servlet/hhome HTTP/1.1" 200 3967
186.67.164.142 - - [05/Jun/2018:13:15:49 -0300] "POST /cormun/servlet/solicitudot?gx-no-cache=1528215285685 HTTP/1.1" 200 41
186.67.164.142 - - [05/Jun/2018:13:15:50 -0300] "POST /cormun/servlet/solicitudot?gx-no-cache=1528215286159 HTTP/1.1" 200 1351
186.67.164.142 - - [05/Jun/2018:13:15:50 -0300] "POST /cormun/servlet/solicitudot?gx-no-cache=1528215286498 HTTP/1.1" 200 1249
186.67.164.142 - - [05/Jun/2018:13:15:50 -0300] "POST /cormun/servlet/solicitudot?gx-no-cache=1528215286576 HTTP/1.1" 200 146
186.67.164.142 - - [05/Jun/2018:13:15:50 -0300] "POST /cormun/servlet/solicitudot?5824f20d2799c15205a3d77edcda631d,INS,0,0,,gx-no-cache=1528215286745 HTTP/1.1" 200 11855
78.108.177.54 - - [05/Jun/2018:13:15:52 -0300] "GET / HTTP/1.0" 200 11197
186.67.164.142 - - [05/Jun/2018:13:16:00 -0300] "GET /cormun/servlet/prlicenciaspermisos?8265169,L,,MD,,gxPopupLevel%3D0%3B HTTP/1.1" 200 6666
186.67.164.142 - - [05/Jun/2018:13:16:15 -0300] "POST /cormun/servlet/solicitudot?gx-no-cache=1528215311662 HTTP/1.1" 200 1351
186.67.164.142 - - [05/Jun/2018:13:16:15 -0300] "POST /cormun/servlet/solicitudot?gx-no-cache=1528215311720 HTTP/1.1" 200 1249
186.67.164.142 - - [05/Jun/2018:13:16:17 -0300] "POST /cormun/servlet/solicitudot?gx-no-cache=1528215313405 HTTP/1.1" 200 1351
186.67.164.142 - - [05/Jun/2018:13:16:17 -0300] "POST /cormun/servlet/solicitudot?gx-no-cache=1528215313460 HTTP/1.1" 200 1249
186.67.164.142 - - [05/Jun/2018:13:16:20 -0300] "GET /cormun/servlet/solicitudot?42e358cf8fffd2505f123d68cee21d2eee13bb8d6d5718397599bd87c57fe7f761dec7f090e6315ff7b0010263bebc2f,gx-no-cache=1528215317341 HTTP/1.1" 200 30
186.67.164.142 - - [05/Jun/2018:13:16:21 -0300] "POST /cormun/servlet/solicitudot?gx-no-cache=1528215317374 HTTP/1.1" 200 135
186.67.164.142 - - [05/Jun/2018:13:16:21 -0300] "POST /cormun/servlet/solicitudot?5824f20d2799c15205a3d77edcda631d,INS,0,0,,gx-no-cache=1528215317425 HTTP/1.1" 200 11886
186.67.164.142 - - [05/Jun/2018:13:16:33 -0300] "GET /cormun/servlet/solicitudot?42e358cf8fffd2505f123d68cee21d2eee13bb8d6d5718397599bd87c57fe7f7fbb3507ea15a9d39259658897010b67d,gx-no-cache=1528215329309 HTTP/1.1" 200 30
186.67.164.142 - - [05/Jun/2018:13:16:33 -0300] "POST /cormun/servlet/solicitudot?gx-no-cache=1528215329386 HTTP/1.1" 200 135
186.67.164.142 - - [05/Jun/2018:13:16:33 -0300] "POST /cormun/servlet/solicitudot?5824f20d2799c15205a3d77edcda631d,INS,0,0,,gx-no-cache=1528215329497 HTTP/1.1" 200 11961
186.67.164.142 - - [05/Jun/2018:13:17:34 -0300] "GET /cormun/servlet/prlicenciaspermisos?8265169,L,,MD,,gxPopupLevel%3D0%3B HTTP/1.1" 200 6666
186.67.164.142 - - [05/Jun/2018:13:17:44 -0300] "POST /cormun/servlet/solicitudot?gx-no-cache=1528215400850 HTTP/1.1" 200 41
186.67.164.142 - - [05/Jun/2018:13:17:44 -0300] "POST /cormun/servlet/solicitudot?gx-no-cache=1528215400884 HTTP/1.1" 200 1351
186.67.164.142 - - [05/Jun/2018:13:17:44 -0300] "POST /cormun/servlet/solicitudot?gx-no-cache=1528215400937 HTTP/1.1" 200 1249
186.67.164.142 - - [05/Jun/2018:13:17:55 -0300] "POST /cormun/servlet/solicitudot?gx-no-cache=1528215411591 HTTP/1.1" 200 1351
186.67.164.142 - - [05/Jun/2018:13:17:55 -0300] "POST /cormun/servlet/solicitudot?gx-no-cache=1528215411690 HTTP/1.1" 200 1249
186.67.164.142 - - [05/Jun/2018:13:17:55 -0300] "POST /cormun/servlet/solicitudot?gx-no-cache=1528215411732 HTTP/1.1" 200 135
186.67.164.142 - - [05/Jun/2018:13:17:55 -0300] "POST /cormun/servlet/solicitudot?5824f20d2799c15205a3d77edcda631d,INS,0,0,,gx-no-cache=1528215411780 HTTP/1.1" 200 12039
200.111.122.170 - - [05/Jun/2018:13:18:06 -0300] "GET /cormun/servlet/hlogin HTTP/1.1" 200 1710
200.111.122.170 - - [05/Jun/2018:13:18:20 -0300] "POST /cormun/servlet/hlogin?8cb8f1c27b62d8a615725138825d496b,gx-no-cache=1528215435152 HTTP/1.1" 200 90
200.111.122.170 - - [05/Jun/2018:13:18:20 -0300] "GET /cormun/servlet/hpexe_link HTTP/1.1" 200 954
200.111.122.170 - - [05/Jun/2018:13:18:21 -0300] "GET /cormun/servlet/trautorizarsolicitud? HTTP/1.1" 200 7310
200.111.122.170 - - [05/Jun/2018:13:18:22 -0300] "GET /cormun/servlet/trautorizarsolicitud? HTTP/1.1" 200 7309
200.111.122.170 - - [05/Jun/2018:13:18:27 -0300] "GET /cormun/static/menuarrow.gif HTTP/1.1" 404 1015
200.111.122.170 - - [05/Jun/2018:13:18:34 -0300] "GET /cormun/servlet/trcontratounov2? HTTP/1.1" 200 17426
200.111.122.170 - - [05/Jun/2018:13:18:34 -0300] "GET /cormun/static/gxcfg.js?201752512124396 HTTP/1.1" 200 953
190.151.100.218 - - [05/Jun/2018:13:18:34 -0300] "GET /cormun/static/Resources/PXToolsAddSelectedAction.png HTTP/1.1" 200 3660
200.111.122.170 - - [05/Jun/2018:13:18:34 -0300] "GET /cormun/static/trcontratounov2.js?201752512125146 HTTP/1.1" 200 38486
190.151.100.218 - - [05/Jun/2018:13:18:35 -0300] "GET /cormun/servlet/trcontratounov2? HTTP/1.1" 200 17442
186.103.159.46 - - [05/Jun/2018:13:18:50 -0300] "GET /cormun/servlet/trfichaempleado? HTTP/1.1" 200 14658
192.168.10.62 - - [05/Jun/2018:13:19:04 -0300] "GET /cormun/servlet/hlogin HTTP/1.1" 200 1758
200.111.122.170 - - [05/Jun/2018:13:19:05 -0300] "POST /cormun/servlet/trcontratounov2?8cb8f1c27b62d8a615725138825d496b,,gx-no-cache=1528215479075 HTTP/1.1" 200 6001
200.111.122.170 - - [05/Jun/2018:13:19:14 -0300] "POST /cormun/servlet/trcontratounov2?8cb8f1c27b62d8a615725138825d496b,,gx-no-cache=1528215488982 HTTP/1.1" 200 4205
200.111.122.170 - - [05/Jun/2018:13:19:19 -0300] "GET /cormun/servlet/trcontratounov2? HTTP/1.1" 200 7020
192.168.10.62 - - [05/Jun/2018:13:19:20 -0300] "POST /cormun/servlet/hlogin?df19cae06e2984694020a86e3995d4a8,gx-no-cache=1528215363526 HTTP/1.1" 200 90
192.168.10.62 - - [05/Jun/2018:13:19:20 -0300] "GET /cormun/servlet/hpexe_link HTTP/1.1" 200 952
200.111.122.170 - - [05/Jun/2018:13:19:21 -0300] "GET /cormun/servlet/trcontratounov2? HTTP/1.1" 200 7020
192.168.10.62 - - [05/Jun/2018:13:19:21 -0300] "GET /cormun/servlet/hhome HTTP/1.1" 200 4489
192.168.10.62 - - [05/Jun/2018:13:19:21 -0300] "GET /cormun/servlet/hhome HTTP/1.1" 200 4485
192.168.10.62 - - [05/Jun/2018:13:19:23 -0300] "GET /cormun/servlet/trsolicitudgral? HTTP/1.1" 200 20205
192.168.10.62 - - [05/Jun/2018:13:19:24 -0300] "GET /cormun/servlet/trsolicitudgral? HTTP/1.1" 200 20202
200.111.122.170 - - [05/Jun/2018:13:19:29 -0300] "POST /cormun/servlet/trcontratounov2?8cb8f1c27b62d8a615725138825d496b,,gx-no-cache=1528215503903 HTTP/1.1" 200 4203
192.168.10.62 - - [05/Jun/2018:13:19:36 -0300] "GET /cormun/servlet/hlogin HTTP/1.1" 200 1739
200.111.122.170 - - [05/Jun/2018:13:19:41 -0300] "GET /cormun/servlet/trcontratoobservaciondir? HTTP/1.1" 200 7093
200.111.122.170 - - [05/Jun/2018:13:19:41 -0300] "GET /cormun/static/gxcfg.js?20175251262281 HTTP/1.1" 200 953
200.111.122.170 - - [05/Jun/2018:13:19:41 -0300] "GET /cormun/static/trcontratoobservaciondir.js?20175251262715 HTTP/1.1" 200 27185
200.111.122.170 - - [05/Jun/2018:13:19:42 -0300] "GET /cormun/servlet/trcontratoobservaciondir? HTTP/1.1" 200 7093
186.103.132.155 - - [05/Jun/2018:13:20:02 -0300] "POST /cormun/servlet/trcontratoobservaciondir?8cb8f1c27b62d8a615725138825d496b,,gx-no-cache=1528215537227 HTTP/1.1" 200 3972
186.103.132.155 - - [05/Jun/2018:13:20:11 -0300] "POST /cormun/servlet/trcontratoobservaciondir?8cb8f1c27b62d8a615725138825d496b,,gx-no-cache=1528215545711 HTTP/1.1" 200 90
186.103.132.155 - - [05/Jun/2018:13:20:11 -0300] "GET /cormun/servlet/hpexe_link HTTP/1.1" 200 955
186.103.132.155 - - [05/Jun/2018:13:20:11 -0300] "GET /cormun/servlet/trcontratounov2? HTTP/1.1" 200 7021
186.103.132.155 - - [05/Jun/2018:13:20:12 -0300] "GET /cormun/servlet/trcontratounov2? HTTP/1.1" 200 7020
200.72.197.82 - - [05/Jun/2018:13:21:00 -0300] "GET /cormun/servlet/trcontratounov2? HTTP/1.1" 200 7020
200.72.197.82 - - [05/Jun/2018:13:21:03 -0300] "GET /cormun/servlet/trcontratounov2? HTTP/1.1" 200 7020
200.72.197.82 - - [05/Jun/2018:13:21:06 -0300] "GET /cormun/servlet/trcontratoobservaciondir? HTTP/1.1" 200 6416
186.67.164.142 - - [05/Jun/2018:13:21:06 -0300] "GET /cormun/servlet/prfichaempleado?,MD,,gxPopupLevel%3D0%3B HTTP/1.1" 200 9334
186.67.164.142 - - [05/Jun/2018:13:21:06 -0300] "GET /cormun/static/gxcfg.js?20177612134814 HTTP/1.1" 200 953
186.67.164.142 - - [05/Jun/2018:13:21:06 -0300] "GET /cormun/static/prfichaempleado.js?20177612134999 HTTP/1.1" 200 16006
200.72.197.82 - - [05/Jun/2018:13:21:08 -0300] "GET /cormun/servlet/trcontratoobservaciondir? HTTP/1.1" 200 6415
200.72.197.82 - - [05/Jun/2018:13:21:11 -0300] "GET /cormun/servlet/trcontratosolicitud? HTTP/1.1" 200 14570
190.151.100.218 - - [05/Jun/2018:13:21:11 -0300] "GET /cormun/static/gxcfg.js?20177612214014 HTTP/1.1" 200 953
200.72.197.82 - - [05/Jun/2018:13:21:12 -0300] "GET /cormun/static/trcontratosolicitud.js?20177612214349 HTTP/1.1" 200 28237
190.151.100.218 - - [05/Jun/2018:13:21:12 -0300] "GET /cormun//static/Resources/PXToolsGridNew.png HTTP/1.1" 200 2949
200.72.197.82 - - [05/Jun/2018:13:21:13 -0300] "GET /cormun/servlet/trcontratosolicitud? HTTP/1.1" 200 14577
190.151.100.218 - - [05/Jun/2018:13:21:21 -0300] "GET /cormun/servlet/trcontratounov2? HTTP/1.1" 200 7021
190.151.100.218 - - [05/Jun/2018:13:21:22 -0300] "GET /cormun/servlet/trcontratounov2? HTTP/1.1" 200 7020
190.151.100.218 - - [05/Jun/2018:13:21:27 -0300] "POST /cormun/servlet/trcontratounov2?8cb8f1c27b62d8a615725138825d496b,,gx-no-cache=1528215622312 HTTP/1.1" 200 4204
186.67.164.142 - - [05/Jun/2018:13:21:28 -0300] "POST /cormun/servlet/prfichaempleado?5824f20d2799c15205a3d77edcda631d,,MD,,gxPopupLevel%3D0%3B,gx-no-cache=1528215625098 HTTP/1.1" 200 3442
190.151.100.218 - - [05/Jun/2018:13:21:30 -0300] "POST /cormun/servlet/trcontratounov2?8cb8f1c27b62d8a615725138825d496b,,gx-no-cache=1528215624814 HTTP/1.1" 200 4204
190.151.100.218 - - [05/Jun/2018:13:21:36 -0300] "POST /cormun/servlet/trcontratounov2?8cb8f1c27b62d8a615725138825d496b,,gx-no-cache=1528215630851 HTTP/1.1" 200 4204
190.151.100.218 - - [05/Jun/2018:13:21:39 -0300] "POST /cormun/servlet/trcontratounov2?8cb8f1c27b62d8a615725138825d496b,,gx-no-cache=1528215633481 HTTP/1.1" 200 4207
190.151.100.218 - - [05/Jun/2018:13:21:43 -0300] "GET /cormun/servlet/trvisualizadoreventos? HTTP/1.1" 200 6949
190.151.100.218 - - [05/Jun/2018:13:21:43 -0300] "GET /cormun/static/gxcfg.js?20175251251426 HTTP/1.1" 200 953
190.151.100.218 - - [05/Jun/2018:13:21:43 -0300] "GET /cormun/static/Resources/PXToolsActionPrint.png HTTP/1.1" 200 3317
200.54.18.251 - - [05/Jun/2018:13:21:43 -0300] "GET /cormun/static/trvisualizadoreventos.js?20175251251768 HTTP/1.1" 200 19318
200.54.18.251 - - [05/Jun/2018:13:21:44 -0300] "GET /cormun/servlet/trvisualizadoreventos? HTTP/1.1" 200 6948
200.54.18.251 - - [05/Jun/2018:13:21:49 -0300] "GET /cormun/static/menuarrow.gif HTTP/1.1" 404 1015
200.54.18.251 - - [05/Jun/2018:13:21:59 -0300] "POST /cormun/servlet/trvisualizadoreventos?8cb8f1c27b62d8a615725138825d496b,,gx-no-cache=1528215653818 HTTP/1.1" 200 4137
200.54.18.251 - - [05/Jun/2018:13:22:03 -0300] "POST /cormun/servlet/trvisualizadoreventos?8cb8f1c27b62d8a615725138825d496b,,gx-no-cache=1528215657605 HTTP/1.1" 200 5512
186.67.164.142 - - [05/Jun/2018:13:22:06 -0300] "GET /cormun/servlet/prlicenciaspermisos?8265169,L,,MD,,gxPopupLevel%3D0%3B HTTP/1.1" 200 6666
186.67.164.142 - - [05/Jun/2018:13:22:10 -0300] "POST /cormun/servlet/solicitudot?gx-no-cache=1528215667082 HTTP/1.1" 200 1368
200.54.18.251 - - [05/Jun/2018:13:22:21 -0300] "POST /cormun/servlet/trvisualizadoreventos?8cb8f1c27b62d8a615725138825d496b,,gx-no-cache=1528215676154 HTTP/1.1" 200 5469
186.103.159.46 - - [05/Jun/2018:13:22:22 -0300] "GET /cormun/servlet/trfichaempleado? HTTP/1.1" 200 14658
186.103.159.46 - - [05/Jun/2018:13:22:24 -0300] "GET /cormun/servlet/trfichaempleado? HTTP/1.1" 200 14658
200.54.18.251 - - [05/Jun/2018:13:22:29 -0300] "POST /cormun/servlet/trvisualizadoreventos?8cb8f1c27b62d8a615725138825d496b,,gx-no-cache=1528215683642 HTTP/1.1" 200 5085
186.67.164.142 - - [05/Jun/2018:13:22:46 -0300] "POST /cormun/servlet/solicitudot?gx-no-cache=1528215702675 HTTP/1.1" 200 41
186.67.164.142 - - [05/Jun/2018:13:22:46 -0300] "POST /cormun/servlet/solicitudot?gx-no-cache=1528215702709 HTTP/1.1" 200 1351
186.67.164.142 - - [05/Jun/2018:13:22:46 -0300] "POST /cormun/servlet/solicitudot?gx-no-cache=1528215702763 HTTP/1.1" 200 1249
200.54.18.251 - - [05/Jun/2018:13:23:02 -0300] "POST /cormun/servlet/trvisualizadoreventos?8cb8f1c27b62d8a615725138825d496b,,gx-no-cache=1528215716172 HTTP/1.1" 200 111
200.54.18.251 - - [05/Jun/2018:13:23:02 -0300] "GET /cormun/VisualizadorEventos-9313.xls HTTP/1.1" 200 5632
186.67.164.142 - - [05/Jun/2018:13:23:12 -0300] "POST /cormun/servlet/solicitudot?gx-no-cache=1528215728566 HTTP/1.1" 200 1351
186.67.164.142 - - [05/Jun/2018:13:23:12 -0300] "POST /cormun/servlet/solicitudot?gx-no-cache=1528215728634 HTTP/1.1" 200 1249
186.67.164.142 - - [05/Jun/2018:13:23:12 -0300] "POST /cormun/servlet/solicitudot?gx-no-cache=1528215728680 HTTP/1.1" 200 135
186.67.164.142 - - [05/Jun/2018:13:23:12 -0300] "POST /cormun/servlet/solicitudot?5824f20d2799c15205a3d77edcda631d,INS,0,0,,gx-no-cache=1528215728739 HTTP/1.1" 200 12089
186.103.132.155 - - [05/Jun/2018:13:23:40 -0300] "POST /cormun/servlet/trvisualizadoreventos?8cb8f1c27b62d8a615725138825d496b,,gx-no-cache=1528215755048 HTTP/1.1" 200 4139
186.103.132.155 - - [05/Jun/2018:13:23:45 -0300] "POST /cormun/servlet/trvisualizadoreventos?8cb8f1c27b62d8a615725138825d496b,,gx-no-cache=1528215760224 HTTP/1.1" 200 5066
186.103.132.155 - - [05/Jun/2018:13:24:01 -0300] "POST /cormun/servlet/trvisualizadoreventos?8cb8f1c27b62d8a615725138825d496b,,gx-no-cache=1528215775931 HTTP/1.1" 200 5073
186.103.132.155 - - [05/Jun/2018:13:24:14 -0300] "POST /cormun/servlet/trvisualizadoreventos?8cb8f1c27b62d8a615725138825d496b,,gx-no-cache=1528215788332 HTTP/1.1" 200 5209
186.103.132.155 - - [05/Jun/2018:13:24:23 -0300] "POST /cormun/servlet/trvisualizadoreventos?8cb8f1c27b62d8a615725138825d496b,,gx-no-cache=1528215797582 HTTP/1.1" 200 4140
186.103.132.155 - - [05/Jun/2018:13:24:28 -0300] "POST /cormun/servlet/trvisualizadoreventos?8cb8f1c27b62d8a615725138825d496b,,gx-no-cache=1528215802451 HTTP/1.1" 200 4139
186.103.132.155 - - [05/Jun/2018:13:24:32 -0300] "POST /cormun/servlet/trvisualizadoreventos?8cb8f1c27b62d8a615725138825d496b,,gx-no-cache=1528215806416 HTTP/1.1" 200 4139
186.103.132.155 - - [05/Jun/2018:13:24:40 -0300] "GET /cormun/servlet/trautorizarsolicitud? HTTP/1.1" 200 7310
186.103.132.155 - - [05/Jun/2018:13:24:41 -0300] "GET /cormun/servlet/trautorizarsolicitud? HTTP/1.1" 200 7309
186.103.132.155 - - [05/Jun/2018:13:24:51 -0300] "GET /cormun/static/menuarrow.gif HTTP/1.1" 404 1015
186.103.132.155 - - [05/Jun/2018:13:24:55 -0300] "POST /cormun/servlet/trautorizarsolicitud?8cb8f1c27b62d8a615725138825d496b,,gx-no-cache=1528215830333 HTTP/1.1" 200 6299
186.103.132.155 - - [05/Jun/2018:13:25:09 -0300] "POST /cormun/servlet/trautorizarsolicitud?8cb8f1c27b62d8a615725138825d496b,,gx-no-cache=1528215843762 HTTP/1.1" 200 7889
186.67.203.186 - - [05/Jun/2018:13:26:14 -0300] "GET /cormun/servlet/trsolicitudot? HTTP/1.1" 200 7901
186.103.132.155 - - [05/Jun/2018:13:26:15 -0300] "GET /cormun/servlet/hlogin HTTP/1.1" 200 1741
186.67.203.186 - - [05/Jun/2018:13:26:15 -0300] "GET /cormun/servlet/trsolicitudot? HTTP/1.1" 200 7891
186.67.203.186 - - [05/Jun/2018:13:26:23 -0300] "POST /cormun/servlet/hlogin?a3722c360f5000997110b88ddc119f65,gx-no-cache=1528215919518 HTTP/1.1" 200 90
186.67.203.186 - - [05/Jun/2018:13:26:23 -0300] "GET /cormun/servlet/hpexe_link HTTP/1.1" 200 962
186.67.203.186 - - [05/Jun/2018:13:26:23 -0300] "GET /cormun/servlet/trsolicitudot HTTP/1.1" 200 7262
186.67.203.186 - - [05/Jun/2018:13:26:24 -0300] "GET /cormun/servlet/trsolicitudot HTTP/1.1" 200 7261
186.67.203.186 - - [05/Jun/2018:13:26:31 -0300] "GET /cormun/servlet/trsolicitudot? HTTP/1.1" 200 7261
186.67.203.186 - - [05/Jun/2018:13:26:32 -0300] "GET /cormun/servlet/trsolicitudot? HTTP/1.1" 200 7261
186.67.203.186 - - [05/Jun/2018:13:26:37 -0300] "GET /cormun/static/menuarrow.gif HTTP/1.1" 404 1015
186.67.203.186 - - [05/Jun/2018:13:26:46 -0300] "POST /cormun/servlet/trsolicitudot?a3722c360f5000997110b88ddc119f65,,gx-no-cache=1528215941821 HTTP/1.1" 200 22923
192.168.10.96 - - [05/Jun/2018:13:27:09 -0300] "GET /cormun/servlet/trsolicitudgral? HTTP/1.1" 200 9219
192.168.10.96 - - [05/Jun/2018:13:27:10 -0300] "GET /cormun/servlet/trsolicitudgral? HTTP/1.1" 200 9219
192.168.10.96 - - [05/Jun/2018:13:27:13 -0300] "GET /cormun/servlet/hlogin HTTP/1.1" 200 1738
200.54.18.251 - - [05/Jun/2018:13:27:21 -0300] "POST /cormun/servlet/trsolicitudot?a3722c360f5000997110b88ddc119f65,,gx-no-cache=1528215976738 HTTP/1.1" 200 22945
200.54.18.251 - - [05/Jun/2018:13:27:21 -0300] "GET /cormun/static/Shared/jqueryui/images/ui-bg_highlight-soft_100_c6c2c8_1x100.png HTTP/1.1" 404 1117
186.103.161.206 - - [05/Jun/2018:13:27:21 -0300] "GET /cormun/static/Shared/jqueryui/images/ui-icons_82798d_256x240.png HTTP/1.1" 404 1089
186.103.161.206 - - [05/Jun/2018:13:27:22 -0300] "GET /cormun/static/Shared/jqueryui/images/ui-bg_flat_55_fafafa_40x100.png HTTP/1.1" 404 1097
200.54.18.251 - - [05/Jun/2018:13:27:22 -0300] "GET /cormun/static/Shared/jqueryui/images/ui-icons_8d78a5_256x240.png HTTP/1.1" 404 1089
192.168.10.96 - - [05/Jun/2018:13:27:26 -0300] "POST /cormun/servlet/hlogin?34b0b6bf89809ccc26d9040566cc19ef,gx-no-cache=1528215849580 HTTP/1.1" 200 451
186.103.161.206 - - [05/Jun/2018:13:27:27 -0300] "GET /cormun/servlet/vesolicitudot?2018,10771,, HTTP/1.1" 200 8523
186.103.161.206 - - [05/Jun/2018:13:27:27 -0300] "GET /cormun/pexe_scrolldiv.js HTTP/1.1" 404 1009
186.103.161.206 - - [05/Jun/2018:13:27:28 -0300] "GET /cormun/servlet/vesolicitudot?2018,10771,, HTTP/1.1" 200 8523
186.103.161.206 - - [05/Jun/2018:13:27:30 -0300] "GET /cormun/servlet/vesolicitudot?2018,10771,,SolicitudOTAdjuntos HTTP/1.1" 200 7550
186.103.161.206 - - [05/Jun/2018:13:27:30 -0300] "GET /cormun/pexe_scrolldiv.js HTTP/1.1" 404 1009
192.168.10.96 - - [05/Jun/2018:13:27:30 -0300] "POST /cormun/servlet/hlogin?34b0b6bf89809ccc26d9040566cc19ef,gx-no-cache=1528215853434 HTTP/1.1" 200 451
186.103.161.206 - - [05/Jun/2018:13:27:30 -0300] "GET /cormun/servlet/vesolicitudot?2018,10771,,SolicitudOTAdjuntos HTTP/1.1" 200 7550
186.103.161.206 - - [05/Jun/2018:13:27:31 -0300] "POST /cormun/servlet/acontrolpreferencessavestate?None,GVALDES,true HTTP/1.1" 200 35
186.103.161.206 - - [05/Jun/2018:13:27:35 -0300] "GET /cormun/servlet/vesolicitudot?2018,10771,,SolicitudOTLog HTTP/1.1" 200 9859
186.103.161.206 - - [05/Jun/2018:13:27:35 -0300] "GET /cormun/pexe_scrolldiv.js HTTP/1.1" 404 1009
200.54.18.251 - - [05/Jun/2018:13:27:35 -0300] "GET /cormun/static/tbsolicitudot03.js?20177611592012 HTTP/1.1" 200 13332
190.151.100.218 - - [05/Jun/2018:13:27:35 -0300] "GET /cormun/static/Resources/PXToolsTabLastSelected.png HTTP/1.1" 200 1262
190.151.100.218 - - [05/Jun/2018:13:27:35 -0300] "GET /cormun/servlet/vesolicitudot?2018,10771,,SolicitudOTLog HTTP/1.1" 200 9855
192.168.10.96 - - [05/Jun/2018:13:27:36 -0300] "POST /cormun/servlet/hlogin?34b0b6bf89809ccc26d9040566cc19ef,gx-no-cache=1528215859210 HTTP/1.1" 200 90
192.168.10.96 - - [05/Jun/2018:13:27:36 -0300] "GET /cormun/servlet/hpexe_link HTTP/1.1" 200 951
190.151.100.218 - - [05/Jun/2018:13:27:36 -0300] "POST /cormun/servlet/acontrolpreferencessavestate?None,GVALDES,true HTTP/1.1" 200 35
192.168.10.96 - - [05/Jun/2018:13:27:36 -0300] "GET /cormun/servlet/hhome HTTP/1.1" 200 3983
192.168.10.96 - - [05/Jun/2018:13:27:37 -0300] "GET /cormun/servlet/hhome HTTP/1.1" 200 3979
192.168.10.96 - - [05/Jun/2018:13:27:39 -0300] "GET /cormun/servlet/trsolicitudot? HTTP/1.1" 200 7194
192.168.10.96 - - [05/Jun/2018:13:27:39 -0300] "GET /cormun/servlet/trsolicitudot? HTTP/1.1" 200 7193
192.168.10.96 - - [05/Jun/2018:13:27:41 -0300] "GET /cormun/servlet/solicitudot?INS,0,0, HTTP/1.1" 200 13428
192.168.10.96 - - [05/Jun/2018:13:27:42 -0300] "GET /cormun/servlet/solicitudot?INS,0,0, HTTP/1.1" 200 13433
192.168.10.96 - - [05/Jun/2018:13:27:44 -0300] "GET /cormun/servlet/prfichaempleado?,MD,,gxPopupLevel%3D0%3B HTTP/1.1" 200 9334
192.168.10.96 - - [05/Jun/2018:13:27:55 -0300] "POST /cormun/servlet/prfichaempleado?34b0b6bf89809ccc26d9040566cc19ef,,MD,,gxPopupLevel%3D0%3B,gx-no-cache=1528215878452 HTTP/1.1" 200 3204
192.168.10.96 - - [05/Jun/2018:13:27:58 -0300] "POST /cormun/servlet/prfichaempleado?34b0b6bf89809ccc26d9040566cc19ef,,MD,,gxPopupLevel%3D0%3B,gx-no-cache=1528215881388 HTTP/1.1" 200 3204
186.67.203.186 - - [05/Jun/2018:13:28:08 -0300] "GET /cormun/servlet/vesolicitudot?2018,10771,,SolicitudOTAdjuntos HTTP/1.1" 200 7550
186.67.203.186 - - [05/Jun/2018:13:28:08 -0300] "GET /cormun/pexe_scrolldiv.js HTTP/1.1" 404 1009
186.67.203.186 - - [05/Jun/2018:13:28:08 -0300] "GET /cormun/pexe_scrolldiv.js HTTP/1.1" 404 1009
186.67.203.186 - - [05/Jun/2018:13:28:09 -0300] "GET /cormun/servlet/vesolicitudot?2018,10771,,SolicitudOTAdjuntos HTTP/1.1" 200 7550
186.67.203.186 - - [05/Jun/2018:13:28:09 -0300] "POST /cormun/servlet/acontrolpreferencessavestate?None,GVALDES,true HTTP/1.1" 200 35
186.67.203.186 - - [05/Jun/2018:13:28:10 -0300] "GET /cormun/servlet/vesolicitudot?2018,10771,,General HTTP/1.1" 200 8529
186.67.203.186 - - [05/Jun/2018:13:28:10 -0300] "GET /cormun/pexe_scrolldiv.js HTTP/1.1" 404 1009
186.67.203.186 - - [05/Jun/2018:13:28:11 -0300] "GET /cormun/servlet/vesolicitudot?2018,10771,,General HTTP/1.1" 200 8529
186.67.203.186 - - [05/Jun/2018:13:28:15 -0300] "POST /cormun/servlet/vesolicitudot?a3722c360f5000997110b88ddc119f65,2018,10771,,General,gx-no-cache=1528216031540 HTTP/1.1" 200 93
186.67.203.186 - - [05/Jun/2018:13:28:15 -0300] "GET /cormun/servlet/hpexe_return? HTTP/1.1" 200 1021
186.67.203.186 - - [05/Jun/2018:13:28:16 -0300] "GET /cormun/servlet/trsolicitudot? HTTP/1.1" 200 25808
186.67.203.186 - - [05/Jun/2018:13:28:17 -0300] "GET /cormun/servlet/trsolicitudot? HTTP/1.1" 200 25804
192.168.10.96 - - [05/Jun/2018:13:28:28 -0300] "POST /cormun/servlet/solicitudot?gx-no-cache=1528215911126 HTTP/1.1" 200 3292
192.168.10.96 - - [05/Jun/2018:13:28:28 -0300] "POST /cormun/servlet/solicitudot?34b0b6bf89809ccc26d9040566cc19ef,INS,0,0,,gx-no-cache=1528215911352 HTTP/1.1" 200 10251
200.72.197.82 - - [05/Jun/2018:13:28:34 -0300] "GET /cormun/servlet/trsolicitudot? HTTP/1.1" 200 7407
200.72.197.82 - - [05/Jun/2018:13:28:35 -0300] "GET /cormun/servlet/trsolicitudot? HTTP/1.1" 200 7406
192.168.10.96 - - [05/Jun/2018:13:28:39 -0300] "POST /cormun/servlet/solicitudot?gx-no-cache=1528215921704 HTTP/1.1" 200 3292
192.168.10.96 - - [05/Jun/2018:13:28:39 -0300] "POST /cormun/servlet/solicitudot?34b0b6bf89809ccc26d9040566cc19ef,INS,0,0,,gx-no-cache=1528215921833 HTTP/1.1" 200 10304
186.103.132.155 - - [05/Jun/2018:13:28:40 -0300] "GET /cormun/servlet/solicitudot?INS,0,0, HTTP/1.1" 200 13643
186.103.132.155 - - [05/Jun/2018:13:28:42 -0300] "GET /cormun/servlet/solicitudot?INS,0,0, HTTP/1.1" 200 13648
186.103.132.155 - - [05/Jun/2018:13:28:48 -0300] "GET /cormun/servlet/prfichaempleado?,MD,,gxPopupLevel%3D0%3B HTTP/1.1" 200 9360
192.168.10.96 - - [05/Jun/2018:13:28:56 -0300] "GET /cormun/servlet/solicitudot?30c04a84ffbf5fbb2492da24577a8def1b54eebea253707d71d453e3bd802aaa3f82428da87dec6bb919a5734db38585,gx-no-cache=1528215938948 HTTP/1.1" 200 30
186.103.132.155 - - [05/Jun/2018:13:29:04 -0300] "POST /cormun/servlet/prfichaempleado?8cb8f1c27b62d8a615725138825d496b,,MD,,gxPopupLevel%3D0%3B,gx-no-cache=1528216078755 HTTP/1.1" 200 3181
200.72.197.82 - - [05/Jun/2018:13:29:35 -0300] "POST /cormun/servlet/solicitudot?gx-no-cache=1528216109788 HTTP/1.1" 200 3284
200.72.197.82 - - [05/Jun/2018:13:29:35 -0300] "POST /cormun/servlet/solicitudot?8cb8f1c27b62d8a615725138825d496b,INS,0,0,,gx-no-cache=1528216110092 HTTP/1.1" 200 10440
200.72.197.82 - - [05/Jun/2018:13:29:37 -0300] "GET /cormun/servlet/solicitudot?6bbd77f8ffdcf207041978eb2aa7bd08086d866383d50eb739bdddf781c8cc2bfccd393ab7f91e9f81dba72031711b98,gx-no-cache=1528216111899 HTTP/1.1" 200 30
192.168.10.96 - - [05/Jun/2018:13:31:12 -0300] "GET /cormun/servlet/solicitudot?30c04a84ffbf5fbb2492da24577a8defc8139baf4b3ef62c5438723785089079ed433c49122494606ed46a060338b2e4,gx-no-cache=1528216074673 HTTP/1.1" 200 30
192.168.10.96 - - [05/Jun/2018:13:31:14 -0300] "POST /cormun/servlet/solicitudot?34b0b6bf89809ccc26d9040566cc19ef,INS,0,0,,gx-no-cache=1528216076762 HTTP/1.1" 200 10468
192.168.10.96 - - [05/Jun/2018:13:31:14 -0300] "GET /cormun/static/Shared/jqueryui/images/ui-bg_highlight-soft_100_c6c2c8_1x100.png HTTP/1.1" 404 1117
192.168.10.96 - - [05/Jun/2018:13:31:14 -0300] "GET /cormun/static/Shared/jqueryui/images/ui-icons_82798d_256x240.png HTTP/1.1" 404 1089
192.168.10.96 - - [05/Jun/2018:13:31:14 -0300] "GET /cormun/static/Shared/jqueryui/images/ui-bg_flat_55_fafafa_40x100.png HTTP/1.1" 404 1097
192.168.10.96 - - [05/Jun/2018:13:31:14 -0300] "GET /cormun/static/Shared/jqueryui/images/ui-icons_8d78a5_256x240.png HTTP/1.1" 404 1089
192.168.10.96 - - [05/Jun/2018:13:31:17 -0300] "GET /cormun/servlet/solicitudot?30c04a84ffbf5fbb2492da24577a8def95587225e1f50dd4917dca0dd7de5d98,gx-no-cache=1528216079821 HTTP/1.1" 200 29
192.168.10.96 - - [05/Jun/2018:13:31:18 -0300] "POST /cormun/servlet/solicitudot?gx-no-cache=1528216081295 HTTP/1.1" 200 240
192.168.10.96 - - [05/Jun/2018:13:31:20 -0300] "GET /cormun/servlet/solicitudot?30c04a84ffbf5fbb2492da24577a8def247d1b4970ae8187988e6151bd5bcb02d4b74b484bc28afa1061ecf71c04d0dafbaa604c5205a262d1442a0c4d3172bfe58cf54a6732a89201e9cd6747c8d73a539e1ca36c988394187ef253bbd0e0611e5079bdc455dba0532f5495585bdc70f3ade4741ebe60292d9ce71232936a39504d0cc453e8a55af96b7e189bdce06f589a57a58beb02798802f6ad2b843935339942bb01be3fee3aad98fc5a56760dd8a94d4f32cfca8776eb6e621a66a627844377cb330b5ca70f97da083ae808cf372f6a656e410182836648a51d9ac5d1759766eb61c70b86e9be53cd505033e9c51595e540294a0b69f0037c150ea3cb45abe63a20ff5c89d9e90fd9458f068cb3417d2ed61edba8c35acdd19ff9e545b7b84fcc1968acb4a337f3d4f7745ac1d1ca92b0c526ad399f4b0e011ad45483b86596520f8ce4b2d5946890b7adc1d046078b6fd1030e3a6be3baea94edd5cf964848ac25244bfd853eacccddfca33499c77b973bdead3d5583d84baff3554f,gx-no-cache=1528216083136 HTTP/1.1" 200 30
192.168.10.96 - - [05/Jun/2018:13:31:24 -0300] "POST /cormun/servlet/solicitudot?gx-no-cache=1528216087383 HTTP/1.1" 200 30
192.168.10.96 - - [05/Jun/2018:13:31:27 -0300] "GET /cormun/servlet/prfichaempleado?,MD,,gxPopupLevel%3D0%3B HTTP/1.1" 200 9334
192.168.10.96 - - [05/Jun/2018:13:31:35 -0300] "POST /cormun/servlet/prfichaempleado?34b0b6bf89809ccc26d9040566cc19ef,,MD,,gxPopupLevel%3D0%3B,gx-no-cache=1528216097587 HTTP/1.1" 200 3573
192.168.10.96 - - [05/Jun/2018:13:31:38 -0300] "GET /cormun/servlet/prlicenciaspermisos?8265169,L,,MD,,gxPopupLevel%3D0%3B HTTP/1.1" 200 6666
192.168.10.96 - - [05/Jun/2018:13:31:38 -0300] "GET /cormun/static/Resources/Spanish/PXTools.css?17315867 HTTP/1.1" 304 -
192.168.10.96 - - [05/Jun/2018:13:31:38 -0300] "GET /cormun/static/gxcfg.js?20176272053834 HTTP/1.1" 304 -
192.168.10.96 - - [05/Jun/2018:13:31:42 -0300] "POST /cormun/servlet/solicitudot?gx-no-cache=1528216105089 HTTP/1.1" 200 1368
192.168.10.96 - - [05/Jun/2018:13:31:46 -0300] "POST /cormun/servlet/solicitudot?gx-no-cache=1528216109433 HTTP/1.1" 200 41
186.103.132.155 - - [05/Jun/2018:13:32:16 -0300] "GET /cormun/servlet/prbanco?,MD,,gxPopupLevel%3D0%3B HTTP/1.1" 200 6637
186.103.132.155 - - [05/Jun/2018:13:32:16 -0300] "GET /cormun/static/gxcfg.js?20181161016094 HTTP/1.1" 200 953
186.67.203.186 - - [05/Jun/2018:13:32:16 -0300] "GET /cormun/static/prbanco.js?2018116101633 HTTP/1.1" 200 10693
192.168.10.96 - - [05/Jun/2018:13:32:17 -0300] "GET /cormun/servlet/solicitudot?30c04a84ffbf5fbb2492da24577a8def291742ce933b38852e0354160c629f8e3a456cd771357a94751475f4fc9255a90d2f25f4680bd7845f217a426ec5e303707b68b664d3f784cafc74b735a630e5184d24372fd70b2d0d401cb3f566aeb6ea0017ee6bfdda8ab9d634ae254eb561,gx-no-cache=1528216140478 HTTP/1.1" 200 29
192.168.10.96 - - [05/Jun/2018:13:32:17 -0300] "POST /cormun/servlet/solicitudot?gx-no-cache=1528216140583 HTTP/1.1" 200 1351
192.168.10.96 - - [05/Jun/2018:13:32:18 -0300] "POST /cormun/servlet/solicitudot?gx-no-cache=1528216140639 HTTP/1.1" 200 1249
192.168.10.96 - - [05/Jun/2018:13:32:26 -0300] "GET /cormun/servlet/solicitudot?30c04a84ffbf5fbb2492da24577a8def39ff229c0fa6e66e45f284a58fff16c3a0b5ececbf014892df2bdf0717253b7e,gx-no-cache=1528216149286 HTTP/1.1" 200 30
200.111.191.210 - - [05/Jun/2018:13:32:28 -0300] "GET /cormun/servlet/licenciaspermisos?INS,0,,, HTTP/1.1" 200 6780
192.168.10.96 - - [05/Jun/2018:13:32:28 -0300] "POST /cormun/servlet/solicitudot?gx-no-cache=1528216150903 HTTP/1.1" 200 34
200.111.191.210 - - [05/Jun/2018:13:32:28 -0300] "GET /cormun/servlet/licenciaspermisos?INS,0,,, HTTP/1.1" 200 6778
200.111.191.210 - - [05/Jun/2018:13:32:28 -0300] "GET /cormun/servlet/hlogin HTTP/1.1" 200 1749
186.67.203.186 - - [05/Jun/2018:13:32:32 -0300] "GET /cormun/servlet/solicitudot?6bbd77f8ffdcf207041978eb2aa7bd08987b5565cdfd0fa0b308e0f2fc2c31366f0d37aaa3f4125fd80ce9328aa82d8325a4b986563f22016468bb1c5ff240c7,gx-no-cache=1528216286972 HTTP/1.1" 200 30
186.67.203.186 - - [05/Jun/2018:13:32:40 -0300] "GET /cormun/servlet/prbanco?,MD,,gxPopupLevel%3D0%3B HTTP/1.1" 200 6637
200.111.191.210 - - [05/Jun/2018:13:32:40 -0300] "POST /cormun/servlet/hlogin?809721f23640444a28f512a75379c59c,gx-no-cache=1528216358496 HTTP/1.1" 200 90
200.111.191.210 - - [05/Jun/2018:13:32:40 -0300] "GET /cormun/servlet/hpexe_link HTTP/1.1" 200 968
200.111.191.210 - - [05/Jun/2018:13:32:40 -0300] "GET /cormun/servlet/licenciaspermisos?INS,0,,, HTTP/1.1" 200 7323
200.111.191.210 - - [05/Jun/2018:13:32:41 -0300] "GET /cormun/servlet/licenciaspermisos?INS,0,,, HTTP/1.1" 200 7322
186.67.203.186 - - [05/Jun/2018:13:32:47 -0300] "GET /cormun/servlet/solicitudot?6bbd77f8ffdcf207041978eb2aa7bd08ffc1d7dca0fc8c991118c501d1d57ad3,gx-no-cache=1528216302185 HTTP/1.1" 200 53
192.168.10.96 - - [05/Jun/2018:13:32:51 -0300] "POST /cormun/servlet/solicitudot?34b0b6bf89809ccc26d9040566cc19ef,INS,0,0,,gx-no-cache=1528216173604 HTTP/1.1" 200 93
192.168.10.96 - - [05/Jun/2018:13:32:51 -0300] "GET /cormun/servlet/hpexe_return? HTTP/1.1" 200 1006
192.168.10.96 - - [05/Jun/2018:13:32:51 -0300] "GET /cormun/servlet/trsolicitudot HTTP/1.1" 200 8646
192.168.10.96 - - [05/Jun/2018:13:32:51 -0300] "GET /cormun/servlet/trsolicitudot HTTP/1.1" 200 8642
192.168.10.96 - - [05/Jun/2018:13:32:53 -0300] "POST /cormun/servlet/trsolicitudot?34b0b6bf89809ccc26d9040566cc19ef,gx-no-cache=1528216175874 HTTP/1.1" 200 4513
192.168.10.96 - - [05/Jun/2018:13:32:53 -0300] "GET /cormun/static/Shared/jqueryui/images/ui-bg_highlight-soft_100_c6c2c8_1x100.png HTTP/1.1" 404 1117
192.168.10.96 - - [05/Jun/2018:13:32:53 -0300] "GET /cormun/static/Shared/jqueryui/images/ui-icons_82798d_256x240.png HTTP/1.1" 404 1089
192.168.10.96 - - [05/Jun/2018:13:32:53 -0300] "GET /cormun/static/Shared/jqueryui/images/ui-bg_flat_55_fafafa_40x100.png HTTP/1.1" 404 1097
192.168.10.96 - - [05/Jun/2018:13:32:53 -0300] "GET /cormun/static/Shared/jqueryui/images/ui-icons_8d78a5_256x240.png HTTP/1.1" 404 1089
192.168.10.96 - - [05/Jun/2018:13:32:53 -0300] "POST /cormun/servlet/trsolicitudot?34b0b6bf89809ccc26d9040566cc19ef,gx-no-cache=1528216176046 HTTP/1.1" 200 4267
200.111.191.210 - - [05/Jun/2018:13:32:55 -0300] "GET /cormun/servlet/licenciaspermisos?3fc48f8c4a11e35fed1f52b437c21833af4a9b206e3d9177fbd5c9147f62154093695db0fa263911a4078cf470c4a08d,gx-no-cache=1528216373376 HTTP/1.1" 200 106
200.111.191.210 - - [05/Jun/2018:13:32:55 -0300] "POST /cormun/servlet/licenciaspermisos?809721f23640444a28f512a75379c59c,INS,0,,,,gx-no-cache=1528216373460 HTTP/1.1" 200 4427
200.111.191.210 - - [05/Jun/2018:13:33:59 -0300] "GET /cormun/servlet/licenciaspermisos?3fc48f8c4a11e35fed1f52b437c21833552bf2dcbcfa21dfbe2f10cdadb741bfe49d290987683fb38df78dc0b84fba2ee144a02535e1d5b03b1cc1184b128b414eeb482b1b07b6900fd49cb065a0dd86ef609a57caf25da9b498daa8f3938ddc9cea7d6ac14c7ea701c223ee38269716e6d01f5880dfbd5bf27bf2c303c9f15125b2548a587af6ef6c88b89d294237767abd9145609c0bbe2037be60ca556eb8677b4cb52882279de1c3e9ea40bca38a85bd5a61d78fa4a427159da9bbdd2743a22958e27d8ec0366981ab40adf3417a3f68beb6066c75098c8e4101fc085f38,gx-no-cache=1528216436711 HTTP/1.1" 200 30
200.111.191.210 - - [05/Jun/2018:13:33:59 -0300] "GET /cormun/servlet/licenciaspermisos?3fc48f8c4a11e35fed1f52b437c21833758b53b9aa1da34bd2ab81b842aa9f50bb86e2e062cd4f001e659d133ac8cdcafa6398dce82bb5e89dd21c230d4285246211daa37530dc1d3d47d1ba449d33580f1a005395290cd97d464960aa73b68c88bd107a7495dc50685f68b3371dc69ec347d59cd597eb052d8ae0d30aeeb7689067538e7b8ee3baf11964e683f0a973b2cc7a4283fb2003f5ec4c690de5abf724209c682319b473de1c7999700240760db3b746d4094d46b1d9c8c947062a13fc7246eab3fbf1a4b3d1da91f3e16e83d09c4484d657fec69b04a0dae829c6e8,gx-no-cache=1528216436845 HTTP/1.1" 200 29
200.111.191.210 - - [05/Jun/2018:13:33:59 -0300] "POST /cormun/servlet/licenciaspermisos?809721f23640444a28f512a75379c59c,INS,0,,,,gx-no-cache=1528216436925 HTTP/1.1" 200 93
200.111.191.210 - - [05/Jun/2018:13:33:59 -0300] "GET /cormun/servlet/hpexe_return? HTTP/1.1" 200 1012
200.111.191.210 - - [05/Jun/2018:13:33:59 -0300] "GET /cormun/servlet/hhome HTTP/1.1" 200 3961
200.111.191.210 - - [05/Jun/2018:13:34:00 -0300] "GET /cormun/servlet/hhome HTTP/1.1" 200 3956
200.111.191.210 - - [05/Jun/2018:13:34:06 -0300] "GET /cormun/servlet/trlicencias? HTTP/1.1" 200 14832
200.111.191.210 - - [05/Jun/2018:13:34:06 -0300] "GET /cormun/servlet/trlicencias? HTTP/1.1" 200 14829
186.67.164.142 - - [05/Jun/2018:13:34:08 -0300] "GET /cormun/servlet/hlogin HTTP/1.1" 200 1718
200.111.191.210 - - [05/Jun/2018:13:34:09 -0300] "GET /cormun/servlet/alicenciaprn?17235429,L,20180605000000,PU HTTP/1.1" 200 1558
186.67.164.142 - - [05/Jun/2018:13:34:27 -0300] "POST /cormun/servlet/hlogin?28d65e4bde6fd836a41994e1644e911a,gx-no-cache=1528216405670 HTTP/1.1" 200 90
186.67.164.142 - - [05/Jun/2018:13:34:27 -0300] "GET /cormun/servlet/hpexe_link HTTP/1.1" 200 950
186.67.164.142 - - [05/Jun/2018:13:34:27 -0300] "GET /cormun/servlet/hhome HTTP/1.1" 200 4169
186.67.164.142 - - [05/Jun/2018:13:34:28 -0300] "GET /cormun/servlet/hhome HTTP/1.1" 200 4165
186.67.164.142 - - [05/Jun/2018:13:34:31 -0300] "GET /cormun/servlet/trautorizarsolicitud? HTTP/1.1" 200 8713
186.67.164.142 - - [05/Jun/2018:13:34:32 -0300] "GET /cormun/servlet/trautorizarsolicitud? HTTP/1.1" 200 8709
190.100.93.40 - - [05/Jun/2018:13:34:44 -0300] "GET /cormun/servlet/hlogin HTTP/1.1" 200 1721
190.100.93.40 - - [05/Jun/2018:13:34:44 -0300] "GET /cormun/servlet/hlogin HTTP/1.1" 200 1732
186.67.164.142 - - [05/Jun/2018:13:34:47 -0300] "POST /cormun/servlet/trautorizarsolicitud?28d65e4bde6fd836a41994e1644e911a,,gx-no-cache=1528216425575 HTTP/1.1" 200 4642
186.67.164.142 - - [05/Jun/2018:13:34:47 -0300] "GET /cormun/static/Shared/jqueryui/images/ui-bg_highlight-soft_100_c6c2c8_1x100.png HTTP/1.1" 404 1117
186.67.164.142 - - [05/Jun/2018:13:34:47 -0300] "GET /cormun/static/Shared/jqueryui/images/ui-icons_82798d_256x240.png HTTP/1.1" 404 1089
186.67.164.142 - - [05/Jun/2018:13:34:47 -0300] "GET /cormun/static/Shared/jqueryui/images/ui-icons_8d78a5_256x240.png HTTP/1.1" 404 1089
186.67.164.142 - - [05/Jun/2018:13:34:47 -0300] "GET /cormun/static/Shared/jqueryui/images/ui-bg_flat_55_fafafa_40x100.png HTTP/1.1" 404 1097
186.67.164.142 - - [05/Jun/2018:13:34:47 -0300] "POST /cormun/servlet/trautorizarsolicitud?28d65e4bde6fd836a41994e1644e911a,,gx-no-cache=1528216425894 HTTP/1.1" 200 4394
190.100.93.40 - - [05/Jun/2018:13:34:50 -0300] "GET /cormun/servlet/hlogin HTTP/1.1" 200 1721
190.100.93.40 - - [05/Jun/2018:13:34:52 -0300] "POST /cormun/servlet/hlogin?fbeb2ce80f7dc883f0487136e859aa69,gx-no-cache=1528216431015 HTTP/1.1" 200 90
190.100.93.40 - - [05/Jun/2018:13:34:52 -0300] "GET /cormun/servlet/hpexe_link HTTP/1.1" 200 952
190.100.93.40 - - [05/Jun/2018:13:34:52 -0300] "GET /cormun/servlet/hhome HTTP/1.1" 200 4349
190.100.93.40 - - [05/Jun/2018:13:34:53 -0300] "GET /cormun/servlet/hhome HTTP/1.1" 200 4346
190.100.93.40 - - [05/Jun/2018:13:34:58 -0300] "GET /cormun/servlet/trlicencias? HTTP/1.1" 200 12445
190.100.93.40 - - [05/Jun/2018:13:34:59 -0300] "GET /cormun/servlet/trlicencias? HTTP/1.1" 200 12444
190.151.100.218 - - [05/Jun/2018:13:35:26 -0300] "GET /cormun/servlet/trcontratounov2? HTTP/1.1" 200 7034
190.151.100.218 - - [05/Jun/2018:13:35:27 -0300] "GET /cormun/servlet/trcontratounov2? HTTP/1.1" 200 7028
190.151.100.218 - - [05/Jun/2018:13:35:33 -0300] "POST /cormun/servlet/trcontratounov2?8cb8f1c27b62d8a615725138825d496b,,gx-no-cache=1528216467606 HTTP/1.1" 200 4215
200.72.197.82 - - [05/Jun/2018:13:35:57 -0300] "GET /cormun/servlet/trvisualizadoreventos? HTTP/1.1" 200 6951
200.72.197.82 - - [05/Jun/2018:13:35:58 -0300] "GET /cormun/servlet/trvisualizadoreventos? HTTP/1.1" 200 6950
200.54.18.251 - - [05/Jun/2018:13:36:05 -0300] "POST /cormun/servlet/trvisualizadoreventos?8cb8f1c27b62d8a615725138825d496b,,gx-no-cache=1528216499589 HTTP/1.1" 200 4132
200.54.18.251 - - [05/Jun/2018:13:36:11 -0300] "POST /cormun/servlet/trvisualizadoreventos?8cb8f1c27b62d8a615725138825d496b,,gx-no-cache=1528216505852 HTTP/1.1" 200 5462
190.151.100.218 - - [05/Jun/2018:13:37:49 -0300] "GET /cormun/servlet/trsolicitudot? HTTP/1.1" 200 7407
190.151.100.218 - - [05/Jun/2018:13:37:50 -0300] "GET /cormun/servlet/trsolicitudot? HTTP/1.1" 200 7406
190.151.100.218 - - [05/Jun/2018:13:37:55 -0300] "GET /cormun/servlet/solicitudot?INS,0,0, HTTP/1.1" 200 13644
190.151.100.218 - - [05/Jun/2018:13:37:56 -0300] "GET /cormun/servlet/solicitudot?INS,0,0, HTTP/1.1" 200 13649
190.151.100.218 - - [05/Jun/2018:13:38:21 -0300] "GET /cormun/servlet/trfichaempleado? HTTP/1.1" 200 15148
200.111.191.210 - - [05/Jun/2018:13:40:54 -0300] "GET /cormun/servlet/trlicenciaspermisosadjuntos?17235429,20180605000000,L, HTTP/1.1" 200 6316
200.111.191.210 - - [05/Jun/2018:13:40:54 -0300] "GET /cormun/servlet/trlicenciaspermisosadjuntos?17235429,20180605000000,L, HTTP/1.1" 200 6317
200.111.191.210 - - [05/Jun/2018:13:40:56 -0300] "GET /cormun/servlet/licenciaspermisosadjuntos?INS,17235429,L,20180605000000,, HTTP/1.1" 200 5615
200.111.191.210 - - [05/Jun/2018:13:40:56 -0300] "GET /cormun/static/about:blank HTTP/1.1" 404 1011
200.111.191.210 - - [05/Jun/2018:13:40:56 -0300] "GET /cormun/servlet/licenciaspermisosadjuntos?INS,17235429,L,20180605000000,, HTTP/1.1" 200 5605
200.111.191.210 - - [05/Jun/2018:13:41:14 -0300] "POST /cormun/servlet/licenciaspermisosadjuntos?809721f23640444a28f512a75379c59c,INS,17235429,L,20180605000000,, HTTP/1.1" 200 116
200.111.191.210 - - [05/Jun/2018:13:41:14 -0300] "GET /cormun/servlet/hpexe_return? HTTP/1.1" 200 1043
200.111.191.210 - - [05/Jun/2018:13:41:14 -0300] "GET /cormun/servlet/trlicenciaspermisosadjuntos?17235429,20180605000000,L, HTTP/1.1" 200 6782
200.111.191.210 - - [05/Jun/2018:13:41:15 -0300] "GET /cormun/servlet/trlicenciaspermisosadjuntos?17235429,20180605000000,L, HTTP/1.1" 200 6778
200.111.191.210 - - [05/Jun/2018:13:41:17 -0300] "GET /cormun/servlet/trlicencias? HTTP/1.1" 200 14830
200.111.191.210 - - [05/Jun/2018:13:41:18 -0300] "GET /cormun/servlet/trlicencias? HTTP/1.1" 200 14829
200.111.191.210 - - [05/Jun/2018:13:41:20 -0300] "POST /cormun/servlet/trlicencias?809721f23640444a28f512a75379c59c,,gx-no-cache=1528216877931 HTTP/1.1" 200 12445
200.111.191.210 - - [05/Jun/2018:13:41:20 -0300] "GET /cormun/static/Shared/jqueryui/images/ui-bg_highlight-soft_100_c6c2c8_1x100.png HTTP/1.1" 404 1117
200.111.191.210 - - [05/Jun/2018:13:41:20 -0300] "GET /cormun/static/Shared/jqueryui/images/ui-bg_flat_55_fafafa_40x100.png HTTP/1.1" 404 1097
200.111.191.210 - - [05/Jun/2018:13:41:20 -0300] "GET /cormun/static/Shared/jqueryui/images/ui-icons_8d78a5_256x240.png HTTP/1.1" 404 1089
200.111.191.210 - - [05/Jun/2018:13:41:20 -0300] "GET /cormun/static/Shared/jqueryui/images/ui-icons_82798d_256x240.png HTTP/1.1" 404 1089
200.111.191.210 - - [05/Jun/2018:13:41:21 -0300] "GET /cormun/servlet/trlicenciaspermisosadjuntos?7713472,20180605000000,L, HTTP/1.1" 200 6307
200.111.191.210 - - [05/Jun/2018:13:41:22 -0300] "GET /cormun/servlet/trlicenciaspermisosadjuntos?7713472,20180605000000,L, HTTP/1.1" 200 6308
200.111.191.210 - - [05/Jun/2018:13:41:23 -0300] "GET /cormun/servlet/licenciaspermisosadjuntos?INS,7713472,L,20180605000000,, HTTP/1.1" 200 5607
200.111.191.210 - - [05/Jun/2018:13:41:23 -0300] "GET /cormun/static/about:blank HTTP/1.1" 404 1011
200.111.191.210 - - [05/Jun/2018:13:41:23 -0300] "GET /cormun/servlet/licenciaspermisosadjuntos?INS,7713472,L,20180605000000,, HTTP/1.1" 200 5597
200.111.191.210 - - [05/Jun/2018:13:41:31 -0300] "POST /cormun/servlet/licenciaspermisosadjuntos?809721f23640444a28f512a75379c59c,INS,7713472,L,20180605000000,, HTTP/1.1" 200 116
200.111.191.210 - - [05/Jun/2018:13:41:31 -0300] "GET /cormun/servlet/hpexe_return? HTTP/1.1" 200 1043
200.111.191.210 - - [05/Jun/2018:13:41:32 -0300] "GET /cormun/servlet/trlicenciaspermisosadjuntos?7713472,20180605000000,L, HTTP/1.1" 200 6768
200.111.191.210 - - [05/Jun/2018:13:41:32 -0300] "GET /cormun/servlet/trlicenciaspermisosadjuntos?7713472,20180605000000,L, HTTP/1.1" 200 6764
190.100.93.40 - - [05/Jun/2018:13:41:40 -0300] "GET /cormun/servlet/trpermisosgoce? HTTP/1.1" 200 9470
190.100.93.40 - - [05/Jun/2018:13:41:41 -0300] "GET /cormun/servlet/trpermisosgoce? HTTP/1.1" 200 9470
190.100.93.40 - - [05/Jun/2018:13:41:49 -0300] "GET /cormun/servlet/trpermisosadjuntos?10112993,20180531091626,P, HTTP/1.1" 200 6662
190.100.93.40 - - [05/Jun/2018:13:41:49 -0300] "GET /cormun/static/gxcfg.js?201762817193957 HTTP/1.1" 200 953
190.100.93.40 - - [05/Jun/2018:13:41:49 -0300] "GET /cormun/static/trpermisosadjuntos.js?201762817194366 HTTP/1.1" 200 20158
190.100.93.40 - - [05/Jun/2018:13:41:50 -0300] "GET /cormun/servlet/trpermisosadjuntos?10112993,20180531091626,P, HTTP/1.1" 200 6662
190.100.93.40 - - [05/Jun/2018:13:41:51 -0300] "GET /cormun/servlet/permisosadjuntos?INS,10112993,P,20180531091626,, HTTP/1.1" 200 5995
190.100.93.40 - - [05/Jun/2018:13:41:51 -0300] "GET /cormun/static/gxcfg.js?201762717441171 HTTP/1.1" 200 953
190.100.93.40 - - [05/Jun/2018:13:41:51 -0300] "GET /cormun/static/permisosadjuntos.js?201762717441184 HTTP/1.1" 200 8724
190.100.93.40 - - [05/Jun/2018:13:41:51 -0300] "GET /cormun/static/about:blank HTTP/1.1" 404 1011
190.100.93.40 - - [05/Jun/2018:13:41:52 -0300] "GET /cormun/servlet/permisosadjuntos?INS,10112993,P,20180531091626,, HTTP/1.1" 200 5985
190.100.93.40 - - [05/Jun/2018:13:42:03 -0300] "POST /cormun/servlet/permisosadjuntos?fbeb2ce80f7dc883f0487136e859aa69,INS,10112993,P,20180531091626,, HTTP/1.1" 200 116
190.100.93.40 - - [05/Jun/2018:13:42:03 -0300] "GET /cormun/servlet/hpexe_return? HTTP/1.1" 200 1038
190.100.93.40 - - [05/Jun/2018:13:42:03 -0300] "GET /cormun/servlet/trpermisosadjuntos?10112993,20180531091626,P, HTTP/1.1" 200 7204
190.100.93.40 - - [05/Jun/2018:13:42:04 -0300] "GET /cormun/servlet/trpermisosadjuntos?10112993,20180531091626,P, HTTP/1.1" 200 7201
190.100.93.40 - - [05/Jun/2018:13:42:07 -0300] "POST /cormun/servlet/trpermisosadjuntos?fbeb2ce80f7dc883f0487136e859aa69,10112993,20180531091626,P,,gx-no-cache=1528216866002 HTTP/1.1" 200 90
190.100.93.40 - - [05/Jun/2018:13:42:07 -0300] "GET /cormun/servlet/hpexe_link HTTP/1.1" 200 983
190.100.93.40 - - [05/Jun/2018:13:42:07 -0300] "GET /cormun/servlet/trpermisosgoce HTTP/1.1" 200 9471
190.100.93.40 - - [05/Jun/2018:13:42:07 -0300] "GET /cormun/servlet/trpermisosgoce HTTP/1.1" 200 9470
186.103.158.250 - - [05/Jun/2018:13:42:08 -0300] "GET /cormun/servlet/hlogin HTTP/1.1" 200 1723
186.103.158.250 - - [05/Jun/2018:13:42:09 -0300] "GET /cormun/static/gxtimezone.js?85251 HTTP/1.1" 200 5781
186.103.158.250 - - [05/Jun/2018:13:42:09 -0300] "GET /cormun/static/gxcfg.js?20175251213516 HTTP/1.1" 200 953
186.103.158.250 - - [05/Jun/2018:13:42:09 -0300] "GET /cormun/static/Resources/Spanish/PXTools.css?11423723 HTTP/1.1" 200 89042
186.103.158.250 - - [05/Jun/2018:13:42:09 -0300] "GET /cormun/static/Resources/ComunLogin.png HTTP/1.1" 200 17326
186.103.158.250 - - [05/Jun/2018:13:42:09 -0300] "GET /cormun/static/messages.spa.js?85251 HTTP/1.1" 200 30736
186.103.158.250 - - [05/Jun/2018:13:42:09 -0300] "GET /cormun/static/hlogin.js?20175251213537 HTTP/1.1" 200 2136
190.100.93.40 - - [05/Jun/2018:13:42:10 -0300] "GET /cormun/servlet/trpermisosadjuntos?9330247,20180531091602,P, HTTP/1.1" 200 6665
190.100.93.40 - - [05/Jun/2018:13:42:11 -0300] "GET /cormun/servlet/trpermisosadjuntos?9330247,20180531091602,P, HTTP/1.1" 200 6664
190.100.93.40 - - [05/Jun/2018:13:42:12 -0300] "GET /cormun/servlet/permisosadjuntos?INS,9330247,P,20180531091602,, HTTP/1.1" 200 5996
186.103.158.250 - - [05/Jun/2018:13:42:12 -0300] "GET /cormun/static/gxgral.js?85251 HTTP/1.1" 200 384558
190.100.93.40 - - [05/Jun/2018:13:42:13 -0300] "GET /cormun/static/about:blank HTTP/1.1" 404 1011
190.100.93.40 - - [05/Jun/2018:13:42:13 -0300] "GET /cormun/servlet/permisosadjuntos?INS,9330247,P,20180531091602,, HTTP/1.1" 200 5985
186.103.158.250 - - [05/Jun/2018:13:42:13 -0300] "GET /cormun/static/Resources/PXToolsLoginBottom.png HTTP/1.1" 200 1389
186.103.158.250 - - [05/Jun/2018:13:42:13 -0300] "GET /cormun/static/Resources/PXToolsLoginBackground.png HTTP/1.1" 200 1164
186.103.158.250 - - [05/Jun/2018:13:42:13 -0300] "GET /cormun/static/Resources/PXToolsButtonLeft21.png HTTP/1.1" 200 1287
186.103.158.250 - - [05/Jun/2018:13:42:13 -0300] "GET /cormun/static/Resources/PXToolsButtonRight21.png HTTP/1.1" 200 1283
186.103.158.250 - - [05/Jun/2018:13:42:13 -0300] "GET /cormun/static/Resources/PXToolsButtonBackground2.png HTTP/1.1" 200 1181
