186.103.157.246 - - [04/Jun/2018:12:31:46 -0300] "POST /cormun/servlet/licenciaspermisosadjuntos?539783589a06dc1eca1099e5aa5cccb7,INS,10209012,L,20180604000000,, HTTP/1.1" 200 116
186.103.157.246 - - [04/Jun/2018:12:31:46 -0300] "GET /cormun/servlet/hpexe_return? HTTP/1.1" 200 1048
186.103.157.246 - - [04/Jun/2018:12:31:46 -0300] "GET /cormun/servlet/trlicenciaspermisosadjuntos?10209012,20180604000000,L, HTTP/1.1" 200 6996
186.103.157.246 - - [04/Jun/2018:12:31:47 -0300] "GET /cormun/servlet/trlicenciaspermisosadjuntos?10209012,20180604000000,L, HTTP/1.1" 200 6991
186.103.158.250 - - [04/Jun/2018:12:31:47 -0300] "GET /cormun/servlet/solicitudotadjuntos?INS,2018,11611,,1, HTTP/1.1" 200 6247
186.103.158.250 - - [04/Jun/2018:12:31:48 -0300] "GET /cormun/static/about:blank HTTP/1.1" 404 1011
186.103.158.250 - - [04/Jun/2018:12:31:49 -0300] "GET /cormun/servlet/solicitudotadjuntos?INS,2018,11611,,1, HTTP/1.1" 200 6240
186.103.158.250 - - [04/Jun/2018:12:31:49 -0300] "GET /cormun/servlet/solicitudotadjuntos?eb3ae5526b15d4301fdd4c584db6c00131d255a3b5e7c8cda4db44f882e471857828a5277e5e3c2afaea779de5371881,gx-no-cache=1528126209643 HTTP/1.1" 200 30
186.103.158.250 - - [04/Jun/2018:12:31:49 -0300] "POST /cormun/servlet/solicitudotadjuntos?ec197b152abc9d90a9bb4d8f3ff3ced0,INS,2018,11611,,1,,gx-no-cache=1528126209715 HTTP/1.1" 200 3988
186.103.159.46 - - [04/Jun/2018:12:31:50 -0300] "POST /cormun/servlet/permisosadjuntos?c6b9ca0078bc45093b2eb4815e094153,INS,15126301,P,20180604085334,, HTTP/1.1" 200 116
186.103.159.46 - - [04/Jun/2018:12:31:50 -0300] "GET /cormun/servlet/hpexe_return? HTTP/1.1" 200 1038
186.103.159.46 - - [04/Jun/2018:12:31:50 -0300] "GET /cormun/servlet/trpermisosadjuntos?15126301,20180604085334,P, HTTP/1.1" 200 6775
186.103.159.46 - - [04/Jun/2018:12:31:52 -0300] "GET /cormun/servlet/trpermisosadjuntos?15126301,20180604085334,P, HTTP/1.1" 200 6770
186.103.158.250 - - [04/Jun/2018:12:31:57 -0300] "POST /cormun/servlet/solicitudotadjuntos?gx-no-cache=1528126217651 HTTP/1.1" 200 26
186.103.159.46 - - [04/Jun/2018:12:31:58 -0300] "GET /cormun/servlet/trpermisosgoce? HTTP/1.1" 200 12656
186.103.159.46 - - [04/Jun/2018:12:32:00 -0300] "GET /cormun/servlet/trpermisosgoce? HTTP/1.1" 200 12659
186.103.159.46 - - [04/Jun/2018:12:32:07 -0300] "POST /cormun/servlet/trpermisosgoce?c6b9ca0078bc45093b2eb4815e094153,,gx-no-cache=1528126263881 HTTP/1.1" 200 9714
186.103.159.46 - - [04/Jun/2018:12:32:07 -0300] "GET /cormun/static/Shared/jqueryui/images/ui-bg_highlight-soft_100_c6c2c8_1x100.png HTTP/1.1" 404 1117
186.103.159.46 - - [04/Jun/2018:12:32:07 -0300] "GET /cormun/static/Shared/jqueryui/images/ui-icons_82798d_256x240.png HTTP/1.1" 404 1089
186.103.159.46 - - [04/Jun/2018:12:32:08 -0300] "GET /cormun/static/Shared/jqueryui/images/ui-bg_flat_55_fafafa_40x100.png HTTP/1.1" 404 1097
186.103.159.46 - - [04/Jun/2018:12:32:08 -0300] "GET /cormun/static/Shared/jqueryui/images/ui-icons_8d78a5_256x240.png HTTP/1.1" 404 1089
186.103.158.250 - - [04/Jun/2018:12:32:09 -0300] "GET /cormun/servlet/solicitudotadjuntos?eb3ae5526b15d4301fdd4c584db6c00165b422bf725be98f451bccf6c35dff46,gx-no-cache=1528126229420 HTTP/1.1" 200 30
186.103.158.250 - - [04/Jun/2018:12:32:09 -0300] "GET /cormun/servlet/solicitudotadjuntos?eb3ae5526b15d4301fdd4c584db6c00165b422bf725be98f451bccf6c35dff46,gx-no-cache=1528126229545 HTTP/1.1" 200 30
186.103.158.250 - - [04/Jun/2018:12:32:10 -0300] "POST /cormun/servlet/solicitudotadjuntos?ec197b152abc9d90a9bb4d8f3ff3ced0,INS,2018,11611,,1, HTTP/1.1" 200 116
186.103.158.250 - - [04/Jun/2018:12:32:10 -0300] "GET /cormun/servlet/hpexe_return? HTTP/1.1" 200 1027
186.103.158.250 - - [04/Jun/2018:12:32:10 -0300] "GET /cormun/servlet/trsolicitudadjuntos?2018,11611, HTTP/1.1" 200 8937
186.103.158.250 - - [04/Jun/2018:12:32:12 -0300] "GET /cormun/servlet/trsolicitudadjuntos?2018,11611, HTTP/1.1" 200 8937
186.103.158.250 - - [04/Jun/2018:12:32:15 -0300] "GET /cormun/servlet/solicitudotadjuntos?INS,2018,11611,,1, HTTP/1.1" 200 6247
186.103.158.250 - - [04/Jun/2018:12:32:16 -0300] "GET /cormun/static/about:blank HTTP/1.1" 404 1011
186.103.158.250 - - [04/Jun/2018:12:32:16 -0300] "GET /cormun/servlet/solicitudotadjuntos?INS,2018,11611,,1, HTTP/1.1" 200 6240
186.103.158.250 - - [04/Jun/2018:12:32:17 -0300] "GET /cormun/servlet/solicitudotadjuntos?eb3ae5526b15d4301fdd4c584db6c00131d255a3b5e7c8cda4db44f882e471857828a5277e5e3c2afaea779de5371881,gx-no-cache=1528126237302 HTTP/1.1" 200 30
186.103.158.250 - - [04/Jun/2018:12:32:17 -0300] "POST /cormun/servlet/solicitudotadjuntos?ec197b152abc9d90a9bb4d8f3ff3ced0,INS,2018,11611,,1,,gx-no-cache=1528126237363 HTTP/1.1" 200 3988
186.103.158.250 - - [04/Jun/2018:12:32:30 -0300] "POST /cormun/servlet/solicitudotadjuntos?gx-no-cache=1528126250217 HTTP/1.1" 200 26
186.103.158.250 - - [04/Jun/2018:12:32:55 -0300] "GET /cormun/servlet/solicitudotadjuntos?eb3ae5526b15d4301fdd4c584db6c00165b422bf725be98f451bccf6c35dff46,gx-no-cache=1528126275460 HTTP/1.1" 200 30
186.103.158.250 - - [04/Jun/2018:12:32:55 -0300] "GET /cormun/servlet/solicitudotadjuntos?eb3ae5526b15d4301fdd4c584db6c00165b422bf725be98f451bccf6c35dff46,gx-no-cache=1528126275543 HTTP/1.1" 200 30
186.103.158.250 - - [04/Jun/2018:12:32:56 -0300] "POST /cormun/servlet/solicitudotadjuntos?ec197b152abc9d90a9bb4d8f3ff3ced0,INS,2018,11611,,1, HTTP/1.1" 200 116
186.103.158.250 - - [04/Jun/2018:12:32:56 -0300] "GET /cormun/servlet/hpexe_return? HTTP/1.1" 200 1027
186.103.158.250 - - [04/Jun/2018:12:32:57 -0300] "GET /cormun/servlet/trsolicitudadjuntos?2018,11611, HTTP/1.1" 200 9169
186.103.158.250 - - [04/Jun/2018:12:32:58 -0300] "GET /cormun/servlet/trsolicitudadjuntos?2018,11611, HTTP/1.1" 200 9167
186.103.158.250 - - [04/Jun/2018:12:33:11 -0300] "GET /cormun/servlet/solicitudotadjuntos?INS,2018,11611,,1, HTTP/1.1" 200 6245
186.103.158.250 - - [04/Jun/2018:12:33:11 -0300] "GET /cormun/static/about:blank HTTP/1.1" 404 1011
186.103.158.250 - - [04/Jun/2018:12:33:12 -0300] "GET /cormun/servlet/solicitudotadjuntos?INS,2018,11611,,1, HTTP/1.1" 200 6239
186.103.158.250 - - [04/Jun/2018:12:33:13 -0300] "GET /cormun/servlet/solicitudotadjuntos?eb3ae5526b15d4301fdd4c584db6c00131d255a3b5e7c8cda4db44f882e471857828a5277e5e3c2afaea779de5371881,gx-no-cache=1528126293398 HTTP/1.1" 200 30
186.103.158.250 - - [04/Jun/2018:12:33:13 -0300] "POST /cormun/servlet/solicitudotadjuntos?ec197b152abc9d90a9bb4d8f3ff3ced0,INS,2018,11611,,1,,gx-no-cache=1528126293454 HTTP/1.1" 200 3990
186.103.158.250 - - [04/Jun/2018:12:33:22 -0300] "POST /cormun/servlet/solicitudotadjuntos?gx-no-cache=1528126303037 HTTP/1.1" 200 26
186.103.158.250 - - [04/Jun/2018:12:33:33 -0300] "GET /cormun/servlet/solicitudotadjuntos?eb3ae5526b15d4301fdd4c584db6c00165b422bf725be98f451bccf6c35dff46,gx-no-cache=1528126313365 HTTP/1.1" 200 30
186.103.158.250 - - [04/Jun/2018:12:33:33 -0300] "GET /cormun/servlet/solicitudotadjuntos?eb3ae5526b15d4301fdd4c584db6c00165b422bf725be98f451bccf6c35dff46,gx-no-cache=1528126313410 HTTP/1.1" 200 30
186.103.158.250 - - [04/Jun/2018:12:33:33 -0300] "POST /cormun/servlet/solicitudotadjuntos?ec197b152abc9d90a9bb4d8f3ff3ced0,INS,2018,11611,,1, HTTP/1.1" 200 116
186.103.158.250 - - [04/Jun/2018:12:33:33 -0300] "GET /cormun/servlet/hpexe_return? HTTP/1.1" 200 1027
186.103.158.250 - - [04/Jun/2018:12:33:33 -0300] "GET /cormun/servlet/trsolicitudadjuntos?2018,11611, HTTP/1.1" 200 9385
186.103.158.250 - - [04/Jun/2018:12:33:35 -0300] "GET /cormun/servlet/trsolicitudadjuntos?2018,11611, HTTP/1.1" 200 9380
186.103.159.46 - - [04/Jun/2018:12:33:37 -0300] "GET /cormun/servlet/trpermisosadjuntos?9279275,20180604085648,P, HTTP/1.1" 200 6283
186.103.159.46 - - [04/Jun/2018:12:33:38 -0300] "GET /cormun/servlet/trpermisosadjuntos?9279275,20180604085648,P, HTTP/1.1" 200 6283
186.103.159.46 - - [04/Jun/2018:12:33:40 -0300] "GET /cormun/servlet/permisosadjuntos?INS,9279275,P,20180604085648,, HTTP/1.1" 200 5614
186.103.159.46 - - [04/Jun/2018:12:33:41 -0300] "GET /cormun/static/about:blank HTTP/1.1" 404 1011
186.103.159.46 - - [04/Jun/2018:12:33:42 -0300] "GET /cormun/servlet/permisosadjuntos?INS,9279275,P,20180604085648,, HTTP/1.1" 200 5604
186.103.158.250 - - [04/Jun/2018:12:33:45 -0300] "GET /cormun/servlet/solicitudotadjuntos?INS,2018,11611,,1, HTTP/1.1" 200 6246
186.103.158.250 - - [04/Jun/2018:12:33:46 -0300] "GET /cormun/static/about:blank HTTP/1.1" 404 1011
186.103.158.250 - - [04/Jun/2018:12:33:46 -0300] "GET /cormun/servlet/solicitudotadjuntos?INS,2018,11611,,1, HTTP/1.1" 200 6240
186.103.158.250 - - [04/Jun/2018:12:33:47 -0300] "GET /cormun/servlet/solicitudotadjuntos?eb3ae5526b15d4301fdd4c584db6c00131d255a3b5e7c8cda4db44f882e471857828a5277e5e3c2afaea779de5371881,gx-no-cache=1528126327440 HTTP/1.1" 200 30
186.103.158.250 - - [04/Jun/2018:12:33:47 -0300] "POST /cormun/servlet/solicitudotadjuntos?ec197b152abc9d90a9bb4d8f3ff3ced0,INS,2018,11611,,1,,gx-no-cache=1528126327493 HTTP/1.1" 200 3989
186.103.158.250 - - [04/Jun/2018:12:33:56 -0300] "POST /cormun/servlet/solicitudotadjuntos?gx-no-cache=1528126336509 HTTP/1.1" 200 26
186.103.159.46 - - [04/Jun/2018:12:33:57 -0300] "POST /cormun/servlet/permisosadjuntos?c6b9ca0078bc45093b2eb4815e094153,INS,9279275,P,20180604085648,, HTTP/1.1" 200 116
186.103.159.46 - - [04/Jun/2018:12:33:58 -0300] "GET /cormun/servlet/hpexe_return? HTTP/1.1" 200 1038
186.103.159.46 - - [04/Jun/2018:12:33:58 -0300] "GET /cormun/servlet/trpermisosadjuntos?9279275,20180604085648,P, HTTP/1.1" 200 6770
186.103.159.46 - - [04/Jun/2018:12:33:59 -0300] "GET /cormun/servlet/trpermisosadjuntos?9279275,20180604085648,P, HTTP/1.1" 200 6767
186.103.159.46 - - [04/Jun/2018:12:34:07 -0300] "GET /cormun/servlet/trpermisosgoce? HTTP/1.1" 200 12614
186.103.158.250 - - [04/Jun/2018:12:34:08 -0300] "GET /cormun/servlet/solicitudotadjuntos?eb3ae5526b15d4301fdd4c584db6c00165b422bf725be98f451bccf6c35dff46,gx-no-cache=1528126348852 HTTP/1.1" 200 30
186.103.158.250 - - [04/Jun/2018:12:34:08 -0300] "GET /cormun/servlet/solicitudotadjuntos?eb3ae5526b15d4301fdd4c584db6c00165b422bf725be98f451bccf6c35dff46,gx-no-cache=1528126348942 HTTP/1.1" 200 30
186.103.158.250 - - [04/Jun/2018:12:34:09 -0300] "POST /cormun/servlet/solicitudotadjuntos?ec197b152abc9d90a9bb4d8f3ff3ced0,INS,2018,11611,,1, HTTP/1.1" 200 116
186.103.159.46 - - [04/Jun/2018:12:34:09 -0300] "GET /cormun/servlet/trpermisosgoce? HTTP/1.1" 200 12607
186.103.158.250 - - [04/Jun/2018:12:34:10 -0300] "GET /cormun/servlet/hpexe_return? HTTP/1.1" 200 1027
186.103.158.250 - - [04/Jun/2018:12:34:10 -0300] "GET /cormun/servlet/trsolicitudadjuntos?2018,11611, HTTP/1.1" 200 9596
186.103.158.250 - - [04/Jun/2018:12:34:11 -0300] "GET /cormun/servlet/trsolicitudadjuntos?2018,11611, HTTP/1.1" 200 9594
186.103.159.46 - - [04/Jun/2018:12:34:21 -0300] "POST /cormun/servlet/trpermisosgoce?c6b9ca0078bc45093b2eb4815e094153,,gx-no-cache=1528126397922 HTTP/1.1" 200 9663
186.103.159.46 - - [04/Jun/2018:12:34:21 -0300] "GET /cormun/static/Shared/jqueryui/images/ui-bg_highlight-soft_100_c6c2c8_1x100.png HTTP/1.1" 404 1117
186.103.159.46 - - [04/Jun/2018:12:34:21 -0300] "GET /cormun/static/Shared/jqueryui/images/ui-icons_82798d_256x240.png HTTP/1.1" 404 1089
186.103.159.46 - - [04/Jun/2018:12:34:21 -0300] "GET /cormun/static/Shared/jqueryui/images/ui-bg_flat_55_fafafa_40x100.png HTTP/1.1" 404 1097
186.103.159.46 - - [04/Jun/2018:12:34:21 -0300] "GET /cormun/static/Shared/jqueryui/images/ui-icons_8d78a5_256x240.png HTTP/1.1" 404 1089
186.103.158.250 - - [04/Jun/2018:12:35:40 -0300] "GET /cormun/servlet/solicitudotadjuntos?INS,2018,11611,,1, HTTP/1.1" 200 6247
186.103.158.250 - - [04/Jun/2018:12:35:41 -0300] "GET /cormun/static/about:blank HTTP/1.1" 404 1011
186.103.158.250 - - [04/Jun/2018:12:35:42 -0300] "GET /cormun/servlet/solicitudotadjuntos?INS,2018,11611,,1, HTTP/1.1" 200 6240
186.103.158.250 - - [04/Jun/2018:12:35:42 -0300] "GET /cormun/servlet/solicitudotadjuntos?eb3ae5526b15d4301fdd4c584db6c00131d255a3b5e7c8cda4db44f882e471857828a5277e5e3c2afaea779de5371881,gx-no-cache=1528126442898 HTTP/1.1" 200 30
186.103.158.250 - - [04/Jun/2018:12:35:42 -0300] "POST /cormun/servlet/solicitudotadjuntos?ec197b152abc9d90a9bb4d8f3ff3ced0,INS,2018,11611,,1,,gx-no-cache=1528126442997 HTTP/1.1" 200 3988
186.103.158.250 - - [04/Jun/2018:12:35:51 -0300] "POST /cormun/servlet/solicitudotadjuntos?gx-no-cache=1528126451771 HTTP/1.1" 200 26
40.77.167.29 - - [04/Jun/2018:12:35:54 -0300] "GET /cormun/servlet/hhome HTTP/1.1" 200 3456
186.103.158.250 - - [04/Jun/2018:12:36:02 -0300] "GET /cormun/servlet/solicitudotadjuntos?eb3ae5526b15d4301fdd4c584db6c00165b422bf725be98f451bccf6c35dff46,gx-no-cache=1528126462493 HTTP/1.1" 200 30
186.103.158.250 - - [04/Jun/2018:12:36:02 -0300] "GET /cormun/servlet/solicitudotadjuntos?eb3ae5526b15d4301fdd4c584db6c00165b422bf725be98f451bccf6c35dff46,gx-no-cache=1528126462526 HTTP/1.1" 200 30
186.103.158.250 - - [04/Jun/2018:12:36:02 -0300] "POST /cormun/servlet/solicitudotadjuntos?ec197b152abc9d90a9bb4d8f3ff3ced0,INS,2018,11611,,1, HTTP/1.1" 200 116
186.103.158.250 - - [04/Jun/2018:12:36:02 -0300] "GET /cormun/servlet/hpexe_return? HTTP/1.1" 200 1027
186.103.158.250 - - [04/Jun/2018:12:36:03 -0300] "GET /cormun/servlet/trsolicitudadjuntos?2018,11611, HTTP/1.1" 200 9858
186.103.158.250 - - [04/Jun/2018:12:36:04 -0300] "GET /cormun/servlet/trsolicitudadjuntos?2018,11611, HTTP/1.1" 200 9855
40.77.167.136 - - [04/Jun/2018:12:36:12 -0300] "GET /cormun/static/Resources/PXToolsDataTitle.png HTTP/1.1" 200 1173
40.77.167.136 - - [04/Jun/2018:12:36:13 -0300] "GET /cormun/static/gxpopupSD.js?85251 HTTP/1.1" 200 22377
40.77.167.136 - - [04/Jun/2018:12:36:13 -0300] "GET /cormun/static/rijndaelSD.js?85251 HTTP/1.1" 200 6763
40.77.167.173 - - [04/Jun/2018:12:36:16 -0300] "GET /cormun/static/PXToolsJavascripts/pexe_menus.js HTTP/1.1" 200 1286
40.77.167.173 - - [04/Jun/2018:12:36:18 -0300] "GET /cormun/static/PXToolsJavascripts/pexe_oavdivfix.js HTTP/1.1" 200 639
40.77.167.173 - - [04/Jun/2018:12:36:18 -0300] "GET /cormun/static/gxgralSD.js?85251 HTTP/1.1" 200 20927
40.77.167.173 - - [04/Jun/2018:12:36:19 -0300] "GET /cormun/static/gxtypesSD.js?85251 HTTP/1.1" 200 24551
40.77.167.173 - - [04/Jun/2018:12:36:20 -0300] "GET /cormun/static/gxapiSD.js?85251 HTTP/1.1" 200 78773
186.103.158.250 - - [04/Jun/2018:12:36:42 -0300] "GET /cormun/servlet/trautorizarsolicitud? HTTP/1.1" 200 7323
186.103.158.250 - - [04/Jun/2018:12:36:43 -0300] "GET /cormun/servlet/trautorizarsolicitud? HTTP/1.1" 200 7310
186.103.159.46 - - [04/Jun/2018:12:36:57 -0300] "POST /cormun/servlet/trautorizarpermisogoce?26fdf9b580326333419419cf3f6c8b3e,,gx-no-cache=1528126554262 HTTP/1.1" 440 972
186.103.158.250 - - [04/Jun/2018:12:37:17 -0300] "GET /cormun/servlet/trautorizarsolicitud? HTTP/1.1" 200 7310
186.103.158.250 - - [04/Jun/2018:12:37:19 -0300] "GET /cormun/servlet/trautorizarsolicitud? HTTP/1.1" 200 7310
186.103.157.246 - - [04/Jun/2018:12:37:28 -0300] "GET /cormun/servlet/trlicencias? HTTP/1.1" 200 12638
186.103.157.246 - - [04/Jun/2018:12:37:29 -0300] "GET /cormun/servlet/trlicencias? HTTP/1.1" 200 12636
186.103.158.250 - - [04/Jun/2018:12:37:35 -0300] "GET /cormun/servlet/trcontratounov2? HTTP/1.1" 200 17561
186.103.158.250 - - [04/Jun/2018:12:37:36 -0300] "GET /cormun/servlet/trcontratounov2? HTTP/1.1" 200 17563
207.46.13.231 - - [04/Jun/2018:12:37:42 -0300] "GET /cormun/static/JavaScripTableSD.js?85251 HTTP/1.1" 200 25100
207.46.13.231 - - [04/Jun/2018:12:37:42 -0300] "GET /cormun/static/gxcfg.js?85251 HTTP/1.1" 200 953
207.46.13.231 - - [04/Jun/2018:12:37:43 -0300] "GET /cormun/static/gxfrmutlSD.js?85251 HTTP/1.1" 200 89044
207.46.13.231 - - [04/Jun/2018:12:37:44 -0300] "GET /cormun/static/gxhtmlSD.js?85251 HTTP/1.1" 200 50424
207.46.13.231 - - [04/Jun/2018:12:37:45 -0300] "GET /cormun/static/gxgridSD.js?85251 HTTP/1.1" 200 50735
207.46.13.231 - - [04/Jun/2018:12:37:46 -0300] "GET /cormun/static/hhome.js?20175251212450 HTTP/1.1" 200 777
186.103.157.246 - - [04/Jun/2018:12:37:53 -0300] "POST /cormun/servlet/trlicencias?539783589a06dc1eca1099e5aa5cccb7,,gx-no-cache=1528126589530 HTTP/1.1" 500 10
186.103.159.46 - - [04/Jun/2018:12:38:02 -0300] "GET /cormun/servlet/hlogin HTTP/1.1" 200 1727
186.103.159.46 - - [04/Jun/2018:12:38:13 -0300] "POST /cormun/servlet/hlogin?e503af1a4bbe4cc6ba25caf2151273c5,gx-no-cache=1528126630372 HTTP/1.1" 200 90
186.103.159.46 - - [04/Jun/2018:12:38:13 -0300] "GET /cormun/servlet/hpexe_link HTTP/1.1" 200 955
186.103.159.46 - - [04/Jun/2018:12:38:13 -0300] "GET /cormun/servlet/hhome HTTP/1.1" 200 4131
186.103.159.46 - - [04/Jun/2018:12:38:18 -0300] "GET /cormun/servlet/hhome HTTP/1.1" 200 4127
186.103.159.46 - - [04/Jun/2018:12:38:22 -0300] "GET /cormun/servlet/trautorizarpermisogoce? HTTP/1.1" 200 9392
186.67.164.142 - - [04/Jun/2018:12:38:22 -0300] "POST /cormun/servlet/trlicencias?d3c239784ae817f8c35c0adf7222e8da,gx-no-cache=1528126639183 HTTP/1.1" 200 11230
186.103.159.46 - - [04/Jun/2018:12:38:24 -0300] "GET /cormun/servlet/trautorizarpermisogoce? HTTP/1.1" 200 9390
186.103.159.46 - - [04/Jun/2018:12:38:42 -0300] "POST /cormun/servlet/trautorizarpermisogoce?e503af1a4bbe4cc6ba25caf2151273c5,,gx-no-cache=1528126659298 HTTP/1.1" 200 130
186.103.159.46 - - [04/Jun/2018:12:38:42 -0300] "GET /cormun/servlet/licenciaspermisoslog?INS,9279275,P,20180604085758,0,NU, HTTP/1.1" 200 6027
186.103.159.46 - - [04/Jun/2018:12:38:42 -0300] "GET /cormun/static/gxcfg.js?20176272055931 HTTP/1.1" 200 953
186.103.159.46 - - [04/Jun/2018:12:38:42 -0300] "GET /cormun/static/licenciaspermisoslog.js?20176272055944 HTTP/1.1" 200 9271
186.103.159.46 - - [04/Jun/2018:12:38:42 -0300] "GET /cormun/servlet/licenciaspermisoslog?INS,9279275,P,20180604085758,0,NU, HTTP/1.1" 200 6027
157.55.39.12 - - [04/Jun/2018:12:38:44 -0300] "GET /robots.txt HTTP/1.1" 404 981
186.103.159.46 - - [04/Jun/2018:12:39:08 -0300] "GET /cormun/servlet/licenciaspermisoslog?8e4a2c25f97dc19c263b54fb9c2ce6304e6d606c87fa3775d36d5a591fde7756cb8176feea6f71ef5159c0f1538abc176a8fdd720bb49a96d2f2d12f9fbc904f2614f784fe2f52a2779c83cf3fa52abab3f64d1e7c68b44eb0103bc0b533bf48,gx-no-cache=1528126686043 HTTP/1.1" 200 120
186.103.159.46 - - [04/Jun/2018:12:39:08 -0300] "GET /cormun/static/Shared/jqueryui/images/ui-bg_highlight-soft_100_c6c2c8_1x100.png HTTP/1.1" 404 1117
186.103.159.46 - - [04/Jun/2018:12:39:08 -0300] "GET /cormun/static/Shared/jqueryui/images/ui-icons_82798d_256x240.png HTTP/1.1" 404 1089
186.103.159.46 - - [04/Jun/2018:12:39:08 -0300] "GET /cormun/static/Shared/jqueryui/images/ui-bg_flat_55_994d53_40x100.png HTTP/1.1" 404 1097
186.103.159.46 - - [04/Jun/2018:12:39:08 -0300] "GET /cormun/static/Shared/jqueryui/images/ui-icons_ebccce_256x240.png HTTP/1.1" 404 1089
186.103.159.46 - - [04/Jun/2018:12:39:08 -0300] "GET /cormun/servlet/licenciaspermisoslog?8e4a2c25f97dc19c263b54fb9c2ce6304e6d606c87fa3775d36d5a591fde7756cb8176feea6f71ef5159c0f1538abc176a8fdd720bb49a96d2f2d12f9fbc904f2614f784fe2f52a2779c83cf3fa52abab3f64d1e7c68b44eb0103bc0b533bf48,gx-no-cache=1528126686244 HTTP/1.1" 200 120
186.103.159.46 - - [04/Jun/2018:12:39:09 -0300] "POST /cormun/servlet/licenciaspermisoslog?e503af1a4bbe4cc6ba25caf2151273c5,INS,9279275,P,20180604085758,0,NU,,gx-no-cache=1528126686281 HTTP/1.1" 200 93
186.103.159.46 - - [04/Jun/2018:12:39:09 -0300] "GET /cormun/servlet/hpexe_return? HTTP/1.1" 200 1049
186.103.159.46 - - [04/Jun/2018:12:39:09 -0300] "GET /cormun/static/gxcfg.js?2016101716175148 HTTP/1.1" 200 953
186.103.159.46 - - [04/Jun/2018:12:39:09 -0300] "GET /cormun/static/Resources/Spanish/PXTools.css?167811 HTTP/1.1" 200 89042
186.103.159.46 - - [04/Jun/2018:12:39:09 -0300] "GET /cormun/servlet/trautorizarpermisogoce HTTP/1.1" 200 9227
186.103.159.46 - - [04/Jun/2018:12:39:10 -0300] "GET /cormun/servlet/trautorizarpermisogoce HTTP/1.1" 200 9222
186.103.159.46 - - [04/Jun/2018:12:39:16 -0300] "POST /cormun/servlet/trautorizarpermisogoce?e503af1a4bbe4cc6ba25caf2151273c5,gx-no-cache=1528126693991 HTTP/1.1" 200 129
186.103.159.46 - - [04/Jun/2018:12:39:16 -0300] "GET /cormun/servlet/licenciaspermisoslog?INS,9999971,P,20180604085931,0,NU, HTTP/1.1" 200 6022
186.103.159.46 - - [04/Jun/2018:12:39:17 -0300] "GET /cormun/servlet/licenciaspermisoslog?INS,9999971,P,20180604085931,0,NU, HTTP/1.1" 200 6024
186.103.159.46 - - [04/Jun/2018:12:39:32 -0300] "GET /cormun/servlet/licenciaspermisoslog?8e4a2c25f97dc19c263b54fb9c2ce630fe0e58df41c5f968ff2a9b59359c7f60cb8176feea6f71ef5159c0f1538abc176a8fdd720bb49a96d2f2d12f9fbc904f2614f784fe2f52a2779c83cf3fa52abace9efdfea70967bc06a2d61550ebc427,gx-no-cache=1528126710001 HTTP/1.1" 200 120
186.103.159.46 - - [04/Jun/2018:12:39:32 -0300] "GET /cormun/static/Shared/jqueryui/images/ui-bg_highlight-soft_100_c6c2c8_1x100.png HTTP/1.1" 404 1117
186.103.159.46 - - [04/Jun/2018:12:39:32 -0300] "GET /cormun/static/Shared/jqueryui/images/ui-icons_82798d_256x240.png HTTP/1.1" 404 1089
186.103.159.46 - - [04/Jun/2018:12:39:32 -0300] "GET /cormun/static/Shared/jqueryui/images/ui-bg_flat_55_994d53_40x100.png HTTP/1.1" 404 1097
186.103.159.46 - - [04/Jun/2018:12:39:32 -0300] "GET /cormun/static/Shared/jqueryui/images/ui-icons_ebccce_256x240.png HTTP/1.1" 404 1089
186.103.159.46 - - [04/Jun/2018:12:39:32 -0300] "GET /cormun/servlet/licenciaspermisoslog?8e4a2c25f97dc19c263b54fb9c2ce630fe0e58df41c5f968ff2a9b59359c7f60cb8176feea6f71ef5159c0f1538abc176a8fdd720bb49a96d2f2d12f9fbc904f2614f784fe2f52a2779c83cf3fa52abace9efdfea70967bc06a2d61550ebc427,gx-no-cache=1528126710071 HTTP/1.1" 200 120
186.103.159.46 - - [04/Jun/2018:12:39:32 -0300] "POST /cormun/servlet/licenciaspermisoslog?e503af1a4bbe4cc6ba25caf2151273c5,INS,9999971,P,20180604085931,0,NU,,gx-no-cache=1528126710123 HTTP/1.1" 200 93
186.103.159.46 - - [04/Jun/2018:12:39:32 -0300] "GET /cormun/servlet/hpexe_return? HTTP/1.1" 200 1048
186.103.159.46 - - [04/Jun/2018:12:39:33 -0300] "GET /cormun/servlet/trautorizarpermisogoce HTTP/1.1" 200 9075
186.103.159.46 - - [04/Jun/2018:12:39:33 -0300] "GET /cormun/servlet/trautorizarpermisogoce HTTP/1.1" 200 9071
186.103.159.46 - - [04/Jun/2018:12:40:02 -0300] "POST /cormun/servlet/trpermisosgoce?c6b9ca0078bc45093b2eb4815e094153,,gx-no-cache=1528126739743 HTTP/1.1" 200 9651
186.103.159.46 - - [04/Jun/2018:12:40:16 -0300] "POST /cormun/servlet/trpermisosgoce?c6b9ca0078bc45093b2eb4815e094153,,gx-no-cache=1528126753161 HTTP/1.1" 200 9651
186.103.159.46 - - [04/Jun/2018:12:40:28 -0300] "GET /cormun/servlet/trpermisosadjuntos?9279275,20180604085758,P, HTTP/1.1" 200 6283
186.103.159.46 - - [04/Jun/2018:12:40:29 -0300] "GET /cormun/servlet/trpermisosadjuntos?9279275,20180604085758,P, HTTP/1.1" 200 6283
186.103.159.46 - - [04/Jun/2018:12:40:32 -0300] "GET /cormun/servlet/permisosadjuntos?INS,9279275,P,20180604085758,, HTTP/1.1" 200 5614
186.103.159.46 - - [04/Jun/2018:12:40:32 -0300] "GET /cormun/static/about:blank HTTP/1.1" 404 1011
186.103.159.46 - - [04/Jun/2018:12:40:33 -0300] "GET /cormun/servlet/permisosadjuntos?INS,9279275,P,20180604085758,, HTTP/1.1" 200 5603
186.103.159.46 - - [04/Jun/2018:12:40:48 -0300] "POST /cormun/servlet/permisosadjuntos?c6b9ca0078bc45093b2eb4815e094153,INS,9279275,P,20180604085758,, HTTP/1.1" 200 116
186.103.159.46 - - [04/Jun/2018:12:40:49 -0300] "GET /cormun/servlet/hpexe_return? HTTP/1.1" 200 1038
186.103.159.46 - - [04/Jun/2018:12:40:49 -0300] "GET /cormun/servlet/trpermisosadjuntos?9279275,20180604085758,P, HTTP/1.1" 200 6775
186.103.159.46 - - [04/Jun/2018:12:40:50 -0300] "GET /cormun/servlet/trpermisosadjuntos?9279275,20180604085758,P, HTTP/1.1" 200 6774
186.103.159.46 - - [04/Jun/2018:12:40:55 -0300] "GET /cormun/servlet/trpermisosgoce? HTTP/1.1" 200 12551
186.103.159.46 - - [04/Jun/2018:12:40:57 -0300] "GET /cormun/servlet/trpermisosgoce? HTTP/1.1" 200 12546
186.103.159.46 - - [04/Jun/2018:12:41:20 -0300] "GET /cormun/servlet/trpermisosadjuntos?9999971,20180604085931,P, HTTP/1.1" 200 6281
186.103.159.46 - - [04/Jun/2018:12:41:22 -0300] "GET /cormun/servlet/trpermisosadjuntos?9999971,20180604085931,P, HTTP/1.1" 200 6280
186.103.159.46 - - [04/Jun/2018:12:41:28 -0300] "GET /cormun/servlet/permisosadjuntos?INS,9999971,P,20180604085931,, HTTP/1.1" 200 5612
186.103.159.46 - - [04/Jun/2018:12:41:28 -0300] "GET /cormun/static/about:blank HTTP/1.1" 404 1011
186.103.159.46 - - [04/Jun/2018:12:41:29 -0300] "GET /cormun/servlet/permisosadjuntos?INS,9999971,P,20180604085931,, HTTP/1.1" 200 5602
186.103.158.250 - - [04/Jun/2018:12:41:51 -0300] "GET /cormun/servlet/hlogin HTTP/1.1" 200 1720
186.103.159.46 - - [04/Jun/2018:12:42:06 -0300] "POST /cormun/servlet/permisosadjuntos?c6b9ca0078bc45093b2eb4815e094153,INS,9999971,P,20180604085931,, HTTP/1.1" 200 116
186.103.159.46 - - [04/Jun/2018:12:42:06 -0300] "GET /cormun/servlet/hpexe_return? HTTP/1.1" 200 1036
186.103.159.46 - - [04/Jun/2018:12:42:07 -0300] "GET /cormun/servlet/trpermisosadjuntos?9999971,20180604085931,P, HTTP/1.1" 200 6777
186.103.159.46 - - [04/Jun/2018:12:42:08 -0300] "GET /cormun/servlet/trpermisosadjuntos?9999971,20180604085931,P, HTTP/1.1" 200 6773
186.103.159.46 - - [04/Jun/2018:12:42:11 -0300] "GET /cormun/servlet/trpermisosgoce? HTTP/1.1" 200 12547
186.103.158.250 - - [04/Jun/2018:12:42:12 -0300] "POST /cormun/servlet/hlogin?ec197b152abc9d90a9bb4d8f3ff3ced0,gx-no-cache=1528126832565 HTTP/1.1" 200 90
186.103.158.250 - - [04/Jun/2018:12:42:12 -0300] "GET /cormun/servlet/hpexe_link HTTP/1.1" 200 952
186.103.158.250 - - [04/Jun/2018:12:42:12 -0300] "GET /cormun/servlet/hhome HTTP/1.1" 200 3960
186.103.159.46 - - [04/Jun/2018:12:42:13 -0300] "GET /cormun/servlet/trpermisosgoce? HTTP/1.1" 200 12546
186.103.158.250 - - [04/Jun/2018:12:42:14 -0300] "GET /cormun/servlet/hhome HTTP/1.1" 200 3956
186.103.158.250 - - [04/Jun/2018:12:42:21 -0300] "GET /cormun/servlet/trvisualizadoreventos? HTTP/1.1" 200 6693
186.103.158.250 - - [04/Jun/2018:12:42:21 -0300] "GET /cormun/static/gxcfg.js?20175251251426 HTTP/1.1" 200 953
186.103.158.250 - - [04/Jun/2018:12:42:21 -0300] "GET /cormun/static/trvisualizadoreventos.js?20175251251768 HTTP/1.1" 200 19318
186.103.158.250 - - [04/Jun/2018:12:42:22 -0300] "GET /cormun/static/Resources/PXToolsActionPrint.png HTTP/1.1" 200 3317
186.103.159.46 - - [04/Jun/2018:12:42:22 -0300] "GET /cormun/servlet/trpermisosadjuntos?9279275,20180604085758,P, HTTP/1.1" 200 6772
186.103.158.250 - - [04/Jun/2018:12:42:22 -0300] "GET /cormun/servlet/trvisualizadoreventos? HTTP/1.1" 200 6692
186.103.159.46 - - [04/Jun/2018:12:42:24 -0300] "GET /cormun/servlet/trpermisosadjuntos?9279275,20180604085758,P, HTTP/1.1" 200 6774
186.103.158.250 - - [04/Jun/2018:12:42:34 -0300] "GET /cormun/servlet/hlogin HTTP/1.1" 200 1720
186.103.159.46 - - [04/Jun/2018:12:42:34 -0300] "GET /cormun/servlet/trpermisosgoce? HTTP/1.1" 200 12551
186.103.159.46 - - [04/Jun/2018:12:42:35 -0300] "GET /cormun/servlet/trpermisosgoce? HTTP/1.1" 200 12546
186.103.159.46 - - [04/Jun/2018:12:42:44 -0300] "GET /cormun/servlet/trpermisosadjuntos?10481995,20180529160642,P, HTTP/1.1" 200 6782
186.103.159.46 - - [04/Jun/2018:12:42:45 -0300] "GET /cormun/servlet/trpermisosadjuntos?10481995,20180529160642,P, HTTP/1.1" 200 6782
186.103.159.46 - - [04/Jun/2018:12:42:50 -0300] "GET /cormun/servlet/trpermisosgoce? HTTP/1.1" 200 12547
186.103.159.46 - - [04/Jun/2018:12:42:51 -0300] "GET /cormun/servlet/trpermisosgoce? HTTP/1.1" 200 12546
186.103.158.250 - - [04/Jun/2018:12:42:59 -0300] "POST /cormun/servlet/hlogin?ec197b152abc9d90a9bb4d8f3ff3ced0,gx-no-cache=1528126879828 HTTP/1.1" 200 90
186.103.158.250 - - [04/Jun/2018:12:42:59 -0300] "GET /cormun/servlet/hpexe_link HTTP/1.1" 200 952
186.103.158.250 - - [04/Jun/2018:12:43:00 -0300] "GET /cormun/servlet/hhome HTTP/1.1" 200 4196
186.103.158.250 - - [04/Jun/2018:12:43:01 -0300] "GET /cormun/servlet/hhome HTTP/1.1" 200 4192
186.103.159.46 - - [04/Jun/2018:12:43:03 -0300] "POST /cormun/servlet/trpermisosgoce?c6b9ca0078bc45093b2eb4815e094153,,gx-no-cache=1528126920754 HTTP/1.1" 200 9690
186.103.159.46 - - [04/Jun/2018:12:43:04 -0300] "GET /cormun/static/Shared/jqueryui/images/ui-bg_highlight-soft_100_c6c2c8_1x100.png HTTP/1.1" 404 1117
186.103.159.46 - - [04/Jun/2018:12:43:04 -0300] "GET /cormun/static/Shared/jqueryui/images/ui-icons_82798d_256x240.png HTTP/1.1" 404 1089
186.103.159.46 - - [04/Jun/2018:12:43:04 -0300] "GET /cormun/static/Shared/jqueryui/images/ui-bg_flat_55_fafafa_40x100.png HTTP/1.1" 404 1097
186.103.159.46 - - [04/Jun/2018:12:43:04 -0300] "GET /cormun/static/Shared/jqueryui/images/ui-icons_8d78a5_256x240.png HTTP/1.1" 404 1089
186.103.159.46 - - [04/Jun/2018:12:43:12 -0300] "GET /cormun/servlet/trpermisosadjuntos?9999971,20180604085931,P, HTTP/1.1" 200 6774
186.103.158.250 - - [04/Jun/2018:12:43:13 -0300] "GET /cormun/servlet/trsolicitudot? HTTP/1.1" 200 8753
186.103.159.46 - - [04/Jun/2018:12:43:14 -0300] "GET /cormun/servlet/trpermisosadjuntos?9999971,20180604085931,P, HTTP/1.1" 200 6773
186.103.158.250 - - [04/Jun/2018:12:43:14 -0300] "GET /cormun/servlet/trsolicitudot? HTTP/1.1" 200 8751
186.103.159.46 - - [04/Jun/2018:12:43:20 -0300] "GET /cormun/servlet/trpermisosgoce? HTTP/1.1" 200 12547
186.103.159.46 - - [04/Jun/2018:12:43:22 -0300] "GET /cormun/servlet/trpermisosgoce? HTTP/1.1" 200 12546
186.103.158.250 - - [04/Jun/2018:12:43:29 -0300] "POST /cormun/servlet/trsolicitudot?ec197b152abc9d90a9bb4d8f3ff3ced0,,gx-no-cache=1528126909479 HTTP/1.1" 200 107
186.103.158.250 - - [04/Jun/2018:12:43:29 -0300] "GET /cormun/servlet/trsolicitudadjuntos?2018,11611, HTTP/1.1" 200 9853
186.103.158.250 - - [04/Jun/2018:12:43:31 -0300] "GET /cormun/servlet/trsolicitudadjuntos?2018,11611, HTTP/1.1" 200 9859
186.103.158.250 - - [04/Jun/2018:12:43:35 -0300] "GET /cormun/servlet/trsolicitudot? HTTP/1.1" 200 8753
186.103.158.250 - - [04/Jun/2018:12:43:37 -0300] "GET /cormun/servlet/trsolicitudot? HTTP/1.1" 200 8751
186.103.159.46 - - [04/Jun/2018:12:43:49 -0300] "GET /cormun/servlet/hlogin HTTP/1.1" 200 1725
186.103.158.250 - - [04/Jun/2018:12:43:50 -0300] "POST /cormun/servlet/trsolicitudot?ec197b152abc9d90a9bb4d8f3ff3ced0,,gx-no-cache=1528126930577 HTTP/1.1" 200 4672
186.103.158.250 - - [04/Jun/2018:12:43:50 -0300] "GET /cormun/static/Shared/jqueryui/images/ui-bg_highlight-soft_100_c6c2c8_1x100.png HTTP/1.1" 404 1117
186.103.158.250 - - [04/Jun/2018:12:43:50 -0300] "GET /cormun/static/Shared/jqueryui/images/ui-icons_82798d_256x240.png HTTP/1.1" 404 1089
186.103.158.250 - - [04/Jun/2018:12:43:50 -0300] "GET /cormun/static/Shared/jqueryui/images/ui-bg_flat_55_fafafa_40x100.png HTTP/1.1" 404 1097
186.103.158.250 - - [04/Jun/2018:12:43:50 -0300] "GET /cormun/static/Shared/jqueryui/images/ui-icons_8d78a5_256x240.png HTTP/1.1" 404 1089
186.103.158.250 - - [04/Jun/2018:12:43:51 -0300] "POST /cormun/servlet/trsolicitudot?ec197b152abc9d90a9bb4d8f3ff3ced0,,gx-no-cache=1528126930997 HTTP/1.1" 200 4452
186.103.159.46 - - [04/Jun/2018:12:43:58 -0300] "POST /cormun/servlet/hlogin?c6b9ca0078bc45093b2eb4815e094153,gx-no-cache=1528126975311 HTTP/1.1" 200 90
186.103.159.46 - - [04/Jun/2018:12:43:58 -0300] "GET /cormun/servlet/hpexe_link HTTP/1.1" 200 957
186.103.159.46 - - [04/Jun/2018:12:43:58 -0300] "GET /cormun/servlet/trpermisosgoce HTTP/1.1" 200 12547
186.103.159.46 - - [04/Jun/2018:12:44:00 -0300] "GET /cormun/servlet/trpermisosgoce HTTP/1.1" 200 12546
186.103.159.46 - - [04/Jun/2018:12:44:23 -0300] "POST /cormun/servlet/trpermisosgoce?c6b9ca0078bc45093b2eb4815e094153,gx-no-cache=1528127000179 HTTP/1.1" 200 9627
186.103.159.46 - - [04/Jun/2018:12:44:37 -0300] "POST /cormun/servlet/trpermisosgoce?c6b9ca0078bc45093b2eb4815e094153,gx-no-cache=1528127014573 HTTP/1.1" 200 9627
186.103.159.46 - - [04/Jun/2018:12:45:28 -0300] "POST /cormun/servlet/trpermisosgoce?c6b9ca0078bc45093b2eb4815e094153,gx-no-cache=1528127065299 HTTP/1.1" 200 9628
46.174.191.30 - - [04/Jun/2018:12:45:32 -0300] "GET / HTTP/1.0" 200 11197
186.103.159.46 - - [04/Jun/2018:12:46:15 -0300] "GET /cormun/servlet/permisogoce?INS,0,,, HTTP/1.1" 200 6806
186.103.159.46 - - [04/Jun/2018:12:46:17 -0300] "GET /cormun/servlet/permisogoce?INS,0,,, HTTP/1.1" 200 6806
186.103.159.46 - - [04/Jun/2018:12:46:28 -0300] "GET /cormun/servlet/permisogoce?86dba11e5f1fc685e1a3e3d5e1ce37d8fc7a9790ce27aec8148026a367f76e7d0dd40a8e2d5dfab7eb99351dae398060,gx-no-cache=1528127125511 HTTP/1.1" 200 79
186.103.159.46 - - [04/Jun/2018:12:46:34 -0300] "GET /cormun/static/menuarrow.gif HTTP/1.1" 404 1015
186.103.159.46 - - [04/Jun/2018:12:46:46 -0300] "GET /cormun/servlet/permisogoce?86dba11e5f1fc685e1a3e3d5e1ce37d8ac5ff613a3e42fff92e29e440b6a40b7e97bd18cdca2f929b473ff2bdae5c001cb1054171a7d7835b9aaf3ac5a3eabc8,gx-no-cache=1528127143167 HTTP/1.1" 200 47
95.220.208.82 - - [04/Jun/2018:12:46:52 -0300] "GET /cormun/servlet/trsolicitudadjuntos?2018,11189, HTTP/1.1" 200 9720
95.220.208.82 - - [04/Jun/2018:12:46:53 -0300] "GET /cormun/static/gxui/gxui-all.css?110300 HTTP/1.1" 200 2179
95.220.208.82 - - [04/Jun/2018:12:46:53 -0300] "GET /cormun/static/PXToolsJavascripts/pexe_link.js HTTP/1.1" 200 5671
95.220.208.82 - - [04/Jun/2018:12:46:53 -0300] "GET /cormun/static/Resources/logo4.png HTTP/1.1" 200 6582
95.220.208.82 - - [04/Jun/2018:12:46:53 -0300] "GET /cormun/static/Resources/PXToolsHeaderLogin.png HTTP/1.1" 200 4279
95.220.208.82 - - [04/Jun/2018:12:46:53 -0300] "GET /cormun/static/hwchdr01.js?201752511465785 HTTP/1.1" 200 1183
95.220.208.82 - - [04/Jun/2018:12:46:53 -0300] "GET /cormun/static/SmoothNavMenu/resources/SmoothNavMenuRender.js HTTP/1.1" 200 5951
95.220.208.82 - - [04/Jun/2018:12:46:54 -0300] "GET /cormun/static/hpexe_messagegenexuscomponent.js?201752511465344 HTTP/1.1" 200 587
95.220.208.82 - - [04/Jun/2018:12:46:54 -0300] "GET /cormun/static/Resources/PXToolsHeaderSecurity.png HTTP/1.1" 200 4166
95.220.208.82 - - [04/Jun/2018:12:46:54 -0300] "GET /cormun/static/scaMessage/js/jquery.pnotify.min.js HTTP/1.1" 200 13038
95.220.208.82 - - [04/Jun/2018:12:46:54 -0300] "GET /cormun/static/scaMessage/css/jquery.pnotify.default.css?1716380 HTTP/1.1" 200 1707
95.220.208.82 - - [04/Jun/2018:12:46:54 -0300] "GET /cormun/static/Resources/PXToolsGridPreviousDisabled.gif HTTP/1.1" 200 90
95.220.208.82 - - [04/Jun/2018:12:46:54 -0300] "GET /cormun/static/Resources/PXToolsHeaderPreferences.png HTTP/1.1" 200 4189
95.220.208.82 - - [04/Jun/2018:12:46:54 -0300] "GET /cormun/static/scaMessage/scaMessageRender.js HTTP/1.1" 200 11977
95.220.208.82 - - [04/Jun/2018:12:46:54 -0300] "GET /cormun/static/SmoothNavMenu/resources/ddsmoothmenu.css?1012540 HTTP/1.1" 200 2223
95.220.208.82 - - [04/Jun/2018:12:46:54 -0300] "GET /cormun/static/calendar-setup.js?85251 HTTP/1.1" 200 2588
95.220.208.82 - - [04/Jun/2018:12:46:54 -0300] "GET /cormun/static/Resources/PXToolsHeaderHome.png HTTP/1.1" 200 4147
95.220.208.82 - - [04/Jun/2018:12:46:54 -0300] "GET /cormun/static/PXToolsJavascripts/pexe_popup.js HTTP/1.1" 200 13458
95.220.208.82 - - [04/Jun/2018:12:46:54 -0300] "GET /cormun/static/Resources/PXToolsGridLastDisabled.gif HTTP/1.1" 200 98
95.220.208.82 - - [04/Jun/2018:12:46:54 -0300] "GET /cormun/static/PXToolsJavascripts/pexe_menus.js HTTP/1.1" 200 1286
95.220.208.82 - - [04/Jun/2018:12:46:54 -0300] "GET /cormun/static/hpexe_messagecontroller.js?20177611595012 HTTP/1.1" 200 870
95.220.208.82 - - [04/Jun/2018:12:46:54 -0300] "GET /cormun/static/Resources/PXToolsGridFirstDisabled.gif HTTP/1.1" 200 100
95.220.208.82 - - [04/Jun/2018:12:46:54 -0300] "GET /cormun/static/gxtimezone.js?85251 HTTP/1.1" 200 5781
95.220.208.82 - - [04/Jun/2018:12:46:54 -0300] "GET /cormun/static/RunJS/RunJS.js HTTP/1.1" 200 288
95.220.208.82 - - [04/Jun/2018:12:46:54 -0300] "GET /cormun/static/Resources/PXToolsHeaderActionsLeft.png HTTP/1.1" 200 1118
95.220.208.82 - - [04/Jun/2018:12:46:54 -0300] "GET /cormun/static/PXToolsJavascripts/pexe_autoreload.js HTTP/1.1" 200 1762
95.220.208.82 - - [04/Jun/2018:12:46:54 -0300] "GET /cormun/static/calendar-system.css?75620 HTTP/1.1" 200 5572
95.220.208.82 - - [04/Jun/2018:12:46:54 -0300] "GET /cormun/static/PXToolsJavascripts/pexe_picture.js HTTP/1.1" 200 689
95.220.208.82 - - [04/Jun/2018:12:46:54 -0300] "GET /cormun/static/PXToolsJavascripts/pexe_grid.js HTTP/1.1" 200 7559
95.220.208.82 - - [04/Jun/2018:12:46:54 -0300] "GET /cormun/static/Resources/PXToolsHeaderActionsRight.png HTTP/1.1" 200 1201
95.220.208.82 - - [04/Jun/2018:12:46:54 -0300] "GET /cormun/static/SmoothNavMenu/resources/ddsmoothmenu-v.css?1012540 HTTP/1.1" 200 1188
95.220.208.82 - - [04/Jun/2018:12:46:54 -0300] "GET /cormun/static/PXToolsJavascripts/pexe_scrolldiv.js HTTP/1.1" 200 4138
95.220.208.82 - - [04/Jun/2018:12:46:54 -0300] "GET /cormun/static/Resources/PXToolsGridNew.png HTTP/1.1" 200 2949
95.220.208.82 - - [04/Jun/2018:12:46:54 -0300] "GET /cormun/static/PXToolsJavascripts/pexe_layers.js HTTP/1.1" 200 4114
95.220.208.82 - - [04/Jun/2018:12:46:54 -0300] "GET /cormun/static/PXToolsJavascripts/PXToolsJavascriptsRender.js HTTP/1.1" 200 367
95.220.208.82 - - [04/Jun/2018:12:46:54 -0300] "GET /cormun/static/PXToolsJavascripts/pexe_cookies.js HTTP/1.1" 200 792
95.220.208.82 - - [04/Jun/2018:12:46:54 -0300] "GET /cormun/static/hpexe_scripts.js?201752511465715 HTTP/1.1" 200 1544
95.220.208.82 - - [04/Jun/2018:12:46:54 -0300] "GET /cormun/static/PXToolsJavascripts/pexe_upload.js HTTP/1.1" 200 1423
95.220.208.82 - - [04/Jun/2018:12:46:54 -0300] "GET /cormun/static/cmcontrolpreferences.js?201752511465670 HTTP/1.1" 200 1375
95.220.208.82 - - [04/Jun/2018:12:46:54 -0300] "GET /cormun/static/PXToolsJavascripts/pexe_griddivfix.js HTTP/1.1" 200 6644
95.220.208.82 - - [04/Jun/2018:12:46:54 -0300] "GET /cormun/static/PXToolsJavascripts/pexe_menudivfix.js HTTP/1.1" 200 333
95.220.208.82 - - [04/Jun/2018:12:46:54 -0300] "GET /cormun/static/Shared/ext/locale/ext-lang-en.js HTTP/1.1" 200 10940
95.220.208.82 - - [04/Jun/2018:12:46:54 -0300] "GET /cormun/static/hmpwkw03.js?20177612122668 HTTP/1.1" 200 3965
95.220.208.82 - - [04/Jun/2018:12:46:54 -0300] "GET /cormun/static/hpexe_messagepopupcomponent.js?20161017169425 HTTP/1.1" 200 605
95.220.208.82 - - [04/Jun/2018:12:46:54 -0300] "GET /cormun/static/Shared/jqueryui/jquery-ui.min.css?1245370 HTTP/1.1" 200 30288
95.220.208.82 - - [04/Jun/2018:12:46:54 -0300] "GET /cormun/static/PXToolsJavascripts/pexe_windows.js HTTP/1.1" 200 15207
95.220.208.82 - - [04/Jun/2018:12:46:54 -0300] "GET /cormun/static/gxdec.js?85251 HTTP/1.1" 200 19579
95.220.208.82 - - [04/Jun/2018:12:46:54 -0300] "GET /cormun/static/messages.spa.js?85251 HTTP/1.1" 200 30736
95.220.208.82 - - [04/Jun/2018:12:46:54 -0300] "GET /cormun/static/calendar.js?85251 HTTP/1.1" 200 26246
95.220.208.82 - - [04/Jun/2018:12:46:55 -0300] "GET /cormun/static/Shared/jquery/jquery-1.4.2.min.js HTTP/1.1" 200 72174
95.220.208.82 - - [04/Jun/2018:12:46:55 -0300] "GET /cormun/static/Resources/Spanish/PXTools.css?1155365 HTTP/1.1" 200 89042
95.220.208.82 - - [04/Jun/2018:12:46:55 -0300] "GET /cormun/static/PXToolsJavascripts/pexe_oavdivfix.js HTTP/1.1" 200 639
186.103.159.46 - - [04/Jun/2018:12:46:55 -0300] "POST /cormun/servlet/permisogoce?c6b9ca0078bc45093b2eb4815e094153,INS,0,,,,gx-no-cache=1528127151598 HTTP/1.1" 200 93
186.103.159.46 - - [04/Jun/2018:12:46:55 -0300] "GET /cormun/servlet/hpexe_return? HTTP/1.1" 200 1032
95.220.208.82 - - [04/Jun/2018:12:46:56 -0300] "GET /cormun/static/Shared/jqueryui/jquery-ui.min.js HTTP/1.1" 200 240427
186.103.159.46 - - [04/Jun/2018:12:46:56 -0300] "GET /cormun/servlet/trpermisosgoce?gx-no-cache=1528127065299 HTTP/1.1" 200 12771
95.220.208.82 - - [04/Jun/2018:12:46:56 -0300] "GET /cormun/static/Shared/ext/resources/css/ext-all.css?205870 HTTP/1.1" 200 416045
95.220.208.82 - - [04/Jun/2018:12:46:56 -0300] "GET /cormun/static/gxui/gxui-all.js HTTP/1.1" 200 107772
95.220.208.82 - - [04/Jun/2018:12:46:57 -0300] "GET /cormun/static/hpexe_recentlink.js?20177611595044 HTTP/1.1" 200 2144
95.220.208.82 - - [04/Jun/2018:12:46:57 -0300] "GET /cormun/static/SmoothNavMenu/resources/ddsmoothmenu.js HTTP/1.1" 200 12712
95.220.208.82 - - [04/Jun/2018:12:46:57 -0300] "GET /cormun/static/Resources/PXToolsGridNextDisabled.gif HTTP/1.1" 200 90
95.220.208.82 - - [04/Jun/2018:12:46:57 -0300] "GET /cormun/static/Resources/PXToolsGridPage.gif HTTP/1.1" 200 725
95.220.208.82 - - [04/Jun/2018:12:46:57 -0300] "GET /cormun/static/PXToolsJavascripts/pexe_oav.js HTTP/1.1" 200 645
95.220.208.82 - - [04/Jun/2018:12:46:57 -0300] "GET /cormun/static/PXToolsJavascripts/pexe_tabdivfix.js HTTP/1.1" 200 876
95.220.208.82 - - [04/Jun/2018:12:46:57 -0300] "GET /cormun/static/calendar-es.js?85251 HTTP/1.1" 200 1901
95.220.208.82 - - [04/Jun/2018:12:46:57 -0300] "GET /cormun/static/PXToolsJavascripts/pexe_tabs.js HTTP/1.1" 200 3748
95.220.208.82 - - [04/Jun/2018:12:46:57 -0300] "GET /cormun/static/gxcfg.js?20177612135366 HTTP/1.1" 200 953
95.220.208.82 - - [04/Jun/2018:12:46:57 -0300] "GET /cormun/static/trsolicitudadjuntos.js?20177612135632 HTTP/1.1" 200 17922
186.103.159.46 - - [04/Jun/2018:12:46:58 -0300] "GET /cormun/servlet/trpermisosgoce?gx-no-cache=1528127065299 HTTP/1.1" 200 12788
95.220.208.82 - - [04/Jun/2018:12:46:58 -0300] "GET /cormun/static/gxgral.js?85251 HTTP/1.1" 200 384558
95.220.208.82 - - [04/Jun/2018:12:46:58 -0300] "GET /cormun/static/Shared/jquery/jquery-1.10.2.min.js HTTP/1.1" 200 273199
186.103.159.46 - - [04/Jun/2018:12:47:08 -0300] "GET /cormun/servlet/permisogoce?INS,0,,, HTTP/1.1" 200 6828
186.103.159.46 - - [04/Jun/2018:12:47:09 -0300] "GET /cormun/servlet/permisogoce?INS,0,,, HTTP/1.1" 200 6806
186.103.159.46 - - [04/Jun/2018:12:47:19 -0300] "GET /cormun/servlet/permisogoce?86dba11e5f1fc685e1a3e3d5e1ce37d8195dd467a45f0344ccd449c94c2c401e0dd40a8e2d5dfab7eb99351dae398060,gx-no-cache=1528127176986 HTTP/1.1" 200 84
95.220.208.82 - - [04/Jun/2018:12:47:20 -0300] "GET /cormun/static/Shared/ext/ext-all.js HTTP/1.1" 200 1289687
95.220.208.82 - - [04/Jun/2018:12:47:22 -0300] "GET /cormun/static/Resources/PXToolsDataTitle.png HTTP/1.1" 200 1173
95.220.208.82 - - [04/Jun/2018:12:47:22 -0300] "GET /cormun/static/Resources/PXToolsHeaderActionsBackground.png HTTP/1.1" 200 484
95.220.208.82 - - [04/Jun/2018:12:47:22 -0300] "GET /cormun/static/Resources/asc.gif HTTP/1.1" 200 67
95.220.208.82 - - [04/Jun/2018:12:47:22 -0300] "GET /cormun/static/Resources/desc.gif HTTP/1.1" 200 65
95.220.208.82 - - [04/Jun/2018:12:47:23 -0300] "GET /cormun//static/Resources/PXToolsActionDisabled.gif HTTP/1.1" 200 53
95.220.208.82 - - [04/Jun/2018:12:47:23 -0300] "GET /cormun/static/Resources/PXToolsHeaderBackground2.png HTTP/1.1" 200 1174
95.220.208.82 - - [04/Jun/2018:12:47:23 -0300] "GET /cormun/servlet/hlogin HTTP/1.1" 200 1756
95.220.208.82 - - [04/Jun/2018:12:47:23 -0300] "GET /cormun/static/Resources/PXToolsFooterBackground2.png HTTP/1.1" 200 1172
95.220.208.82 - - [04/Jun/2018:12:47:23 -0300] "GET /cormun/static/Resources/indicator.gif HTTP/1.1" 200 1553
95.220.208.82 - - [04/Jun/2018:12:47:23 -0300] "GET /cormun/static/Shared/ext/resources/themes/images/default/panel/bg-headersPanel.png HTTP/1.1" 200 255
95.220.208.82 - - [04/Jun/2018:12:47:23 -0300] "GET /cormun/static/gxtimezone.js?85251 HTTP/1.1" 200 5781
95.220.208.82 - - [04/Jun/2018:12:47:23 -0300] "GET /cormun/static/gxcfg.js?20175251213516 HTTP/1.1" 200 953
95.220.208.82 - - [04/Jun/2018:12:47:23 -0300] "GET /cormun/static/hlogin.js?20175251213537 HTTP/1.1" 200 2136
95.220.208.82 - - [04/Jun/2018:12:47:24 -0300] "GET /cormun/static/messages.spa.js?85251 HTTP/1.1" 200 30736
95.220.208.82 - - [04/Jun/2018:12:47:24 -0300] "GET /cormun/static/Resources/ComunLogin.png HTTP/1.1" 200 17326
95.220.208.82 - - [04/Jun/2018:12:47:25 -0300] "GET /cormun/static/Shared/ext/resources/themes/images/default/tools/tool-sprites.gif HTTP/1.1" 200 5434
95.220.208.82 - - [04/Jun/2018:12:47:30 -0300] "GET /cormun/static/Resources/Spanish/PXTools.css?11423723 HTTP/1.1" 200 89042
186.103.159.46 - - [04/Jun/2018:12:47:31 -0300] "GET /cormun/static/menuarrow.gif HTTP/1.1" 404 1015
95.220.208.82 - - [04/Jun/2018:12:47:31 -0300] "GET /cormun/static/gxgral.js?85251 HTTP/1.1" 200 384558
95.220.208.82 - - [04/Jun/2018:12:47:33 -0300] "GET /cormun/static/Resources/indicator.gif HTTP/1.1" 200 1553
95.220.208.82 - - [04/Jun/2018:12:47:33 -0300] "GET /cormun/static/Resources/PXToolsLoginTop.png HTTP/1.1" 200 1337
95.220.208.82 - - [04/Jun/2018:12:47:33 -0300] "GET /cormun/static/Resources/PXToolsLoginBackground.png HTTP/1.1" 200 1164
95.220.208.82 - - [04/Jun/2018:12:47:33 -0300] "GET /cormun/static/Resources/PXToolsButtonLeft21.png HTTP/1.1" 200 1287
95.220.208.82 - - [04/Jun/2018:12:47:33 -0300] "GET /cormun/static/Resources/PXToolsButtonRight21.png HTTP/1.1" 200 1283
95.220.208.82 - - [04/Jun/2018:12:47:33 -0300] "GET /cormun/static/Resources/PXToolsButtonBackground2.png HTTP/1.1" 200 1181
95.220.208.82 - - [04/Jun/2018:12:47:33 -0300] "GET /cormun/static/Resources/PXToolsLoginBottom.png HTTP/1.1" 200 1389
186.103.159.46 - - [04/Jun/2018:12:47:40 -0300] "GET /cormun/servlet/permisogoce?86dba11e5f1fc685e1a3e3d5e1ce37d819f09418b3abea75737ef8f09e04687dfa4cb0100ca75fe511f5cfc841b58af7cb1054171a7d7835b9aaf3ac5a3eabc8,gx-no-cache=1528127197970 HTTP/1.1" 200 48
186.103.159.46 - - [04/Jun/2018:12:47:51 -0300] "POST /cormun/servlet/permisogoce?c6b9ca0078bc45093b2eb4815e094153,INS,0,,,,gx-no-cache=1528127208282 HTTP/1.1" 200 93
186.103.159.46 - - [04/Jun/2018:12:47:51 -0300] "GET /cormun/servlet/hpexe_return? HTTP/1.1" 200 1032
186.103.159.46 - - [04/Jun/2018:12:47:52 -0300] "GET /cormun/servlet/trpermisosgoce?gx-no-cache=1528127065299 HTTP/1.1" 200 12972
200.111.191.210 - - [04/Jun/2018:12:47:52 -0300] "POST /cormun/servlet/hlogin?9b8df8c45212f6f4b4bf904eb471cec2,gx-no-cache=1528127268493 HTTP/1.1" 440 972
186.103.159.46 - - [04/Jun/2018:12:47:54 -0300] "GET /cormun/servlet/trpermisosgoce?gx-no-cache=1528127065299 HTTP/1.1" 200 12988
200.111.191.210 - - [04/Jun/2018:12:47:54 -0300] "GET /cormun/servlet/hlogin HTTP/1.1" 200 1726
200.111.191.210 - - [04/Jun/2018:12:47:59 -0300] "POST /cormun/servlet/hlogin?36615c54f6ac9d643e4c4fa3ecbe4bd1,gx-no-cache=1528127275462 HTTP/1.1" 200 90
200.111.191.210 - - [04/Jun/2018:12:47:59 -0300] "GET /cormun/servlet/hpexe_link HTTP/1.1" 200 947
200.111.191.210 - - [04/Jun/2018:12:47:59 -0300] "GET /cormun/servlet/hhome HTTP/1.1" 200 3956
200.111.191.210 - - [04/Jun/2018:12:47:59 -0300] "GET /cormun/servlet/hhome HTTP/1.1" 200 3952
186.103.159.46 - - [04/Jun/2018:12:48:01 -0300] "GET /cormun/servlet/trpermisosadjuntos?9279275,20180604114258,P, HTTP/1.1" 200 6303
186.103.159.46 - - [04/Jun/2018:12:48:03 -0300] "GET /cormun/servlet/trpermisosadjuntos?9279275,20180604114258,P, HTTP/1.1" 200 6282
200.111.191.210 - - [04/Jun/2018:12:48:03 -0300] "GET /cormun/servlet/trlicencias? HTTP/1.1" 200 13825
200.111.191.210 - - [04/Jun/2018:12:48:03 -0300] "GET /cormun/servlet/trlicencias? HTTP/1.1" 200 13822
200.111.191.210 - - [04/Jun/2018:12:48:06 -0300] "GET /cormun/servlet/licenciaspermisos?INS,0,,, HTTP/1.1" 200 7485
186.103.159.46 - - [04/Jun/2018:12:48:06 -0300] "GET /cormun/servlet/permisosadjuntos?INS,9279275,P,20180604114258,, HTTP/1.1" 200 5612
200.111.191.210 - - [04/Jun/2018:12:48:07 -0300] "GET /cormun/servlet/licenciaspermisos?INS,0,,, HTTP/1.1" 200 7484
186.103.159.46 - - [04/Jun/2018:12:48:07 -0300] "GET /cormun/static/about:blank HTTP/1.1" 404 1011
186.103.159.46 - - [04/Jun/2018:12:48:08 -0300] "GET /cormun/servlet/permisosadjuntos?INS,9279275,P,20180604114258,, HTTP/1.1" 200 5601
200.111.191.210 - - [04/Jun/2018:12:48:18 -0300] "GET /cormun/servlet/licenciaspermisos?241a3391f95ce39a3c059503ffa14b9a2e8198d8259f446d617ddf08c9965033b6b54a94ab37082ce43b98ff91740a81,gx-no-cache=1528127294238 HTTP/1.1" 200 94
200.111.191.210 - - [04/Jun/2018:12:48:18 -0300] "POST /cormun/servlet/licenciaspermisos?36615c54f6ac9d643e4c4fa3ecbe4bd1,INS,0,,,,gx-no-cache=1528127294607 HTTP/1.1" 200 4668
192.168.10.96 - - [04/Jun/2018:12:48:35 -0300] "GET /cormun/servlet/trsolicitudgral? HTTP/1.1" 500 10
186.103.159.46 - - [04/Jun/2018:12:48:37 -0300] "POST /cormun/servlet/permisosadjuntos?c6b9ca0078bc45093b2eb4815e094153,INS,9279275,P,20180604114258,, HTTP/1.1" 200 116
186.103.159.46 - - [04/Jun/2018:12:48:37 -0300] "GET /cormun/servlet/hpexe_return? HTTP/1.1" 200 1037
186.103.159.46 - - [04/Jun/2018:12:48:37 -0300] "GET /cormun/servlet/trpermisosadjuntos?9279275,20180604114258,P, HTTP/1.1" 200 6768
192.168.10.96 - - [04/Jun/2018:12:48:38 -0300] "GET /cormun/servlet/hlogin HTTP/1.1" 200 1718
186.103.159.46 - - [04/Jun/2018:12:48:39 -0300] "GET /cormun/servlet/trpermisosadjuntos?9279275,20180604114258,P, HTTP/1.1" 200 6768
186.103.159.46 - - [04/Jun/2018:12:48:44 -0300] "GET /cormun/servlet/trpermisosgoce? HTTP/1.1" 200 12976
192.168.10.96 - - [04/Jun/2018:12:48:44 -0300] "POST /cormun/servlet/hlogin?3cbf34f21a22c6d3f99aa1d21edb8f04,gx-no-cache=1528127127473 HTTP/1.1" 200 90
192.168.10.96 - - [04/Jun/2018:12:48:44 -0300] "GET /cormun/servlet/hpexe_link HTTP/1.1" 200 951
192.168.10.96 - - [04/Jun/2018:12:48:44 -0300] "GET /cormun/servlet/hhome HTTP/1.1" 200 4706
192.168.10.96 - - [04/Jun/2018:12:48:45 -0300] "GET /cormun/servlet/hhome HTTP/1.1" 200 4706
192.168.10.96 - - [04/Jun/2018:12:48:46 -0300] "GET /cormun/servlet/trsolicitudgral? HTTP/1.1" 200 19619
186.103.159.46 - - [04/Jun/2018:12:48:47 -0300] "GET /cormun/servlet/trpermisosgoce? HTTP/1.1" 200 12968
192.168.10.96 - - [04/Jun/2018:12:48:47 -0300] "GET /cormun/servlet/trsolicitudgral? HTTP/1.1" 200 19616
186.103.159.46 - - [04/Jun/2018:12:48:54 -0300] "GET /cormun/servlet/trpermisosadjuntos?9999971,20180604114351,P, HTTP/1.1" 200 6279
186.103.159.46 - - [04/Jun/2018:12:48:55 -0300] "GET /cormun/servlet/trpermisosadjuntos?9999971,20180604114351,P, HTTP/1.1" 200 6279
192.168.10.96 - - [04/Jun/2018:12:48:57 -0300] "POST /cormun/servlet/trsolicitudgral?3cbf34f21a22c6d3f99aa1d21edb8f04,,gx-no-cache=1528127140461 HTTP/1.1" 200 5924
192.168.10.96 - - [04/Jun/2018:12:48:58 -0300] "POST /cormun/servlet/trsolicitudgral?3cbf34f21a22c6d3f99aa1d21edb8f04,,gx-no-cache=1528127141208 HTTP/1.1" 200 5923
192.168.10.96 - - [04/Jun/2018:12:48:58 -0300] "POST /cormun/servlet/trsolicitudgral?3cbf34f21a22c6d3f99aa1d21edb8f04,,gx-no-cache=1528127141391 HTTP/1.1" 200 5924
