186.103.158.250 - - [04/Jun/2018:14:14:05 -0300] "GET /cormun/servlet/solicitudotadjuntos?INS,2018,11612,,2, HTTP/1.1" 200 6000
186.103.158.250 - - [04/Jun/2018:14:14:06 -0300] "GET /cormun/static/about:blank HTTP/1.1" 404 1011
186.103.158.250 - - [04/Jun/2018:14:14:07 -0300] "GET /cormun/servlet/solicitudotadjuntos?INS,2018,11612,,2, HTTP/1.1" 200 5994
186.103.158.250 - - [04/Jun/2018:14:14:07 -0300] "GET /cormun/servlet/solicitudotadjuntos?0427fce139cce678e316cba39b57cb0d3a4543005d00fdb019c7a6c1584094cfb8c2562458aad8765793f57816085496,gx-no-cache=1528132347637 HTTP/1.1" 200 30
186.103.158.250 - - [04/Jun/2018:14:14:07 -0300] "POST /cormun/servlet/solicitudotadjuntos?c37a9719d7ac2e00a8ea940de4e2176f,INS,2018,11612,,2,,gx-no-cache=1528132347693 HTTP/1.1" 200 4003
186.103.158.250 - - [04/Jun/2018:14:14:21 -0300] "POST /cormun/servlet/solicitudotadjuntos?gx-no-cache=1528132361597 HTTP/1.1" 200 26
186.103.158.250 - - [04/Jun/2018:14:14:26 -0300] "GET /cormun/servlet/solicitudotadjuntos?0427fce139cce678e316cba39b57cb0ded98105ff9bf08dc3feae91c279b101e,gx-no-cache=1528132366398 HTTP/1.1" 200 30
186.103.158.250 - - [04/Jun/2018:14:14:26 -0300] "GET /cormun/servlet/solicitudotadjuntos?0427fce139cce678e316cba39b57cb0ded98105ff9bf08dc3feae91c279b101e,gx-no-cache=1528132366534 HTTP/1.1" 200 30
186.103.158.250 - - [04/Jun/2018:14:14:26 -0300] "POST /cormun/servlet/solicitudotadjuntos?c37a9719d7ac2e00a8ea940de4e2176f,INS,2018,11612,,2, HTTP/1.1" 200 116
186.103.158.250 - - [04/Jun/2018:14:14:26 -0300] "GET /cormun/servlet/hpexe_return? HTTP/1.1" 200 1023
186.103.158.250 - - [04/Jun/2018:14:14:27 -0300] "GET /cormun/servlet/trsolicitudadjuntos?2018,11612, HTTP/1.1" 200 8722
186.103.158.250 - - [04/Jun/2018:14:14:28 -0300] "GET /cormun/servlet/trsolicitudadjuntos?2018,11612, HTTP/1.1" 200 8721
186.103.158.250 - - [04/Jun/2018:14:14:32 -0300] "GET /cormun/servlet/solicitudotadjuntos?DLT,2018,11612,CERTIF1,0, HTTP/1.1" 200 5983
186.103.158.250 - - [04/Jun/2018:14:14:33 -0300] "GET /cormun/PublicTempStorage/ant_500183066361_183780768689321.pdf HTTP/1.1" 200 34458
186.103.158.250 - - [04/Jun/2018:14:14:33 -0300] "GET /cormun/static/Shared/jqueryui/images/ui-bg_highlight-soft_100_c6c2c8_1x100.png HTTP/1.1" 404 1117
186.103.158.250 - - [04/Jun/2018:14:14:33 -0300] "GET /cormun/static/Shared/jqueryui/images/ui-icons_82798d_256x240.png HTTP/1.1" 404 1089
186.103.158.250 - - [04/Jun/2018:14:14:33 -0300] "GET /cormun/static/Shared/jqueryui/images/ui-bg_flat_55_fafafa_40x100.png HTTP/1.1" 404 1097
186.103.158.250 - - [04/Jun/2018:14:14:33 -0300] "GET /cormun/static/Shared/jqueryui/images/ui-icons_8d78a5_256x240.png HTTP/1.1" 404 1089
186.103.158.250 - - [04/Jun/2018:14:14:34 -0300] "GET /cormun/servlet/solicitudotadjuntos?DLT,2018,11612,CERTIF1,0, HTTP/1.1" 200 5975
186.103.159.182 - - [04/Jun/2018:14:14:38 -0300] "POST /cormun/servlet/hlogin?02b56bd58338dc2108ad2451b1c3f7ca,gx-no-cache=1528132415842 HTTP/1.1" 200 90
186.103.159.182 - - [04/Jun/2018:14:14:38 -0300] "GET /cormun/servlet/hpexe_link HTTP/1.1" 200 950
186.103.159.182 - - [04/Jun/2018:14:14:38 -0300] "GET /cormun/static/gxcfg.js?20177612121792 HTTP/1.1" 304 -
186.103.158.250 - - [04/Jun/2018:14:14:38 -0300] "POST /cormun/servlet/solicitudotadjuntos?c37a9719d7ac2e00a8ea940de4e2176f,DLT,2018,11612,CERTIF1,0,,gx-no-cache=1528132378505 HTTP/1.1" 200 93
186.103.158.250 - - [04/Jun/2018:14:14:38 -0300] "GET /cormun/servlet/hpexe_return? HTTP/1.1" 200 1029
186.103.159.182 - - [04/Jun/2018:14:14:38 -0300] "GET /cormun/servlet/hhome HTTP/1.1" 200 4259
186.103.159.182 - - [04/Jun/2018:14:14:38 -0300] "GET /cormun/static/gxcfg.js?20175251212442 HTTP/1.1" 200 953
186.103.159.182 - - [04/Jun/2018:14:14:38 -0300] "GET /cormun/static/hhome.js?20175251212450 HTTP/1.1" 200 777
186.103.158.250 - - [04/Jun/2018:14:14:38 -0300] "GET /cormun/servlet/trsolicitudadjuntos?2018,11612, HTTP/1.1" 200 8496
186.103.159.182 - - [04/Jun/2018:14:14:39 -0300] "GET /cormun/servlet/hhome HTTP/1.1" 200 4255
186.103.158.250 - - [04/Jun/2018:14:14:40 -0300] "GET /cormun/servlet/trsolicitudadjuntos?2018,11612, HTTP/1.1" 200 8491
186.103.158.250 - - [04/Jun/2018:14:14:42 -0300] "GET /cormun/servlet/solicitudotadjuntos?INS,2018,11612,,2, HTTP/1.1" 200 6002
186.103.158.250 - - [04/Jun/2018:14:14:42 -0300] "GET /cormun/static/about:blank HTTP/1.1" 404 1011
186.103.159.182 - - [04/Jun/2018:14:14:43 -0300] "GET /cormun/servlet/trsolicitudot? HTTP/1.1" 200 7471
186.103.158.250 - - [04/Jun/2018:14:14:44 -0300] "GET /cormun/servlet/solicitudotadjuntos?INS,2018,11612,,2, HTTP/1.1" 200 5996
186.103.158.250 - - [04/Jun/2018:14:14:44 -0300] "GET /cormun/servlet/solicitudotadjuntos?0427fce139cce678e316cba39b57cb0d3a4543005d00fdb019c7a6c1584094cfb8c2562458aad8765793f57816085496,gx-no-cache=1528132384189 HTTP/1.1" 200 30
186.103.158.250 - - [04/Jun/2018:14:14:44 -0300] "POST /cormun/servlet/solicitudotadjuntos?c37a9719d7ac2e00a8ea940de4e2176f,INS,2018,11612,,2,,gx-no-cache=1528132384295 HTTP/1.1" 200 4004
186.103.159.182 - - [04/Jun/2018:14:14:45 -0300] "GET /cormun/static/gxcfg.js?2017111422585916 HTTP/1.1" 304 -
186.103.159.182 - - [04/Jun/2018:14:14:45 -0300] "GET /cormun/static/calendar-setup.js?85251 HTTP/1.1" 304 -
186.103.159.182 - - [04/Jun/2018:14:14:45 -0300] "GET /cormun/static/calendar.js?85251 HTTP/1.1" 304 -
186.103.159.182 - - [04/Jun/2018:14:14:45 -0300] "GET /cormun/static/calendar-es.js?85251 HTTP/1.1" 304 -
186.103.159.182 - - [04/Jun/2018:14:14:45 -0300] "GET /cormun/static/gxdec.js?85251 HTTP/1.1" 304 -
186.103.159.182 - - [04/Jun/2018:14:14:45 -0300] "GET /cormun/static/trsolicitudot.js?201711142259839 HTTP/1.1" 304 -
186.103.159.182 - - [04/Jun/2018:14:14:45 -0300] "GET /cormun/servlet/trsolicitudot? HTTP/1.1" 200 7470
186.103.158.250 - - [04/Jun/2018:14:14:53 -0300] "POST /cormun/servlet/solicitudotadjuntos?gx-no-cache=1528132393145 HTTP/1.1" 200 26
186.103.158.250 - - [04/Jun/2018:14:14:59 -0300] "GET /cormun/servlet/solicitudotadjuntos?0427fce139cce678e316cba39b57cb0ded98105ff9bf08dc3feae91c279b101e,gx-no-cache=1528132399744 HTTP/1.1" 200 30
186.103.158.250 - - [04/Jun/2018:14:14:59 -0300] "GET /cormun/servlet/solicitudotadjuntos?0427fce139cce678e316cba39b57cb0ded98105ff9bf08dc3feae91c279b101e,gx-no-cache=1528132399777 HTTP/1.1" 200 30
186.103.158.250 - - [04/Jun/2018:14:15:00 -0300] "POST /cormun/servlet/solicitudotadjuntos?c37a9719d7ac2e00a8ea940de4e2176f,INS,2018,11612,,2, HTTP/1.1" 200 116
186.103.158.250 - - [04/Jun/2018:14:15:00 -0300] "GET /cormun/servlet/hpexe_return? HTTP/1.1" 200 1023
186.103.158.250 - - [04/Jun/2018:14:15:00 -0300] "GET /cormun/servlet/trsolicitudadjuntos?2018,11612, HTTP/1.1" 200 8695
186.103.158.250 - - [04/Jun/2018:14:15:01 -0300] "GET /cormun/servlet/trsolicitudadjuntos?2018,11612, HTTP/1.1" 200 8694
186.103.158.250 - - [04/Jun/2018:14:15:03 -0300] "GET /cormun/servlet/solicitudotadjuntos?INS,2018,11612,,2, HTTP/1.1" 200 6002
186.103.158.250 - - [04/Jun/2018:14:15:04 -0300] "GET /cormun/static/about:blank HTTP/1.1" 404 1011
186.103.158.250 - - [04/Jun/2018:14:15:05 -0300] "GET /cormun/servlet/solicitudotadjuntos?INS,2018,11612,,2, HTTP/1.1" 200 5996
186.103.158.250 - - [04/Jun/2018:14:15:05 -0300] "GET /cormun/servlet/solicitudotadjuntos?0427fce139cce678e316cba39b57cb0d3a4543005d00fdb019c7a6c1584094cfb8c2562458aad8765793f57816085496,gx-no-cache=1528132405588 HTTP/1.1" 200 30
186.103.158.250 - - [04/Jun/2018:14:15:05 -0300] "POST /cormun/servlet/solicitudotadjuntos?c37a9719d7ac2e00a8ea940de4e2176f,INS,2018,11612,,2,,gx-no-cache=1528132405643 HTTP/1.1" 200 4004
186.103.158.250 - - [04/Jun/2018:14:15:25 -0300] "POST /cormun/servlet/solicitudotadjuntos?gx-no-cache=1528132425596 HTTP/1.1" 200 26
186.103.159.182 - - [04/Jun/2018:14:15:34 -0300] "GET /cormun/servlet/solicitudot?INS,0,0, HTTP/1.1" 200 13700
186.103.159.182 - - [04/Jun/2018:14:15:35 -0300] "GET /cormun/static/gxcfg.js?201812313224582 HTTP/1.1" 304 -
186.103.159.182 - - [04/Jun/2018:14:15:35 -0300] "GET /cormun/static/solicitudot.js?201812313224831 HTTP/1.1" 304 -
186.103.159.182 - - [04/Jun/2018:14:15:35 -0300] "GET /cormun/servlet/solicitudot?INS,0,0, HTTP/1.1" 200 13705
186.103.159.182 - - [04/Jun/2018:14:15:47 -0300] "POST /cormun/servlet/solicitudot?gx-no-cache=1528132484699 HTTP/1.1" 200 3410
186.103.159.182 - - [04/Jun/2018:14:15:47 -0300] "POST /cormun/servlet/solicitudot?02b56bd58338dc2108ad2451b1c3f7ca,INS,0,0,,gx-no-cache=1528132485295 HTTP/1.1" 200 10553
186.103.159.182 - - [04/Jun/2018:14:15:53 -0300] "GET /cormun/servlet/solicitudot?0a4a6e390632d44522cae5ea8a7a009e4e7496c011d12f4c587ac5544600554fccaa56a7db0b6fba74197097cd6d5ad0,gx-no-cache=1528132490864 HTTP/1.1" 200 30
186.103.159.182 - - [04/Jun/2018:14:15:53 -0300] "GET /cormun/servlet/solicitudot?0a4a6e390632d44522cae5ea8a7a009e580b57bdb8ca6d0b1adf2a52489fc632251be60cc89e5e9b62c190ed2d71081ffa4681dfe05202ef98a1c42d7a4a9015,gx-no-cache=1528132490900 HTTP/1.1" 200 30
186.103.159.182 - - [04/Jun/2018:14:15:53 -0300] "GET /cormun/servlet/solicitudot?0a4a6e390632d44522cae5ea8a7a009ed8e1b75489df5b35b0e75f8da26e8405,gx-no-cache=1528132490931 HTTP/1.1" 200 53
186.103.159.182 - - [04/Jun/2018:14:15:53 -0300] "POST /cormun/servlet/solicitudot?gx-no-cache=1528132490973 HTTP/1.1" 200 240
186.103.159.182 - - [04/Jun/2018:14:15:53 -0300] "GET /cormun/servlet/solicitudot?0a4a6e390632d44522cae5ea8a7a009e49b0be7d3f37d0f0629035e81c1fbf5ff7be16c5d4be45bd2c9cf06c5015803a44ae8c80c22a3a9ed808fd3bf3d27d743afecceef139a8582e4bf612cb2018bdafd62a2b658f657719abeadf604c3ad8e2ef9cc6fa7b68a91760c9743725fbb22ae6cc6c2cbacb22228d6c1f62701c487bb1da05d1032249fbc36b2d61ad97a2f57be1473d3d1df60ff5797372ce600771a3d922691f0507e7e4d1b77bdedb73ca9ca10cd3c6e90d96a5071a4ce93b7489480862ab97be866381c53f4aa12de3845251e11d6f7617844bf19b3683c5821f8fb42cc10d52cabf257fc1e294f2f1e783cd537424641c3049c5538bba0f6d9aa2cb615204a1108604f06994bfd2d98f0ab494c24814c58ef0a4fea87fe6b4f47f93c31a2a10dcbad72c219e9bfcb3615bc87350ad2d8a24cec3982186a5ae17b14a5ebad5482221b54259698b3d0be11c6867606b90ff19a8fa178f0d46a0489ac95282b6608acb94a65540f498ebd5141adc648ee4cb565555b18fa07851,gx-no-cache=1528132491013 HTTP/1.1" 200 30
186.103.158.250 - - [04/Jun/2018:14:15:54 -0300] "POST /cormun/servlet/solicitudotadjuntos?c37a9719d7ac2e00a8ea940de4e2176f,INS,2018,11612,,2,,gx-no-cache=1528132454698 HTTP/1.1" 200 93
186.103.158.250 - - [04/Jun/2018:14:15:54 -0300] "GET /cormun/servlet/hpexe_return? HTTP/1.1" 200 1023
186.103.158.250 - - [04/Jun/2018:14:15:55 -0300] "GET /cormun/servlet/trsolicitudadjuntos?2018,11612, HTTP/1.1" 200 8697
186.103.159.182 - - [04/Jun/2018:14:15:56 -0300] "POST /cormun/servlet/solicitudot?gx-no-cache=1528132493530 HTTP/1.1" 200 30
186.103.158.250 - - [04/Jun/2018:14:15:56 -0300] "GET /cormun/servlet/trsolicitudadjuntos?2018,11612, HTTP/1.1" 200 8695
186.103.158.250 - - [04/Jun/2018:14:16:02 -0300] "GET /cormun/servlet/solicitudotadjuntos?INS,2018,11612,,1, HTTP/1.1" 200 6001
186.103.158.250 - - [04/Jun/2018:14:16:03 -0300] "GET /cormun/static/about:blank HTTP/1.1" 404 1011
186.103.158.250 - - [04/Jun/2018:14:16:03 -0300] "GET /cormun/servlet/solicitudotadjuntos?INS,2018,11612,,1, HTTP/1.1" 200 5995
186.103.158.250 - - [04/Jun/2018:14:16:03 -0300] "GET /cormun/servlet/solicitudotadjuntos?0427fce139cce678e316cba39b57cb0d3a4543005d00fdb019c7a6c1584094cfb8c2562458aad8765793f57816085496,gx-no-cache=1528132463912 HTTP/1.1" 200 30
186.103.158.250 - - [04/Jun/2018:14:16:04 -0300] "POST /cormun/servlet/solicitudotadjuntos?c37a9719d7ac2e00a8ea940de4e2176f,INS,2018,11612,,1,,gx-no-cache=1528132464001 HTTP/1.1" 200 3792
186.103.158.250 - - [04/Jun/2018:14:16:13 -0300] "POST /cormun/servlet/solicitudotadjuntos?gx-no-cache=1528132473855 HTTP/1.1" 200 26
186.103.158.250 - - [04/Jun/2018:14:16:13 -0300] "GET /cormun/servlet/solicitudotadjuntos?0427fce139cce678e316cba39b57cb0ded98105ff9bf08dc3feae91c279b101e,gx-no-cache=1528132473919 HTTP/1.1" 200 30
186.103.158.250 - - [04/Jun/2018:14:16:13 -0300] "GET /cormun/servlet/solicitudotadjuntos?0427fce139cce678e316cba39b57cb0ded98105ff9bf08dc3feae91c279b101e,gx-no-cache=1528132473984 HTTP/1.1" 200 30
186.103.158.250 - - [04/Jun/2018:14:16:14 -0300] "POST /cormun/servlet/solicitudotadjuntos?c37a9719d7ac2e00a8ea940de4e2176f,INS,2018,11612,,1,,gx-no-cache=1528132474028 HTTP/1.1" 200 93
186.103.158.250 - - [04/Jun/2018:14:16:14 -0300] "GET /cormun/servlet/hpexe_return? HTTP/1.1" 200 1023
186.103.158.250 - - [04/Jun/2018:14:16:14 -0300] "GET /cormun/servlet/trsolicitudadjuntos?2018,11612, HTTP/1.1" 200 8848
186.103.158.250 - - [04/Jun/2018:14:16:15 -0300] "GET /cormun/servlet/trsolicitudadjuntos?2018,11612, HTTP/1.1" 200 8846
186.103.158.250 - - [04/Jun/2018:14:16:20 -0300] "GET /cormun/servlet/solicitudotadjuntos?DLT,2018,11612,CERTIF1,0, HTTP/1.1" 200 5967
186.103.158.250 - - [04/Jun/2018:14:16:20 -0300] "GET /cormun/PublicTempStorage/titulo9623119.pdf HTTP/1.1" 200 87616
186.103.158.250 - - [04/Jun/2018:14:16:21 -0300] "GET /cormun/static/Shared/jqueryui/images/ui-bg_highlight-soft_100_c6c2c8_1x100.png HTTP/1.1" 404 1117
186.103.158.250 - - [04/Jun/2018:14:16:21 -0300] "GET /cormun/static/Shared/jqueryui/images/ui-bg_flat_55_fafafa_40x100.png HTTP/1.1" 404 1097
186.103.158.250 - - [04/Jun/2018:14:16:21 -0300] "GET /cormun/static/Shared/jqueryui/images/ui-icons_8d78a5_256x240.png HTTP/1.1" 404 1089
186.103.158.250 - - [04/Jun/2018:14:16:21 -0300] "GET /cormun/static/Shared/jqueryui/images/ui-icons_82798d_256x240.png HTTP/1.1" 404 1089
186.103.158.250 - - [04/Jun/2018:14:16:21 -0300] "GET /cormun/servlet/solicitudotadjuntos?DLT,2018,11612,CERTIF1,0, HTTP/1.1" 200 5962
186.103.158.250 - - [04/Jun/2018:14:16:25 -0300] "POST /cormun/servlet/solicitudotadjuntos?c37a9719d7ac2e00a8ea940de4e2176f,DLT,2018,11612,CERTIF1,0,,gx-no-cache=1528132485267 HTTP/1.1" 200 93
186.103.158.250 - - [04/Jun/2018:14:16:25 -0300] "GET /cormun/servlet/hpexe_return? HTTP/1.1" 200 1029
186.103.158.250 - - [04/Jun/2018:14:16:25 -0300] "GET /cormun/servlet/trsolicitudadjuntos?2018,11612, HTTP/1.1" 200 8848
186.103.158.250 - - [04/Jun/2018:14:16:27 -0300] "GET /cormun/servlet/trsolicitudadjuntos?2018,11612, HTTP/1.1" 200 8846
186.103.158.250 - - [04/Jun/2018:14:16:30 -0300] "GET /cormun/servlet/solicitudotadjuntos?DLT,2018,11612,FOTO,0, HTTP/1.1" 200 5961
186.103.158.250 - - [04/Jun/2018:14:16:30 -0300] "GET /cormun/PublicTempStorage/carnet3340802.pdf HTTP/1.1" 200 30735
186.103.158.250 - - [04/Jun/2018:14:16:31 -0300] "GET /cormun/static/Shared/jqueryui/images/ui-bg_highlight-soft_100_c6c2c8_1x100.png HTTP/1.1" 404 1117
186.103.158.250 - - [04/Jun/2018:14:16:31 -0300] "GET /cormun/static/Shared/jqueryui/images/ui-icons_82798d_256x240.png HTTP/1.1" 404 1089
186.103.158.250 - - [04/Jun/2018:14:16:31 -0300] "GET /cormun/static/Shared/jqueryui/images/ui-bg_flat_55_fafafa_40x100.png HTTP/1.1" 404 1097
186.103.158.250 - - [04/Jun/2018:14:16:31 -0300] "GET /cormun/static/Shared/jqueryui/images/ui-icons_8d78a5_256x240.png HTTP/1.1" 404 1089
186.103.158.250 - - [04/Jun/2018:14:16:31 -0300] "GET /cormun/servlet/solicitudotadjuntos?DLT,2018,11612,FOTO,0, HTTP/1.1" 200 5955
186.103.158.250 - - [04/Jun/2018:14:16:34 -0300] "POST /cormun/servlet/solicitudotadjuntos?c37a9719d7ac2e00a8ea940de4e2176f,DLT,2018,11612,FOTO,0,,gx-no-cache=1528132494201 HTTP/1.1" 200 93
186.103.158.250 - - [04/Jun/2018:14:16:34 -0300] "GET /cormun/servlet/hpexe_return? HTTP/1.1" 200 1027
186.103.158.250 - - [04/Jun/2018:14:16:34 -0300] "GET /cormun/servlet/trsolicitudadjuntos?2018,11612, HTTP/1.1" 200 8672
186.103.158.250 - - [04/Jun/2018:14:16:36 -0300] "GET /cormun/servlet/trsolicitudadjuntos?2018,11612, HTTP/1.1" 200 8670
186.103.159.182 - - [04/Jun/2018:14:16:37 -0300] "GET /cormun/servlet/prlicenciaspermisos?13718092,L,,MD,,gxPopupLevel%3D0%3B HTTP/1.1" 200 5812
186.103.158.250 - - [04/Jun/2018:14:16:38 -0300] "GET /cormun/servlet/solicitudotadjuntos?DLT,2018,11612,CERTIF1,0, HTTP/1.1" 200 5967
186.103.159.182 - - [04/Jun/2018:14:16:39 -0300] "GET /cormun/static/Resources/Spanish/PXTools.css?17315867 HTTP/1.1" 200 89042
186.103.159.182 - - [04/Jun/2018:14:16:39 -0300] "GET /cormun/static/gxcfg.js?20176272053834 HTTP/1.1" 200 953
186.103.159.182 - - [04/Jun/2018:14:16:39 -0300] "GET /cormun/static/prlicenciaspermisos.js?20176272054050 HTTP/1.1" 200 13379
186.103.158.250 - - [04/Jun/2018:14:16:39 -0300] "GET /cormun/static/Shared/jqueryui/images/ui-bg_highlight-soft_100_c6c2c8_1x100.png HTTP/1.1" 404 1117
186.103.158.250 - - [04/Jun/2018:14:16:39 -0300] "GET /cormun/static/Shared/jqueryui/images/ui-icons_82798d_256x240.png HTTP/1.1" 404 1089
186.103.158.250 - - [04/Jun/2018:14:16:39 -0300] "GET /cormun/static/Shared/jqueryui/images/ui-bg_flat_55_fafafa_40x100.png HTTP/1.1" 404 1097
186.103.158.250 - - [04/Jun/2018:14:16:39 -0300] "GET /cormun/static/Shared/jqueryui/images/ui-icons_8d78a5_256x240.png HTTP/1.1" 404 1089
186.103.158.250 - - [04/Jun/2018:14:16:39 -0300] "GET /cormun/servlet/solicitudotadjuntos?DLT,2018,11612,CERTIF1,0, HTTP/1.1" 200 5961
186.103.158.250 - - [04/Jun/2018:14:16:40 -0300] "GET /cormun/PublicTempStorage/titulo5580597.pdf HTTP/1.1" 200 87616
186.103.158.250 - - [04/Jun/2018:14:16:44 -0300] "POST /cormun/servlet/solicitudotadjuntos?c37a9719d7ac2e00a8ea940de4e2176f,DLT,2018,11612,CERTIF1,0,,gx-no-cache=1528132504250 HTTP/1.1" 200 93
186.103.158.250 - - [04/Jun/2018:14:16:44 -0300] "GET /cormun/servlet/hpexe_return? HTTP/1.1" 200 1029
186.103.158.250 - - [04/Jun/2018:14:16:44 -0300] "GET /cormun/servlet/trsolicitudadjuntos?2018,11612, HTTP/1.1" 200 8382
186.103.158.250 - - [04/Jun/2018:14:16:46 -0300] "GET /cormun/servlet/trsolicitudadjuntos?2018,11612, HTTP/1.1" 200 8378
186.103.159.182 - - [04/Jun/2018:14:16:48 -0300] "POST /cormun/servlet/solicitudot?gx-no-cache=1528132545563 HTTP/1.1" 200 1368
186.103.159.182 - - [04/Jun/2018:14:16:52 -0300] "POST /cormun/servlet/solicitudot?gx-no-cache=1528132550243 HTTP/1.1" 200 41
186.103.159.182 - - [04/Jun/2018:14:16:52 -0300] "GET /cormun/servlet/solicitudot?0a4a6e390632d44522cae5ea8a7a009ef92c71a3bc8e6b601a9f2feaff9cd15f91c6099e05e3f7c37640f908ce61a5828d4de4d5c5cb330bd00bb490e321faf9a9a0c2f9c43de903f5f2213f8b8d1d2b3b78e7541a81a50208ef6e4e4dd3a6e84f7578b64ff7e68e9a5e71a053b1f13bd7f9481413e6238a2eb07b524430c9f26f5b64acc9cd89316783577e9ed3ccffede9475ef6a04b67f0c8b7f94b4d5efb,gx-no-cache=1528132550324 HTTP/1.1" 200 29
186.103.159.182 - - [04/Jun/2018:14:16:52 -0300] "POST /cormun/servlet/solicitudot?gx-no-cache=1528132550394 HTTP/1.1" 200 1351
186.103.159.182 - - [04/Jun/2018:14:16:53 -0300] "POST /cormun/servlet/solicitudot?gx-no-cache=1528132550485 HTTP/1.1" 200 1249
186.103.159.182 - - [04/Jun/2018:14:16:54 -0300] "GET /cormun/static/menuarrow.gif HTTP/1.1" 404 1015
186.103.158.250 - - [04/Jun/2018:14:16:56 -0300] "GET /cormun/servlet/solicitudotadjuntos?DLT,2018,11612,CARNET,0, HTTP/1.1" 200 5880
186.103.159.182 - - [04/Jun/2018:14:16:56 -0300] "POST /cormun/servlet/solicitudot?gx-no-cache=1528132553963 HTTP/1.1" 200 1351
186.103.159.182 - - [04/Jun/2018:14:16:56 -0300] "POST /cormun/servlet/solicitudot?gx-no-cache=1528132554026 HTTP/1.1" 200 1249
186.103.158.250 - - [04/Jun/2018:14:16:57 -0300] "GET /cormun/static/about:blank HTTP/1.1" 404 1011
186.103.158.250 - - [04/Jun/2018:14:16:57 -0300] "GET /cormun/static/Shared/jqueryui/images/ui-bg_highlight-soft_100_c6c2c8_1x100.png HTTP/1.1" 404 1117
186.103.158.250 - - [04/Jun/2018:14:16:57 -0300] "GET /cormun/static/Shared/jqueryui/images/ui-icons_82798d_256x240.png HTTP/1.1" 404 1089
186.103.158.250 - - [04/Jun/2018:14:16:57 -0300] "GET /cormun/static/Shared/jqueryui/images/ui-bg_flat_55_fafafa_40x100.png HTTP/1.1" 404 1097
186.103.158.250 - - [04/Jun/2018:14:16:57 -0300] "GET /cormun/static/Shared/jqueryui/images/ui-icons_8d78a5_256x240.png HTTP/1.1" 404 1089
186.103.158.250 - - [04/Jun/2018:14:16:57 -0300] "GET /cormun/servlet/solicitudotadjuntos?DLT,2018,11612,CARNET,0, HTTP/1.1" 200 5874
186.103.158.250 - - [04/Jun/2018:14:16:59 -0300] "POST /cormun/servlet/solicitudotadjuntos?c37a9719d7ac2e00a8ea940de4e2176f,DLT,2018,11612,CARNET,0,,gx-no-cache=1528132519186 HTTP/1.1" 200 93
186.103.158.250 - - [04/Jun/2018:14:16:59 -0300] "GET /cormun/servlet/hpexe_return? HTTP/1.1" 200 1029
186.103.158.250 - - [04/Jun/2018:14:16:59 -0300] "GET /cormun/servlet/trsolicitudadjuntos?2018,11612, HTTP/1.1" 200 6061
186.103.158.250 - - [04/Jun/2018:14:17:00 -0300] "GET /cormun/servlet/trsolicitudadjuntos?2018,11612, HTTP/1.1" 200 6057
186.103.158.250 - - [04/Jun/2018:14:17:02 -0300] "GET /cormun/servlet/solicitudotadjuntos?INS,2018,11612,,1, HTTP/1.1" 200 6003
186.103.158.250 - - [04/Jun/2018:14:17:03 -0300] "GET /cormun/static/about:blank HTTP/1.1" 404 1011
186.103.158.250 - - [04/Jun/2018:14:17:03 -0300] "GET /cormun/servlet/solicitudotadjuntos?INS,2018,11612,,1, HTTP/1.1" 200 5996
186.103.158.250 - - [04/Jun/2018:14:17:04 -0300] "GET /cormun/servlet/solicitudotadjuntos?0427fce139cce678e316cba39b57cb0d3a4543005d00fdb019c7a6c1584094cfb8c2562458aad8765793f57816085496,gx-no-cache=1528132524462 HTTP/1.1" 200 30
186.103.158.250 - - [04/Jun/2018:14:17:04 -0300] "POST /cormun/servlet/solicitudotadjuntos?c37a9719d7ac2e00a8ea940de4e2176f,INS,2018,11612,,1,,gx-no-cache=1528132524806 HTTP/1.1" 200 3793
186.103.158.250 - - [04/Jun/2018:14:17:07 -0300] "POST /cormun/servlet/solicitudotadjuntos?gx-no-cache=1528132527646 HTTP/1.1" 200 26
186.103.158.250 - - [04/Jun/2018:14:17:10 -0300] "GET /cormun/servlet/solicitudotadjuntos?0427fce139cce678e316cba39b57cb0ded98105ff9bf08dc3feae91c279b101e,gx-no-cache=1528132530679 HTTP/1.1" 200 30
186.103.158.250 - - [04/Jun/2018:14:17:10 -0300] "GET /cormun/servlet/solicitudotadjuntos?0427fce139cce678e316cba39b57cb0ded98105ff9bf08dc3feae91c279b101e,gx-no-cache=1528132530718 HTTP/1.1" 200 30
186.103.158.250 - - [04/Jun/2018:14:17:11 -0300] "POST /cormun/servlet/solicitudotadjuntos?c37a9719d7ac2e00a8ea940de4e2176f,INS,2018,11612,,1, HTTP/1.1" 200 116
186.103.158.250 - - [04/Jun/2018:14:17:11 -0300] "GET /cormun/servlet/hpexe_return? HTTP/1.1" 200 1023
186.103.158.250 - - [04/Jun/2018:14:17:11 -0300] "GET /cormun/servlet/trsolicitudadjuntos?2018,11612, HTTP/1.1" 200 8496
186.103.158.250 - - [04/Jun/2018:14:17:13 -0300] "GET /cormun/servlet/trsolicitudadjuntos?2018,11612, HTTP/1.1" 200 8491
186.103.158.250 - - [04/Jun/2018:14:17:17 -0300] "GET /cormun/servlet/solicitudotadjuntos?INS,2018,11612,,1, HTTP/1.1" 200 6003
186.103.158.250 - - [04/Jun/2018:14:17:17 -0300] "GET /cormun/static/about:blank HTTP/1.1" 404 1011
186.103.158.250 - - [04/Jun/2018:14:17:18 -0300] "GET /cormun/servlet/solicitudotadjuntos?INS,2018,11612,,1, HTTP/1.1" 200 5996
186.103.158.250 - - [04/Jun/2018:14:17:18 -0300] "GET /cormun/servlet/solicitudotadjuntos?0427fce139cce678e316cba39b57cb0d3a4543005d00fdb019c7a6c1584094cfb8c2562458aad8765793f57816085496,gx-no-cache=1528132538690 HTTP/1.1" 200 30
186.103.158.250 - - [04/Jun/2018:14:17:18 -0300] "POST /cormun/servlet/solicitudotadjuntos?c37a9719d7ac2e00a8ea940de4e2176f,INS,2018,11612,,1,,gx-no-cache=1528132538730 HTTP/1.1" 200 3794
186.103.159.182 - - [04/Jun/2018:14:17:21 -0300] "POST /cormun/servlet/solicitudot?gx-no-cache=1528132579065 HTTP/1.1" 200 1351
186.103.159.182 - - [04/Jun/2018:14:17:21 -0300] "POST /cormun/servlet/solicitudot?gx-no-cache=1528132579199 HTTP/1.1" 200 1249
186.103.159.182 - - [04/Jun/2018:14:17:21 -0300] "GET /cormun/servlet/solicitudot?0a4a6e390632d44522cae5ea8a7a009e42a7c8e839b0f1a2e2a8a64a1506cba6318c7ec536270bb5fdeda486994bb84f,gx-no-cache=1528132579246 HTTP/1.1" 200 30
186.103.159.182 - - [04/Jun/2018:14:17:21 -0300] "POST /cormun/servlet/solicitudot?gx-no-cache=1528132579282 HTTP/1.1" 200 34
186.103.158.250 - - [04/Jun/2018:14:17:23 -0300] "POST /cormun/servlet/solicitudotadjuntos?gx-no-cache=1528132543060 HTTP/1.1" 200 26
186.103.158.250 - - [04/Jun/2018:14:17:26 -0300] "POST /cormun/servlet/solicitudotadjuntos?gx-no-cache=1528132546578 HTTP/1.1" 200 26
192.168.10.96 - - [04/Jun/2018:14:17:28 -0300] "GET /cormun/servlet/vesolicitudgral?2018,10790,,SolicitudOTAdjuntos HTTP/1.1" 200 11410
192.168.10.96 - - [04/Jun/2018:14:17:30 -0300] "GET /cormun/servlet/vesolicitudgral?2018,10790,,SolicitudOTAdjuntos HTTP/1.1" 200 11410
192.168.10.96 - - [04/Jun/2018:14:17:30 -0300] "POST /cormun/servlet/acontrolpreferencessavestate?None,DZAMUDIO,true HTTP/1.1" 200 35
192.168.10.96 - - [04/Jun/2018:14:17:31 -0300] "GET /cormun/servlet/trsolicitudgral? HTTP/1.1" 200 11214
192.168.10.96 - - [04/Jun/2018:14:17:32 -0300] "GET /cormun/servlet/trsolicitudgral? HTTP/1.1" 200 11208
186.103.158.250 - - [04/Jun/2018:14:17:34 -0300] "GET /cormun/servlet/solicitudotadjuntos?0427fce139cce678e316cba39b57cb0ded98105ff9bf08dc3feae91c279b101e,gx-no-cache=1528132554327 HTTP/1.1" 200 30
186.103.158.250 - - [04/Jun/2018:14:17:34 -0300] "GET /cormun/servlet/solicitudotadjuntos?0427fce139cce678e316cba39b57cb0ded98105ff9bf08dc3feae91c279b101e,gx-no-cache=1528132554350 HTTP/1.1" 200 30
186.103.158.250 - - [04/Jun/2018:14:17:34 -0300] "POST /cormun/servlet/solicitudotadjuntos?c37a9719d7ac2e00a8ea940de4e2176f,INS,2018,11612,,1, HTTP/1.1" 200 116
186.103.158.250 - - [04/Jun/2018:14:17:34 -0300] "GET /cormun/servlet/hpexe_return? HTTP/1.1" 200 1023
186.103.158.250 - - [04/Jun/2018:14:17:35 -0300] "GET /cormun/servlet/trsolicitudadjuntos?2018,11612, HTTP/1.1" 200 8701
186.103.158.250 - - [04/Jun/2018:14:17:36 -0300] "GET /cormun/servlet/trsolicitudadjuntos?2018,11612, HTTP/1.1" 200 8698
186.103.158.250 - - [04/Jun/2018:14:17:38 -0300] "GET /cormun/servlet/solicitudotadjuntos?INS,2018,11612,,1, HTTP/1.1" 200 6003
186.103.158.250 - - [04/Jun/2018:14:17:38 -0300] "GET /cormun/static/about:blank HTTP/1.1" 404 1011
192.168.10.96 - - [04/Jun/2018:14:17:39 -0300] "POST /cormun/servlet/trsolicitudgral?f8095d7a3c12cb0a6ada9c03d2cd8484,,gx-no-cache=1528132461996 HTTP/1.1" 200 8010
186.103.158.250 - - [04/Jun/2018:14:17:39 -0300] "GET /cormun/servlet/solicitudotadjuntos?INS,2018,11612,,1, HTTP/1.1" 200 5996
186.103.158.250 - - [04/Jun/2018:14:17:40 -0300] "GET /cormun/servlet/solicitudotadjuntos?0427fce139cce678e316cba39b57cb0d3a4543005d00fdb019c7a6c1584094cfb8c2562458aad8765793f57816085496,gx-no-cache=1528132560246 HTTP/1.1" 200 30
186.103.158.250 - - [04/Jun/2018:14:17:40 -0300] "POST /cormun/servlet/solicitudotadjuntos?c37a9719d7ac2e00a8ea940de4e2176f,INS,2018,11612,,1,,gx-no-cache=1528132560299 HTTP/1.1" 200 3794
192.168.10.96 - - [04/Jun/2018:14:17:42 -0300] "GET /cormun/servlet/vesolicitudgral?2018,10584,, HTTP/1.1" 200 9211
192.168.10.96 - - [04/Jun/2018:14:17:42 -0300] "GET /cormun/pexe_scrolldiv.js HTTP/1.1" 404 1009
192.168.10.96 - - [04/Jun/2018:14:17:42 -0300] "GET /cormun/pexe_scrolldiv.js HTTP/1.1" 404 1009
192.168.10.96 - - [04/Jun/2018:14:17:42 -0300] "GET /cormun/servlet/vesolicitudgral?2018,10584,, HTTP/1.1" 200 9211
186.103.158.250 - - [04/Jun/2018:14:17:43 -0300] "POST /cormun/servlet/solicitudotadjuntos?gx-no-cache=1528132563148 HTTP/1.1" 200 26
192.168.10.96 - - [04/Jun/2018:14:17:44 -0300] "GET /cormun/servlet/vesolicitudgral?2018,10584,,SolicitudOTAdjuntos HTTP/1.1" 200 11177
192.168.10.96 - - [04/Jun/2018:14:17:44 -0300] "GET /cormun/pexe_scrolldiv.js HTTP/1.1" 404 1009
192.168.10.96 - - [04/Jun/2018:14:17:44 -0300] "GET /cormun/pexe_scrolldiv.js HTTP/1.1" 404 1009
192.168.10.96 - - [04/Jun/2018:14:17:44 -0300] "GET /cormun/servlet/vesolicitudgral?2018,10584,,SolicitudOTAdjuntos HTTP/1.1" 200 11180
192.168.10.96 - - [04/Jun/2018:14:17:45 -0300] "POST /cormun/servlet/acontrolpreferencessavestate?None,DZAMUDIO,true HTTP/1.1" 200 35
192.168.10.96 - - [04/Jun/2018:14:17:46 -0300] "GET /cormun/PublicTempStorage/carnet1487685.pdf HTTP/1.1" 200 30161
192.168.10.96 - - [04/Jun/2018:14:17:48 -0300] "GET /cormun/servlet/vesolicitudgral?2018,10584,,SolicitudOTAdjuntos HTTP/1.1" 200 11174
186.103.158.250 - - [04/Jun/2018:14:17:49 -0300] "GET /cormun/servlet/solicitudotadjuntos?0427fce139cce678e316cba39b57cb0ded98105ff9bf08dc3feae91c279b101e,gx-no-cache=1528132569128 HTTP/1.1" 200 30
186.103.158.250 - - [04/Jun/2018:14:17:49 -0300] "GET /cormun/servlet/solicitudotadjuntos?0427fce139cce678e316cba39b57cb0ded98105ff9bf08dc3feae91c279b101e,gx-no-cache=1528132569187 HTTP/1.1" 200 30
192.168.10.96 - - [04/Jun/2018:14:17:49 -0300] "GET /cormun/servlet/vesolicitudgral?2018,10584,,SolicitudOTAdjuntos HTTP/1.1" 200 11177
186.103.158.250 - - [04/Jun/2018:14:17:49 -0300] "POST /cormun/servlet/solicitudotadjuntos?c37a9719d7ac2e00a8ea940de4e2176f,INS,2018,11612,,1, HTTP/1.1" 200 116
186.103.158.250 - - [04/Jun/2018:14:17:49 -0300] "GET /cormun/servlet/hpexe_return? HTTP/1.1" 200 1023
186.103.158.250 - - [04/Jun/2018:14:17:49 -0300] "GET /cormun/servlet/trsolicitudadjuntos?2018,11612, HTTP/1.1" 200 8939
192.168.10.96 - - [04/Jun/2018:14:17:50 -0300] "POST /cormun/servlet/acontrolpreferencessavestate?None,DZAMUDIO,true HTTP/1.1" 200 35
186.103.158.250 - - [04/Jun/2018:14:17:51 -0300] "GET /cormun/servlet/trsolicitudadjuntos?2018,11612, HTTP/1.1" 200 8939
186.103.159.182 - - [04/Jun/2018:14:17:51 -0300] "GET /cormun/servlet/hlogin HTTP/1.1" 200 1726
186.103.158.250 - - [04/Jun/2018:14:17:53 -0300] "GET /cormun/servlet/solicitudotadjuntos?INS,2018,11612,,1, HTTP/1.1" 200 6003
186.103.158.250 - - [04/Jun/2018:14:17:54 -0300] "GET /cormun/static/about:blank HTTP/1.1" 404 1011
186.103.158.250 - - [04/Jun/2018:14:17:54 -0300] "GET /cormun/servlet/solicitudotadjuntos?INS,2018,11612,,1, HTTP/1.1" 200 5996
186.103.158.250 - - [04/Jun/2018:14:17:55 -0300] "GET /cormun/servlet/solicitudotadjuntos?0427fce139cce678e316cba39b57cb0d3a4543005d00fdb019c7a6c1584094cfb8c2562458aad8765793f57816085496,gx-no-cache=1528132575190 HTTP/1.1" 200 30
186.103.158.250 - - [04/Jun/2018:14:17:55 -0300] "POST /cormun/servlet/solicitudotadjuntos?c37a9719d7ac2e00a8ea940de4e2176f,INS,2018,11612,,1,,gx-no-cache=1528132575249 HTTP/1.1" 200 3794
186.103.159.182 - - [04/Jun/2018:14:17:58 -0300] "POST /cormun/servlet/hlogin?02b56bd58338dc2108ad2451b1c3f7ca,gx-no-cache=1528132615844 HTTP/1.1" 200 435
186.103.158.250 - - [04/Jun/2018:14:17:58 -0300] "POST /cormun/servlet/solicitudotadjuntos?gx-no-cache=1528132578404 HTTP/1.1" 200 26
186.103.158.250 - - [04/Jun/2018:14:18:01 -0300] "GET /cormun/servlet/solicitudotadjuntos?0427fce139cce678e316cba39b57cb0ded98105ff9bf08dc3feae91c279b101e,gx-no-cache=1528132581696 HTTP/1.1" 200 30
186.103.158.250 - - [04/Jun/2018:14:18:01 -0300] "GET /cormun/servlet/solicitudotadjuntos?0427fce139cce678e316cba39b57cb0ded98105ff9bf08dc3feae91c279b101e,gx-no-cache=1528132581764 HTTP/1.1" 200 30
186.103.158.250 - - [04/Jun/2018:14:18:02 -0300] "POST /cormun/servlet/solicitudotadjuntos?c37a9719d7ac2e00a8ea940de4e2176f,INS,2018,11612,,1, HTTP/1.1" 200 116
186.103.158.250 - - [04/Jun/2018:14:18:02 -0300] "GET /cormun/servlet/hpexe_return? HTTP/1.1" 200 1023
186.103.158.250 - - [04/Jun/2018:14:18:02 -0300] "GET /cormun/servlet/trsolicitudadjuntos?2018,11612, HTTP/1.1" 200 9117
186.103.158.250 - - [04/Jun/2018:14:18:03 -0300] "GET /cormun/servlet/trsolicitudadjuntos?2018,11612, HTTP/1.1" 200 9116
186.103.158.250 - - [04/Jun/2018:14:18:06 -0300] "GET /cormun/servlet/solicitudotadjuntos?INS,2018,11612,,1, HTTP/1.1" 200 6003
186.103.158.250 - - [04/Jun/2018:14:18:06 -0300] "GET /cormun/static/about:blank HTTP/1.1" 404 1011
186.103.159.182 - - [04/Jun/2018:14:18:06 -0300] "POST /cormun/servlet/hlogin?02b56bd58338dc2108ad2451b1c3f7ca,gx-no-cache=1528132624427 HTTP/1.1" 200 435
192.168.10.96 - - [04/Jun/2018:14:18:07 -0300] "GET /cormun/PublicTempStorage/titulo7569528.pdf HTTP/1.1" 200 36601
186.103.158.250 - - [04/Jun/2018:14:18:07 -0300] "GET /cormun/servlet/solicitudotadjuntos?INS,2018,11612,,1, HTTP/1.1" 200 5996
186.103.158.250 - - [04/Jun/2018:14:18:08 -0300] "GET /cormun/servlet/solicitudotadjuntos?0427fce139cce678e316cba39b57cb0d3a4543005d00fdb019c7a6c1584094cfb8c2562458aad8765793f57816085496,gx-no-cache=1528132588282 HTTP/1.1" 200 30
186.103.158.250 - - [04/Jun/2018:14:18:08 -0300] "POST /cormun/servlet/solicitudotadjuntos?c37a9719d7ac2e00a8ea940de4e2176f,INS,2018,11612,,1,,gx-no-cache=1528132588334 HTTP/1.1" 200 3794
186.103.158.250 - - [04/Jun/2018:14:18:10 -0300] "POST /cormun/servlet/solicitudotadjuntos?gx-no-cache=1528132590820 HTTP/1.1" 200 26
186.103.159.182 - - [04/Jun/2018:14:18:13 -0300] "POST /cormun/servlet/hlogin?02b56bd58338dc2108ad2451b1c3f7ca,gx-no-cache=1528132630890 HTTP/1.1" 200 90
186.103.159.182 - - [04/Jun/2018:14:18:13 -0300] "GET /cormun/servlet/hpexe_link HTTP/1.1" 200 975
186.103.159.182 - - [04/Jun/2018:14:18:13 -0300] "GET /cormun/servlet/prlicenciaspermisos?13718092,L,,MD, HTTP/1.1" 200 5808
186.103.158.250 - - [04/Jun/2018:14:18:16 -0300] "GET /cormun/servlet/solicitudotadjuntos?0427fce139cce678e316cba39b57cb0ded98105ff9bf08dc3feae91c279b101e,gx-no-cache=1528132595344 HTTP/1.1" 200 30
186.103.158.250 - - [04/Jun/2018:14:18:16 -0300] "GET /cormun/servlet/solicitudotadjuntos?0427fce139cce678e316cba39b57cb0ded98105ff9bf08dc3feae91c279b101e,gx-no-cache=1528132596937 HTTP/1.1" 200 30
192.168.10.96 - - [04/Jun/2018:14:18:17 -0300] "GET /cormun/servlet/vesolicitudgral?2018,10584,,SolicitudOTAdjuntos HTTP/1.1" 200 11173
192.168.10.96 - - [04/Jun/2018:14:18:18 -0300] "GET /cormun/servlet/vesolicitudgral?2018,10584,,SolicitudOTAdjuntos HTTP/1.1" 200 11178
192.168.10.96 - - [04/Jun/2018:14:18:18 -0300] "POST /cormun/servlet/acontrolpreferencessavestate?None,DZAMUDIO,true HTTP/1.1" 200 35
192.168.10.96 - - [04/Jun/2018:14:18:20 -0300] "GET /cormun/PublicTempStorage/ant896154.pdf HTTP/1.1" 200 107754
186.103.158.250 - - [04/Jun/2018:14:18:21 -0300] "POST /cormun/servlet/solicitudotadjuntos?c37a9719d7ac2e00a8ea940de4e2176f,INS,2018,11612,,1, HTTP/1.1" 200 116
186.103.158.250 - - [04/Jun/2018:14:18:21 -0300] "GET /cormun/servlet/hpexe_return? HTTP/1.1" 200 1023
186.103.158.250 - - [04/Jun/2018:14:18:22 -0300] "GET /cormun/servlet/trsolicitudadjuntos?2018,11612, HTTP/1.1" 200 9365
186.103.158.250 - - [04/Jun/2018:14:18:23 -0300] "GET /cormun/servlet/trsolicitudadjuntos?2018,11612, HTTP/1.1" 200 9365
186.103.159.182 - - [04/Jun/2018:14:18:26 -0300] "GET /cormun/ HTTP/1.1" 404 975
186.103.158.250 - - [04/Jun/2018:14:18:26 -0300] "GET /cormun/servlet/solicitudotadjuntos?INS,2018,11612,,1, HTTP/1.1" 200 6003
186.103.158.250 - - [04/Jun/2018:14:18:27 -0300] "GET /cormun/static/about:blank HTTP/1.1" 404 1011
186.103.158.250 - - [04/Jun/2018:14:18:27 -0300] "GET /cormun/servlet/solicitudotadjuntos?INS,2018,11612,,1, HTTP/1.1" 200 5996
186.103.158.250 - - [04/Jun/2018:14:18:27 -0300] "GET /cormun/servlet/solicitudotadjuntos?0427fce139cce678e316cba39b57cb0d3a4543005d00fdb019c7a6c1584094cfb8c2562458aad8765793f57816085496,gx-no-cache=1528132607896 HTTP/1.1" 200 30
186.103.158.250 - - [04/Jun/2018:14:18:28 -0300] "POST /cormun/servlet/solicitudotadjuntos?c37a9719d7ac2e00a8ea940de4e2176f,INS,2018,11612,,1,,gx-no-cache=1528132607956 HTTP/1.1" 200 3794
186.103.159.182 - - [04/Jun/2018:14:18:29 -0300] "GET /cormun/servlet/hlogin HTTP/1.1" 200 1726
186.103.158.250 - - [04/Jun/2018:14:18:30 -0300] "POST /cormun/servlet/solicitudotadjuntos?gx-no-cache=1528132610997 HTTP/1.1" 200 26
186.103.159.182 - - [04/Jun/2018:14:18:35 -0300] "POST /cormun/servlet/solicitudot?02b56bd58338dc2108ad2451b1c3f7ca,INS,0,0,,gx-no-cache=1528132653038 HTTP/1.1" 200 93
186.103.159.182 - - [04/Jun/2018:14:18:35 -0300] "GET /cormun/servlet/hpexe_return? HTTP/1.1" 200 1007
186.103.159.182 - - [04/Jun/2018:14:18:35 -0300] "GET /cormun/static/gxcfg.js?2016101716175148 HTTP/1.1" 304 -
186.103.159.182 - - [04/Jun/2018:14:18:36 -0300] "GET /cormun/servlet/trsolicitudot HTTP/1.1" 200 8021
186.103.158.250 - - [04/Jun/2018:14:18:36 -0300] "GET /cormun/servlet/solicitudotadjuntos?0427fce139cce678e316cba39b57cb0ded98105ff9bf08dc3feae91c279b101e,gx-no-cache=1528132616359 HTTP/1.1" 200 30
186.103.158.250 - - [04/Jun/2018:14:18:36 -0300] "GET /cormun/servlet/solicitudotadjuntos?0427fce139cce678e316cba39b57cb0ded98105ff9bf08dc3feae91c279b101e,gx-no-cache=1528132616470 HTTP/1.1" 200 30
186.103.158.250 - - [04/Jun/2018:14:18:36 -0300] "POST /cormun/servlet/solicitudotadjuntos?c37a9719d7ac2e00a8ea940de4e2176f,INS,2018,11612,,1, HTTP/1.1" 200 116
186.103.158.250 - - [04/Jun/2018:14:18:36 -0300] "GET /cormun/servlet/hpexe_return? HTTP/1.1" 200 1023
186.103.159.182 - - [04/Jun/2018:14:18:37 -0300] "GET /cormun/servlet/hlogin HTTP/1.1" 200 1738
186.103.159.182 - - [04/Jun/2018:14:18:37 -0300] "GET /cormun/servlet/trsolicitudot HTTP/1.1" 200 8017
186.103.158.250 - - [04/Jun/2018:14:18:37 -0300] "GET /cormun/servlet/trsolicitudadjuntos?2018,11612, HTTP/1.1" 200 9617
186.103.158.250 - - [04/Jun/2018:14:18:38 -0300] "GET /cormun/servlet/trsolicitudadjuntos?2018,11612, HTTP/1.1" 200 9615
186.103.159.182 - - [04/Jun/2018:14:18:42 -0300] "POST /cormun/servlet/hlogin?02b56bd58338dc2108ad2451b1c3f7ca,gx-no-cache=1528132659684 HTTP/1.1" 200 90
186.103.159.182 - - [04/Jun/2018:14:18:42 -0300] "GET /cormun/servlet/hpexe_link HTTP/1.1" 200 956
186.103.159.182 - - [04/Jun/2018:14:18:42 -0300] "GET /cormun/servlet/trsolicitudot HTTP/1.1" 200 7471
186.103.159.182 - - [04/Jun/2018:14:18:43 -0300] "GET /cormun/servlet/trsolicitudot HTTP/1.1" 200 7470
186.103.158.250 - - [04/Jun/2018:14:18:45 -0300] "GET /cormun/servlet/trvisualizadoreventos? HTTP/1.1" 200 6703
186.103.159.182 - - [04/Jun/2018:14:18:46 -0300] "POST /cormun/servlet/trsolicitudot?02b56bd58338dc2108ad2451b1c3f7ca,gx-no-cache=1528132664063 HTTP/1.1" 200 4467
186.103.158.250 - - [04/Jun/2018:14:18:46 -0300] "GET /cormun/servlet/trvisualizadoreventos? HTTP/1.1" 200 6690
186.103.159.182 - - [04/Jun/2018:14:18:48 -0300] "GET /cormun/servlet/solicitudot?INS,0,0, HTTP/1.1" 200 13701
186.103.159.182 - - [04/Jun/2018:14:18:49 -0300] "GET /cormun/servlet/solicitudot?INS,0,0, HTTP/1.1" 200 13705
186.103.158.250 - - [04/Jun/2018:14:18:50 -0300] "GET /cormun/servlet/trsolicitudot? HTTP/1.1" 200 8523
186.103.158.250 - - [04/Jun/2018:14:18:52 -0300] "GET /cormun/servlet/trsolicitudot? HTTP/1.1" 200 8523
186.103.159.182 - - [04/Jun/2018:14:18:54 -0300] "POST /cormun/servlet/solicitudot?gx-no-cache=1528132671714 HTTP/1.1" 200 3410
186.103.159.182 - - [04/Jun/2018:14:18:54 -0300] "POST /cormun/servlet/solicitudot?02b56bd58338dc2108ad2451b1c3f7ca,INS,0,0,,gx-no-cache=1528132671835 HTTP/1.1" 200 10552
186.103.159.182 - - [04/Jun/2018:14:18:56 -0300] "GET /cormun/servlet/solicitudot?0a4a6e390632d44522cae5ea8a7a009e4e7496c011d12f4c587ac5544600554fccaa56a7db0b6fba74197097cd6d5ad0,gx-no-cache=1528132674075 HTTP/1.1" 200 30
186.103.159.182 - - [04/Jun/2018:14:18:56 -0300] "GET /cormun/servlet/solicitudot?0a4a6e390632d44522cae5ea8a7a009e580b57bdb8ca6d0b1adf2a52489fc632251be60cc89e5e9b62c190ed2d71081ffa4681dfe05202ef98a1c42d7a4a9015,gx-no-cache=1528132674111 HTTP/1.1" 200 30
186.103.159.182 - - [04/Jun/2018:14:18:56 -0300] "GET /cormun/servlet/solicitudot?0a4a6e390632d44522cae5ea8a7a009ed8e1b75489df5b35b0e75f8da26e8405,gx-no-cache=1528132674141 HTTP/1.1" 200 53
186.103.159.182 - - [04/Jun/2018:14:18:56 -0300] "POST /cormun/servlet/solicitudot?gx-no-cache=1528132674176 HTTP/1.1" 200 240
186.103.159.182 - - [04/Jun/2018:14:18:56 -0300] "GET /cormun/servlet/solicitudot?0a4a6e390632d44522cae5ea8a7a009e49b0be7d3f37d0f0629035e81c1fbf5ff7be16c5d4be45bd2c9cf06c5015803a44ae8c80c22a3a9ed808fd3bf3d27d743afecceef139a8582e4bf612cb2018bdafd62a2b658f657719abeadf604c3ad8e2ef9cc6fa7b68a91760c9743725fbb22ae6cc6c2cbacb22228d6c1f62701c487bb1da05d1032249fbc36b2d61ad97a2f57be1473d3d1df60ff5797372ce600771a3d922691f0507e7e4d1b77bdedb73ca9ca10cd3c6e90d96a5071a4ce93b7489480862ab97be866381c53f4aa12de3845251e11d6f7617844bf19b3683c5821f8fb42cc10d52cabf257fc1e294f2f1e783cd537424641c3049c5538bba0f6d9aa2cb615204a1108604f06994bfd2d98f0ab494c24814c58ef0a4fea87fe6b4f47f93c31a2a10dcbad72c219e9bfcb3615bc87350ad2d8a24cec3982186a5ae17b14a5ebad5482221b54259698b3d0be11c6867606b90ff19a8fa178f0d46a0489ac95282b6608acb94a65540f498ebd5141adc648ee4cb565555b18fa07851,gx-no-cache=1528132674221 HTTP/1.1" 200 30
186.103.159.182 - - [04/Jun/2018:14:18:58 -0300] "POST /cormun/servlet/solicitudot?gx-no-cache=1528132675922 HTTP/1.1" 200 30
186.103.158.250 - - [04/Jun/2018:14:19:02 -0300] "POST /cormun/servlet/trsolicitudot?c37a9719d7ac2e00a8ea940de4e2176f,,gx-no-cache=1528132642019 HTTP/1.1" 200 4472
186.103.158.250 - - [04/Jun/2018:14:19:02 -0300] "GET /cormun/static/Shared/jqueryui/images/ui-bg_highlight-soft_100_c6c2c8_1x100.png HTTP/1.1" 404 1117
186.103.158.250 - - [04/Jun/2018:14:19:02 -0300] "GET /cormun/static/Shared/jqueryui/images/ui-icons_82798d_256x240.png HTTP/1.1" 404 1089
186.103.158.250 - - [04/Jun/2018:14:19:02 -0300] "GET /cormun/static/Shared/jqueryui/images/ui-bg_flat_55_fafafa_40x100.png HTTP/1.1" 404 1097
186.103.158.250 - - [04/Jun/2018:14:19:02 -0300] "GET /cormun/static/Shared/jqueryui/images/ui-icons_8d78a5_256x240.png HTTP/1.1" 404 1089
186.103.158.250 - - [04/Jun/2018:14:19:03 -0300] "POST /cormun/servlet/trsolicitudot?c37a9719d7ac2e00a8ea940de4e2176f,,gx-no-cache=1528132642402 HTTP/1.1" 200 4250
186.103.159.182 - - [04/Jun/2018:14:19:09 -0300] "GET /cormun/servlet/prfichaempleado?,MD,,gxPopupLevel%3D0%3B HTTP/1.1" 200 9428
186.103.159.182 - - [04/Jun/2018:14:19:09 -0300] "GET /cormun/static/gxcfg.js?20177612134814 HTTP/1.1" 304 -
186.103.159.182 - - [04/Jun/2018:14:19:12 -0300] "POST /cormun/servlet/prfichaempleado?02b56bd58338dc2108ad2451b1c3f7ca,,MD,,gxPopupLevel%3D0%3B,gx-no-cache=1528132690279 HTTP/1.1" 200 4412
186.103.159.182 - - [04/Jun/2018:14:19:32 -0300] "GET /cormun/servlet/prlicenciaspermisos?13718092,L,,MD,,gxPopupLevel%3D0%3B HTTP/1.1" 200 5812
186.103.159.182 - - [04/Jun/2018:14:19:34 -0300] "POST /cormun/servlet/solicitudot?gx-no-cache=1528132712273 HTTP/1.1" 200 1368
186.103.159.182 - - [04/Jun/2018:14:19:36 -0300] "POST /cormun/servlet/solicitudot?gx-no-cache=1528132714179 HTTP/1.1" 200 41
186.103.159.182 - - [04/Jun/2018:14:19:36 -0300] "GET /cormun/servlet/solicitudot?0a4a6e390632d44522cae5ea8a7a009ef92c71a3bc8e6b601a9f2feaff9cd15f91c6099e05e3f7c37640f908ce61a5828d4de4d5c5cb330bd00bb490e321faf9a9a0c2f9c43de903f5f2213f8b8d1d2b3b78e7541a81a50208ef6e4e4dd3a6e84f7578b64ff7e68e9a5e71a053b1f13bd7f9481413e6238a2eb07b524430c9f26f5b64acc9cd89316783577e9ed3ccffede9475ef6a04b67f0c8b7f94b4d5efb,gx-no-cache=1528132714214 HTTP/1.1" 200 29
186.103.159.182 - - [04/Jun/2018:14:19:36 -0300] "POST /cormun/servlet/solicitudot?gx-no-cache=1528132714283 HTTP/1.1" 200 1351
186.103.159.182 - - [04/Jun/2018:14:19:36 -0300] "POST /cormun/servlet/solicitudot?gx-no-cache=1528132714379 HTTP/1.1" 200 1249
186.103.159.182 - - [04/Jun/2018:14:19:38 -0300] "GET /cormun/static/menuarrow.gif HTTP/1.1" 404 1015
186.103.159.182 - - [04/Jun/2018:14:19:40 -0300] "POST /cormun/servlet/solicitudot?gx-no-cache=1528132717687 HTTP/1.1" 200 1351
186.103.159.182 - - [04/Jun/2018:14:19:40 -0300] "POST /cormun/servlet/solicitudot?gx-no-cache=1528132717743 HTTP/1.1" 200 1249
186.103.159.182 - - [04/Jun/2018:14:19:44 -0300] "POST /cormun/servlet/solicitudot?gx-no-cache=1528132721766 HTTP/1.1" 200 1351
186.103.159.182 - - [04/Jun/2018:14:19:44 -0300] "POST /cormun/servlet/solicitudot?gx-no-cache=1528132721832 HTTP/1.1" 200 1249
186.103.159.182 - - [04/Jun/2018:14:19:44 -0300] "GET /cormun/servlet/solicitudot?0a4a6e390632d44522cae5ea8a7a009e42a7c8e839b0f1a2e2a8a64a1506cba6318c7ec536270bb5fdeda486994bb84f,gx-no-cache=1528132721897 HTTP/1.1" 200 30
186.103.159.182 - - [04/Jun/2018:14:19:44 -0300] "POST /cormun/servlet/solicitudot?gx-no-cache=1528132721993 HTTP/1.1" 200 34
186.103.159.182 - - [04/Jun/2018:14:20:05 -0300] "POST /cormun/servlet/solicitudot?02b56bd58338dc2108ad2451b1c3f7ca,INS,0,0,,gx-no-cache=1528132742485 HTTP/1.1" 200 93
186.103.159.182 - - [04/Jun/2018:14:20:05 -0300] "GET /cormun/servlet/hpexe_return? HTTP/1.1" 200 1028
186.103.159.182 - - [04/Jun/2018:14:20:05 -0300] "GET /cormun/servlet/trsolicitudot?gx-no-cache=1528132664063 HTTP/1.1" 200 8909
186.103.159.182 - - [04/Jun/2018:14:20:06 -0300] "GET /cormun/servlet/trsolicitudot?gx-no-cache=1528132664063 HTTP/1.1" 200 8927
186.103.159.230 - - [04/Jun/2018:14:20:09 -0300] "GET /cormun/servlet/trpermisosgoce HTTP/1.1" 200 6107
186.103.159.230 - - [04/Jun/2018:14:20:09 -0300] "GET /cormun/static/calendar-system.css?75620 HTTP/1.1" 200 5572
186.103.159.230 - - [04/Jun/2018:14:20:09 -0300] "GET /cormun/static/Shared/jqueryui/jquery-ui.min.css?1245370 HTTP/1.1" 200 30288
186.103.159.230 - - [04/Jun/2018:14:20:09 -0300] "GET /cormun/static/gxui/gxui-all.css?110300 HTTP/1.1" 200 2179
186.103.159.230 - - [04/Jun/2018:14:20:09 -0300] "GET /cormun/static/SmoothNavMenu/resources/ddsmoothmenu-v.css?1012540 HTTP/1.1" 200 1188
186.103.159.230 - - [04/Jun/2018:14:20:09 -0300] "GET /cormun/static/SmoothNavMenu/resources/ddsmoothmenu.css?1012540 HTTP/1.1" 200 2223
186.103.159.230 - - [04/Jun/2018:14:20:09 -0300] "GET /cormun/static/scaMessage/css/jquery.pnotify.default.css?1716380 HTTP/1.1" 200 1707
186.103.159.230 - - [04/Jun/2018:14:20:09 -0300] "GET /cormun/static/gxtimezone.js?85251 HTTP/1.1" 200 5781
186.103.159.230 - - [04/Jun/2018:14:20:09 -0300] "GET /cormun/static/gxcfg.js?20177612163875 HTTP/1.1" 200 953
186.103.159.230 - - [04/Jun/2018:14:20:09 -0300] "GET /cormun/static/Resources/Spanish/PXTools.css?1155365 HTTP/1.1" 200 89042
186.103.159.230 - - [04/Jun/2018:14:20:09 -0300] "GET /cormun/static/calendar-setup.js?85251 HTTP/1.1" 200 2588
186.103.159.230 - - [04/Jun/2018:14:20:09 -0300] "GET /cormun/static/calendar.js?85251 HTTP/1.1" 200 26246
186.103.159.230 - - [04/Jun/2018:14:20:09 -0300] "GET /cormun/static/calendar-es.js?85251 HTTP/1.1" 200 1901
186.103.159.230 - - [04/Jun/2018:14:20:09 -0300] "GET /cormun/static/Shared/ext/resources/css/ext-all.css?205870 HTTP/1.1" 200 416045
186.103.159.230 - - [04/Jun/2018:14:20:09 -0300] "GET /cormun/static/RunJS/RunJS.js HTTP/1.1" 200 288
186.103.159.230 - - [04/Jun/2018:14:20:09 -0300] "GET /cormun/static/PXToolsJavascripts/pexe_autoreload.js HTTP/1.1" 200 1762
186.103.159.230 - - [04/Jun/2018:14:20:09 -0300] "GET /cormun/static/gxgral.js?85251 HTTP/1.1" 200 384558
186.103.159.230 - - [04/Jun/2018:14:20:09 -0300] "GET /cormun/static/gxui/gxui-all.js HTTP/1.1" 200 107772
186.103.159.230 - - [04/Jun/2018:14:20:09 -0300] "GET /cormun/static/PXToolsJavascripts/pexe_cookies.js HTTP/1.1" 200 792
186.103.159.230 - - [04/Jun/2018:14:20:09 -0300] "GET /cormun/static/PXToolsJavascripts/pexe_windows.js HTTP/1.1" 200 15207
186.103.159.230 - - [04/Jun/2018:14:20:09 -0300] "GET /cormun/static/PXToolsJavascripts/pexe_grid.js HTTP/1.1" 200 7559
186.103.159.230 - - [04/Jun/2018:14:20:09 -0300] "GET /cormun/static/PXToolsJavascripts/pexe_griddivfix.js HTTP/1.1" 200 6644
186.103.159.230 - - [04/Jun/2018:14:20:09 -0300] "GET /cormun/static/PXToolsJavascripts/pexe_link.js HTTP/1.1" 200 5671
186.103.159.230 - - [04/Jun/2018:14:20:09 -0300] "GET /cormun/static/PXToolsJavascripts/pexe_menudivfix.js HTTP/1.1" 200 333
186.103.159.230 - - [04/Jun/2018:14:20:09 -0300] "GET /cormun/static/PXToolsJavascripts/pexe_menus.js HTTP/1.1" 200 1286
186.103.159.230 - - [04/Jun/2018:14:20:09 -0300] "GET /cormun/static/PXToolsJavascripts/pexe_layers.js HTTP/1.1" 200 4114
186.103.159.230 - - [04/Jun/2018:14:20:09 -0300] "GET /cormun/static/PXToolsJavascripts/pexe_oavdivfix.js HTTP/1.1" 200 639
186.103.159.230 - - [04/Jun/2018:14:20:09 -0300] "GET /cormun/static/PXToolsJavascripts/pexe_oav.js HTTP/1.1" 200 645
186.103.159.230 - - [04/Jun/2018:14:20:09 -0300] "GET /cormun/static/PXToolsJavascripts/pexe_picture.js HTTP/1.1" 200 689
186.103.159.230 - - [04/Jun/2018:14:20:09 -0300] "GET /cormun/static/PXToolsJavascripts/pexe_popup.js HTTP/1.1" 200 13458
186.103.159.230 - - [04/Jun/2018:14:20:09 -0300] "GET /cormun/static/PXToolsJavascripts/pexe_scrolldiv.js HTTP/1.1" 200 4138
186.103.159.230 - - [04/Jun/2018:14:20:09 -0300] "GET /cormun/static/PXToolsJavascripts/pexe_tabdivfix.js HTTP/1.1" 200 876
186.103.159.230 - - [04/Jun/2018:14:20:09 -0300] "GET /cormun/static/PXToolsJavascripts/pexe_tabs.js HTTP/1.1" 200 3748
186.103.159.230 - - [04/Jun/2018:14:20:09 -0300] "GET /cormun/static/PXToolsJavascripts/pexe_upload.js HTTP/1.1" 200 1423
186.103.159.230 - - [04/Jun/2018:14:20:09 -0300] "GET /cormun/static/PXToolsJavascripts/PXToolsJavascriptsRender.js HTTP/1.1" 200 367
186.103.159.230 - - [04/Jun/2018:14:20:10 -0300] "GET /cormun/static/Shared/ext/locale/ext-lang-en.js HTTP/1.1" 200 10940
186.103.159.230 - - [04/Jun/2018:14:20:10 -0300] "GET /cormun/static/messages.spa.js?85251 HTTP/1.1" 200 30736
186.103.159.230 - - [04/Jun/2018:14:20:10 -0300] "GET /cormun/static/gxdec.js?85251 HTTP/1.1" 200 19579
186.103.159.230 - - [04/Jun/2018:14:20:10 -0300] "GET /cormun/static/trpermisosgoce.js?20177612164335 HTTP/1.1" 200 35904
186.103.159.230 - - [04/Jun/2018:14:20:10 -0300] "GET /cormun/static/hwchdr01.js?201752511465785 HTTP/1.1" 200 1183
186.103.159.230 - - [04/Jun/2018:14:20:10 -0300] "GET /cormun/static/hpexe_recentlink.js?20177611595044 HTTP/1.1" 200 2144
186.103.159.230 - - [04/Jun/2018:14:20:10 -0300] "GET /cormun/static/hpexe_scripts.js?201752511465715 HTTP/1.1" 200 1544
186.103.159.230 - - [04/Jun/2018:14:20:10 -0300] "GET /cormun/static/hpexe_messagecontroller.js?20177611595012 HTTP/1.1" 200 870
186.103.159.230 - - [04/Jun/2018:14:20:10 -0300] "GET /cormun/static/hpexe_messagepopupcomponent.js?20161017169425 HTTP/1.1" 200 605
186.103.159.230 - - [04/Jun/2018:14:20:10 -0300] "GET /cormun/static/hpexe_messagegenexuscomponent.js?201752511465344 HTTP/1.1" 200 587
186.103.159.230 - - [04/Jun/2018:14:20:10 -0300] "GET /cormun/static/cmcontrolpreferences.js?201752511465670 HTTP/1.1" 200 1375
186.103.159.230 - - [04/Jun/2018:14:20:11 -0300] "GET /cormun/static/Shared/jquery/jquery-1.4.2.min.js HTTP/1.1" 200 72174
186.103.159.230 - - [04/Jun/2018:14:20:11 -0300] "GET /cormun/static/Shared/jquery/jquery-1.10.2.min.js HTTP/1.1" 200 273199
186.103.159.230 - - [04/Jun/2018:14:20:11 -0300] "GET /cormun/static/Shared/ext/ext-all.js HTTP/1.1" 200 1289687
186.103.159.230 - - [04/Jun/2018:14:20:12 -0300] "GET /cormun/static/SmoothNavMenu/resources/SmoothNavMenuRender.js HTTP/1.1" 200 5951
