186.103.159.189 - - [01/Jun/2018:11:16:35 -0300] "GET /cormun/servlet/licenciaspermisos?UPD,17134446,L,20180601000000, HTTP/1.1" 200 7744
186.103.159.189 - - [01/Jun/2018:11:16:36 -0300] "GET /cormun/servlet/licenciaspermisos?5b8ac3012755f94189f2d5614b48a988abfa7231a26c225d940e3667a2f74c9fad7a996626660a7caa5112e694da17902b92781187a4056dbb54bf3cafb39975098a19bb68751a8aad90edd27773a6139b04bd2601d519db8aa8087f8d8d9dea,gx-no-cache=1527862537821 HTTP/1.1" 200 102
186.103.159.189 - - [01/Jun/2018:11:16:41 -0300] "GET /cormun/static/menuarrow.gif HTTP/1.1" 404 1015
186.103.159.189 - - [01/Jun/2018:11:16:54 -0300] "GET /cormun/servlet/licenciaspermisos?5b8ac3012755f94189f2d5614b48a988ff1f982f6af2813a024fbc4a30cd02eef63a0cc1668f6fa7d14f4498af7a91aba3f02f1c4135836b3c804c3228482a18832084c4b0226e46671fcd782e61018e9d0826202a67478ce2083f682492ddf733cc844e7570489e30fe27befbe9bc8fd24e95c7f01b99d63023c528a86c8952f4caa4d48cbc34e98e83ded170bcb13da280ed3a9079bebbb48b330079759188be80ba2a0e3290f12bdeb3499e70fba7f00c481864b5ed6fd8e3f36954d525e1e7910dc46fc58cd5ace16b6aadcede9e9811fdf8eee80a96b7092a3e22500f99,gx-no-cache=1527862555755 HTTP/1.1" 200 30
186.103.159.189 - - [01/Jun/2018:11:16:54 -0300] "GET /cormun/servlet/licenciaspermisos?5b8ac3012755f94189f2d5614b48a988da76434efafe90f874b7530e0e060a6537aa6b0cb69599856119bf85fb655590d54752ef9ffa601ff5fef326f397bedc85603d3775d615fdd9c5aabf9916f22089c40bb2750d97dab47b08de90fcd9a1f1066fb1bd328a496717c0f925938f83c2523cbed94425d8818b16d48b5ce08d5639abd870a8cf9950296934364586bb0eb489390a5f2788a800673393c57ddd1375a76609dce2dab60ae97b803f82945e19206fafec58e1ef1f450dd7665fa08dd3ffa42ac516f1759324ecd499724983ac3746a20d435831b73e26ea9922e9,gx-no-cache=1527862555788 HTTP/1.1" 200 29
186.103.159.189 - - [01/Jun/2018:11:16:54 -0300] "POST /cormun/servlet/licenciaspermisos?920e7c19b9c32745e76f10b6b70dcbd4,UPD,17134446,L,20180601000000,,gx-no-cache=1527862555829 HTTP/1.1" 200 93
186.103.159.189 - - [01/Jun/2018:11:16:55 -0300] "GET /cormun/servlet/hpexe_return? HTTP/1.1" 200 1028
186.103.159.189 - - [01/Jun/2018:11:16:55 -0300] "GET /cormun/servlet/trlicencias HTTP/1.1" 200 12620
186.103.159.189 - - [01/Jun/2018:11:16:57 -0300] "GET /cormun/servlet/trlicencias HTTP/1.1" 200 12615
186.103.159.186 - - [01/Jun/2018:11:17:00 -0300] "POST /cormun/servlet/trlicencias?181ea8d67a63827826abd069b6311b58,gx-no-cache=1527861908289,gx-no-cache=1527862558875 HTTP/1.1" 200 8272
186.103.159.186 - - [01/Jun/2018:11:17:01 -0300] "GET /cormun/static/Shared/jqueryui/images/ui-bg_highlight-soft_100_c6c2c8_1x100.png HTTP/1.1" 404 1117
186.103.159.186 - - [01/Jun/2018:11:17:01 -0300] "GET /cormun/static/Shared/jqueryui/images/ui-icons_82798d_256x240.png HTTP/1.1" 404 1089
186.103.159.186 - - [01/Jun/2018:11:17:01 -0300] "GET /cormun/static/Shared/jqueryui/images/ui-bg_flat_55_fafafa_40x100.png HTTP/1.1" 404 1097
186.103.159.186 - - [01/Jun/2018:11:17:01 -0300] "GET /cormun/static/Shared/jqueryui/images/ui-icons_8d78a5_256x240.png HTTP/1.1" 404 1089
186.103.159.189 - - [01/Jun/2018:11:17:09 -0300] "GET /cormun/servlet/alicenciaprn?17134446,L,20180601000000,PU HTTP/1.1" 200 1554
186.103.159.189 - - [01/Jun/2018:11:17:12 -0300] "GET /cormun/servlet/alicenciaprn?17134446,L,20180601000000,PU HTTP/1.1" 200 1554
200.112.6.85 - - [01/Jun/2018:11:18:38 -0300] "GET /cormun/static/menuarrow.gif HTTP/1.1" 404 1015
200.112.6.85 - - [01/Jun/2018:11:18:59 -0300] "GET /cormun/servlet/trautorizarsolicitud? HTTP/1.1" 200 8716
200.112.6.85 - - [01/Jun/2018:11:19:00 -0300] "GET /cormun/servlet/trautorizarsolicitud? HTTP/1.1" 200 8716
200.112.6.85 - - [01/Jun/2018:11:19:00 -0300] "GET /favicon.ico HTTP/1.1" 200 21630
200.54.247.70 - - [01/Jun/2018:11:19:23 -0300] "GET /cormun/servlet/hlogin HTTP/1.1" 200 1726
200.54.247.70 - - [01/Jun/2018:11:19:29 -0300] "POST /cormun/servlet/hlogin?458c669629951feaa8bd6dcb9dea2d32,gx-no-cache=1527862708791 HTTP/1.1" 200 90
200.54.247.70 - - [01/Jun/2018:11:19:30 -0300] "GET /cormun/servlet/hpexe_link HTTP/1.1" 200 953
200.54.247.70 - - [01/Jun/2018:11:19:31 -0300] "GET /cormun/servlet/hhome HTTP/1.1" 200 4236
200.54.247.70 - - [01/Jun/2018:11:19:32 -0300] "GET /cormun/servlet/hhome HTTP/1.1" 200 4233
200.54.247.70 - - [01/Jun/2018:11:19:35 -0300] "GET /cormun/servlet/trcontratounov2? HTTP/1.1" 200 17524
200.54.247.70 - - [01/Jun/2018:11:19:39 -0300] "GET /cormun/servlet/trcontratounov2? HTTP/1.1" 200 17542
200.54.247.70 - - [01/Jun/2018:11:19:45 -0300] "POST /cormun/servlet/trcontratounov2?458c669629951feaa8bd6dcb9dea2d32,,gx-no-cache=1527862724481 HTTP/1.1" 200 7720
186.103.159.189 - - [01/Jun/2018:11:19:47 -0300] "GET /cormun/servlet/hlogin HTTP/1.1" 200 1726
186.103.159.189 - - [01/Jun/2018:11:19:49 -0300] "GET /cormun/static/gxcfg.js?20175251213516 HTTP/1.1" 304 -
186.103.159.189 - - [01/Jun/2018:11:19:50 -0300] "GET /cormun/servlet/hlogin HTTP/1.1" 200 1736
186.103.159.189 - - [01/Jun/2018:11:19:50 -0300] "GET /favicon.ico HTTP/1.1" 200 21630
186.103.159.189 - - [01/Jun/2018:11:19:57 -0300] "POST /cormun/servlet/hlogin?4f2951a3f82e59cea047cbafcd42ef95,gx-no-cache=1527862731167 HTTP/1.1" 200 90
186.103.159.189 - - [01/Jun/2018:11:19:58 -0300] "GET /cormun/servlet/hpexe_link HTTP/1.1" 200 957
186.103.159.189 - - [01/Jun/2018:11:19:58 -0300] "GET /cormun/servlet/hhome HTTP/1.1" 200 3991
186.103.159.189 - - [01/Jun/2018:11:19:58 -0300] "GET /cormun/static/gxcfg.js?20175251212442 HTTP/1.1" 304 -
186.103.159.189 - - [01/Jun/2018:11:20:00 -0300] "GET /cormun/servlet/hhome HTTP/1.1" 200 3988
186.103.159.189 - - [01/Jun/2018:11:20:06 -0300] "GET /cormun/servlet/trlicencias? HTTP/1.1" 200 12625
186.103.159.189 - - [01/Jun/2018:11:20:09 -0300] "GET /cormun/servlet/trlicencias? HTTP/1.1" 200 12622
186.103.159.189 - - [01/Jun/2018:11:20:15 -0300] "GET /cormun/servlet/trlicenciaspermisosadjuntos?17134446,20180601000000,L, HTTP/1.1" 200 6336
186.103.159.189 - - [01/Jun/2018:11:20:15 -0300] "GET /cormun/static/gxcfg.js?20177612163414 HTTP/1.1" 200 953
186.103.159.189 - - [01/Jun/2018:11:20:17 -0300] "GET /cormun/servlet/trlicenciaspermisosadjuntos?17134446,20180601000000,L, HTTP/1.1" 200 6336
186.103.159.189 - - [01/Jun/2018:11:20:19 -0300] "GET /cormun/servlet/licenciaspermisosadjuntos?INS,17134446,L,20180601000000,, HTTP/1.1" 200 5635
186.103.159.189 - - [01/Jun/2018:11:20:19 -0300] "GET /cormun/static/gxcfg.js?2017761263592 HTTP/1.1" 200 953
186.103.159.189 - - [01/Jun/2018:11:20:20 -0300] "GET /cormun/static/about:blank HTTP/1.1" 404 1011
186.103.159.189 - - [01/Jun/2018:11:20:21 -0300] "GET /cormun/servlet/licenciaspermisosadjuntos?INS,17134446,L,20180601000000,, HTTP/1.1" 200 5624
186.103.159.189 - - [01/Jun/2018:11:20:36 -0300] "POST /cormun/servlet/licenciaspermisosadjuntos?4f2951a3f82e59cea047cbafcd42ef95,INS,17134446,L,20180601000000,, HTTP/1.1" 200 116
186.103.159.189 - - [01/Jun/2018:11:20:36 -0300] "GET /cormun/servlet/hpexe_return? HTTP/1.1" 200 1049
186.103.159.189 - - [01/Jun/2018:11:20:37 -0300] "GET /cormun/servlet/trlicenciaspermisosadjuntos?17134446,20180601000000,L, HTTP/1.1" 200 6923
186.103.159.189 - - [01/Jun/2018:11:20:38 -0300] "GET /cormun/servlet/trlicenciaspermisosadjuntos?17134446,20180601000000,L, HTTP/1.1" 200 6919
200.54.247.70 - - [01/Jun/2018:11:20:39 -0300] "GET /cormun/servlet/trlicencias? HTTP/1.1" 200 15729
200.54.247.70 - - [01/Jun/2018:11:20:39 -0300] "GET /cormun/servlet/trlicencias? HTTP/1.1" 200 15733
186.103.159.189 - - [01/Jun/2018:11:20:41 -0300] "POST /cormun/servlet/trlicenciaspermisosadjuntos?4f2951a3f82e59cea047cbafcd42ef95,17134446,20180601000000,L,,gx-no-cache=1527862774820 HTTP/1.1" 200 90
186.103.159.189 - - [01/Jun/2018:11:20:41 -0300] "GET /cormun/servlet/hpexe_link HTTP/1.1" 200 990
186.103.159.189 - - [01/Jun/2018:11:20:42 -0300] "GET /cormun/servlet/trlicencias HTTP/1.1" 200 12624
186.103.159.189 - - [01/Jun/2018:11:20:44 -0300] "GET /cormun/servlet/trlicencias HTTP/1.1" 200 12622
200.54.247.70 - - [01/Jun/2018:11:20:50 -0300] "POST /cormun/servlet/trlicencias?458c669629951feaa8bd6dcb9dea2d32,,gx-no-cache=1527862789854 HTTP/1.1" 200 5500
186.103.159.189 - - [01/Jun/2018:11:20:51 -0300] "POST /cormun/servlet/trlicencias?4f2951a3f82e59cea047cbafcd42ef95,gx-no-cache=1527862784468 HTTP/1.1" 200 9877
186.103.159.189 - - [01/Jun/2018:11:20:52 -0300] "GET /cormun/static/Shared/jqueryui/images/ui-bg_highlight-soft_100_c6c2c8_1x100.png HTTP/1.1" 404 1117
186.103.159.189 - - [01/Jun/2018:11:20:52 -0300] "GET /cormun/static/Shared/jqueryui/images/ui-icons_82798d_256x240.png HTTP/1.1" 404 1089
186.103.159.189 - - [01/Jun/2018:11:20:52 -0300] "GET /cormun/static/Shared/jqueryui/images/ui-bg_flat_55_fafafa_40x100.png HTTP/1.1" 404 1097
186.103.159.189 - - [01/Jun/2018:11:20:52 -0300] "GET /cormun/static/Shared/jqueryui/images/ui-icons_8d78a5_256x240.png HTTP/1.1" 404 1089
200.54.247.70 - - [01/Jun/2018:11:21:41 -0300] "POST /cormun/servlet/trlicencias?458c669629951feaa8bd6dcb9dea2d32,,gx-no-cache=1527862840325 HTTP/1.1" 200 4288
200.54.247.70 - - [01/Jun/2018:11:21:45 -0300] "GET /cormun/servlet/trcontratounov2? HTTP/1.1" 200 8487
200.54.247.70 - - [01/Jun/2018:11:21:48 -0300] "GET /cormun/servlet/trcontratounov2? HTTP/1.1" 200 8477
200.54.247.70 - - [01/Jun/2018:11:21:52 -0300] "GET /cormun/servlet/trcontratounov2? HTTP/1.1" 200 8482
200.54.247.70 - - [01/Jun/2018:11:21:53 -0300] "GET /cormun/servlet/trcontratounov2? HTTP/1.1" 200 8487
186.103.159.186 - - [01/Jun/2018:11:21:55 -0300] "GET /cormun/servlet/hlogin HTTP/1.1" 200 1716
200.54.247.70 - - [01/Jun/2018:11:21:58 -0300] "POST /cormun/servlet/trcontratounov2?458c669629951feaa8bd6dcb9dea2d32,,gx-no-cache=1527862857577 HTTP/1.1" 200 6063
186.103.159.186 - - [01/Jun/2018:11:22:05 -0300] "POST /cormun/servlet/hlogin?181ea8d67a63827826abd069b6311b58,gx-no-cache=1527862863864 HTTP/1.1" 200 90
186.103.159.186 - - [01/Jun/2018:11:22:05 -0300] "GET /cormun/servlet/hpexe_link HTTP/1.1" 200 974
186.103.159.186 - - [01/Jun/2018:11:22:05 -0300] "GET /cormun/servlet/trlicencias?gx-no-cache=1527861908289 HTTP/1.1" 200 10803
186.103.159.186 - - [01/Jun/2018:11:22:07 -0300] "GET /cormun/servlet/trlicencias?gx-no-cache=1527861908289 HTTP/1.1" 200 10822
186.103.159.186 - - [01/Jun/2018:11:22:14 -0300] "GET /cormun/servlet/trsolicitudot? HTTP/1.1" 200 7190
186.103.159.186 - - [01/Jun/2018:11:22:15 -0300] "GET /cormun/servlet/trsolicitudot? HTTP/1.1" 200 7167
186.103.159.186 - - [01/Jun/2018:11:23:55 -0300] "GET /cormun/servlet/solicitudot?INS,0,0, HTTP/1.1" 200 13402
186.103.159.186 - - [01/Jun/2018:11:23:57 -0300] "GET /cormun/servlet/solicitudot?INS,0,0, HTTP/1.1" 200 13407
186.103.159.186 - - [01/Jun/2018:11:24:39 -0300] "POST /cormun/servlet/solicitudot?gx-no-cache=1527863017806 HTTP/1.1" 200 3389
186.103.159.186 - - [01/Jun/2018:11:24:39 -0300] "POST /cormun/servlet/solicitudot?181ea8d67a63827826abd069b6311b58,INS,0,0,,gx-no-cache=1527863018071 HTTP/1.1" 200 10358
186.103.159.186 - - [01/Jun/2018:11:25:11 -0300] "GET /cormun/servlet/solicitudot?5e02b46ecd7a20468f5ea87172723a587e68641317adfb11f41fa82cc6a6bc6e60ef18021bf3935c171caa1c433b29a9,gx-no-cache=1527863050198 HTTP/1.1" 200 30
186.103.159.186 - - [01/Jun/2018:11:25:11 -0300] "GET /cormun/servlet/solicitudot?5e02b46ecd7a20468f5ea87172723a58d581c15a34e9d550da9d35dc6335d6e48a5e607b296df86b192e9fd3ce62f68b0f9ff06a403e02658c029cc4bb5141ec,gx-no-cache=1527863050270 HTTP/1.1" 200 30
186.103.159.186 - - [01/Jun/2018:11:25:11 -0300] "GET /cormun/servlet/solicitudot?5e02b46ecd7a20468f5ea87172723a58354f7a6548905e5a92e294cbf8f2296d,gx-no-cache=1527863050309 HTTP/1.1" 200 70
186.103.159.186 - - [01/Jun/2018:11:25:11 -0300] "POST /cormun/servlet/solicitudot?gx-no-cache=1527863050354 HTTP/1.1" 200 255
186.103.159.186 - - [01/Jun/2018:11:25:12 -0300] "GET /cormun/servlet/solicitudot?5e02b46ecd7a20468f5ea87172723a58c1b3fa423caff66a6088e1ae825d486db9922bb9873c7c9b2c867a9f4889f966574aec06b61bd237dbfc20c52f2cdc931b7c1310e3c0a4f161c007eb72b98dd638ac16d6b295692f4b621e99b7e61df81c842ff04213dacc64fdaf71055d5ba01f0b61c4ed185783d98136073046a08a953cd38d5bbc9891e4cd8d0e0c512fcf1cae416fd0eda70ee4bc9408129189112a65e0071177d0c989810d21cb0975022e5e51b4731b8408d8eea14d3937629e6bcc1acb340dbe08fd2a8365e202419f2440a1bb8a8ae561f482d8b04be69d0d55b209cd9d59cb21e1f8a97ef46d3a774c33f968c5ce295f7ba0ec5b23aa407fde498515cfedccab93ae4ce8ea4679f6ad994d5cb8fd329a272f695b03b5da5fc9054acc6d736032d47822608db401ece7e652315a187deccaddc912baec9059aed7132ba20c69c32267f3ff305863db40058647648ca6a10ef2028e86a1cfc85b0159e6a7b9c9bb6770fb57f849e79868e819154a48d5e9a891b677ef2c9650,gx-no-cache=1527863050407 HTTP/1.1" 200 30
186.103.159.186 - - [01/Jun/2018:11:25:15 -0300] "POST /cormun/servlet/solicitudot?gx-no-cache=1527863053837 HTTP/1.1" 200 30
186.103.159.186 - - [01/Jun/2018:11:25:22 -0300] "GET /cormun/servlet/prcontratosol?14047809,,,,,MD,,gxPopupLevel%3D0%3B HTTP/1.1" 200 8970
186.103.159.186 - - [01/Jun/2018:11:25:22 -0300] "GET /cormun/static/gxcfg.js?201761413223964 HTTP/1.1" 200 953
186.103.159.186 - - [01/Jun/2018:11:25:22 -0300] "GET /cormun/static/prcontratosol.js?201761413224174 HTTP/1.1" 200 15806
186.103.159.186 - - [01/Jun/2018:11:25:28 -0300] "POST /cormun/servlet/solicitudot?gx-no-cache=1527863066794 HTTP/1.1" 200 1448
186.103.159.186 - - [01/Jun/2018:11:25:28 -0300] "GET /cormun/static/Shared/jqueryui/images/ui-bg_highlight-soft_100_c6c2c8_1x100.png HTTP/1.1" 404 1117
186.103.159.186 - - [01/Jun/2018:11:25:28 -0300] "GET /cormun/static/Shared/jqueryui/images/ui-icons_82798d_256x240.png HTTP/1.1" 404 1089
186.103.159.186 - - [01/Jun/2018:11:25:28 -0300] "GET /cormun/static/Shared/jqueryui/images/ui-bg_flat_55_994d53_40x100.png HTTP/1.1" 404 1097
186.103.159.186 - - [01/Jun/2018:11:25:28 -0300] "GET /cormun/static/Shared/jqueryui/images/ui-icons_ebccce_256x240.png HTTP/1.1" 404 1089
186.103.159.186 - - [01/Jun/2018:11:25:28 -0300] "POST /cormun/servlet/solicitudot?gx-no-cache=1527863066956 HTTP/1.1" 200 117
186.103.159.186 - - [01/Jun/2018:11:25:28 -0300] "GET /cormun/servlet/solicitudot?5e02b46ecd7a20468f5ea87172723a58692eb3e0509cdab95691315847e148239d203e66fdb6f3b0c0712ba79807fc870ef66f2e01616b36dfe0dcae5cbc45e971d0107d07bc4a1b7a17cf790e6c4ce63e1ec140322e9e0a6abf090086d5906e52ac796dfdf60bcadb69632b8c786ef175c7dae4c446ebf728f6207bb4099416305e75834f0f1c2247126a0289cfda6b4f070594f7b6204fad16f1126cbd93fadd1fba4f793cef6d78399b744b0aed45a25023d1f7f8e19036a3a424ab90f82a8eafa5671720caceb8f7327600d64c08,gx-no-cache=1527863067027 HTTP/1.1" 200 29
186.103.159.186 - - [01/Jun/2018:11:25:28 -0300] "GET /cormun/servlet/solicitudot?5e02b46ecd7a20468f5ea87172723a58487c88dc167b60d48929ab6f87da97467ea5a2803859cc989b145fe392e4e633c1ff2e1fe184953d64778a8cba3f2261c06f6d6c5ec90e53fa9cf6c1bb6a0f50e321a4780deeae771a74ae1d58759cea52f348b3ff9ea13abf46ecd4ebb03effc5910863000c80c055cb5c84b0a7ba4aad4b4042569d931a92ac4f4e67d0b68935424c0a5c87546d40d289f9f9ebea7e4e9451533d6cdf9a697f00f75f75692e368751dd5fa6735a9c96be86c9cb7921,gx-no-cache=1527863067074 HTTP/1.1" 200 62
186.103.159.186 - - [01/Jun/2018:11:25:28 -0300] "GET /cormun/servlet/solicitudot?394096f78086caf7f58ace032461dd331198b3638010f3a98dfb09778e6750e18a26f59f4f0b6a6df6b8a6dfbb4abc2a2fe313f8a9fd0dce45c16bb584f827fcec63b5eec87c707e24bb3a9f78eaf6cd,gx-no-cache=1527863067127 HTTP/1.1" 200 55
186.103.159.186 - - [01/Jun/2018:11:25:28 -0300] "GET /cormun/servlet/solicitudot?5e02b46ecd7a20468f5ea87172723a589284e42d60678c86101c38ce825475f315ca50d020c72f0b0d1746dea0320888,gx-no-cache=1527863067176 HTTP/1.1" 200 134
186.103.159.186 - - [01/Jun/2018:11:25:32 -0300] "GET /cormun/servlet/prfichaempleado?,MD,,gxPopupLevel%3D0%3B HTTP/1.1" 200 9311
186.103.159.186 - - [01/Jun/2018:11:25:43 -0300] "POST /cormun/servlet/prfichaempleado?181ea8d67a63827826abd069b6311b58,,MD,,gxPopupLevel%3D0%3B,gx-no-cache=1527863082038 HTTP/1.1" 200 3416
186.103.159.186 - - [01/Jun/2018:11:25:48 -0300] "GET /cormun/servlet/prlicenciaspermisos?17524885,L,,MD,,gxPopupLevel%3D0%3B HTTP/1.1" 200 5498
186.103.159.186 - - [01/Jun/2018:11:25:48 -0300] "GET /cormun/static/gxcfg.js?20176272053834 HTTP/1.1" 200 953
186.103.159.186 - - [01/Jun/2018:11:25:48 -0300] "GET /cormun/static/prlicenciaspermisos.js?20176272054050 HTTP/1.1" 200 13379
192.168.10.96 - - [01/Jun/2018:11:25:49 -0300] "GET /cormun/servlet/vesolicitudgral?2018,11332,,SolicitudOTAdjuntos HTTP/1.1" 200 11334
192.168.10.96 - - [01/Jun/2018:11:25:49 -0300] "GET /cormun/servlet/vesolicitudgral?2018,11332,,SolicitudOTAdjuntos HTTP/1.1" 200 11336
192.168.10.96 - - [01/Jun/2018:11:25:50 -0300] "POST /cormun/servlet/acontrolpreferencessavestate?None,DZAMUDIO,true HTTP/1.1" 200 35
192.168.10.96 - - [01/Jun/2018:11:25:51 -0300] "GET /cormun/servlet/trsolicitudgral? HTTP/1.1" 200 10638
192.168.10.96 - - [01/Jun/2018:11:25:51 -0300] "GET /cormun/servlet/trsolicitudgral? HTTP/1.1" 200 10632
186.103.159.186 - - [01/Jun/2018:11:25:53 -0300] "POST /cormun/servlet/solicitudot?gx-no-cache=1527863091730 HTTP/1.1" 200 1368
202.191.121.204 - - [01/Jun/2018:11:25:53 -0300] "GET / HTTP/1.1" 200 11217
192.168.10.96 - - [01/Jun/2018:11:25:55 -0300] "POST /cormun/servlet/trsolicitudgral?c915295acef063b7f370637b4b5ec3b3,,gx-no-cache=1527862959168 HTTP/1.1" 200 7321
200.54.247.70 - - [01/Jun/2018:11:25:55 -0300] "GET /cormun/servlet/trcontratoobservaciondir? HTTP/1.1" 200 9777
200.54.247.70 - - [01/Jun/2018:11:25:55 -0300] "GET /cormun/static/gxcfg.js?20175251262281 HTTP/1.1" 200 953
200.54.247.70 - - [01/Jun/2018:11:25:55 -0300] "GET /cormun/static/trcontratoobservaciondir.js?20175251262715 HTTP/1.1" 200 27185
200.54.247.70 - - [01/Jun/2018:11:25:56 -0300] "GET /cormun/servlet/trcontratoobservaciondir? HTTP/1.1" 200 9776
186.103.159.186 - - [01/Jun/2018:11:25:57 -0300] "POST /cormun/servlet/solicitudot?gx-no-cache=1527863096548 HTTP/1.1" 200 41
192.168.10.96 - - [01/Jun/2018:11:25:58 -0300] "POST /cormun/servlet/trsolicitudgral?c915295acef063b7f370637b4b5ec3b3,,gx-no-cache=1527862962444 HTTP/1.1" 200 7291
186.103.159.186 - - [01/Jun/2018:11:26:01 -0300] "POST /cormun/servlet/solicitudot?gx-no-cache=1527863100569 HTTP/1.1" 200 1351
186.103.159.186 - - [01/Jun/2018:11:26:01 -0300] "POST /cormun/servlet/solicitudot?gx-no-cache=1527863100627 HTTP/1.1" 200 1249
186.103.159.186 - - [01/Jun/2018:11:26:02 -0300] "GET /cormun/static/menuarrow.gif HTTP/1.1" 404 1015
186.103.159.186 - - [01/Jun/2018:11:26:04 -0300] "POST /cormun/servlet/solicitudot?gx-no-cache=1527863102735 HTTP/1.1" 200 1351
186.103.159.186 - - [01/Jun/2018:11:26:04 -0300] "POST /cormun/servlet/solicitudot?gx-no-cache=1527863102793 HTTP/1.1" 200 1249
192.168.10.96 - - [01/Jun/2018:11:26:04 -0300] "POST /cormun/servlet/trsolicitudgral?c915295acef063b7f370637b4b5ec3b3,,gx-no-cache=1527862969069 HTTP/1.1" 200 7318
192.168.10.96 - - [01/Jun/2018:11:26:05 -0300] "POST /cormun/servlet/trsolicitudgral?c915295acef063b7f370637b4b5ec3b3,,gx-no-cache=1527862969276 HTTP/1.1" 200 7317
192.168.10.96 - - [01/Jun/2018:11:26:05 -0300] "POST /cormun/servlet/trsolicitudgral?c915295acef063b7f370637b4b5ec3b3,,gx-no-cache=1527862969518 HTTP/1.1" 200 7317
200.54.247.70 - - [01/Jun/2018:11:26:07 -0300] "POST /cormun/servlet/trcontratoobservaciondir?458c669629951feaa8bd6dcb9dea2d32,,gx-no-cache=1527863106150 HTTP/1.1" 200 3963
200.54.247.70 - - [01/Jun/2018:11:26:11 -0300] "GET /cormun/servlet/trcontratoobservaciondir? HTTP/1.1" 200 6449
186.103.159.186 - - [01/Jun/2018:11:26:11 -0300] "GET /cormun/servlet/solicitudot?5e02b46ecd7a20468f5ea87172723a588753dae3a1fb869ef3e3afd970c207749677bb8b6492944b6140d4e4cfb7502f,gx-no-cache=1527863109989 HTTP/1.1" 200 30
192.168.10.96 - - [01/Jun/2018:11:26:11 -0300] "POST /cormun/servlet/trsolicitudgral?c915295acef063b7f370637b4b5ec3b3,,gx-no-cache=1527862975628 HTTP/1.1" 200 5941
200.54.247.70 - - [01/Jun/2018:11:26:11 -0300] "GET /cormun/servlet/trcontratoobservaciondir? HTTP/1.1" 200 6449
192.168.10.96 - - [01/Jun/2018:11:26:12 -0300] "POST /cormun/servlet/trsolicitudgral?c915295acef063b7f370637b4b5ec3b3,,gx-no-cache=1527862976395 HTTP/1.1" 200 5941
192.168.10.96 - - [01/Jun/2018:11:26:16 -0300] "POST /cormun/servlet/trsolicitudgral?c915295acef063b7f370637b4b5ec3b3,,gx-no-cache=1527862980444 HTTP/1.1" 200 5943
200.54.247.70 - - [01/Jun/2018:11:26:17 -0300] "GET /cormun/servlet/trautorizarsolicitud? HTTP/1.1" 200 7343
200.54.247.70 - - [01/Jun/2018:11:26:17 -0300] "GET /cormun/static/gxui/gxui-all.css?120300 HTTP/1.1" 200 2179
200.54.247.70 - - [01/Jun/2018:11:26:17 -0300] "GET /cormun/static/calendar-system.css?85620 HTTP/1.1" 200 5572
200.54.247.70 - - [01/Jun/2018:11:26:17 -0300] "GET /cormun/static/gxcfg.js?2017111423403364 HTTP/1.1" 200 953
200.54.247.70 - - [01/Jun/2018:11:26:18 -0300] "GET /cormun/static/Resources/Spanish/PXTools.css?1255365 HTTP/1.1" 200 89042
192.168.10.96 - - [01/Jun/2018:11:26:19 -0300] "POST /cormun/servlet/trsolicitudgral?c915295acef063b7f370637b4b5ec3b3,,gx-no-cache=1527862983516 HTTP/1.1" 200 7321
200.54.247.70 - - [01/Jun/2018:11:26:21 -0300] "GET /cormun/static/trautorizarsolicitud.js?201711142340425 HTTP/1.1" 200 53910
192.168.10.96 - - [01/Jun/2018:11:26:23 -0300] "POST /cormun/servlet/trsolicitudgral?c915295acef063b7f370637b4b5ec3b3,,gx-no-cache=1527862987324 HTTP/1.1" 200 11665
200.54.247.70 - - [01/Jun/2018:11:26:25 -0300] "GET /cormun/static/Shared/ext/resources/css/ext-all.css?215870 HTTP/1.1" 200 416045
200.54.247.70 - - [01/Jun/2018:11:26:26 -0300] "GET /cormun/servlet/trautorizarsolicitud? HTTP/1.1" 200 7342
192.168.10.96 - - [01/Jun/2018:11:26:31 -0300] "POST /cormun/servlet/trsolicitudgral?c915295acef063b7f370637b4b5ec3b3,,gx-no-cache=1527862995188 HTTP/1.1" 200 7291
200.54.247.70 - - [01/Jun/2018:11:26:40 -0300] "GET /cormun/servlet/trcontratounov2? HTTP/1.1" 200 8534
200.54.247.70 - - [01/Jun/2018:11:26:41 -0300] "GET /cormun/servlet/trcontratounov2? HTTP/1.1" 200 8538
200.54.247.70 - - [01/Jun/2018:11:26:46 -0300] "GET /cormun/servlet/trcontratoobservaciondir? HTTP/1.1" 200 6449
200.54.247.70 - - [01/Jun/2018:11:26:47 -0300] "GET /cormun/servlet/trcontratoobservaciondir? HTTP/1.1" 200 6449
200.54.247.70 - - [01/Jun/2018:11:26:51 -0300] "POST /cormun/servlet/trcontratoobservaciondir?458c669629951feaa8bd6dcb9dea2d32,,gx-no-cache=1527863150653 HTTP/1.1" 200 7308
200.112.6.85 - - [01/Jun/2018:11:27:27 -0300] "POST /cormun/servlet/trautorizarsolicitud?0803f220c633e31d2539b20605053d4e,,gx-no-cache=1527863185754 HTTP/1.1" 200 4623
200.112.6.85 - - [01/Jun/2018:11:27:27 -0300] "GET /cormun/static/Shared/jqueryui/images/ui-bg_highlight-soft_100_c6c2c8_1x100.png HTTP/1.1" 404 1117
200.112.6.85 - - [01/Jun/2018:11:27:27 -0300] "GET /cormun/static/Shared/jqueryui/images/ui-icons_82798d_256x240.png HTTP/1.1" 404 1089
200.112.6.85 - - [01/Jun/2018:11:27:27 -0300] "GET /cormun/static/Shared/jqueryui/images/ui-bg_flat_55_fafafa_40x100.png HTTP/1.1" 404 1097
200.112.6.85 - - [01/Jun/2018:11:27:27 -0300] "GET /cormun/static/Shared/jqueryui/images/ui-icons_8d78a5_256x240.png HTTP/1.1" 404 1089
200.112.6.85 - - [01/Jun/2018:11:27:28 -0300] "POST /cormun/servlet/trautorizarsolicitud?0803f220c633e31d2539b20605053d4e,,gx-no-cache=1527863186360 HTTP/1.1" 200 4390
200.54.247.70 - - [01/Jun/2018:11:27:32 -0300] "GET /cormun/servlet/trlicencias? HTTP/1.1" 200 7183
200.54.247.70 - - [01/Jun/2018:11:27:32 -0300] "GET /cormun/servlet/trlicencias? HTTP/1.1" 200 7181
200.54.247.70 - - [01/Jun/2018:11:27:37 -0300] "GET /cormun/servlet/trlicencias? HTTP/1.1" 200 7181
200.112.6.85 - - [01/Jun/2018:11:27:37 -0300] "GET /cormun/servlet/trautorizarsolicitud? HTTP/1.1" 200 7326
200.54.247.70 - - [01/Jun/2018:11:27:37 -0300] "GET /cormun/servlet/trlicencias? HTTP/1.1" 200 7181
200.112.6.85 - - [01/Jun/2018:11:27:37 -0300] "GET /cormun/servlet/trautorizarsolicitud? HTTP/1.1" 200 7326
186.103.159.186 - - [01/Jun/2018:11:27:37 -0300] "POST /cormun/servlet/solicitudot?gx-no-cache=1527863196567 HTTP/1.1" 200 32
200.112.6.85 - - [01/Jun/2018:11:27:39 -0300] "GET /cormun/static/menuarrow.gif HTTP/1.1" 404 1015
200.54.247.70 - - [01/Jun/2018:11:27:43 -0300] "POST /cormun/servlet/trlicencias?458c669629951feaa8bd6dcb9dea2d32,,gx-no-cache=1527863202378 HTTP/1.1" 200 5493
200.112.6.85 - - [01/Jun/2018:11:27:56 -0300] "POST /cormun/servlet/trautorizarsolicitud?0803f220c633e31d2539b20605053d4e,,gx-no-cache=1527863214168 HTTP/1.1" 200 4405
200.112.6.85 - - [01/Jun/2018:11:28:01 -0300] "POST /cormun/servlet/trautorizarsolicitud?0803f220c633e31d2539b20605053d4e,,gx-no-cache=1527863220055 HTTP/1.1" 200 5740
200.112.6.85 - - [01/Jun/2018:11:28:13 -0300] "GET /cormun/servlet/veautorizarsolicitud?2018,11522,, HTTP/1.1" 200 8621
200.112.6.85 - - [01/Jun/2018:11:28:13 -0300] "GET /cormun/static/gxcfg.js?2017111423404691 HTTP/1.1" 200 953
200.112.6.85 - - [01/Jun/2018:11:28:13 -0300] "GET /cormun/pexe_scrolldiv.js HTTP/1.1" 404 1009
200.112.6.85 - - [01/Jun/2018:11:28:13 -0300] "GET /cormun/static/veautorizarsolicitud.js?2017111423404756 HTTP/1.1" 200 6140
200.112.6.85 - - [01/Jun/2018:11:28:13 -0300] "GET /cormun/static/hpexe_tabsview.js?201610171694228 HTTP/1.1" 200 1661
200.112.6.85 - - [01/Jun/2018:11:28:13 -0300] "GET /cormun/static/hwcviewtabs.js?20177611594913 HTTP/1.1" 200 1074
200.112.6.85 - - [01/Jun/2018:11:28:13 -0300] "GET /cormun/static/Resources/PXToolsTabNext.gif HTTP/1.1" 200 168
200.112.6.85 - - [01/Jun/2018:11:28:13 -0300] "GET /cormun/static/Resources/PXToolsTabFirstSelected.png HTTP/1.1" 200 1259
200.112.6.85 - - [01/Jun/2018:11:28:13 -0300] "GET /cormun/static/Resources/PXToolsTabLastUnselected.png HTTP/1.1" 200 1291
200.112.6.85 - - [01/Jun/2018:11:28:13 -0300] "GET /cormun/static/tbautorizarsolicitud01.js?2017111423392092 HTTP/1.1" 200 30580
200.112.6.85 - - [01/Jun/2018:11:28:13 -0300] "GET /cormun/static/Resources/PXToolsTabPrevious.gif HTTP/1.1" 200 172
200.112.6.85 - - [01/Jun/2018:11:28:14 -0300] "GET /cormun/static/calendar-system.css HTTP/1.1" 200 5572
200.112.6.85 - - [01/Jun/2018:11:28:14 -0300] "GET /cormun/static/Resources/PXToolsTabBackUnselected.png HTTP/1.1" 200 1175
200.112.6.85 - - [01/Jun/2018:11:28:14 -0300] "GET /cormun/static/Resources/PXToolsTabBackSelected.png HTTP/1.1" 200 1157
200.112.6.85 - - [01/Jun/2018:11:28:14 -0300] "GET /cormun/static/Resources/PXToolsTabSelectedUnselected.png HTTP/1.1" 200 1428
200.112.6.85 - - [01/Jun/2018:11:28:14 -0300] "GET /cormun/static/Resources/PXToolsTabUnselectedUnselected.png HTTP/1.1" 200 1459
200.112.6.85 - - [01/Jun/2018:11:28:14 -0300] "GET /cormun/servlet/veautorizarsolicitud?2018,11522,, HTTP/1.1" 200 8620
186.103.159.186 - - [01/Jun/2018:11:28:16 -0300] "POST /cormun/servlet/solicitudot?181ea8d67a63827826abd069b6311b58,INS,0,0,,gx-no-cache=1527863234680 HTTP/1.1" 200 93
186.103.159.186 - - [01/Jun/2018:11:28:16 -0300] "GET /cormun/servlet/hpexe_return? HTTP/1.1" 200 1004
186.103.159.186 - - [01/Jun/2018:11:28:16 -0300] "GET /cormun/servlet/trsolicitudot HTTP/1.1" 200 8615
186.103.159.186 - - [01/Jun/2018:11:28:17 -0300] "GET /cormun/servlet/trsolicitudot HTTP/1.1" 200 8611
200.112.6.85 - - [01/Jun/2018:11:28:22 -0300] "GET /cormun/servlet/veautorizarsolicitud?2018,11522,,SolicitudOTAdjuntos HTTP/1.1" 200 10872
200.112.6.85 - - [01/Jun/2018:11:28:23 -0300] "GET /cormun/pexe_scrolldiv.js HTTP/1.1" 404 1009
200.112.6.85 - - [01/Jun/2018:11:28:23 -0300] "GET /cormun/static/tbautorizarsolicitud02.js?2017111423391281 HTTP/1.1" 200 14747
200.112.6.85 - - [01/Jun/2018:11:28:23 -0300] "GET /cormun/static/gxui/gxui-all.css HTTP/1.1" 200 2179
200.112.6.85 - - [01/Jun/2018:11:28:23 -0300] "GET /cormun/static/Resources/PXToolsTabFirstUnselected.png HTTP/1.1" 200 1264
200.112.6.85 - - [01/Jun/2018:11:28:23 -0300] "GET /cormun/static/Resources/PXToolsTabUnselectedSelected.png HTTP/1.1" 200 1444
200.112.6.85 - - [01/Jun/2018:11:28:23 -0300] "GET /cormun/servlet/veautorizarsolicitud?2018,11522,,SolicitudOTAdjuntos HTTP/1.1" 200 10876
200.112.6.85 - - [01/Jun/2018:11:28:23 -0300] "GET /cormun/static/Shared/ext/resources/css/ext-all.css HTTP/1.1" 200 416045
200.112.6.85 - - [01/Jun/2018:11:28:24 -0300] "POST /cormun/servlet/acontrolpreferencessavestate?None,CKARLABS,true HTTP/1.1" 200 35
200.112.6.85 - - [01/Jun/2018:11:28:26 -0300] "GET /cormun/servlet/veautorizarsolicitud?2018,11522,,General HTTP/1.1" 200 8626
200.112.6.85 - - [01/Jun/2018:11:28:26 -0300] "GET /cormun/pexe_scrolldiv.js HTTP/1.1" 404 1009
200.112.6.85 - - [01/Jun/2018:11:28:26 -0300] "GET /cormun/servlet/veautorizarsolicitud?2018,11522,,General HTTP/1.1" 200 8626
200.112.6.85 - - [01/Jun/2018:11:28:28 -0300] "POST /cormun/servlet/veautorizarsolicitud?0803f220c633e31d2539b20605053d4e,2018,11522,,General,gx-no-cache=1527863246770 HTTP/1.1" 200 93
200.112.6.85 - - [01/Jun/2018:11:28:28 -0300] "GET /cormun/servlet/hpexe_return? HTTP/1.1" 200 1022
200.112.6.85 - - [01/Jun/2018:11:28:28 -0300] "GET /cormun/servlet/trautorizarsolicitud? HTTP/1.1" 200 8664
200.112.6.85 - - [01/Jun/2018:11:28:29 -0300] "GET /cormun/servlet/trautorizarsolicitud? HTTP/1.1" 200 8660
200.112.6.85 - - [01/Jun/2018:11:28:33 -0300] "POST /cormun/servlet/trautorizarsolicitud?0803f220c633e31d2539b20605053d4e,,gx-no-cache=1527863252031 HTTP/1.1" 200 5754
200.112.6.85 - - [01/Jun/2018:11:28:34 -0300] "GET /cormun/static/Shared/jqueryui/images/ui-bg_highlight-soft_100_c6c2c8_1x100.png HTTP/1.1" 404 1117
200.112.6.85 - - [01/Jun/2018:11:28:34 -0300] "GET /cormun/static/Shared/jqueryui/images/ui-icons_82798d_256x240.png HTTP/1.1" 404 1089
200.112.6.85 - - [01/Jun/2018:11:28:34 -0300] "GET /cormun/static/Shared/jqueryui/images/ui-bg_flat_55_fafafa_40x100.png HTTP/1.1" 404 1097
200.112.6.85 - - [01/Jun/2018:11:28:34 -0300] "GET /cormun/static/Shared/jqueryui/images/ui-icons_8d78a5_256x240.png HTTP/1.1" 404 1089
200.112.6.85 - - [01/Jun/2018:11:28:41 -0300] "POST /cormun/servlet/trautorizarsolicitud?0803f220c633e31d2539b20605053d4e,,gx-no-cache=1527863259445 HTTP/1.1" 200 4408
200.112.6.85 - - [01/Jun/2018:11:28:45 -0300] "POST /cormun/servlet/trautorizarsolicitud?0803f220c633e31d2539b20605053d4e,,gx-no-cache=1527863263949 HTTP/1.1" 200 5802
186.103.159.186 - - [01/Jun/2018:11:28:47 -0300] "POST /cormun/servlet/trsolicitudot?181ea8d67a63827826abd069b6311b58,gx-no-cache=1527863265770 HTTP/1.1" 200 4491
186.103.159.186 - - [01/Jun/2018:11:28:47 -0300] "GET /cormun/static/Shared/jqueryui/images/ui-bg_highlight-soft_100_c6c2c8_1x100.png HTTP/1.1" 404 1117
186.103.159.186 - - [01/Jun/2018:11:28:47 -0300] "GET /cormun/static/Shared/jqueryui/images/ui-icons_82798d_256x240.png HTTP/1.1" 404 1089
186.103.159.186 - - [01/Jun/2018:11:28:47 -0300] "GET /cormun/static/Shared/jqueryui/images/ui-bg_flat_55_fafafa_40x100.png HTTP/1.1" 404 1097
186.103.159.186 - - [01/Jun/2018:11:28:47 -0300] "GET /cormun/static/Shared/jqueryui/images/ui-icons_8d78a5_256x240.png HTTP/1.1" 404 1089
186.103.159.186 - - [01/Jun/2018:11:28:47 -0300] "POST /cormun/servlet/trsolicitudot?181ea8d67a63827826abd069b6311b58,gx-no-cache=1527863266181 HTTP/1.1" 200 4252
186.103.159.186 - - [01/Jun/2018:11:28:54 -0300] "GET /cormun/servlet/hlogin HTTP/1.1" 200 1716
186.103.159.186 - - [01/Jun/2018:11:29:03 -0300] "POST /cormun/servlet/hlogin?181ea8d67a63827826abd069b6311b58,gx-no-cache=1527863281895 HTTP/1.1" 200 90
186.103.159.186 - - [01/Jun/2018:11:29:03 -0300] "GET /cormun/servlet/hpexe_link HTTP/1.1" 200 949
186.103.159.186 - - [01/Jun/2018:11:29:03 -0300] "GET /cormun/servlet/hhome HTTP/1.1" 200 4121
186.103.159.186 - - [01/Jun/2018:11:29:04 -0300] "GET /cormun/servlet/hhome HTTP/1.1" 200 4118
186.103.159.186 - - [01/Jun/2018:11:29:10 -0300] "GET /cormun/servlet/trautorizarsolicitud? HTTP/1.1" 200 8663
186.103.159.186 - - [01/Jun/2018:11:29:11 -0300] "GET /cormun/servlet/trautorizarsolicitud? HTTP/1.1" 200 8662
200.112.6.85 - - [01/Jun/2018:11:29:20 -0300] "GET /cormun/servlet/hlogin HTTP/1.1" 200 1712
186.103.159.189 - - [01/Jun/2018:11:29:28 -0300] "GET /cormun/servlet/hlogin HTTP/1.1" 200 1720
186.103.159.189 - - [01/Jun/2018:11:29:28 -0300] "GET /cormun/static/gxtimezone.js?85251 HTTP/1.1" 200 5781
186.103.159.189 - - [01/Jun/2018:11:29:28 -0300] "GET /cormun/static/gxcfg.js?20175251213516 HTTP/1.1" 200 953
186.103.159.186 - - [01/Jun/2018:11:29:29 -0300] "POST /cormun/servlet/trautorizarsolicitud?181ea8d67a63827826abd069b6311b58,,gx-no-cache=1527863307580 HTTP/1.1" 200 4620
186.103.159.189 - - [01/Jun/2018:11:29:29 -0300] "GET /cormun/static/Resources/Spanish/PXTools.css?11423723 HTTP/1.1" 200 89042
186.103.159.189 - - [01/Jun/2018:11:29:29 -0300] "GET /cormun/static/messages.spa.js?85251 HTTP/1.1" 200 30736
186.103.159.186 - - [01/Jun/2018:11:29:29 -0300] "GET /cormun/static/Shared/jqueryui/images/ui-bg_highlight-soft_100_c6c2c8_1x100.png HTTP/1.1" 404 1117
186.103.159.186 - - [01/Jun/2018:11:29:29 -0300] "GET /cormun/static/Shared/jqueryui/images/ui-icons_82798d_256x240.png HTTP/1.1" 404 1089
186.103.159.186 - - [01/Jun/2018:11:29:29 -0300] "GET /cormun/static/Shared/jqueryui/images/ui-bg_flat_55_fafafa_40x100.png HTTP/1.1" 404 1097
186.103.159.189 - - [01/Jun/2018:11:29:29 -0300] "GET /cormun/static/gxgral.js?85251 HTTP/1.1" 200 384558
186.103.159.189 - - [01/Jun/2018:11:29:29 -0300] "GET /cormun/static/hlogin.js?20175251213537 HTTP/1.1" 200 2136
186.103.159.186 - - [01/Jun/2018:11:29:29 -0300] "GET /cormun/static/Shared/jqueryui/images/ui-icons_8d78a5_256x240.png HTTP/1.1" 404 1089
186.103.159.189 - - [01/Jun/2018:11:29:29 -0300] "GET /cormun/static/Resources/ComunLogin.png HTTP/1.1" 200 17326
186.103.159.186 - - [01/Jun/2018:11:29:29 -0300] "POST /cormun/servlet/trautorizarsolicitud?181ea8d67a63827826abd069b6311b58,,gx-no-cache=1527863307929 HTTP/1.1" 200 4376
186.103.159.189 - - [01/Jun/2018:11:29:29 -0300] "GET /cormun/static/Resources/PXToolsLoginBottom.png HTTP/1.1" 200 1389
186.103.159.189 - - [01/Jun/2018:11:29:29 -0300] "GET /cormun/static/Resources/PXToolsLoginBackground.png HTTP/1.1" 200 1164
186.103.159.189 - - [01/Jun/2018:11:29:29 -0300] "GET /cormun/static/Resources/PXToolsButtonLeft21.png HTTP/1.1" 200 1287
186.103.159.189 - - [01/Jun/2018:11:29:29 -0300] "GET /cormun/static/Resources/PXToolsButtonRight21.png HTTP/1.1" 200 1283
186.103.159.189 - - [01/Jun/2018:11:29:29 -0300] "GET /cormun/static/Resources/PXToolsButtonBackground2.png HTTP/1.1" 200 1181
200.112.6.85 - - [01/Jun/2018:11:29:29 -0300] "POST /cormun/servlet/hlogin?a46fe48971505394e17560cb573798d2,gx-no-cache=1527863306239 HTTP/1.1" 200 90
186.103.159.189 - - [01/Jun/2018:11:29:29 -0300] "GET /cormun/static/Resources/PXToolsLoginTop.png HTTP/1.1" 200 1337
200.112.6.85 - - [01/Jun/2018:11:29:29 -0300] "GET /cormun/servlet/hpexe_link HTTP/1.1" 200 945
186.103.159.189 - - [01/Jun/2018:11:29:29 -0300] "GET /cormun/static/Resources/indicator.gif HTTP/1.1" 200 1553
186.103.159.189 - - [01/Jun/2018:11:29:29 -0300] "GET /cormun/servlet/hlogin HTTP/1.1" 200 1731
200.112.6.85 - - [01/Jun/2018:11:29:30 -0300] "GET /cormun/servlet/hhome HTTP/1.1" 200 3992
186.103.159.189 - - [01/Jun/2018:11:29:30 -0300] "GET /favicon.ico HTTP/1.1" 200 21630
186.103.159.189 - - [01/Jun/2018:11:29:32 -0300] "POST /cormun/servlet/hlogin?e90e0fe645dd281a92f278dc8727a6dd,gx-no-cache=1527863307651 HTTP/1.1" 200 90
186.103.159.189 - - [01/Jun/2018:11:29:32 -0300] "GET /cormun/servlet/hpexe_link HTTP/1.1" 200 951
186.103.159.189 - - [01/Jun/2018:11:29:32 -0300] "GET /cormun/static/gxcfg.js?20177612121792 HTTP/1.1" 200 953
186.103.159.189 - - [01/Jun/2018:11:29:32 -0300] "GET /cormun/static/hpexe_link.js?20177612121795 HTTP/1.1" 200 625
186.103.159.189 - - [01/Jun/2018:11:29:32 -0300] "GET /cormun/static/Resources/Spanish/PXTools.css?1155365 HTTP/1.1" 200 89042
186.103.159.189 - - [01/Jun/2018:11:29:32 -0300] "GET /cormun/servlet/hhome HTTP/1.1" 200 3988
186.103.159.189 - - [01/Jun/2018:11:29:32 -0300] "GET /cormun/static/Shared/jqueryui/jquery-ui.min.css?1245370 HTTP/1.1" 200 30288
186.103.159.189 - - [01/Jun/2018:11:29:32 -0300] "GET /cormun/static/SmoothNavMenu/resources/ddsmoothmenu.css?1012540 HTTP/1.1" 200 2223
186.103.159.189 - - [01/Jun/2018:11:29:32 -0300] "GET /cormun/static/SmoothNavMenu/resources/ddsmoothmenu-v.css?1012540 HTTP/1.1" 200 1188
186.103.159.189 - - [01/Jun/2018:11:29:32 -0300] "GET /cormun/static/gxcfg.js?20175251212442 HTTP/1.1" 200 953
186.103.159.189 - - [01/Jun/2018:11:29:32 -0300] "GET /cormun/static/PXToolsJavascripts/pexe_autoreload.js HTTP/1.1" 200 1762
186.103.159.189 - - [01/Jun/2018:11:29:32 -0300] "GET /cormun/static/scaMessage/css/jquery.pnotify.default.css?1716380 HTTP/1.1" 200 1707
186.103.159.189 - - [01/Jun/2018:11:29:32 -0300] "GET /cormun/static/PXToolsJavascripts/pexe_windows.js HTTP/1.1" 200 15207
186.103.159.189 - - [01/Jun/2018:11:29:32 -0300] "GET /cormun/static/PXToolsJavascripts/pexe_grid.js HTTP/1.1" 200 7559
186.103.159.189 - - [01/Jun/2018:11:29:32 -0300] "GET /cormun/static/PXToolsJavascripts/pexe_menudivfix.js HTTP/1.1" 200 333
186.103.159.189 - - [01/Jun/2018:11:29:32 -0300] "GET /cormun/static/PXToolsJavascripts/pexe_cookies.js HTTP/1.1" 200 792
186.103.159.189 - - [01/Jun/2018:11:29:32 -0300] "GET /cormun/static/PXToolsJavascripts/pexe_link.js HTTP/1.1" 200 5671
186.103.159.189 - - [01/Jun/2018:11:29:32 -0300] "GET /cormun/static/PXToolsJavascripts/pexe_griddivfix.js HTTP/1.1" 200 6644
186.103.159.189 - - [01/Jun/2018:11:29:32 -0300] "GET /cormun/static/PXToolsJavascripts/pexe_layers.js HTTP/1.1" 200 4114
186.103.159.189 - - [01/Jun/2018:11:29:32 -0300] "GET /cormun/static/PXToolsJavascripts/pexe_oav.js HTTP/1.1" 200 645
186.103.159.189 - - [01/Jun/2018:11:29:32 -0300] "GET /cormun/static/PXToolsJavascripts/pexe_oavdivfix.js HTTP/1.1" 200 639
186.103.159.189 - - [01/Jun/2018:11:29:32 -0300] "GET /cormun/static/PXToolsJavascripts/pexe_picture.js HTTP/1.1" 200 689
186.103.159.189 - - [01/Jun/2018:11:29:32 -0300] "GET /cormun/static/PXToolsJavascripts/pexe_menus.js HTTP/1.1" 200 1286
186.103.159.189 - - [01/Jun/2018:11:29:32 -0300] "GET /cormun/static/PXToolsJavascripts/pexe_popup.js HTTP/1.1" 200 13458
186.103.159.189 - - [01/Jun/2018:11:29:32 -0300] "GET /cormun/static/PXToolsJavascripts/pexe_scrolldiv.js HTTP/1.1" 200 4138
186.103.159.189 - - [01/Jun/2018:11:29:32 -0300] "GET /cormun/static/PXToolsJavascripts/pexe_tabs.js HTTP/1.1" 200 3748
186.103.159.189 - - [01/Jun/2018:11:29:32 -0300] "GET /cormun/static/PXToolsJavascripts/pexe_upload.js HTTP/1.1" 200 1423
186.103.159.189 - - [01/Jun/2018:11:29:32 -0300] "GET /cormun/static/PXToolsJavascripts/PXToolsJavascriptsRender.js HTTP/1.1" 200 367
186.103.159.189 - - [01/Jun/2018:11:29:32 -0300] "GET /cormun/static/PXToolsJavascripts/pexe_tabdivfix.js HTTP/1.1" 200 876
186.103.159.189 - - [01/Jun/2018:11:29:32 -0300] "GET /cormun/static/RunJS/RunJS.js HTTP/1.1" 200 288
186.103.159.189 - - [01/Jun/2018:11:29:32 -0300] "GET /cormun/static/Shared/ext/locale/ext-lang-en.js HTTP/1.1" 200 10940
186.103.159.189 - - [01/Jun/2018:11:29:32 -0300] "GET /cormun/static/hpexe_recentlink.js?20177611595044 HTTP/1.1" 200 2144
186.103.159.189 - - [01/Jun/2018:11:29:32 -0300] "GET /cormun/static/hhome.js?20175251212450 HTTP/1.1" 200 777
186.103.159.189 - - [01/Jun/2018:11:29:32 -0300] "GET /cormun/static/hwchdr01.js?201752511465785 HTTP/1.1" 200 1183
186.103.159.189 - - [01/Jun/2018:11:29:32 -0300] "GET /cormun/static/hpexe_scripts.js?201752511465715 HTTP/1.1" 200 1544
186.103.159.189 - - [01/Jun/2018:11:29:32 -0300] "GET /cormun/static/hpexe_messagecontroller.js?20177611595012 HTTP/1.1" 200 870
186.103.159.189 - - [01/Jun/2018:11:29:32 -0300] "GET /cormun/static/hpexe_messagegenexuscomponent.js?201752511465344 HTTP/1.1" 200 587
186.103.159.189 - - [01/Jun/2018:11:29:32 -0300] "GET /cormun/static/hpexe_messagepopupcomponent.js?20161017169425 HTTP/1.1" 200 605
186.103.159.189 - - [01/Jun/2018:11:29:32 -0300] "GET /cormun/static/gxui/gxui-all.js HTTP/1.1" 200 107772
186.103.159.189 - - [01/Jun/2018:11:29:32 -0300] "GET /cormun/static/cmcontrolpreferences.js?201752511465670 HTTP/1.1" 200 1375
186.103.159.189 - - [01/Jun/2018:11:29:32 -0300] "GET /cormun/static/Resources/PXToolsHeaderLogin.png HTTP/1.1" 200 4279
186.103.159.189 - - [01/Jun/2018:11:29:32 -0300] "GET /cormun/static/Resources/PXToolsFooterBackground2.png HTTP/1.1" 200 1172
186.103.159.189 - - [01/Jun/2018:11:29:33 -0300] "GET /cormun/static/Resources/PXToolsHeaderBackground2.png HTTP/1.1" 200 1174
186.103.159.189 - - [01/Jun/2018:11:29:33 -0300] "GET /cormun/static/Resources/PXToolsHeaderHome.png HTTP/1.1" 200 4147
186.103.159.189 - - [01/Jun/2018:11:29:33 -0300] "GET /cormun/static/Shared/jquery/jquery-1.4.2.min.js HTTP/1.1" 200 72174
186.103.159.189 - - [01/Jun/2018:11:29:33 -0300] "GET /cormun/static/Resources/PXToolsHeaderActionsLeft.png HTTP/1.1" 200 1118
186.103.159.189 - - [01/Jun/2018:11:29:33 -0300] "GET /cormun/static/Shared/jqueryui/jquery-ui.min.js HTTP/1.1" 200 240427
186.103.159.189 - - [01/Jun/2018:11:29:33 -0300] "GET /cormun/static/Resources/logo4.png HTTP/1.1" 200 6582
186.103.159.189 - - [01/Jun/2018:11:29:33 -0300] "GET /cormun/static/Shared/jquery/jquery-1.10.2.min.js HTTP/1.1" 200 273199
186.103.159.189 - - [01/Jun/2018:11:29:33 -0300] "GET /cormun/static/Resources/PXToolsDataTitle.png HTTP/1.1" 200 1173
186.103.159.189 - - [01/Jun/2018:11:29:33 -0300] "GET /cormun/static/Resources/PXToolsHeaderPreferences.png HTTP/1.1" 200 4189
186.103.159.189 - - [01/Jun/2018:11:29:33 -0300] "GET /cormun/static/Resources/PXToolsHeaderSecurity.png HTTP/1.1" 200 4166
186.103.159.189 - - [01/Jun/2018:11:29:33 -0300] "GET /cormun/static/Resources/PXToolsHeaderActionsRight.png HTTP/1.1" 200 1201
186.103.159.189 - - [01/Jun/2018:11:29:33 -0300] "GET /cormun/static/Resources/PXToolsHeaderActionsBackground.png HTTP/1.1" 200 484
186.103.159.189 - - [01/Jun/2018:11:29:33 -0300] "GET /cormun/static/SmoothNavMenu/resources/ddsmoothmenu.js HTTP/1.1" 200 12712
186.103.159.189 - - [01/Jun/2018:11:29:33 -0300] "GET /cormun/static/SmoothNavMenu/resources/SmoothNavMenuRender.js HTTP/1.1" 200 5951
186.103.159.189 - - [01/Jun/2018:11:29:33 -0300] "GET /cormun/static/hmpwkw03.js?20177612122668 HTTP/1.1" 200 3965
186.103.159.189 - - [01/Jun/2018:11:29:33 -0300] "GET /cormun/static/scaMessage/scaMessageRender.js HTTP/1.1" 200 11977
186.103.159.189 - - [01/Jun/2018:11:29:33 -0300] "GET /cormun/static/scaMessage/js/jquery.pnotify.min.js HTTP/1.1" 200 13038
186.103.159.189 - - [01/Jun/2018:11:29:33 -0300] "GET /cormun/static/Shared/ext/ext-all.js HTTP/1.1" 200 1289687
200.112.6.85 - - [01/Jun/2018:11:29:33 -0300] "GET /cormun/servlet/hhome HTTP/1.1" 200 3989
186.103.159.189 - - [01/Jun/2018:11:29:34 -0300] "GET /cormun/servlet/hhome HTTP/1.1" 200 3984
186.103.159.189 - - [01/Jun/2018:11:29:35 -0300] "GET /cormun/static/SmoothNavMenu/resources/images/down.gif HTTP/1.1" 200 854
200.112.6.85 - - [01/Jun/2018:11:29:39 -0300] "GET /cormun/servlet/trvisualizadoreventos? HTTP/1.1" 200 6723
200.112.6.85 - - [01/Jun/2018:11:29:40 -0300] "GET /cormun/servlet/trvisualizadoreventos? HTTP/1.1" 200 6722
186.103.159.189 - - [01/Jun/2018:11:29:41 -0300] "GET /cormun/servlet/trvisualizadoreventos? HTTP/1.1" 200 6712
186.103.159.189 - - [01/Jun/2018:11:29:41 -0300] "GET /cormun/static/gxui/gxui-all.css?110300 HTTP/1.1" 200 2179
186.103.159.189 - - [01/Jun/2018:11:29:41 -0300] "GET /cormun/static/calendar-system.css?75620 HTTP/1.1" 200 5572
186.103.159.189 - - [01/Jun/2018:11:29:41 -0300] "GET /cormun/static/gxcfg.js?20175251251426 HTTP/1.1" 200 953
186.103.159.189 - - [01/Jun/2018:11:29:41 -0300] "GET /cormun/static/calendar.js?85251 HTTP/1.1" 200 26246
186.103.159.189 - - [01/Jun/2018:11:29:41 -0300] "GET /cormun/static/calendar-setup.js?85251 HTTP/1.1" 200 2588
186.103.159.189 - - [01/Jun/2018:11:29:41 -0300] "GET /cormun/static/calendar-es.js?85251 HTTP/1.1" 200 1901
186.103.159.189 - - [01/Jun/2018:11:29:41 -0300] "GET /cormun/static/gxdec.js?85251 HTTP/1.1" 200 19579
186.103.159.189 - - [01/Jun/2018:11:29:41 -0300] "GET /cormun/static/Shared/ext/resources/css/ext-all.css?205870 HTTP/1.1" 200 416045
186.103.159.189 - - [01/Jun/2018:11:29:41 -0300] "GET /cormun/static/trvisualizadoreventos.js?20175251251768 HTTP/1.1" 200 19318
186.103.159.189 - - [01/Jun/2018:11:29:41 -0300] "GET /cormun/static/Resources/PXTools/calendar.png HTTP/1.1" 200 1306
186.103.159.189 - - [01/Jun/2018:11:29:41 -0300] "GET /cormun/static/Resources/PXToolsDataSearch.png HTTP/1.1" 200 419
186.103.159.189 - - [01/Jun/2018:11:29:41 -0300] "GET /cormun/static/Resources/PXToolsGridFirstDisabled.gif HTTP/1.1" 200 100
186.103.159.189 - - [01/Jun/2018:11:29:41 -0300] "GET /cormun/static/Resources/PXToolsGridPreviousDisabled.gif HTTP/1.1" 200 90
186.103.159.189 - - [01/Jun/2018:11:29:41 -0300] "GET /cormun/static/Resources/PXToolsGridNextDisabled.gif HTTP/1.1" 200 90
186.103.159.189 - - [01/Jun/2018:11:29:41 -0300] "GET /cormun/static/Resources/PXToolsGridLastDisabled.gif HTTP/1.1" 200 98
186.103.159.189 - - [01/Jun/2018:11:29:41 -0300] "GET /cormun/static/Resources/PXToolsGridPage.gif HTTP/1.1" 200 725
186.103.159.189 - - [01/Jun/2018:11:29:41 -0300] "GET /cormun/static/Resources/PXToolsActionPrint.png HTTP/1.1" 200 3317
186.103.159.189 - - [01/Jun/2018:11:29:41 -0300] "GET /cormun/static/Resources/PXToolsActionExcel.png HTTP/1.1" 200 3187
200.112.6.85 - - [01/Jun/2018:11:29:42 -0300] "GET /cormun/static/menuarrow.gif HTTP/1.1" 404 1015
186.103.159.189 - - [01/Jun/2018:11:29:42 -0300] "GET /cormun/static/Resources/asc.gif HTTP/1.1" 200 67
186.103.159.189 - - [01/Jun/2018:11:29:42 -0300] "GET /cormun/static/Resources/desc.gif HTTP/1.1" 200 65
186.103.159.189 - - [01/Jun/2018:11:29:42 -0300] "GET /cormun/servlet/trvisualizadoreventos? HTTP/1.1" 200 6712
186.103.159.189 - - [01/Jun/2018:11:29:43 -0300] "GET /cormun/static/Shared/ext/resources/themes/images/default/tools/tool-sprites.gif HTTP/1.1" 200 5434
186.103.159.189 - - [01/Jun/2018:11:29:43 -0300] "GET /cormun/static/Shared/ext/resources/themes/images/default/panel/bg-headersPanel.png HTTP/1.1" 200 255
200.112.6.85 - - [01/Jun/2018:11:29:46 -0300] "POST /cormun/servlet/trvisualizadoreventos?a46fe48971505394e17560cb573798d2,,gx-no-cache=1527863322888 HTTP/1.1" 200 3929
200.112.6.85 - - [01/Jun/2018:11:29:50 -0300] "POST /cormun/servlet/trvisualizadoreventos?a46fe48971505394e17560cb573798d2,,gx-no-cache=1527863327416 HTTP/1.1" 200 4609
186.103.159.189 - - [01/Jun/2018:11:29:53 -0300] "GET /cormun/static/menuarrow.gif HTTP/1.1" 404 1015
186.103.159.189 - - [01/Jun/2018:11:29:58 -0300] "POST /cormun/servlet/trvisualizadoreventos?e90e0fe645dd281a92f278dc8727a6dd,,gx-no-cache=1527863334335 HTTP/1.1" 200 4779
200.54.247.70 - - [01/Jun/2018:11:30:08 -0300] "GET /cormun/servlet/trlicencias? HTTP/1.1" 200 8278
200.54.247.70 - - [01/Jun/2018:11:30:09 -0300] "GET /cormun/servlet/trlicencias? HTTP/1.1" 200 8278
200.54.247.70 - - [01/Jun/2018:11:30:11 -0300] "GET /cormun/servlet/trsolicitudot? HTTP/1.1" 200 7447
200.54.247.70 - - [01/Jun/2018:11:30:12 -0300] "GET /cormun/static/gxcfg.js?2017111422585916 HTTP/1.1" 200 953
200.54.247.70 - - [01/Jun/2018:11:30:13 -0300] "GET /cormun/static/trsolicitudot.js?201711142259839 HTTP/1.1" 200 54041
200.54.247.70 - - [01/Jun/2018:11:30:13 -0300] "GET /cormun/servlet/trsolicitudot? HTTP/1.1" 200 7447
192.168.10.96 - - [01/Jun/2018:11:30:14 -0300] "POST /cormun/servlet/trsolicitudgral?c915295acef063b7f370637b4b5ec3b3,,gx-no-cache=1527863218491 HTTP/1.1" 200 7291
192.168.10.96 - - [01/Jun/2018:11:30:14 -0300] "POST /cormun/servlet/trsolicitudgral?c915295acef063b7f370637b4b5ec3b3,,gx-no-cache=1527863218688 HTTP/1.1" 200 7291
186.103.159.189 - - [01/Jun/2018:11:30:17 -0300] "POST /cormun/servlet/trvisualizadoreventos?e90e0fe645dd281a92f278dc8727a6dd,,gx-no-cache=1527863352647 HTTP/1.1" 200 4813
192.168.10.96 - - [01/Jun/2018:11:30:18 -0300] "POST /cormun/servlet/trsolicitudgral?c915295acef063b7f370637b4b5ec3b3,,gx-no-cache=1527863222252 HTTP/1.1" 200 7320
192.168.10.96 - - [01/Jun/2018:11:30:19 -0300] "POST /cormun/servlet/trsolicitudgral?c915295acef063b7f370637b4b5ec3b3,,gx-no-cache=1527863223292 HTTP/1.1" 200 7320
192.168.10.96 - - [01/Jun/2018:11:30:23 -0300] "POST /cormun/servlet/trsolicitudgral?c915295acef063b7f370637b4b5ec3b3,,gx-no-cache=1527863227381 HTTP/1.1" 200 7291
192.168.10.96 - - [01/Jun/2018:11:30:59 -0300] "POST /cormun/servlet/trsolicitudgral?c915295acef063b7f370637b4b5ec3b3,,gx-no-cache=1527863263532 HTTP/1.1" 200 5940
192.168.10.96 - - [01/Jun/2018:11:31:03 -0300] "POST /cormun/servlet/trsolicitudgral?c915295acef063b7f370637b4b5ec3b3,,gx-no-cache=1527863267236 HTTP/1.1" 200 7291
192.168.10.96 - - [01/Jun/2018:11:31:07 -0300] "POST /cormun/servlet/trsolicitudgral?c915295acef063b7f370637b4b5ec3b3,,gx-no-cache=1527863271677 HTTP/1.1" 200 7320
192.168.10.96 - - [01/Jun/2018:11:31:13 -0300] "POST /cormun/servlet/trsolicitudgral?c915295acef063b7f370637b4b5ec3b3,,gx-no-cache=1527863277307 HTTP/1.1" 200 7291
192.168.10.96 - - [01/Jun/2018:11:31:23 -0300] "POST /cormun/servlet/trsolicitudgral?c915295acef063b7f370637b4b5ec3b3,,gx-no-cache=1527863287292 HTTP/1.1" 200 7319
192.168.10.96 - - [01/Jun/2018:11:31:27 -0300] "POST /cormun/servlet/trsolicitudgral?c915295acef063b7f370637b4b5ec3b3,,gx-no-cache=1527863291263 HTTP/1.1" 200 7291
192.168.10.96 - - [01/Jun/2018:11:31:31 -0300] "POST /cormun/servlet/trsolicitudgral?c915295acef063b7f370637b4b5ec3b3,,gx-no-cache=1527863295567 HTTP/1.1" 200 5940
192.168.10.96 - - [01/Jun/2018:11:31:41 -0300] "POST /cormun/servlet/trsolicitudgral?c915295acef063b7f370637b4b5ec3b3,,gx-no-cache=1527863305350 HTTP/1.1" 200 7290
192.168.10.96 - - [01/Jun/2018:11:31:47 -0300] "GET /cormun/servlet/vesolicitudgral?2018,11522,, HTTP/1.1" 200 9328
192.168.10.96 - - [01/Jun/2018:11:31:47 -0300] "GET /cormun/pexe_scrolldiv.js HTTP/1.1" 404 1009
192.168.10.96 - - [01/Jun/2018:11:31:47 -0300] "GET /cormun/pexe_scrolldiv.js HTTP/1.1" 404 1009
192.168.10.96 - - [01/Jun/2018:11:31:48 -0300] "GET /cormun/servlet/vesolicitudgral?2018,11522,, HTTP/1.1" 200 9327
192.168.10.96 - - [01/Jun/2018:11:31:49 -0300] "GET /cormun/servlet/vesolicitudgral?2018,11522,,SolicitudOTLog HTTP/1.1" 200 10174
192.168.10.96 - - [01/Jun/2018:11:31:49 -0300] "GET /cormun/pexe_scrolldiv.js HTTP/1.1" 404 1009
192.168.10.96 - - [01/Jun/2018:11:31:49 -0300] "GET /cormun/pexe_scrolldiv.js HTTP/1.1" 404 1009
