186.103.157.235 - - [01/Jun/2018:14:28:56 -0300] "GET /cormun/servlet/trpermisosgoce HTTP/1.1" 200 11319
192.168.10.89 - - [01/Jun/2018:14:28:58 -0300] "POST /cormun/servlet/vesolicitudgral?ca67fada516f5b497f38823be5f3ad47,2018,11554,,SolicitudOTAdjuntos,gx-no-cache=1527873942686 HTTP/1.1" 200 90
192.168.10.89 - - [01/Jun/2018:14:28:58 -0300] "GET /cormun/servlet/hpexe_link HTTP/1.1" 200 978
192.168.10.89 - - [01/Jun/2018:14:28:58 -0300] "GET /cormun/servlet/trsolicitudgral? HTTP/1.1" 200 10865
186.103.157.235 - - [01/Jun/2018:14:29:01 -0300] "GET /cormun/servlet/permisogoce?INS,0,,, HTTP/1.1" 200 7088
186.103.157.235 - - [01/Jun/2018:14:29:02 -0300] "GET /cormun/servlet/permisogoce?INS,0,,, HTTP/1.1" 200 7087
192.168.10.97 - - [01/Jun/2018:14:29:04 -0300] "POST /cormun/servlet/trsolicitudgral?3941ccb00390e2aa2c8085a87b752ac0,,gx-no-cache=1527873948513 HTTP/1.1" 200 5912
192.168.10.97 - - [01/Jun/2018:14:29:12 -0300] "POST /cormun/servlet/trsolicitudgral?3941ccb00390e2aa2c8085a87b752ac0,,gx-no-cache=1527873956652 HTTP/1.1" 200 5913
186.103.157.235 - - [01/Jun/2018:14:29:12 -0300] "GET /cormun/servlet/permisogoce?ef3edf55f8b94221aa333f9a52d6d544d29be9d139d7b95f35ca674caa7f343058fdfdf32c2f3dc38ba4d52a8421f8923d8e2a1937606a5d87a9e173039b1063,gx-no-cache=1527874090640 HTTP/1.1" 200 77
186.103.157.235 - - [01/Jun/2018:14:29:13 -0300] "GET /cormun/static/menuarrow.gif HTTP/1.1" 404 1015
186.103.157.235 - - [01/Jun/2018:14:29:22 -0300] "GET /cormun/servlet/permisogoce?ef3edf55f8b94221aa333f9a52d6d544957c95f505af45fc2355cd3f14e6a9a81a84eb5c2ec1219f68ece016a52aa76e39f66241cb8d068c168865154a0587c3,gx-no-cache=1527874100807 HTTP/1.1" 200 47
192.168.10.97 - - [01/Jun/2018:14:29:23 -0300] "POST /cormun/servlet/trsolicitudgral?3941ccb00390e2aa2c8085a87b752ac0,,gx-no-cache=1527873968050 HTTP/1.1" 200 5913
186.103.157.235 - - [01/Jun/2018:14:29:24 -0300] "POST /cormun/servlet/permisogoce?85ff71afe7a0ff8a8b451506e951fb13,INS,0,,,,gx-no-cache=1527874102108 HTTP/1.1" 200 93
186.103.157.235 - - [01/Jun/2018:14:29:24 -0300] "GET /cormun/servlet/hpexe_return? HTTP/1.1" 200 1010
186.103.157.235 - - [01/Jun/2018:14:29:24 -0300] "GET /cormun/servlet/trpermisosgoce HTTP/1.1" 200 11542
186.103.157.235 - - [01/Jun/2018:14:29:25 -0300] "GET /cormun/servlet/trpermisosgoce HTTP/1.1" 200 11525
192.168.10.97 - - [01/Jun/2018:14:29:27 -0300] "POST /cormun/servlet/trsolicitudgral?3941ccb00390e2aa2c8085a87b752ac0,,gx-no-cache=1527873971608 HTTP/1.1" 200 5913
186.103.157.235 - - [01/Jun/2018:14:29:28 -0300] "GET /cormun/servlet/permisogoce?INS,0,,, HTTP/1.1" 200 7087
186.103.157.235 - - [01/Jun/2018:14:29:28 -0300] "GET /cormun/servlet/permisogoce?INS,0,,, HTTP/1.1" 200 7087
192.168.10.97 - - [01/Jun/2018:14:29:29 -0300] "POST /cormun/servlet/trsolicitudgral?3941ccb00390e2aa2c8085a87b752ac0,,gx-no-cache=1527873973624 HTTP/1.1" 200 5914
192.168.10.62 - - [01/Jun/2018:14:29:34 -0300] "GET /cormun/servlet/hlogin HTTP/1.1" 200 1735
186.103.157.235 - - [01/Jun/2018:14:29:35 -0300] "GET /cormun/servlet/permisogoce?ef3edf55f8b94221aa333f9a52d6d5449a8f11e0359376843446755cbc62a96658fdfdf32c2f3dc38ba4d52a8421f8923d8e2a1937606a5d87a9e173039b1063,gx-no-cache=1527874114031 HTTP/1.1" 200 79
192.168.10.97 - - [01/Jun/2018:14:29:36 -0300] "POST /cormun/servlet/trsolicitudgral?3941ccb00390e2aa2c8085a87b752ac0,,gx-no-cache=1527873980977 HTTP/1.1" 200 5913
186.103.157.235 - - [01/Jun/2018:14:29:38 -0300] "GET /cormun/static/menuarrow.gif HTTP/1.1" 404 1015
192.168.10.97 - - [01/Jun/2018:14:29:44 -0300] "POST /cormun/servlet/trsolicitudgral?3941ccb00390e2aa2c8085a87b752ac0,,gx-no-cache=1527873988311 HTTP/1.1" 200 5911
186.103.157.235 - - [01/Jun/2018:14:29:47 -0300] "GET /cormun/servlet/permisogoce?ef3edf55f8b94221aa333f9a52d6d54407d0b081f5bfb69a5b1fe9ba4dc4d7f3c4a740553e9e1603fd578ccb800403aa39f66241cb8d068c168865154a0587c3,gx-no-cache=1527874125181 HTTP/1.1" 200 47
186.103.157.235 - - [01/Jun/2018:14:29:48 -0300] "POST /cormun/servlet/permisogoce?85ff71afe7a0ff8a8b451506e951fb13,INS,0,,,,gx-no-cache=1527874126284 HTTP/1.1" 200 93
186.103.157.235 - - [01/Jun/2018:14:29:48 -0300] "GET /cormun/servlet/hpexe_return? HTTP/1.1" 200 1010
186.103.157.235 - - [01/Jun/2018:14:29:49 -0300] "GET /cormun/servlet/trpermisosgoce HTTP/1.1" 200 11747
186.103.157.235 - - [01/Jun/2018:14:29:49 -0300] "GET /cormun/servlet/trpermisosgoce HTTP/1.1" 200 11745
192.168.10.97 - - [01/Jun/2018:14:29:51 -0300] "POST /cormun/servlet/trsolicitudgral?3941ccb00390e2aa2c8085a87b752ac0,,gx-no-cache=1527873995920 HTTP/1.1" 200 5912
186.103.157.235 - - [01/Jun/2018:14:29:52 -0300] "GET /cormun/servlet/permisogoce?INS,0,,, HTTP/1.1" 200 7088
186.103.157.235 - - [01/Jun/2018:14:29:53 -0300] "GET /cormun/servlet/permisogoce?INS,0,,, HTTP/1.1" 200 7087
186.103.157.235 - - [01/Jun/2018:14:30:02 -0300] "GET /cormun/servlet/permisogoce?ef3edf55f8b94221aa333f9a52d6d544717de0d92fb2d267c62c2166c6c7ced658fdfdf32c2f3dc38ba4d52a8421f8923d8e2a1937606a5d87a9e173039b1063,gx-no-cache=1527874139864 HTTP/1.1" 200 76
186.103.157.235 - - [01/Jun/2018:14:30:04 -0300] "GET /cormun/static/menuarrow.gif HTTP/1.1" 404 1015
192.168.10.97 - - [01/Jun/2018:14:30:04 -0300] "POST /cormun/servlet/trsolicitudgral?3941ccb00390e2aa2c8085a87b752ac0,,gx-no-cache=1527874008687 HTTP/1.1" 200 5912
186.103.157.235 - - [01/Jun/2018:14:30:13 -0300] "GET /cormun/servlet/permisogoce?ef3edf55f8b94221aa333f9a52d6d54471ea055015e440e44ade27f5c41cac86918ec5b242bdb84384dc717e9077e57139f66241cb8d068c168865154a0587c3,gx-no-cache=1527874151500 HTTP/1.1" 200 47
192.168.10.97 - - [01/Jun/2018:14:30:13 -0300] "POST /cormun/servlet/trsolicitudgral?3941ccb00390e2aa2c8085a87b752ac0,,gx-no-cache=1527874017832 HTTP/1.1" 200 5912
186.103.157.235 - - [01/Jun/2018:14:30:14 -0300] "POST /cormun/servlet/permisogoce?85ff71afe7a0ff8a8b451506e951fb13,INS,0,,,,gx-no-cache=1527874152536 HTTP/1.1" 200 93
186.103.157.235 - - [01/Jun/2018:14:30:14 -0300] "GET /cormun/servlet/hpexe_return? HTTP/1.1" 200 1010
186.103.157.235 - - [01/Jun/2018:14:30:15 -0300] "GET /cormun/servlet/trpermisosgoce HTTP/1.1" 200 11985
186.103.157.235 - - [01/Jun/2018:14:30:15 -0300] "GET /cormun/servlet/trpermisosgoce HTTP/1.1" 200 11986
192.168.10.97 - - [01/Jun/2018:14:30:22 -0300] "POST /cormun/servlet/trsolicitudgral?3941ccb00390e2aa2c8085a87b752ac0,,gx-no-cache=1527874026591 HTTP/1.1" 200 5913
186.103.157.235 - - [01/Jun/2018:14:30:24 -0300] "GET /cormun/servlet/permisogoce?INS,0,,, HTTP/1.1" 200 7088
186.103.157.235 - - [01/Jun/2018:14:30:25 -0300] "GET /cormun/servlet/permisogoce?INS,0,,, HTTP/1.1" 200 7087
186.103.157.235 - - [01/Jun/2018:14:30:32 -0300] "GET /cormun/servlet/permisogoce?ef3edf55f8b94221aa333f9a52d6d544fd51d94ecfca7a5093e4a3d51397114a956f308d38f612eea6cc0a138c31bcd9,gx-no-cache=1527874170742 HTTP/1.1" 200 81
192.168.10.97 - - [01/Jun/2018:14:30:32 -0300] "POST /cormun/servlet/trsolicitudgral?3941ccb00390e2aa2c8085a87b752ac0,,gx-no-cache=1527874036904 HTTP/1.1" 200 5910
186.103.157.235 - - [01/Jun/2018:14:30:34 -0300] "GET /cormun/static/menuarrow.gif HTTP/1.1" 404 1015
192.168.10.97 - - [01/Jun/2018:14:30:40 -0300] "POST /cormun/servlet/trsolicitudgral?3941ccb00390e2aa2c8085a87b752ac0,,gx-no-cache=1527874044457 HTTP/1.1" 200 5912
186.103.157.235 - - [01/Jun/2018:14:30:42 -0300] "GET /cormun/servlet/permisogoce?ef3edf55f8b94221aa333f9a52d6d544fa168af533702377bee58f85f459bd78fee9041e2a1fda2e1be15373d50c547ee9ab5986246b58a55191a2c822eda203,gx-no-cache=1527874180502 HTTP/1.1" 200 47
186.103.157.235 - - [01/Jun/2018:14:30:44 -0300] "POST /cormun/servlet/permisogoce?85ff71afe7a0ff8a8b451506e951fb13,INS,0,,,,gx-no-cache=1527874182162 HTTP/1.1" 200 93
186.103.157.235 - - [01/Jun/2018:14:30:44 -0300] "GET /cormun/servlet/hpexe_return? HTTP/1.1" 200 1010
186.103.157.235 - - [01/Jun/2018:14:30:44 -0300] "GET /cormun/servlet/trpermisosgoce HTTP/1.1" 200 12209
186.103.157.235 - - [01/Jun/2018:14:30:45 -0300] "GET /cormun/servlet/trpermisosgoce HTTP/1.1" 200 12199
192.168.10.97 - - [01/Jun/2018:14:30:46 -0300] "POST /cormun/servlet/trsolicitudgral?3941ccb00390e2aa2c8085a87b752ac0,,gx-no-cache=1527874050698 HTTP/1.1" 200 5914
186.103.157.235 - - [01/Jun/2018:14:30:49 -0300] "GET /cormun/servlet/permisogoce?INS,0,,, HTTP/1.1" 200 7087
186.103.157.235 - - [01/Jun/2018:14:30:49 -0300] "GET /cormun/servlet/permisogoce?INS,0,,, HTTP/1.1" 200 7087
192.168.10.97 - - [01/Jun/2018:14:30:53 -0300] "POST /cormun/servlet/trsolicitudgral?3941ccb00390e2aa2c8085a87b752ac0,,gx-no-cache=1527874057649 HTTP/1.1" 200 5913
186.103.157.235 - - [01/Jun/2018:14:30:58 -0300] "GET /cormun/servlet/permisogoce?ef3edf55f8b94221aa333f9a52d6d5444a501ad2b2b0e0e13f0821413d1106ed58fdfdf32c2f3dc38ba4d52a8421f8923d8e2a1937606a5d87a9e173039b1063,gx-no-cache=1527874196607 HTTP/1.1" 200 77
192.168.10.97 - - [01/Jun/2018:14:30:59 -0300] "POST /cormun/servlet/trsolicitudgral?3941ccb00390e2aa2c8085a87b752ac0,,gx-no-cache=1527874064049 HTTP/1.1" 200 5912
186.103.157.235 - - [01/Jun/2018:14:31:00 -0300] "GET /cormun/static/menuarrow.gif HTTP/1.1" 404 1015
186.103.157.235 - - [01/Jun/2018:14:31:07 -0300] "GET /cormun/servlet/permisogoce?ef3edf55f8b94221aa333f9a52d6d5447e04a0c760134603971315f8d01ea2106c418ac5c6078f770e044acced3114a739f66241cb8d068c168865154a0587c3,gx-no-cache=1527874205340 HTTP/1.1" 200 46
186.103.157.235 - - [01/Jun/2018:14:31:08 -0300] "POST /cormun/servlet/permisogoce?85ff71afe7a0ff8a8b451506e951fb13,INS,0,,,,gx-no-cache=1527874206552 HTTP/1.1" 200 93
186.103.157.235 - - [01/Jun/2018:14:31:08 -0300] "GET /cormun/servlet/hpexe_return? HTTP/1.1" 200 1010
186.103.157.235 - - [01/Jun/2018:14:31:08 -0300] "GET /cormun/servlet/trpermisosgoce HTTP/1.1" 200 12444
186.103.157.235 - - [01/Jun/2018:14:31:10 -0300] "GET /cormun/servlet/trpermisosgoce HTTP/1.1" 200 12471
192.168.10.97 - - [01/Jun/2018:14:31:10 -0300] "POST /cormun/servlet/trsolicitudgral?3941ccb00390e2aa2c8085a87b752ac0,,gx-no-cache=1527874074986 HTTP/1.1" 200 5912
186.103.157.235 - - [01/Jun/2018:14:31:13 -0300] "GET /cormun/servlet/permisogoce?INS,0,,, HTTP/1.1" 200 7088
186.103.157.235 - - [01/Jun/2018:14:31:13 -0300] "GET /cormun/servlet/permisogoce?INS,0,,, HTTP/1.1" 200 7087
192.168.10.97 - - [01/Jun/2018:14:31:18 -0300] "POST /cormun/servlet/trsolicitudgral?3941ccb00390e2aa2c8085a87b752ac0,,gx-no-cache=1527874082305 HTTP/1.1" 200 5914
186.103.157.235 - - [01/Jun/2018:14:31:21 -0300] "GET /cormun/servlet/permisogoce?ef3edf55f8b94221aa333f9a52d6d544dbd7fbec4981d0667aff4b7298e0f51458fdfdf32c2f3dc38ba4d52a8421f8923d8e2a1937606a5d87a9e173039b1063,gx-no-cache=1527874219518 HTTP/1.1" 200 77
186.103.157.235 - - [01/Jun/2018:14:31:23 -0300] "GET /cormun/static/menuarrow.gif HTTP/1.1" 404 1015
192.168.10.97 - - [01/Jun/2018:14:31:25 -0300] "POST /cormun/servlet/trsolicitudgral?3941ccb00390e2aa2c8085a87b752ac0,,gx-no-cache=1527874089258 HTTP/1.1" 200 5915
186.103.157.235 - - [01/Jun/2018:14:31:34 -0300] "GET /cormun/servlet/permisogoce?ef3edf55f8b94221aa333f9a52d6d544f8ef0e1123646f3cbaa06c263cf2222030ef1aba90f1e906db3d59988d0d71d439f66241cb8d068c168865154a0587c3,gx-no-cache=1527874232243 HTTP/1.1" 200 47
192.168.10.97 - - [01/Jun/2018:14:31:34 -0300] "POST /cormun/servlet/trsolicitudgral?3941ccb00390e2aa2c8085a87b752ac0,,gx-no-cache=1527874098698 HTTP/1.1" 200 7283
186.103.157.235 - - [01/Jun/2018:14:31:36 -0300] "POST /cormun/servlet/permisogoce?85ff71afe7a0ff8a8b451506e951fb13,INS,0,,,,gx-no-cache=1527874233875 HTTP/1.1" 200 93
186.103.157.235 - - [01/Jun/2018:14:31:36 -0300] "GET /cormun/servlet/hpexe_return? HTTP/1.1" 200 1010
186.103.157.235 - - [01/Jun/2018:14:31:36 -0300] "GET /cormun/servlet/trpermisosgoce HTTP/1.1" 200 12708
186.103.157.235 - - [01/Jun/2018:14:31:36 -0300] "GET /cormun/servlet/trpermisosgoce HTTP/1.1" 200 12704
186.103.157.235 - - [01/Jun/2018:14:31:43 -0300] "GET /cormun/servlet/permisogoce?INS,0,,, HTTP/1.1" 200 7088
186.103.157.235 - - [01/Jun/2018:14:31:43 -0300] "GET /cormun/servlet/permisogoce?INS,0,,, HTTP/1.1" 200 7088
192.168.10.97 - - [01/Jun/2018:14:31:45 -0300] "GET /cormun/servlet/solicitudgral2?UPD,2018,11606, HTTP/1.1" 200 13148
192.168.10.97 - - [01/Jun/2018:14:31:46 -0300] "GET /cormun/servlet/solicitudgral2?UPD,2018,11606, HTTP/1.1" 200 13158
192.168.10.97 - - [01/Jun/2018:14:31:46 -0300] "POST /cormun/servlet/solicitudgral2?gx-no-cache=1527874110716 HTTP/1.1" 200 3889
192.168.10.97 - - [01/Jun/2018:14:31:46 -0300] "GET /cormun/servlet/solicitudgral2?ff31ec7052581b0a3e360768d55554e060c97e28b2c5093faa773c1d0f6fd917bd9de8ca59360d4004451982b50fbc95e8e495f487771073e64378e3804938ea6bfa99cc2be781d63a8f85bbe4a480004908a57a1219902cfbad50d1c3b3da7947b1eb2c98cff369fb87dac994e122c2615e255fc6a673257a2c83fbb3358bd9992826d0d4a76aa7f14624956036619ae08b75859dad605f06abbfaf902d45322741930208852cd8f04916490fc29fa39e6031cd805ac8673c60d1838b0cf45ce80830f124f0a6051fade27d01c41d4545877af7cf0ff12639a76474870864e90f479a0b41c763817785d5fa1288a195c04292390f0e967e0f139f26e08785cfe9de9931bcf8ae74d180d69a81c830f15cc278e2615dcb6ea28686abfb7f0487db06e76e48e8a0852c3c84372788e9ca3faecfdd2fa92835290086098c7f7c92038d1d4a0727fa19f2597f2c64d87ad2,gx-no-cache=1527874110824 HTTP/1.1" 200 255
192.168.10.97 - - [01/Jun/2018:14:31:46 -0300] "POST /cormun/servlet/solicitudgral2?gx-no-cache=1527874110850 HTTP/1.1" 200 1428
192.168.10.97 - - [01/Jun/2018:14:31:46 -0300] "GET /cormun/servlet/solicitudgral2?ff31ec7052581b0a3e360768d55554e02a72ad7ce587c5cbe394e2d97bc94aff16283af427c64611560fe0c453714c7147bb31a45ddfc0cf0d75de785a3e75921deff1b5587801525605fa6925e8747402915a987e802df845414af15dbe5b656eeb962498d9377731140d9c43a99387,gx-no-cache=1527874110888 HTTP/1.1" 200 41
186.103.157.235 - - [01/Jun/2018:14:31:51 -0300] "GET /cormun/servlet/permisogoce?ef3edf55f8b94221aa333f9a52d6d544c56fa49ba23fbafc8b2a45c02b32454658fdfdf32c2f3dc38ba4d52a8421f8923d8e2a1937606a5d87a9e173039b1063,gx-no-cache=1527874248956 HTTP/1.1" 200 226
186.103.157.235 - - [01/Jun/2018:14:31:51 -0300] "GET /cormun/static/Shared/jqueryui/images/ui-bg_highlight-soft_100_c6c2c8_1x100.png HTTP/1.1" 404 1117
186.103.157.235 - - [01/Jun/2018:14:31:51 -0300] "GET /cormun/static/Shared/jqueryui/images/ui-icons_82798d_256x240.png HTTP/1.1" 404 1089
186.103.157.235 - - [01/Jun/2018:14:31:51 -0300] "GET /cormun/static/Shared/jqueryui/images/ui-icons_ebccce_256x240.png HTTP/1.1" 404 1089
186.103.157.235 - - [01/Jun/2018:14:31:51 -0300] "GET /cormun/static/Shared/jqueryui/images/ui-bg_flat_55_994d53_40x100.png HTTP/1.1" 404 1097
192.168.10.97 - - [01/Jun/2018:14:31:57 -0300] "POST /cormun/servlet/solicitudgral2?3941ccb00390e2aa2c8085a87b752ac0,UPD,2018,11606,,gx-no-cache=1527874121756 HTTP/1.1" 200 93
192.168.10.97 - - [01/Jun/2018:14:31:57 -0300] "GET /cormun/servlet/hpexe_return? HTTP/1.1" 200 1011
192.168.10.97 - - [01/Jun/2018:14:31:57 -0300] "GET /cormun/servlet/trsolicitudgral? HTTP/1.1" 200 10516
192.168.10.97 - - [01/Jun/2018:14:31:58 -0300] "GET /cormun/servlet/trsolicitudgral? HTTP/1.1" 200 10512
186.103.157.235 - - [01/Jun/2018:14:32:10 -0300] "GET /cormun/servlet/trpermisosgoce HTTP/1.1" 200 12714
186.103.157.235 - - [01/Jun/2018:14:32:13 -0300] "GET /cormun/servlet/trpermisosgoce HTTP/1.1" 200 12687
192.168.10.96 - - [01/Jun/2018:14:32:28 -0300] "GET /cormun/servlet/trsolicitudgral? HTTP/1.1" 200 26309
192.168.10.96 - - [01/Jun/2018:14:32:29 -0300] "GET /cormun/servlet/trsolicitudgral? HTTP/1.1" 200 26303
192.168.10.96 - - [01/Jun/2018:14:32:38 -0300] "POST /cormun/servlet/trsolicitudgral?edcc68eee8447ac67f48029370746d9e,,gx-no-cache=1527874161970 HTTP/1.1" 200 15786
192.168.10.96 - - [01/Jun/2018:14:32:43 -0300] "POST /cormun/servlet/trsolicitudgral?edcc68eee8447ac67f48029370746d9e,,gx-no-cache=1527874167526 HTTP/1.1" 200 5941
186.103.157.235 - - [01/Jun/2018:14:32:44 -0300] "GET /cormun/servlet/permisogoce?INS,0,,, HTTP/1.1" 200 7087
186.103.157.235 - - [01/Jun/2018:14:32:45 -0300] "GET /cormun/servlet/permisogoce?INS,0,,, HTTP/1.1" 200 7086
192.168.10.96 - - [01/Jun/2018:14:32:47 -0300] "POST /cormun/servlet/trsolicitudgral?edcc68eee8447ac67f48029370746d9e,,gx-no-cache=1527874170916 HTTP/1.1" 200 15786
192.168.10.96 - - [01/Jun/2018:14:32:49 -0300] "GET /cormun/servlet/vesolicitudgral?2018,11553,, HTTP/1.1" 200 9255
192.168.10.96 - - [01/Jun/2018:14:32:49 -0300] "GET /cormun/pexe_scrolldiv.js HTTP/1.1" 404 1009
192.168.10.96 - - [01/Jun/2018:14:32:49 -0300] "GET /cormun/pexe_scrolldiv.js HTTP/1.1" 404 1009
192.168.10.96 - - [01/Jun/2018:14:32:50 -0300] "GET /cormun/servlet/vesolicitudgral?2018,11553,, HTTP/1.1" 200 9254
186.103.157.235 - - [01/Jun/2018:14:32:51 -0300] "GET /cormun/servlet/permisogoce?ef3edf55f8b94221aa333f9a52d6d54477d8565a150878d9cdf30df01563928758fdfdf32c2f3dc38ba4d52a8421f8923d8e2a1937606a5d87a9e173039b1063,gx-no-cache=1527874309099 HTTP/1.1" 200 85
192.168.10.96 - - [01/Jun/2018:14:32:51 -0300] "GET /cormun/servlet/vesolicitudgral?2018,11553,,SolicitudOTAdjuntos HTTP/1.1" 200 7966
192.168.10.96 - - [01/Jun/2018:14:32:51 -0300] "GET /cormun/pexe_scrolldiv.js HTTP/1.1" 404 1009
192.168.10.96 - - [01/Jun/2018:14:32:51 -0300] "GET /cormun/pexe_scrolldiv.js HTTP/1.1" 404 1009
192.168.10.96 - - [01/Jun/2018:14:32:51 -0300] "GET /cormun/servlet/vesolicitudgral?2018,11553,,SolicitudOTAdjuntos HTTP/1.1" 200 7967
192.168.10.96 - - [01/Jun/2018:14:32:52 -0300] "POST /cormun/servlet/acontrolpreferencessavestate?None,DZAMUDIO,true HTTP/1.1" 200 35
186.103.157.235 - - [01/Jun/2018:14:32:52 -0300] "GET /cormun/static/menuarrow.gif HTTP/1.1" 404 1015
192.168.10.96 - - [01/Jun/2018:14:32:53 -0300] "POST /cormun/servlet/vesolicitudgral?edcc68eee8447ac67f48029370746d9e,2018,11553,,SolicitudOTAdjuntos,gx-no-cache=1527874177481 HTTP/1.1" 200 90
192.168.10.96 - - [01/Jun/2018:14:32:53 -0300] "GET /cormun/servlet/hpexe_link HTTP/1.1" 200 978
192.168.10.96 - - [01/Jun/2018:14:32:53 -0300] "GET /cormun/servlet/trsolicitudgral? HTTP/1.1" 200 18909
192.168.10.96 - - [01/Jun/2018:14:32:54 -0300] "GET /cormun/servlet/trsolicitudgral? HTTP/1.1" 200 18907
186.103.157.235 - - [01/Jun/2018:14:33:01 -0300] "GET /cormun/servlet/permisogoce?ef3edf55f8b94221aa333f9a52d6d5444f6851002594a5a6af35a7f1a8282619515836a452fbee6a3e7ad9a8811c183b39f66241cb8d068c168865154a0587c3,gx-no-cache=1527874319602 HTTP/1.1" 200 48
186.103.157.235 - - [01/Jun/2018:14:33:03 -0300] "POST /cormun/servlet/permisogoce?85ff71afe7a0ff8a8b451506e951fb13,INS,0,,,,gx-no-cache=1527874320557 HTTP/1.1" 200 93
186.103.157.235 - - [01/Jun/2018:14:33:03 -0300] "GET /cormun/servlet/hpexe_return? HTTP/1.1" 200 1010
186.103.157.235 - - [01/Jun/2018:14:33:03 -0300] "GET /cormun/servlet/trpermisosgoce HTTP/1.1" 200 12922
186.103.157.235 - - [01/Jun/2018:14:33:03 -0300] "GET /cormun/servlet/trpermisosgoce HTTP/1.1" 200 12903
186.103.157.235 - - [01/Jun/2018:14:33:06 -0300] "GET /cormun/servlet/permisogoce?INS,0,,, HTTP/1.1" 200 7087
186.103.157.235 - - [01/Jun/2018:14:33:06 -0300] "GET /cormun/servlet/permisogoce?INS,0,,, HTTP/1.1" 200 7087
192.168.10.89 - - [01/Jun/2018:14:33:11 -0300] "POST /cormun/servlet/trsolicitudgral?ca67fada516f5b497f38823be5f3ad47,,gx-no-cache=1527874195327 HTTP/1.1" 200 8420
186.103.157.235 - - [01/Jun/2018:14:33:13 -0300] "GET /cormun/servlet/permisogoce?ef3edf55f8b94221aa333f9a52d6d544a9680dcd915af160315e6bbd09e3bc9e956f308d38f612eea6cc0a138c31bcd9,gx-no-cache=1527874331440 HTTP/1.1" 200 85
186.103.157.235 - - [01/Jun/2018:14:33:15 -0300] "GET /cormun/static/menuarrow.gif HTTP/1.1" 404 1015
186.103.157.235 - - [01/Jun/2018:14:33:43 -0300] "GET /cormun/servlet/permisogoce?ef3edf55f8b94221aa333f9a52d6d54433a90eb67a7625635718fa1a73dad460071ab8ded01023e271f838e911b9e97ae9ab5986246b58a55191a2c822eda203,gx-no-cache=1527874361322 HTTP/1.1" 200 48
186.103.157.235 - - [01/Jun/2018:14:33:45 -0300] "POST /cormun/servlet/permisogoce?85ff71afe7a0ff8a8b451506e951fb13,INS,0,,,,gx-no-cache=1527874363562 HTTP/1.1" 200 93
186.103.157.235 - - [01/Jun/2018:14:33:45 -0300] "GET /cormun/servlet/hpexe_return? HTTP/1.1" 200 1010
186.103.157.235 - - [01/Jun/2018:14:33:46 -0300] "GET /cormun/servlet/trpermisosgoce HTTP/1.1" 200 13066
186.103.157.235 - - [01/Jun/2018:14:33:46 -0300] "GET /cormun/servlet/trpermisosgoce HTTP/1.1" 200 13071
186.103.157.235 - - [01/Jun/2018:14:33:54 -0300] "GET /cormun/servlet/permisogoce?INS,0,,, HTTP/1.1" 200 7088
186.103.157.235 - - [01/Jun/2018:14:33:54 -0300] "GET /cormun/servlet/permisogoce?INS,0,,, HTTP/1.1" 200 7087
192.168.10.89 - - [01/Jun/2018:14:33:57 -0300] "GET /cormun/servlet/solicitudgral?UPD,2018,11607, HTTP/1.1" 200 13327
192.168.10.89 - - [01/Jun/2018:14:33:57 -0300] "GET /cormun/static/gxcfg.js?20181911354237 HTTP/1.1" 200 953
192.168.10.89 - - [01/Jun/2018:14:33:57 -0300] "GET /cormun/static/solicitudgral.js?20181911354326 HTTP/1.1" 200 41515
192.168.10.89 - - [01/Jun/2018:14:33:59 -0300] "POST /cormun/servlet/solicitudgral?gx-no-cache=1527874243047 HTTP/1.1" 200 3850
192.168.10.89 - - [01/Jun/2018:14:33:59 -0300] "GET /cormun/servlet/solicitudgral?6182558d0c40ed0d5385411e3fb2eaabc419a561bf4ce4370fd840bdd468a1e0289afa3ec675f159af7974c4fc21b6089b926f0bcd6b60b56acc2dc99491f77f6f2056b7682f339c7ddd6e981643d71d2cfeab45e938518934e0529568a7bdaba5018655e20f09fae6293df1a598bcac40ba245a7ca24999d3e894945a970cdc6a585dce1c9326fd839ae6797c3c10d3080c4052037ac2a27107b380e76792013fc9b197be4463f1e9ce85d7e72ef39f50df13625773563196641d8d5a6293f21daa829a9340cf1d0a9719b086e02be40252a236342f3f39297241e3d72ee759615085d973df2d47a8816ea7af6900a2e6c239c6523f275841bad716c3a3c4e8062c271e4a338f060d5442112a0b698b946d9fba11f202ddadcdc38a4c2b23717e24a4986abddfebf12ec72e92d67188a1fedf6a8fbfb10b3bd5fc22f77bfde07e43a315f4885744145813d07933e7ed,gx-no-cache=1527874243240 HTTP/1.1" 200 255
192.168.10.89 - - [01/Jun/2018:14:34:01 -0300] "GET /cormun/servlet/solicitudgral?6182558d0c40ed0d5385411e3fb2eaab45d93a4bd0310fc838be6f0a7440b0339235e31e362783f4d1b2a35968160722062c271e4a338f060d5442112a0b698b8558c768c1c72d99db5e8b3d626e61d828d9ec0854ba2929bddbf6647a4795e07cb0b5f4cd03ddfc3e08014397ae0bf64710786c73784b3f13e55c69537729aa38c65ca22631bc0bb848a0b841c710dbb5549c5663b04b215f907396c16744b995ae6f9d3bbc7a857cd4a72c3ded0ce4a246ffb6762e46e2fdbd6b1a8c22b69c810a399a151aaaab6e1369edf41dbc7f298b22c2f411157a6ea668a9928f235afcdb211e285bbcb1dadb38e812b1436e61c1afbb54a3570bce88f1a3c6737c589af48b13a5fee934404e8fcd18b0bf356c29f551457027987f4fc3285bbe11805d9496491098aa78d231518ae3d540ab713aca40f785ff1d8256649c1a9703804e486aed007cc885a70f8176a788c36b69794b6462e9ceac17ff752cf8e31acd9af48b13a5fee934404e8fcd18b0bf35ffc97ab7a15465231957eadc407c7c81d14d535d78a678f83b065501c43af8a1532d432cc389409ff991b8b332aa546d0b91152a31850f3375cef22d0d392b17,gx-no-cache=1527874246018 HTTP/1.1" 200 48
192.168.10.89 - - [01/Jun/2018:14:34:02 -0300] "POST /cormun/servlet/solicitudgral?ca67fada516f5b497f38823be5f3ad47,UPD,2018,11607,,gx-no-cache=1527874246231 HTTP/1.1" 200 11766
192.168.10.89 - - [01/Jun/2018:14:34:02 -0300] "GET /cormun/servlet/solicitudgral?6182558d0c40ed0d5385411e3fb2eaabd715696e3ce6c335c766c8738fe6daefac749debf2d11520dc7075c6e92d2810642759a72062c2eab84104c57bb4f3e4613255c22047ce9043d5856dcd30ee4bd274e3e09f2196782cf15f920d20ad2b9966ce66e424761f152071481a06f6c1dc2ef4118c183f848590f40b02bc9b6c21d9e5ffb91f5f9613e609e5453db528f510bf4ebd4063ec876fc0ecb9ebbdc9,gx-no-cache=1527874246429 HTTP/1.1" 200 29
192.168.10.89 - - [01/Jun/2018:14:34:02 -0300] "POST /cormun/servlet/solicitudgral?gx-no-cache=1527874246447 HTTP/1.1" 200 1327
192.168.10.89 - - [01/Jun/2018:14:34:02 -0300] "POST /cormun/servlet/solicitudgral?gx-no-cache=1527874246478 HTTP/1.1" 200 1249
186.103.157.235 - - [01/Jun/2018:14:34:03 -0300] "GET /cormun/servlet/permisogoce?ef3edf55f8b94221aa333f9a52d6d544d29be9d139d7b95f35ca674caa7f343058fdfdf32c2f3dc38ba4d52a8421f8923d8e2a1937606a5d87a9e173039b1063,gx-no-cache=1527874381104 HTTP/1.1" 200 78
186.103.157.235 - - [01/Jun/2018:14:34:04 -0300] "GET /cormun/static/menuarrow.gif HTTP/1.1" 404 1015
192.168.10.89 - - [01/Jun/2018:14:34:05 -0300] "GET /cormun/servlet/solicitudgral?6182558d0c40ed0d5385411e3fb2eaabd715696e3ce6c335c766c8738fe6daefac749debf2d11520dc7075c6e92d281056bd781bf216f92545e8fe21bb4c392a613255c22047ce9043d5856dcd30ee4bd274e3e09f2196782cf15f920d20ad2b9966ce66e424761f152071481a06f6c1dc2ef4118c183f848590f40b02bc9b6c21d9e5ffb91f5f9613e609e5453db528f510bf4ebd4063ec876fc0ecb9ebbdc9,gx-no-cache=1527874250123 HTTP/1.1" 200 30
192.168.10.89 - - [01/Jun/2018:14:34:06 -0300] "POST /cormun/servlet/solicitudgral?gx-no-cache=1527874250836 HTTP/1.1" 200 1327
192.168.10.89 - - [01/Jun/2018:14:34:06 -0300] "POST /cormun/servlet/solicitudgral?gx-no-cache=1527874250867 HTTP/1.1" 200 1249
186.103.157.235 - - [01/Jun/2018:14:34:12 -0300] "GET /cormun/servlet/permisogoce?ef3edf55f8b94221aa333f9a52d6d544957c95f505af45fc2355cd3f14e6a9a81dd57c1d75c2c20914c9ee1a21a785ff39f66241cb8d068c168865154a0587c3,gx-no-cache=1527874390555 HTTP/1.1" 200 48
157.55.39.205 - - [01/Jun/2018:14:34:13 -0300] "GET /cormun/servlet/prlicenciaspermisos?18044187,L,,MD,,gxPopupLevel%3D0%3B HTTP/1.1" 302 -
186.103.157.235 - - [01/Jun/2018:14:34:14 -0300] "POST /cormun/servlet/permisogoce?85ff71afe7a0ff8a8b451506e951fb13,INS,0,,,,gx-no-cache=1527874391802 HTTP/1.1" 200 93
186.103.157.235 - - [01/Jun/2018:14:34:14 -0300] "GET /cormun/servlet/hpexe_return? HTTP/1.1" 200 1010
186.103.157.235 - - [01/Jun/2018:14:34:14 -0300] "GET /cormun/servlet/trpermisosgoce HTTP/1.1" 200 13239
186.103.157.235 - - [01/Jun/2018:14:34:14 -0300] "GET /cormun/servlet/trpermisosgoce HTTP/1.1" 200 13242
192.168.10.89 - - [01/Jun/2018:14:34:25 -0300] "POST /cormun/servlet/solicitudgral?ca67fada516f5b497f38823be5f3ad47,UPD,2018,11607,,gx-no-cache=1527874269745 HTTP/1.1" 200 93
192.168.10.89 - - [01/Jun/2018:14:34:25 -0300] "GET /cormun/servlet/hpexe_return? HTTP/1.1" 200 1014
192.168.10.89 - - [01/Jun/2018:14:34:25 -0300] "GET /cormun/servlet/trsolicitudgral? HTTP/1.1" 200 11920
192.168.10.89 - - [01/Jun/2018:14:34:31 -0300] "GET /cormun/servlet/vesolicitudgral?2018,11608,, HTTP/1.1" 200 9442
192.168.10.89 - - [01/Jun/2018:14:34:31 -0300] "GET /cormun/pexe_scrolldiv.js HTTP/1.1" 404 1009
192.168.10.89 - - [01/Jun/2018:14:34:33 -0300] "POST /cormun/servlet/vesolicitudgral?ca67fada516f5b497f38823be5f3ad47,2018,11608,,,gx-no-cache=1527874277969 HTTP/1.1" 200 93
192.168.10.89 - - [01/Jun/2018:14:34:33 -0300] "GET /cormun/servlet/hpexe_return? HTTP/1.1" 200 1011
192.168.10.89 - - [01/Jun/2018:14:34:34 -0300] "GET /cormun/servlet/trsolicitudgral HTTP/1.1" 200 11920
192.168.10.89 - - [01/Jun/2018:14:34:39 -0300] "GET /cormun/servlet/solicitudgral?UPD,2018,11608, HTTP/1.1" 200 13315
186.103.159.187 - - [01/Jun/2018:14:34:40 -0300] "GET /cormun/servlet/hhome HTTP/1.1" 200 3411
186.103.159.187 - - [01/Jun/2018:14:34:40 -0300] "GET /cormun/servlet/hhome HTTP/1.1" 200 3401
192.168.10.89 - - [01/Jun/2018:14:34:40 -0300] "POST /cormun/servlet/solicitudgral?gx-no-cache=1527874284987 HTTP/1.1" 200 3850
192.168.10.89 - - [01/Jun/2018:14:34:41 -0300] "GET /cormun/servlet/solicitudgral?6182558d0c40ed0d5385411e3fb2eaabc419a561bf4ce4370fd840bdd468a1e0289afa3ec675f159af7974c4fc21b6089b926f0bcd6b60b56acc2dc99491f77f6f2056b7682f339c7ddd6e981643d71d2cfeab45e938518934e0529568a7bdaba5018655e20f09fae6293df1a598bcac40ba245a7ca24999d3e894945a970cdc6a585dce1c9326fd839ae6797c3c10d3080c4052037ac2a27107b380e76792013fc9b197be4463f1e9ce85d7e72ef39f50df13625773563196641d8d5a6293f21daa829a9340cf1d0a9719b086e02be40252a236342f3f39297241e3d72ee759615085d973df2d47a8816ea7af6900a2e6c239c6523f275841bad716c3a3c4e8062c271e4a338f060d5442112a0b698b946d9fba11f202ddadcdc38a4c2b23717e24a4986abddfebf12ec72e92d67188a1fedf6a8fbfb10b3bd5fc22f77bfde07e43a315f4885744145813d07933e7ed,gx-no-cache=1527874285149 HTTP/1.1" 200 255
192.168.10.89 - - [01/Jun/2018:14:34:41 -0300] "GET /cormun/servlet/solicitudgral?6182558d0c40ed0d5385411e3fb2eaab45d93a4bd0310fc838be6f0a7440b033335efe7bf3b320227d4430f7dd1d3e1b532a1b4aff58f77368b5150717ae9bcf1a9a9f0809a92c77bc56ecf85a6e116192632a9064f4d39e490849ed10077b80013acd212782a1906173faa907a924f6b4d2619d60f9ab79769c1ab82eb7f003c10b908675330d05c83f64f88414ae18ddfc2e2c06024115c7c6ab466c6929e6ff85616bff0628ebc64c55018dd8318045552d73199ec3bb17a19efc4bc4d8c939bb6979a9da58bcdc620734448b371054823c2ba6036f131bed1144ef094012703b6d5910d47f189ff4fa96a5a6ba7be7ffcbc29a9ba9b0b15a30f36284f4bf84b5f7b55897aae8da2cc7b38045aeecd5ecb049c11e4000df50e3dba5bedbd7b1ce510b1288eae17ce80d3ff28a7608ed8423561dab98429ba31ea758bdef1752a4b2412481c7813b43ddd20dddc3b090d3175e093453fa666a7a5ddff0faeba1521919e38ad3158c2cd7d3d86ce6da24538f976afa8e88e5bf10da63a4e2459c8ed2f17431a9078d7691864f06fc5cfaa4e6631d5a80b2d94cfb15c94ad221522310830dca8ce8e0913b1e3956b503,gx-no-cache=1527874286071 HTTP/1.1" 200 48
192.168.10.89 - - [01/Jun/2018:14:34:42 -0300] "POST /cormun/servlet/solicitudgral?ca67fada516f5b497f38823be5f3ad47,UPD,2018,11608,,gx-no-cache=1527874286380 HTTP/1.1" 200 11762
192.168.10.89 - - [01/Jun/2018:14:34:43 -0300] "GET /cormun/servlet/solicitudgral?6182558d0c40ed0d5385411e3fb2eaabd715696e3ce6c335c766c8738fe6daefac749debf2d11520dc7075c6e92d281056bd781bf216f92545e8fe21bb4c392a613255c22047ce9043d5856dcd30ee4bd274e3e09f2196782cf15f920d20ad2b9966ce66e424761f152071481a06f6c1dc2ef4118c183f848590f40b02bc9b6c21d9e5ffb91f5f9613e609e5453db528f510bf4ebd4063ec876fc0ecb9ebbdc9,gx-no-cache=1527874288032 HTTP/1.1" 200 30
186.103.159.187 - - [01/Jun/2018:14:34:44 -0300] "GET /cormun/servlet/hhome HTTP/1.1" 200 3411
186.103.159.187 - - [01/Jun/2018:14:34:44 -0300] "GET /cormun/servlet/hlogin HTTP/1.1" 200 1726
192.168.10.89 - - [01/Jun/2018:14:34:44 -0300] "POST /cormun/servlet/solicitudgral?gx-no-cache=1527874288516 HTTP/1.1" 200 1326
192.168.10.89 - - [01/Jun/2018:14:34:44 -0300] "POST /cormun/servlet/solicitudgral?gx-no-cache=1527874288551 HTTP/1.1" 200 1249
186.103.157.235 - - [01/Jun/2018:14:34:48 -0300] "GET /cormun/servlet/permisogoce?UPD,18834238,P,20180601132400, HTTP/1.1" 200 7157
186.103.157.235 - - [01/Jun/2018:14:34:48 -0300] "GET /cormun/servlet/permisogoce?UPD,18834238,P,20180601132400, HTTP/1.1" 200 7158
186.103.157.235 - - [01/Jun/2018:14:34:49 -0300] "GET /cormun/servlet/permisogoce?ef3edf55f8b94221aa333f9a52d6d5442d018268d278c9da216a633ba7cd4255cfec42ad2614f5d0b1f8f98c2ecfa096abfa745990a1ba22824c3370529d48e4e9ab5986246b58a55191a2c822eda203,gx-no-cache=1527874427109 HTTP/1.1" 200 72
186.103.157.235 - - [01/Jun/2018:14:34:52 -0300] "GET /cormun/servlet/permisogoce?ef3edf55f8b94221aa333f9a52d6d544502615e5fb1afe6a935c4238d5cc7f9ed94a1776e3d9033ffc84bfc27fce7636b44f693d318ef0533c98fcea1053a36d,gx-no-cache=1527874430304 HTTP/1.1" 200 48
186.103.157.235 - - [01/Jun/2018:14:34:52 -0300] "POST /cormun/servlet/permisogoce?85ff71afe7a0ff8a8b451506e951fb13,UPD,18834238,P,20180601132400,,gx-no-cache=1527874430330 HTTP/1.1" 200 93
186.103.157.235 - - [01/Jun/2018:14:34:52 -0300] "GET /cormun/servlet/hpexe_return? HTTP/1.1" 200 1029
186.103.157.235 - - [01/Jun/2018:14:34:52 -0300] "GET /cormun/servlet/trpermisosgoce HTTP/1.1" 200 13235
186.103.157.235 - - [01/Jun/2018:14:34:53 -0300] "GET /cormun/servlet/trpermisosgoce HTTP/1.1" 200 13220
192.168.10.89 - - [01/Jun/2018:14:34:56 -0300] "POST /cormun/servlet/solicitudgral?ca67fada516f5b497f38823be5f3ad47,UPD,2018,11608,,gx-no-cache=1527874300127 HTTP/1.1" 200 93
192.168.10.89 - - [01/Jun/2018:14:34:56 -0300] "GET /cormun/servlet/hpexe_return? HTTP/1.1" 200 1014
192.168.10.89 - - [01/Jun/2018:14:34:56 -0300] "GET /cormun/servlet/trsolicitudgral HTTP/1.1" 200 11917
186.103.159.187 - - [01/Jun/2018:14:34:57 -0300] "POST /cormun/servlet/hlogin?e955af86a815ebe8f6281053ef6aa7af,gx-no-cache=1527874498020 HTTP/1.1" 200 90
186.103.159.187 - - [01/Jun/2018:14:34:57 -0300] "GET /cormun/servlet/hpexe_link HTTP/1.1" 200 947
186.103.157.235 - - [01/Jun/2018:14:34:57 -0300] "GET /cormun/servlet/permisogoce?INS,0,,, HTTP/1.1" 200 7087
186.103.157.235 - - [01/Jun/2018:14:34:57 -0300] "GET /cormun/servlet/permisogoce?INS,0,,, HTTP/1.1" 200 7087
186.103.159.187 - - [01/Jun/2018:14:34:57 -0300] "GET /cormun/servlet/hhome HTTP/1.1" 200 3906
186.103.159.187 - - [01/Jun/2018:14:34:58 -0300] "GET /cormun/servlet/hhome HTTP/1.1" 200 3903
186.103.157.235 - - [01/Jun/2018:14:35:03 -0300] "GET /cormun/servlet/permisogoce?ef3edf55f8b94221aa333f9a52d6d5448787e256d58842e787f75ccd5f56509158fdfdf32c2f3dc38ba4d52a8421f8923d8e2a1937606a5d87a9e173039b1063,gx-no-cache=1527874441877 HTTP/1.1" 200 77
186.103.159.187 - - [01/Jun/2018:14:35:04 -0300] "GET /cormun/servlet/trsolicitudot? HTTP/1.1" 200 9337
186.103.157.235 - - [01/Jun/2018:14:35:05 -0300] "GET /cormun/static/menuarrow.gif HTTP/1.1" 404 1015
186.103.159.187 - - [01/Jun/2018:14:35:06 -0300] "GET /cormun/servlet/trsolicitudot? HTTP/1.1" 200 9335
186.103.157.235 - - [01/Jun/2018:14:35:12 -0300] "GET /cormun/servlet/permisogoce?ef3edf55f8b94221aa333f9a52d6d5444e0de4e83425b40efbe912454a1a267fd8e78cafa4c2fbba2ea02acb63f133f239f66241cb8d068c168865154a0587c3,gx-no-cache=1527874450713 HTTP/1.1" 200 47
186.103.159.187 - - [01/Jun/2018:14:35:15 -0300] "GET /cormun/servlet/hlogin HTTP/1.1" 200 1732
186.103.159.187 - - [01/Jun/2018:14:35:23 -0300] "POST /cormun/servlet/hlogin?e955af86a815ebe8f6281053ef6aa7af,gx-no-cache=1527874524504 HTTP/1.1" 200 445
186.103.159.187 - - [01/Jun/2018:14:35:28 -0300] "POST /cormun/servlet/hlogin?e955af86a815ebe8f6281053ef6aa7af,gx-no-cache=1527874529181 HTTP/1.1" 200 90
186.103.159.187 - - [01/Jun/2018:14:35:28 -0300] "GET /cormun/servlet/hpexe_link HTTP/1.1" 200 947
186.103.159.187 - - [01/Jun/2018:14:35:28 -0300] "GET /cormun/servlet/hhome HTTP/1.1" 200 4154
186.103.159.187 - - [01/Jun/2018:14:35:30 -0300] "GET /cormun/servlet/hhome HTTP/1.1" 200 4150
192.168.10.97 - - [01/Jun/2018:14:35:34 -0300] "GET /cormun/servlet/solicitudgral2?UPD,2018,11606, HTTP/1.1" 200 13148
192.168.10.97 - - [01/Jun/2018:14:35:34 -0300] "GET /cormun/servlet/solicitudgral2?UPD,2018,11606, HTTP/1.1" 200 13158
186.103.159.187 - - [01/Jun/2018:14:35:35 -0300] "GET /cormun/servlet/trautorizarsolicitud? HTTP/1.1" 200 7266
192.168.10.97 - - [01/Jun/2018:14:35:35 -0300] "POST /cormun/servlet/solicitudgral2?gx-no-cache=1527874339365 HTTP/1.1" 200 3889
192.168.10.97 - - [01/Jun/2018:14:35:35 -0300] "GET /cormun/servlet/solicitudgral2?ff31ec7052581b0a3e360768d55554e060c97e28b2c5093faa773c1d0f6fd917bd9de8ca59360d4004451982b50fbc95e8e495f487771073e64378e3804938ea6bfa99cc2be781d63a8f85bbe4a480004908a57a1219902cfbad50d1c3b3da7947b1eb2c98cff369fb87dac994e122c2615e255fc6a673257a2c83fbb3358bd9992826d0d4a76aa7f14624956036619ae08b75859dad605f06abbfaf902d45322741930208852cd8f04916490fc29fa39e6031cd805ac8673c60d1838b0cf45ce80830f124f0a6051fade27d01c41d4545877af7cf0ff12639a76474870864e90f479a0b41c763817785d5fa1288a195c04292390f0e967e0f139f26e08785cfe9de9931bcf8ae74d180d69a81c830f15cc278e2615dcb6ea28686abfb7f0487db06e76e48e8a0852c3c84372788e9ca3faecfdd2fa92835290086098c7f7c92038d1d4a0727fa19f2597f2c64d87ad2,gx-no-cache=1527874339467 HTTP/1.1" 200 255
192.168.10.97 - - [01/Jun/2018:14:35:35 -0300] "POST /cormun/servlet/solicitudgral2?gx-no-cache=1527874339489 HTTP/1.1" 200 1428
192.168.10.97 - - [01/Jun/2018:14:35:35 -0300] "GET /cormun/servlet/solicitudgral2?ff31ec7052581b0a3e360768d55554e02a72ad7ce587c5cbe394e2d97bc94aff16283af427c64611560fe0c453714c7147bb31a45ddfc0cf0d75de785a3e75921deff1b5587801525605fa6925e8747402915a987e802df845414af15dbe5b656eeb962498d9377731140d9c43a99387,gx-no-cache=1527874339525 HTTP/1.1" 200 41
192.168.10.89 - - [01/Jun/2018:14:35:35 -0300] "POST /cormun/servlet/trsolicitudgral?ca67fada516f5b497f38823be5f3ad47,gx-no-cache=1527874339854 HTTP/1.1" 200 7946
186.103.159.187 - - [01/Jun/2018:14:35:36 -0300] "GET /cormun/servlet/trautorizarsolicitud? HTTP/1.1" 200 7266
192.168.10.97 - - [01/Jun/2018:14:35:42 -0300] "POST /cormun/servlet/solicitudgral2?3941ccb00390e2aa2c8085a87b752ac0,UPD,2018,11606,,gx-no-cache=1527874346483 HTTP/1.1" 200 11850
192.168.10.97 - - [01/Jun/2018:14:35:42 -0300] "GET /cormun/servlet/solicitudgral2?ff31ec7052581b0a3e360768d55554e08301d0ea64a6d6b7fb0052ee7257c2deb77ae85ae37e224fe95131ec4ec3fc0c96cca99b275b49f6fa649fa238ef2245c2633b2562f465ebf6c82f85674b1f47d69fb07063a3269b0c9991c355d6d78b07b9fcd9b047904e391cc2dc59f1c93e97a8247a5de1da74f59ea55a06cfc3473ad2bdfbceea465be1fa7c073d71838e01e981eccce8a7afdf90ede5daa6473d,gx-no-cache=1527874346644 HTTP/1.1" 200 29
192.168.10.97 - - [01/Jun/2018:14:35:42 -0300] "POST /cormun/servlet/solicitudgral2?gx-no-cache=1527874346660 HTTP/1.1" 200 1326
192.168.10.97 - - [01/Jun/2018:14:35:42 -0300] "POST /cormun/servlet/solicitudgral2?gx-no-cache=1527874346688 HTTP/1.1" 200 1249
192.168.10.97 - - [01/Jun/2018:14:35:42 -0300] "GET /cormun/servlet/solicitudgral2?ff31ec7052581b0a3e360768d55554e0344d43c2d369e5484ab85536908666861eb6feb3805be1e2f32ad16b3e2dc98d60546546d1b155d81a2d51fb7a9bb234ae6baeb5cc0afac71be8eb42ed7ee6b3395f4b229db93b51ecb4c7b2709f71b48a4659d88de91aaaa3ddec72e5f64e04fa225e54932d3ef465caac8594c11902,gx-no-cache=1527874346715 HTTP/1.1" 200 30
192.168.10.89 - - [01/Jun/2018:14:36:01 -0300] "GET /cormun/servlet/vesolicitudgral?2018,11498,, HTTP/1.1" 200 9533
192.168.10.89 - - [01/Jun/2018:14:36:01 -0300] "GET /cormun/pexe_scrolldiv.js HTTP/1.1" 404 1009
192.168.10.89 - - [01/Jun/2018:14:36:05 -0300] "POST /cormun/servlet/vesolicitudgral?ca67fada516f5b497f38823be5f3ad47,2018,11498,,,gx-no-cache=1527874369599 HTTP/1.1" 200 90
192.168.10.89 - - [01/Jun/2018:14:36:05 -0300] "GET /cormun/servlet/hpexe_link HTTP/1.1" 200 988
192.168.10.89 - - [01/Jun/2018:14:36:05 -0300] "GET /cormun/servlet/trsolicitudgral?gx-no-cache=1527874339854 HTTP/1.1" 200 11419
192.168.10.97 - - [01/Jun/2018:14:36:11 -0300] "POST /cormun/servlet/solicitudgral2?3941ccb00390e2aa2c8085a87b752ac0,UPD,2018,11606,,gx-no-cache=1527874375594 HTTP/1.1" 200 93
192.168.10.97 - - [01/Jun/2018:14:36:11 -0300] "GET /cormun/servlet/hpexe_return? HTTP/1.1" 200 1010
192.168.10.97 - - [01/Jun/2018:14:36:11 -0300] "GET /cormun/servlet/trsolicitudgral HTTP/1.1" 200 10516
192.168.10.97 - - [01/Jun/2018:14:36:12 -0300] "GET /cormun/servlet/trsolicitudgral HTTP/1.1" 200 10512
192.168.10.97 - - [01/Jun/2018:14:36:18 -0300] "POST /cormun/servlet/trsolicitudgral?3941ccb00390e2aa2c8085a87b752ac0,gx-no-cache=1527874382990 HTTP/1.1" 200 6113
192.168.10.97 - - [01/Jun/2018:14:36:18 -0300] "GET /cormun/static/Shared/jqueryui/images/ui-bg_highlight-soft_100_c6c2c8_1x100.png HTTP/1.1" 404 1117
192.168.10.97 - - [01/Jun/2018:14:36:18 -0300] "GET /cormun/static/Shared/jqueryui/images/ui-icons_82798d_256x240.png HTTP/1.1" 404 1089
192.168.10.97 - - [01/Jun/2018:14:36:18 -0300] "GET /cormun/static/Shared/jqueryui/images/ui-bg_flat_55_fafafa_40x100.png HTTP/1.1" 404 1097
192.168.10.97 - - [01/Jun/2018:14:36:18 -0300] "GET /cormun/static/Shared/jqueryui/images/ui-icons_8d78a5_256x240.png HTTP/1.1" 404 1089
186.103.157.235 - - [01/Jun/2018:14:36:22 -0300] "GET /cormun/servlet/permisogoce?INS,0,,, HTTP/1.1" 200 7087
192.168.10.97 - - [01/Jun/2018:14:36:32 -0300] "POST /cormun/servlet/trsolicitudgral?3941ccb00390e2aa2c8085a87b752ac0,gx-no-cache=1527874396547 HTTP/1.1" 200 5917
192.168.10.97 - - [01/Jun/2018:14:36:39 -0300] "POST /cormun/servlet/trsolicitudgral?3941ccb00390e2aa2c8085a87b752ac0,gx-no-cache=1527874403559 HTTP/1.1" 200 5915
192.168.10.97 - - [01/Jun/2018:14:36:47 -0300] "POST /cormun/servlet/trsolicitudgral?3941ccb00390e2aa2c8085a87b752ac0,gx-no-cache=1527874411241 HTTP/1.1" 200 7255
186.103.157.235 - - [01/Jun/2018:14:36:54 -0300] "GET /cormun/servlet/permisogoce?INS,0,,, HTTP/1.1" 200 7087
186.103.157.235 - - [01/Jun/2018:14:36:55 -0300] "GET /cormun/servlet/permisogoce?INS,0,,, HTTP/1.1" 200 7087
186.103.157.235 - - [01/Jun/2018:14:36:55 -0300] "GET /favicon.ico HTTP/1.1" 200 21630
192.168.10.97 - - [01/Jun/2018:14:36:57 -0300] "GET /cormun/servlet/solicitudgral?UPD,2018,11607, HTTP/1.1" 200 13093
192.168.10.97 - - [01/Jun/2018:14:36:57 -0300] "GET /cormun/servlet/solicitudgral?UPD,2018,11607, HTTP/1.1" 200 13102
192.168.10.97 - - [01/Jun/2018:14:36:57 -0300] "POST /cormun/servlet/solicitudgral?gx-no-cache=1527874421994 HTTP/1.1" 200 3850
192.168.10.97 - - [01/Jun/2018:14:36:57 -0300] "GET /cormun/servlet/solicitudgral?ff31ec7052581b0a3e360768d55554e060c97e28b2c5093faa773c1d0f6fd917bd9de8ca59360d4004451982b50fbc95e8e495f487771073e64378e3804938ea6bfa99cc2be781d63a8f85bbe4a480004908a57a1219902cfbad50d1c3b3da7947b1eb2c98cff369fb87dac994e122c2615e255fc6a673257a2c83fbb3358bd9992826d0d4a76aa7f14624956036619ae08b75859dad605f06abbfaf902d45322741930208852cd8f04916490fc29fa39e6031cd805ac8673c60d1838b0cf45ce80830f124f0a6051fade27d01c41d4545877af7cf0ff12639a76474870864e90f479a0b41c763817785d5fa1288a195c04292390f0e967e0f139f26e08785cfe9de9931bcf8ae74d180d69a81c830f15cc278e2615dcb6ea28686abfb7f0487db06e76e48e8a0852c3c84372788e9ca3faecfdd2fa92835290086098c7f7c92038d1d4a0727fa19f2597f2c64d87ad2,gx-no-cache=1527874422108 HTTP/1.1" 200 255
186.103.157.235 - - [01/Jun/2018:14:36:58 -0300] "GET /cormun/servlet/prfichaempleado?,MD,,gxPopupLevel%3D0%3B HTTP/1.1" 200 9395
192.168.10.97 - - [01/Jun/2018:14:37:02 -0300] "GET /cormun/servlet/solicitudgral?ff31ec7052581b0a3e360768d55554e07b53f07df60ea994541cf1709b763f62347350cc048b7a9667b55fccc88035b0e9de9931bcf8ae74d180d69a81c830f19e28ed8f24e61be01f69c4504dc9b2d96c23c92caade273fc413e5a409ac3049e16d9464f501f9b565840d6ba8b9cb1dea599a12dbcc7c0cbab96022646e41f5b1f9be3f4de6e8c69985d28460ddd2ed3a46e7b0e21520229ba93aad30dbd8c7145dd4ac76264981cf382f043774369826ec8826e54c6078c88ab0670ca1fc706d9d7ecd1b631ed72c34b00ff344d5222c962ab2b0f06de2bbfefa0da3683fda28d7d09fc4429648657579dadea088b854565c888466734212aeefa58f0f35e5265810c8ff2b3419e4d8082b738f0386fdd5b1c79b822463359ff5cb6da501d384581a7e9ebaca0e6d4af9caea14a7a156cd72500e4c346a7b3b22b63163850947b1f6f34b26f53c3402f7466445c736a0980313a112aa81a2b7183a6e8b8f2f265810c8ff2b3419e4d8082b738f0386bfa9319a298c8a5a35fabd952db4a9900d723011ae2aa0b17888617b85741664ff72eec6c3c589d6f845bdef0f0654203464ddeef874c6f3c57a44afec32708f,gx-no-cache=1527874426556 HTTP/1.1" 200 48
192.168.10.97 - - [01/Jun/2018:14:37:02 -0300] "POST /cormun/servlet/solicitudgral?3941ccb00390e2aa2c8085a87b752ac0,UPD,2018,11607,,gx-no-cache=1527874426575 HTTP/1.1" 200 11791
192.168.10.97 - - [01/Jun/2018:14:37:02 -0300] "GET /cormun/servlet/solicitudgral?ff31ec7052581b0a3e360768d55554e08301d0ea64a6d6b7fb0052ee7257c2deb77ae85ae37e224fe95131ec4ec3fc0c96cca99b275b49f6fa649fa238ef2245c2633b2562f465ebf6c82f85674b1f47d69fb07063a3269b0c9991c355d6d78b07b9fcd9b047904e391cc2dc59f1c93e97a8247a5de1da74f59ea55a06cfc3473ad2bdfbceea465be1fa7c073d71838e01e981eccce8a7afdf90ede5daa6473d,gx-no-cache=1527874426726 HTTP/1.1" 200 29
192.168.10.97 - - [01/Jun/2018:14:37:02 -0300] "POST /cormun/servlet/solicitudgral?gx-no-cache=1527874426741 HTTP/1.1" 200 1327
192.168.10.97 - - [01/Jun/2018:14:37:02 -0300] "POST /cormun/servlet/solicitudgral?gx-no-cache=1527874426769 HTTP/1.1" 200 1249
192.168.10.97 - - [01/Jun/2018:14:37:02 -0300] "POST /cormun/servlet/solicitudgral?3941ccb00390e2aa2c8085a87b752ac0,UPD,2018,11607,,gx-no-cache=1527874426798 HTTP/1.1" 200 93
192.168.10.97 - - [01/Jun/2018:14:37:02 -0300] "GET /cormun/servlet/hpexe_return? HTTP/1.1" 200 1030
192.168.10.97 - - [01/Jun/2018:14:37:02 -0300] "GET /cormun/servlet/trsolicitudgral?gx-no-cache=1527874411241 HTTP/1.1" 200 10488
192.168.10.97 - - [01/Jun/2018:14:37:03 -0300] "GET /cormun/servlet/trsolicitudgral?gx-no-cache=1527874411241 HTTP/1.1" 200 10506
186.103.157.235 - - [01/Jun/2018:14:37:07 -0300] "POST /cormun/servlet/prfichaempleado?85ff71afe7a0ff8a8b451506e951fb13,,MD,,gxPopupLevel%3D0%3B,gx-no-cache=1527874564632 HTTP/1.1" 200 3417
192.168.10.97 - - [01/Jun/2018:14:37:07 -0300] "POST /cormun/servlet/trsolicitudgral?3941ccb00390e2aa2c8085a87b752ac0,gx-no-cache=1527874411241,gx-no-cache=1527874431788 HTTP/1.1" 200 6111
192.168.10.97 - - [01/Jun/2018:14:37:07 -0300] "GET /cormun/static/Shared/jqueryui/images/ui-bg_highlight-soft_100_c6c2c8_1x100.png HTTP/1.1" 404 1117
192.168.10.97 - - [01/Jun/2018:14:37:07 -0300] "GET /cormun/static/Shared/jqueryui/images/ui-icons_82798d_256x240.png HTTP/1.1" 404 1089
192.168.10.97 - - [01/Jun/2018:14:37:07 -0300] "GET /cormun/static/Shared/jqueryui/images/ui-bg_flat_55_fafafa_40x100.png HTTP/1.1" 404 1097
192.168.10.97 - - [01/Jun/2018:14:37:07 -0300] "GET /cormun/static/Shared/jqueryui/images/ui-icons_8d78a5_256x240.png HTTP/1.1" 404 1089
186.103.157.235 - - [01/Jun/2018:14:37:10 -0300] "GET /cormun/servlet/permisogoce?ef3edf55f8b94221aa333f9a52d6d5448787e256d58842e787f75ccd5f56509158fdfdf32c2f3dc38ba4d52a8421f8923d8e2a1937606a5d87a9e173039b1063,gx-no-cache=1527874568981 HTTP/1.1" 200 77
186.103.157.235 - - [01/Jun/2018:14:37:10 -0300] "GET /cormun/static/menuarrow.gif HTTP/1.1" 404 1015
186.103.157.235 - - [01/Jun/2018:14:37:16 -0300] "GET /cormun/servlet/permisogoce?ef3edf55f8b94221aa333f9a52d6d5444e0de4e83425b40efbe912454a1a267fd8e78cafa4c2fbba2ea02acb63f133f239f66241cb8d068c168865154a0587c3,gx-no-cache=1527874574496 HTTP/1.1" 200 47
78.108.177.52 - - [01/Jun/2018:14:37:17 -0300] "GET / HTTP/1.0" 200 11197
186.103.157.235 - - [01/Jun/2018:14:37:19 -0300] "POST /cormun/servlet/permisogoce?85ff71afe7a0ff8a8b451506e951fb13,INS,0,,,,gx-no-cache=1527874576460 HTTP/1.1" 200 93
186.103.157.235 - - [01/Jun/2018:14:37:19 -0300] "GET /cormun/servlet/hpexe_return? HTTP/1.1" 200 1010
186.103.157.235 - - [01/Jun/2018:14:37:19 -0300] "GET /cormun/servlet/trpermisosgoce HTTP/1.1" 200 13425
186.103.157.235 - - [01/Jun/2018:14:37:20 -0300] "GET /cormun/servlet/trpermisosgoce HTTP/1.1" 200 13428
192.168.10.97 - - [01/Jun/2018:14:37:21 -0300] "POST /cormun/servlet/trsolicitudgral?3941ccb00390e2aa2c8085a87b752ac0,gx-no-cache=1527874411241,gx-no-cache=1527874445408 HTTP/1.1" 200 5917
186.103.157.235 - - [01/Jun/2018:14:37:26 -0300] "POST /cormun/servlet/trpermisosgoce?85ff71afe7a0ff8a8b451506e951fb13,gx-no-cache=1527874584205 HTTP/1.1" 200 104
186.103.157.235 - - [01/Jun/2018:14:37:26 -0300] "GET /cormun/PermisosGoce-3021.xls HTTP/1.1" 200 9728
192.168.10.97 - - [01/Jun/2018:14:37:31 -0300] "POST /cormun/servlet/trsolicitudgral?3941ccb00390e2aa2c8085a87b752ac0,gx-no-cache=1527874411241,gx-no-cache=1527874455488 HTTP/1.1" 200 5916
192.168.10.97 - - [01/Jun/2018:14:37:37 -0300] "POST /cormun/servlet/trsolicitudgral?3941ccb00390e2aa2c8085a87b752ac0,gx-no-cache=1527874411241,gx-no-cache=1527874461672 HTTP/1.1" 200 5914
192.168.10.97 - - [01/Jun/2018:14:37:44 -0300] "POST /cormun/servlet/trsolicitudgral?3941ccb00390e2aa2c8085a87b752ac0,gx-no-cache=1527874411241,gx-no-cache=1527874469032 HTTP/1.1" 200 7313
192.168.10.97 - - [01/Jun/2018:14:37:53 -0300] "GET /cormun/servlet/solicitudgral3?UPD,2018,11604, HTTP/1.1" 200 13917
192.168.10.97 - - [01/Jun/2018:14:37:53 -0300] "GET /cormun/static/gxcfg.js?20181911363991 HTTP/1.1" 200 953
192.168.10.97 - - [01/Jun/2018:14:37:53 -0300] "GET /cormun/static/solicitudgral3.js?20181911364079 HTTP/1.1" 200 45896
192.168.10.97 - - [01/Jun/2018:14:37:53 -0300] "GET /cormun/static/Resources/prompt.gif HTTP/1.1" 200 902
192.168.10.97 - - [01/Jun/2018:14:37:53 -0300] "GET /cormun/servlet/solicitudgral3?UPD,2018,11604, HTTP/1.1" 200 13905
192.168.10.97 - - [01/Jun/2018:14:37:54 -0300] "POST /cormun/servlet/solicitudgral3?gx-no-cache=1527874478469 HTTP/1.1" 200 4056
192.168.10.97 - - [01/Jun/2018:14:37:54 -0300] "GET /cormun/servlet/solicitudgral3?ff31ec7052581b0a3e360768d55554e060c97e28b2c5093faa773c1d0f6fd917bd9de8ca59360d4004451982b50fbc95e8e495f487771073e64378e3804938ea6bfa99cc2be781d63a8f85bbe4a480004908a57a1219902cfbad50d1c3b3da7947b1eb2c98cff369fb87dac994e122c2615e255fc6a673257a2c83fbb3358bd9992826d0d4a76aa7f14624956036619ae08b75859dad605f06abbfaf902d45322741930208852cd8f04916490fc29fa39e6031cd805ac8673c60d1838b0cf45ce80830f124f0a6051fade27d01c41d4545877af7cf0ff12639a76474870864e90f479a0b41c763817785d5fa1288a195c04292390f0e967e0f139f26e08785cfe9de9931bcf8ae74d180d69a81c830f15cc278e2615dcb6ea28686abfb7f0487db06e76e48e8a0852c3c84372788e9ca3faecfdd2fa92835290086098c7f7c92038d1d4a0727fa19f2597f2c64d87ad2,gx-no-cache=1527874478605 HTTP/1.1" 200 255
192.168.10.97 - - [01/Jun/2018:14:37:54 -0300] "POST /cormun/servlet/solicitudgral3?gx-no-cache=1527874478630 HTTP/1.1" 200 1431
192.168.10.97 - - [01/Jun/2018:14:37:54 -0300] "GET /cormun/servlet/solicitudgral3?ff31ec7052581b0a3e360768d55554e02a72ad7ce587c5cbe394e2d97bc94aff16283af427c64611560fe0c453714c7147bb31a45ddfc0cf0d75de785a3e75921deff1b5587801525605fa6925e874743e5df85f260a3982e888efb2de0ab610e884fb1d391ade96efeb559a33eff26fda294b8f7562c78e7887993dab7a1c46,gx-no-cache=1527874478703 HTTP/1.1" 200 41
192.168.10.97 - - [01/Jun/2018:14:38:00 -0300] "POST /cormun/servlet/solicitudgral3?3941ccb00390e2aa2c8085a87b752ac0,UPD,2018,11604,,gx-no-cache=1527874484291 HTTP/1.1" 200 12318
192.168.10.97 - - [01/Jun/2018:14:38:00 -0300] "GET /cormun/servlet/solicitudgral3?ff31ec7052581b0a3e360768d55554e08301d0ea64a6d6b7fb0052ee7257c2deb77ae85ae37e224fe95131ec4ec3fc0c96cca99b275b49f6fa649fa238ef2245c2633b2562f465ebf6c82f85674b1f47d69fb07063a3269b0c9991c355d6d78b07b9fcd9b047904e391cc2dc59f1c93e97a8247a5de1da74f59ea55a06cfc347ef397d91e3b4eae319fe9a0b91522e4a4debdc0b3103068e0a7c5da8e0741db4e0cf3f9e98f09f466933f7abc453b4bc3e99965974a893168cf26e1007cfb434fbf65af14f3727c951aacbbaefd7fabf,gx-no-cache=1527874484444 HTTP/1.1" 200 29
192.168.10.97 - - [01/Jun/2018:14:38:00 -0300] "POST /cormun/servlet/solicitudgral3?gx-no-cache=1527874484459 HTTP/1.1" 200 1327
192.168.10.97 - - [01/Jun/2018:14:38:00 -0300] "POST /cormun/servlet/solicitudgral3?gx-no-cache=1527874484488 HTTP/1.1" 200 1250
192.168.10.97 - - [01/Jun/2018:14:38:00 -0300] "GET /cormun/servlet/solicitudgral3?ff31ec7052581b0a3e360768d55554e0344d43c2d369e5484ab85536908666864b6d58a7542cc9481a506308e4f6c142abd2efc1757e0a459e90521c031ee9cee8e495f487771073e64378e3804938ea82e14a10ef72171772643a13d9ab7630ef34998a1bf69bf571a8a03a9d755590aa7156d78055fbb643518cf4c77487692eb920db25dcb0700fa598be4296aa37,gx-no-cache=1527874484516 HTTP/1.1" 200 30
192.168.10.97 - - [01/Jun/2018:14:38:00 -0300] "POST /cormun/servlet/solicitudgral3?3941ccb00390e2aa2c8085a87b752ac0,UPD,2018,11604,,gx-no-cache=1527874484533 HTTP/1.1" 200 93
