192.168.10.97 - - [29/May/2018:18:59:10 -0300] "POST /cormun/servlet/trsolicitudgral?b5c18f2949c727ff451fba2d2b7efb4c,,gx-no-cache=1527630955657 HTTP/1.1" 200 5912
192.168.10.97 - - [29/May/2018:18:59:16 -0300] "POST /cormun/servlet/trsolicitudgral?b5c18f2949c727ff451fba2d2b7efb4c,,gx-no-cache=1527630961625 HTTP/1.1" 200 5912
192.168.10.96 - - [29/May/2018:18:59:21 -0300] "POST /cormun/servlet/hlogin?93e0f2a843b26960546daa1b37076c2b,gx-no-cache=1527630966495 HTTP/1.1" 200 90
192.168.10.96 - - [29/May/2018:18:59:21 -0300] "GET /cormun/servlet/hpexe_link HTTP/1.1" 200 945
192.168.10.96 - - [29/May/2018:18:59:21 -0300] "GET /cormun/servlet/hhome HTTP/1.1" 200 4705
192.168.10.96 - - [29/May/2018:18:59:21 -0300] "GET /cormun/servlet/hhome HTTP/1.1" 200 4701
192.168.10.97 - - [29/May/2018:18:59:21 -0300] "POST /cormun/servlet/trsolicitudgral?b5c18f2949c727ff451fba2d2b7efb4c,,gx-no-cache=1527630967194 HTTP/1.1" 200 5911
192.168.10.96 - - [29/May/2018:18:59:23 -0300] "GET /cormun/servlet/trsolicitudgral? HTTP/1.1" 200 17331
192.168.10.96 - - [29/May/2018:18:59:24 -0300] "GET /cormun/servlet/trsolicitudgral? HTTP/1.1" 200 17329
192.168.10.97 - - [29/May/2018:18:59:27 -0300] "POST /cormun/servlet/trsolicitudgral?b5c18f2949c727ff451fba2d2b7efb4c,,gx-no-cache=1527630972546 HTTP/1.1" 200 5913
192.168.10.96 - - [29/May/2018:18:59:28 -0300] "POST /cormun/servlet/trsolicitudgral?93e0f2a843b26960546daa1b37076c2b,,gx-no-cache=1527630973722 HTTP/1.1" 200 7289
192.168.10.97 - - [29/May/2018:18:59:33 -0300] "POST /cormun/servlet/trsolicitudgral?b5c18f2949c727ff451fba2d2b7efb4c,,gx-no-cache=1527630978914 HTTP/1.1" 200 5914
192.168.10.96 - - [29/May/2018:18:59:35 -0300] "POST /cormun/servlet/trsolicitudgral?93e0f2a843b26960546daa1b37076c2b,,gx-no-cache=1527630980655 HTTP/1.1" 200 8828
192.168.10.96 - - [29/May/2018:18:59:39 -0300] "GET /cormun/servlet/vesolicitudgral?2018,11290,, HTTP/1.1" 200 9249
192.168.10.96 - - [29/May/2018:18:59:39 -0300] "GET /cormun/pexe_scrolldiv.js HTTP/1.1" 404 1009
192.168.10.96 - - [29/May/2018:18:59:39 -0300] "GET /cormun/pexe_scrolldiv.js HTTP/1.1" 404 1009
192.168.10.96 - - [29/May/2018:18:59:40 -0300] "GET /cormun/servlet/vesolicitudgral?2018,11290,, HTTP/1.1" 200 9249
192.168.10.97 - - [29/May/2018:18:59:41 -0300] "POST /cormun/servlet/trsolicitudgral?b5c18f2949c727ff451fba2d2b7efb4c,,gx-no-cache=1527630986619 HTTP/1.1" 200 5913
192.168.10.96 - - [29/May/2018:18:59:41 -0300] "GET /cormun/servlet/vesolicitudgral?2018,11290,,SolicitudOTAdjuntos HTTP/1.1" 200 11376
192.168.10.96 - - [29/May/2018:18:59:41 -0300] "GET /cormun/pexe_scrolldiv.js HTTP/1.1" 404 1009
192.168.10.96 - - [29/May/2018:18:59:41 -0300] "GET /cormun/pexe_scrolldiv.js HTTP/1.1" 404 1009
192.168.10.96 - - [29/May/2018:18:59:42 -0300] "GET /cormun/servlet/vesolicitudgral?2018,11290,,SolicitudOTAdjuntos HTTP/1.1" 200 11374
192.168.10.96 - - [29/May/2018:18:59:43 -0300] "POST /cormun/servlet/acontrolpreferencessavestate?None,DZAMUDIO,true HTTP/1.1" 200 35
192.168.10.96 - - [29/May/2018:18:59:43 -0300] "GET /cormun/PublicTempStorage/oliver_contreras___c_identidad9794180.pdf HTTP/1.1" 200 397712
192.168.10.96 - - [29/May/2018:18:59:48 -0300] "GET /cormun/servlet/vesolicitudgral?2018,11290,,SolicitudOTAdjuntos HTTP/1.1" 200 11373
192.168.10.97 - - [29/May/2018:18:59:49 -0300] "POST /cormun/servlet/trsolicitudgral?b5c18f2949c727ff451fba2d2b7efb4c,,gx-no-cache=1527630994331 HTTP/1.1" 200 5912
192.168.10.96 - - [29/May/2018:18:59:49 -0300] "GET /cormun/servlet/vesolicitudgral?2018,11290,,SolicitudOTAdjuntos HTTP/1.1" 200 11376
192.168.10.96 - - [29/May/2018:18:59:49 -0300] "POST /cormun/servlet/acontrolpreferencessavestate?None,DZAMUDIO,true HTTP/1.1" 200 35
192.168.10.96 - - [29/May/2018:18:59:50 -0300] "GET /cormun/PublicTempStorage/oliver_contreras___c_titulo9127612.pdf HTTP/1.1" 200 898239
192.168.10.62 - - [29/May/2018:18:59:51 -0300] "POST /cormun/servlet/trsolicitudgral?e7a30d3f4a315c71d513611946fb95d1,,gx-no-cache=1527630996259 HTTP/1.1" 200 5924
192.168.10.97 - - [29/May/2018:19:00:00 -0300] "POST /cormun/servlet/trsolicitudgral?b5c18f2949c727ff451fba2d2b7efb4c,,gx-no-cache=1527631005203 HTTP/1.1" 200 5909
192.168.10.96 - - [29/May/2018:19:00:00 -0300] "GET /cormun/servlet/vesolicitudgral?2018,11290,,SolicitudOTAdjuntos HTTP/1.1" 200 11375
192.168.10.96 - - [29/May/2018:19:00:01 -0300] "GET /cormun/servlet/vesolicitudgral?2018,11290,,SolicitudOTAdjuntos HTTP/1.1" 200 11377
192.168.10.96 - - [29/May/2018:19:00:01 -0300] "POST /cormun/servlet/acontrolpreferencessavestate?None,DZAMUDIO,true HTTP/1.1" 200 35
192.168.10.62 - - [29/May/2018:19:00:02 -0300] "POST /cormun/servlet/trsolicitudgral?e7a30d3f4a315c71d513611946fb95d1,,gx-no-cache=1527631007457 HTTP/1.1" 200 7298
192.168.10.96 - - [29/May/2018:19:00:02 -0300] "GET /cormun/PublicTempStorage/oliver_contreras______afp1271949.pdf HTTP/1.1" 200 889043
192.168.10.97 - - [29/May/2018:19:00:07 -0300] "POST /cormun/servlet/trsolicitudgral?b5c18f2949c727ff451fba2d2b7efb4c,,gx-no-cache=1527631012338 HTTP/1.1" 200 5910
192.168.10.96 - - [29/May/2018:19:00:08 -0300] "GET /cormun/servlet/vesolicitudgral?2018,11290,,SolicitudOTAdjuntos HTTP/1.1" 200 11373
192.168.10.96 - - [29/May/2018:19:00:09 -0300] "GET /cormun/servlet/vesolicitudgral?2018,11290,,SolicitudOTAdjuntos HTTP/1.1" 200 11377
192.168.10.96 - - [29/May/2018:19:00:09 -0300] "POST /cormun/servlet/acontrolpreferencessavestate?None,DZAMUDIO,true HTTP/1.1" 200 35
192.168.10.96 - - [29/May/2018:19:00:10 -0300] "GET /cormun/PublicTempStorage/oliver_contreras____isapre2870272.pdf HTTP/1.1" 200 396119
192.168.10.97 - - [29/May/2018:19:00:13 -0300] "POST /cormun/servlet/trsolicitudgral?b5c18f2949c727ff451fba2d2b7efb4c,,gx-no-cache=1527631019203 HTTP/1.1" 200 5910
192.168.10.97 - - [29/May/2018:19:00:21 -0300] "POST /cormun/servlet/trsolicitudgral?b5c18f2949c727ff451fba2d2b7efb4c,,gx-no-cache=1527631026754 HTTP/1.1" 200 5911
192.168.10.97 - - [29/May/2018:19:00:28 -0300] "POST /cormun/servlet/trsolicitudgral?b5c18f2949c727ff451fba2d2b7efb4c,,gx-no-cache=1527631034106 HTTP/1.1" 200 5909
192.168.10.96 - - [29/May/2018:19:00:29 -0300] "GET /cormun/servlet/vesolicitudgral?2018,11290,,SolicitudOTAdjuntos HTTP/1.1" 200 11374
192.168.10.96 - - [29/May/2018:19:00:30 -0300] "GET /cormun/servlet/vesolicitudgral?2018,11290,,SolicitudOTAdjuntos HTTP/1.1" 200 11373
192.168.10.96 - - [29/May/2018:19:00:30 -0300] "POST /cormun/servlet/acontrolpreferencessavestate?None,DZAMUDIO,true HTTP/1.1" 200 35
192.168.10.96 - - [29/May/2018:19:00:34 -0300] "GET /cormun/PublicTempStorage/oliver_contreras_c_antecedentes7496521.pdf HTTP/1.1" 200 564178
192.168.10.97 - - [29/May/2018:19:00:35 -0300] "POST /cormun/servlet/trsolicitudgral?b5c18f2949c727ff451fba2d2b7efb4c,,gx-no-cache=1527631040741 HTTP/1.1" 200 5908
192.168.10.97 - - [29/May/2018:19:00:42 -0300] "POST /cormun/servlet/trsolicitudgral?b5c18f2949c727ff451fba2d2b7efb4c,,gx-no-cache=1527631047378 HTTP/1.1" 200 5910
192.168.10.96 - - [29/May/2018:19:00:42 -0300] "GET /cormun/servlet/vesolicitudgral?2018,11290,,SolicitudOTAdjuntos HTTP/1.1" 200 11375
192.168.10.96 - - [29/May/2018:19:00:43 -0300] "GET /cormun/servlet/vesolicitudgral?2018,11290,,SolicitudOTAdjuntos HTTP/1.1" 200 11374
192.168.10.96 - - [29/May/2018:19:00:43 -0300] "POST /cormun/servlet/acontrolpreferencessavestate?None,DZAMUDIO,true HTTP/1.1" 200 35
192.168.10.96 - - [29/May/2018:19:00:44 -0300] "GET /cormun/PublicTempStorage/oliver_contreras___c_vitae9208614.pdf HTTP/1.1" 200 1306599
192.168.10.97 - - [29/May/2018:19:00:47 -0300] "POST /cormun/servlet/trsolicitudgral?b5c18f2949c727ff451fba2d2b7efb4c,,gx-no-cache=1527631053163 HTTP/1.1" 200 5911
192.168.10.97 - - [29/May/2018:19:00:53 -0300] "POST /cormun/servlet/trsolicitudgral?b5c18f2949c727ff451fba2d2b7efb4c,,gx-no-cache=1527631058899 HTTP/1.1" 200 5909
192.168.10.96 - - [29/May/2018:19:01:38 -0300] "GET /cormun/servlet/vesolicitudgral?2018,11290,,SolicitudOTAdjuntos HTTP/1.1" 200 11373
192.168.10.96 - - [29/May/2018:19:01:39 -0300] "GET /cormun/servlet/vesolicitudgral?2018,11290,,SolicitudOTAdjuntos HTTP/1.1" 200 11377
192.168.10.96 - - [29/May/2018:19:01:39 -0300] "POST /cormun/servlet/acontrolpreferencessavestate?None,DZAMUDIO,true HTTP/1.1" 200 35
192.168.10.62 - - [29/May/2018:19:01:54 -0300] "GET /cormun/servlet/vesolicitudgral?2018,11250,, HTTP/1.1" 200 9082
192.168.10.62 - - [29/May/2018:19:01:54 -0300] "GET /cormun/pexe_scrolldiv.js HTTP/1.1" 404 1009
192.168.10.62 - - [29/May/2018:19:01:54 -0300] "GET /cormun/pexe_scrolldiv.js HTTP/1.1" 404 1009
192.168.10.62 - - [29/May/2018:19:01:54 -0300] "GET /cormun/servlet/vesolicitudgral?2018,11250,, HTTP/1.1" 200 9081
192.168.10.62 - - [29/May/2018:19:02:25 -0300] "POST /cormun/servlet/vesolicitudgral?e7a30d3f4a315c71d513611946fb95d1,2018,11250,,,gx-no-cache=1527631150465 HTTP/1.1" 200 107
192.168.10.62 - - [29/May/2018:19:02:25 -0300] "GET /cormun/servlet/solicitudgral?UPD,2018,11250, HTTP/1.1" 200 12980
192.168.10.62 - - [29/May/2018:19:02:25 -0300] "GET /cormun/servlet/solicitudgral?UPD,2018,11250, HTTP/1.1" 200 12980
192.168.10.62 - - [29/May/2018:19:02:26 -0300] "POST /cormun/servlet/solicitudgral?gx-no-cache=1527631151592 HTTP/1.1" 200 3975
192.168.10.62 - - [29/May/2018:19:02:26 -0300] "GET /cormun/static/Shared/jqueryui/images/ui-bg_highlight-soft_100_c6c2c8_1x100.png HTTP/1.1" 404 1117
192.168.10.62 - - [29/May/2018:19:02:26 -0300] "GET /cormun/static/Shared/jqueryui/images/ui-icons_82798d_256x240.png HTTP/1.1" 404 1089
192.168.10.62 - - [29/May/2018:19:02:26 -0300] "GET /cormun/static/Shared/jqueryui/images/ui-icons_ebccce_256x240.png HTTP/1.1" 404 1089
192.168.10.62 - - [29/May/2018:19:02:26 -0300] "GET /cormun/static/Shared/jqueryui/images/ui-bg_flat_55_994d53_40x100.png HTTP/1.1" 404 1097
192.168.10.62 - - [29/May/2018:19:02:26 -0300] "GET /cormun/servlet/solicitudgral?6db63f9111a17b3c73d57b61a69a541b30e10ec727ad2195104a65a5d2b1a5a939e65eebdbbaa2aedcbefca4f7768b4f3eb54e5d2542060b0a4ee37f100e058cc87bd9a27578f2638dc74f920e6fac613e04dc13737d8fa67df40d4ebab7b24b35874ed9a805c690dd6a971bd7b9d685b012baa248522b69d4408194ceaf7a5c82d0bb6804f7770b6b2c49c52841f0748164ca78b5ce7359b9d0a7019f3ebbe125d92000f408ca993ef5174abdff491cdeb484c28e878b638d1c5a1b45f2238db035128c2a80c9fa13a159876c21c6bedd494b809baff0ad0954798521dc5cfecf9d0f626db0cf762a8d70c6e9d1dcb86df57ebdd38678fb5eb4373109db3eaf1927acbe8c111a3b34725da89eb58706adb26462e5d2010169d39eb15a3e4a518be74e16593ee8670fceece20b2d64c2eae832b2769d4e824615167ce36ccfe4e5bcd95517245c93c02c7018ea3ba0eb,gx-no-cache=1527631151727 HTTP/1.1" 200 297
192.168.10.97 - - [29/May/2018:19:02:31 -0300] "POST /cormun/servlet/trsolicitudgral?b5c18f2949c727ff451fba2d2b7efb4c,,gx-no-cache=1527631156862 HTTP/1.1" 200 5910
192.168.10.97 - - [29/May/2018:19:02:48 -0300] "POST /cormun/servlet/trsolicitudgral?b5c18f2949c727ff451fba2d2b7efb4c,,gx-no-cache=1527631173300 HTTP/1.1" 200 5912
192.168.10.89 - - [29/May/2018:19:02:48 -0300] "POST /cormun/servlet/vesolicitudgral?9b35e6d4987008d5b71d4c63cd3622bc,2018,10774,,SolicitudOTLog,gx-no-cache=1527631173363 HTTP/1.1" 200 90
192.168.10.89 - - [29/May/2018:19:02:48 -0300] "GET /cormun/servlet/hpexe_link HTTP/1.1" 200 977
192.168.10.89 - - [29/May/2018:19:02:48 -0300] "GET /cormun/servlet/trsolicitudgral? HTTP/1.1" 200 11959
192.168.10.62 - - [29/May/2018:19:02:48 -0300] "GET /cormun/servlet/solicitudgral?6db63f9111a17b3c73d57b61a69a541be0ec7fde73447b665fd805a3bbbc2604bfd0c4b52e2137118c7db2558da4d3761927acbe8c111a3b34725da89eb5870623aca3957c7b94479ae598aab23f0c4ce7bcfc09d110d2692af78b4073fad1c60a53ccb8ad6cfc2d2ddfaff9c739fcb742165b8c914b15796b844e3488e6c2fbdf75b7622acfb56dd4e130190980588be4e25e5982970b465482ee3ea6ded574b672a1fa96462dc490faa30d0124c210198b9a99071e965864a61467cac5090d86d81eca59a58577b3b61cb52baf9b8fe34d796cc93730c5367d8d53b37caa1e05c72e3f8bd042fa75e04f83322b1974bdfeedd67595012c2f380329906a851cb4cd22c99538ff5c5b68985fc4da322a7c61dc86ffc80980b1b21a0d999ffc6f02a6e6924cf21c1028106606147bf45bbad313e2d4240b8dc0b5c75d61edac66eef4e8cad4925e5ae83f84458bfdcb8a9b788c5ea836430f0f401f913ffc98a9b4cd22c99538ff5c5b68985fc4da322a36a809e0474aca6a8e646c11f146c850ef7b13710626ce48fd7db2b8a6374ec6796ac8adc4d5285f8f8e05d0e84d7a0ec61ebcc40f73c53773615a93dc4c0b6c,gx-no-cache=1527631173878 HTTP/1.1" 200 48
192.168.10.62 - - [29/May/2018:19:02:48 -0300] "POST /cormun/servlet/solicitudgral?e7a30d3f4a315c71d513611946fb95d1,UPD,2018,11250,,gx-no-cache=1527631173900 HTTP/1.1" 200 11861
192.168.10.62 - - [29/May/2018:19:02:48 -0300] "GET /cormun/servlet/solicitudgral?6db63f9111a17b3c73d57b61a69a541b80aadac2d1809bba6550c91fc4279a73631dd03800ee0ab4444948cfebb8e5391827e2a7c61e281c27eee9972181a6591213f59303ea034b052cd0c87665596dd83778a0b33b636743ae0bbb32669e3bdaa76ab56ad60d0feb32eabacf8565a3,gx-no-cache=1527631174134 HTTP/1.1" 200 29
192.168.10.62 - - [29/May/2018:19:02:48 -0300] "POST /cormun/servlet/solicitudgral?gx-no-cache=1527631174151 HTTP/1.1" 200 1325
192.168.10.62 - - [29/May/2018:19:02:48 -0300] "POST /cormun/servlet/solicitudgral?gx-no-cache=1527631174191 HTTP/1.1" 200 1249
192.168.10.62 - - [29/May/2018:19:02:48 -0300] "GET /cormun/static/menuarrow.gif HTTP/1.1" 404 1015
192.168.10.62 - - [29/May/2018:19:02:51 -0300] "GET /cormun/servlet/solicitudgral?6db63f9111a17b3c73d57b61a69a541be0ec7fde73447b665fd805a3bbbc2604bfd0c4b52e2137118c7db2558da4d3761927acbe8c111a3b34725da89eb5870623aca3957c7b94479ae598aab23f0c4ce7bcfc09d110d2692af78b4073fad1c60a53ccb8ad6cfc2d2ddfaff9c739fcb742165b8c914b15796b844e3488e6c2fbdf75b7622acfb56dd4e130190980588be4e25e5982970b465482ee3ea6ded574b672a1fa96462dc490faa30d0124c210198b9a99071e965864a61467cac5090d86d81eca59a58577b3b61cb52baf9b8fe34d796cc93730c5367d8d53b37caa1e05c72e3f8bd042fa75e04f83322b1974bdfeedd67595012c2f380329906a851cb4cd22c99538ff5c5b68985fc4da322a7c61dc86ffc80980b1b21a0d999ffc6f02a6e6924cf21c1028106606147bf45bbad313e2d4240b8dc0b5c75d61edac66eef4e8cad4925e5ae83f84458bfdcb8a9b788c5ea836430f0f401f913ffc98a9b4cd22c99538ff5c5b68985fc4da322a36a809e0474aca6a8e646c11f146c850ef7b13710626ce48fd7db2b8a6374ec6796ac8adc4d5285f8f8e05d0e84d7a0e742ec7dd18cecd7a288a3308cf5fbb80b52daf668fc44af316a0bce2ea15db78,gx-no-cache=1527631176814 HTTP/1.1" 200 48
192.168.10.62 - - [29/May/2018:19:02:51 -0300] "POST /cormun/servlet/solicitudgral?gx-no-cache=1527631176844 HTTP/1.1" 200 1325
192.168.10.62 - - [29/May/2018:19:02:51 -0300] "POST /cormun/servlet/solicitudgral?gx-no-cache=1527631176884 HTTP/1.1" 200 1249
192.168.10.97 - - [29/May/2018:19:02:54 -0300] "POST /cormun/servlet/trsolicitudgral?b5c18f2949c727ff451fba2d2b7efb4c,,gx-no-cache=1527631179245 HTTP/1.1" 200 5910
192.168.10.97 - - [29/May/2018:19:02:59 -0300] "POST /cormun/servlet/trsolicitudgral?b5c18f2949c727ff451fba2d2b7efb4c,,gx-no-cache=1527631184333 HTTP/1.1" 200 5909
192.168.10.62 - - [29/May/2018:19:02:59 -0300] "POST /cormun/servlet/solicitudgral?e7a30d3f4a315c71d513611946fb95d1,UPD,2018,11250,,gx-no-cache=1527631184628 HTTP/1.1" 200 12092
192.168.10.89 - - [29/May/2018:19:03:02 -0300] "POST /cormun/servlet/trsolicitudgral?9b35e6d4987008d5b71d4c63cd3622bc,,gx-no-cache=1527631187514 HTTP/1.1" 200 7296
192.168.10.89 - - [29/May/2018:19:03:04 -0300] "GET /cormun/servlet/vesolicitudgral?2018,11530,, HTTP/1.1" 200 9472
192.168.10.89 - - [29/May/2018:19:03:04 -0300] "GET /cormun/pexe_scrolldiv.js HTTP/1.1" 404 1009
192.168.10.97 - - [29/May/2018:19:03:04 -0300] "POST /cormun/servlet/trsolicitudgral?b5c18f2949c727ff451fba2d2b7efb4c,,gx-no-cache=1527631189805 HTTP/1.1" 200 5910
192.168.10.89 - - [29/May/2018:19:03:09 -0300] "GET /cormun/servlet/vesolicitudgral?2018,11530,,SolicitudOTLog HTTP/1.1" 200 11005
192.168.10.89 - - [29/May/2018:19:03:09 -0300] "GET /cormun/pexe_scrolldiv.js HTTP/1.1" 404 1009
192.168.10.97 - - [29/May/2018:19:03:10 -0300] "POST /cormun/servlet/trsolicitudgral?b5c18f2949c727ff451fba2d2b7efb4c,,gx-no-cache=1527631195469 HTTP/1.1" 200 5912
192.168.10.89 - - [29/May/2018:19:03:11 -0300] "POST /cormun/servlet/acontrolpreferencessavestate?None,CDROGUETT,true HTTP/1.1" 200 35
192.168.10.62 - - [29/May/2018:19:03:14 -0300] "POST /cormun/servlet/solicitudgral?e7a30d3f4a315c71d513611946fb95d1,UPD,2018,11250,,gx-no-cache=1527631200147 HTTP/1.1" 200 12092
192.168.10.89 - - [29/May/2018:19:03:19 -0300] "GET /cormun/servlet/vesolicitudgral?2018,11530,,SolicitudOTAdjuntos HTTP/1.1" 200 11729
192.168.10.89 - - [29/May/2018:19:03:19 -0300] "GET /cormun/pexe_scrolldiv.js HTTP/1.1" 404 1009
192.168.10.89 - - [29/May/2018:19:03:19 -0300] "GET /cormun/static/tbsolicitudgral02.js?20171115129853 HTTP/1.1" 200 13312
192.168.10.97 - - [29/May/2018:19:03:20 -0300] "POST /cormun/servlet/trsolicitudgral?b5c18f2949c727ff451fba2d2b7efb4c,,gx-no-cache=1527631205301 HTTP/1.1" 200 5911
192.168.10.62 - - [29/May/2018:19:03:20 -0300] "POST /cormun/servlet/solicitudgral?e7a30d3f4a315c71d513611946fb95d1,UPD,2018,11250,,gx-no-cache=1527631205794 HTTP/1.1" 200 93
192.168.10.62 - - [29/May/2018:19:03:20 -0300] "GET /cormun/servlet/hpexe_return? HTTP/1.1" 200 1019
192.168.10.62 - - [29/May/2018:19:03:20 -0300] "GET /cormun/servlet/vesolicitudgral?2018,11250,, HTTP/1.1" 200 9085
192.168.10.62 - - [29/May/2018:19:03:20 -0300] "GET /cormun/pexe_scrolldiv.js HTTP/1.1" 404 1009
192.168.10.62 - - [29/May/2018:19:03:20 -0300] "GET /cormun/pexe_scrolldiv.js HTTP/1.1" 404 1009
192.168.10.89 - - [29/May/2018:19:03:21 -0300] "POST /cormun/servlet/acontrolpreferencessavestate?None,CDROGUETT,true HTTP/1.1" 200 35
192.168.10.62 - - [29/May/2018:19:03:21 -0300] "GET /cormun/servlet/vesolicitudgral?2018,11250,, HTTP/1.1" 200 9081
192.168.10.89 - - [29/May/2018:19:03:22 -0300] "GET /cormun/PublicTempStorage/cedula4219730.pdf HTTP/1.1" 200 472059
192.168.10.62 - - [29/May/2018:19:03:24 -0300] "POST /cormun/servlet/vesolicitudgral?e7a30d3f4a315c71d513611946fb95d1,2018,11250,,,gx-no-cache=1527631209575 HTTP/1.1" 200 107
192.168.10.62 - - [29/May/2018:19:03:24 -0300] "GET /cormun/servlet/solicitudgral?UPD,2018,11250, HTTP/1.1" 200 12980
192.168.10.62 - - [29/May/2018:19:03:24 -0300] "GET /cormun/servlet/solicitudgral?UPD,2018,11250, HTTP/1.1" 200 12980
192.168.10.62 - - [29/May/2018:19:03:25 -0300] "POST /cormun/servlet/solicitudgral?gx-no-cache=1527631210592 HTTP/1.1" 200 3975
192.168.10.62 - - [29/May/2018:19:03:25 -0300] "GET /cormun/static/Shared/jqueryui/images/ui-bg_highlight-soft_100_c6c2c8_1x100.png HTTP/1.1" 404 1117
192.168.10.62 - - [29/May/2018:19:03:25 -0300] "GET /cormun/static/Shared/jqueryui/images/ui-icons_82798d_256x240.png HTTP/1.1" 404 1089
192.168.10.62 - - [29/May/2018:19:03:25 -0300] "GET /cormun/static/Shared/jqueryui/images/ui-bg_flat_55_994d53_40x100.png HTTP/1.1" 404 1097
192.168.10.62 - - [29/May/2018:19:03:25 -0300] "GET /cormun/static/Shared/jqueryui/images/ui-icons_ebccce_256x240.png HTTP/1.1" 404 1089
192.168.10.62 - - [29/May/2018:19:03:25 -0300] "GET /cormun/servlet/solicitudgral?6db63f9111a17b3c73d57b61a69a541b30e10ec727ad2195104a65a5d2b1a5a939e65eebdbbaa2aedcbefca4f7768b4f3eb54e5d2542060b0a4ee37f100e058cc87bd9a27578f2638dc74f920e6fac613e04dc13737d8fa67df40d4ebab7b24b35874ed9a805c690dd6a971bd7b9d685b012baa248522b69d4408194ceaf7a5c82d0bb6804f7770b6b2c49c52841f0748164ca78b5ce7359b9d0a7019f3ebbe125d92000f408ca993ef5174abdff491cdeb484c28e878b638d1c5a1b45f2238db035128c2a80c9fa13a159876c21c6bedd494b809baff0ad0954798521dc5cfecf9d0f626db0cf762a8d70c6e9d1dcb86df57ebdd38678fb5eb4373109db3eaf1927acbe8c111a3b34725da89eb58706adb26462e5d2010169d39eb15a3e4a518be74e16593ee8670fceece20b2d64c2eae832b2769d4e824615167ce36ccfe4e5bcd95517245c93c02c7018ea3ba0eb,gx-no-cache=1527631210716 HTTP/1.1" 200 297
192.168.10.97 - - [29/May/2018:19:03:25 -0300] "POST /cormun/servlet/trsolicitudgral?b5c18f2949c727ff451fba2d2b7efb4c,,gx-no-cache=1527631211068 HTTP/1.1" 200 5911
192.168.10.62 - - [29/May/2018:19:03:25 -0300] "GET /cormun/servlet/solicitudgral?6db63f9111a17b3c73d57b61a69a541be0ec7fde73447b665fd805a3bbbc2604bfd0c4b52e2137118c7db2558da4d3761927acbe8c111a3b34725da89eb5870623aca3957c7b94479ae598aab23f0c4ce7bcfc09d110d2692af78b4073fad1c60a53ccb8ad6cfc2d2ddfaff9c739fcb742165b8c914b15796b844e3488e6c2fbdf75b7622acfb56dd4e130190980588be4e25e5982970b465482ee3ea6ded574b672a1fa96462dc490faa30d0124c210198b9a99071e965864a61467cac5090d86d81eca59a58577b3b61cb52baf9b8fe34d796cc93730c5367d8d53b37caa1e05c72e3f8bd042fa75e04f83322b1974bdfeedd67595012c2f380329906a851cb4cd22c99538ff5c5b68985fc4da322a7c61dc86ffc80980b1b21a0d999ffc6f02a6e6924cf21c1028106606147bf45bbad313e2d4240b8dc0b5c75d61edac66eef4e8cad4925e5ae83f84458bfdcb8a9b788c5ea836430f0f401f913ffc98a9b4cd22c99538ff5c5b68985fc4da322a36a809e0474aca6a8e646c11f146c850ef7b13710626ce48fd7db2b8a6374ec6796ac8adc4d5285f8f8e05d0e84d7a0ec61ebcc40f73c53773615a93dc4c0b6c,gx-no-cache=1527631211235 HTTP/1.1" 200 48
192.168.10.62 - - [29/May/2018:19:03:26 -0300] "POST /cormun/servlet/solicitudgral?e7a30d3f4a315c71d513611946fb95d1,UPD,2018,11250,,gx-no-cache=1527631211254 HTTP/1.1" 200 11861
192.168.10.62 - - [29/May/2018:19:03:26 -0300] "GET /cormun/servlet/solicitudgral?6db63f9111a17b3c73d57b61a69a541b80aadac2d1809bba6550c91fc4279a73631dd03800ee0ab4444948cfebb8e5391827e2a7c61e281c27eee9972181a6591213f59303ea034b052cd0c87665596dd83778a0b33b636743ae0bbb32669e3bdaa76ab56ad60d0feb32eabacf8565a3,gx-no-cache=1527631211447 HTTP/1.1" 200 29
192.168.10.62 - - [29/May/2018:19:03:26 -0300] "POST /cormun/servlet/solicitudgral?gx-no-cache=1527631211464 HTTP/1.1" 200 1325
192.168.10.62 - - [29/May/2018:19:03:26 -0300] "POST /cormun/servlet/solicitudgral?gx-no-cache=1527631211506 HTTP/1.1" 200 1249
192.168.10.62 - - [29/May/2018:19:03:26 -0300] "GET /cormun/static/menuarrow.gif HTTP/1.1" 404 1015
192.168.10.62 - - [29/May/2018:19:03:27 -0300] "GET /cormun/servlet/solicitudgral?6db63f9111a17b3c73d57b61a69a541be0ec7fde73447b665fd805a3bbbc2604bfd0c4b52e2137118c7db2558da4d3761927acbe8c111a3b34725da89eb5870623aca3957c7b94479ae598aab23f0c4ce7bcfc09d110d2692af78b4073fad1c60a53ccb8ad6cfc2d2ddfaff9c739fcb742165b8c914b15796b844e3488e6c2fbdf75b7622acfb56dd4e130190980588be4e25e5982970b465482ee3ea6ded574b672a1fa96462dc490faa30d0124c210198b9a99071e965864a61467cac5090d86d81eca59a58577b3b61cb52baf9b8fe34d796cc93730c5367d8d53b37caa1e05c72e3f8bd042fa75e04f83322b1974bdfeedd67595012c2f380329906a851cb4cd22c99538ff5c5b68985fc4da322a7c61dc86ffc80980b1b21a0d999ffc6f02a6e6924cf21c1028106606147bf45bbad313e2d4240b8dc0b5c75d61edac66eef4e8cad4925e5ae83f84458bfdcb8a9b788c5ea836430f0f401f913ffc98a9b4cd22c99538ff5c5b68985fc4da322a36a809e0474aca6a8e646c11f146c850ef7b13710626ce48fd7db2b8a6374ec6796ac8adc4d5285f8f8e05d0e84d7a0e742ec7dd18cecd7a288a3308cf5fbb80b52daf668fc44af316a0bce2ea15db78,gx-no-cache=1527631213107 HTTP/1.1" 200 48
192.168.10.62 - - [29/May/2018:19:03:27 -0300] "POST /cormun/servlet/solicitudgral?gx-no-cache=1527631213136 HTTP/1.1" 200 1325
192.168.10.62 - - [29/May/2018:19:03:27 -0300] "POST /cormun/servlet/solicitudgral?gx-no-cache=1527631213179 HTTP/1.1" 200 1249
192.168.10.97 - - [29/May/2018:19:03:31 -0300] "POST /cormun/servlet/trsolicitudgral?b5c18f2949c727ff451fba2d2b7efb4c,,gx-no-cache=1527631216941 HTTP/1.1" 200 5912
192.168.10.89 - - [29/May/2018:19:03:32 -0300] "GET /cormun/servlet/vesolicitudgral?2018,11530,,SolicitudOTAdjuntos HTTP/1.1" 200 11727
192.168.10.89 - - [29/May/2018:19:03:32 -0300] "GET /cormun/pexe_scrolldiv.js HTTP/1.1" 404 1009
192.168.10.89 - - [29/May/2018:19:03:35 -0300] "POST /cormun/servlet/acontrolpreferencessavestate?None,CDROGUETT,true HTTP/1.1" 200 35
192.168.10.89 - - [29/May/2018:19:03:36 -0300] "GET /cormun/PublicTempStorage/certificado_curso5468940.pdf HTTP/1.1" 200 1457621
192.168.10.97 - - [29/May/2018:19:03:39 -0300] "POST /cormun/servlet/trsolicitudgral?b5c18f2949c727ff451fba2d2b7efb4c,,gx-no-cache=1527631224821 HTTP/1.1" 200 5911
192.168.10.89 - - [29/May/2018:19:03:43 -0300] "GET /cormun/servlet/vesolicitudgral?2018,11530,,SolicitudOTAdjuntos HTTP/1.1" 200 11729
192.168.10.89 - - [29/May/2018:19:03:43 -0300] "GET /cormun/pexe_scrolldiv.js HTTP/1.1" 404 1009
192.168.10.97 - - [29/May/2018:19:03:44 -0300] "POST /cormun/servlet/trsolicitudgral?b5c18f2949c727ff451fba2d2b7efb4c,,gx-no-cache=1527631230125 HTTP/1.1" 200 5911
192.168.10.89 - - [29/May/2018:19:03:45 -0300] "POST /cormun/servlet/acontrolpreferencessavestate?None,CDROGUETT,true HTTP/1.1" 200 35
192.168.10.89 - - [29/May/2018:19:03:46 -0300] "GET /cormun/PublicTempStorage/licencia_ense%F1anza_media6906156.pdf HTTP/1.1" 200 38420
192.168.10.89 - - [29/May/2018:19:03:53 -0300] "GET /cormun/servlet/vesolicitudgral?2018,11530,,SolicitudOTAdjuntos HTTP/1.1" 200 11726
192.168.10.89 - - [29/May/2018:19:03:53 -0300] "GET /cormun/pexe_scrolldiv.js HTTP/1.1" 404 1009
192.168.10.89 - - [29/May/2018:19:03:55 -0300] "POST /cormun/servlet/acontrolpreferencessavestate?None,CDROGUETT,true HTTP/1.1" 200 35
192.168.10.62 - - [29/May/2018:19:03:55 -0300] "POST /cormun/servlet/solicitudgral?e7a30d3f4a315c71d513611946fb95d1,UPD,2018,11250,,gx-no-cache=1527631240498 HTTP/1.1" 200 12092
192.168.10.89 - - [29/May/2018:19:03:55 -0300] "GET /cormun/PublicTempStorage/afp7520240.pdf HTTP/1.1" 200 51717
192.168.10.97 - - [29/May/2018:19:03:58 -0300] "POST /cormun/servlet/trsolicitudgral?b5c18f2949c727ff451fba2d2b7efb4c,,gx-no-cache=1527631243373 HTTP/1.1" 200 5909
192.168.10.97 - - [29/May/2018:19:04:02 -0300] "POST /cormun/servlet/trsolicitudgral?b5c18f2949c727ff451fba2d2b7efb4c,,gx-no-cache=1527631247549 HTTP/1.1" 200 5909
192.168.10.89 - - [29/May/2018:19:04:02 -0300] "GET /cormun/servlet/vesolicitudgral?2018,11530,,SolicitudOTAdjuntos HTTP/1.1" 200 11728
192.168.10.89 - - [29/May/2018:19:04:02 -0300] "GET /cormun/pexe_scrolldiv.js HTTP/1.1" 404 1009
192.168.10.89 - - [29/May/2018:19:04:04 -0300] "POST /cormun/servlet/acontrolpreferencessavestate?None,CDROGUETT,true HTTP/1.1" 200 35
192.168.10.89 - - [29/May/2018:19:04:06 -0300] "GET /cormun/PublicTempStorage/fonasa8248703.pdf HTTP/1.1" 200 372447
192.168.10.89 - - [29/May/2018:19:04:11 -0300] "GET /cormun/servlet/vesolicitudgral?2018,11530,,SolicitudOTAdjuntos HTTP/1.1" 200 11729
192.168.10.89 - - [29/May/2018:19:04:11 -0300] "GET /cormun/pexe_scrolldiv.js HTTP/1.1" 404 1009
192.168.10.89 - - [29/May/2018:19:04:13 -0300] "POST /cormun/servlet/acontrolpreferencessavestate?None,CDROGUETT,true HTTP/1.1" 200 35
192.168.10.89 - - [29/May/2018:19:04:14 -0300] "GET /cormun/PublicTempStorage/certificado_de_antecedentes7718372.pdf HTTP/1.1" 200 110909
192.168.10.89 - - [29/May/2018:19:04:20 -0300] "GET /cormun/servlet/vesolicitudgral?2018,11530,,SolicitudOTAdjuntos HTTP/1.1" 200 11728
192.168.10.89 - - [29/May/2018:19:04:20 -0300] "GET /cormun/pexe_scrolldiv.js HTTP/1.1" 404 1009
192.168.10.89 - - [29/May/2018:19:04:21 -0300] "POST /cormun/servlet/acontrolpreferencessavestate?None,CDROGUETT,true HTTP/1.1" 200 35
192.168.10.89 - - [29/May/2018:19:04:22 -0300] "GET /cormun/PublicTempStorage/curriculum_vitae7112650.pdf HTTP/1.1" 200 60925
192.168.10.89 - - [29/May/2018:19:04:28 -0300] "GET /cormun/servlet/vesolicitudgral?2018,11530,,SolicitudOTAdjuntos HTTP/1.1" 200 11729
192.168.10.89 - - [29/May/2018:19:04:28 -0300] "GET /cormun/pexe_scrolldiv.js HTTP/1.1" 404 1009
192.168.10.89 - - [29/May/2018:19:04:30 -0300] "POST /cormun/servlet/acontrolpreferencessavestate?None,CDROGUETT,true HTTP/1.1" 200 35
192.168.10.97 - - [29/May/2018:19:04:44 -0300] "POST /cormun/servlet/trsolicitudgral?b5c18f2949c727ff451fba2d2b7efb4c,,gx-no-cache=1527631289741 HTTP/1.1" 200 5911
192.168.10.97 - - [29/May/2018:19:04:50 -0300] "GET /cormun/servlet/trcoordinadores? HTTP/1.1" 200 7657
192.168.10.97 - - [29/May/2018:19:04:50 -0300] "GET /cormun/static/gxcfg.js?20182817343370 HTTP/1.1" 200 953
192.168.10.97 - - [29/May/2018:19:04:50 -0300] "GET /cormun/static/trcoordinadores.js?20182817343662 HTTP/1.1" 200 15739
192.168.10.97 - - [29/May/2018:19:04:51 -0300] "GET /cormun/servlet/trcoordinadores? HTTP/1.1" 200 7656
192.168.10.89 - - [29/May/2018:19:05:08 -0300] "POST /cormun/servlet/vesolicitudgral?9b35e6d4987008d5b71d4c63cd3622bc,2018,11530,,SolicitudOTAdjuntos,gx-no-cache=1527631313844 HTTP/1.1" 200 90
192.168.10.89 - - [29/May/2018:19:05:08 -0300] "GET /cormun/servlet/hpexe_link HTTP/1.1" 200 980
192.168.10.89 - - [29/May/2018:19:05:08 -0300] "GET /cormun/servlet/trsolicitudgral? HTTP/1.1" 200 10783
192.168.10.62 - - [29/May/2018:19:05:13 -0300] "POST /cormun/servlet/solicitudgral?e7a30d3f4a315c71d513611946fb95d1,UPD,2018,11250,,gx-no-cache=1527631319145 HTTP/1.1" 200 12092
192.168.10.62 - - [29/May/2018:19:05:23 -0300] "POST /cormun/servlet/solicitudgral?e7a30d3f4a315c71d513611946fb95d1,UPD,2018,11250,,gx-no-cache=1527631329070 HTTP/1.1" 200 93
192.168.10.62 - - [29/May/2018:19:05:23 -0300] "GET /cormun/servlet/hpexe_return? HTTP/1.1" 200 1019
192.168.10.62 - - [29/May/2018:19:05:24 -0300] "GET /cormun/servlet/vesolicitudgral?2018,11250,, HTTP/1.1" 200 9085
192.168.10.62 - - [29/May/2018:19:05:24 -0300] "GET /cormun/pexe_scrolldiv.js HTTP/1.1" 404 1009
192.168.10.62 - - [29/May/2018:19:05:24 -0300] "GET /cormun/pexe_scrolldiv.js HTTP/1.1" 404 1009
192.168.10.62 - - [29/May/2018:19:05:24 -0300] "GET /cormun/servlet/vesolicitudgral?2018,11250,, HTTP/1.1" 200 9081
186.103.159.46 - - [29/May/2018:19:05:58 -0300] "GET /cormun/servlet/trlicencias? HTTP/1.1" 200 6124
186.103.159.46 - - [29/May/2018:19:06:00 -0300] "GET /cormun/servlet/trlicencias? HTTP/1.1" 200 6119
186.103.159.46 - - [29/May/2018:19:06:00 -0300] "GET /cormun/servlet/hlogin HTTP/1.1" 200 1739
192.168.10.62 - - [29/May/2018:19:06:01 -0300] "POST /cormun/servlet/vesolicitudgral?e7a30d3f4a315c71d513611946fb95d1,2018,11250,,,gx-no-cache=1527631366649 HTTP/1.1" 200 11999
192.168.10.62 - - [29/May/2018:19:06:01 -0300] "GET /cormun/static/Shared/jqueryui/images/ui-bg_highlight-soft_100_c6c2c8_1x100.png HTTP/1.1" 404 1117
192.168.10.62 - - [29/May/2018:19:06:01 -0300] "GET /cormun/static/Shared/jqueryui/images/ui-icons_82798d_256x240.png HTTP/1.1" 404 1089
192.168.10.62 - - [29/May/2018:19:06:01 -0300] "GET /cormun/static/Shared/jqueryui/images/ui-bg_flat_55_fafafa_40x100.png HTTP/1.1" 404 1097
192.168.10.62 - - [29/May/2018:19:06:01 -0300] "GET /cormun/static/Shared/jqueryui/images/ui-icons_8d78a5_256x240.png HTTP/1.1" 404 1089
192.168.10.62 - - [29/May/2018:19:06:01 -0300] "POST /cormun/servlet/vesolicitudgral?e7a30d3f4a315c71d513611946fb95d1,2018,11250,,,gx-no-cache=1527631366914 HTTP/1.1" 200 11934
186.103.159.46 - - [29/May/2018:19:06:13 -0300] "POST /cormun/servlet/hlogin?79caf23a7f4e44d0fa787cd3520e1fba,gx-no-cache=1527631511245 HTTP/1.1" 200 90
186.103.159.46 - - [29/May/2018:19:06:13 -0300] "GET /cormun/servlet/hpexe_link HTTP/1.1" 200 957
186.103.159.46 - - [29/May/2018:19:06:13 -0300] "GET /cormun/servlet/trlicencias HTTP/1.1" 200 10490
186.103.159.46 - - [29/May/2018:19:06:15 -0300] "GET /cormun/servlet/trlicencias HTTP/1.1" 200 10488
186.103.159.46 - - [29/May/2018:19:06:23 -0300] "GET /cormun/servlet/trlicencias? HTTP/1.1" 200 10488
186.103.159.46 - - [29/May/2018:19:06:25 -0300] "GET /cormun/servlet/trlicencias? HTTP/1.1" 200 10488
186.103.159.46 - - [29/May/2018:19:06:29 -0300] "GET /cormun/servlet/licenciaspermisos?INS,0,,, HTTP/1.1" 200 7498
186.103.159.46 - - [29/May/2018:19:06:30 -0300] "GET /cormun/servlet/licenciaspermisos?INS,0,,, HTTP/1.1" 200 7496
186.103.159.46 - - [29/May/2018:19:06:41 -0300] "GET /cormun/servlet/licenciaspermisos?394121c99c64ee2dd78f4736b4ce7c248a1be5a7eee356a93beb39e6cc2e85334b7884d2a1767ba54ab97acf800ec535,gx-no-cache=1527631539721 HTTP/1.1" 200 87
186.103.159.46 - - [29/May/2018:19:06:41 -0300] "POST /cormun/servlet/licenciaspermisos?79caf23a7f4e44d0fa787cd3520e1fba,INS,0,,,,gx-no-cache=1527631539813 HTTP/1.1" 200 4678
186.103.159.46 - - [29/May/2018:19:07:12 -0300] "GET /cormun/static/menuarrow.gif HTTP/1.1" 404 1015
192.168.10.96 - - [29/May/2018:19:08:24 -0300] "GET /cormun/servlet/trsolicitudgral? HTTP/1.1" 200 11282
192.168.10.96 - - [29/May/2018:19:08:25 -0300] "GET /cormun/servlet/trsolicitudgral? HTTP/1.1" 200 11276
192.168.10.96 - - [29/May/2018:19:08:37 -0300] "GET /cormun/servlet/trsolicitudgral? HTTP/1.1" 200 11276
192.168.10.96 - - [29/May/2018:19:08:38 -0300] "GET /cormun/servlet/trsolicitudgral? HTTP/1.1" 200 11276
192.168.10.96 - - [29/May/2018:19:08:52 -0300] "POST /cormun/servlet/trsolicitudgral?93e0f2a843b26960546daa1b37076c2b,,gx-no-cache=1527631537292 HTTP/1.1" 200 8546
192.168.10.96 - - [29/May/2018:19:08:52 -0300] "POST /cormun/servlet/trsolicitudgral?93e0f2a843b26960546daa1b37076c2b,,gx-no-cache=1527631538017 HTTP/1.1" 200 8546
192.168.10.96 - - [29/May/2018:19:08:55 -0300] "GET /cormun/servlet/vesolicitudgral?2018,11465,, HTTP/1.1" 200 9225
192.168.10.96 - - [29/May/2018:19:08:55 -0300] "GET /cormun/pexe_scrolldiv.js HTTP/1.1" 404 1009
192.168.10.96 - - [29/May/2018:19:08:55 -0300] "GET /cormun/pexe_scrolldiv.js HTTP/1.1" 404 1009
192.168.10.96 - - [29/May/2018:19:08:55 -0300] "GET /cormun/servlet/vesolicitudgral?2018,11465,, HTTP/1.1" 200 9224
192.168.10.96 - - [29/May/2018:19:08:57 -0300] "GET /cormun/servlet/vesolicitudgral?2018,11465,,SolicitudOTAdjuntos HTTP/1.1" 200 11431
192.168.10.96 - - [29/May/2018:19:08:57 -0300] "GET /cormun/pexe_scrolldiv.js HTTP/1.1" 404 1009
192.168.10.96 - - [29/May/2018:19:08:57 -0300] "GET /cormun/pexe_scrolldiv.js HTTP/1.1" 404 1009
192.168.10.96 - - [29/May/2018:19:08:57 -0300] "GET /cormun/servlet/vesolicitudgral?2018,11465,,SolicitudOTAdjuntos HTTP/1.1" 200 11434
192.168.10.96 - - [29/May/2018:19:08:58 -0300] "POST /cormun/servlet/acontrolpreferencessavestate?None,DZAMUDIO,true HTTP/1.1" 200 35
192.168.10.96 - - [29/May/2018:19:08:59 -0300] "GET /cormun/PublicTempStorage/rodrigo_alonso_sanchez_grellet_-_carnet1079422.pdf HTTP/1.1" 200 300673
192.168.10.96 - - [29/May/2018:19:09:06 -0300] "GET /cormun/servlet/vesolicitudgral?2018,11465,,SolicitudOTAdjuntos HTTP/1.1" 200 11432
192.168.10.96 - - [29/May/2018:19:09:07 -0300] "GET /cormun/servlet/vesolicitudgral?2018,11465,,SolicitudOTAdjuntos HTTP/1.1" 200 11430
192.168.10.96 - - [29/May/2018:19:09:08 -0300] "POST /cormun/servlet/acontrolpreferencessavestate?None,DZAMUDIO,true HTTP/1.1" 200 35
192.168.10.96 - - [29/May/2018:19:09:08 -0300] "GET /cormun/PublicTempStorage/rodrigo_alonso_sanchez_grellet_-_titulo5600832.pdf HTTP/1.1" 200 222124
192.168.10.96 - - [29/May/2018:19:09:13 -0300] "GET /cormun/servlet/vesolicitudgral?2018,11465,,SolicitudOTAdjuntos HTTP/1.1" 200 11430
192.168.10.96 - - [29/May/2018:19:09:14 -0300] "GET /cormun/servlet/vesolicitudgral?2018,11465,,SolicitudOTAdjuntos HTTP/1.1" 200 11433
192.168.10.96 - - [29/May/2018:19:09:15 -0300] "POST /cormun/servlet/acontrolpreferencessavestate?None,DZAMUDIO,true HTTP/1.1" 200 35
192.168.10.96 - - [29/May/2018:19:09:16 -0300] "GET /cormun/PublicTempStorage/rodrigo_alonso_sanchez_grellet_-_afp9042319.pdf HTTP/1.1" 200 77043
192.168.10.96 - - [29/May/2018:19:09:24 -0300] "GET /cormun/servlet/vesolicitudgral?2018,11465,,SolicitudOTAdjuntos HTTP/1.1" 200 11428
192.168.10.96 - - [29/May/2018:19:09:24 -0300] "GET /cormun/servlet/vesolicitudgral?2018,11465,,SolicitudOTAdjuntos HTTP/1.1" 200 11425
192.168.10.96 - - [29/May/2018:19:09:25 -0300] "POST /cormun/servlet/acontrolpreferencessavestate?None,DZAMUDIO,true HTTP/1.1" 200 35
192.168.10.96 - - [29/May/2018:19:09:27 -0300] "GET /cormun/PublicTempStorage/rodrigo_alonso_sanchez_grellet_-_fonasa1386308.pdf HTTP/1.1" 200 74224
192.168.10.96 - - [29/May/2018:19:09:32 -0300] "GET /cormun/servlet/vesolicitudgral?2018,11465,,SolicitudOTAdjuntos HTTP/1.1" 200 11428
192.168.10.96 - - [29/May/2018:19:09:32 -0300] "GET /cormun/servlet/vesolicitudgral?2018,11465,,SolicitudOTAdjuntos HTTP/1.1" 200 11430
192.168.10.96 - - [29/May/2018:19:09:33 -0300] "POST /cormun/servlet/acontrolpreferencessavestate?None,DZAMUDIO,true HTTP/1.1" 200 35
192.168.10.96 - - [29/May/2018:19:09:34 -0300] "GET /cormun/PublicTempStorage/rodrigo_alonso_sanchez_grellet_-_antecedentes2578000.pdf HTTP/1.1" 200 36773
192.168.10.96 - - [29/May/2018:19:09:38 -0300] "GET /cormun/servlet/vesolicitudgral?2018,11465,,SolicitudOTAdjuntos HTTP/1.1" 200 11431
192.168.10.96 - - [29/May/2018:19:09:39 -0300] "GET /cormun/servlet/vesolicitudgral?2018,11465,,SolicitudOTAdjuntos HTTP/1.1" 200 11431
192.168.10.96 - - [29/May/2018:19:09:40 -0300] "POST /cormun/servlet/acontrolpreferencessavestate?None,DZAMUDIO,true HTTP/1.1" 200 35
192.168.10.96 - - [29/May/2018:19:09:41 -0300] "GET /cormun/PublicTempStorage/rodrigo_alonso_sanchez_grellet_-_curriculum881019.pdf HTTP/1.1" 200 102599
186.103.159.46 - - [29/May/2018:19:09:53 -0300] "GET /cormun/servlet/licenciaspermisos?394121c99c64ee2dd78f4736b4ce7c24e6690128fc489a4c971528df806ad910703e41791ab153ef7914f3e42001f183534ee8f9057e8bccef057069c8fc56ff8a5a2f9a2a0be14ad6cb0bd932fb191c1b31d6e83e5e964f955ab2604a62d8b7f6a015638fe58a960aec41cbde920d284d0f3c36aed9ba75a7696e556509ed247d66ff986933a53078a9fd4df6a054ac6f99e0f0e27d95269c57163af957cdd6c1dd04bd74eec6455e11819e2a672b32,gx-no-cache=1527631731212 HTTP/1.1" 200 30
186.103.159.46 - - [29/May/2018:19:09:53 -0300] "GET /cormun/servlet/licenciaspermisos?394121c99c64ee2dd78f4736b4ce7c2441d88c9ad6c40ecf0b1592cfd45c5b2a2d65a20f08790b69c2502f05eb8adaeab2ba42ceeafc734e4ab7386d0aafbb9ee26417965849cd24afda6bd6cd8a9838b4ef27bb7f5ac9b7efee78e3727d74fb181906dad4a1a9897f33e8e9d473aaf459845a8b8230682fd661c801984cde304c5ac425edd4fa03cd9bb03b33200047d8a390b67eaf9c8fb784a910faef0fe0879e31c4ec45be66cfa281957540c198,gx-no-cache=1527631731287 HTTP/1.1" 200 29
186.103.159.46 - - [29/May/2018:19:09:53 -0300] "POST /cormun/servlet/licenciaspermisos?79caf23a7f4e44d0fa787cd3520e1fba,INS,0,,,,gx-no-cache=1527631731356 HTTP/1.1" 200 93
186.103.159.46 - - [29/May/2018:19:09:53 -0300] "GET /cormun/servlet/hpexe_return? HTTP/1.1" 200 1011
186.103.159.46 - - [29/May/2018:19:09:54 -0300] "GET /cormun/servlet/trlicencias HTTP/1.1" 200 10928
186.103.159.46 - - [29/May/2018:19:09:55 -0300] "GET /cormun/servlet/trlicencias HTTP/1.1" 200 10923
186.103.159.46 - - [29/May/2018:19:09:59 -0300] "GET /cormun/servlet/alicenciaprn?7650750,L,20180529000000,PU HTTP/1.1" 200 1533
207.46.13.118 - - [29/May/2018:19:11:58 -0300] "GET /cormun/static/hhome.js?20175251212450 HTTP/1.1" 200 777
192.168.10.62 - - [29/May/2018:19:25:29 -0300] "POST /cormun/servlet/vesolicitudgral?e7a30d3f4a315c71d513611946fb95d1,2018,11250,,,gx-no-cache=1527632535153 HTTP/1.1" 200 11983
192.168.10.62 - - [29/May/2018:19:25:32 -0300] "POST /cormun/servlet/vesolicitudgral?e7a30d3f4a315c71d513611946fb95d1,2018,11250,,,gx-no-cache=1527632537553 HTTP/1.1" 200 93
192.168.10.62 - - [29/May/2018:19:25:32 -0300] "GET /cormun/servlet/hpexe_return? HTTP/1.1" 200 1014
192.168.10.62 - - [29/May/2018:19:25:32 -0300] "GET /cormun/servlet/trsolicitudgral? HTTP/1.1" 200 9007
192.168.10.62 - - [29/May/2018:19:25:32 -0300] "GET /cormun/servlet/trsolicitudgral? HTTP/1.1" 200 9004
192.168.10.62 - - [29/May/2018:19:25:38 -0300] "GET /cormun/servlet/hlogin HTTP/1.1" 200 1739
207.46.13.118 - - [29/May/2018:19:30:10 -0300] "GET /cormun/servlet/hpexe_return HTTP/1.1" 200 976
207.46.13.118 - - [29/May/2018:19:30:10 -0300] "GET /cormun/servlet/trlicencias HTTP/1.1" 200 6094
207.46.13.118 - - [29/May/2018:19:30:11 -0300] "GET /cormun/servlet/solicitudot?UPD,2016,2672,&_escaped_fragment_= HTTP/1.1" 200 13071
207.46.13.17 - - [29/May/2018:19:30:23 -0300] "GET /cormun/servlet/solicitudot?INS,0,0,_escaped_fragment_%3D HTTP/1.1" 200 12489
207.46.13.17 - - [29/May/2018:19:30:24 -0300] "GET /cormun/servlet/trautorizarsolicitud HTTP/1.1" 200 6282
207.46.13.17 - - [29/May/2018:19:30:24 -0300] "GET /cormun/servlet/trcontratouno?_escaped_fragment_= HTTP/1.1" 200 5894
207.46.13.17 - - [29/May/2018:19:30:25 -0300] "GET /cormun/servlet/trlicencias?_escaped_fragment_= HTTP/1.1" 200 5999
207.46.13.119 - - [29/May/2018:19:32:25 -0300] "GET /cormun/servlet/trsolicitudot HTTP/1.1" 200 6377
207.46.13.119 - - [29/May/2018:19:32:25 -0300] "GET /cormun/servlet/licenciaspermisos?INS,0,,, HTTP/1.1" 200 6758
207.46.13.119 - - [29/May/2018:19:32:26 -0300] "GET /cormun/servlet/solicitudot?UPD,2016,2672, HTTP/1.1" 200 13225
192.168.10.89 - - [29/May/2018:19:34:59 -0300] "POST /cormun/servlet/trsolicitudgral?9b35e6d4987008d5b71d4c63cd3622bc,,gx-no-cache=1527633104771 HTTP/1.1" 200 13727
192.168.10.89 - - [29/May/2018:19:35:06 -0300] "POST /cormun/servlet/trsolicitudgral?9b35e6d4987008d5b71d4c63cd3622bc,,gx-no-cache=1527633111687 HTTP/1.1" 200 105
192.168.10.89 - - [29/May/2018:19:35:06 -0300] "GET /cormun/SolicitudGral-2777.xls HTTP/1.1" 200 12800
192.168.10.89 - - [29/May/2018:19:35:08 -0300] "OPTIONS /cormun/ HTTP/1.1" 200 -
192.168.10.89 - - [29/May/2018:19:35:09 -0300] "OPTIONS /cormun/ HTTP/1.1" 200 -
192.168.10.89 - - [29/May/2018:19:35:13 -0300] "HEAD /cormun/SolicitudGral-2777.xls HTTP/1.1" 200 -
192.168.10.89 - - [29/May/2018:19:35:13 -0300] "HEAD /cormun/SolicitudGral-2777.xls HTTP/1.1" 200 -
192.168.10.89 - - [29/May/2018:19:35:24 -0300] "GET /cormun/SolicitudGral-2777.xls HTTP/1.1" 200 12800
192.168.10.89 - - [29/May/2018:19:35:24 -0300] "HEAD /cormun/SolicitudGral-2777.xls HTTP/1.1" 200 -
192.168.10.89 - - [29/May/2018:19:35:48 -0300] "GET /cormun/servlet/hlogin HTTP/1.1" 200 1741
40.77.188.69 - - [29/May/2018:19:39:42 -0300] "GET /cormun/static/Shared/ext/resources/css/ext-all.css?205870 HTTP/1.1" 200 416045
40.77.188.117 - - [29/May/2018:19:39:43 -0300] "GET /cormun/static/gxui/gxui-all.css?110300 HTTP/1.1" 200 2179
40.77.189.144 - - [29/May/2018:19:40:00 -0300] "GET /cormun/servlet/trcontratoobservacion HTTP/1.1" 200 27209
189.69.158.201 - - [29/May/2018:19:57:15 -0300] "GET / HTTP/1.1" 200 11217
40.77.189.98 - - [29/May/2018:20:13:18 -0300] "GET /cormun/static/Resources/PXToolsFooterBackground2.png HTTP/1.1" 200 1172
189.79.7.195 - - [29/May/2018:20:36:10 -0300] "GET / HTTP/1.1" 200 11217
92.247.175.220 - - [29/May/2018:20:58:25 -0300] "GET / HTTP/1.1" 200 11217
46.174.191.31 - - [29/May/2018:21:07:14 -0300] "GET / HTTP/1.0" 200 11197
184.105.139.69 - - [29/May/2018:21:33:41 -0300] "GET / HTTP/1.1" 200 11217
79.106.224.211 - - [29/May/2018:21:39:16 -0300] "GET / HTTP/1.1" 200 11217
118.210.24.181 - - [29/May/2018:22:25:26 -0300] "GET / HTTP/1.1" 200 11217
118.210.24.181 - - [29/May/2018:22:25:26 -0300] "GET / HTTP/1.1" 200 11217
93.158.161.6 - - [29/May/2018:22:31:42 -0300] "GET /robots.txt HTTP/1.1" 404 981
93.158.161.6 - - [29/May/2018:22:31:46 -0300] "GET /docs/tribes/transport.html HTTP/1.1" 200 6561
190.188.128.221 - - [29/May/2018:22:44:13 -0300] "GET / HTTP/1.1" 200 11217
85.223.142.100 - - [29/May/2018:23:04:38 -0300] "GET / HTTP/1.1" 200 11217
95.213.177.124 - - [29/May/2018:23:11:28 -0300] "CONNECT check.proxyradar.com:80 HTTP/1.1" 400 -
66.249.83.2 - - [29/May/2018:23:12:12 -0300] "GET /cormun/servlet/hlogin HTTP/1.1" 200 1721
66.249.83.7 - - [29/May/2018:23:12:12 -0300] "GET /cormun/servlet/hlogin?_escaped_fragment_= HTTP/1.1" 200 1716
66.249.83.7 - - [29/May/2018:23:12:13 -0300] "GET /favicon.ico HTTP/1.1" 200 21630
95.9.86.218 - - [29/May/2018:23:18:46 -0300] "GET / HTTP/1.1" 200 11217
187.207.97.241 - - [29/May/2018:23:40:01 -0300] "GET / HTTP/1.1" 200 11217
123.249.27.28 - - [29/May/2018:23:46:17 -0300] "GET / HTTP/1.1" 200 11217