192.168.10.97 - - [29/May/2018:16:35:55 -0300] "POST /cormun/servlet/trsolicitudgral?a22f1fec88c4b119bb59b525c3cc2738,,gx-no-cache=1527622360395 HTTP/1.1" 200 5919
192.168.10.97 - - [29/May/2018:16:36:03 -0300] "POST /cormun/servlet/trsolicitudgral?a22f1fec88c4b119bb59b525c3cc2738,,gx-no-cache=1527622368196 HTTP/1.1" 200 5920
192.168.10.97 - - [29/May/2018:16:36:10 -0300] "POST /cormun/servlet/trsolicitudgral?a22f1fec88c4b119bb59b525c3cc2738,,gx-no-cache=1527622375932 HTTP/1.1" 200 5921
192.168.10.97 - - [29/May/2018:16:36:18 -0300] "POST /cormun/servlet/trsolicitudgral?a22f1fec88c4b119bb59b525c3cc2738,,gx-no-cache=1527622384045 HTTP/1.1" 200 5920
192.168.10.97 - - [29/May/2018:16:36:25 -0300] "POST /cormun/servlet/trsolicitudgral?a22f1fec88c4b119bb59b525c3cc2738,,gx-no-cache=1527622390246 HTTP/1.1" 200 5917
200.54.247.70 - - [29/May/2018:16:40:25 -0300] "GET /cormun/servlet/trlicencias? HTTP/1.1" 200 15785
200.54.247.70 - - [29/May/2018:16:40:25 -0300] "GET /cormun/servlet/trlicencias? HTTP/1.1" 200 15852
200.54.247.70 - - [29/May/2018:16:40:32 -0300] "GET /cormun/servlet/alicenciaprn?13945989,L,20180526000000,PU HTTP/1.1" 200 1547
200.86.99.60 - - [29/May/2018:16:42:22 -0300] "GET /cormun/servlet/hlogin HTTP/1.1" 200 1720
200.86.99.60 - - [29/May/2018:16:42:22 -0300] "GET /cormun/static/gxtimezone.js?85251 HTTP/1.1" 200 5781
200.86.99.60 - - [29/May/2018:16:42:22 -0300] "GET /cormun/static/gxcfg.js?20175251213516 HTTP/1.1" 200 953
200.86.99.60 - - [29/May/2018:16:42:22 -0300] "GET /cormun/static/Resources/Spanish/PXTools.css?11423723 HTTP/1.1" 200 89042
200.86.99.60 - - [29/May/2018:16:42:22 -0300] "GET /cormun/static/messages.spa.js?85251 HTTP/1.1" 200 30736
200.86.99.60 - - [29/May/2018:16:42:22 -0300] "GET /cormun/static/hlogin.js?20175251213537 HTTP/1.1" 200 2136
200.86.99.60 - - [29/May/2018:16:42:22 -0300] "GET /cormun/static/gxgral.js?85251 HTTP/1.1" 200 384558
200.86.99.60 - - [29/May/2018:16:42:22 -0300] "GET /cormun/static/Resources/ComunLogin.png HTTP/1.1" 200 17326
200.86.99.60 - - [29/May/2018:16:42:23 -0300] "GET /cormun/static/Resources/PXToolsLoginBottom.png HTTP/1.1" 200 1389
200.86.99.60 - - [29/May/2018:16:42:23 -0300] "GET /cormun/static/Resources/PXToolsButtonLeft21.png HTTP/1.1" 200 1287
200.86.99.60 - - [29/May/2018:16:42:23 -0300] "GET /cormun/static/Resources/PXToolsButtonRight21.png HTTP/1.1" 200 1283
200.86.99.60 - - [29/May/2018:16:42:23 -0300] "GET /cormun/static/Resources/PXToolsLoginBackground.png HTTP/1.1" 200 1164
200.86.99.60 - - [29/May/2018:16:42:23 -0300] "GET /cormun/static/Resources/PXToolsButtonBackground2.png HTTP/1.1" 200 1181
200.86.99.60 - - [29/May/2018:16:42:23 -0300] "GET /cormun/static/Resources/PXToolsLoginTop.png HTTP/1.1" 200 1337
200.86.99.60 - - [29/May/2018:16:42:23 -0300] "GET /cormun/static/Resources/indicator.gif HTTP/1.1" 200 1553
200.86.99.60 - - [29/May/2018:16:42:23 -0300] "GET /cormun/servlet/hlogin HTTP/1.1" 200 1730
200.86.99.60 - - [29/May/2018:16:42:23 -0300] "GET /favicon.ico HTTP/1.1" 200 21630
207.46.13.118 - - [29/May/2018:16:45:19 -0300] "GET /cormun/static/Resources/PXToolsGridFirstDisabled.gif HTTP/1.1" 200 100
207.46.13.119 - - [29/May/2018:16:45:23 -0300] "GET /cormun/static/Resources/PXToolsDataSearch.png HTTP/1.1" 200 419
207.46.13.119 - - [29/May/2018:16:45:23 -0300] "GET /cormun/static/Resources/PXToolsHeaderPreferences.png HTTP/1.1" 200 4189
192.168.10.96 - - [29/May/2018:16:47:39 -0300] "GET /cormun/servlet/vesolicitudgral?2018,11238,,SolicitudOTAdjuntos HTTP/1.1" 200 6510
192.168.10.96 - - [29/May/2018:16:47:40 -0300] "GET /cormun/pexe_scrolldiv.js HTTP/1.1" 404 1009
192.168.10.96 - - [29/May/2018:16:47:40 -0300] "GET /cormun/pexe_scrolldiv.js HTTP/1.1" 404 1009
192.168.10.96 - - [29/May/2018:16:47:40 -0300] "GET /cormun/servlet/hlogin HTTP/1.1" 200 1757
192.168.10.96 - - [29/May/2018:16:47:40 -0300] "GET /cormun/servlet/vesolicitudgral?2018,11238,,SolicitudOTAdjuntos HTTP/1.1" 200 6511
192.168.10.96 - - [29/May/2018:16:47:47 -0300] "POST /cormun/servlet/hlogin?db62a59ded4f37f0d0103524ea5ac5e3,gx-no-cache=1527623072938 HTTP/1.1" 200 90
192.168.10.96 - - [29/May/2018:16:47:47 -0300] "GET /cormun/servlet/hpexe_link HTTP/1.1" 200 980
192.168.10.96 - - [29/May/2018:16:47:47 -0300] "GET /cormun/servlet/vesolicitudgral?2018,11238,,SolicitudOTAdjuntos HTTP/1.1" 200 7854
192.168.10.96 - - [29/May/2018:16:47:47 -0300] "GET /cormun/pexe_scrolldiv.js HTTP/1.1" 404 1009
192.168.10.96 - - [29/May/2018:16:47:47 -0300] "GET /cormun/pexe_scrolldiv.js HTTP/1.1" 404 1009
192.168.10.96 - - [29/May/2018:16:47:48 -0300] "GET /cormun/servlet/vesolicitudgral?2018,11238,,SolicitudOTAdjuntos HTTP/1.1" 200 7853
186.103.159.44 - - [29/May/2018:16:47:48 -0300] "GET /cormun/servlet/hlogin HTTP/1.1" 200 1718
186.103.159.44 - - [29/May/2018:16:47:48 -0300] "GET /cormun/static/gxtimezone.js?85251 HTTP/1.1" 200 5781
186.103.159.44 - - [29/May/2018:16:47:48 -0300] "GET /cormun/static/gxcfg.js?20175251213516 HTTP/1.1" 200 953
186.103.159.44 - - [29/May/2018:16:47:48 -0300] "GET /cormun/static/Resources/ComunLogin.png HTTP/1.1" 200 17326
186.103.159.44 - - [29/May/2018:16:47:48 -0300] "GET /cormun/static/messages.spa.js?85251 HTTP/1.1" 200 30736
186.103.159.44 - - [29/May/2018:16:47:48 -0300] "GET /cormun/static/Resources/Spanish/PXTools.css?11423723 HTTP/1.1" 200 89042
186.103.159.44 - - [29/May/2018:16:47:48 -0300] "GET /cormun/static/hlogin.js?20175251213537 HTTP/1.1" 200 2136
186.103.159.44 - - [29/May/2018:16:47:49 -0300] "GET /cormun/static/gxgral.js?85251 HTTP/1.1" 200 384558
192.168.10.96 - - [29/May/2018:16:47:49 -0300] "POST /cormun/servlet/acontrolpreferencessavestate?None,DZAMUDIO,true HTTP/1.1" 200 35
186.103.159.44 - - [29/May/2018:16:47:49 -0300] "GET /cormun/servlet/hlogin HTTP/1.1" 200 1729
186.103.159.44 - - [29/May/2018:16:47:49 -0300] "GET /cormun/static/Resources/indicator.gif HTTP/1.1" 200 1553
186.103.159.44 - - [29/May/2018:16:47:49 -0300] "GET /cormun/static/Resources/PXToolsLoginBackground.png HTTP/1.1" 200 1164
186.103.159.44 - - [29/May/2018:16:47:49 -0300] "GET /cormun/static/Resources/PXToolsButtonLeft21.png HTTP/1.1" 200 1287
186.103.159.44 - - [29/May/2018:16:47:49 -0300] "GET /cormun/static/Resources/PXToolsButtonRight21.png HTTP/1.1" 200 1283
186.103.159.44 - - [29/May/2018:16:47:49 -0300] "GET /cormun/static/Resources/PXToolsButtonBackground2.png HTTP/1.1" 200 1181
186.103.159.44 - - [29/May/2018:16:47:49 -0300] "GET /cormun/static/Resources/PXToolsLoginTop.png HTTP/1.1" 200 1337
186.103.159.44 - - [29/May/2018:16:47:49 -0300] "GET /cormun/static/Resources/PXToolsLoginBottom.png HTTP/1.1" 200 1389
186.103.159.44 - - [29/May/2018:16:47:49 -0300] "GET /cormun/static/Resources/PXToolsButtonBackground2.png HTTP/1.1" 200 1181
186.103.159.44 - - [29/May/2018:16:47:49 -0300] "GET /cormun/static/Resources/PXToolsLoginTop.png HTTP/1.1" 200 1337
186.103.159.44 - - [29/May/2018:16:47:49 -0300] "GET /cormun/static/Resources/PXToolsLoginBottom.png HTTP/1.1" 200 1389
186.103.159.44 - - [29/May/2018:16:47:49 -0300] "GET /favicon.ico HTTP/1.1" 200 21630
192.168.10.96 - - [29/May/2018:16:47:52 -0300] "GET /cormun/servlet/trsolicitudgral? HTTP/1.1" 200 28633
192.168.10.96 - - [29/May/2018:16:47:53 -0300] "GET /cormun/servlet/trsolicitudgral? HTTP/1.1" 200 28622
186.103.159.44 - - [29/May/2018:16:48:08 -0300] "POST /cormun/servlet/hlogin?88fbf4dc4b5341ba13deeac6f590b04e,gx-no-cache=1527623226096 HTTP/1.1" 200 90
186.103.159.44 - - [29/May/2018:16:48:08 -0300] "GET /cormun/servlet/hpexe_link HTTP/1.1" 200 947
186.103.159.44 - - [29/May/2018:16:48:08 -0300] "GET /cormun/static/gxcfg.js?20177612121792 HTTP/1.1" 200 953
186.103.159.44 - - [29/May/2018:16:48:08 -0300] "GET /cormun/static/hpexe_link.js?20177612121795 HTTP/1.1" 200 625
186.103.159.44 - - [29/May/2018:16:48:08 -0300] "GET /cormun/static/Resources/Spanish/PXTools.css?1155365 HTTP/1.1" 200 89042
186.103.159.44 - - [29/May/2018:16:48:08 -0300] "GET /cormun/servlet/hhome HTTP/1.1" 200 4174
186.103.159.44 - - [29/May/2018:16:48:08 -0300] "GET /cormun/static/Shared/jqueryui/jquery-ui.min.css?1245370 HTTP/1.1" 200 30288
186.103.159.44 - - [29/May/2018:16:48:08 -0300] "GET /cormun/static/SmoothNavMenu/resources/ddsmoothmenu.css?1012540 HTTP/1.1" 200 2223
186.103.159.44 - - [29/May/2018:16:48:08 -0300] "GET /cormun/static/SmoothNavMenu/resources/ddsmoothmenu-v.css?1012540 HTTP/1.1" 200 1188
186.103.159.44 - - [29/May/2018:16:48:08 -0300] "GET /cormun/static/gxcfg.js?20175251212442 HTTP/1.1" 200 953
186.103.159.44 - - [29/May/2018:16:48:08 -0300] "GET /cormun/static/scaMessage/css/jquery.pnotify.default.css?1716380 HTTP/1.1" 200 1707
186.103.159.44 - - [29/May/2018:16:48:08 -0300] "GET /cormun/static/PXToolsJavascripts/pexe_autoreload.js HTTP/1.1" 200 1762
186.103.159.44 - - [29/May/2018:16:48:08 -0300] "GET /cormun/static/PXToolsJavascripts/pexe_cookies.js HTTP/1.1" 200 792
186.103.159.44 - - [29/May/2018:16:48:08 -0300] "GET /cormun/static/PXToolsJavascripts/pexe_windows.js HTTP/1.1" 200 15207
186.103.159.44 - - [29/May/2018:16:48:08 -0300] "GET /cormun/static/PXToolsJavascripts/pexe_grid.js HTTP/1.1" 200 7559
186.103.159.44 - - [29/May/2018:16:48:08 -0300] "GET /cormun/static/PXToolsJavascripts/pexe_griddivfix.js HTTP/1.1" 200 6644
186.103.159.44 - - [29/May/2018:16:48:08 -0300] "GET /cormun/static/PXToolsJavascripts/pexe_link.js HTTP/1.1" 200 5671
186.103.159.44 - - [29/May/2018:16:48:08 -0300] "GET /cormun/static/PXToolsJavascripts/pexe_menudivfix.js HTTP/1.1" 200 333
186.103.159.44 - - [29/May/2018:16:48:08 -0300] "GET /cormun/static/PXToolsJavascripts/pexe_menus.js HTTP/1.1" 200 1286
186.103.159.44 - - [29/May/2018:16:48:08 -0300] "GET /cormun/static/PXToolsJavascripts/pexe_layers.js HTTP/1.1" 200 4114
186.103.159.44 - - [29/May/2018:16:48:08 -0300] "GET /cormun/static/PXToolsJavascripts/pexe_oav.js HTTP/1.1" 200 645
186.103.159.44 - - [29/May/2018:16:48:08 -0300] "GET /cormun/static/PXToolsJavascripts/pexe_oavdivfix.js HTTP/1.1" 200 639
186.103.159.44 - - [29/May/2018:16:48:08 -0300] "GET /cormun/static/PXToolsJavascripts/pexe_picture.js HTTP/1.1" 200 689
186.103.159.44 - - [29/May/2018:16:48:08 -0300] "GET /cormun/static/PXToolsJavascripts/pexe_popup.js HTTP/1.1" 200 13458
186.103.159.44 - - [29/May/2018:16:48:08 -0300] "GET /cormun/static/PXToolsJavascripts/pexe_scrolldiv.js HTTP/1.1" 200 4138
186.103.159.44 - - [29/May/2018:16:48:08 -0300] "GET /cormun/static/PXToolsJavascripts/pexe_tabdivfix.js HTTP/1.1" 200 876
186.103.159.44 - - [29/May/2018:16:48:08 -0300] "GET /cormun/static/PXToolsJavascripts/pexe_tabs.js HTTP/1.1" 200 3748
186.103.159.44 - - [29/May/2018:16:48:08 -0300] "GET /cormun/static/PXToolsJavascripts/pexe_upload.js HTTP/1.1" 200 1423
186.103.159.44 - - [29/May/2018:16:48:08 -0300] "GET /cormun/static/PXToolsJavascripts/PXToolsJavascriptsRender.js HTTP/1.1" 200 367
186.103.159.44 - - [29/May/2018:16:48:08 -0300] "GET /cormun/static/RunJS/RunJS.js HTTP/1.1" 200 288
186.103.159.44 - - [29/May/2018:16:48:08 -0300] "GET /cormun/static/gxui/gxui-all.js HTTP/1.1" 200 107772
186.103.159.44 - - [29/May/2018:16:48:08 -0300] "GET /cormun/static/Shared/ext/locale/ext-lang-en.js HTTP/1.1" 200 10940
186.103.159.44 - - [29/May/2018:16:48:08 -0300] "GET /cormun/static/hhome.js?20175251212450 HTTP/1.1" 200 777
186.103.159.44 - - [29/May/2018:16:48:08 -0300] "GET /cormun/static/hwchdr01.js?201752511465785 HTTP/1.1" 200 1183
186.103.159.44 - - [29/May/2018:16:48:08 -0300] "GET /cormun/static/hpexe_recentlink.js?20177611595044 HTTP/1.1" 200 2144
186.103.159.44 - - [29/May/2018:16:48:08 -0300] "GET /cormun/static/hpexe_scripts.js?201752511465715 HTTP/1.1" 200 1544
186.103.159.44 - - [29/May/2018:16:48:08 -0300] "GET /cormun/static/hpexe_messagecontroller.js?20177611595012 HTTP/1.1" 200 870
186.103.159.44 - - [29/May/2018:16:48:08 -0300] "GET /cormun/static/hpexe_messagepopupcomponent.js?20161017169425 HTTP/1.1" 200 605
186.103.159.44 - - [29/May/2018:16:48:08 -0300] "GET /cormun/static/hpexe_messagegenexuscomponent.js?201752511465344 HTTP/1.1" 200 587
186.103.159.44 - - [29/May/2018:16:48:08 -0300] "GET /cormun/static/Resources/PXToolsDataTitle.png HTTP/1.1" 200 1173
186.103.159.44 - - [29/May/2018:16:48:08 -0300] "GET /cormun/static/Resources/PXToolsHeaderBackground2.png HTTP/1.1" 200 1174
186.103.159.44 - - [29/May/2018:16:48:08 -0300] "GET /cormun/static/Resources/PXToolsFooterBackground2.png HTTP/1.1" 200 1172
186.103.159.44 - - [29/May/2018:16:48:08 -0300] "GET /cormun/static/Resources/PXToolsHeaderActionsBackground.png HTTP/1.1" 200 484
186.103.159.44 - - [29/May/2018:16:48:08 -0300] "GET /cormun/static/cmcontrolpreferences.js?201752511465670 HTTP/1.1" 200 1375
186.103.159.44 - - [29/May/2018:16:48:09 -0300] "GET /cormun/static/SmoothNavMenu/resources/ddsmoothmenu.js HTTP/1.1" 200 12712
186.103.159.44 - - [29/May/2018:16:48:09 -0300] "GET /cormun/static/SmoothNavMenu/resources/SmoothNavMenuRender.js HTTP/1.1" 200 5951
186.103.159.44 - - [29/May/2018:16:48:09 -0300] "GET /cormun/static/scaMessage/js/jquery.pnotify.min.js HTTP/1.1" 200 13038
186.103.159.44 - - [29/May/2018:16:48:09 -0300] "GET /cormun/static/scaMessage/scaMessageRender.js HTTP/1.1" 200 11977
186.103.159.44 - - [29/May/2018:16:48:09 -0300] "GET /cormun/static/hmpwkw03.js?20177612122668 HTTP/1.1" 200 3965
186.103.159.44 - - [29/May/2018:16:48:09 -0300] "GET /cormun/static/Resources/logo4.png HTTP/1.1" 200 6582
186.103.159.44 - - [29/May/2018:16:48:09 -0300] "GET /cormun/static/Resources/PXToolsHeaderActionsLeft.png HTTP/1.1" 200 1118
186.103.159.44 - - [29/May/2018:16:48:09 -0300] "GET /cormun/static/Shared/jquery/jquery-1.4.2.min.js HTTP/1.1" 200 72174
186.103.159.44 - - [29/May/2018:16:48:09 -0300] "GET /cormun/static/Resources/PXToolsHeaderHome.png HTTP/1.1" 200 4147
186.103.159.44 - - [29/May/2018:16:48:09 -0300] "GET /cormun/static/Resources/PXToolsHeaderLogin.png HTTP/1.1" 200 4279
186.103.159.44 - - [29/May/2018:16:48:09 -0300] "GET /cormun/static/Resources/PXToolsHeaderPreferences.png HTTP/1.1" 200 4189
186.103.159.44 - - [29/May/2018:16:48:09 -0300] "GET /cormun/static/Resources/PXToolsHeaderSecurity.png HTTP/1.1" 200 4166
186.103.159.44 - - [29/May/2018:16:48:09 -0300] "GET /cormun/static/Resources/PXToolsHeaderActionsRight.png HTTP/1.1" 200 1201
186.103.159.44 - - [29/May/2018:16:48:09 -0300] "GET /cormun/static/Shared/jquery/jquery-1.10.2.min.js HTTP/1.1" 200 273199
186.103.159.44 - - [29/May/2018:16:48:09 -0300] "GET /cormun/static/Shared/jqueryui/jquery-ui.min.js HTTP/1.1" 200 240427
186.103.159.44 - - [29/May/2018:16:48:09 -0300] "GET /cormun/static/Shared/ext/ext-all.js HTTP/1.1" 200 1289687
186.103.159.44 - - [29/May/2018:16:48:10 -0300] "GET /cormun/static/SmoothNavMenu/resources/images/down.gif HTTP/1.1" 200 854
186.103.159.44 - - [29/May/2018:16:48:10 -0300] "GET /cormun/static/SmoothNavMenu/resources/images/right.gif HTTP/1.1" 200 860
186.103.159.44 - - [29/May/2018:16:48:12 -0300] "GET /cormun/servlet/trlicencias? HTTP/1.1" 200 12715
186.103.159.44 - - [29/May/2018:16:48:12 -0300] "GET /cormun/static/gxui/gxui-all.css?110300 HTTP/1.1" 200 2179
186.103.159.44 - - [29/May/2018:16:48:12 -0300] "GET /cormun/static/calendar-system.css?75620 HTTP/1.1" 200 5572
186.103.159.44 - - [29/May/2018:16:48:12 -0300] "GET /cormun/static/Resources/Spanish/PXTools.css?17315867 HTTP/1.1" 200 89042
186.103.159.44 - - [29/May/2018:16:48:12 -0300] "GET /cormun/static/gxcfg.js?20176272054169 HTTP/1.1" 200 953
186.103.159.44 - - [29/May/2018:16:48:12 -0300] "GET /cormun/static/calendar.js?85251 HTTP/1.1" 200 26246
186.103.159.44 - - [29/May/2018:16:48:12 -0300] "GET /cormun/static/calendar-setup.js?85251 HTTP/1.1" 200 2588
186.103.159.44 - - [29/May/2018:16:48:12 -0300] "GET /cormun/static/calendar-es.js?85251 HTTP/1.1" 200 1901
186.103.159.44 - - [29/May/2018:16:48:12 -0300] "GET /cormun/static/Resources/PXTools/calendar.png HTTP/1.1" 200 1306
186.103.159.44 - - [29/May/2018:16:48:12 -0300] "GET /cormun/static/Resources/PXToolsDataSearch.png HTTP/1.1" 200 419
186.103.159.44 - - [29/May/2018:16:48:12 -0300] "GET /cormun/static/Resources/PXToolsGridFirstDisabled.gif HTTP/1.1" 200 100
186.103.159.44 - - [29/May/2018:16:48:12 -0300] "GET /cormun/static/Resources/PXToolsGridPreviousDisabled.gif HTTP/1.1" 200 90
186.103.159.44 - - [29/May/2018:16:48:12 -0300] "GET /cormun/static/Resources/PXToolsGridNextDisabled.gif HTTP/1.1" 200 90
186.103.159.44 - - [29/May/2018:16:48:12 -0300] "GET /cormun/static/Resources/PXToolsGridLastDisabled.gif HTTP/1.1" 200 98
186.103.159.44 - - [29/May/2018:16:48:12 -0300] "GET /cormun/static/Shared/ext/resources/css/ext-all.css?205870 HTTP/1.1" 200 416045
186.103.159.44 - - [29/May/2018:16:48:12 -0300] "GET /cormun/static/Resources/PXToolsActionExcel.png HTTP/1.1" 200 3187
186.103.159.44 - - [29/May/2018:16:48:12 -0300] "GET /cormun/static/Resources/PXToolsGridPage.gif HTTP/1.1" 200 725
186.103.159.44 - - [29/May/2018:16:48:12 -0300] "GET /cormun/static/Resources/PXToolsGridNew.png HTTP/1.1" 200 2949
186.103.159.44 - - [29/May/2018:16:48:12 -0300] "GET /cormun/static/gxdec.js?85251 HTTP/1.1" 200 19579
186.103.159.44 - - [29/May/2018:16:48:12 -0300] "GET /cormun/static/trlicencias.js?20176272054837 HTTP/1.1" 200 41883
186.103.159.44 - - [29/May/2018:16:48:13 -0300] "GET /cormun/static/Resources/asc.gif HTTP/1.1" 200 67
186.103.159.44 - - [29/May/2018:16:48:13 -0300] "GET /cormun/static/Resources/desc.gif HTTP/1.1" 200 65
186.103.159.44 - - [29/May/2018:16:48:13 -0300] "GET /cormun//static/Resources/PXToolsActionDisabled.gif HTTP/1.1" 200 53
186.103.159.44 - - [29/May/2018:16:48:13 -0300] "GET /cormun//static/Resources/PXToolsGridDisplay.png HTTP/1.1" 200 362
186.103.159.44 - - [29/May/2018:16:48:13 -0300] "GET /cormun//static/Resources/PXTools/ActionInsert.png HTTP/1.1" 200 1482
186.103.159.44 - - [29/May/2018:16:48:13 -0300] "GET /cormun//static/Resources/PXToolsHeaderFavorites.png HTTP/1.1" 200 2744
186.103.159.44 - - [29/May/2018:16:48:13 -0300] "GET /cormun//static/Resources/PXToolsHeaderHelp.png HTTP/1.1" 200 4055
186.103.159.44 - - [29/May/2018:16:48:13 -0300] "GET /cormun//static/Resources/PXToolsActionPrint.png HTTP/1.1" 200 3317
186.103.159.44 - - [29/May/2018:16:48:14 -0300] "GET /cormun/static/Shared/ext/resources/themes/images/default/panel/bg-headersPanel.png HTTP/1.1" 200 255
186.103.159.44 - - [29/May/2018:16:48:14 -0300] "GET /cormun/static/Shared/ext/resources/themes/images/default/tools/tool-sprites.gif HTTP/1.1" 200 5434
186.103.159.44 - - [29/May/2018:16:48:22 -0300] "GET /cormun/servlet/alicenciaprn?15103895,L,20180528000000,PU HTTP/1.1" 200 1533
186.103.159.186 - - [29/May/2018:16:48:33 -0300] "GET /cormun/servlet/hlogin HTTP/1.1" 200 1719
186.103.159.186 - - [29/May/2018:16:49:36 -0300] "POST /cormun/servlet/hlogin?702d9f8901f560117c74c9a8a27cacf6,gx-no-cache=1527623316257 HTTP/1.1" 200 90
186.103.159.186 - - [29/May/2018:16:49:36 -0300] "GET /cormun/servlet/hpexe_link HTTP/1.1" 200 952
186.103.159.186 - - [29/May/2018:16:49:36 -0300] "GET /cormun/servlet/hhome HTTP/1.1" 200 3951
186.103.159.186 - - [29/May/2018:16:49:38 -0300] "GET /cormun/servlet/hhome HTTP/1.1" 200 3947
186.103.159.44 - - [29/May/2018:16:49:41 -0300] "GET /cormun/servlet/alicenciaprn?15103895,L,20180522000000,PU HTTP/1.1" 200 1530
186.103.159.183 - - [29/May/2018:16:49:50 -0300] "GET /cormun/servlet/hlogin HTTP/1.1" 200 1736
186.103.159.183 - - [29/May/2018:16:50:01 -0300] "POST /cormun/servlet/hlogin?02a6406fea440959d886d503d94f668e,gx-no-cache=1527623341221 HTTP/1.1" 200 90
186.103.159.183 - - [29/May/2018:16:50:01 -0300] "GET /cormun/servlet/hpexe_link HTTP/1.1" 200 951
186.103.159.183 - - [29/May/2018:16:50:02 -0300] "GET /cormun/servlet/hhome HTTP/1.1" 200 4193
186.103.159.183 - - [29/May/2018:16:50:02 -0300] "GET /cormun/static/Shared/ext/ext-all.js HTTP/1.1" 200 1289687
186.103.159.183 - - [29/May/2018:16:50:03 -0300] "GET /cormun/servlet/hhome HTTP/1.1" 200 4190
186.103.159.183 - - [29/May/2018:16:50:04 -0300] "GET /cormun/static/SmoothNavMenu/resources/images/right.gif HTTP/1.1" 200 860
186.103.159.183 - - [29/May/2018:16:50:07 -0300] "GET /cormun/servlet/trautorizarpermisogoce? HTTP/1.1" 200 7856
186.103.159.183 - - [29/May/2018:16:50:07 -0300] "GET /cormun/static/gxcfg.js?20177612165975 HTTP/1.1" 200 953
186.103.159.183 - - [29/May/2018:16:50:07 -0300] "GET /cormun/static/trautorizarpermisogoce.js?2017761217384 HTTP/1.1" 200 34948
186.103.159.183 - - [29/May/2018:16:50:07 -0300] "GET /cormun/static/Shared/ext/ext-all.js HTTP/1.1" 200 1289687
192.168.10.96 - - [29/May/2018:16:50:08 -0300] "GET /cormun/servlet/trsolicitudgral? HTTP/1.1" 200 28622
186.103.159.183 - - [29/May/2018:16:50:08 -0300] "GET /cormun/servlet/trautorizarpermisogoce? HTTP/1.1" 200 7854
192.168.10.96 - - [29/May/2018:16:50:09 -0300] "GET /cormun/servlet/trsolicitudgral? HTTP/1.1" 200 28622
192.168.10.97 - - [29/May/2018:16:50:13 -0300] "POST /cormun/servlet/trsolicitudgral?a22f1fec88c4b119bb59b525c3cc2738,,gx-no-cache=1527623218598 HTTP/1.1" 200 7253
192.168.10.96 - - [29/May/2018:16:50:15 -0300] "POST /cormun/servlet/trsolicitudgral?db62a59ded4f37f0d0103524ea5ac5e3,,gx-no-cache=1527623221008 HTTP/1.1" 200 7288
186.103.159.183 - - [29/May/2018:16:50:15 -0300] "POST /cormun/servlet/trautorizarpermisogoce?02a6406fea440959d886d503d94f668e,,gx-no-cache=1527623355217 HTTP/1.1" 200 4352
186.103.159.183 - - [29/May/2018:16:50:16 -0300] "GET /cormun/static/Shared/jqueryui/images/ui-bg_highlight-soft_100_c6c2c8_1x100.png HTTP/1.1" 404 1117
186.103.159.183 - - [29/May/2018:16:50:16 -0300] "GET /cormun/static/Shared/jqueryui/images/ui-icons_82798d_256x240.png HTTP/1.1" 404 1089
186.103.159.183 - - [29/May/2018:16:50:16 -0300] "GET /cormun/static/Shared/jqueryui/images/ui-bg_flat_55_fafafa_40x100.png HTTP/1.1" 404 1097
186.103.159.183 - - [29/May/2018:16:50:16 -0300] "GET /cormun/static/Shared/jqueryui/images/ui-icons_8d78a5_256x240.png HTTP/1.1" 404 1089
192.168.10.96 - - [29/May/2018:16:50:21 -0300] "POST /cormun/servlet/trsolicitudgral?db62a59ded4f37f0d0103524ea5ac5e3,,gx-no-cache=1527623226913 HTTP/1.1" 200 11082
192.168.10.97 - - [29/May/2018:16:50:25 -0300] "GET /cormun/servlet/solicitudgral?UPD,2018,11562, HTTP/1.1" 200 13090
192.168.10.97 - - [29/May/2018:16:50:25 -0300] "GET /cormun/servlet/solicitudgral?UPD,2018,11562, HTTP/1.1" 200 13099
192.168.10.97 - - [29/May/2018:16:50:26 -0300] "POST /cormun/servlet/solicitudgral?gx-no-cache=1527623231492 HTTP/1.1" 200 3842
192.168.10.97 - - [29/May/2018:16:50:26 -0300] "GET /cormun/servlet/solicitudgral?9868a912b5f2b8cdd094c4e2cb0469eb18c3d29d5b392435ee5187668de72ff36e2d7ece12fe89a70e67092cf0056dc00756c4e26da735204cec37cb87aa501a0dfc4de3ff44b9e315dc1a35d40350ff38896994974972a7c4a342046e9200ce11d991dfba62ba6d8eeddf5a0d1fa9630164c8c7d3eb457b754f8851afdb6d7a5dbb58f56df0152ab3435eca39b7a72194cc30259b79189d189797e908732ebffe44c7255a9dd521c975a213c65dfee2e2b6de9972e4b0f254b3b7ee36ccf764b6c81927394cde85eb7385f81cfb820fdb551346dd9cb9e995eb639709631856044b7b677161dfb59a2debed495c909fb60953567d7141476c980298709df49ec7582ff78c0ad32517fb0f8414589dc7989cf45ca8595e0dccda281a945691acec231e04a5d66b1e63417ae13244e998e67a37f25155109a03c34406b2291e6ab53b4fa4d37b38b5f59ef0aec048a8ba,gx-no-cache=1527623231652 HTTP/1.1" 200 255
186.103.159.183 - - [29/May/2018:16:50:29 -0300] "GET /cormun/servlet/hlogin HTTP/1.1" 200 1741
192.168.10.96 - - [29/May/2018:16:50:32 -0300] "POST /cormun/servlet/trsolicitudgral?db62a59ded4f37f0d0103524ea5ac5e3,,gx-no-cache=1527623237208 HTTP/1.1" 200 24489
192.168.10.97 - - [29/May/2018:16:50:40 -0300] "GET /cormun/servlet/trsolicitudgral? HTTP/1.1" 200 10489
192.168.10.97 - - [29/May/2018:16:50:41 -0300] "GET /cormun/servlet/trsolicitudgral? HTTP/1.1" 200 10485
192.168.10.97 - - [29/May/2018:16:50:44 -0300] "GET /cormun/servlet/solicitudgral?UPD,2018,11547, HTTP/1.1" 200 13107
192.168.10.97 - - [29/May/2018:16:50:45 -0300] "GET /cormun/servlet/solicitudgral?UPD,2018,11547, HTTP/1.1" 200 13116
192.168.10.97 - - [29/May/2018:16:50:45 -0300] "POST /cormun/servlet/solicitudgral?gx-no-cache=1527623250790 HTTP/1.1" 200 3843
192.168.10.97 - - [29/May/2018:16:50:45 -0300] "GET /cormun/servlet/solicitudgral?9868a912b5f2b8cdd094c4e2cb0469eb18c3d29d5b392435ee5187668de72ff36e2d7ece12fe89a70e67092cf0056dc00756c4e26da735204cec37cb87aa501a0dfc4de3ff44b9e315dc1a35d40350ff38896994974972a7c4a342046e9200ce11d991dfba62ba6d8eeddf5a0d1fa9630164c8c7d3eb457b754f8851afdb6d7a5dbb58f56df0152ab3435eca39b7a72194cc30259b79189d189797e908732ebffe44c7255a9dd521c975a213c65dfee2e2b6de9972e4b0f254b3b7ee36ccf764b6c81927394cde85eb7385f81cfb820fdb551346dd9cb9e995eb639709631856044b7b677161dfb59a2debed495c909fb60953567d7141476c980298709df49ec7582ff78c0ad32517fb0f8414589dc7989cf45ca8595e0dccda281a945691acec231e04a5d66b1e63417ae13244e998e67a37f25155109a03c34406b2291e6ab53b4fa4d37b38b5f59ef0aec048a8ba,gx-no-cache=1527623250877 HTTP/1.1" 200 255
192.168.10.97 - - [29/May/2018:16:50:47 -0300] "POST /cormun/servlet/solicitudgral?a22f1fec88c4b119bb59b525c3cc2738,UPD,2018,11547,,gx-no-cache=1527623252744 HTTP/1.1" 200 93
192.168.10.97 - - [29/May/2018:16:50:47 -0300] "GET /cormun/servlet/hpexe_return? HTTP/1.1" 200 1016
192.168.10.97 - - [29/May/2018:16:50:47 -0300] "GET /cormun/servlet/trsolicitudgral HTTP/1.1" 200 10489
192.168.10.97 - - [29/May/2018:16:50:47 -0300] "GET /cormun/servlet/trsolicitudgral HTTP/1.1" 200 10485
186.103.159.44 - - [29/May/2018:16:51:00 -0300] "GET /cormun/servlet/trpermisosgoce? HTTP/1.1" 200 8815
186.103.159.44 - - [29/May/2018:16:51:00 -0300] "GET /cormun/static/gxcfg.js?20177612163875 HTTP/1.1" 200 953
186.103.159.44 - - [29/May/2018:16:51:00 -0300] "GET /cormun/static/trpermisosgoce.js?20177612164335 HTTP/1.1" 200 35904
186.103.159.44 - - [29/May/2018:16:51:01 -0300] "GET /cormun//static/Resources/PXToolsGridUpdate.png HTTP/1.1" 200 2984
186.103.159.44 - - [29/May/2018:16:51:01 -0300] "GET /cormun//static/Resources/PXToolsGridDelete.png HTTP/1.1" 200 357
186.103.159.44 - - [29/May/2018:16:51:04 -0300] "GET /cormun/servlet/permisogoce?INS,0,,, HTTP/1.1" 200 7016
186.103.159.44 - - [29/May/2018:16:51:04 -0300] "GET /cormun/static/gxcfg.js?201776126440 HTTP/1.1" 200 953
186.103.159.44 - - [29/May/2018:16:51:04 -0300] "GET /cormun/static/Resources/prompt.gif HTTP/1.1" 200 902
186.103.159.44 - - [29/May/2018:16:51:04 -0300] "GET /cormun/static/permisogoce.js?2017761264459 HTTP/1.1" 200 27897
186.103.159.44 - - [29/May/2018:16:51:09 -0300] "GET /cormun/servlet/permisogoce?f11678086fc54f378ef8c52e00e5794ce125ee4c41caf054280fb659a86f62880aa7bef33ce05da0f3dfb0122b10ec5b1a77865629fae58f0543db7d45b81a45,gx-no-cache=1527623406763 HTTP/1.1" 200 80
192.168.10.96 - - [29/May/2018:16:51:11 -0300] "GET /cormun/servlet/hlogin HTTP/1.1" 200 1739
186.103.159.44 - - [29/May/2018:16:51:18 -0300] "GET /cormun/servlet/permisogoce?f11678086fc54f378ef8c52e00e5794c5b2b64d89ca8a7313ca846e5e89fa5e50336380f268af93a3aa2c1563c52538995adb01f1831b69f8e9cd3b4383803d8,gx-no-cache=1527623415911 HTTP/1.1" 200 47
192.168.10.96 - - [29/May/2018:16:51:18 -0300] "POST /cormun/servlet/hlogin?db62a59ded4f37f0d0103524ea5ac5e3,gx-no-cache=1527623283829 HTTP/1.1" 200 90
192.168.10.96 - - [29/May/2018:16:51:18 -0300] "GET /cormun/servlet/hpexe_link HTTP/1.1" 200 952
192.168.10.96 - - [29/May/2018:16:51:18 -0300] "GET /cormun/servlet/hhome HTTP/1.1" 200 3955
192.168.10.96 - - [29/May/2018:16:51:18 -0300] "GET /cormun/servlet/hhome HTTP/1.1" 200 3952
192.168.10.96 - - [29/May/2018:16:51:21 -0300] "GET /cormun/servlet/trsolicitudot? HTTP/1.1" 200 8569
192.168.10.96 - - [29/May/2018:16:51:22 -0300] "GET /cormun/servlet/trsolicitudot? HTTP/1.1" 200 8567
192.168.10.96 - - [29/May/2018:16:51:28 -0300] "POST /cormun/servlet/trsolicitudot?db62a59ded4f37f0d0103524ea5ac5e3,,gx-no-cache=1527623293606 HTTP/1.1" 200 11992
186.103.159.186 - - [29/May/2018:16:51:28 -0300] "GET /cormun/servlet/trpermisosgoce? HTTP/1.1" 200 10211
186.103.159.186 - - [29/May/2018:16:51:30 -0300] "GET /cormun/servlet/trpermisosgoce? HTTP/1.1" 200 10209
192.168.10.96 - - [29/May/2018:16:51:30 -0300] "POST /cormun/servlet/trsolicitudot?db62a59ded4f37f0d0103524ea5ac5e3,,gx-no-cache=1527623295427 HTTP/1.1" 200 11993
186.103.159.44 - - [29/May/2018:16:51:32 -0300] "POST /cormun/servlet/permisogoce?88fbf4dc4b5341ba13deeac6f590b04e,INS,0,,,,gx-no-cache=1527623429731 HTTP/1.1" 200 93
186.103.159.44 - - [29/May/2018:16:51:32 -0300] "GET /cormun/servlet/hpexe_return? HTTP/1.1" 200 1007
186.103.159.44 - - [29/May/2018:16:51:32 -0300] "GET /cormun/static/gxcfg.js?2016101716175148 HTTP/1.1" 200 953
186.103.159.44 - - [29/May/2018:16:51:32 -0300] "GET /cormun/static/hpexe_return.js?2016101716175153 HTTP/1.1" 200 1633
186.103.159.44 - - [29/May/2018:16:51:32 -0300] "GET /cormun/static/Resources/Spanish/PXTools.css?167811 HTTP/1.1" 200 89042
186.103.159.44 - - [29/May/2018:16:51:32 -0300] "GET /cormun/servlet/trpermisosgoce HTTP/1.1" 200 9050
186.103.159.186 - - [29/May/2018:16:51:34 -0300] "GET /cormun/servlet/trpermisosadjuntos?14047809,20180528093148,P, HTTP/1.1" 200 6262
186.103.159.186 - - [29/May/2018:16:51:34 -0300] "GET /cormun/static/gxcfg.js?201762817193957 HTTP/1.1" 200 953
186.103.159.186 - - [29/May/2018:16:51:35 -0300] "GET /cormun/servlet/trpermisosadjuntos?14047809,20180528093148,P, HTTP/1.1" 200 6262
186.103.159.44 - - [29/May/2018:16:51:36 -0300] "GET /cormun/servlet/apermisogoceprn?10477100,P,20180529154749,PU HTTP/1.1" 200 1648
192.168.10.96 - - [29/May/2018:16:51:37 -0300] "GET /cormun/servlet/vesolicitudot?2018,11468,, HTTP/1.1" 200 8321
192.168.10.96 - - [29/May/2018:16:51:38 -0300] "GET /cormun/static/gxcfg.js?2017111422591385 HTTP/1.1" 200 953
192.168.10.96 - - [29/May/2018:16:51:38 -0300] "GET /cormun/pexe_scrolldiv.js HTTP/1.1" 404 1009
192.168.10.96 - - [29/May/2018:16:51:38 -0300] "GET /cormun/static/vesolicitudot.js?2017111422591449 HTTP/1.1" 200 6091
192.168.10.96 - - [29/May/2018:16:51:38 -0300] "GET /cormun/static/tbsolicitudot01.js?2017111422581186 HTTP/1.1" 200 30566
192.168.10.96 - - [29/May/2018:16:51:38 -0300] "GET /cormun/pexe_scrolldiv.js HTTP/1.1" 404 1009
186.103.159.186 - - [29/May/2018:16:51:38 -0300] "GET /cormun/servlet/permisosadjuntos?INS,14047809,P,20180528093148,, HTTP/1.1" 200 5586
192.168.10.56 - - [29/May/2018:16:51:38 -0300] "POST /cormun/servlet/trsolicitudgral?940c60b05551181c8b0e5bed22da8c3d,gx-no-cache=1527621901970,gx-no-cache=1527623303469 HTTP/1.1" 200 16712
192.168.10.96 - - [29/May/2018:16:51:38 -0300] "GET /cormun/servlet/vesolicitudot?2018,11468,, HTTP/1.1" 200 8320
186.103.159.186 - - [29/May/2018:16:51:38 -0300] "GET /cormun/static/gxcfg.js?201762717441171 HTTP/1.1" 200 953
186.103.159.186 - - [29/May/2018:16:51:38 -0300] "GET /cormun/static/about:blank HTTP/1.1" 404 1011
186.103.159.186 - - [29/May/2018:16:51:39 -0300] "GET /cormun/servlet/permisosadjuntos?INS,14047809,P,20180528093148,, HTTP/1.1" 200 5576
192.168.10.96 - - [29/May/2018:16:51:39 -0300] "GET /cormun/servlet/vesolicitudot?2018,11468,,SolicitudOTLog HTTP/1.1" 200 9305
192.168.10.96 - - [29/May/2018:16:51:39 -0300] "GET /cormun/pexe_scrolldiv.js HTTP/1.1" 404 1009
192.168.10.96 - - [29/May/2018:16:51:39 -0300] "GET /cormun/static/tbsolicitudot03.js?20177611592012 HTTP/1.1" 200 13332
192.168.10.96 - - [29/May/2018:16:51:39 -0300] "GET /cormun/pexe_scrolldiv.js HTTP/1.1" 404 1009
192.168.10.96 - - [29/May/2018:16:51:40 -0300] "GET /cormun/servlet/vesolicitudot?2018,11468,,SolicitudOTLog HTTP/1.1" 200 9305
192.168.10.96 - - [29/May/2018:16:51:41 -0300] "POST /cormun/servlet/acontrolpreferencessavestate?None,CA-36,true HTTP/1.1" 200 35
192.168.10.96 - - [29/May/2018:16:51:51 -0300] "POST /cormun/servlet/vesolicitudot?db62a59ded4f37f0d0103524ea5ac5e3,2018,11468,,SolicitudOTLog,gx-no-cache=1527623316723 HTTP/1.1" 200 90
192.168.10.96 - - [29/May/2018:16:51:51 -0300] "GET /cormun/servlet/hpexe_link HTTP/1.1" 200 976
192.168.10.96 - - [29/May/2018:16:51:51 -0300] "GET /cormun/servlet/trsolicitudot? HTTP/1.1" 200 14781
192.168.10.96 - - [29/May/2018:16:51:52 -0300] "GET /cormun/servlet/trsolicitudot? HTTP/1.1" 200 14780
186.103.159.186 - - [29/May/2018:16:52:01 -0300] "POST /cormun/servlet/permisosadjuntos?702d9f8901f560117c74c9a8a27cacf6,INS,14047809,P,20180528093148,, HTTP/1.1" 200 116
186.103.159.186 - - [29/May/2018:16:52:01 -0300] "GET /cormun/servlet/hpexe_return? HTTP/1.1" 200 1037
186.103.159.186 - - [29/May/2018:16:52:01 -0300] "GET /cormun/servlet/trpermisosadjuntos?14047809,20180528093148,P, HTTP/1.1" 200 6741
186.103.159.186 - - [29/May/2018:16:52:02 -0300] "GET /cormun/servlet/trpermisosadjuntos?14047809,20180528093148,P, HTTP/1.1" 200 6737
192.168.10.96 - - [29/May/2018:16:52:07 -0300] "POST /cormun/servlet/trsolicitudot?db62a59ded4f37f0d0103524ea5ac5e3,,gx-no-cache=1527623331992 HTTP/1.1" 200 11740
192.168.10.96 - - [29/May/2018:16:52:07 -0300] "POST /cormun/servlet/trsolicitudot?db62a59ded4f37f0d0103524ea5ac5e3,,gx-no-cache=1527623332550 HTTP/1.1" 200 11719
192.168.10.96 - - [29/May/2018:16:52:10 -0300] "POST /cormun/servlet/trsolicitudot?db62a59ded4f37f0d0103524ea5ac5e3,,gx-no-cache=1527623335132 HTTP/1.1" 200 11356
192.168.10.96 - - [29/May/2018:16:52:10 -0300] "POST /cormun/servlet/trsolicitudot?db62a59ded4f37f0d0103524ea5ac5e3,,gx-no-cache=1527623335659 HTTP/1.1" 200 11334
192.168.10.96 - - [29/May/2018:16:52:13 -0300] "POST /cormun/servlet/trsolicitudot?db62a59ded4f37f0d0103524ea5ac5e3,,gx-no-cache=1527623338152 HTTP/1.1" 200 10989
192.168.10.96 - - [29/May/2018:16:52:13 -0300] "POST /cormun/servlet/trsolicitudot?db62a59ded4f37f0d0103524ea5ac5e3,,gx-no-cache=1527623338612 HTTP/1.1" 200 10967
192.168.10.96 - - [29/May/2018:16:52:15 -0300] "POST /cormun/servlet/trsolicitudot?db62a59ded4f37f0d0103524ea5ac5e3,,gx-no-cache=1527623340369 HTTP/1.1" 200 10682
192.168.10.96 - - [29/May/2018:16:52:15 -0300] "POST /cormun/servlet/trsolicitudot?db62a59ded4f37f0d0103524ea5ac5e3,,gx-no-cache=1527623340793 HTTP/1.1" 200 10660
192.168.10.96 - - [29/May/2018:16:52:17 -0300] "POST /cormun/servlet/trsolicitudot?db62a59ded4f37f0d0103524ea5ac5e3,,gx-no-cache=1527623342745 HTTP/1.1" 200 10300
192.168.10.96 - - [29/May/2018:16:52:17 -0300] "POST /cormun/servlet/trsolicitudot?db62a59ded4f37f0d0103524ea5ac5e3,,gx-no-cache=1527623343160 HTTP/1.1" 200 10279
186.103.159.186 - - [29/May/2018:16:52:21 -0300] "POST /cormun/servlet/trpermisosadjuntos?702d9f8901f560117c74c9a8a27cacf6,14047809,20180528093148,P,,gx-no-cache=1527623480658 HTTP/1.1" 200 90
186.103.159.186 - - [29/May/2018:16:52:21 -0300] "GET /cormun/servlet/hpexe_link HTTP/1.1" 200 983
186.103.159.186 - - [29/May/2018:16:52:21 -0300] "GET /cormun/servlet/trpermisosgoce HTTP/1.1" 200 10210
186.103.159.186 - - [29/May/2018:16:52:22 -0300] "GET /cormun/servlet/trpermisosgoce HTTP/1.1" 200 10209
186.103.159.186 - - [29/May/2018:16:52:26 -0300] "GET /cormun/servlet/trpermisosadjuntos?15104216,20180528170711,P, HTTP/1.1" 200 6261
186.103.159.186 - - [29/May/2018:16:52:27 -0300] "GET /cormun/servlet/trpermisosadjuntos?15104216,20180528170711,P, HTTP/1.1" 200 6262
186.103.159.186 - - [29/May/2018:16:52:29 -0300] "GET /cormun/servlet/permisosadjuntos?INS,15104216,P,20180528170711,, HTTP/1.1" 200 5590
186.103.159.186 - - [29/May/2018:16:52:29 -0300] "GET /cormun/static/about:blank HTTP/1.1" 404 1011
186.103.159.186 - - [29/May/2018:16:52:30 -0300] "GET /cormun/servlet/permisosadjuntos?INS,15104216,P,20180528170711,, HTTP/1.1" 200 5580
192.168.10.96 - - [29/May/2018:16:52:32 -0300] "POST /cormun/servlet/trsolicitudot?db62a59ded4f37f0d0103524ea5ac5e3,,gx-no-cache=1527623358074 HTTP/1.1" 200 9810
192.168.10.96 - - [29/May/2018:16:52:33 -0300] "POST /cormun/servlet/trsolicitudot?db62a59ded4f37f0d0103524ea5ac5e3,,gx-no-cache=1527623358480 HTTP/1.1" 200 9787
192.168.10.96 - - [29/May/2018:16:52:36 -0300] "POST /cormun/servlet/trsolicitudot?db62a59ded4f37f0d0103524ea5ac5e3,,gx-no-cache=1527623361920 HTTP/1.1" 200 9553
192.168.10.96 - - [29/May/2018:16:52:37 -0300] "POST /cormun/servlet/trsolicitudot?db62a59ded4f37f0d0103524ea5ac5e3,,gx-no-cache=1527623362366 HTTP/1.1" 200 9532
192.168.10.96 - - [29/May/2018:16:52:39 -0300] "POST /cormun/servlet/trsolicitudot?db62a59ded4f37f0d0103524ea5ac5e3,,gx-no-cache=1527623364240 HTTP/1.1" 200 9239
192.168.10.96 - - [29/May/2018:16:52:39 -0300] "POST /cormun/servlet/trsolicitudot?db62a59ded4f37f0d0103524ea5ac5e3,,gx-no-cache=1527623364642 HTTP/1.1" 200 9219
192.168.10.96 - - [29/May/2018:16:52:41 -0300] "POST /cormun/servlet/trsolicitudot?db62a59ded4f37f0d0103524ea5ac5e3,,gx-no-cache=1527623366695 HTTP/1.1" 200 8828
192.168.10.96 - - [29/May/2018:16:52:41 -0300] "POST /cormun/servlet/trsolicitudot?db62a59ded4f37f0d0103524ea5ac5e3,,gx-no-cache=1527623367109 HTTP/1.1" 200 8807
192.168.10.96 - - [29/May/2018:16:52:44 -0300] "POST /cormun/servlet/trsolicitudot?db62a59ded4f37f0d0103524ea5ac5e3,,gx-no-cache=1527623369535 HTTP/1.1" 200 8383
192.168.10.96 - - [29/May/2018:16:52:44 -0300] "POST /cormun/servlet/trsolicitudot?db62a59ded4f37f0d0103524ea5ac5e3,,gx-no-cache=1527623369935 HTTP/1.1" 200 8362
192.168.10.96 - - [29/May/2018:16:52:49 -0300] "POST /cormun/servlet/trsolicitudot?db62a59ded4f37f0d0103524ea5ac5e3,,gx-no-cache=1527623374678 HTTP/1.1" 200 8001
192.168.10.96 - - [29/May/2018:16:52:49 -0300] "POST /cormun/servlet/trsolicitudot?db62a59ded4f37f0d0103524ea5ac5e3,,gx-no-cache=1527623375041 HTTP/1.1" 200 7981
186.103.159.186 - - [29/May/2018:16:52:51 -0300] "POST /cormun/servlet/permisosadjuntos?702d9f8901f560117c74c9a8a27cacf6,INS,15104216,P,20180528170711,, HTTP/1.1" 200 116
186.103.159.186 - - [29/May/2018:16:52:51 -0300] "GET /cormun/servlet/hpexe_return? HTTP/1.1" 200 1038
186.103.159.186 - - [29/May/2018:16:52:52 -0300] "GET /cormun/servlet/trpermisosadjuntos?15104216,20180528170711,P, HTTP/1.1" 200 6744
192.168.10.96 - - [29/May/2018:16:52:52 -0300] "POST /cormun/servlet/trsolicitudot?db62a59ded4f37f0d0103524ea5ac5e3,,gx-no-cache=1527623377526 HTTP/1.1" 200 7613
192.168.10.96 - - [29/May/2018:16:52:52 -0300] "POST /cormun/servlet/trsolicitudot?db62a59ded4f37f0d0103524ea5ac5e3,,gx-no-cache=1527623377898 HTTP/1.1" 200 7593
186.103.159.186 - - [29/May/2018:16:52:53 -0300] "GET /cormun/servlet/trpermisosadjuntos?15104216,20180528170711,P, HTTP/1.1" 200 6739
192.168.10.96 - - [29/May/2018:16:52:54 -0300] "POST /cormun/servlet/trsolicitudot?db62a59ded4f37f0d0103524ea5ac5e3,,gx-no-cache=1527623379983 HTTP/1.1" 200 7302
192.168.10.96 - - [29/May/2018:16:52:55 -0300] "POST /cormun/servlet/trsolicitudot?db62a59ded4f37f0d0103524ea5ac5e3,,gx-no-cache=1527623380362 HTTP/1.1" 200 7282
186.103.159.186 - - [29/May/2018:16:52:55 -0300] "POST /cormun/servlet/trpermisosadjuntos?702d9f8901f560117c74c9a8a27cacf6,15104216,20180528170711,P,,gx-no-cache=1527623515203 HTTP/1.1" 200 90
186.103.159.186 - - [29/May/2018:16:52:55 -0300] "GET /cormun/servlet/hpexe_link HTTP/1.1" 200 982
186.103.159.186 - - [29/May/2018:16:52:56 -0300] "GET /cormun/servlet/trpermisosgoce HTTP/1.1" 200 10206
186.103.159.186 - - [29/May/2018:16:52:57 -0300] "GET /cormun/servlet/trpermisosgoce HTTP/1.1" 200 10206
192.168.10.96 - - [29/May/2018:16:52:59 -0300] "POST /cormun/servlet/trsolicitudot?db62a59ded4f37f0d0103524ea5ac5e3,,gx-no-cache=1527623384926 HTTP/1.1" 200 6898
192.168.10.96 - - [29/May/2018:16:53:00 -0300] "POST /cormun/servlet/trsolicitudot?db62a59ded4f37f0d0103524ea5ac5e3,,gx-no-cache=1527623385256 HTTP/1.1" 200 6878
186.103.159.186 - - [29/May/2018:16:53:03 -0300] "POST /cormun/servlet/trpermisosgoce?702d9f8901f560117c74c9a8a27cacf6,gx-no-cache=1527623521952 HTTP/1.1" 200 7489
186.103.159.186 - - [29/May/2018:16:53:03 -0300] "GET /cormun/static/Shared/jqueryui/images/ui-bg_highlight-soft_100_c6c2c8_1x100.png HTTP/1.1" 404 1117
186.103.159.186 - - [29/May/2018:16:53:03 -0300] "GET /cormun/static/Shared/jqueryui/images/ui-icons_82798d_256x240.png HTTP/1.1" 404 1089
186.103.159.186 - - [29/May/2018:16:53:03 -0300] "GET /cormun/static/Shared/jqueryui/images/ui-bg_flat_55_fafafa_40x100.png HTTP/1.1" 404 1097
186.103.159.186 - - [29/May/2018:16:53:03 -0300] "GET /cormun/static/Shared/jqueryui/images/ui-icons_8d78a5_256x240.png HTTP/1.1" 404 1089
192.168.10.96 - - [29/May/2018:16:53:07 -0300] "POST /cormun/servlet/trsolicitudot?db62a59ded4f37f0d0103524ea5ac5e3,,gx-no-cache=1527623392295 HTTP/1.1" 200 6619
192.168.10.96 - - [29/May/2018:16:53:07 -0300] "POST /cormun/servlet/trsolicitudot?db62a59ded4f37f0d0103524ea5ac5e3,,gx-no-cache=1527623392610 HTTP/1.1" 200 6600
192.168.10.96 - - [29/May/2018:16:53:09 -0300] "POST /cormun/servlet/trsolicitudot?db62a59ded4f37f0d0103524ea5ac5e3,,gx-no-cache=1527623394342 HTTP/1.1" 200 6194
192.168.10.96 - - [29/May/2018:16:53:09 -0300] "POST /cormun/servlet/trsolicitudot?db62a59ded4f37f0d0103524ea5ac5e3,,gx-no-cache=1527623394603 HTTP/1.1" 200 6174
186.103.159.186 - - [29/May/2018:16:53:10 -0300] "POST /cormun/servlet/trpermisosgoce?702d9f8901f560117c74c9a8a27cacf6,gx-no-cache=1527623530231 HTTP/1.1" 200 7452
192.168.10.96 - - [29/May/2018:16:53:10 -0300] "POST /cormun/servlet/trsolicitudot?db62a59ded4f37f0d0103524ea5ac5e3,,gx-no-cache=1527623396190 HTTP/1.1" 200 5671
192.168.10.96 - - [29/May/2018:16:53:11 -0300] "POST /cormun/servlet/trsolicitudot?db62a59ded4f37f0d0103524ea5ac5e3,,gx-no-cache=1527623396433 HTTP/1.1" 200 5651
192.168.10.96 - - [29/May/2018:16:53:17 -0300] "GET /cormun/servlet/trsolicitudot? HTTP/1.1" 200 8572
192.168.10.96 - - [29/May/2018:16:53:17 -0300] "GET /cormun/servlet/trsolicitudot? HTTP/1.1" 200 8572
192.168.10.96 - - [29/May/2018:16:53:18 -0300] "GET /cormun/servlet/hlogin HTTP/1.1" 200 1738
192.168.10.56 - - [29/May/2018:16:53:24 -0300] "POST /cormun/servlet/trsolicitudgral?940c60b05551181c8b0e5bed22da8c3d,gx-no-cache=1527621901970,gx-no-cache=1527623409425 HTTP/1.1" 200 7690
192.168.10.96 - - [29/May/2018:16:53:25 -0300] "POST /cormun/servlet/hlogin?db62a59ded4f37f0d0103524ea5ac5e3,gx-no-cache=1527623410503 HTTP/1.1" 200 90
192.168.10.96 - - [29/May/2018:16:53:25 -0300] "GET /cormun/servlet/hpexe_link HTTP/1.1" 200 952
192.168.10.96 - - [29/May/2018:16:53:25 -0300] "GET /cormun/servlet/hhome HTTP/1.1" 200 4713
192.168.10.96 - - [29/May/2018:16:53:25 -0300] "GET /cormun/servlet/hhome HTTP/1.1" 200 4709
186.103.159.186 - - [29/May/2018:16:53:46 -0300] "GET /cormun/servlet/hlogin HTTP/1.1" 200 1719
186.103.159.186 - - [29/May/2018:16:53:54 -0300] "POST /cormun/servlet/hlogin?702d9f8901f560117c74c9a8a27cacf6,gx-no-cache=1527623574597 HTTP/1.1" 200 90
186.103.159.186 - - [29/May/2018:16:53:55 -0300] "GET /cormun/servlet/hpexe_link HTTP/1.1" 200 952
186.103.159.186 - - [29/May/2018:16:53:55 -0300] "GET /cormun/servlet/hhome HTTP/1.1" 200 4118
186.103.159.186 - - [29/May/2018:16:53:56 -0300] "GET /cormun/servlet/hhome HTTP/1.1" 200 4114
186.103.159.186 - - [29/May/2018:16:53:59 -0300] "GET /cormun/servlet/trautorizarpermisogoce? HTTP/1.1" 200 8042
186.103.159.186 - - [29/May/2018:16:53:59 -0300] "GET /cormun/static/gxcfg.js?20177612165975 HTTP/1.1" 200 953
186.103.159.186 - - [29/May/2018:16:54:01 -0300] "GET /cormun/servlet/trautorizarpermisogoce? HTTP/1.1" 200 8040
186.103.159.186 - - [29/May/2018:16:54:09 -0300] "POST /cormun/servlet/trautorizarpermisogoce?702d9f8901f560117c74c9a8a27cacf6,,gx-no-cache=1527623588734 HTTP/1.1" 200 5115
186.103.159.186 - - [29/May/2018:16:54:09 -0300] "GET /cormun/static/Shared/jqueryui/images/ui-bg_highlight-soft_100_c6c2c8_1x100.png HTTP/1.1" 404 1117
186.103.159.186 - - [29/May/2018:16:54:09 -0300] "GET /cormun/static/Shared/jqueryui/images/ui-icons_82798d_256x240.png HTTP/1.1" 404 1089
186.103.159.186 - - [29/May/2018:16:54:09 -0300] "GET /cormun/static/Shared/jqueryui/images/ui-bg_flat_55_fafafa_40x100.png HTTP/1.1" 404 1097
186.103.159.186 - - [29/May/2018:16:54:09 -0300] "GET /cormun/static/Shared/jqueryui/images/ui-icons_8d78a5_256x240.png HTTP/1.1" 404 1089
186.103.159.186 - - [29/May/2018:16:54:12 -0300] "POST /cormun/servlet/trautorizarpermisogoce?702d9f8901f560117c74c9a8a27cacf6,,gx-no-cache=1527623591712 HTTP/1.1" 200 4357
186.103.159.186 - - [29/May/2018:16:56:00 -0300] "GET /cormun/servlet/hlogin HTTP/1.1" 200 1719
186.103.159.186 - - [29/May/2018:16:56:14 -0300] "POST /cormun/servlet/hlogin?702d9f8901f560117c74c9a8a27cacf6,gx-no-cache=1527623713591 HTTP/1.1" 200 90
186.103.159.186 - - [29/May/2018:16:56:14 -0300] "GET /cormun/servlet/hpexe_link HTTP/1.1" 200 952
186.103.159.186 - - [29/May/2018:16:56:14 -0300] "GET /cormun/servlet/hhome HTTP/1.1" 200 3951
186.103.159.186 - - [29/May/2018:16:56:16 -0300] "GET /cormun/servlet/hhome HTTP/1.1" 200 3947
186.103.159.186 - - [29/May/2018:16:56:18 -0300] "GET /cormun/servlet/trpermisosgoce? HTTP/1.1" 200 10156
186.103.159.186 - - [29/May/2018:16:56:19 -0300] "GET /cormun/servlet/trpermisosgoce? HTTP/1.1" 200 10154
186.103.159.186 - - [29/May/2018:16:56:22 -0300] "GET /cormun/servlet/permisogoce?INS,0,,, HTTP/1.1" 200 6785
186.103.159.186 - - [29/May/2018:16:56:22 -0300] "GET /cormun/static/gxcfg.js?201776126440 HTTP/1.1" 200 953
186.103.159.186 - - [29/May/2018:16:56:23 -0300] "GET /cormun/servlet/permisogoce?INS,0,,, HTTP/1.1" 200 6785
186.103.159.186 - - [29/May/2018:16:56:32 -0300] "GET /cormun/servlet/permisogoce?d5efed0a21e0aea4b0e6431331012f133cec76d0eaff2e17c07d21c6acf4424f32c7855d5728467114aba55b8769aa0cce6ea13e36feb7a71d3c6444e7642198,gx-no-cache=1527623732065 HTTP/1.1" 200 79
186.103.159.186 - - [29/May/2018:16:56:32 -0300] "GET /cormun/static/menuarrow.gif HTTP/1.1" 404 1015
186.103.161.206 - - [29/May/2018:16:56:58 -0300] "GET /cormun/servlet/hlogin HTTP/1.1" 200 1721
186.103.159.186 - - [29/May/2018:16:57:02 -0300] "GET /cormun/servlet/permisogoce?d5efed0a21e0aea4b0e6431331012f1312c364d959c69456ca1a6101f7ee19b7a8d408d8b73e03ec336e4816c8830745ca2f742eea053eda3af84d001e23bdc6,gx-no-cache=1527623762473 HTTP/1.1" 200 46
186.103.161.206 - - [29/May/2018:16:57:10 -0300] "POST /cormun/servlet/hlogin?edf1e51a5d398325797357521deb7a05,gx-no-cache=1527623766542 HTTP/1.1" 200 90
186.103.161.206 - - [29/May/2018:16:57:10 -0300] "GET /cormun/servlet/hpexe_link HTTP/1.1" 200 952
186.103.161.206 - - [29/May/2018:16:57:10 -0300] "GET /cormun/servlet/hhome HTTP/1.1" 200 4206
186.103.161.206 - - [29/May/2018:16:57:11 -0300] "GET /cormun/servlet/hhome HTTP/1.1" 200 4202
186.103.159.186 - - [29/May/2018:16:57:14 -0300] "POST /cormun/servlet/permisogoce?702d9f8901f560117c74c9a8a27cacf6,INS,0,,,,gx-no-cache=1527623774192 HTTP/1.1" 200 93
186.103.159.186 - - [29/May/2018:16:57:14 -0300] "GET /cormun/servlet/hpexe_return? HTTP/1.1" 200 1010
186.103.159.186 - - [29/May/2018:16:57:15 -0300] "GET /cormun/servlet/trpermisosgoce HTTP/1.1" 200 10470
186.103.161.206 - - [29/May/2018:16:57:15 -0300] "GET /cormun/servlet/trlicencias? HTTP/1.1" 200 12795
186.103.159.186 - - [29/May/2018:16:57:16 -0300] "GET /cormun/servlet/trpermisosgoce HTTP/1.1" 200 10471
186.103.161.206 - - [29/May/2018:16:57:16 -0300] "GET /cormun/servlet/trlicencias? HTTP/1.1" 200 12792
186.103.159.186 - - [29/May/2018:16:57:19 -0300] "GET /cormun/servlet/apermisogoceprn?11671928,P,20180529155308,PU HTTP/1.1" 200 1661
200.111.191.210 - - [29/May/2018:16:57:20 -0300] "GET /cormun/servlet/trpermisosgoce? HTTP/1.1" 200 6102
200.111.191.210 - - [29/May/2018:16:57:21 -0300] "GET /cormun/servlet/hlogin HTTP/1.1" 200 1736
200.111.191.210 - - [29/May/2018:16:57:21 -0300] "GET /cormun/servlet/trpermisosgoce? HTTP/1.1" 200 6102
186.103.161.206 - - [29/May/2018:16:57:23 -0300] "GET /cormun/servlet/licenciaspermisos?INS,0,,, HTTP/1.1" 200 7740
186.103.161.206 - - [29/May/2018:16:57:24 -0300] "GET /cormun/servlet/licenciaspermisos?INS,0,,, HTTP/1.1" 200 7748
200.111.191.210 - - [29/May/2018:16:57:26 -0300] "POST /cormun/servlet/hlogin?69b6a9c7b1ea4546a7d0f851e58e7798,gx-no-cache=1527623832574 HTTP/1.1" 200 90
200.111.191.210 - - [29/May/2018:16:57:26 -0300] "GET /cormun/servlet/hpexe_link HTTP/1.1" 200 952
200.111.191.210 - - [29/May/2018:16:57:26 -0300] "GET /cormun/servlet/trpermisosgoce HTTP/1.1" 200 18130
200.111.191.210 - - [29/May/2018:16:57:26 -0300] "GET /cormun/servlet/trpermisosgoce HTTP/1.1" 200 18118
200.72.197.82 - - [29/May/2018:16:57:28 -0300] "GET /cormun/servlet/prfichaempleado?,MD,,gxPopupLevel%3D0%3B HTTP/1.1" 200 9371
200.111.191.210 - - [29/May/2018:16:57:37 -0300] "GET /cormun/servlet/permisogoce?INS,0,,, HTTP/1.1" 200 6790
200.111.191.210 - - [29/May/2018:16:57:37 -0300] "GET /cormun/servlet/permisogoce?INS,0,,, HTTP/1.1" 200 6790
200.72.197.82 - - [29/May/2018:16:57:39 -0300] "POST /cormun/servlet/prfichaempleado?edf1e51a5d398325797357521deb7a05,,MD,,gxPopupLevel%3D0%3B,gx-no-cache=1527623795815 HTTP/1.1" 200 3430
200.111.191.210 - - [29/May/2018:16:57:42 -0300] "GET /cormun/servlet/permisogoce?29f5c2e091c33e9725cf4563a09bb11f6ca70c312ae151643938c9849146e1ffe53a3aa15f514b077ab7d9b645a7b99c0e1ee7355ff24e1895cb6aa8e3c9f597,gx-no-cache=1527623848693 HTTP/1.1" 200 73
200.111.191.210 - - [29/May/2018:16:57:46 -0300] "GET /cormun/servlet/permisogoce?29f5c2e091c33e9725cf4563a09bb11f5a2647cbea2dc8736d5f24eb583d7ede5bd0fedd39a0b98ad3612770fe82a2fba68cdebf441536bda7c36a9758764773,gx-no-cache=1527623853397 HTTP/1.1" 200 47
200.111.191.210 - - [29/May/2018:16:58:13 -0300] "POST /cormun/servlet/permisogoce?69b6a9c7b1ea4546a7d0f851e58e7798,INS,0,,,,gx-no-cache=1527623879854 HTTP/1.1" 200 93
200.111.191.210 - - [29/May/2018:16:58:13 -0300] "GET /cormun/servlet/hpexe_return? HTTP/1.1" 200 1006
200.111.191.210 - - [29/May/2018:16:58:14 -0300] "GET /cormun/servlet/trpermisosgoce HTTP/1.1" 200 18398
200.111.191.210 - - [29/May/2018:16:58:14 -0300] "GET /cormun/servlet/trpermisosgoce HTTP/1.1" 200 18370
200.111.191.210 - - [29/May/2018:16:58:16 -0300] "GET /cormun/servlet/apermisogoceprn?16879891,P,20180529155422,PU HTTP/1.1" 200 1658
200.72.197.82 - - [29/May/2018:16:58:18 -0300] "GET /cormun/servlet/licenciaspermisos?0012d215a30f40588d513b18f91bff3c830d5a4e875a9e447bde5e805ea308c08433f12e102ece36b30b0d61564f46ee,gx-no-cache=1527623834945 HTTP/1.1" 200 95
200.72.197.82 - - [29/May/2018:16:58:18 -0300] "POST /cormun/servlet/licenciaspermisos?edf1e51a5d398325797357521deb7a05,INS,0,,,,gx-no-cache=1527623835179 HTTP/1.1" 200 4900
