186.79.146.105 - - [29/May/2018:16:01:03 -0300] "GET /cormun/static/Resources/PXTools/calendar.png HTTP/1.1" 200 1306
186.79.146.105 - - [29/May/2018:16:01:03 -0300] "GET /cormun/static/Resources/PXToolsDataSearch.png HTTP/1.1" 200 419
186.79.146.105 - - [29/May/2018:16:01:03 -0300] "GET /cormun/static/Resources/PXToolsGridFirstDisabled.gif HTTP/1.1" 200 100
186.79.146.105 - - [29/May/2018:16:01:03 -0300] "GET /cormun/static/Shared/ext/resources/css/ext-all.css?215870 HTTP/1.1" 200 416045
186.79.146.105 - - [29/May/2018:16:01:03 -0300] "GET /cormun/static/Resources/PXToolsGridPreviousDisabled.gif HTTP/1.1" 200 90
186.79.146.105 - - [29/May/2018:16:01:04 -0300] "GET /cormun/static/Resources/PXToolsGridNextDisabled.gif HTTP/1.1" 200 90
186.79.146.105 - - [29/May/2018:16:01:04 -0300] "GET /cormun/static/Resources/PXToolsGridLastDisabled.gif HTTP/1.1" 200 98
186.79.146.105 - - [29/May/2018:16:01:04 -0300] "GET /cormun/static/Resources/PXToolsActionExcel.png HTTP/1.1" 200 3187
186.79.146.105 - - [29/May/2018:16:01:04 -0300] "GET /cormun/static/Resources/asc.gif HTTP/1.1" 200 67
186.79.146.105 - - [29/May/2018:16:01:04 -0300] "GET /cormun/static/Resources/desc.gif HTTP/1.1" 200 65
186.79.146.105 - - [29/May/2018:16:01:04 -0300] "GET /cormun//static/Resources/PXToolsActionView.png HTTP/1.1" 200 2995
186.79.146.105 - - [29/May/2018:16:01:04 -0300] "GET /cormun//static/Resources/PXToolsRemoveAllAction.png HTTP/1.1" 200 3558
186.79.146.105 - - [29/May/2018:16:01:04 -0300] "GET /cormun/servlet/trautorizarsolicitud? HTTP/1.1" 200 8638
186.79.146.105 - - [29/May/2018:16:01:04 -0300] "GET /cormun/static/Resources/PXToolsGridPage.gif HTTP/1.1" 200 725
186.79.146.105 - - [29/May/2018:16:01:04 -0300] "GET /cormun//static/Resources/PXToolsGridDelete.png HTTP/1.1" 200 357
186.79.146.105 - - [29/May/2018:16:01:04 -0300] "GET /cormun//static/Resources/PXTools/ActionInsert.png HTTP/1.1" 200 1482
186.79.146.105 - - [29/May/2018:16:01:04 -0300] "GET /cormun//static/Resources/PXToolsGridUpdate.png HTTP/1.1" 200 2984
186.79.146.105 - - [29/May/2018:16:01:04 -0300] "GET /cormun/static/Shared/ext/resources/themes/images/default/tools/tool-sprites.gif HTTP/1.1" 200 5434
186.79.146.105 - - [29/May/2018:16:01:04 -0300] "GET /cormun/static/Shared/ext/resources/themes/images/default/panel/bg-headersPanel.png HTTP/1.1" 200 255
186.79.146.105 - - [29/May/2018:16:01:39 -0300] "POST /cormun/servlet/trautorizarsolicitud?f88db2f44a5ab515e885ae033741d310,,gx-no-cache=1527620436153 HTTP/1.1" 200 4595
186.79.146.105 - - [29/May/2018:16:01:39 -0300] "GET /cormun/static/Shared/jqueryui/images/ui-bg_highlight-soft_100_c6c2c8_1x100.png HTTP/1.1" 404 1117
186.79.146.105 - - [29/May/2018:16:01:39 -0300] "GET /cormun/static/Shared/jqueryui/images/ui-icons_8d78a5_256x240.png HTTP/1.1" 404 1089
186.79.146.105 - - [29/May/2018:16:01:39 -0300] "GET /cormun/static/Shared/jqueryui/images/ui-icons_82798d_256x240.png HTTP/1.1" 404 1089
186.79.146.105 - - [29/May/2018:16:01:39 -0300] "GET /cormun/static/Shared/jqueryui/images/ui-bg_flat_55_fafafa_40x100.png HTTP/1.1" 404 1097
186.79.146.105 - - [29/May/2018:16:01:40 -0300] "POST /cormun/servlet/trautorizarsolicitud?f88db2f44a5ab515e885ae033741d310,,gx-no-cache=1527620437365 HTTP/1.1" 200 4366
207.46.13.118 - - [29/May/2018:16:02:47 -0300] "GET /cormun/servlet/prlicenciaspermisos?18044187,L,,MD,,gxPopupLevel%3D0%3B HTTP/1.1" 302 -
78.108.177.50 - - [29/May/2018:16:10:48 -0300] "GET / HTTP/1.0" 200 11197
200.54.247.70 - - [29/May/2018:16:11:40 -0300] "GET /cormun/servlet/trcontratounov2? HTTP/1.1" 200 6010
200.54.247.70 - - [29/May/2018:16:11:41 -0300] "GET /cormun/servlet/hlogin HTTP/1.1" 200 1741
200.54.247.70 - - [29/May/2018:16:11:41 -0300] "GET /cormun/servlet/trcontratounov2? HTTP/1.1" 200 6005
200.54.247.70 - - [29/May/2018:16:11:51 -0300] "POST /cormun/servlet/hlogin?17eb0c0349ffe0d13881fb8bcc0deedd,gx-no-cache=1527621048728 HTTP/1.1" 200 90
200.54.247.70 - - [29/May/2018:16:11:51 -0300] "GET /cormun/servlet/hpexe_link HTTP/1.1" 200 957
200.54.247.70 - - [29/May/2018:16:11:51 -0300] "GET /cormun/servlet/trcontratounov2 HTTP/1.1" 200 17394
200.54.247.70 - - [29/May/2018:16:11:52 -0300] "GET /cormun/servlet/trcontratounov2 HTTP/1.1" 200 17364
200.54.247.70 - - [29/May/2018:16:12:19 -0300] "POST /cormun/servlet/trcontratounov2?17eb0c0349ffe0d13881fb8bcc0deedd,gx-no-cache=1527621076259 HTTP/1.1" 200 7854
200.54.247.70 - - [29/May/2018:16:12:38 -0300] "POST /cormun/servlet/trcontratounov2?17eb0c0349ffe0d13881fb8bcc0deedd,gx-no-cache=1527621096221 HTTP/1.1" 200 5694
46.174.191.29 - - [29/May/2018:16:12:58 -0300] "GET / HTTP/1.0" 200 11197
200.54.247.70 - - [29/May/2018:16:13:03 -0300] "POST /cormun/servlet/trcontratounov2?17eb0c0349ffe0d13881fb8bcc0deedd,gx-no-cache=1527621120853 HTTP/1.1" 200 5637
200.54.247.70 - - [29/May/2018:16:13:15 -0300] "POST /cormun/servlet/trcontratounov2?17eb0c0349ffe0d13881fb8bcc0deedd,gx-no-cache=1527621133234 HTTP/1.1" 200 6142
200.54.247.70 - - [29/May/2018:16:13:31 -0300] "POST /cormun/servlet/trcontratounov2?17eb0c0349ffe0d13881fb8bcc0deedd,gx-no-cache=1527621149334 HTTP/1.1" 200 5446
200.54.247.70 - - [29/May/2018:16:14:20 -0300] "POST /cormun/servlet/hlogin?d5fea00c2e4d179d4c520a22c4cc18f2,gx-no-cache=1527621197906 HTTP/1.1" 440 972
200.54.247.70 - - [29/May/2018:16:14:21 -0300] "GET /cormun/servlet/hlogin HTTP/1.1" 200 1734
200.54.247.70 - - [29/May/2018:16:14:30 -0300] "POST /cormun/servlet/hlogin?17eb0c0349ffe0d13881fb8bcc0deedd,gx-no-cache=1527621208144 HTTP/1.1" 200 90
200.54.247.70 - - [29/May/2018:16:14:30 -0300] "GET /cormun/servlet/hpexe_link HTTP/1.1" 200 979
200.54.247.70 - - [29/May/2018:16:14:30 -0300] "GET /cormun/servlet/trcontratounov2?gx-no-cache=1527621149334 HTTP/1.1" 200 7963
200.54.247.70 - - [29/May/2018:16:14:31 -0300] "GET /cormun/servlet/trcontratounov2?gx-no-cache=1527621149334 HTTP/1.1" 200 7983
200.54.247.70 - - [29/May/2018:16:14:35 -0300] "GET /cormun/servlet/trcontratounov2? HTTP/1.1" 200 7983
200.54.247.70 - - [29/May/2018:16:14:36 -0300] "GET /cormun/servlet/trcontratounov2? HTTP/1.1" 200 7962
200.54.247.70 - - [29/May/2018:16:14:41 -0300] "POST /cormun/servlet/trcontratounov2?17eb0c0349ffe0d13881fb8bcc0deedd,,gx-no-cache=1527621219158 HTTP/1.1" 200 5583
200.54.247.70 - - [29/May/2018:16:14:50 -0300] "GET /cormun/servlet/trlicencias? HTTP/1.1" 200 15799
200.54.247.70 - - [29/May/2018:16:14:51 -0300] "GET /cormun/servlet/trlicencias? HTTP/1.1" 200 15774
192.168.10.56 - - [29/May/2018:16:15:06 -0300] "GET /cormun/servlet/hlogin HTTP/1.1" 200 1724
192.168.10.56 - - [29/May/2018:16:15:07 -0300] "GET /cormun/servlet/hlogin HTTP/1.1" 200 1735
192.168.10.56 - - [29/May/2018:16:15:09 -0300] "POST /cormun/servlet/hlogin?940c60b05551181c8b0e5bed22da8c3d,gx-no-cache=1527621115110 HTTP/1.1" 200 90
192.168.10.56 - - [29/May/2018:16:15:09 -0300] "GET /cormun/servlet/hpexe_link HTTP/1.1" 200 954
192.168.10.56 - - [29/May/2018:16:15:09 -0300] "GET /cormun/servlet/hhome HTTP/1.1" 200 4517
200.54.247.70 - - [29/May/2018:16:15:10 -0300] "GET /cormun/servlet/licenciaspermisos?DSP,13945989,L,20180526000000, HTTP/1.1" 200 7337
200.54.247.70 - - [29/May/2018:16:15:10 -0300] "GET /cormun/servlet/licenciaspermisos?DSP,13945989,L,20180526000000, HTTP/1.1" 200 7336
192.168.10.56 - - [29/May/2018:16:15:10 -0300] "GET /cormun/servlet/hhome HTTP/1.1" 200 4513
192.168.10.56 - - [29/May/2018:16:15:23 -0300] "GET /cormun/servlet/trsolicitudgral? HTTP/1.1" 200 28578
192.168.10.56 - - [29/May/2018:16:15:23 -0300] "GET /cormun/static/trsolicitudgral.js?201813119462015 HTTP/1.1" 304 -
192.168.10.56 - - [29/May/2018:16:15:24 -0300] "GET /cormun/servlet/trsolicitudgral? HTTP/1.1" 200 28575
192.168.10.56 - - [29/May/2018:16:15:25 -0300] "GET /cormun/static/menuarrow.gif HTTP/1.1" 404 1015
192.168.10.56 - - [29/May/2018:16:15:34 -0300] "POST /cormun/servlet/trsolicitudgral?940c60b05551181c8b0e5bed22da8c3d,,gx-no-cache=1527621139861 HTTP/1.1" 200 11834
192.168.10.56 - - [29/May/2018:16:16:11 -0300] "POST /cormun/servlet/trsolicitudgral?940c60b05551181c8b0e5bed22da8c3d,,gx-no-cache=1527621176914 HTTP/1.1" 200 16712
192.168.10.56 - - [29/May/2018:16:16:24 -0300] "POST /cormun/servlet/trsolicitudgral?940c60b05551181c8b0e5bed22da8c3d,,gx-no-cache=1527621190178 HTTP/1.1" 200 8582
192.168.10.56 - - [29/May/2018:16:16:35 -0300] "POST /cormun/servlet/trsolicitudgral?940c60b05551181c8b0e5bed22da8c3d,,gx-no-cache=1527621200520 HTTP/1.1" 200 20954
192.168.10.56 - - [29/May/2018:16:16:51 -0300] "POST /cormun/servlet/trsolicitudgral?940c60b05551181c8b0e5bed22da8c3d,,gx-no-cache=1527621216670 HTTP/1.1" 200 8535
192.168.10.56 - - [29/May/2018:16:17:54 -0300] "POST /cormun/servlet/trsolicitudgral?940c60b05551181c8b0e5bed22da8c3d,,gx-no-cache=1527621279712 HTTP/1.1" 200 7745
192.168.10.56 - - [29/May/2018:16:17:54 -0300] "GET /cormun/static/Shared/jqueryui/images/ui-icons_82798d_256x240.png HTTP/1.1" 404 1089
192.168.10.56 - - [29/May/2018:16:17:54 -0300] "GET /cormun/static/Shared/jqueryui/images/ui-bg_highlight-soft_100_c6c2c8_1x100.png HTTP/1.1" 404 1117
192.168.10.56 - - [29/May/2018:16:17:54 -0300] "GET /cormun/static/Shared/jqueryui/images/ui-bg_flat_55_fafafa_40x100.png HTTP/1.1" 404 1097
192.168.10.56 - - [29/May/2018:16:17:54 -0300] "GET /cormun/static/Shared/jqueryui/images/ui-icons_8d78a5_256x240.png HTTP/1.1" 404 1089
192.168.10.56 - - [29/May/2018:16:18:06 -0300] "POST /cormun/servlet/trsolicitudgral?940c60b05551181c8b0e5bed22da8c3d,,gx-no-cache=1527621291628 HTTP/1.1" 200 20954
192.168.10.56 - - [29/May/2018:16:18:17 -0300] "POST /cormun/servlet/trsolicitudgral?940c60b05551181c8b0e5bed22da8c3d,,gx-no-cache=1527621302255 HTTP/1.1" 200 9845
192.168.10.56 - - [29/May/2018:16:19:50 -0300] "POST /cormun/servlet/trsolicitudgral?940c60b05551181c8b0e5bed22da8c3d,,gx-no-cache=1527621395958 HTTP/1.1" 200 7288
192.168.10.56 - - [29/May/2018:16:20:08 -0300] "POST /cormun/servlet/trsolicitudgral?940c60b05551181c8b0e5bed22da8c3d,,gx-no-cache=1527621413845 HTTP/1.1" 200 10708
192.168.10.56 - - [29/May/2018:16:20:30 -0300] "POST /cormun/servlet/trsolicitudgral?940c60b05551181c8b0e5bed22da8c3d,,gx-no-cache=1527621435964 HTTP/1.1" 200 9845
192.168.10.56 - - [29/May/2018:16:22:56 -0300] "POST /cormun/servlet/trsolicitudgral?940c60b05551181c8b0e5bed22da8c3d,,gx-no-cache=1527621581879 HTTP/1.1" 200 115
192.168.10.56 - - [29/May/2018:16:22:56 -0300] "GET /cormun/servlet/solicitudotlog?INS,2018,9190,0,REC, HTTP/1.1" 200 6318
192.168.10.56 - - [29/May/2018:16:22:56 -0300] "GET /cormun/static/calendar-system.css?75620 HTTP/1.1" 200 5572
192.168.10.56 - - [29/May/2018:16:22:56 -0300] "GET /cormun/static/gxcfg.js?2017761245646 HTTP/1.1" 200 953
192.168.10.56 - - [29/May/2018:16:22:57 -0300] "GET /cormun/servlet/solicitudotlog?INS,2018,9190,0,REC, HTTP/1.1" 200 6318
192.168.10.56 - - [29/May/2018:16:22:57 -0300] "GET /cormun/servlet/solicitudotlog?1b5719325b07a2b02a2048e5edef326f463178107f0bee0d9b21cdb3260c568da091adac774287d6ef84ccbc97502038cf943273c13403ba4a5e164e9658ef11313bf7532bcea3507f0762c957624af9615114c302f8f9eaf6b0da58c1d3ef8bb43885918524a8c40d2db63819708dcb15c298c7dbf8fb1c3478d7641455e022dab66e75c3c123faf1df67b49fc70d90e521d055776ec36b1f1ed5f4ffe798d6,gx-no-cache=1527621582949 HTTP/1.1" 200 94
192.168.10.56 - - [29/May/2018:16:23:18 -0300] "POST /cormun/servlet/solicitudotlog?940c60b05551181c8b0e5bed22da8c3d,INS,2018,9190,0,REC,,gx-no-cache=1527621603483 HTTP/1.1" 200 93
192.168.10.56 - - [29/May/2018:16:23:18 -0300] "GET /cormun/servlet/hpexe_return? HTTP/1.1" 200 1026
192.168.10.56 - - [29/May/2018:16:23:18 -0300] "GET /cormun/servlet/trsolicitudgral? HTTP/1.1" 200 12485
192.168.10.56 - - [29/May/2018:16:23:19 -0300] "GET /cormun/servlet/trsolicitudgral? HTTP/1.1" 200 12480
192.168.10.56 - - [29/May/2018:16:25:02 -0300] "POST /cormun/servlet/trsolicitudgral?940c60b05551181c8b0e5bed22da8c3d,,gx-no-cache=1527621708208 HTTP/1.1" 200 8457
192.168.10.56 - - [29/May/2018:16:25:28 -0300] "GET /cormun/servlet/solicitudgral2?UPD,2018,9148, HTTP/1.1" 200 12954
192.168.10.56 - - [29/May/2018:16:25:29 -0300] "GET /cormun/static/gxcfg.js?20181911361990 HTTP/1.1" 200 953
192.168.10.56 - - [29/May/2018:16:25:29 -0300] "GET /cormun/static/solicitudgral2.js?20181911362067 HTTP/1.1" 200 43987
192.168.10.56 - - [29/May/2018:16:25:29 -0300] "GET /cormun/servlet/solicitudgral2?UPD,2018,9148, HTTP/1.1" 200 12965
192.168.10.56 - - [29/May/2018:16:25:30 -0300] "POST /cormun/servlet/solicitudgral2?gx-no-cache=1527621735300 HTTP/1.1" 200 3885
192.168.10.56 - - [29/May/2018:16:25:30 -0300] "GET /cormun/servlet/solicitudgral2?1b5719325b07a2b02a2048e5edef326f3df25cac4e556e83a037f93e4b379cec1c888b7b0c4ea46c369a7f11832cf1ae238679b2190f74771c4c0c4d8a95156002c8fdc654f2b5db7d1e7096014846172a0549acdcd34d3e6de0f46a219c538347609179e5f9b556b0479b4b00803cc5d51a5be9040509b60b9442073b0498ba3bcd06e02919c7c4a0a96cf04bd3149b97ef665c9281bbc66d6ebb77aaac82666ba91aefd348631af75b9b243f2a8270b1db77d153cac9fa08955df20941cbc4715c7bc625c65662bba6ff6d26eac18e4d2271098c66347bde38537e3a6874bdf3753596374259202ca073835948b377a091adac774287d6ef84ccbc9750203884d76a81e802164b83b3c7edcaa5c3283aeaabec058dd22cc19ca0c6a4e386ea845936c8378a75f5a5120e191393dfb9e93a7dcf2bab50170decbfeaea9ed8f2cde409b2dd8c03728091d82965378af1,gx-no-cache=1527621735435 HTTP/1.1" 200 255
192.168.10.56 - - [29/May/2018:16:25:30 -0300] "POST /cormun/servlet/solicitudgral2?gx-no-cache=1527621735477 HTTP/1.1" 200 1428
192.168.10.56 - - [29/May/2018:16:25:30 -0300] "GET /cormun/servlet/solicitudgral2?1b5719325b07a2b02a2048e5edef326f4096aa8869b5ce28ee7274cf19f06b106836581acc5f2ffbeef26e964dd8fe499a61821242c6f726075eeb3f7ac44ca720f88dea1c5a6bb0f72fccec98984a6f01df18ca269c485faaf549d7e1f2e2ec281b198b90b953acfa7c9e00de80739c,gx-no-cache=1527621735530 HTTP/1.1" 200 41
192.168.10.56 - - [29/May/2018:16:25:33 -0300] "POST /cormun/servlet/solicitudgral2?940c60b05551181c8b0e5bed22da8c3d,UPD,2018,9148,,gx-no-cache=1527621738546 HTTP/1.1" 200 93
192.168.10.56 - - [29/May/2018:16:25:33 -0300] "GET /cormun/servlet/hpexe_return? HTTP/1.1" 200 1018
192.168.10.56 - - [29/May/2018:16:25:33 -0300] "GET /cormun/servlet/trsolicitudgral? HTTP/1.1" 200 11491
192.168.10.56 - - [29/May/2018:16:25:33 -0300] "GET /cormun/servlet/trsolicitudgral? HTTP/1.1" 200 11487
192.168.10.56 - - [29/May/2018:16:26:41 -0300] "POST /cormun/servlet/trsolicitudgral?940c60b05551181c8b0e5bed22da8c3d,,gx-no-cache=1527621806745 HTTP/1.1" 200 115
192.168.10.56 - - [29/May/2018:16:26:41 -0300] "GET /cormun/servlet/solicitudotlog?INS,2018,9148,0,REC, HTTP/1.1" 200 6317
192.168.10.56 - - [29/May/2018:16:26:41 -0300] "GET /cormun/servlet/solicitudotlog?INS,2018,9148,0,REC, HTTP/1.1" 200 6317
192.168.10.56 - - [29/May/2018:16:26:42 -0300] "GET /cormun/servlet/solicitudotlog?1b5719325b07a2b02a2048e5edef326ff06a47a3694a5806528cbc8277a3007da091adac774287d6ef84ccbc97502038cf943273c13403ba4a5e164e9658ef11313bf7532bcea3507f0762c957624af9615114c302f8f9eaf6b0da58c1d3ef8bb43885918524a8c40d2db63819708dcb15c298c7dbf8fb1c3478d7641455e022dab66e75c3c123faf1df67b49fc70d90e521d055776ec36b1f1ed5f4ffe798d6,gx-no-cache=1527621807745 HTTP/1.1" 200 94
192.168.10.56 - - [29/May/2018:16:27:01 -0300] "POST /cormun/servlet/solicitudotlog?940c60b05551181c8b0e5bed22da8c3d,INS,2018,9148,0,REC,,gx-no-cache=1527621826878 HTTP/1.1" 200 93
192.168.10.56 - - [29/May/2018:16:27:01 -0300] "GET /cormun/servlet/hpexe_return? HTTP/1.1" 200 1024
192.168.10.56 - - [29/May/2018:16:27:01 -0300] "GET /cormun/servlet/trsolicitudgral HTTP/1.1" 200 11496
192.168.10.56 - - [29/May/2018:16:27:02 -0300] "GET /cormun/servlet/trsolicitudgral HTTP/1.1" 200 11491
192.168.10.56 - - [29/May/2018:16:27:08 -0300] "GET /cormun/servlet/solicitudgral2?UPD,2018,11462, HTTP/1.1" 200 13020
192.168.10.56 - - [29/May/2018:16:27:09 -0300] "GET /cormun/servlet/solicitudgral2?UPD,2018,11462, HTTP/1.1" 200 13031
192.168.10.56 - - [29/May/2018:16:27:09 -0300] "POST /cormun/servlet/solicitudgral2?gx-no-cache=1527621834958 HTTP/1.1" 200 3885
192.168.10.56 - - [29/May/2018:16:27:09 -0300] "GET /cormun/servlet/solicitudgral2?1b5719325b07a2b02a2048e5edef326f3df25cac4e556e83a037f93e4b379cec1c888b7b0c4ea46c369a7f11832cf1ae238679b2190f74771c4c0c4d8a95156002c8fdc654f2b5db7d1e7096014846172a0549acdcd34d3e6de0f46a219c538347609179e5f9b556b0479b4b00803cc5d51a5be9040509b60b9442073b0498ba3bcd06e02919c7c4a0a96cf04bd3149b97ef665c9281bbc66d6ebb77aaac82666ba91aefd348631af75b9b243f2a8270b1db77d153cac9fa08955df20941cbc4715c7bc625c65662bba6ff6d26eac18e4d2271098c66347bde38537e3a6874bdf3753596374259202ca073835948b377a091adac774287d6ef84ccbc9750203884d76a81e802164b83b3c7edcaa5c3283aeaabec058dd22cc19ca0c6a4e386ea845936c8378a75f5a5120e191393dfb9e93a7dcf2bab50170decbfeaea9ed8f2cde409b2dd8c03728091d82965378af1,gx-no-cache=1527621835084 HTTP/1.1" 200 255
192.168.10.56 - - [29/May/2018:16:27:09 -0300] "POST /cormun/servlet/solicitudgral2?gx-no-cache=1527621835110 HTTP/1.1" 200 1428
192.168.10.56 - - [29/May/2018:16:27:09 -0300] "GET /cormun/servlet/solicitudgral2?1b5719325b07a2b02a2048e5edef326f4096aa8869b5ce28ee7274cf19f06b106836581acc5f2ffbeef26e964dd8fe499a61821242c6f726075eeb3f7ac44ca720f88dea1c5a6bb0f72fccec98984a6f01df18ca269c485faaf549d7e1f2e2ec960e0a02c275ce806035b15423feb7d3,gx-no-cache=1527621835148 HTTP/1.1" 200 41
192.168.10.56 - - [29/May/2018:16:27:17 -0300] "POST /cormun/servlet/solicitudgral2?940c60b05551181c8b0e5bed22da8c3d,UPD,2018,11462,,gx-no-cache=1527621842916 HTTP/1.1" 200 11843
192.168.10.56 - - [29/May/2018:16:27:17 -0300] "GET /cormun/servlet/solicitudgral2?1b5719325b07a2b02a2048e5edef326f67d308b705378c0372097ed41ef7fd852cd8fc4249f8d22bd88b63705b5ae231cc08e7c5c5d6c9787b8fe3e8da04f69697bbfa2396b0eb9080d01b3ebe39330a332b516489557db18c17867248d171de9154dc98448f6b6189acb7e482b75e79fd4105d7f58937bbd4cd65a8664a9392fede258b79066a2156bcdc2d6bf203e21eb8c1bcdf3660535a06277f6f44344f7b9103869611f64a3bd1262a941c5889c0d562c3a1b81fc7ad23f613baec441fd607abfde79e6f84eea64d7daf762ec0,gx-no-cache=1527621843083 HTTP/1.1" 200 29
192.168.10.56 - - [29/May/2018:16:27:17 -0300] "POST /cormun/servlet/solicitudgral2?gx-no-cache=1527621843102 HTTP/1.1" 200 1326
192.168.10.56 - - [29/May/2018:16:27:17 -0300] "POST /cormun/servlet/solicitudgral2?gx-no-cache=1527621843142 HTTP/1.1" 200 1249
192.168.10.56 - - [29/May/2018:16:27:17 -0300] "GET /cormun/servlet/solicitudgral2?1b5719325b07a2b02a2048e5edef326f934069cdce707df334d5a86081e7e8d4b15db1ff6c158a73ed578044d4d10fc99fa2b10393fa6509434efdd3981c8e4c068a747775dea414328b96bf9b75848993bcea412dc815d70f2157088a36e95b1ad008be9fd09393a377d384b462a3c925d3455ab72436d7220a1db3ac63aaf7,gx-no-cache=1527621843184 HTTP/1.1" 200 30
192.168.10.56 - - [29/May/2018:16:27:23 -0300] "POST /cormun/servlet/solicitudgral2?940c60b05551181c8b0e5bed22da8c3d,UPD,2018,11462,,gx-no-cache=1527621849220 HTTP/1.1" 200 93
192.168.10.56 - - [29/May/2018:16:27:24 -0300] "GET /cormun/servlet/hpexe_return? HTTP/1.1" 200 1017
192.168.10.56 - - [29/May/2018:16:27:24 -0300] "GET /cormun/servlet/trsolicitudgral HTTP/1.1" 200 11496
192.168.10.56 - - [29/May/2018:16:27:24 -0300] "GET /cormun/servlet/trsolicitudgral HTTP/1.1" 200 11492
192.168.10.56 - - [29/May/2018:16:27:27 -0300] "POST /cormun/servlet/trsolicitudgral?940c60b05551181c8b0e5bed22da8c3d,gx-no-cache=1527621853167 HTTP/1.1" 200 116
192.168.10.56 - - [29/May/2018:16:27:27 -0300] "GET /cormun/servlet/solicitudotlog?INS,2018,11468,0,REC, HTTP/1.1" 200 6318
192.168.10.56 - - [29/May/2018:16:27:28 -0300] "GET /cormun/servlet/solicitudotlog?INS,2018,11468,0,REC, HTTP/1.1" 200 6318
192.168.10.56 - - [29/May/2018:16:27:28 -0300] "GET /cormun/servlet/solicitudotlog?1b5719325b07a2b02a2048e5edef326fd4a922cd4897a7c35e1ffd894d845c602cd8fc4249f8d22bd88b63705b5ae231c82a55c6e615c7ccc39096585770dacdce24cea2517d4f256b156c0097007d93ea0b2294977686e7da291856366d94bef957cf55dc628103d572a86c1b115c3ff731f20b782cb66ab293de1e3b759f2551db7d9b3fb20d84b9161f58d1215a13f7221880504e1c3b88daf6336cd7919a,gx-no-cache=1527621854014 HTTP/1.1" 200 94
192.168.10.56 - - [29/May/2018:16:27:42 -0300] "POST /cormun/servlet/solicitudotlog?940c60b05551181c8b0e5bed22da8c3d,INS,2018,11468,0,REC,,gx-no-cache=1527621867425 HTTP/1.1" 200 93
192.168.10.56 - - [29/May/2018:16:27:42 -0300] "GET /cormun/servlet/hpexe_return? HTTP/1.1" 200 1026
192.168.10.56 - - [29/May/2018:16:27:42 -0300] "GET /cormun/servlet/trsolicitudgral HTTP/1.1" 200 11500
192.168.10.56 - - [29/May/2018:16:27:42 -0300] "GET /cormun/servlet/trsolicitudgral HTTP/1.1" 200 11495
192.168.10.56 - - [29/May/2018:16:27:48 -0300] "POST /cormun/servlet/trsolicitudgral?940c60b05551181c8b0e5bed22da8c3d,gx-no-cache=1527621873660 HTTP/1.1" 200 8503
192.168.10.56 - - [29/May/2018:16:27:48 -0300] "GET /cormun/static/Shared/jqueryui/images/ui-bg_highlight-soft_100_c6c2c8_1x100.png HTTP/1.1" 404 1117
192.168.10.56 - - [29/May/2018:16:27:48 -0300] "GET /cormun/static/Shared/jqueryui/images/ui-icons_82798d_256x240.png HTTP/1.1" 404 1089
192.168.10.56 - - [29/May/2018:16:27:48 -0300] "GET /cormun/static/Shared/jqueryui/images/ui-bg_flat_55_fafafa_40x100.png HTTP/1.1" 404 1097
192.168.10.56 - - [29/May/2018:16:27:48 -0300] "GET /cormun/static/Shared/jqueryui/images/ui-icons_8d78a5_256x240.png HTTP/1.1" 404 1089
192.168.10.56 - - [29/May/2018:16:28:00 -0300] "POST /cormun/servlet/trsolicitudgral?940c60b05551181c8b0e5bed22da8c3d,gx-no-cache=1527621885431 HTTP/1.1" 200 9363
192.168.10.56 - - [29/May/2018:16:28:10 -0300] "POST /cormun/servlet/trsolicitudgral?940c60b05551181c8b0e5bed22da8c3d,gx-no-cache=1527621895713 HTTP/1.1" 200 9025
192.168.10.56 - - [29/May/2018:16:28:16 -0300] "POST /cormun/servlet/trsolicitudgral?940c60b05551181c8b0e5bed22da8c3d,gx-no-cache=1527621901970 HTTP/1.1" 200 8596
192.168.10.97 - - [29/May/2018:16:28:41 -0300] "GET /cormun/servlet/hlogin HTTP/1.1" 200 1727
192.168.10.56 - - [29/May/2018:16:28:42 -0300] "POST /cormun/servlet/trsolicitudgral?940c60b05551181c8b0e5bed22da8c3d,gx-no-cache=1527621927491 HTTP/1.1" 200 115
192.168.10.56 - - [29/May/2018:16:28:42 -0300] "GET /cormun/servlet/solicitudotlog?INS,2018,9143,0,REC, HTTP/1.1" 200 6317
192.168.10.56 - - [29/May/2018:16:28:42 -0300] "GET /cormun/servlet/solicitudotlog?INS,2018,9143,0,REC, HTTP/1.1" 200 6317
192.168.10.97 - - [29/May/2018:16:28:42 -0300] "POST /cormun/servlet/hlogin?a22f1fec88c4b119bb59b525c3cc2738,gx-no-cache=1527621927750 HTTP/1.1" 200 90
192.168.10.97 - - [29/May/2018:16:28:42 -0300] "GET /cormun/servlet/hpexe_link HTTP/1.1" 200 952
192.168.10.97 - - [29/May/2018:16:28:42 -0300] "GET /cormun/servlet/hhome HTTP/1.1" 200 4655
192.168.10.56 - - [29/May/2018:16:28:43 -0300] "GET /cormun/servlet/solicitudotlog?1b5719325b07a2b02a2048e5edef326f08c5d015b306c574266f8e3374924ddfa091adac774287d6ef84ccbc97502038cf943273c13403ba4a5e164e9658ef11313bf7532bcea3507f0762c957624af9615114c302f8f9eaf6b0da58c1d3ef8bb43885918524a8c40d2db63819708dcb15c298c7dbf8fb1c3478d7641455e022dab66e75c3c123faf1df67b49fc70d90e521d055776ec36b1f1ed5f4ffe798d6,gx-no-cache=1527621928426 HTTP/1.1" 200 94
192.168.10.97 - - [29/May/2018:16:28:44 -0300] "GET /cormun/servlet/hhome HTTP/1.1" 200 4651
192.168.10.97 - - [29/May/2018:16:28:47 -0300] "GET /cormun/servlet/trsolicitudgral? HTTP/1.1" 200 18999
192.168.10.97 - - [29/May/2018:16:28:48 -0300] "GET /cormun/servlet/trsolicitudgral? HTTP/1.1" 200 18997
192.168.10.56 - - [29/May/2018:16:28:55 -0300] "POST /cormun/servlet/solicitudotlog?940c60b05551181c8b0e5bed22da8c3d,INS,2018,9143,0,REC,,gx-no-cache=1527621940470 HTTP/1.1" 200 93
192.168.10.56 - - [29/May/2018:16:28:55 -0300] "GET /cormun/servlet/hpexe_return? HTTP/1.1" 200 1047
192.168.10.56 - - [29/May/2018:16:28:55 -0300] "GET /cormun/servlet/trsolicitudgral?gx-no-cache=1527621901970 HTTP/1.1" 200 11233
192.168.10.56 - - [29/May/2018:16:28:55 -0300] "GET /cormun/servlet/trsolicitudgral?gx-no-cache=1527621901970 HTTP/1.1" 200 11250
192.168.10.97 - - [29/May/2018:16:28:57 -0300] "POST /cormun/servlet/trsolicitudgral?a22f1fec88c4b119bb59b525c3cc2738,,gx-no-cache=1527621942665 HTTP/1.1" 200 5914
192.168.10.97 - - [29/May/2018:16:29:03 -0300] "POST /cormun/servlet/trsolicitudgral?a22f1fec88c4b119bb59b525c3cc2738,,gx-no-cache=1527621948060 HTTP/1.1" 200 7249
192.168.10.56 - - [29/May/2018:16:29:05 -0300] "POST /cormun/servlet/trsolicitudgral?940c60b05551181c8b0e5bed22da8c3d,gx-no-cache=1527621901970,gx-no-cache=1527621950904 HTTP/1.1" 200 115
192.168.10.56 - - [29/May/2018:16:29:05 -0300] "GET /cormun/servlet/solicitudotlog?INS,2018,9134,0,REC, HTTP/1.1" 200 6339
192.168.10.56 - - [29/May/2018:16:29:05 -0300] "GET /cormun/servlet/solicitudotlog?INS,2018,9134,0,REC, HTTP/1.1" 200 6317
192.168.10.56 - - [29/May/2018:16:29:06 -0300] "GET /cormun/servlet/solicitudotlog?1b5719325b07a2b02a2048e5edef326f1b56c7eef0700aa671dae3d1265250dfa091adac774287d6ef84ccbc97502038cf943273c13403ba4a5e164e9658ef11313bf7532bcea3507f0762c957624af9615114c302f8f9eaf6b0da58c1d3ef8bb43885918524a8c40d2db63819708dcb15c298c7dbf8fb1c3478d7641455e022dab66e75c3c123faf1df67b49fc70d90e521d055776ec36b1f1ed5f4ffe798d6,gx-no-cache=1527621951783 HTTP/1.1" 200 94
192.168.10.97 - - [29/May/2018:16:29:12 -0300] "GET /cormun/servlet/solicitudgral?UPD,2018,11562, HTTP/1.1" 200 13090
192.168.10.97 - - [29/May/2018:16:29:13 -0300] "GET /cormun/servlet/solicitudgral?UPD,2018,11562, HTTP/1.1" 200 13099
192.168.10.97 - - [29/May/2018:16:29:13 -0300] "POST /cormun/servlet/solicitudgral?gx-no-cache=1527621958410 HTTP/1.1" 200 3842
192.168.10.97 - - [29/May/2018:16:29:13 -0300] "GET /cormun/servlet/solicitudgral?9868a912b5f2b8cdd094c4e2cb0469eb18c3d29d5b392435ee5187668de72ff36e2d7ece12fe89a70e67092cf0056dc00756c4e26da735204cec37cb87aa501a0dfc4de3ff44b9e315dc1a35d40350ff38896994974972a7c4a342046e9200ce11d991dfba62ba6d8eeddf5a0d1fa9630164c8c7d3eb457b754f8851afdb6d7a5dbb58f56df0152ab3435eca39b7a72194cc30259b79189d189797e908732ebffe44c7255a9dd521c975a213c65dfee2e2b6de9972e4b0f254b3b7ee36ccf764b6c81927394cde85eb7385f81cfb820fdb551346dd9cb9e995eb639709631856044b7b677161dfb59a2debed495c909fb60953567d7141476c980298709df49ec7582ff78c0ad32517fb0f8414589dc7989cf45ca8595e0dccda281a945691acec231e04a5d66b1e63417ae13244e998e67a37f25155109a03c34406b2291e6ab53b4fa4d37b38b5f59ef0aec048a8ba,gx-no-cache=1527621958511 HTTP/1.1" 200 255
192.168.10.56 - - [29/May/2018:16:29:23 -0300] "POST /cormun/servlet/solicitudotlog?940c60b05551181c8b0e5bed22da8c3d,INS,2018,9134,0,REC,,gx-no-cache=1527621968323 HTTP/1.1" 200 93
192.168.10.56 - - [29/May/2018:16:29:23 -0300] "GET /cormun/servlet/hpexe_return? HTTP/1.1" 200 1047
192.168.10.56 - - [29/May/2018:16:29:23 -0300] "GET /cormun/servlet/trsolicitudgral?gx-no-cache=1527621901970 HTTP/1.1" 200 10831
192.168.10.56 - - [29/May/2018:16:29:23 -0300] "GET /cormun/servlet/trsolicitudgral?gx-no-cache=1527621901970 HTTP/1.1" 200 10849
192.168.10.97 - - [29/May/2018:16:29:37 -0300] "POST /cormun/servlet/solicitudgral?a22f1fec88c4b119bb59b525c3cc2738,UPD,2018,11562,,gx-no-cache=1527621982248 HTTP/1.1" 200 93
192.168.10.97 - - [29/May/2018:16:29:37 -0300] "GET /cormun/servlet/hpexe_return? HTTP/1.1" 200 1016
192.168.10.97 - - [29/May/2018:16:29:37 -0300] "GET /cormun/servlet/trsolicitudgral? HTTP/1.1" 200 10489
192.168.10.97 - - [29/May/2018:16:29:37 -0300] "GET /cormun/servlet/trsolicitudgral? HTTP/1.1" 200 10485
192.168.10.56 - - [29/May/2018:16:29:38 -0300] "GET /cormun/servlet/solicitudgral?UPD,2018,11455, HTTP/1.1" 200 12983
192.168.10.56 - - [29/May/2018:16:29:38 -0300] "GET /cormun/static/gxcfg.js?20181911354237 HTTP/1.1" 200 953
192.168.10.56 - - [29/May/2018:16:29:38 -0300] "GET /cormun/servlet/solicitudgral?UPD,2018,11455, HTTP/1.1" 200 12971
192.168.10.56 - - [29/May/2018:16:29:39 -0300] "POST /cormun/servlet/solicitudgral?gx-no-cache=1527621984410 HTTP/1.1" 200 3888
192.168.10.56 - - [29/May/2018:16:29:39 -0300] "GET /cormun/servlet/solicitudgral?1b5719325b07a2b02a2048e5edef326f3df25cac4e556e83a037f93e4b379cec1c888b7b0c4ea46c369a7f11832cf1ae238679b2190f74771c4c0c4d8a95156002c8fdc654f2b5db7d1e7096014846172a0549acdcd34d3e6de0f46a219c538347609179e5f9b556b0479b4b00803cc5d51a5be9040509b60b9442073b0498ba3bcd06e02919c7c4a0a96cf04bd3149b97ef665c9281bbc66d6ebb77aaac82666ba91aefd348631af75b9b243f2a8270b1db77d153cac9fa08955df20941cbc4715c7bc625c65662bba6ff6d26eac18e4d2271098c66347bde38537e3a6874bdf3753596374259202ca073835948b377a091adac774287d6ef84ccbc9750203884d76a81e802164b83b3c7edcaa5c3283aeaabec058dd22cc19ca0c6a4e386ea845936c8378a75f5a5120e191393dfb9e93a7dcf2bab50170decbfeaea9ed8f2cde409b2dd8c03728091d82965378af1,gx-no-cache=1527621984543 HTTP/1.1" 200 255
192.168.10.56 - - [29/May/2018:16:29:41 -0300] "GET /cormun/servlet/solicitudgral?1b5719325b07a2b02a2048e5edef326fe4c4bab2889eeebabed4afd360fc2aa60d1f9a875a7411e6af14afd3b922f7988a356a7d0389cc391b0c53f6cc0c7a9ee2d60dfc6b962adbb8ceec8d49fa9be2362901a80a2817c956da369f0c6ba1f1b72dcaf7176d494b3f5c007b25e55a8ad4069f1a8506ae27e624ccc8fcc5429956772fc0ffe4b3a429fc805f8bbf7a7039f23df295379a1debcdbe60e9d8297f2f497ff56c4a234a5858a686734776b2653b2827f7a8d71a54ecaaecda1f4cac3271734a4b6d5a586eb7a2a7677fd30973bc37e44797dbdf332c7e4e4c5fd9961efc4782a60f0fdc6eb837f3c4d5b8bea74921d099c74845e97565a3c2bc0e969e7d3bf1d1625d85a1242cfa2cfb3774365ff68abe688c8f9299938760234cc0685d918eb4705395a82bd5fbc22b5726234f93ae74ab32dc265dd7b77afd15296e0a6919a03ca7628887ac2208413eacc9a60f9c4572413fa99839daf3a6d96c31e579b32d535b87861bf82e724db5569ccdc38ee40e488830b8e37a071e4cee3ee7535158f4eb67263d29c1258a2760f87eab9abf80309cdb7a49eb81d236099e361ced62bc34165003c5f3725a9562,gx-no-cache=1527621986532 HTTP/1.1" 200 48
192.168.10.56 - - [29/May/2018:16:29:44 -0300] "POST /cormun/servlet/solicitudgral?940c60b05551181c8b0e5bed22da8c3d,UPD,2018,11455,,gx-no-cache=1527621989325 HTTP/1.1" 200 11854
192.168.10.56 - - [29/May/2018:16:29:44 -0300] "GET /cormun/servlet/solicitudgral?1b5719325b07a2b02a2048e5edef326f67d308b705378c0372097ed41ef7fd852cd8fc4249f8d22bd88b63705b5ae231cc08e7c5c5d6c9787b8fe3e8da04f69697bbfa2396b0eb9080d01b3ebe39330a332b516489557db18c17867248d171de9154dc98448f6b6189acb7e482b75e79fd4105d7f58937bbd4cd65a8664a9392fede258b79066a2156bcdc2d6bf203e21eb8c1bcdf3660535a06277f6f44344f7b9103869611f64a3bd1262a941c5889c0d562c3a1b81fc7ad23f613baec441fd607abfde79e6f84eea64d7daf762ec0,gx-no-cache=1527621989519 HTTP/1.1" 200 29
192.168.10.56 - - [29/May/2018:16:29:44 -0300] "POST /cormun/servlet/solicitudgral?gx-no-cache=1527621989537 HTTP/1.1" 200 1325
192.168.10.56 - - [29/May/2018:16:29:44 -0300] "POST /cormun/servlet/solicitudgral?gx-no-cache=1527621989576 HTTP/1.1" 200 1249
192.168.10.56 - - [29/May/2018:16:29:44 -0300] "POST /cormun/servlet/solicitudgral?940c60b05551181c8b0e5bed22da8c3d,UPD,2018,11455,,gx-no-cache=1527621989610 HTTP/1.1" 200 93
192.168.10.56 - - [29/May/2018:16:29:44 -0300] "GET /cormun/servlet/hpexe_return? HTTP/1.1" 200 1038
192.168.10.56 - - [29/May/2018:16:29:44 -0300] "GET /cormun/servlet/trsolicitudgral?gx-no-cache=1527621901970 HTTP/1.1" 200 10835
192.168.10.56 - - [29/May/2018:16:29:44 -0300] "GET /cormun/servlet/trsolicitudgral?gx-no-cache=1527621901970 HTTP/1.1" 200 10853
192.168.10.56 - - [29/May/2018:16:29:44 -0300] "GET /favicon.ico HTTP/1.1" 200 21630
192.168.10.97 - - [29/May/2018:16:30:08 -0300] "POST /cormun/servlet/trsolicitudgral?a22f1fec88c4b119bb59b525c3cc2738,,gx-no-cache=1527622013685 HTTP/1.1" 200 5919
192.168.10.97 - - [29/May/2018:16:30:19 -0300] "POST /cormun/servlet/trsolicitudgral?a22f1fec88c4b119bb59b525c3cc2738,,gx-no-cache=1527622024269 HTTP/1.1" 200 5918
192.168.10.97 - - [29/May/2018:16:30:30 -0300] "POST /cormun/servlet/trsolicitudgral?a22f1fec88c4b119bb59b525c3cc2738,,gx-no-cache=1527622035395 HTTP/1.1" 200 5918
192.168.10.56 - - [29/May/2018:16:30:41 -0300] "POST /cormun/servlet/trsolicitudgral?940c60b05551181c8b0e5bed22da8c3d,gx-no-cache=1527621901970,gx-no-cache=1527622046652 HTTP/1.1" 200 7879
192.168.10.97 - - [29/May/2018:16:30:44 -0300] "POST /cormun/servlet/trsolicitudgral?a22f1fec88c4b119bb59b525c3cc2738,,gx-no-cache=1527622049197 HTTP/1.1" 200 5918
192.168.10.97 - - [29/May/2018:16:30:54 -0300] "POST /cormun/servlet/trsolicitudgral?a22f1fec88c4b119bb59b525c3cc2738,,gx-no-cache=1527622059532 HTTP/1.1" 200 5918
192.168.10.56 - - [29/May/2018:16:30:58 -0300] "POST /cormun/servlet/trsolicitudgral?940c60b05551181c8b0e5bed22da8c3d,gx-no-cache=1527621901970,gx-no-cache=1527622064304 HTTP/1.1" 200 116
192.168.10.56 - - [29/May/2018:16:30:59 -0300] "GET /cormun/servlet/solicitudotlog?INS,2018,10925,0,REC, HTTP/1.1" 200 6341
192.168.10.56 - - [29/May/2018:16:30:59 -0300] "GET /cormun/servlet/solicitudotlog?INS,2018,10925,0,REC, HTTP/1.1" 200 6319
192.168.10.56 - - [29/May/2018:16:30:59 -0300] "GET /cormun/servlet/solicitudotlog?1b5719325b07a2b02a2048e5edef326f88ebff14dee63000570ace94118c58cf2cd8fc4249f8d22bd88b63705b5ae231c82a55c6e615c7ccc39096585770dacdce24cea2517d4f256b156c0097007d93ea0b2294977686e7da291856366d94bef957cf55dc628103d572a86c1b115c3ff731f20b782cb66ab293de1e3b759f2551db7d9b3fb20d84b9161f58d1215a13f7221880504e1c3b88daf6336cd7919a,gx-no-cache=1527622065197 HTTP/1.1" 200 94
192.168.10.97 - - [29/May/2018:16:31:01 -0300] "POST /cormun/servlet/trsolicitudgral?a22f1fec88c4b119bb59b525c3cc2738,,gx-no-cache=1527622066725 HTTP/1.1" 200 5918
192.168.10.97 - - [29/May/2018:16:31:11 -0300] "POST /cormun/servlet/trsolicitudgral?a22f1fec88c4b119bb59b525c3cc2738,,gx-no-cache=1527622076332 HTTP/1.1" 200 5918
192.168.10.56 - - [29/May/2018:16:31:12 -0300] "POST /cormun/servlet/solicitudotlog?940c60b05551181c8b0e5bed22da8c3d,INS,2018,10925,0,REC,,gx-no-cache=1527622078049 HTTP/1.1" 200 93
192.168.10.56 - - [29/May/2018:16:31:12 -0300] "GET /cormun/servlet/hpexe_return? HTTP/1.1" 200 1048
192.168.10.56 - - [29/May/2018:16:31:12 -0300] "GET /cormun/servlet/trsolicitudgral?gx-no-cache=1527621901970 HTTP/1.1" 200 10934
192.168.10.56 - - [29/May/2018:16:31:13 -0300] "GET /cormun/servlet/trsolicitudgral?gx-no-cache=1527621901970 HTTP/1.1" 200 10951
192.168.10.97 - - [29/May/2018:16:31:20 -0300] "POST /cormun/servlet/trsolicitudgral?a22f1fec88c4b119bb59b525c3cc2738,,gx-no-cache=1527622085625 HTTP/1.1" 200 5920
192.168.10.56 - - [29/May/2018:16:31:23 -0300] "POST /cormun/servlet/trsolicitudgral?940c60b05551181c8b0e5bed22da8c3d,gx-no-cache=1527621901970,gx-no-cache=1527622088623 HTTP/1.1" 200 24485
192.168.10.56 - - [29/May/2018:16:31:24 -0300] "GET /cormun/static/Resources/PXToolsGridNext.gif HTTP/1.1" 200 369
192.168.10.56 - - [29/May/2018:16:31:24 -0300] "GET /cormun/static/Resources/PXToolsGridLast.gif HTTP/1.1" 200 370
192.168.10.56 - - [29/May/2018:16:31:28 -0300] "POST /cormun/servlet/trsolicitudgral?940c60b05551181c8b0e5bed22da8c3d,gx-no-cache=1527621901970,gx-no-cache=1527622094192 HTTP/1.1" 200 7291
192.168.10.97 - - [29/May/2018:16:31:29 -0300] "POST /cormun/servlet/trsolicitudgral?a22f1fec88c4b119bb59b525c3cc2738,,gx-no-cache=1527622094097 HTTP/1.1" 200 5916
192.168.10.97 - - [29/May/2018:16:31:38 -0300] "POST /cormun/servlet/trsolicitudgral?a22f1fec88c4b119bb59b525c3cc2738,,gx-no-cache=1527622103466 HTTP/1.1" 200 5919
192.168.10.97 - - [29/May/2018:16:31:43 -0300] "POST /cormun/servlet/trsolicitudgral?a22f1fec88c4b119bb59b525c3cc2738,,gx-no-cache=1527622108753 HTTP/1.1" 200 5922
192.168.10.56 - - [29/May/2018:16:31:47 -0300] "POST /cormun/servlet/trsolicitudgral?940c60b05551181c8b0e5bed22da8c3d,gx-no-cache=1527621901970,gx-no-cache=1527622112862 HTTP/1.1" 200 8564
192.168.10.97 - - [29/May/2018:16:31:49 -0300] "POST /cormun/servlet/trsolicitudgral?a22f1fec88c4b119bb59b525c3cc2738,,gx-no-cache=1527622113897 HTTP/1.1" 200 5920
192.168.10.97 - - [29/May/2018:16:31:55 -0300] "POST /cormun/servlet/trsolicitudgral?a22f1fec88c4b119bb59b525c3cc2738,,gx-no-cache=1527622120730 HTTP/1.1" 200 5920
192.168.10.97 - - [29/May/2018:16:32:01 -0300] "POST /cormun/servlet/trsolicitudgral?a22f1fec88c4b119bb59b525c3cc2738,,gx-no-cache=1527622126265 HTTP/1.1" 200 5919
192.168.10.97 - - [29/May/2018:16:32:06 -0300] "POST /cormun/servlet/trsolicitudgral?a22f1fec88c4b119bb59b525c3cc2738,,gx-no-cache=1527622131587 HTTP/1.1" 200 5921
192.168.10.97 - - [29/May/2018:16:32:13 -0300] "POST /cormun/servlet/trsolicitudgral?a22f1fec88c4b119bb59b525c3cc2738,,gx-no-cache=1527622138313 HTTP/1.1" 200 5922
192.168.10.56 - - [29/May/2018:16:32:13 -0300] "POST /cormun/servlet/trsolicitudgral?940c60b05551181c8b0e5bed22da8c3d,gx-no-cache=1527621901970,gx-no-cache=1527622138739 HTTP/1.1" 200 7698
192.168.10.97 - - [29/May/2018:16:32:22 -0300] "POST /cormun/servlet/trsolicitudgral?a22f1fec88c4b119bb59b525c3cc2738,,gx-no-cache=1527622147481 HTTP/1.1" 200 5921
192.168.10.56 - - [29/May/2018:16:32:25 -0300] "POST /cormun/servlet/trsolicitudgral?940c60b05551181c8b0e5bed22da8c3d,gx-no-cache=1527621901970,gx-no-cache=1527622150915 HTTP/1.1" 200 7291
192.168.10.97 - - [29/May/2018:16:32:30 -0300] "POST /cormun/servlet/trsolicitudgral?a22f1fec88c4b119bb59b525c3cc2738,,gx-no-cache=1527622155449 HTTP/1.1" 200 5921
192.168.10.97 - - [29/May/2018:16:32:37 -0300] "POST /cormun/servlet/trsolicitudgral?a22f1fec88c4b119bb59b525c3cc2738,,gx-no-cache=1527622161866 HTTP/1.1" 200 5922
192.168.10.97 - - [29/May/2018:16:32:45 -0300] "POST /cormun/servlet/trsolicitudgral?a22f1fec88c4b119bb59b525c3cc2738,,gx-no-cache=1527622170274 HTTP/1.1" 200 5925
192.168.10.97 - - [29/May/2018:16:32:58 -0300] "POST /cormun/servlet/trsolicitudgral?a22f1fec88c4b119bb59b525c3cc2738,,gx-no-cache=1527622183345 HTTP/1.1" 200 5923
192.168.10.97 - - [29/May/2018:16:33:05 -0300] "POST /cormun/servlet/trsolicitudgral?a22f1fec88c4b119bb59b525c3cc2738,,gx-no-cache=1527622190113 HTTP/1.1" 200 5922
192.168.10.97 - - [29/May/2018:16:33:15 -0300] "POST /cormun/servlet/trsolicitudgral?a22f1fec88c4b119bb59b525c3cc2738,,gx-no-cache=1527622200698 HTTP/1.1" 200 5920
192.168.10.97 - - [29/May/2018:16:33:21 -0300] "POST /cormun/servlet/trsolicitudgral?a22f1fec88c4b119bb59b525c3cc2738,,gx-no-cache=1527622206929 HTTP/1.1" 200 5921
192.168.10.97 - - [29/May/2018:16:33:29 -0300] "POST /cormun/servlet/trsolicitudgral?a22f1fec88c4b119bb59b525c3cc2738,,gx-no-cache=1527622214465 HTTP/1.1" 200 5922
192.168.10.97 - - [29/May/2018:16:33:36 -0300] "POST /cormun/servlet/trsolicitudgral?a22f1fec88c4b119bb59b525c3cc2738,,gx-no-cache=1527622221809 HTTP/1.1" 200 5922
192.168.10.97 - - [29/May/2018:16:33:43 -0300] "POST /cormun/servlet/trsolicitudgral?a22f1fec88c4b119bb59b525c3cc2738,,gx-no-cache=1527622228289 HTTP/1.1" 200 5919
192.168.10.97 - - [29/May/2018:16:33:50 -0300] "POST /cormun/servlet/trsolicitudgral?a22f1fec88c4b119bb59b525c3cc2738,,gx-no-cache=1527622235577 HTTP/1.1" 200 5918
192.168.10.97 - - [29/May/2018:16:33:56 -0300] "POST /cormun/servlet/trsolicitudgral?a22f1fec88c4b119bb59b525c3cc2738,,gx-no-cache=1527622241081 HTTP/1.1" 200 5920
192.168.10.97 - - [29/May/2018:16:34:02 -0300] "POST /cormun/servlet/trsolicitudgral?a22f1fec88c4b119bb59b525c3cc2738,,gx-no-cache=1527622247321 HTTP/1.1" 200 7261
192.168.10.97 - - [29/May/2018:16:34:10 -0300] "GET /cormun/servlet/solicitudgral?UPD,2018,11547, HTTP/1.1" 200 13106
192.168.10.97 - - [29/May/2018:16:34:11 -0300] "GET /cormun/servlet/solicitudgral?UPD,2018,11547, HTTP/1.1" 200 13115
192.168.10.97 - - [29/May/2018:16:34:11 -0300] "POST /cormun/servlet/solicitudgral?gx-no-cache=1527622256552 HTTP/1.1" 200 3843
192.168.10.97 - - [29/May/2018:16:34:11 -0300] "GET /cormun/servlet/solicitudgral?9868a912b5f2b8cdd094c4e2cb0469eb18c3d29d5b392435ee5187668de72ff36e2d7ece12fe89a70e67092cf0056dc00756c4e26da735204cec37cb87aa501a0dfc4de3ff44b9e315dc1a35d40350ff38896994974972a7c4a342046e9200ce11d991dfba62ba6d8eeddf5a0d1fa9630164c8c7d3eb457b754f8851afdb6d7a5dbb58f56df0152ab3435eca39b7a72194cc30259b79189d189797e908732ebffe44c7255a9dd521c975a213c65dfee2e2b6de9972e4b0f254b3b7ee36ccf764b6c81927394cde85eb7385f81cfb820fdb551346dd9cb9e995eb639709631856044b7b677161dfb59a2debed495c909fb60953567d7141476c980298709df49ec7582ff78c0ad32517fb0f8414589dc7989cf45ca8595e0dccda281a945691acec231e04a5d66b1e63417ae13244e998e67a37f25155109a03c34406b2291e6ab53b4fa4d37b38b5f59ef0aec048a8ba,gx-no-cache=1527622256649 HTTP/1.1" 200 255
192.168.10.97 - - [29/May/2018:16:34:15 -0300] "GET /cormun/servlet/solicitudgral?9868a912b5f2b8cdd094c4e2cb0469ebe134809752acb9f720d470e4a5f870430d0aed6d8b60ac95fc6ed3283a8c5a5bc7582ff78c0ad32517fb0f8414589dc7cf3b69423d734d87fc398e72eea474c328f98ffc0146b11e6318cb2d82addf8122c33286d41ed120eacc44628f3ae676ad8379da0f34bc1e0b5ba325a83e668fde833c7412a125383b563a99f07c1d88dcd427def0d0b8b51a0c1e89cebec1da4a3ffe7aecbce03b93d0b50ce8b694893a39915a4cc55a158e000c893a8faf3d0d5dfb0bb6b4be1aa0eb4f2da13ad05e425af9f23d9623186823df8e61536eb5de8b244860b017831dc485b7e9f27bc9d1de4808f64a6703484c662938bbb15fe121e6df0e898f68615242f86d8c919ab82e840ce34ec76a932c58c13386f0b8db0f2dddfc72587bc4382bb32baf375c9a0cb8a2492d52aad70e187b293fae6c6575e15dcc0c2f1635249ddf26a643206383f02f86075b5fb2a10a97fa0f0cd4e121e6df0e898f68615242f86d8c919a15527217772c04efae20ca6f6c1f69957c3709f7fd151ec525cd70363c00e6cee8282ad3418b6bc8e572439bbf6853422b9d11b3b50b377f6689081f3e438d9c,gx-no-cache=1527622261074 HTTP/1.1" 200 48
192.168.10.97 - - [29/May/2018:16:34:16 -0300] "POST /cormun/servlet/solicitudgral?a22f1fec88c4b119bb59b525c3cc2738,UPD,2018,11547,,gx-no-cache=1527622261092 HTTP/1.1" 200 11821
192.168.10.97 - - [29/May/2018:16:34:16 -0300] "GET /cormun/servlet/solicitudgral?9868a912b5f2b8cdd094c4e2cb0469ebd33267a5ded709036a2ee6f743f11aa0a2f4b3130b851baec05982aea19a67f126b5cdb941c17b885ed1d9f6bdbc68a100b73c8fa72eb5020aaaa965e3e416c44f3574406eca00efe5464af7a33648192486be4cccf7051d3e26e0138d8c78a16e5609ba755e83cd3b8b1fec619e2b97159b63ea4cba56481ad22118bf50e413ca190a8bfe9c8727db7231ea60dbe36e,gx-no-cache=1527622261278 HTTP/1.1" 200 29
192.168.10.97 - - [29/May/2018:16:34:16 -0300] "POST /cormun/servlet/solicitudgral?gx-no-cache=1527622261295 HTTP/1.1" 200 1325
192.168.10.97 - - [29/May/2018:16:34:16 -0300] "POST /cormun/servlet/solicitudgral?gx-no-cache=1527622261322 HTTP/1.1" 200 1248
192.168.10.97 - - [29/May/2018:16:34:16 -0300] "POST /cormun/servlet/solicitudgral?a22f1fec88c4b119bb59b525c3cc2738,UPD,2018,11547,,gx-no-cache=1527622261353 HTTP/1.1" 200 93
192.168.10.97 - - [29/May/2018:16:34:16 -0300] "GET /cormun/servlet/hpexe_return? HTTP/1.1" 200 1016
192.168.10.97 - - [29/May/2018:16:34:16 -0300] "GET /cormun/servlet/trsolicitudgral? HTTP/1.1" 200 10491
192.168.10.97 - - [29/May/2018:16:34:16 -0300] "GET /cormun/servlet/trsolicitudgral? HTTP/1.1" 200 10487
192.168.10.97 - - [29/May/2018:16:34:29 -0300] "POST /cormun/servlet/trsolicitudgral?a22f1fec88c4b119bb59b525c3cc2738,,gx-no-cache=1527622274370 HTTP/1.1" 200 6111
192.168.10.97 - - [29/May/2018:16:34:29 -0300] "GET /cormun/static/Shared/jqueryui/images/ui-bg_highlight-soft_100_c6c2c8_1x100.png HTTP/1.1" 404 1117
192.168.10.97 - - [29/May/2018:16:34:29 -0300] "GET /cormun/static/Shared/jqueryui/images/ui-bg_flat_55_fafafa_40x100.png HTTP/1.1" 404 1097
192.168.10.97 - - [29/May/2018:16:34:29 -0300] "GET /cormun/static/Shared/jqueryui/images/ui-icons_8d78a5_256x240.png HTTP/1.1" 404 1089
192.168.10.97 - - [29/May/2018:16:34:29 -0300] "GET /cormun/static/Shared/jqueryui/images/ui-icons_82798d_256x240.png HTTP/1.1" 404 1089
192.168.10.97 - - [29/May/2018:16:34:37 -0300] "POST /cormun/servlet/trsolicitudgral?a22f1fec88c4b119bb59b525c3cc2738,,gx-no-cache=1527622282638 HTTP/1.1" 200 5919
192.168.10.97 - - [29/May/2018:16:34:44 -0300] "POST /cormun/servlet/trsolicitudgral?a22f1fec88c4b119bb59b525c3cc2738,,gx-no-cache=1527622289076 HTTP/1.1" 200 5919
192.168.10.97 - - [29/May/2018:16:34:49 -0300] "POST /cormun/servlet/trsolicitudgral?a22f1fec88c4b119bb59b525c3cc2738,,gx-no-cache=1527622294532 HTTP/1.1" 200 5920
192.168.10.97 - - [29/May/2018:16:34:58 -0300] "POST /cormun/servlet/trsolicitudgral?a22f1fec88c4b119bb59b525c3cc2738,,gx-no-cache=1527622303652 HTTP/1.1" 200 5921
192.168.10.56 - - [29/May/2018:16:35:01 -0300] "POST /cormun/servlet/trsolicitudgral?940c60b05551181c8b0e5bed22da8c3d,gx-no-cache=1527621901970,gx-no-cache=1527622306759 HTTP/1.1" 200 11024
192.168.10.97 - - [29/May/2018:16:35:09 -0300] "POST /cormun/servlet/trsolicitudgral?a22f1fec88c4b119bb59b525c3cc2738,,gx-no-cache=1527622314284 HTTP/1.1" 200 5920
192.168.10.97 - - [29/May/2018:16:35:17 -0300] "POST /cormun/servlet/trsolicitudgral?a22f1fec88c4b119bb59b525c3cc2738,,gx-no-cache=1527622322205 HTTP/1.1" 200 5918
192.168.10.97 - - [29/May/2018:16:35:23 -0300] "POST /cormun/servlet/trsolicitudgral?a22f1fec88c4b119bb59b525c3cc2738,,gx-no-cache=1527622328692 HTTP/1.1" 200 5920
192.168.10.56 - - [29/May/2018:16:35:26 -0300] "GET /cormun/servlet/vesolicitudgral?2018,11293,, HTTP/1.1" 200 9163
192.168.10.56 - - [29/May/2018:16:35:26 -0300] "GET /cormun/static/gxcfg.js?201711151294153 HTTP/1.1" 200 953
192.168.10.56 - - [29/May/2018:16:35:26 -0300] "GET /cormun/pexe_scrolldiv.js HTTP/1.1" 404 1009
192.168.10.56 - - [29/May/2018:16:35:26 -0300] "GET /cormun/static/hwcviewtabs.js?20177611594913 HTTP/1.1" 200 1074
192.168.10.56 - - [29/May/2018:16:35:26 -0300] "GET /cormun/static/Resources/PXToolsTabFirstSelected.png HTTP/1.1" 200 1259
192.168.10.56 - - [29/May/2018:16:35:26 -0300] "GET /cormun/static/hpexe_tabsview.js?201610171694228 HTTP/1.1" 200 1661
192.168.10.56 - - [29/May/2018:16:35:26 -0300] "GET /cormun/static/vesolicitudgral.js?201711151294244 HTTP/1.1" 200 6721
192.168.10.56 - - [29/May/2018:16:35:26 -0300] "GET /cormun/static/tbsolicitudgral01.js?201813119422078 HTTP/1.1" 200 31320
192.168.10.56 - - [29/May/2018:16:35:26 -0300] "GET /cormun/pexe_scrolldiv.js HTTP/1.1" 404 1009
192.168.10.56 - - [29/May/2018:16:35:26 -0300] "GET /cormun/static/Resources/PXToolsTabLastUnselected.png HTTP/1.1" 200 1291
192.168.10.56 - - [29/May/2018:16:35:26 -0300] "GET /cormun/static/Resources/PXToolsTabPrevious.gif HTTP/1.1" 200 172
192.168.10.56 - - [29/May/2018:16:35:26 -0300] "GET /cormun/static/Resources/PXToolsTabNext.gif HTTP/1.1" 200 168
192.168.10.56 - - [29/May/2018:16:35:27 -0300] "GET /cormun/static/calendar-system.css HTTP/1.1" 200 5572
192.168.10.56 - - [29/May/2018:16:35:27 -0300] "GET /cormun/static/Resources/PXToolsTabBackSelected.png HTTP/1.1" 200 1157
192.168.10.56 - - [29/May/2018:16:35:27 -0300] "GET /cormun/static/Resources/PXToolsTabBackUnselected.png HTTP/1.1" 200 1175
192.168.10.56 - - [29/May/2018:16:35:27 -0300] "GET /cormun/static/Resources/PXToolsTabUnselectedUnselected.png HTTP/1.1" 200 1459
192.168.10.56 - - [29/May/2018:16:35:27 -0300] "GET /cormun/static/Resources/PXToolsTabSelectedUnselected.png HTTP/1.1" 200 1428
192.168.10.56 - - [29/May/2018:16:35:27 -0300] "GET /cormun/servlet/vesolicitudgral?2018,11293,, HTTP/1.1" 200 9140
192.168.10.97 - - [29/May/2018:16:35:30 -0300] "POST /cormun/servlet/trsolicitudgral?a22f1fec88c4b119bb59b525c3cc2738,,gx-no-cache=1527622335347 HTTP/1.1" 200 5920
192.168.10.97 - - [29/May/2018:16:35:32 -0300] "POST /cormun/servlet/trsolicitudgral?a22f1fec88c4b119bb59b525c3cc2738,,gx-no-cache=1527622337315 HTTP/1.1" 200 5921
192.168.10.56 - - [29/May/2018:16:35:35 -0300] "GET /cormun/servlet/vesolicitudgral?2018,11293,,SolicitudOTLog HTTP/1.1" 200 9632
192.168.10.56 - - [29/May/2018:16:35:35 -0300] "GET /cormun/pexe_scrolldiv.js HTTP/1.1" 404 1009
192.168.10.56 - - [29/May/2018:16:35:35 -0300] "GET /cormun/static/tbsolicitudgral03.js?20177611585854 HTTP/1.1" 200 13342
192.168.10.56 - - [29/May/2018:16:35:35 -0300] "GET /cormun/pexe_scrolldiv.js HTTP/1.1" 404 1009
192.168.10.56 - - [29/May/2018:16:35:35 -0300] "GET /cormun/static/Resources/PXToolsTabLastSelected.png HTTP/1.1" 200 1262
192.168.10.56 - - [29/May/2018:16:35:35 -0300] "GET /cormun/static/gxui/gxui-all.css HTTP/1.1" 200 2179
192.168.10.56 - - [29/May/2018:16:35:35 -0300] "GET /cormun/static/Shared/ext/resources/css/ext-all.css HTTP/1.1" 200 416045
192.168.10.56 - - [29/May/2018:16:35:35 -0300] "GET /cormun/static/Resources/PXToolsTabUnselectedSelected.png HTTP/1.1" 200 1444
192.168.10.56 - - [29/May/2018:16:35:35 -0300] "GET /cormun/static/Resources/PXToolsTabFirstUnselected.png HTTP/1.1" 200 1264
192.168.10.56 - - [29/May/2018:16:35:35 -0300] "GET /cormun/servlet/vesolicitudgral?2018,11293,,SolicitudOTLog HTTP/1.1" 200 9632
192.168.10.56 - - [29/May/2018:16:35:36 -0300] "POST /cormun/servlet/acontrolpreferencessavestate?None,OVARGAS,true HTTP/1.1" 200 35
192.168.10.97 - - [29/May/2018:16:35:40 -0300] "POST /cormun/servlet/trsolicitudgral?a22f1fec88c4b119bb59b525c3cc2738,,gx-no-cache=1527622345603 HTTP/1.1" 200 5922
192.168.10.56 - - [29/May/2018:16:35:41 -0300] "GET /cormun/servlet/vesolicitudgral?2018,11293,, HTTP/1.1" 200 9163
192.168.10.56 - - [29/May/2018:16:35:41 -0300] "GET /cormun/servlet/vesolicitudgral?2018,11293,, HTTP/1.1" 200 9140
192.168.10.56 - - [29/May/2018:16:35:47 -0300] "GET /cormun/servlet/vesolicitudgral?2018,11293,,SolicitudOTAdjuntos HTTP/1.1" 200 7767
192.168.10.56 - - [29/May/2018:16:35:47 -0300] "GET /cormun/pexe_scrolldiv.js HTTP/1.1" 404 1009
192.168.10.56 - - [29/May/2018:16:35:47 -0300] "GET /cormun/static/tbsolicitudgral02.js?20171115129853 HTTP/1.1" 200 13312
192.168.10.56 - - [29/May/2018:16:35:47 -0300] "GET /cormun/pexe_scrolldiv.js HTTP/1.1" 404 1009
192.168.10.56 - - [29/May/2018:16:35:47 -0300] "GET /cormun/servlet/vesolicitudgral?2018,11293,,SolicitudOTAdjuntos HTTP/1.1" 200 7768
192.168.10.97 - - [29/May/2018:16:35:48 -0300] "POST /cormun/servlet/trsolicitudgral?a22f1fec88c4b119bb59b525c3cc2738,,gx-no-cache=1527622353460 HTTP/1.1" 200 5920
192.168.10.56 - - [29/May/2018:16:35:48 -0300] "POST /cormun/servlet/acontrolpreferencessavestate?None,OVARGAS,true HTTP/1.1" 200 35
192.168.10.56 - - [29/May/2018:16:35:51 -0300] "GET /cormun/servlet/vesolicitudgral?2018,11293,, HTTP/1.1" 200 9163
192.168.10.56 - - [29/May/2018:16:35:51 -0300] "GET /cormun/servlet/vesolicitudgral?2018,11293,, HTTP/1.1" 200 9140
192.168.10.56 - - [29/May/2018:16:35:54 -0300] "GET /cormun/servlet/trsolicitudgral?gx-no-cache=1527621901970 HTTP/1.1" 200 14042
192.168.10.56 - - [29/May/2018:16:35:54 -0300] "GET /cormun/servlet/trsolicitudgral?gx-no-cache=1527621901970 HTTP/1.1" 200 14059
