192.168.10.56 - - [29/May/2018:17:49:24 -0300] "GET /cormun/static/Resources/PXToolsTabFirstSelected.png HTTP/1.1" 200 1259
192.168.10.56 - - [29/May/2018:17:49:24 -0300] "GET /cormun/static/Resources/PXToolsTabPrevious.gif HTTP/1.1" 200 172
192.168.10.56 - - [29/May/2018:17:49:24 -0300] "GET /cormun/static/Resources/PXToolsTabNext.gif HTTP/1.1" 200 168
192.168.10.56 - - [29/May/2018:17:49:24 -0300] "GET /cormun/pexe_scrolldiv.js HTTP/1.1" 404 1009
192.168.10.56 - - [29/May/2018:17:49:25 -0300] "GET /cormun/static/Resources/PXToolsTabBackSelected.png HTTP/1.1" 200 1157
192.168.10.56 - - [29/May/2018:17:49:25 -0300] "GET /cormun/static/Resources/PXToolsTabBackUnselected.png HTTP/1.1" 200 1175
192.168.10.56 - - [29/May/2018:17:49:25 -0300] "GET /cormun/servlet/vesolicitudgral?2018,11319,, HTTP/1.1" 200 9149
192.168.10.56 - - [29/May/2018:17:49:30 -0300] "POST /cormun/servlet/vesolicitudgral?940c60b05551181c8b0e5bed22da8c3d,2018,11319,,,gx-no-cache=1527626775890 HTTP/1.1" 200 93
192.168.10.56 - - [29/May/2018:17:49:30 -0300] "GET /cormun/servlet/hpexe_return? HTTP/1.1" 200 1037
192.168.10.56 - - [29/May/2018:17:49:30 -0300] "GET /cormun/servlet/trsolicitudgral?gx-no-cache=1527621901970 HTTP/1.1" 200 13766
192.168.10.56 - - [29/May/2018:17:49:31 -0300] "GET /cormun/servlet/trsolicitudgral?gx-no-cache=1527621901970 HTTP/1.1" 200 13783
200.72.197.82 - - [29/May/2018:17:49:31 -0300] "POST /cormun/servlet/trautorizarsolicitud?edf1e51a5d398325797357521deb7a05,,gx-no-cache=1527626906689 HTTP/1.1" 200 6308
192.168.10.56 - - [29/May/2018:17:49:33 -0300] "GET /cormun/servlet/solicitudgral2?UPD,2018,11319, HTTP/1.1" 200 13046
192.168.10.56 - - [29/May/2018:17:49:33 -0300] "GET /cormun/servlet/solicitudgral2?UPD,2018,11319, HTTP/1.1" 200 13035
192.168.10.56 - - [29/May/2018:17:49:34 -0300] "POST /cormun/servlet/solicitudgral2?gx-no-cache=1527626779445 HTTP/1.1" 200 3901
192.168.10.56 - - [29/May/2018:17:49:34 -0300] "GET /cormun/servlet/solicitudgral2?1b5719325b07a2b02a2048e5edef326f3df25cac4e556e83a037f93e4b379cec1c888b7b0c4ea46c369a7f11832cf1ae238679b2190f74771c4c0c4d8a95156002c8fdc654f2b5db7d1e7096014846172a0549acdcd34d3e6de0f46a219c538347609179e5f9b556b0479b4b00803cc5d51a5be9040509b60b9442073b0498ba3bcd06e02919c7c4a0a96cf04bd3149b97ef665c9281bbc66d6ebb77aaac82666ba91aefd348631af75b9b243f2a8270b1db77d153cac9fa08955df20941cbc4715c7bc625c65662bba6ff6d26eac18e4d2271098c66347bde38537e3a6874bdf3753596374259202ca073835948b377a091adac774287d6ef84ccbc9750203884d76a81e802164b83b3c7edcaa5c3283aeaabec058dd22cc19ca0c6a4e386ea845936c8378a75f5a5120e191393dfb9e93a7dcf2bab50170decbfeaea9ed8f2cde409b2dd8c03728091d82965378af1,gx-no-cache=1527626779574 HTTP/1.1" 200 255
192.168.10.56 - - [29/May/2018:17:49:34 -0300] "POST /cormun/servlet/solicitudgral2?gx-no-cache=1527626779602 HTTP/1.1" 200 1428
192.168.10.56 - - [29/May/2018:17:49:34 -0300] "GET /cormun/servlet/solicitudgral2?1b5719325b07a2b02a2048e5edef326f4096aa8869b5ce28ee7274cf19f06b106836581acc5f2ffbeef26e964dd8fe499a61821242c6f726075eeb3f7ac44ca720f88dea1c5a6bb0f72fccec98984a6f01df18ca269c485faaf549d7e1f2e2ec281b198b90b953acfa7c9e00de80739c,gx-no-cache=1527626779654 HTTP/1.1" 200 41
192.168.10.56 - - [29/May/2018:17:49:35 -0300] "POST /cormun/servlet/solicitudgral2?940c60b05551181c8b0e5bed22da8c3d,UPD,2018,11319,,gx-no-cache=1527626780741 HTTP/1.1" 200 11896
192.168.10.56 - - [29/May/2018:17:49:35 -0300] "GET /cormun/servlet/solicitudgral2?1b5719325b07a2b02a2048e5edef326fd83b28473f5450b3d9672eb9efa9addd2cd8fc4249f8d22bd88b63705b5ae231ffae47eb884bfb942a482cafdf91feb597bbfa2396b0eb9080d01b3ebe39330a332b516489557db18c17867248d171de9154dc98448f6b6189acb7e482b75e79fd4105d7f58937bbd4cd65a8664a9392fede258b79066a2156bcdc2d6bf203e21eb8c1bcdf3660535a06277f6f44344f7b9103869611f64a3bd1262a941c5889c0d562c3a1b81fc7ad23f613baec441fd607abfde79e6f84eea64d7daf762ec0,gx-no-cache=1527626780904 HTTP/1.1" 200 29
192.168.10.56 - - [29/May/2018:17:49:35 -0300] "POST /cormun/servlet/solicitudgral2?gx-no-cache=1527626780922 HTTP/1.1" 200 1327
192.168.10.56 - - [29/May/2018:17:49:35 -0300] "POST /cormun/servlet/solicitudgral2?gx-no-cache=1527626780968 HTTP/1.1" 200 1249
200.72.197.82 - - [29/May/2018:17:49:42 -0300] "POST /cormun/servlet/trautorizarsolicitud?edf1e51a5d398325797357521deb7a05,,gx-no-cache=1527626919442 HTTP/1.1" 200 6309
192.168.10.56 - - [29/May/2018:17:49:48 -0300] "GET /cormun/servlet/solicitudgral2?1b5719325b07a2b02a2048e5edef326f934069cdce707df334d5a86081e7e8d49587d47fcd30dbe710e222ebe7adf8459fa2b10393fa6509434efdd3981c8e4c068a747775dea414328b96bf9b75848993bcea412dc815d70f2157088a36e95b183a656c5abdeae13f65bf8d7b9ead2a25d3455ab72436d7220a1db3ac63aaf7,gx-no-cache=1527626794051 HTTP/1.1" 200 30
192.168.10.56 - - [29/May/2018:17:49:48 -0300] "POST /cormun/servlet/solicitudgral2?940c60b05551181c8b0e5bed22da8c3d,UPD,2018,11319,,gx-no-cache=1527626794069 HTTP/1.1" 200 93
192.168.10.56 - - [29/May/2018:17:49:48 -0300] "GET /cormun/servlet/hpexe_return? HTTP/1.1" 200 1040
192.168.10.56 - - [29/May/2018:17:49:49 -0300] "GET /cormun/servlet/trsolicitudgral?gx-no-cache=1527621901970 HTTP/1.1" 200 13749
192.168.10.56 - - [29/May/2018:17:49:49 -0300] "GET /cormun/servlet/trsolicitudgral?gx-no-cache=1527621901970 HTTP/1.1" 200 13766
200.72.197.82 - - [29/May/2018:17:49:55 -0300] "POST /cormun/servlet/trautorizarsolicitud?edf1e51a5d398325797357521deb7a05,,gx-no-cache=1527626931847 HTTP/1.1" 200 6309
186.103.161.206 - - [29/May/2018:17:50:21 -0300] "POST /cormun/servlet/trautorizarsolicitud?edf1e51a5d398325797357521deb7a05,,gx-no-cache=1527626957112 HTTP/1.1" 200 8817
192.168.10.56 - - [29/May/2018:17:50:45 -0300] "POST /cormun/servlet/trsolicitudgral?940c60b05551181c8b0e5bed22da8c3d,gx-no-cache=1527621901970,gx-no-cache=1527626850878 HTTP/1.1" 200 10367
192.168.10.56 - - [29/May/2018:17:50:45 -0300] "GET /cormun/static/Shared/jqueryui/images/ui-bg_highlight-soft_100_c6c2c8_1x100.png HTTP/1.1" 404 1117
192.168.10.56 - - [29/May/2018:17:50:45 -0300] "GET /cormun/static/Shared/jqueryui/images/ui-icons_82798d_256x240.png HTTP/1.1" 404 1089
192.168.10.56 - - [29/May/2018:17:50:45 -0300] "GET /cormun/static/Shared/jqueryui/images/ui-bg_flat_55_fafafa_40x100.png HTTP/1.1" 404 1097
192.168.10.56 - - [29/May/2018:17:50:45 -0300] "GET /cormun/static/Shared/jqueryui/images/ui-icons_8d78a5_256x240.png HTTP/1.1" 404 1089
192.168.10.56 - - [29/May/2018:17:51:09 -0300] "GET /cormun/servlet/solicitudgral?UPD,2018,11291, HTTP/1.1" 200 12962
192.168.10.56 - - [29/May/2018:17:51:09 -0300] "GET /cormun/servlet/solicitudgral?UPD,2018,11291, HTTP/1.1" 200 12950
192.168.10.56 - - [29/May/2018:17:51:10 -0300] "POST /cormun/servlet/solicitudgral?gx-no-cache=1527626875588 HTTP/1.1" 200 3895
192.168.10.56 - - [29/May/2018:17:51:10 -0300] "GET /cormun/servlet/solicitudgral?1b5719325b07a2b02a2048e5edef326f3df25cac4e556e83a037f93e4b379cec1c888b7b0c4ea46c369a7f11832cf1ae238679b2190f74771c4c0c4d8a95156002c8fdc654f2b5db7d1e7096014846172a0549acdcd34d3e6de0f46a219c538347609179e5f9b556b0479b4b00803cc5d51a5be9040509b60b9442073b0498ba3bcd06e02919c7c4a0a96cf04bd3149b97ef665c9281bbc66d6ebb77aaac82666ba91aefd348631af75b9b243f2a8270b1db77d153cac9fa08955df20941cbc4715c7bc625c65662bba6ff6d26eac18e4d2271098c66347bde38537e3a6874bdf3753596374259202ca073835948b377a091adac774287d6ef84ccbc9750203884d76a81e802164b83b3c7edcaa5c3283aeaabec058dd22cc19ca0c6a4e386ea845936c8378a75f5a5120e191393dfb9e93a7dcf2bab50170decbfeaea9ed8f2cde409b2dd8c03728091d82965378af1,gx-no-cache=1527626875950 HTTP/1.1" 200 255
192.168.10.56 - - [29/May/2018:17:51:11 -0300] "GET /cormun/servlet/solicitudgral?1b5719325b07a2b02a2048e5edef326fe4c4bab2889eeebabed4afd360fc2aa62e9add6e0306ee745c04b7a34efba6bf84d76a81e802164b83b3c7edcaa5c328d97425228e54aadc1a827ba1348557a97b05199b68470ee8a0bafcb8abcbf142a3ace873e93e387c6f0e507c70623a342dbfd1a4c9dc749fd98fab1d8cf9f5e9ec95ee257525a0558368e0f8c5697cced458a786a7691b2b0a411f0606a12200eeaf3f36710d4b9aecea5644f91287b2586259593859ed66dc80370e9411b110b269534a9aa9a2be15ae18ab96c99e2a659829950abc2be058ab8c299a1faeda391c429126594ca236b12aba90a03da68190de8ff9b8455b66ce7d9814ca1f6b2e400577bd334527179c37c62f54fd8a004153003fdf7ddd09549dc0b2436583eebc88dc22485b2407a745dd911b0cf96a2ed36182f66e0ce14a443443329e60e24ced094699cd163e659863ef09fef1fe326a17656faf31bac74b5f7fe1d9762e400577bd334527179c37c62f54fd8a88185d0ec54c0db37488ef98c87fe1112daa3e69738bce8d069e6bdc1e8956a7354f4d33f3c0df1ddab066596b274106035671dd863075610b11933184b78653,gx-no-cache=1527626876396 HTTP/1.1" 200 48
192.168.10.56 - - [29/May/2018:17:51:11 -0300] "POST /cormun/servlet/solicitudgral?940c60b05551181c8b0e5bed22da8c3d,UPD,2018,11291,,gx-no-cache=1527626876432 HTTP/1.1" 200 11856
192.168.10.56 - - [29/May/2018:17:51:11 -0300] "GET /cormun/servlet/solicitudgral?1b5719325b07a2b02a2048e5edef326fd83b28473f5450b3d9672eb9efa9addd2cd8fc4249f8d22bd88b63705b5ae231ffae47eb884bfb942a482cafdf91feb597bbfa2396b0eb9080d01b3ebe39330a332b516489557db18c17867248d171de9154dc98448f6b6189acb7e482b75e79fd4105d7f58937bbd4cd65a8664a9392fede258b79066a2156bcdc2d6bf203e21eb8c1bcdf3660535a06277f6f44344f7b9103869611f64a3bd1262a941c5889c0d562c3a1b81fc7ad23f613baec441fd607abfde79e6f84eea64d7daf762ec0,gx-no-cache=1527626876700 HTTP/1.1" 200 29
192.168.10.56 - - [29/May/2018:17:51:11 -0300] "POST /cormun/servlet/solicitudgral?gx-no-cache=1527626876720 HTTP/1.1" 200 1325
192.168.10.56 - - [29/May/2018:17:51:11 -0300] "POST /cormun/servlet/solicitudgral?gx-no-cache=1527626876760 HTTP/1.1" 200 1249
200.54.18.251 - - [29/May/2018:17:51:13 -0300] "POST /cormun/servlet/trautorizarsolicitud?edf1e51a5d398325797357521deb7a05,,gx-no-cache=1527627009604 HTTP/1.1" 200 8828
186.67.172.234 - - [29/May/2018:17:51:17 -0300] "POST /cormun/servlet/trcontratosolicitud?36a7e7df0ee0ecd62d05033e904bec59,,gx-no-cache=1527627013112 HTTP/1.1" 200 12351
192.168.10.56 - - [29/May/2018:17:51:18 -0300] "POST /cormun/servlet/solicitudgral?940c60b05551181c8b0e5bed22da8c3d,UPD,2018,11291,,gx-no-cache=1527626883259 HTTP/1.1" 200 93
192.168.10.56 - - [29/May/2018:17:51:18 -0300] "GET /cormun/servlet/hpexe_return? HTTP/1.1" 200 1038
192.168.10.56 - - [29/May/2018:17:51:18 -0300] "GET /cormun/servlet/trsolicitudgral?gx-no-cache=1527621901970 HTTP/1.1" 200 13310
192.168.10.56 - - [29/May/2018:17:51:18 -0300] "GET /cormun/servlet/trsolicitudgral?gx-no-cache=1527621901970 HTTP/1.1" 200 13328
192.168.10.56 - - [29/May/2018:17:51:36 -0300] "GET /cormun/servlet/solicitudgral?UPD,2018,11290, HTTP/1.1" 200 12971
192.168.10.56 - - [29/May/2018:17:51:36 -0300] "GET /cormun/servlet/solicitudgral?UPD,2018,11290, HTTP/1.1" 200 12958
192.168.10.56 - - [29/May/2018:17:51:37 -0300] "POST /cormun/servlet/solicitudgral?gx-no-cache=1527626902374 HTTP/1.1" 200 3861
192.168.10.56 - - [29/May/2018:17:51:37 -0300] "GET /cormun/servlet/solicitudgral?1b5719325b07a2b02a2048e5edef326f3df25cac4e556e83a037f93e4b379cecc11de11a44161e661d99b932efa7de09238679b2190f74771c4c0c4d8a95156002c8fdc654f2b5db7d1e7096014846172a0549acdcd34d3e6de0f46a219c538347609179e5f9b556b0479b4b00803cc5d51a5be9040509b60b9442073b0498ba3bcd06e02919c7c4a0a96cf04bd3149b97ef665c9281bbc66d6ebb77aaac82666ba91aefd348631af75b9b243f2a8270b1db77d153cac9fa08955df20941cbc4715c7bc625c65662bba6ff6d26eac18e4d2271098c66347bde38537e3a6874bdf3753596374259202ca073835948b377a091adac774287d6ef84ccbc9750203884d76a81e802164b83b3c7edcaa5c3283aeaabec058dd22cc19ca0c6a4e386ea845936c8378a75f5a5120e191393dfb9e93a7dcf2bab50170decbfeaea9ed8f2cde409b2dd8c03728091d82965378af1,gx-no-cache=1527626902496 HTTP/1.1" 200 297
192.168.10.56 - - [29/May/2018:17:51:40 -0300] "GET /cormun/servlet/solicitudgral?1b5719325b07a2b02a2048e5edef326fe4c4bab2889eeebabed4afd360fc2aa62e9add6e0306ee745c04b7a34efba6bf84d76a81e802164b83b3c7edcaa5c328d97425228e54aadc1a827ba1348557a97b05199b68470ee8a0bafcb8abcbf142a3ace873e93e387c6f0e507c70623a342dbfd1a4c9dc749fd98fab1d8cf9f5e9ec95ee257525a0558368e0f8c5697cced458a786a7691b2b0a411f0606a12200eeaf3f36710d4b9aecea5644f91287b2586259593859ed66dc80370e9411b110b269534a9aa9a2be15ae18ab96c99e2a659829950abc2be058ab8c299a1faeda391c429126594ca236b12aba90a03da68190de8ff9b8455b66ce7d9814ca1f6b2e400577bd334527179c37c62f54fd8a004153003fdf7ddd09549dc0b2436583eebc88dc22485b2407a745dd911b0cf96a2ed36182f66e0ce14a443443329e60e24ced094699cd163e659863ef09fef1fe326a17656faf31bac74b5f7fe1d9762e400577bd334527179c37c62f54fd8a88185d0ec54c0db37488ef98c87fe1112daa3e69738bce8d069e6bdc1e8956a7354f4d33f3c0df1ddab066596b274106035671dd863075610b11933184b78653,gx-no-cache=1527626905579 HTTP/1.1" 200 48
192.168.10.56 - - [29/May/2018:17:51:40 -0300] "POST /cormun/servlet/solicitudgral?940c60b05551181c8b0e5bed22da8c3d,UPD,2018,11290,,gx-no-cache=1527626905600 HTTP/1.1" 200 11836
192.168.10.56 - - [29/May/2018:17:51:40 -0300] "GET /cormun/servlet/solicitudgral?1b5719325b07a2b02a2048e5edef326f36a6b6cf037dcd1314ebaad5e235e8862cd8fc4249f8d22bd88b63705b5ae231db69ec8c264a003093fc14042ce412704088edfb1d7e58a8c13fb72e18a0fc6778273c73474a45eb7d81bc9bc17630f0e335dd92224de1d9d83cbc597a6a5c15,gx-no-cache=1527626905808 HTTP/1.1" 200 29
192.168.10.56 - - [29/May/2018:17:51:40 -0300] "POST /cormun/servlet/solicitudgral?gx-no-cache=1527626905837 HTTP/1.1" 200 1325
192.168.10.56 - - [29/May/2018:17:51:40 -0300] "POST /cormun/servlet/solicitudgral?gx-no-cache=1527626905896 HTTP/1.1" 200 1249
192.168.10.56 - - [29/May/2018:17:51:40 -0300] "POST /cormun/servlet/solicitudgral?940c60b05551181c8b0e5bed22da8c3d,UPD,2018,11290,,gx-no-cache=1527626905940 HTTP/1.1" 200 93
192.168.10.56 - - [29/May/2018:17:51:40 -0300] "GET /cormun/servlet/hpexe_return? HTTP/1.1" 200 1038
192.168.10.56 - - [29/May/2018:17:51:40 -0300] "GET /cormun/servlet/trsolicitudgral?gx-no-cache=1527621901970 HTTP/1.1" 200 13310
192.168.10.56 - - [29/May/2018:17:51:41 -0300] "GET /cormun/servlet/trsolicitudgral?gx-no-cache=1527621901970 HTTP/1.1" 200 13328
186.103.161.206 - - [29/May/2018:17:51:45 -0300] "GET /cormun/servlet/veautorizarsolicitud?2018,11575,, HTTP/1.1" 200 8579
186.103.161.206 - - [29/May/2018:17:51:46 -0300] "GET /cormun/static/gxcfg.js?2017111423404691 HTTP/1.1" 200 953
186.103.161.206 - - [29/May/2018:17:51:46 -0300] "GET /cormun/pexe_scrolldiv.js HTTP/1.1" 404 1009
186.103.132.155 - - [29/May/2018:17:51:46 -0300] "GET /cormun/static/veautorizarsolicitud.js?2017111423404756 HTTP/1.1" 200 6140
186.103.161.206 - - [29/May/2018:17:51:46 -0300] "GET /cormun/static/hwcviewtabs.js?20177611594913 HTTP/1.1" 200 1074
200.54.18.251 - - [29/May/2018:17:51:46 -0300] "GET /cormun/static/hpexe_tabsview.js?201610171694228 HTTP/1.1" 200 1661
200.54.18.251 - - [29/May/2018:17:51:46 -0300] "GET /cormun/static/Resources/PXToolsTabNext.gif HTTP/1.1" 200 168
186.103.161.206 - - [29/May/2018:17:51:46 -0300] "GET /cormun/static/Resources/PXToolsTabLastUnselected.png HTTP/1.1" 200 1291
186.103.132.155 - - [29/May/2018:17:51:46 -0300] "GET /cormun/static/Resources/PXToolsTabPrevious.gif HTTP/1.1" 200 172
186.103.132.155 - - [29/May/2018:17:51:46 -0300] "GET /cormun/static/Resources/PXToolsTabFirstSelected.png HTTP/1.1" 200 1259
186.103.161.206 - - [29/May/2018:17:51:46 -0300] "GET /cormun/static/tbautorizarsolicitud01.js?2017111423392092 HTTP/1.1" 200 30580
186.103.161.206 - - [29/May/2018:17:51:47 -0300] "GET /cormun/static/calendar-system.css HTTP/1.1" 200 5572
186.103.161.206 - - [29/May/2018:17:51:47 -0300] "GET /cormun/static/Resources/PXToolsTabBackUnselected.png HTTP/1.1" 200 1175
186.103.161.206 - - [29/May/2018:17:51:47 -0300] "GET /cormun/static/Resources/PXToolsTabBackSelected.png HTTP/1.1" 200 1157
186.103.132.155 - - [29/May/2018:17:51:47 -0300] "GET /cormun/static/Resources/PXToolsTabSelectedUnselected.png HTTP/1.1" 200 1428
200.54.18.251 - - [29/May/2018:17:51:47 -0300] "GET /cormun/static/Resources/PXToolsTabUnselectedUnselected.png HTTP/1.1" 200 1459
186.103.132.155 - - [29/May/2018:17:51:47 -0300] "GET /cormun/servlet/veautorizarsolicitud?2018,11575,, HTTP/1.1" 200 8578
192.168.10.56 - - [29/May/2018:17:51:58 -0300] "POST /cormun/servlet/trsolicitudgral?940c60b05551181c8b0e5bed22da8c3d,gx-no-cache=1527621901970,gx-no-cache=1527626924105 HTTP/1.1" 200 8991
192.168.10.56 - - [29/May/2018:17:51:59 -0300] "GET /cormun/static/Shared/jqueryui/images/ui-bg_highlight-soft_100_c6c2c8_1x100.png HTTP/1.1" 404 1117
192.168.10.56 - - [29/May/2018:17:51:59 -0300] "GET /cormun/static/Shared/jqueryui/images/ui-icons_82798d_256x240.png HTTP/1.1" 404 1089
192.168.10.56 - - [29/May/2018:17:51:59 -0300] "GET /cormun/static/Shared/jqueryui/images/ui-bg_flat_55_fafafa_40x100.png HTTP/1.1" 404 1097
192.168.10.56 - - [29/May/2018:17:51:59 -0300] "GET /cormun/static/Shared/jqueryui/images/ui-icons_8d78a5_256x240.png HTTP/1.1" 404 1089
192.168.10.56 - - [29/May/2018:17:52:47 -0300] "GET /cormun/servlet/solicitudgral?UPD,2018,11234, HTTP/1.1" 200 12967
192.168.10.56 - - [29/May/2018:17:52:47 -0300] "GET /cormun/servlet/solicitudgral?UPD,2018,11234, HTTP/1.1" 200 12955
192.168.10.56 - - [29/May/2018:17:52:48 -0300] "POST /cormun/servlet/solicitudgral?gx-no-cache=1527626973741 HTTP/1.1" 200 3882
192.168.10.56 - - [29/May/2018:17:52:48 -0300] "GET /cormun/servlet/solicitudgral?1b5719325b07a2b02a2048e5edef326f3df25cac4e556e83a037f93e4b379cec1c888b7b0c4ea46c369a7f11832cf1ae238679b2190f74771c4c0c4d8a95156002c8fdc654f2b5db7d1e7096014846172a0549acdcd34d3e6de0f46a219c538347609179e5f9b556b0479b4b00803cc5d51a5be9040509b60b9442073b0498ba3bcd06e02919c7c4a0a96cf04bd3149b97ef665c9281bbc66d6ebb77aaac82666ba91aefd348631af75b9b243f2a8270b1db77d153cac9fa08955df20941cbc4715c7bc625c65662bba6ff6d26eac18e4d2271098c66347bde38537e3a6874bdf3753596374259202ca073835948b377a091adac774287d6ef84ccbc9750203884d76a81e802164b83b3c7edcaa5c3283aeaabec058dd22cc19ca0c6a4e386ea845936c8378a75f5a5120e191393dfb9e93a7dcf2bab50170decbfeaea9ed8f2cde409b2dd8c03728091d82965378af1,gx-no-cache=1527626973879 HTTP/1.1" 200 255
192.168.10.56 - - [29/May/2018:17:52:49 -0300] "GET /cormun/servlet/solicitudgral?1b5719325b07a2b02a2048e5edef326fe4c4bab2889eeebabed4afd360fc2aa62e9add6e0306ee745c04b7a34efba6bf84d76a81e802164b83b3c7edcaa5c328d97425228e54aadc1a827ba1348557a97b05199b68470ee8a0bafcb8abcbf142a3ace873e93e387c6f0e507c70623a342dbfd1a4c9dc749fd98fab1d8cf9f5e9ec95ee257525a0558368e0f8c5697cced458a786a7691b2b0a411f0606a12200eeaf3f36710d4b9aecea5644f91287b2586259593859ed66dc80370e9411b110b269534a9aa9a2be15ae18ab96c99e2a659829950abc2be058ab8c299a1faeda391c429126594ca236b12aba90a03da68190de8ff9b8455b66ce7d9814ca1f6b2e400577bd334527179c37c62f54fd8a004153003fdf7ddd09549dc0b2436583eebc88dc22485b2407a745dd911b0cf96a2ed36182f66e0ce14a443443329e60e24ced094699cd163e659863ef09fef1fe326a17656faf31bac74b5f7fe1d9762e400577bd334527179c37c62f54fd8a88185d0ec54c0db37488ef98c87fe1112daa3e69738bce8d069e6bdc1e8956a7354f4d33f3c0df1ddab066596b274106035671dd863075610b11933184b78653,gx-no-cache=1527626974593 HTTP/1.1" 200 48
192.168.10.56 - - [29/May/2018:17:52:49 -0300] "POST /cormun/servlet/solicitudgral?940c60b05551181c8b0e5bed22da8c3d,UPD,2018,11234,,gx-no-cache=1527626974633 HTTP/1.1" 200 11838
192.168.10.56 - - [29/May/2018:17:52:49 -0300] "GET /cormun/servlet/solicitudgral?1b5719325b07a2b02a2048e5edef326f67d308b705378c0372097ed41ef7fd852cd8fc4249f8d22bd88b63705b5ae231cc08e7c5c5d6c9787b8fe3e8da04f69697bbfa2396b0eb9080d01b3ebe39330a332b516489557db18c17867248d171de9154dc98448f6b6189acb7e482b75e79fd4105d7f58937bbd4cd65a8664a9392fede258b79066a2156bcdc2d6bf203e21eb8c1bcdf3660535a06277f6f44344f7b9103869611f64a3bd1262a941c5889c0d562c3a1b81fc7ad23f613baec441fd607abfde79e6f84eea64d7daf762ec0,gx-no-cache=1527626974869 HTTP/1.1" 200 29
192.168.10.56 - - [29/May/2018:17:52:49 -0300] "POST /cormun/servlet/solicitudgral?gx-no-cache=1527626974889 HTTP/1.1" 200 1326
192.168.10.56 - - [29/May/2018:17:52:49 -0300] "POST /cormun/servlet/solicitudgral?gx-no-cache=1527626974936 HTTP/1.1" 200 1250
192.168.10.56 - - [29/May/2018:17:52:56 -0300] "POST /cormun/servlet/solicitudgral?940c60b05551181c8b0e5bed22da8c3d,UPD,2018,11234,,gx-no-cache=1527626981503 HTTP/1.1" 200 93
192.168.10.56 - - [29/May/2018:17:52:56 -0300] "GET /cormun/servlet/hpexe_return? HTTP/1.1" 200 1039
192.168.10.56 - - [29/May/2018:17:52:56 -0300] "GET /cormun/servlet/trsolicitudgral?gx-no-cache=1527621901970 HTTP/1.1" 200 11950
192.168.10.56 - - [29/May/2018:17:52:56 -0300] "GET /cormun/servlet/trsolicitudgral?gx-no-cache=1527621901970 HTTP/1.1" 200 11967
192.168.10.56 - - [29/May/2018:17:53:00 -0300] "GET /cormun/servlet/solicitudgral?UPD,2018,11231, HTTP/1.1" 200 13018
192.168.10.56 - - [29/May/2018:17:53:01 -0300] "GET /cormun/servlet/solicitudgral?UPD,2018,11231, HTTP/1.1" 200 13006
192.168.10.56 - - [29/May/2018:17:53:01 -0300] "POST /cormun/servlet/solicitudgral?gx-no-cache=1527626987064 HTTP/1.1" 200 3880
192.168.10.56 - - [29/May/2018:17:53:01 -0300] "GET /cormun/servlet/solicitudgral?1b5719325b07a2b02a2048e5edef326f3df25cac4e556e83a037f93e4b379cecc11de11a44161e661d99b932efa7de09238679b2190f74771c4c0c4d8a95156002c8fdc654f2b5db7d1e7096014846172a0549acdcd34d3e6de0f46a219c538347609179e5f9b556b0479b4b00803cc5d51a5be9040509b60b9442073b0498ba3bcd06e02919c7c4a0a96cf04bd3149b97ef665c9281bbc66d6ebb77aaac82666ba91aefd348631af75b9b243f2a8270b1db77d153cac9fa08955df20941cbc4715c7bc625c65662bba6ff6d26eac18e4d2271098c66347bde38537e3a6874bdf3753596374259202ca073835948b377a091adac774287d6ef84ccbc9750203884d76a81e802164b83b3c7edcaa5c3283aeaabec058dd22cc19ca0c6a4e386ea845936c8378a75f5a5120e191393dfb9e93a7dcf2bab50170decbfeaea9ed8f2cde409b2dd8c03728091d82965378af1,gx-no-cache=1527626987195 HTTP/1.1" 200 297
192.168.10.56 - - [29/May/2018:17:53:03 -0300] "GET /cormun/servlet/solicitudgral?1b5719325b07a2b02a2048e5edef326fe4c4bab2889eeebabed4afd360fc2aa62e9add6e0306ee745c04b7a34efba6bf84d76a81e802164b83b3c7edcaa5c328d97425228e54aadc1a827ba1348557a97b05199b68470ee8a0bafcb8abcbf142a3ace873e93e387c6f0e507c70623a342dbfd1a4c9dc749fd98fab1d8cf9f5e9ec95ee257525a0558368e0f8c5697cced458a786a7691b2b0a411f0606a12200eeaf3f36710d4b9aecea5644f91287b2586259593859ed66dc80370e9411b110b269534a9aa9a2be15ae18ab96c99e2a659829950abc2be058ab8c299a1faeda391c429126594ca236b12aba90a03da68190de8ff9b8455b66ce7d9814ca1f6b2e400577bd334527179c37c62f54fd8a004153003fdf7ddd09549dc0b2436583eebc88dc22485b2407a745dd911b0cf96a2ed36182f66e0ce14a443443329e60e24ced094699cd163e659863ef09fef1fe326a17656faf31bac74b5f7fe1d9762e400577bd334527179c37c62f54fd8a88185d0ec54c0db37488ef98c87fe1112daa3e69738bce8d069e6bdc1e8956a7354f4d33f3c0df1ddab066596b274106035671dd863075610b11933184b78653,gx-no-cache=1527626988833 HTTP/1.1" 200 48
192.168.10.56 - - [29/May/2018:17:53:03 -0300] "POST /cormun/servlet/solicitudgral?940c60b05551181c8b0e5bed22da8c3d,UPD,2018,11231,,gx-no-cache=1527626988871 HTTP/1.1" 200 11868
192.168.10.56 - - [29/May/2018:17:53:03 -0300] "GET /cormun/servlet/solicitudgral?1b5719325b07a2b02a2048e5edef326f36a6b6cf037dcd1314ebaad5e235e8862cd8fc4249f8d22bd88b63705b5ae231db69ec8c264a003093fc14042ce412704088edfb1d7e58a8c13fb72e18a0fc6778273c73474a45eb7d81bc9bc17630f0e335dd92224de1d9d83cbc597a6a5c15,gx-no-cache=1527626989023 HTTP/1.1" 200 29
192.168.10.56 - - [29/May/2018:17:53:03 -0300] "POST /cormun/servlet/solicitudgral?gx-no-cache=1527626989042 HTTP/1.1" 200 1326
192.168.10.56 - - [29/May/2018:17:53:03 -0300] "POST /cormun/servlet/solicitudgral?gx-no-cache=1527626989074 HTTP/1.1" 200 1249
192.168.10.56 - - [29/May/2018:17:53:10 -0300] "POST /cormun/servlet/solicitudgral?940c60b05551181c8b0e5bed22da8c3d,UPD,2018,11231,,gx-no-cache=1527626995519 HTTP/1.1" 200 93
192.168.10.56 - - [29/May/2018:17:53:10 -0300] "GET /cormun/servlet/hpexe_return? HTTP/1.1" 200 1038
192.168.10.56 - - [29/May/2018:17:53:10 -0300] "GET /cormun/servlet/trsolicitudgral?gx-no-cache=1527621901970 HTTP/1.1" 200 11922
192.168.10.56 - - [29/May/2018:17:53:10 -0300] "GET /cormun/servlet/trsolicitudgral?gx-no-cache=1527621901970 HTTP/1.1" 200 11939
192.168.10.56 - - [29/May/2018:17:53:29 -0300] "POST /cormun/servlet/trsolicitudgral?940c60b05551181c8b0e5bed22da8c3d,gx-no-cache=1527621901970,gx-no-cache=1527627014345 HTTP/1.1" 200 7341
192.168.10.56 - - [29/May/2018:17:53:29 -0300] "GET /cormun/static/Shared/jqueryui/images/ui-icons_82798d_256x240.png HTTP/1.1" 404 1089
192.168.10.56 - - [29/May/2018:17:53:29 -0300] "GET /cormun/static/Shared/jqueryui/images/ui-bg_highlight-soft_100_c6c2c8_1x100.png HTTP/1.1" 404 1117
192.168.10.56 - - [29/May/2018:17:53:29 -0300] "GET /cormun/static/Shared/jqueryui/images/ui-icons_8d78a5_256x240.png HTTP/1.1" 404 1089
192.168.10.56 - - [29/May/2018:17:53:29 -0300] "GET /cormun/static/Shared/jqueryui/images/ui-bg_flat_55_fafafa_40x100.png HTTP/1.1" 404 1097
192.168.10.56 - - [29/May/2018:17:59:28 -0300] "POST /cormun/servlet/trsolicitudgral?940c60b05551181c8b0e5bed22da8c3d,gx-no-cache=1527621901970,gx-no-cache=1527627373469 HTTP/1.1" 200 26181
40.77.178.205 - - [29/May/2018:17:59:36 -0300] "GET /cormun/static/gxtimezone.js?85251 HTTP/1.1" 200 5781
40.77.178.205 - - [29/May/2018:17:59:37 -0300] "GET /cormun/static/gxapiSD.js?85251 HTTP/1.1" 200 78773
40.77.178.205 - - [29/May/2018:17:59:38 -0300] "GET /cormun/static/gxfxSD.js?85251 HTTP/1.1" 200 15384
40.77.178.205 - - [29/May/2018:17:59:39 -0300] "GET /cormun/static/gxhtmlSD.js?85251 HTTP/1.1" 200 50424
40.77.178.205 - - [29/May/2018:17:59:41 -0300] "GET /cormun/static/gxpopupSD.js?85251 HTTP/1.1" 200 22377
40.77.178.205 - - [29/May/2018:17:59:43 -0300] "GET /cormun/static/gxfrmutlSD.js?85251 HTTP/1.1" 200 89044
40.77.178.205 - - [29/May/2018:17:59:45 -0300] "GET /cormun/static/gxgridSD.js?85251 HTTP/1.1" 200 50735
40.77.178.205 - - [29/May/2018:17:59:48 -0300] "GET /cormun/static/gxgralSD.js?85251 HTTP/1.1" 200 20927
40.77.178.205 - - [29/May/2018:17:59:49 -0300] "GET /cormun/static/RunJS/RunJS.js HTTP/1.1" 200 288
192.168.10.56 - - [29/May/2018:17:59:55 -0300] "POST /cormun/servlet/trsolicitudgral?940c60b05551181c8b0e5bed22da8c3d,gx-no-cache=1527621901970,gx-no-cache=1527627400775 HTTP/1.1" 200 8136
192.168.10.89 - - [29/May/2018:18:00:27 -0300] "GET /cormun/servlet/hlogin HTTP/1.1" 200 1720
192.168.10.89 - - [29/May/2018:18:00:36 -0300] "POST /cormun/servlet/hlogin?5052bbe26bea7841b641ccafce0d3e94,gx-no-cache=1527627441805 HTTP/1.1" 200 427
192.168.10.56 - - [29/May/2018:18:00:38 -0300] "GET /cormun/servlet/solicitudgral2?UPD,2018,11339, HTTP/1.1" 200 13052
192.168.10.56 - - [29/May/2018:18:00:39 -0300] "GET /cormun/servlet/solicitudgral2?UPD,2018,11339, HTTP/1.1" 200 13040
192.168.10.56 - - [29/May/2018:18:00:40 -0300] "POST /cormun/servlet/solicitudgral2?gx-no-cache=1527627445242 HTTP/1.1" 200 3888
192.168.10.56 - - [29/May/2018:18:00:40 -0300] "GET /cormun/servlet/solicitudgral2?1b5719325b07a2b02a2048e5edef326f3df25cac4e556e83a037f93e4b379cec1c888b7b0c4ea46c369a7f11832cf1ae238679b2190f74771c4c0c4d8a95156002c8fdc654f2b5db7d1e7096014846172a0549acdcd34d3e6de0f46a219c538347609179e5f9b556b0479b4b00803cc5d51a5be9040509b60b9442073b0498ba3bcd06e02919c7c4a0a96cf04bd3149b97ef665c9281bbc66d6ebb77aaac82666ba91aefd348631af75b9b243f2a8270b1db77d153cac9fa08955df20941cbc4715c7bc625c65662bba6ff6d26eac18e4d2271098c66347bde38537e3a6874bdf3753596374259202ca073835948b377a091adac774287d6ef84ccbc9750203884d76a81e802164b83b3c7edcaa5c3283aeaabec058dd22cc19ca0c6a4e386ea845936c8378a75f5a5120e191393dfb9e93a7dcf2bab50170decbfeaea9ed8f2cde409b2dd8c03728091d82965378af1,gx-no-cache=1527627445436 HTTP/1.1" 200 255
192.168.10.89 - - [29/May/2018:18:00:40 -0300] "POST /cormun/servlet/hlogin?5052bbe26bea7841b641ccafce0d3e94,gx-no-cache=1527627445426 HTTP/1.1" 200 90
192.168.10.89 - - [29/May/2018:18:00:40 -0300] "GET /cormun/servlet/hpexe_link HTTP/1.1" 200 949
192.168.10.56 - - [29/May/2018:18:00:40 -0300] "POST /cormun/servlet/solicitudgral2?gx-no-cache=1527627445535 HTTP/1.1" 200 1428
192.168.10.56 - - [29/May/2018:18:00:40 -0300] "GET /cormun/servlet/solicitudgral2?1b5719325b07a2b02a2048e5edef326f4096aa8869b5ce28ee7274cf19f06b106836581acc5f2ffbeef26e964dd8fe499a61821242c6f726075eeb3f7ac44ca720f88dea1c5a6bb0f72fccec98984a6f01df18ca269c485faaf549d7e1f2e2ec960e0a02c275ce806035b15423feb7d3,gx-no-cache=1527627445590 HTTP/1.1" 200 41
192.168.10.89 - - [29/May/2018:18:00:40 -0300] "GET /cormun/servlet/hhome HTTP/1.1" 200 4151
192.168.10.56 - - [29/May/2018:18:00:40 -0300] "POST /cormun/servlet/solicitudgral2?940c60b05551181c8b0e5bed22da8c3d,UPD,2018,11339,,gx-no-cache=1527627445853 HTTP/1.1" 200 11901
192.168.10.56 - - [29/May/2018:18:00:40 -0300] "GET /cormun/servlet/solicitudgral2?1b5719325b07a2b02a2048e5edef326fd83b28473f5450b3d9672eb9efa9addd2cd8fc4249f8d22bd88b63705b5ae231ffae47eb884bfb942a482cafdf91feb594de8aecf989069a0e9c05d839769ec9332b516489557db18c17867248d171dec5004962e127a4013bd444fe118e29a5fb4c0e280f2a64d69fb60f1ed0516c53fb8c1a5fa0075e3ad1ec4695020951f5f51adf667b53e0f077c8a4bd2c4da7f67b9103869611f64a3bd1262a941c5889c0d562c3a1b81fc7ad23f613baec441fd607abfde79e6f84eea64d7daf762ec0,gx-no-cache=1527627446015 HTTP/1.1" 200 29
192.168.10.56 - - [29/May/2018:18:00:40 -0300] "POST /cormun/servlet/solicitudgral2?gx-no-cache=1527627446032 HTTP/1.1" 200 1326
192.168.10.56 - - [29/May/2018:18:00:40 -0300] "POST /cormun/servlet/solicitudgral2?gx-no-cache=1527627446065 HTTP/1.1" 200 1250
192.168.10.89 - - [29/May/2018:18:00:43 -0300] "GET /cormun/servlet/trsolicitudot? HTTP/1.1" 200 7361
192.168.10.89 - - [29/May/2018:18:00:46 -0300] "GET /cormun/servlet/solicitudot?INS,0,0, HTTP/1.1" 200 13595
192.168.10.56 - - [29/May/2018:18:00:51 -0300] "GET /cormun/servlet/solicitudgral2?1b5719325b07a2b02a2048e5edef326f934069cdce707df334d5a86081e7e8d4b15db1ff6c158a73ed578044d4d10fc99fa2b10393fa6509434efdd3981c8e4c068a747775dea414328b96bf9b75848993bcea412dc815d70f2157088a36e95b1ad008be9fd09393a377d384b462a3c925d3455ab72436d7220a1db3ac63aaf7,gx-no-cache=1527627457167 HTTP/1.1" 200 30
192.168.10.56 - - [29/May/2018:18:00:51 -0300] "POST /cormun/servlet/solicitudgral2?940c60b05551181c8b0e5bed22da8c3d,UPD,2018,11339,,gx-no-cache=1527627457184 HTTP/1.1" 200 93
192.168.10.56 - - [29/May/2018:18:00:52 -0300] "GET /cormun/servlet/hpexe_return? HTTP/1.1" 200 1041
192.168.10.56 - - [29/May/2018:18:00:52 -0300] "GET /cormun/servlet/trsolicitudgral?gx-no-cache=1527621901970 HTTP/1.1" 200 11188
192.168.10.56 - - [29/May/2018:18:00:52 -0300] "GET /cormun/servlet/trsolicitudgral?gx-no-cache=1527621901970 HTTP/1.1" 200 11206
192.168.10.89 - - [29/May/2018:18:00:54 -0300] "GET /cormun/servlet/prfichaempleado?,MD,,gxPopupLevel%3D0%3B HTTP/1.1" 200 9291
192.168.10.56 - - [29/May/2018:18:00:57 -0300] "GET /cormun/servlet/solicitudgral?UPD,2018,11338, HTTP/1.1" 200 12962
192.168.10.56 - - [29/May/2018:18:00:57 -0300] "GET /cormun/servlet/solicitudgral?UPD,2018,11338, HTTP/1.1" 200 12948
192.168.10.56 - - [29/May/2018:18:00:58 -0300] "POST /cormun/servlet/solicitudgral?gx-no-cache=1527627463515 HTTP/1.1" 200 3855
192.168.10.56 - - [29/May/2018:18:00:58 -0300] "GET /cormun/servlet/solicitudgral?1b5719325b07a2b02a2048e5edef326f3df25cac4e556e83a037f93e4b379cec1c888b7b0c4ea46c369a7f11832cf1ae238679b2190f74771c4c0c4d8a95156002c8fdc654f2b5db7d1e7096014846172a0549acdcd34d3e6de0f46a219c538347609179e5f9b556b0479b4b00803cc5d51a5be9040509b60b9442073b0498ba3bcd06e02919c7c4a0a96cf04bd3149b97ef665c9281bbc66d6ebb77aaac82666ba91aefd348631af75b9b243f2a8270b1db77d153cac9fa08955df20941cbc4715c7bc625c65662bba6ff6d26eac18e4d2271098c66347bde38537e3a6874bdf3753596374259202ca073835948b377a091adac774287d6ef84ccbc9750203884d76a81e802164b83b3c7edcaa5c3283aeaabec058dd22cc19ca0c6a4e386ea845936c8378a75f5a5120e191393dfb9e93a7dcf2bab50170decbfeaea9ed8f2cde409b2dd8c03728091d82965378af1,gx-no-cache=1527627463650 HTTP/1.1" 200 255
192.168.10.56 - - [29/May/2018:18:00:59 -0300] "GET /cormun/servlet/solicitudgral?1b5719325b07a2b02a2048e5edef326fe4c4bab2889eeebabed4afd360fc2aa62e9add6e0306ee745c04b7a34efba6bf84d76a81e802164b83b3c7edcaa5c328d97425228e54aadc1a827ba1348557a97b05199b68470ee8a0bafcb8abcbf142a3ace873e93e387c6f0e507c70623a342dbfd1a4c9dc749fd98fab1d8cf9f5e9ec95ee257525a0558368e0f8c5697cced458a786a7691b2b0a411f0606a12200eeaf3f36710d4b9aecea5644f91287b2586259593859ed66dc80370e9411b110b269534a9aa9a2be15ae18ab96c99e2a659829950abc2be058ab8c299a1faeda391c429126594ca236b12aba90a03da68190de8ff9b8455b66ce7d9814ca1f6b2e400577bd334527179c37c62f54fd8a004153003fdf7ddd09549dc0b2436583eebc88dc22485b2407a745dd911b0cf96a2ed36182f66e0ce14a443443329e60e24ced094699cd163e659863ef09fef1fe326a17656faf31bac74b5f7fe1d9762e400577bd334527179c37c62f54fd8a88185d0ec54c0db37488ef98c87fe1112daa3e69738bce8d069e6bdc1e8956a7354f4d33f3c0df1ddab066596b274106035671dd863075610b11933184b78653,gx-no-cache=1527627464957 HTTP/1.1" 200 48
192.168.10.56 - - [29/May/2018:18:00:59 -0300] "POST /cormun/servlet/solicitudgral?940c60b05551181c8b0e5bed22da8c3d,UPD,2018,11338,,gx-no-cache=1527627464997 HTTP/1.1" 200 11839
192.168.10.56 - - [29/May/2018:18:00:59 -0300] "GET /cormun/servlet/solicitudgral?1b5719325b07a2b02a2048e5edef326f36a6b6cf037dcd1314ebaad5e235e8862cd8fc4249f8d22bd88b63705b5ae231db69ec8c264a003093fc14042ce4127094de8aecf989069a0e9c05d839769ec9332b516489557db18c17867248d171dec5004962e127a4013bd444fe118e29a5fb4c0e280f2a64d69fb60f1ed0516c53fb8c1a5fa0075e3ad1ec4695020951f5f51adf667b53e0f077c8a4bd2c4da7f67b9103869611f64a3bd1262a941c5889c0d562c3a1b81fc7ad23f613baec441fd607abfde79e6f84eea64d7daf762ec0,gx-no-cache=1527627465209 HTTP/1.1" 200 29
192.168.10.56 - - [29/May/2018:18:00:59 -0300] "POST /cormun/servlet/solicitudgral?gx-no-cache=1527627465229 HTTP/1.1" 200 1326
192.168.10.56 - - [29/May/2018:18:00:59 -0300] "POST /cormun/servlet/solicitudgral?gx-no-cache=1527627465264 HTTP/1.1" 200 1249
192.168.10.89 - - [29/May/2018:18:01:01 -0300] "POST /cormun/servlet/prfichaempleado?5052bbe26bea7841b641ccafce0d3e94,,MD,,gxPopupLevel%3D0%3B,gx-no-cache=1527627466702 HTTP/1.1" 200 4111
192.168.10.89 - - [29/May/2018:18:01:07 -0300] "POST /cormun/servlet/solicitudot?gx-no-cache=1527627472649 HTTP/1.1" 200 3403
192.168.10.89 - - [29/May/2018:18:01:07 -0300] "POST /cormun/servlet/solicitudot?5052bbe26bea7841b641ccafce0d3e94,INS,0,0,,gx-no-cache=1527627472872 HTTP/1.1" 200 10577
192.168.10.56 - - [29/May/2018:18:01:07 -0300] "POST /cormun/servlet/solicitudgral?940c60b05551181c8b0e5bed22da8c3d,UPD,2018,11338,,gx-no-cache=1527627473046 HTTP/1.1" 200 93
192.168.10.56 - - [29/May/2018:18:01:07 -0300] "GET /cormun/servlet/hpexe_return? HTTP/1.1" 200 1039
192.168.10.56 - - [29/May/2018:18:01:08 -0300] "GET /cormun/servlet/trsolicitudgral?gx-no-cache=1527621901970 HTTP/1.1" 200 11172
192.168.10.56 - - [29/May/2018:18:01:08 -0300] "GET /cormun/servlet/trsolicitudgral?gx-no-cache=1527621901970 HTTP/1.1" 200 11190
192.168.10.89 - - [29/May/2018:18:01:10 -0300] "GET /cormun/servlet/solicitudot?9c23a9550c81bb2636f076313a85382c4eb6cd224191eb51d09c0124ab0aa0e6916a0a2c46e008909496e26e0e48fb05,gx-no-cache=1527627476215 HTTP/1.1" 200 30
192.168.10.89 - - [29/May/2018:18:01:10 -0300] "GET /cormun/servlet/solicitudot?9c23a9550c81bb2636f076313a85382c7b916fc3aa68da25a243ee569e73dbea88022c3956fe822a4e021d9d783b736cc21cb50137cd6398f9fc682290620cec,gx-no-cache=1527627476245 HTTP/1.1" 200 30
192.168.10.89 - - [29/May/2018:18:01:10 -0300] "GET /cormun/servlet/solicitudot?9c23a9550c81bb2636f076313a85382cd5e791391eef42c00e90608cef5dfd07,gx-no-cache=1527627476265 HTTP/1.1" 200 51
192.168.10.89 - - [29/May/2018:18:01:10 -0300] "POST /cormun/servlet/solicitudot?gx-no-cache=1527627476290 HTTP/1.1" 200 255
192.168.10.89 - - [29/May/2018:18:01:11 -0300] "GET /cormun/servlet/solicitudot?9c23a9550c81bb2636f076313a85382c34b6c221b869cb4a4edd1026ff6c93daa0aa0d6c96bc544930983d5f8253ffd82ec16c0dc4d3bb61aa88d1eb0b276387fc7e2c2977e0fabda8f98c352fcfc1f46c10a14a927710a2ae3278dc298c20a83653122c443252676c6d96788b42a9ecc95a20cc7b8106b334dab333874655dac38629804e2d9b8f584cda99d9d9414845a11cf029cc88f24c7af422092acb5a2b0941009c57c72726c57b2011422dbc40f7b74e28ec70ce3b25d62bb3289e6a2421aca143fe1571ae148aa7bb267aaf19c2bbdc8928fb03ec9677edaf45170733aad51a21eee23761a402aa283963ffb4201fdf265f650149dc2573257e1c1c25b32a52cba3e9dee1342a1c9ed6d6ee8821b012a338ae58088820ea1ecf23c88fb727313b5249bece6507b228ad818dd9796ce0e08e3a6bf09bcbac577ef39b0cfd5b292e9553ce3a1d042b912dd093e2c9e3e403d3fdcc369abfa522eb6df19a1f3f572acf29986fa18d50926d44776c38803003c440473707d9626fd5b154,gx-no-cache=1527627476366 HTTP/1.1" 200 30
192.168.10.89 - - [29/May/2018:18:01:15 -0300] "POST /cormun/servlet/solicitudot?gx-no-cache=1527627480434 HTTP/1.1" 200 30
192.168.10.89 - - [29/May/2018:18:01:19 -0300] "GET /cormun/servlet/prcontratosol?9261463,,,,,MD,,gxPopupLevel%3D0%3B HTTP/1.1" 200 8345
192.168.10.89 - - [29/May/2018:18:01:23 -0300] "POST /cormun/servlet/solicitudot?gx-no-cache=1527627488610 HTTP/1.1" 200 1451
192.168.10.89 - - [29/May/2018:18:01:23 -0300] "POST /cormun/servlet/solicitudot?gx-no-cache=1527627488709 HTTP/1.1" 200 117
192.168.10.89 - - [29/May/2018:18:01:23 -0300] "GET /cormun/servlet/solicitudot?9c23a9550c81bb2636f076313a85382c897a4a51e2ac5ffb224267b8970b796df462d797eef006827b1eb4bb0d13a92c017c039792ee32761e72912120b45d03df90e2fb85c417eb77aafcc1d0ee7ddc1c311d8f352182ee7a5374a5d3c211474182029c88240d3fb60063f82927f268768722040b67287816f8d16a41e9e00ef45da781eddca03a5d42bebc7bf1fb32b70820186948f676cfa105d3d2b19d1a,gx-no-cache=1527627488743 HTTP/1.1" 200 29
192.168.10.89 - - [29/May/2018:18:01:23 -0300] "GET /cormun/servlet/solicitudot?9c23a9550c81bb2636f076313a85382c1e169a2bb4594262a9d6c6b0b048373b1281bb9061d1d589fb9e6a1e36f02001130b4332b5bee78b1018625350a7ac033e3c451d9a527cae40222d96f81118e3ed8dc3774ea0b4510b870e0d3bbf1d0718702ca488b6256161969a2d56c5e80b31e44599dcac39296ed83ea5459aeb591944ee0360fe56355f454d04657834fbf340437c39fa4969dd3689f07cd36966e5831e251013024998e4c532778ac0ba82b3553bea6431febc0969b8970b74b8,gx-no-cache=1527627488763 HTTP/1.1" 200 62
192.168.10.89 - - [29/May/2018:18:01:23 -0300] "GET /cormun/servlet/solicitudot?aeacdbc0587e17dba6c081ebbc7f44c9515f684206ebd1f1369193500730ef988e480e5819c73f8e4a41b5510637329e03dfe5f4210e7b6972c7178b9b4b4f7cc21cb50137cd6398f9fc682290620cec,gx-no-cache=1527627488786 HTTP/1.1" 200 55
192.168.10.89 - - [29/May/2018:18:01:23 -0300] "GET /cormun/servlet/solicitudot?9c23a9550c81bb2636f076313a85382ca11a2b5040d6a6fe650ca754d365f2611266c2bdab3efd38e0099d6c811d50bd,gx-no-cache=1527627488807 HTTP/1.1" 200 134
192.168.10.89 - - [29/May/2018:18:01:23 -0300] "GET /cormun/static/Shared/jqueryui/images/ui-bg_highlight-soft_100_c6c2c8_1x100.png HTTP/1.1" 404 1117
192.168.10.89 - - [29/May/2018:18:01:23 -0300] "GET /cormun/static/Shared/jqueryui/images/ui-icons_82798d_256x240.png HTTP/1.1" 404 1089
192.168.10.89 - - [29/May/2018:18:01:23 -0300] "GET /cormun/static/Shared/jqueryui/images/ui-bg_flat_55_994d53_40x100.png HTTP/1.1" 404 1097
192.168.10.89 - - [29/May/2018:18:01:23 -0300] "GET /cormun/static/Shared/jqueryui/images/ui-icons_ebccce_256x240.png HTTP/1.1" 404 1089
192.168.10.89 - - [29/May/2018:18:01:36 -0300] "GET /cormun/servlet/prfichaempleado?,MD,,gxPopupLevel%3D0%3B HTTP/1.1" 200 9291
192.168.10.56 - - [29/May/2018:18:01:43 -0300] "POST /cormun/servlet/trsolicitudgral?940c60b05551181c8b0e5bed22da8c3d,gx-no-cache=1527621901970,gx-no-cache=1527627508519 HTTP/1.1" 200 6125
192.168.10.56 - - [29/May/2018:18:01:43 -0300] "GET /cormun/static/Shared/jqueryui/images/ui-bg_highlight-soft_100_c6c2c8_1x100.png HTTP/1.1" 404 1117
192.168.10.56 - - [29/May/2018:18:01:43 -0300] "GET /cormun/static/Shared/jqueryui/images/ui-icons_82798d_256x240.png HTTP/1.1" 404 1089
192.168.10.56 - - [29/May/2018:18:01:43 -0300] "GET /cormun/static/Shared/jqueryui/images/ui-bg_flat_55_fafafa_40x100.png HTTP/1.1" 404 1097
192.168.10.56 - - [29/May/2018:18:01:43 -0300] "GET /cormun/static/Shared/jqueryui/images/ui-icons_8d78a5_256x240.png HTTP/1.1" 404 1089
192.168.10.89 - - [29/May/2018:18:01:47 -0300] "POST /cormun/servlet/prfichaempleado?5052bbe26bea7841b641ccafce0d3e94,,MD,,gxPopupLevel%3D0%3B,gx-no-cache=1527627512755 HTTP/1.1" 200 3417
192.168.10.89 - - [29/May/2018:18:01:52 -0300] "GET /cormun/servlet/prlicenciaspermisos?13503222,L,,MD,,gxPopupLevel%3D0%3B HTTP/1.1" 200 5490
192.168.10.89 - - [29/May/2018:18:01:53 -0300] "POST /cormun/servlet/acontrolpreferencessavestate?None,DALLENDE,true HTTP/1.1" 200 35
192.168.10.89 - - [29/May/2018:18:01:55 -0300] "POST /cormun/servlet/solicitudot?gx-no-cache=1527627521210 HTTP/1.1" 200 1368
192.168.10.89 - - [29/May/2018:18:01:58 -0300] "POST /cormun/servlet/solicitudot?gx-no-cache=1527627523608 HTTP/1.1" 200 41
192.168.10.89 - - [29/May/2018:18:02:01 -0300] "GET /cormun/servlet/solicitudot?9c23a9550c81bb2636f076313a85382c897a4a51e2ac5ffb224267b8970b796df462d797eef006827b1eb4bb0d13a92c017c039792ee32761e72912120b45d03df90e2fb85c417eb77aafcc1d0ee7ddc1c311d8f352182ee7a5374a5d3c211474182029c88240d3fb60063f82927f268768722040b67287816f8d16a41e9e00ef45da781eddca03a5d42bebc7bf1fb32b70820186948f676cfa105d3d2b19d1a,gx-no-cache=1527627527030 HTTP/1.1" 200 29
192.168.10.89 - - [29/May/2018:18:02:01 -0300] "POST /cormun/servlet/solicitudot?gx-no-cache=1527627527052 HTTP/1.1" 200 1351
192.168.10.89 - - [29/May/2018:18:02:01 -0300] "POST /cormun/servlet/solicitudot?gx-no-cache=1527627527093 HTTP/1.1" 200 1249
192.168.10.89 - - [29/May/2018:18:02:16 -0300] "GET /cormun/servlet/solicitudot?9c23a9550c81bb2636f076313a85382cd084da9a05bcbfe8359d8fad0b4c8e2b654782f6115438a84de3b232948f8852,gx-no-cache=1527627541929 HTTP/1.1" 200 30
192.168.10.56 - - [29/May/2018:18:02:19 -0300] "POST /cormun/servlet/trsolicitudgral?940c60b05551181c8b0e5bed22da8c3d,gx-no-cache=1527621901970,gx-no-cache=1527627544037 HTTP/1.1" 200 26263
192.168.10.89 - - [29/May/2018:18:02:21 -0300] "POST /cormun/servlet/solicitudot?gx-no-cache=1527627547019 HTTP/1.1" 200 32
192.168.10.56 - - [29/May/2018:18:02:26 -0300] "POST /cormun/servlet/trsolicitudgral?940c60b05551181c8b0e5bed22da8c3d,gx-no-cache=1527621901970,gx-no-cache=1527627551771 HTTP/1.1" 200 11555
192.168.10.89 - - [29/May/2018:18:02:51 -0300] "POST /cormun/servlet/solicitudot?5052bbe26bea7841b641ccafce0d3e94,INS,0,0,,gx-no-cache=1527627576902 HTTP/1.1" 200 93
192.168.10.89 - - [29/May/2018:18:02:51 -0300] "GET /cormun/servlet/hpexe_return? HTTP/1.1" 200 1005
192.168.10.89 - - [29/May/2018:18:02:51 -0300] "GET /cormun/servlet/trsolicitudot HTTP/1.1" 200 7368
192.168.10.62 - - [29/May/2018:18:04:23 -0300] "POST /cormun/servlet/trsolicitudgral?e7a30d3f4a315c71d513611946fb95d1,,gx-no-cache=1527627668835 HTTP/1.1" 200 7265
186.103.159.189 - - [29/May/2018:18:06:34 -0300] "GET /cormun/servlet/hlogin HTTP/1.1" 200 1716
186.103.159.189 - - [29/May/2018:18:06:35 -0300] "GET /cormun/servlet/hlogin HTTP/1.1" 200 1726
186.103.159.189 - - [29/May/2018:18:06:36 -0300] "GET /favicon.ico HTTP/1.1" 200 21630
186.103.159.189 - - [29/May/2018:18:06:49 -0300] "POST /cormun/servlet/hlogin?3bcc413da4b263a81cc120f42f223936,gx-no-cache=1527627948607 HTTP/1.1" 200 90
186.103.159.189 - - [29/May/2018:18:06:49 -0300] "GET /cormun/servlet/hpexe_link HTTP/1.1" 200 946
186.103.159.189 - - [29/May/2018:18:06:50 -0300] "GET /cormun/servlet/hhome HTTP/1.1" 200 3982
186.103.159.189 - - [29/May/2018:18:06:51 -0300] "GET /cormun/servlet/hhome HTTP/1.1" 200 3978
192.168.10.62 - - [29/May/2018:18:07:01 -0300] "GET /cormun/servlet/vesolicitudgral?2018,11270,, HTTP/1.1" 200 9129
192.168.10.62 - - [29/May/2018:18:07:01 -0300] "GET /cormun/pexe_scrolldiv.js HTTP/1.1" 404 1009
192.168.10.62 - - [29/May/2018:18:07:01 -0300] "GET /cormun/pexe_scrolldiv.js HTTP/1.1" 404 1009
192.168.10.56 - - [29/May/2018:18:07:01 -0300] "POST /cormun/servlet/trsolicitudgral?940c60b05551181c8b0e5bed22da8c3d,gx-no-cache=1527621901970,gx-no-cache=1527627826551 HTTP/1.1" 200 16398
192.168.10.62 - - [29/May/2018:18:07:01 -0300] "GET /cormun/servlet/vesolicitudgral?2018,11270,, HTTP/1.1" 200 9128
192.168.10.62 - - [29/May/2018:18:07:03 -0300] "POST /cormun/servlet/vesolicitudgral?e7a30d3f4a315c71d513611946fb95d1,2018,11270,,,gx-no-cache=1527627828303 HTTP/1.1" 200 107
192.168.10.62 - - [29/May/2018:18:07:03 -0300] "GET /cormun/servlet/solicitudgral?UPD,2018,11270, HTTP/1.1" 200 12991
186.103.159.189 - - [29/May/2018:18:07:03 -0300] "GET /cormun/servlet/trlicencias? HTTP/1.1" 200 11939
192.168.10.62 - - [29/May/2018:18:07:03 -0300] "GET /cormun/servlet/solicitudgral?UPD,2018,11270, HTTP/1.1" 200 12991
192.168.10.62 - - [29/May/2018:18:07:04 -0300] "POST /cormun/servlet/solicitudgral?gx-no-cache=1527627829358 HTTP/1.1" 200 3917
192.168.10.62 - - [29/May/2018:18:07:04 -0300] "GET /cormun/servlet/solicitudgral?6db63f9111a17b3c73d57b61a69a541b30e10ec727ad2195104a65a5d2b1a5a9694e50d90b89715ec16ffa77a6ee77db3eb54e5d2542060b0a4ee37f100e058cc87bd9a27578f2638dc74f920e6fac613e04dc13737d8fa67df40d4ebab7b24b35874ed9a805c690dd6a971bd7b9d685b012baa248522b69d4408194ceaf7a5c82d0bb6804f7770b6b2c49c52841f0748164ca78b5ce7359b9d0a7019f3ebbe125d92000f408ca993ef5174abdff491cdeb484c28e878b638d1c5a1b45f2238db035128c2a80c9fa13a159876c21c6bedd494b809baff0ad0954798521dc5cfecf9d0f626db0cf762a8d70c6e9d1dcb86df57ebdd38678fb5eb4373109db3eaf1927acbe8c111a3b34725da89eb58706adb26462e5d2010169d39eb15a3e4a518be74e16593ee8670fceece20b2d64c2eae832b2769d4e824615167ce36ccfe4e5bcd95517245c93c02c7018ea3ba0eb,gx-no-cache=1527627829495 HTTP/1.1" 200 255
192.168.10.62 - - [29/May/2018:18:07:04 -0300] "GET /cormun/servlet/solicitudgral?6db63f9111a17b3c73d57b61a69a541be0ec7fde73447b665fd805a3bbbc2604e2da675f0a4970d28fd4bf70b1bf3a7ded472cadf33f29034ba202935ebaa9f3ca1faaeacf40c7fb1d69b38bdd733e2ea39baa9b13df4352b95817417e984939172c97b99dcf4591ca31b9ee29278f607f70a321befc98d988d1f3712e05902c9fda1def54f344c308a6e7c5da4599a5fe965591f82e623c85fc6e949182676244589e61ba9c892cdab7bf9131048208ddcdab81ae6eb6c3c498339d256a1b5a06ba7e92765d69a6010c77eced471ee31397969dd4f73f4a9cafc4b60bc32327666874fd1e6931baad933ea440befc9cb483ac37e89519f6996e4d4cfd2168e979c87296680b49a75fefc6e0200e8948bdc784828df45d343589dee88fb746945da63c2a9a7583306bdefbe0579d4126b1e1eee56e067612fffddb151ef15dac8c2fe864ed8312a7f58d435d1ce4cbab4103d7dddbba98b250cfd3919ac2b79d02162f771cd1ce500940e9501d86ccacd404343009c80d537c6f9812d8f50f1fcafac942098ca7273b53980f32d8707f68fec6b7e032a8c779a79ece7da7fbdf727a89eb554aab7187449769263bf8c7,gx-no-cache=1527627829836 HTTP/1.1" 200 48
186.103.159.189 - - [29/May/2018:18:07:05 -0300] "GET /cormun/servlet/trlicencias? HTTP/1.1" 200 11936
186.103.159.189 - - [29/May/2018:18:07:08 -0300] "GET /cormun/servlet/licenciaspermisos?INS,0,,, HTTP/1.1" 200 7513
192.168.10.62 - - [29/May/2018:18:07:08 -0300] "POST /cormun/servlet/solicitudgral?e7a30d3f4a315c71d513611946fb95d1,UPD,2018,11270,,gx-no-cache=1527627833768 HTTP/1.1" 200 11846
192.168.10.62 - - [29/May/2018:18:07:09 -0300] "GET /cormun/servlet/solicitudgral?6db63f9111a17b3c73d57b61a69a541b60538596358fa674b8eb999c0114d05e631dd03800ee0ab4444948cfebb8e5396c05e5ab8bc2c7723e1ba2bcac121cb9a41649b7b301a67a84c8accf6102367d717356fde46abec7f4357aaa236f926d9b1b04595763f6f40b3b0226af5b3b0804e93992b54f76adc10c55c1f483a5cb2c0753ce07ace97b7d26f68e8fe327daeb31bea4f3f47e0adfa4a05b193a0c00,gx-no-cache=1527627833959 HTTP/1.1" 200 29
192.168.10.62 - - [29/May/2018:18:07:09 -0300] "POST /cormun/servlet/solicitudgral?gx-no-cache=1527627833978 HTTP/1.1" 200 1325
192.168.10.62 - - [29/May/2018:18:07:09 -0300] "POST /cormun/servlet/solicitudgral?gx-no-cache=1527627834008 HTTP/1.1" 200 1249
192.168.10.62 - - [29/May/2018:18:07:09 -0300] "POST /cormun/servlet/solicitudgral?e7a30d3f4a315c71d513611946fb95d1,UPD,2018,11270,,gx-no-cache=1527627834041 HTTP/1.1" 200 93
192.168.10.62 - - [29/May/2018:18:07:09 -0300] "GET /cormun/servlet/hpexe_return? HTTP/1.1" 200 1019
192.168.10.62 - - [29/May/2018:18:07:09 -0300] "GET /cormun/servlet/vesolicitudgral?2018,11270,, HTTP/1.1" 200 9131
192.168.10.62 - - [29/May/2018:18:07:09 -0300] "GET /cormun/pexe_scrolldiv.js HTTP/1.1" 404 1009
192.168.10.62 - - [29/May/2018:18:07:09 -0300] "GET /cormun/pexe_scrolldiv.js HTTP/1.1" 404 1009
192.168.10.62 - - [29/May/2018:18:07:09 -0300] "GET /cormun/servlet/vesolicitudgral?2018,11270,, HTTP/1.1" 200 9127
186.103.159.189 - - [29/May/2018:18:07:09 -0300] "GET /cormun/servlet/licenciaspermisos?INS,0,,, HTTP/1.1" 200 7511
192.168.10.62 - - [29/May/2018:18:07:11 -0300] "POST /cormun/servlet/vesolicitudgral?e7a30d3f4a315c71d513611946fb95d1,2018,11270,,,gx-no-cache=1527627836331 HTTP/1.1" 200 12010
192.168.10.62 - - [29/May/2018:18:07:11 -0300] "GET /cormun/static/Shared/jqueryui/images/ui-bg_highlight-soft_100_c6c2c8_1x100.png HTTP/1.1" 404 1117
192.168.10.62 - - [29/May/2018:18:07:11 -0300] "GET /cormun/static/Shared/jqueryui/images/ui-icons_82798d_256x240.png HTTP/1.1" 404 1089
192.168.10.62 - - [29/May/2018:18:07:11 -0300] "GET /cormun/static/Shared/jqueryui/images/ui-bg_flat_55_fafafa_40x100.png HTTP/1.1" 404 1097
192.168.10.62 - - [29/May/2018:18:07:11 -0300] "GET /cormun/static/Shared/jqueryui/images/ui-icons_8d78a5_256x240.png HTTP/1.1" 404 1089
192.168.10.62 - - [29/May/2018:18:07:11 -0300] "POST /cormun/servlet/vesolicitudgral?e7a30d3f4a315c71d513611946fb95d1,2018,11270,,,gx-no-cache=1527627836558 HTTP/1.1" 200 11944
186.103.159.189 - - [29/May/2018:18:07:12 -0300] "GET /cormun/servlet/prfichaempleado?,MD,,gxPopupLevel%3D0%3B HTTP/1.1" 200 9332
192.168.10.56 - - [29/May/2018:18:07:17 -0300] "POST /cormun/servlet/trsolicitudgral?940c60b05551181c8b0e5bed22da8c3d,gx-no-cache=1527621901970,gx-no-cache=1527627842334 HTTP/1.1" 200 7701
186.103.159.189 - - [29/May/2018:18:07:21 -0300] "POST /cormun/servlet/prfichaempleado?3bcc413da4b263a81cc120f42f223936,,MD,,gxPopupLevel%3D0%3B,gx-no-cache=1527627980457 HTTP/1.1" 200 3184
186.103.159.189 - - [29/May/2018:18:07:37 -0300] "GET /cormun/servlet/licenciaspermisos?dd67253a87c9fd8198436bbe3096737ff9ce9ec1679f435d32bcb50af58088306e89af90cb6f11fb0ab7cb41a62eae03,gx-no-cache=1527627996629 HTTP/1.1" 200 185
186.103.159.189 - - [29/May/2018:18:07:37 -0300] "GET /cormun/static/Shared/jqueryui/images/ui-bg_highlight-soft_100_c6c2c8_1x100.png HTTP/1.1" 404 1117
186.103.159.189 - - [29/May/2018:18:07:37 -0300] "GET /cormun/static/Shared/jqueryui/images/ui-bg_flat_55_994d53_40x100.png HTTP/1.1" 404 1097
