186.103.159.230 - - [29/May/2018:10:25:51 -0300] "GET /cormun/servlet/solicitudot?258007890704b6f95499d83e261e8006ac6859f6ac555c295ba529a3f4e991861b531a54f77b4b4a69b8d430403fa701d0456eabce4085f30fe351dd7bb3e075ed7a412ba17dd84a5eaef1d22a126808d9e4bdbb118281395cbfc951cd14312122cc14148a9607a738258586f6d9997a10844b1b6032f7affb4e42cf4d8324479a8ce6434e62268abcde9905b312fd6a56730da58b8b2a1f4302481fd7876568c8cd6c02615d96a2ea514487af7363e86390a5cb05578f284cfdc283b5545777b71c804b6888d81335d7a0d73579a65b9856451f41d713597e2b7009fcf6ecbca01f1c21ad2601d5491839c39377c7d94de01345d981ab8524bb9f9562275e76f8dd898d145ec524aa53c0c0c85721e32c0353ee1f3400595bd2b1ea1ec9cedc59d8fe1c626340dd6663cbd398942eff6e71317aba5de50083d53bc1e86dcfafb74ccb97c4189cf98cfa7f4b2e45bae902f0371a92e4c9895729ae95bb7c2e274b543ede1d44b095cccf492fb58db06aaf936959215789bc800ecfd87d13214b,gx-no-cache=1527600289312 HTTP/1.1" 200 30
186.103.159.230 - - [29/May/2018:10:25:51 -0300] "POST /cormun/servlet/solicitudot?gx-no-cache=1527600289710 HTTP/1.1" 200 30
186.103.159.230 - - [29/May/2018:10:25:52 -0300] "POST /cormun/servlet/solicitudot?gx-no-cache=1527600289763 HTTP/1.1" 200 1366
186.103.159.230 - - [29/May/2018:10:25:52 -0300] "POST /cormun/servlet/solicitudot?gx-no-cache=1527600289898 HTTP/1.1" 200 41
186.103.159.230 - - [29/May/2018:10:25:52 -0300] "POST /cormun/servlet/solicitudot?gx-no-cache=1527600289938 HTTP/1.1" 200 1351
186.103.159.230 - - [29/May/2018:10:25:52 -0300] "POST /cormun/servlet/solicitudot?gx-no-cache=1527600290034 HTTP/1.1" 200 1248
186.103.159.230 - - [29/May/2018:10:25:52 -0300] "GET /cormun/servlet/solicitudot?258007890704b6f95499d83e261e8006bf659bc1b58fb4684d1cdec145f0deeeb90ffd7091ff9fdb250dd0c60a67a1c5,gx-no-cache=1527600290105 HTTP/1.1" 200 30
186.103.159.230 - - [29/May/2018:10:25:52 -0300] "POST /cormun/servlet/solicitudot?gx-no-cache=1527600290156 HTTP/1.1" 200 30
186.103.159.230 - - [29/May/2018:10:25:54 -0300] "POST /cormun/servlet/solicitudot?267d669b87915945adab5de9a1609048,INS,0,0,,gx-no-cache=1527600290221 HTTP/1.1" 200 93
186.103.159.230 - - [29/May/2018:10:25:54 -0300] "GET /cormun/servlet/hpexe_return? HTTP/1.1" 200 1009
186.103.159.230 - - [29/May/2018:10:25:54 -0300] "GET /cormun/servlet/trsolicitudot HTTP/1.1" 200 8750
186.103.159.230 - - [29/May/2018:10:25:55 -0300] "GET /cormun/servlet/trsolicitudot HTTP/1.1" 200 8745
186.79.63.126 - - [29/May/2018:10:26:09 -0300] "POST /cormun/servlet/trlicencias?46c2ed4bdfbfed4e7e8763a81f665e92,gx-no-cache=1527600307310 HTTP/1.1" 200 11316
186.103.159.230 - - [29/May/2018:10:26:13 -0300] "POST /cormun/servlet/trsolicitudot?267d669b87915945adab5de9a1609048,gx-no-cache=1527600310638 HTTP/1.1" 200 107
186.103.159.230 - - [29/May/2018:10:26:13 -0300] "GET /cormun/servlet/trsolicitudadjuntos?2018,11570, HTTP/1.1" 200 6270
186.103.159.230 - - [29/May/2018:10:26:13 -0300] "GET /cormun/servlet/trsolicitudadjuntos?2018,11570, HTTP/1.1" 200 6270
186.103.159.230 - - [29/May/2018:10:26:16 -0300] "GET /cormun/servlet/solicitudotadjuntos?INS,2018,11570,,1, HTTP/1.1" 200 6218
186.103.159.230 - - [29/May/2018:10:26:17 -0300] "GET /cormun/static/about:blank HTTP/1.1" 404 1011
186.103.159.230 - - [29/May/2018:10:26:17 -0300] "GET /cormun/servlet/solicitudotadjuntos?INS,2018,11570,,1, HTTP/1.1" 200 6212
186.103.159.230 - - [29/May/2018:10:26:17 -0300] "GET /cormun/servlet/solicitudotadjuntos?258007890704b6f95499d83e261e8006114440849e45e4653c8d1b0b0a7989ecf3ecf9ee43bf210c9a9cb427b3c1010d,gx-no-cache=1527600315498 HTTP/1.1" 200 30
186.103.159.230 - - [29/May/2018:10:26:17 -0300] "POST /cormun/servlet/solicitudotadjuntos?267d669b87915945adab5de9a1609048,INS,2018,11570,,1,,gx-no-cache=1527600315564 HTTP/1.1" 200 3985
186.103.159.230 - - [29/May/2018:10:26:21 -0300] "POST /cormun/servlet/solicitudotadjuntos?gx-no-cache=1527600318862 HTTP/1.1" 200 26
186.79.63.126 - - [29/May/2018:10:26:26 -0300] "GET /cormun/static/Shared/jqueryui/images/ui-bg_highlight-soft_100_c6c2c8_1x100.png HTTP/1.1" 404 1117
186.79.63.126 - - [29/May/2018:10:26:26 -0300] "GET /cormun/static/Shared/jqueryui/images/ui-icons_82798d_256x240.png HTTP/1.1" 404 1089
186.79.63.126 - - [29/May/2018:10:26:26 -0300] "GET /cormun/static/Shared/jqueryui/images/ui-bg_flat_55_fafafa_40x100.png HTTP/1.1" 404 1097
186.79.63.126 - - [29/May/2018:10:26:26 -0300] "GET /cormun/static/Shared/jqueryui/images/ui-icons_8d78a5_256x240.png HTTP/1.1" 404 1089
186.79.63.126 - - [29/May/2018:10:26:47 -0300] "GET /cormun/servlet/hlogin HTTP/1.1" 200 1734
192.168.10.89 - - [29/May/2018:10:27:04 -0300] "GET /cormun/servlet/hlogin HTTP/1.1" 200 1741
186.103.159.230 - - [29/May/2018:10:27:26 -0300] "GET /cormun/servlet/solicitudotadjuntos?258007890704b6f95499d83e261e8006d47268a0e5e454c7de2928124cd64650,gx-no-cache=1527600384609 HTTP/1.1" 200 30
186.103.159.230 - - [29/May/2018:10:27:26 -0300] "GET /cormun/servlet/solicitudotadjuntos?258007890704b6f95499d83e261e8006d47268a0e5e454c7de2928124cd64650,gx-no-cache=1527600384641 HTTP/1.1" 200 30
186.103.159.230 - - [29/May/2018:10:27:28 -0300] "POST /cormun/servlet/solicitudotadjuntos?267d669b87915945adab5de9a1609048,INS,2018,11570,,1, HTTP/1.1" 200 116
186.103.159.230 - - [29/May/2018:10:27:28 -0300] "GET /cormun/servlet/hpexe_return? HTTP/1.1" 200 1029
186.103.159.230 - - [29/May/2018:10:27:29 -0300] "GET /cormun/servlet/trsolicitudadjuntos?2018,11570, HTTP/1.1" 200 8718
186.103.159.230 - - [29/May/2018:10:27:29 -0300] "GET /cormun/servlet/trsolicitudadjuntos?2018,11570, HTTP/1.1" 200 8714
186.103.159.230 - - [29/May/2018:10:27:35 -0300] "GET /cormun/PublicTempStorage/rut3099295.pdf HTTP/1.1" 200 713048
186.103.159.230 - - [29/May/2018:10:28:01 -0300] "GET /cormun/servlet/hlogin HTTP/1.1" 200 1720
186.103.159.230 - - [29/May/2018:10:28:14 -0300] "POST /cormun/servlet/hlogin?024ffe6219c080067381a8f509496a42,gx-no-cache=1527600432077 HTTP/1.1" 200 430
186.67.172.234 - - [29/May/2018:10:28:20 -0300] "GET /cormun/servlet/licenciaspermisos?80301557d2d22be54809349e747610e3da160c4a154ff6202a623663158a5deafe5326ed9f3e7eaeccceb71e6c46a3e941a89e96731b208b779be04da24416199066615a48437692aa1a3d195845d062113f8b55ed23bdf41068c897204ad6a9ead1521952e79a7ee9fcee579fc3550670a483be9c003f1571a94c9fb5eadfb334e640916b0d820b631f62e2fde72a05aabd8499d1289478b5274228e0828d20e707c1307ad2bc12aa96bffd8bdffa59,gx-no-cache=1527600439637 HTTP/1.1" 200 30
186.67.172.234 - - [29/May/2018:10:28:20 -0300] "GET /cormun/servlet/licenciaspermisos?80301557d2d22be54809349e747610e3ffdb8bd2fb3aed5e9c0ca7413094cf42aed697e72ee1431b0e2fa7398fa0be98597bcd4bff3d51a75980f2c53a368d8c87aaedeb61cd9902c2aadcb82bf3675bda7a293e0523d6c9e4a0448b6a8f999929cb8f7353d2035bb183ca6276a8f60aa793eba48713761ce9f260585d4d5f4b38450fde7baedce61cdcf745be83a28b2dd9bd093cfe5149edaa6751c145ded3029b3c0b53e0e79adf0062e00505488d,gx-no-cache=1527600439861 HTTP/1.1" 200 29
186.67.172.234 - - [29/May/2018:10:28:20 -0300] "POST /cormun/servlet/licenciaspermisos?c197aaec658bf985f00a302c6411aec4,INS,0,,,,gx-no-cache=1527600439889 HTTP/1.1" 200 93
186.67.172.234 - - [29/May/2018:10:28:20 -0300] "GET /cormun/servlet/hpexe_return? HTTP/1.1" 200 1012
186.67.172.234 - - [29/May/2018:10:28:20 -0300] "GET /cormun/static/gxcfg.js?2016101716175148 HTTP/1.1" 304 -
186.67.172.234 - - [29/May/2018:10:28:21 -0300] "GET /cormun/servlet/trlicencias HTTP/1.1" 200 14705
186.67.172.234 - - [29/May/2018:10:28:21 -0300] "GET /cormun/servlet/trlicencias HTTP/1.1" 200 14700
186.103.159.230 - - [29/May/2018:10:28:24 -0300] "POST /cormun/servlet/hlogin?024ffe6219c080067381a8f509496a42,gx-no-cache=1527600442016 HTTP/1.1" 200 90
186.103.159.230 - - [29/May/2018:10:28:24 -0300] "GET /cormun/servlet/hpexe_link HTTP/1.1" 200 952
186.103.159.230 - - [29/May/2018:10:28:24 -0300] "GET /cormun/servlet/hhome HTTP/1.1" 200 4178
186.103.159.230 - - [29/May/2018:10:28:24 -0300] "GET /cormun/servlet/hhome HTTP/1.1" 200 4174
186.67.172.234 - - [29/May/2018:10:28:25 -0300] "GET /cormun/servlet/trlicenciaspermisosadjuntos?15113366,20180529000000,L, HTTP/1.1" 200 6578
186.67.172.234 - - [29/May/2018:10:28:25 -0300] "GET /cormun/static/gxcfg.js?20177612163414 HTTP/1.1" 304 -
186.67.172.234 - - [29/May/2018:10:28:25 -0300] "GET /cormun/servlet/trlicenciaspermisosadjuntos?15113366,20180529000000,L, HTTP/1.1" 200 6578
186.67.172.234 - - [29/May/2018:10:28:27 -0300] "GET /cormun/servlet/licenciaspermisosadjuntos?INS,15113366,L,20180529000000,, HTTP/1.1" 200 5878
186.67.172.234 - - [29/May/2018:10:28:27 -0300] "GET /cormun/static/gxcfg.js?2017761263592 HTTP/1.1" 304 -
186.67.172.234 - - [29/May/2018:10:28:27 -0300] "GET /cormun/static/about:blank HTTP/1.1" 404 1011
186.67.172.234 - - [29/May/2018:10:28:27 -0300] "GET /cormun/servlet/licenciaspermisosadjuntos?INS,15113366,L,20180529000000,, HTTP/1.1" 200 5866
186.103.159.230 - - [29/May/2018:10:28:28 -0300] "GET /cormun/servlet/trsolicitudot? HTTP/1.1" 200 8748
186.103.159.230 - - [29/May/2018:10:28:28 -0300] "GET /cormun/servlet/trsolicitudot? HTTP/1.1" 200 8746
186.103.159.230 - - [29/May/2018:10:28:32 -0300] "POST /cormun/servlet/trsolicitudot?024ffe6219c080067381a8f509496a42,,gx-no-cache=1527600450034 HTTP/1.1" 200 107
186.103.159.230 - - [29/May/2018:10:28:32 -0300] "GET /cormun/servlet/trsolicitudadjuntos?2018,11570, HTTP/1.1" 200 8712
186.103.159.230 - - [29/May/2018:10:28:33 -0300] "GET /cormun/servlet/trsolicitudadjuntos?2018,11570, HTTP/1.1" 200 8711
186.103.159.230 - - [29/May/2018:10:28:35 -0300] "GET /cormun/servlet/solicitudotadjuntos?INS,2018,11570,,1, HTTP/1.1" 200 6217
186.103.159.230 - - [29/May/2018:10:28:35 -0300] "GET /cormun/static/about:blank HTTP/1.1" 404 1011
186.103.159.230 - - [29/May/2018:10:28:35 -0300] "GET /cormun/servlet/solicitudotadjuntos?INS,2018,11570,,1, HTTP/1.1" 200 6210
186.103.159.230 - - [29/May/2018:10:28:36 -0300] "GET /cormun/servlet/solicitudotadjuntos?08c374b330e731640cdc5d8385cf087cb16a7a4fc3a3c8c558090143db6752fde93673540271bada73dec3000fda0c30,gx-no-cache=1527600453899 HTTP/1.1" 200 30
186.103.159.230 - - [29/May/2018:10:28:36 -0300] "POST /cormun/servlet/solicitudotadjuntos?024ffe6219c080067381a8f509496a42,INS,2018,11570,,1,,gx-no-cache=1527600453945 HTTP/1.1" 200 3982
186.103.159.230 - - [29/May/2018:10:28:39 -0300] "POST /cormun/servlet/solicitudotadjuntos?gx-no-cache=1527600456952 HTTP/1.1" 200 26
186.103.159.230 - - [29/May/2018:10:28:54 -0300] "GET /cormun/servlet/solicitudotadjuntos?08c374b330e731640cdc5d8385cf087c4ef680aaa4e00d222d16c2df2568a54a,gx-no-cache=1527600471827 HTTP/1.1" 200 30
186.103.159.230 - - [29/May/2018:10:28:54 -0300] "GET /cormun/servlet/solicitudotadjuntos?08c374b330e731640cdc5d8385cf087c4ef680aaa4e00d222d16c2df2568a54a,gx-no-cache=1527600471871 HTTP/1.1" 200 30
186.103.159.230 - - [29/May/2018:10:28:54 -0300] "POST /cormun/servlet/solicitudotadjuntos?024ffe6219c080067381a8f509496a42,INS,2018,11570,,1, HTTP/1.1" 200 116
186.103.159.230 - - [29/May/2018:10:28:54 -0300] "GET /cormun/servlet/hpexe_return? HTTP/1.1" 200 1028
186.103.159.230 - - [29/May/2018:10:28:55 -0300] "GET /cormun/servlet/trsolicitudadjuntos?2018,11570, HTTP/1.1" 200 8941
186.103.159.230 - - [29/May/2018:10:28:55 -0300] "GET /cormun/servlet/trsolicitudadjuntos?2018,11570, HTTP/1.1" 200 8940
186.67.172.234 - - [29/May/2018:10:28:57 -0300] "POST /cormun/servlet/licenciaspermisosadjuntos?c197aaec658bf985f00a302c6411aec4,INS,15113366,L,20180529000000,, HTTP/1.1" 200 116
186.67.172.234 - - [29/May/2018:10:28:57 -0300] "GET /cormun/servlet/hpexe_return? HTTP/1.1" 200 1044
186.67.172.234 - - [29/May/2018:10:28:58 -0300] "GET /cormun/servlet/trlicenciaspermisosadjuntos?15113366,20180529000000,L, HTTP/1.1" 200 7078
186.67.172.234 - - [29/May/2018:10:28:59 -0300] "GET /cormun/servlet/trlicenciaspermisosadjuntos?15113366,20180529000000,L, HTTP/1.1" 200 7075
186.103.159.230 - - [29/May/2018:10:28:59 -0300] "GET /cormun/servlet/solicitudotadjuntos?INS,2018,11570,,1, HTTP/1.1" 200 6217
186.103.159.230 - - [29/May/2018:10:28:59 -0300] "GET /cormun/static/about:blank HTTP/1.1" 404 1011
186.103.159.230 - - [29/May/2018:10:28:59 -0300] "GET /cormun/servlet/solicitudotadjuntos?INS,2018,11570,,1, HTTP/1.1" 200 6210
186.103.159.230 - - [29/May/2018:10:29:00 -0300] "GET /cormun/servlet/solicitudotadjuntos?08c374b330e731640cdc5d8385cf087cb16a7a4fc3a3c8c558090143db6752fde93673540271bada73dec3000fda0c30,gx-no-cache=1527600478065 HTTP/1.1" 200 30
186.103.159.230 - - [29/May/2018:10:29:00 -0300] "POST /cormun/servlet/solicitudotadjuntos?024ffe6219c080067381a8f509496a42,INS,2018,11570,,1,,gx-no-cache=1527600478111 HTTP/1.1" 200 3982
186.103.159.230 - - [29/May/2018:10:29:04 -0300] "POST /cormun/servlet/solicitudotadjuntos?gx-no-cache=1527600482216 HTTP/1.1" 200 26
186.67.172.234 - - [29/May/2018:10:29:05 -0300] "POST /cormun/servlet/trlicenciaspermisosadjuntos?c197aaec658bf985f00a302c6411aec4,15113366,20180529000000,L,,gx-no-cache=1527600484307 HTTP/1.1" 200 90
186.67.172.234 - - [29/May/2018:10:29:05 -0300] "GET /cormun/servlet/hpexe_link HTTP/1.1" 200 986
186.67.172.234 - - [29/May/2018:10:29:05 -0300] "GET /cormun/servlet/trlicencias HTTP/1.1" 200 14715
186.67.172.234 - - [29/May/2018:10:29:05 -0300] "GET /cormun/servlet/trlicencias HTTP/1.1" 200 14713
186.103.159.204 - - [29/May/2018:10:29:11 -0300] "GET /cormun/servlet/hlogin HTTP/1.1" 200 1726
186.103.159.204 - - [29/May/2018:10:29:11 -0300] "GET /cormun/static/gxtimezone.js?85251 HTTP/1.1" 200 5781
186.103.159.204 - - [29/May/2018:10:29:11 -0300] "GET /cormun/static/gxcfg.js?20175251213516 HTTP/1.1" 200 953
186.103.159.204 - - [29/May/2018:10:29:11 -0300] "GET /cormun/static/Resources/Spanish/PXTools.css?11423723 HTTP/1.1" 200 89042
186.103.159.204 - - [29/May/2018:10:29:13 -0300] "GET /cormun/static/messages.spa.js?85251 HTTP/1.1" 200 30736
186.103.159.204 - - [29/May/2018:10:29:13 -0300] "GET /cormun/static/hlogin.js?20175251213537 HTTP/1.1" 200 2136
186.103.159.204 - - [29/May/2018:10:29:13 -0300] "GET /cormun/static/Resources/ComunLogin.png HTTP/1.1" 200 17326
200.54.247.70 - - [29/May/2018:10:29:16 -0300] "GET /cormun/servlet/hlogin HTTP/1.1" 200 1723
186.103.159.204 - - [29/May/2018:10:29:16 -0300] "GET /cormun/static/gxgral.js?85251 HTTP/1.1" 200 384558
186.103.159.204 - - [29/May/2018:10:29:17 -0300] "GET /cormun/static/Resources/PXToolsLoginBottom.png HTTP/1.1" 200 1389
186.103.159.204 - - [29/May/2018:10:29:17 -0300] "GET /cormun/static/Resources/PXToolsLoginBackground.png HTTP/1.1" 200 1164
186.103.159.204 - - [29/May/2018:10:29:17 -0300] "GET /cormun/static/Resources/PXToolsButtonRight21.png HTTP/1.1" 200 1283
186.103.159.204 - - [29/May/2018:10:29:17 -0300] "GET /cormun/static/Resources/PXToolsButtonLeft21.png HTTP/1.1" 200 1287
186.103.159.204 - - [29/May/2018:10:29:17 -0300] "GET /cormun/static/Resources/PXToolsButtonBackground2.png HTTP/1.1" 200 1181
186.103.159.204 - - [29/May/2018:10:29:17 -0300] "GET /cormun/static/Resources/PXToolsLoginTop.png HTTP/1.1" 200 1337
186.103.159.204 - - [29/May/2018:10:29:17 -0300] "GET /cormun/static/Resources/indicator.gif HTTP/1.1" 200 1553
186.103.159.204 - - [29/May/2018:10:29:17 -0300] "GET /cormun/servlet/hlogin HTTP/1.1" 200 1734
186.103.159.204 - - [29/May/2018:10:29:17 -0300] "GET /cormun/static/Resources/PXToolsButtonBackground2.png HTTP/1.1" 206 1
186.103.159.204 - - [29/May/2018:10:29:17 -0300] "GET /cormun/static/Resources/indicator.gif HTTP/1.1" 200 1553
186.103.159.204 - - [29/May/2018:10:29:17 -0300] "GET /cormun/static/Resources/PXToolsButtonBackground2.png HTTP/1.1" 206 9
186.103.159.204 - - [29/May/2018:10:29:17 -0300] "GET /favicon.ico HTTP/1.1" 200 21630
186.103.159.230 - - [29/May/2018:10:29:19 -0300] "GET /cormun/servlet/solicitudotadjuntos?08c374b330e731640cdc5d8385cf087c4ef680aaa4e00d222d16c2df2568a54a,gx-no-cache=1527600497544 HTTP/1.1" 200 30
186.103.159.230 - - [29/May/2018:10:29:19 -0300] "GET /cormun/servlet/solicitudotadjuntos?08c374b330e731640cdc5d8385cf087c4ef680aaa4e00d222d16c2df2568a54a,gx-no-cache=1527600497560 HTTP/1.1" 200 30
186.103.159.230 - - [29/May/2018:10:29:20 -0300] "POST /cormun/servlet/solicitudotadjuntos?024ffe6219c080067381a8f509496a42,INS,2018,11570,,1, HTTP/1.1" 200 116
186.103.159.230 - - [29/May/2018:10:29:20 -0300] "GET /cormun/servlet/hpexe_return? HTTP/1.1" 200 1028
186.103.159.230 - - [29/May/2018:10:29:21 -0300] "GET /cormun/servlet/trsolicitudadjuntos?2018,11570, HTTP/1.1" 200 9105
186.103.159.230 - - [29/May/2018:10:29:21 -0300] "GET /cormun/servlet/trsolicitudadjuntos?2018,11570, HTTP/1.1" 200 9104
186.103.159.230 - - [29/May/2018:10:29:25 -0300] "GET /cormun/servlet/solicitudotadjuntos?INS,2018,11570,,1, HTTP/1.1" 200 6217
186.103.159.230 - - [29/May/2018:10:29:25 -0300] "GET /cormun/static/about:blank HTTP/1.1" 404 1011
200.54.247.70 - - [29/May/2018:10:29:26 -0300] "POST /cormun/servlet/hlogin?deba67797a473f0d22fdd3cb216e9677,gx-no-cache=1527600504256 HTTP/1.1" 200 435
186.103.159.230 - - [29/May/2018:10:29:26 -0300] "GET /cormun/servlet/solicitudotadjuntos?INS,2018,11570,,1, HTTP/1.1" 200 6210
186.103.159.230 - - [29/May/2018:10:29:26 -0300] "GET /cormun/servlet/solicitudotadjuntos?08c374b330e731640cdc5d8385cf087cb16a7a4fc3a3c8c558090143db6752fde93673540271bada73dec3000fda0c30,gx-no-cache=1527600504397 HTTP/1.1" 200 30
186.103.159.230 - - [29/May/2018:10:29:26 -0300] "POST /cormun/servlet/solicitudotadjuntos?024ffe6219c080067381a8f509496a42,INS,2018,11570,,1,,gx-no-cache=1527600504474 HTTP/1.1" 200 3982
200.54.247.70 - - [29/May/2018:10:29:29 -0300] "POST /cormun/servlet/hlogin?deba67797a473f0d22fdd3cb216e9677,gx-no-cache=1527600508170 HTTP/1.1" 200 435
186.103.159.230 - - [29/May/2018:10:29:31 -0300] "POST /cormun/servlet/solicitudotadjuntos?gx-no-cache=1527600509279 HTTP/1.1" 200 26
186.103.159.204 - - [29/May/2018:10:29:35 -0300] "POST /cormun/servlet/hlogin?fb1920f27b7cde96783405428841d779,gx-no-cache=1527600514387 HTTP/1.1" 200 90
186.103.159.204 - - [29/May/2018:10:29:35 -0300] "GET /cormun/servlet/hpexe_link HTTP/1.1" 200 953
186.103.159.204 - - [29/May/2018:10:29:35 -0300] "GET /cormun/static/gxcfg.js?20177612121792 HTTP/1.1" 200 953
186.103.159.204 - - [29/May/2018:10:29:35 -0300] "GET /cormun/static/hpexe_link.js?20177612121795 HTTP/1.1" 200 625
186.103.159.204 - - [29/May/2018:10:29:36 -0300] "GET /cormun/static/Resources/Spanish/PXTools.css?1155365 HTTP/1.1" 200 89042
186.103.159.204 - - [29/May/2018:10:29:36 -0300] "GET /cormun/servlet/hhome HTTP/1.1" 200 3908
186.103.159.204 - - [29/May/2018:10:29:36 -0300] "GET /cormun/static/scaMessage/css/jquery.pnotify.default.css?1716380 HTTP/1.1" 200 1707
186.103.159.204 - - [29/May/2018:10:29:36 -0300] "GET /cormun/static/gxcfg.js?20175251212442 HTTP/1.1" 200 953
186.103.159.204 - - [29/May/2018:10:29:36 -0300] "GET /cormun/static/SmoothNavMenu/resources/ddsmoothmenu-v.css?1012540 HTTP/1.1" 200 1188
186.103.159.204 - - [29/May/2018:10:29:36 -0300] "GET /cormun/static/SmoothNavMenu/resources/ddsmoothmenu.css?1012540 HTTP/1.1" 200 2223
186.103.159.204 - - [29/May/2018:10:29:36 -0300] "GET /cormun/static/PXToolsJavascripts/pexe_autoreload.js HTTP/1.1" 200 1762
186.103.159.204 - - [29/May/2018:10:29:36 -0300] "GET /cormun/static/PXToolsJavascripts/pexe_cookies.js HTTP/1.1" 200 792
186.103.159.204 - - [29/May/2018:10:29:36 -0300] "GET /cormun/static/PXToolsJavascripts/pexe_windows.js HTTP/1.1" 200 15207
186.103.159.204 - - [29/May/2018:10:29:36 -0300] "GET /cormun/static/PXToolsJavascripts/pexe_grid.js HTTP/1.1" 200 7559
186.103.159.204 - - [29/May/2018:10:29:36 -0300] "GET /cormun/static/PXToolsJavascripts/pexe_griddivfix.js HTTP/1.1" 200 6644
186.103.159.204 - - [29/May/2018:10:29:36 -0300] "GET /cormun/static/Shared/jqueryui/jquery-ui.min.css?1245370 HTTP/1.1" 200 30288
186.103.159.204 - - [29/May/2018:10:29:36 -0300] "GET /cormun/static/PXToolsJavascripts/pexe_link.js HTTP/1.1" 200 5671
186.103.159.204 - - [29/May/2018:10:29:36 -0300] "GET /cormun/static/PXToolsJavascripts/pexe_menudivfix.js HTTP/1.1" 200 333
186.103.159.204 - - [29/May/2018:10:29:36 -0300] "GET /cormun/static/PXToolsJavascripts/pexe_menus.js HTTP/1.1" 200 1286
186.103.159.204 - - [29/May/2018:10:29:36 -0300] "GET /cormun/static/PXToolsJavascripts/pexe_layers.js HTTP/1.1" 200 4114
186.103.159.204 - - [29/May/2018:10:29:36 -0300] "GET /cormun/static/PXToolsJavascripts/pexe_oav.js HTTP/1.1" 200 645
186.103.159.204 - - [29/May/2018:10:29:36 -0300] "GET /cormun/static/PXToolsJavascripts/pexe_oavdivfix.js HTTP/1.1" 200 639
186.103.159.204 - - [29/May/2018:10:29:36 -0300] "GET /cormun/static/PXToolsJavascripts/pexe_picture.js HTTP/1.1" 200 689
186.103.159.204 - - [29/May/2018:10:29:36 -0300] "GET /cormun/static/PXToolsJavascripts/pexe_popup.js HTTP/1.1" 200 13458
186.103.159.204 - - [29/May/2018:10:29:36 -0300] "GET /cormun/static/PXToolsJavascripts/pexe_scrolldiv.js HTTP/1.1" 200 4138
186.103.159.204 - - [29/May/2018:10:29:36 -0300] "GET /cormun/static/PXToolsJavascripts/pexe_tabdivfix.js HTTP/1.1" 200 876
186.103.159.204 - - [29/May/2018:10:29:36 -0300] "GET /cormun/static/PXToolsJavascripts/pexe_tabs.js HTTP/1.1" 200 3748
186.103.159.204 - - [29/May/2018:10:29:36 -0300] "GET /cormun/static/PXToolsJavascripts/pexe_upload.js HTTP/1.1" 200 1423
186.103.159.204 - - [29/May/2018:10:29:36 -0300] "GET /cormun/static/PXToolsJavascripts/PXToolsJavascriptsRender.js HTTP/1.1" 200 367
186.103.159.204 - - [29/May/2018:10:29:37 -0300] "GET /cormun/static/RunJS/RunJS.js HTTP/1.1" 200 288
186.103.159.204 - - [29/May/2018:10:29:37 -0300] "GET /cormun/static/Shared/ext/locale/ext-lang-en.js HTTP/1.1" 200 10940
186.103.159.204 - - [29/May/2018:10:29:37 -0300] "GET /cormun/static/hhome.js?20175251212450 HTTP/1.1" 200 777
186.103.159.204 - - [29/May/2018:10:29:37 -0300] "GET /cormun/static/hwchdr01.js?201752511465785 HTTP/1.1" 200 1183
186.103.159.204 - - [29/May/2018:10:29:37 -0300] "GET /cormun/static/Resources/PXToolsHeaderSecurity.png HTTP/1.1" 200 4166
186.103.159.204 - - [29/May/2018:10:29:37 -0300] "GET /cormun/static/Resources/PXToolsHeaderBackground2.png HTTP/1.1" 200 1174
186.103.159.204 - - [29/May/2018:10:29:37 -0300] "GET /cormun/static/Resources/PXToolsFooterBackground2.png HTTP/1.1" 200 1172
186.103.159.204 - - [29/May/2018:10:29:37 -0300] "GET /cormun/static/Resources/PXToolsDataTitle.png HTTP/1.1" 200 1173
186.103.159.204 - - [29/May/2018:10:29:37 -0300] "GET /cormun/static/Resources/PXToolsHeaderActionsBackground.png HTTP/1.1" 200 484
186.103.159.204 - - [29/May/2018:10:29:37 -0300] "GET /cormun/static/Resources/PXToolsHeaderActionsRight.png HTTP/1.1" 200 1201
186.103.159.204 - - [29/May/2018:10:29:37 -0300] "GET /cormun/static/Resources/PXToolsHeaderPreferences.png HTTP/1.1" 200 4189
186.103.159.204 - - [29/May/2018:10:29:37 -0300] "GET /cormun/static/Resources/PXToolsHeaderLogin.png HTTP/1.1" 200 4279
186.103.159.204 - - [29/May/2018:10:29:38 -0300] "GET /cormun/static/Resources/PXToolsHeaderHome.png HTTP/1.1" 200 4147
186.103.159.204 - - [29/May/2018:10:29:38 -0300] "GET /cormun/static/Resources/logo4.png HTTP/1.1" 200 6582
186.103.159.204 - - [29/May/2018:10:29:38 -0300] "GET /cormun/static/Resources/PXToolsHeaderActionsLeft.png HTTP/1.1" 200 1118
186.103.159.204 - - [29/May/2018:10:29:38 -0300] "GET /cormun/static/hpexe_recentlink.js?20177611595044 HTTP/1.1" 200 2144
186.103.159.204 - - [29/May/2018:10:29:38 -0300] "GET /cormun/static/hpexe_scripts.js?201752511465715 HTTP/1.1" 200 1544
186.103.159.204 - - [29/May/2018:10:29:38 -0300] "GET /cormun/static/hpexe_messagecontroller.js?20177611595012 HTTP/1.1" 200 870
186.103.159.204 - - [29/May/2018:10:29:38 -0300] "GET /cormun/static/hpexe_messagepopupcomponent.js?20161017169425 HTTP/1.1" 200 605
186.103.159.204 - - [29/May/2018:10:29:38 -0300] "GET /cormun/static/hpexe_messagegenexuscomponent.js?201752511465344 HTTP/1.1" 200 587
186.103.159.204 - - [29/May/2018:10:29:38 -0300] "GET /cormun/static/cmcontrolpreferences.js?201752511465670 HTTP/1.1" 200 1375
200.54.247.70 - - [29/May/2018:10:29:38 -0300] "POST /cormun/servlet/hlogin?deba67797a473f0d22fdd3cb216e9677,gx-no-cache=1527600516960 HTTP/1.1" 200 435
186.103.159.204 - - [29/May/2018:10:29:38 -0300] "GET /cormun/static/SmoothNavMenu/resources/ddsmoothmenu.js HTTP/1.1" 200 12712
186.103.159.204 - - [29/May/2018:10:29:39 -0300] "GET /cormun/static/SmoothNavMenu/resources/SmoothNavMenuRender.js HTTP/1.1" 200 5951
186.103.159.204 - - [29/May/2018:10:29:39 -0300] "GET /cormun/static/scaMessage/js/jquery.pnotify.min.js HTTP/1.1" 200 13038
186.103.159.204 - - [29/May/2018:10:29:39 -0300] "GET /cormun/static/gxui/gxui-all.js HTTP/1.1" 200 107772
186.103.159.204 - - [29/May/2018:10:29:40 -0300] "GET /cormun/static/scaMessage/scaMessageRender.js HTTP/1.1" 200 11977
186.103.159.204 - - [29/May/2018:10:29:40 -0300] "GET /cormun/static/hmpwkw03.js?20177612122668 HTTP/1.1" 200 3965
186.103.159.204 - - [29/May/2018:10:29:40 -0300] "GET /cormun/static/Shared/jqueryui/jquery-ui.min.js HTTP/1.1" 200 240427
186.103.159.204 - - [29/May/2018:10:29:41 -0300] "GET /cormun/static/Shared/jquery/jquery-1.4.2.min.js HTTP/1.1" 200 72174
200.54.247.70 - - [29/May/2018:10:29:42 -0300] "POST /cormun/servlet/hlogin?deba67797a473f0d22fdd3cb216e9677,gx-no-cache=1527600520637 HTTP/1.1" 200 435
186.103.159.204 - - [29/May/2018:10:29:44 -0300] "GET /cormun/static/Shared/jquery/jquery-1.10.2.min.js HTTP/1.1" 200 273199
186.103.159.230 - - [29/May/2018:10:29:45 -0300] "GET /cormun/servlet/solicitudotadjuntos?08c374b330e731640cdc5d8385cf087c4ef680aaa4e00d222d16c2df2568a54a,gx-no-cache=1527600523042 HTTP/1.1" 200 30
186.103.159.230 - - [29/May/2018:10:29:45 -0300] "GET /cormun/servlet/solicitudotadjuntos?08c374b330e731640cdc5d8385cf087c4ef680aaa4e00d222d16c2df2568a54a,gx-no-cache=1527600523466 HTTP/1.1" 200 30
200.54.247.70 - - [29/May/2018:10:29:46 -0300] "POST /cormun/servlet/hlogin?deba67797a473f0d22fdd3cb216e9677,gx-no-cache=1527600525073 HTTP/1.1" 200 90
200.54.247.70 - - [29/May/2018:10:29:47 -0300] "GET /cormun/servlet/hpexe_link HTTP/1.1" 200 950
200.54.247.70 - - [29/May/2018:10:29:47 -0300] "GET /cormun/servlet/hhome HTTP/1.1" 200 4234
186.103.159.230 - - [29/May/2018:10:29:47 -0300] "POST /cormun/servlet/solicitudotadjuntos?024ffe6219c080067381a8f509496a42,INS,2018,11570,,1, HTTP/1.1" 200 116
186.103.159.230 - - [29/May/2018:10:29:47 -0300] "GET /cormun/servlet/hpexe_return? HTTP/1.1" 200 1028
186.103.159.230 - - [29/May/2018:10:29:47 -0300] "GET /cormun/servlet/trsolicitudadjuntos?2018,11570, HTTP/1.1" 200 9306
200.54.247.70 - - [29/May/2018:10:29:47 -0300] "GET /cormun/servlet/hhome HTTP/1.1" 200 4231
186.103.159.230 - - [29/May/2018:10:29:48 -0300] "GET /cormun/servlet/trsolicitudadjuntos?2018,11570, HTTP/1.1" 200 9306
200.54.247.70 - - [29/May/2018:10:29:50 -0300] "GET /cormun/servlet/trsolicitudot? HTTP/1.1" 200 7447
200.54.247.70 - - [29/May/2018:10:29:50 -0300] "GET /cormun/servlet/trsolicitudot? HTTP/1.1" 200 7447
200.54.247.70 - - [29/May/2018:10:29:52 -0300] "GET /cormun/servlet/solicitudot?INS,0,0, HTTP/1.1" 200 13676
200.54.247.70 - - [29/May/2018:10:29:53 -0300] "GET /cormun/servlet/solicitudot?INS,0,0, HTTP/1.1" 200 13681
186.103.159.230 - - [29/May/2018:10:29:54 -0300] "GET /cormun/PublicTempStorage/fonasa421219.pdf HTTP/1.1" 200 262118
186.103.159.204 - - [29/May/2018:10:30:01 -0300] "GET /cormun/static/Shared/ext/ext-all.js HTTP/1.1" 200 1289687
186.103.159.204 - - [29/May/2018:10:30:02 -0300] "GET /cormun/static/SmoothNavMenu/resources/images/down.gif HTTP/1.1" 200 854
186.103.159.204 - - [29/May/2018:10:30:02 -0300] "GET /cormun/servlet/hhome HTTP/1.1" 200 3904
186.103.159.230 - - [29/May/2018:10:30:06 -0300] "GET /cormun/servlet/hlogin HTTP/1.1" 200 1716
186.103.159.230 - - [29/May/2018:10:30:10 -0300] "GET /cormun/servlet/hlogin HTTP/1.1" 200 1716
186.67.172.234 - - [29/May/2018:10:30:18 -0300] "GET /cormun/servlet/trlicenciaspermisosadjuntos?15113366,20180529000000,L, HTTP/1.1" 200 7073
186.67.172.234 - - [29/May/2018:10:30:19 -0300] "GET /cormun/servlet/trlicenciaspermisosadjuntos?15113366,20180529000000,L, HTTP/1.1" 200 7074
186.67.172.234 - - [29/May/2018:10:30:22 -0300] "POST /cormun/servlet/trlicenciaspermisosadjuntos?c197aaec658bf985f00a302c6411aec4,15113366,20180529000000,L,,gx-no-cache=1527600561549 HTTP/1.1" 200 90
186.67.172.234 - - [29/May/2018:10:30:22 -0300] "GET /cormun/servlet/hpexe_link HTTP/1.1" 200 986
186.67.172.234 - - [29/May/2018:10:30:22 -0300] "GET /cormun/servlet/trlicencias HTTP/1.1" 200 14716
186.103.159.204 - - [29/May/2018:10:30:23 -0300] "GET /cormun/servlet/trlicencias? HTTP/1.1" 200 8365
186.103.159.204 - - [29/May/2018:10:30:23 -0300] "GET /cormun/static/calendar-system.css?75620 HTTP/1.1" 200 5572
186.103.159.204 - - [29/May/2018:10:30:23 -0300] "GET /cormun/static/gxui/gxui-all.css?110300 HTTP/1.1" 200 2179
186.103.159.204 - - [29/May/2018:10:30:23 -0300] "GET /cormun/static/gxcfg.js?20176272054169 HTTP/1.1" 200 953
186.103.159.204 - - [29/May/2018:10:30:23 -0300] "GET /cormun/static/calendar-setup.js?85251 HTTP/1.1" 200 2588
186.103.159.204 - - [29/May/2018:10:30:23 -0300] "GET /cormun/static/calendar-es.js?85251 HTTP/1.1" 200 1901
186.67.172.234 - - [29/May/2018:10:30:23 -0300] "GET /cormun/servlet/trlicencias HTTP/1.1" 200 14700
186.103.159.204 - - [29/May/2018:10:30:23 -0300] "GET /cormun/static/calendar.js?85251 HTTP/1.1" 200 26246
186.103.159.204 - - [29/May/2018:10:30:23 -0300] "GET /cormun/static/Resources/Spanish/PXTools.css?17315867 HTTP/1.1" 200 89042
186.103.159.204 - - [29/May/2018:10:30:23 -0300] "GET /cormun/static/gxdec.js?85251 HTTP/1.1" 200 19579
186.103.159.230 - - [29/May/2018:10:30:24 -0300] "POST /cormun/servlet/hlogin?9dcbc656e09a3a8c17352c1083b6489b,gx-no-cache=1527600561745 HTTP/1.1" 200 90
186.103.159.230 - - [29/May/2018:10:30:24 -0300] "GET /cormun/servlet/hpexe_link HTTP/1.1" 200 946
186.103.159.204 - - [29/May/2018:10:30:24 -0300] "GET /cormun/static/trlicencias.js?20176272054837 HTTP/1.1" 200 41883
186.103.159.230 - - [29/May/2018:10:30:24 -0300] "GET /cormun/servlet/hhome HTTP/1.1" 200 4171
186.103.159.230 - - [29/May/2018:10:30:24 -0300] "GET /cormun/servlet/hhome HTTP/1.1" 200 4167
186.103.159.204 - - [29/May/2018:10:30:24 -0300] "GET /cormun/static/Resources/PXTools/calendar.png HTTP/1.1" 200 1306
186.103.159.204 - - [29/May/2018:10:30:25 -0300] "GET /cormun/static/Resources/PXToolsDataSearch.png HTTP/1.1" 200 419
186.103.159.204 - - [29/May/2018:10:30:25 -0300] "GET /cormun/static/Resources/PXToolsGridFirstDisabled.gif HTTP/1.1" 200 100
186.103.159.204 - - [29/May/2018:10:30:25 -0300] "GET /cormun/static/Resources/PXToolsGridPreviousDisabled.gif HTTP/1.1" 200 90
186.103.159.204 - - [29/May/2018:10:30:25 -0300] "GET /cormun/static/Resources/PXToolsGridNextDisabled.gif HTTP/1.1" 200 90
186.103.159.204 - - [29/May/2018:10:30:25 -0300] "GET /cormun/static/Resources/PXToolsGridLastDisabled.gif HTTP/1.1" 200 98
186.103.159.204 - - [29/May/2018:10:30:25 -0300] "GET /cormun/static/Resources/PXToolsGridPage.gif HTTP/1.1" 200 725
186.103.159.204 - - [29/May/2018:10:30:25 -0300] "GET /cormun/static/Resources/PXToolsActionExcel.png HTTP/1.1" 200 3187
186.103.159.204 - - [29/May/2018:10:30:25 -0300] "GET /cormun/static/Resources/PXToolsGridNew.png HTTP/1.1" 200 2949
186.103.159.204 - - [29/May/2018:10:30:31 -0300] "GET /cormun/static/Shared/ext/resources/css/ext-all.css?205870 HTTP/1.1" 200 416045
186.103.159.204 - - [29/May/2018:10:30:32 -0300] "GET /cormun/static/Resources/asc.gif HTTP/1.1" 200 67
186.103.159.204 - - [29/May/2018:10:30:32 -0300] "GET /cormun/static/Resources/desc.gif HTTP/1.1" 200 65
186.103.159.204 - - [29/May/2018:10:30:32 -0300] "GET /cormun//static/Resources/PXToolsGridDisplay.png HTTP/1.1" 200 362
186.103.159.204 - - [29/May/2018:10:30:32 -0300] "GET /cormun//static/Resources/PXToolsActionDisabled.gif HTTP/1.1" 200 53
186.103.159.204 - - [29/May/2018:10:30:32 -0300] "GET /cormun//static/Resources/PXToolsActionPrint.png HTTP/1.1" 200 3317
186.103.159.204 - - [29/May/2018:10:30:32 -0300] "GET /cormun//static/Resources/PXToolsHeaderFavorites.png HTTP/1.1" 200 2744
186.103.159.204 - - [29/May/2018:10:30:32 -0300] "GET /cormun//static/Resources/PXTools/ActionInsert.png HTTP/1.1" 200 1482
186.103.159.204 - - [29/May/2018:10:30:32 -0300] "GET /cormun//static/Resources/PXToolsHeaderHelp.png HTTP/1.1" 200 4055
186.103.159.204 - - [29/May/2018:10:30:32 -0300] "GET /cormun/static/Shared/ext/resources/themes/images/default/panel/bg-headersPanel.png HTTP/1.1" 200 255
186.103.159.204 - - [29/May/2018:10:30:32 -0300] "GET /cormun/static/Shared/ext/resources/themes/images/default/tools/tool-sprites.gif HTTP/1.1" 200 5434
186.103.159.204 - - [29/May/2018:10:30:32 -0300] "GET /cormun/servlet/trlicencias? HTTP/1.1" 200 8362
186.103.159.230 - - [29/May/2018:10:30:32 -0300] "GET /cormun/servlet/trsolicitudot? HTTP/1.1" 200 8739
186.103.159.230 - - [29/May/2018:10:30:32 -0300] "GET /cormun/servlet/trsolicitudot? HTTP/1.1" 200 8737
186.67.172.234 - - [29/May/2018:10:30:36 -0300] "GET /cormun/servlet/alicenciaprn?15113366,L,20180529000000,PU HTTP/1.1" 200 1532
186.103.159.230 - - [29/May/2018:10:30:36 -0300] "POST /cormun/servlet/trsolicitudot?9dcbc656e09a3a8c17352c1083b6489b,,gx-no-cache=1527600574425 HTTP/1.1" 200 107
186.103.159.230 - - [29/May/2018:10:30:37 -0300] "GET /cormun/servlet/trsolicitudadjuntos?2018,11570, HTTP/1.1" 200 9297
186.103.159.230 - - [29/May/2018:10:30:37 -0300] "GET /cormun/servlet/trsolicitudadjuntos?2018,11570, HTTP/1.1" 200 9299
186.103.159.230 - - [29/May/2018:10:30:42 -0300] "GET /cormun/servlet/solicitudotadjuntos?INS,2018,11570,,1, HTTP/1.1" 200 6210
186.103.159.230 - - [29/May/2018:10:30:42 -0300] "GET /cormun/static/about:blank HTTP/1.1" 404 1011
186.103.159.230 - - [29/May/2018:10:30:42 -0300] "GET /cormun/servlet/solicitudotadjuntos?INS,2018,11570,,1, HTTP/1.1" 200 6204
186.103.159.230 - - [29/May/2018:10:30:42 -0300] "GET /cormun/servlet/solicitudotadjuntos?6df80e30a4d9d56828ac6658c1b3985ab4f9e727f6e3e708f8c556f11f2f593d2b6c9379a0d22e045dcf94a53a82af27,gx-no-cache=1527600580659 HTTP/1.1" 200 30
186.103.159.230 - - [29/May/2018:10:30:43 -0300] "POST /cormun/servlet/solicitudotadjuntos?9dcbc656e09a3a8c17352c1083b6489b,INS,2018,11570,,1,,gx-no-cache=1527600580782 HTTP/1.1" 200 3978
186.103.159.204 - - [29/May/2018:10:30:43 -0300] "GET /cormun/servlet/licenciaspermisos?INS,0,,, HTTP/1.1" 200 7440
186.103.159.204 - - [29/May/2018:10:30:44 -0300] "GET /cormun/static/gxcfg.js?201762917281167 HTTP/1.1" 200 953
186.103.159.204 - - [29/May/2018:10:30:44 -0300] "GET /cormun/static/Resources/prompt.gif HTTP/1.1" 200 902
186.103.159.204 - - [29/May/2018:10:30:44 -0300] "GET /cormun/static/licenciaspermisos.js?201762917281260 HTTP/1.1" 200 37491
186.103.159.204 - - [29/May/2018:10:30:44 -0300] "GET /cormun/servlet/licenciaspermisos?INS,0,,, HTTP/1.1" 200 7439
186.103.159.230 - - [29/May/2018:10:30:47 -0300] "POST /cormun/servlet/solicitudotadjuntos?gx-no-cache=1527600585696 HTTP/1.1" 200 26
200.54.247.70 - - [29/May/2018:10:30:49 -0300] "GET /cormun/servlet/prfichaempleado?,MD,,gxPopupLevel%3D0%3B HTTP/1.1" 200 9395
186.103.159.230 - - [29/May/2018:10:30:55 -0300] "GET /cormun/servlet/solicitudotadjuntos?6df80e30a4d9d56828ac6658c1b3985ac30cecafea951a2b452fcb218d559455,gx-no-cache=1527600593229 HTTP/1.1" 200 30
186.103.159.230 - - [29/May/2018:10:30:55 -0300] "GET /cormun/servlet/solicitudotadjuntos?6df80e30a4d9d56828ac6658c1b3985ac30cecafea951a2b452fcb218d559455,gx-no-cache=1527600593248 HTTP/1.1" 200 30
186.103.159.230 - - [29/May/2018:10:30:56 -0300] "POST /cormun/servlet/solicitudotadjuntos?9dcbc656e09a3a8c17352c1083b6489b,INS,2018,11570,,1, HTTP/1.1" 200 116
186.103.159.230 - - [29/May/2018:10:30:56 -0300] "GET /cormun/servlet/hpexe_return? HTTP/1.1" 200 1020
186.103.159.230 - - [29/May/2018:10:30:57 -0300] "GET /cormun/servlet/trsolicitudadjuntos?2018,11570, HTTP/1.1" 200 9523
186.103.159.230 - - [29/May/2018:10:30:58 -0300] "GET /cormun/servlet/trsolicitudadjuntos?2018,11570, HTTP/1.1" 200 9522
186.103.159.230 - - [29/May/2018:10:31:02 -0300] "GET /cormun/servlet/solicitudotadjuntos?INS,2018,11570,,1, HTTP/1.1" 200 6210
200.54.247.70 - - [29/May/2018:10:31:02 -0300] "POST /cormun/servlet/prfichaempleado?deba67797a473f0d22fdd3cb216e9677,,MD,,gxPopupLevel%3D0%3B,gx-no-cache=1527600600947 HTTP/1.1" 200 3189
186.103.159.230 - - [29/May/2018:10:31:03 -0300] "GET /cormun/static/about:blank HTTP/1.1" 404 1011
186.103.159.230 - - [29/May/2018:10:31:03 -0300] "GET /cormun/servlet/solicitudotadjuntos?INS,2018,11570,,1, HTTP/1.1" 200 6204
186.103.159.230 - - [29/May/2018:10:31:03 -0300] "GET /cormun/servlet/solicitudotadjuntos?6df80e30a4d9d56828ac6658c1b3985ab4f9e727f6e3e708f8c556f11f2f593d2b6c9379a0d22e045dcf94a53a82af27,gx-no-cache=1527600601513 HTTP/1.1" 200 30
186.103.159.230 - - [29/May/2018:10:31:03 -0300] "POST /cormun/servlet/solicitudotadjuntos?9dcbc656e09a3a8c17352c1083b6489b,INS,2018,11570,,1,,gx-no-cache=1527600601545 HTTP/1.1" 200 3978
186.103.159.230 - - [29/May/2018:10:31:10 -0300] "POST /cormun/servlet/solicitudotadjuntos?gx-no-cache=1527600608095 HTTP/1.1" 200 26
200.54.247.70 - - [29/May/2018:10:31:15 -0300] "POST /cormun/servlet/solicitudot?gx-no-cache=1527600613750 HTTP/1.1" 200 3284
200.54.247.70 - - [29/May/2018:10:31:15 -0300] "POST /cormun/servlet/solicitudot?deba67797a473f0d22fdd3cb216e9677,INS,0,0,,gx-no-cache=1527600613869 HTTP/1.1" 200 10441
200.54.247.70 - - [29/May/2018:10:31:17 -0300] "GET /cormun/servlet/solicitudot?afe13b7111c8cba8d415044f49ad58bc6e5099ee11214ff74048073eb073c400e127074ac0bd00541fe870eaa6f6c715,gx-no-cache=1527600615601 HTTP/1.1" 200 30
186.103.159.230 - - [29/May/2018:10:31:19 -0300] "GET /cormun/servlet/solicitudotadjuntos?6df80e30a4d9d56828ac6658c1b3985ac30cecafea951a2b452fcb218d559455,gx-no-cache=1527600617696 HTTP/1.1" 200 30
186.103.159.230 - - [29/May/2018:10:31:19 -0300] "GET /cormun/servlet/solicitudotadjuntos?6df80e30a4d9d56828ac6658c1b3985ac30cecafea951a2b452fcb218d559455,gx-no-cache=1527600617713 HTTP/1.1" 200 30
186.103.159.230 - - [29/May/2018:10:31:20 -0300] "POST /cormun/servlet/solicitudotadjuntos?9dcbc656e09a3a8c17352c1083b6489b,INS,2018,11570,,1, HTTP/1.1" 200 116
186.103.159.230 - - [29/May/2018:10:31:20 -0300] "GET /cormun/servlet/hpexe_return? HTTP/1.1" 200 1020
186.103.159.230 - - [29/May/2018:10:31:20 -0300] "GET /cormun/servlet/trsolicitudadjuntos?2018,11570, HTTP/1.1" 200 9780
186.103.159.230 - - [29/May/2018:10:31:21 -0300] "GET /cormun/servlet/trsolicitudadjuntos?2018,11570, HTTP/1.1" 200 9777
186.103.159.204 - - [29/May/2018:10:31:34 -0300] "GET /cormun/servlet/licenciaspermisos?9a6a2778d76ae96a7ed652a5c07a8380650aaaf0a17f876c01adab868554a597d2c7269637c2b2ac94c13a2e29839003,gx-no-cache=1527600632648 HTTP/1.1" 200 94
186.103.159.204 - - [29/May/2018:10:31:34 -0300] "POST /cormun/servlet/licenciaspermisos?fb1920f27b7cde96783405428841d779,INS,0,,,,gx-no-cache=1527600632980 HTTP/1.1" 200 4694
186.103.159.230 - - [29/May/2018:10:31:42 -0300] "GET /cormun/servlet/hlogin HTTP/1.1" 200 1723
186.103.159.230 - - [29/May/2018:10:31:44 -0300] "GET /cormun/servlet/hlogin HTTP/1.1" 200 1723
186.103.159.204 - - [29/May/2018:10:31:53 -0300] "GET /cormun/static/menuarrow.gif HTTP/1.1" 404 1015
186.103.159.230 - - [29/May/2018:10:31:57 -0300] "POST /cormun/servlet/hlogin?7edeccbc33969b6d3a2089de259950eb,gx-no-cache=1527600655488 HTTP/1.1" 200 90
186.103.159.230 - - [29/May/2018:10:31:57 -0300] "GET /cormun/servlet/hpexe_link HTTP/1.1" 200 952
186.103.159.230 - - [29/May/2018:10:31:57 -0300] "GET /cormun/servlet/hhome HTTP/1.1" 200 4179
186.103.159.230 - - [29/May/2018:10:31:58 -0300] "GET /cormun/servlet/hhome HTTP/1.1" 200 4175
186.103.159.230 - - [29/May/2018:10:32:03 -0300] "GET /cormun/servlet/trsolicitudot? HTTP/1.1" 200 8752
186.103.159.230 - - [29/May/2018:10:32:04 -0300] "GET /cormun/servlet/trsolicitudot? HTTP/1.1" 200 8750
186.103.159.230 - - [29/May/2018:10:32:40 -0300] "POST /cormun/servlet/trsolicitudot?7edeccbc33969b6d3a2089de259950eb,,gx-no-cache=1527600698016 HTTP/1.1" 200 4681
186.103.159.230 - - [29/May/2018:10:32:40 -0300] "GET /cormun/static/Shared/jqueryui/images/ui-bg_highlight-soft_100_c6c2c8_1x100.png HTTP/1.1" 404 1117
186.103.159.230 - - [29/May/2018:10:32:40 -0300] "GET /cormun/static/Shared/jqueryui/images/ui-icons_82798d_256x240.png HTTP/1.1" 404 1089
186.103.159.230 - - [29/May/2018:10:32:40 -0300] "GET /cormun/static/Shared/jqueryui/images/ui-icons_8d78a5_256x240.png HTTP/1.1" 404 1089
186.103.159.230 - - [29/May/2018:10:32:40 -0300] "GET /cormun/static/Shared/jqueryui/images/ui-bg_flat_55_fafafa_40x100.png HTTP/1.1" 404 1097
186.103.159.230 - - [29/May/2018:10:32:40 -0300] "POST /cormun/servlet/trsolicitudot?7edeccbc33969b6d3a2089de259950eb,,gx-no-cache=1527600698254 HTTP/1.1" 200 4449
186.103.159.230 - - [29/May/2018:10:32:45 -0300] "GET /cormun/servlet/trautorizarsolicitud? HTTP/1.1" 200 8644
186.103.159.230 - - [29/May/2018:10:32:45 -0300] "GET /cormun/servlet/trautorizarsolicitud? HTTP/1.1" 200 8644
200.111.191.210 - - [29/May/2018:10:33:04 -0300] "GET /cormun/servlet/hlogin HTTP/1.1" 200 1719
200.111.191.210 - - [29/May/2018:10:33:04 -0300] "GET /cormun/servlet/hlogin HTTP/1.1" 200 1729
186.67.172.234 - - [29/May/2018:10:33:05 -0300] "POST /cormun/servlet/trlicencias?c197aaec658bf985f00a302c6411aec4,gx-no-cache=1527600724580 HTTP/1.1" 200 12232
186.67.172.234 - - [29/May/2018:10:33:05 -0300] "GET /cormun/static/Shared/jqueryui/images/ui-bg_highlight-soft_100_c6c2c8_1x100.png HTTP/1.1" 404 1117
186.67.172.234 - - [29/May/2018:10:33:05 -0300] "GET /cormun/static/Shared/jqueryui/images/ui-icons_82798d_256x240.png HTTP/1.1" 404 1089
186.67.172.234 - - [29/May/2018:10:33:05 -0300] "GET /cormun/static/Shared/jqueryui/images/ui-bg_flat_55_fafafa_40x100.png HTTP/1.1" 404 1097
186.67.172.234 - - [29/May/2018:10:33:05 -0300] "GET /cormun/static/Shared/jqueryui/images/ui-icons_8d78a5_256x240.png HTTP/1.1" 404 1089
200.111.191.210 - - [29/May/2018:10:33:09 -0300] "POST /cormun/servlet/hlogin?0bd3add0d6d5ca9cd3fae80f9b0d6312,gx-no-cache=1527600775904 HTTP/1.1" 200 90
200.111.191.210 - - [29/May/2018:10:33:09 -0300] "GET /cormun/servlet/hpexe_link HTTP/1.1" 200 949
200.111.191.210 - - [29/May/2018:10:33:09 -0300] "GET /cormun/servlet/hhome HTTP/1.1" 200 3956
200.111.191.210 - - [29/May/2018:10:33:10 -0300] "GET /cormun/servlet/hhome HTTP/1.1" 200 3952
186.103.159.230 - - [29/May/2018:10:33:13 -0300] "POST /cormun/servlet/trautorizarsolicitud?7edeccbc33969b6d3a2089de259950eb,,gx-no-cache=1527600730839 HTTP/1.1" 200 4615
186.103.159.230 - - [29/May/2018:10:33:13 -0300] "GET /cormun/static/Shared/jqueryui/images/ui-bg_highlight-soft_100_c6c2c8_1x100.png HTTP/1.1" 404 1117
186.103.159.230 - - [29/May/2018:10:33:13 -0300] "GET /cormun/static/Shared/jqueryui/images/ui-icons_82798d_256x240.png HTTP/1.1" 404 1089
186.103.159.230 - - [29/May/2018:10:33:13 -0300] "GET /cormun/static/Shared/jqueryui/images/ui-bg_flat_55_fafafa_40x100.png HTTP/1.1" 404 1097
186.103.159.230 - - [29/May/2018:10:33:13 -0300] "GET /cormun/static/Shared/jqueryui/images/ui-icons_8d78a5_256x240.png HTTP/1.1" 404 1089
186.103.159.230 - - [29/May/2018:10:33:13 -0300] "POST /cormun/servlet/trautorizarsolicitud?7edeccbc33969b6d3a2089de259950eb,,gx-no-cache=1527600731143 HTTP/1.1" 200 4385
200.111.191.210 - - [29/May/2018:10:33:14 -0300] "GET /cormun/servlet/trpermisosgoce? HTTP/1.1" 200 18072
200.111.191.210 - - [29/May/2018:10:33:15 -0300] "GET /cormun/servlet/trpermisosgoce? HTTP/1.1" 200 18076
200.111.191.210 - - [29/May/2018:10:33:16 -0300] "GET /cormun/servlet/permisogoce?INS,0,,, HTTP/1.1" 200 6792
200.111.191.210 - - [29/May/2018:10:33:17 -0300] "GET /cormun/servlet/permisogoce?INS,0,,, HTTP/1.1" 200 6791
200.111.191.210 - - [29/May/2018:10:33:22 -0300] "GET /cormun/servlet/permisogoce?68554763e29398a31b16adba744439d8fd30890ee9f52d05ceb272fafd59cd8d4eaff091b33032f0aaa336ccf6ec8002ae2670f52601df08dbe43e8a098ecd02,gx-no-cache=1527600788342 HTTP/1.1" 200 74
200.111.191.210 - - [29/May/2018:10:33:26 -0300] "GET /cormun/servlet/permisogoce?68554763e29398a31b16adba744439d84af2f1a50f00ab58ad8ab2bb18fd1742258e5e16dd93b4cbeb08ee4903361f771ec2a86740547342418a17b18cf62a1c,gx-no-cache=1527600792748 HTTP/1.1" 200 47
200.111.191.210 - - [29/May/2018:10:33:45 -0300] "POST /cormun/servlet/permisogoce?0bd3add0d6d5ca9cd3fae80f9b0d6312,INS,0,,,,gx-no-cache=1527600810837 HTTP/1.1" 200 93
200.111.191.210 - - [29/May/2018:10:33:45 -0300] "GET /cormun/servlet/hpexe_return? HTTP/1.1" 200 1007
200.111.191.210 - - [29/May/2018:10:33:45 -0300] "GET /cormun/servlet/trpermisosgoce HTTP/1.1" 200 18328
200.111.191.210 - - [29/May/2018:10:33:45 -0300] "GET /cormun/servlet/trpermisosgoce HTTP/1.1" 200 18320
200.111.191.210 - - [29/May/2018:10:33:47 -0300] "GET /cormun/servlet/apermisogoceprn?15991789,P,20180529093002,PU HTTP/1.1" 200 1683
192.168.10.89 - - [29/May/2018:10:34:59 -0300] "GET /cormun/servlet/hlogin HTTP/1.1" 200 1716
192.168.10.89 - - [29/May/2018:10:35:09 -0300] "POST /cormun/servlet/hlogin?050f25345cf19010a036adfadffbdda9,gx-no-cache=1527600715025 HTTP/1.1" 200 90
192.168.10.89 - - [29/May/2018:10:35:09 -0300] "GET /cormun/servlet/hpexe_link HTTP/1.1" 200 946
192.168.10.89 - - [29/May/2018:10:35:09 -0300] "GET /cormun/servlet/hhome HTTP/1.1" 200 4916
186.103.159.204 - - [29/May/2018:10:35:12 -0300] "GET /cormun/servlet/licenciaspermisos?9a6a2778d76ae96a7ed652a5c07a838093c63a8c9d95108b6433167ecdc0809c4ad6380aa81316ca9f0757383d576649d7ab5cb5a2b34b7c09c1989186f36a3f2e1deb368a5f8d49d99ddefe3925fad75df59d46818cec5f21f189c5d17c1ebb4940a1e5e275a6df471a70ca7b5ef91ec48af467ae3e2d1eca13f78d901cc3424cbe4938cda5435068c183b026f4cd7d883535a35ae8b733f973a2ff549ad3141b25b3bb34b8395b8078f76b4a732e51,gx-no-cache=1527600850576 HTTP/1.1" 200 30
192.168.10.89 - - [29/May/2018:10:35:12 -0300] "GET /cormun/servlet/trsolicitudgral? HTTP/1.1" 200 28869
186.103.159.204 - - [29/May/2018:10:35:12 -0300] "GET /cormun/servlet/licenciaspermisos?9a6a2778d76ae96a7ed652a5c07a83802241119edc568f86f94cce7958c2d77435cffc3d9f754f11b3d380a71cd4d1cf41981465ab507993c5712b3b25e66649134223beb7da2db6f1e4910aabf75031a8f7624bfb01527735460e00487877fbf59480181d0c263a7602b48fb446f396eb95e8d03ffe848ebe79dda3600db97068e2ae799683a88d25b5d331f4307824552c1813cc83701955f50b1ecc01910319e49e5b601664697301cda6e3576bff,gx-no-cache=1527600851088 HTTP/1.1" 200 29
186.103.159.204 - - [29/May/2018:10:35:12 -0300] "POST /cormun/servlet/licenciaspermisos?fb1920f27b7cde96783405428841d779,INS,0,,,,gx-no-cache=1527600851139 HTTP/1.1" 200 93
186.103.159.204 - - [29/May/2018:10:35:12 -0300] "GET /cormun/servlet/hpexe_return? HTTP/1.1" 200 1013
186.103.159.204 - - [29/May/2018:10:35:12 -0300] "GET /cormun/static/gxcfg.js?2016101716175148 HTTP/1.1" 200 953
186.103.159.204 - - [29/May/2018:10:35:12 -0300] "GET /cormun/static/hpexe_return.js?2016101716175153 HTTP/1.1" 200 1633
186.103.159.204 - - [29/May/2018:10:35:13 -0300] "GET /cormun/static/Resources/Spanish/PXTools.css?167811 HTTP/1.1" 200 89042
186.103.159.204 - - [29/May/2018:10:35:13 -0300] "GET /cormun/servlet/trlicencias HTTP/1.1" 200 8710
186.103.159.204 - - [29/May/2018:10:35:14 -0300] "GET /cormun//static/Resources/PXToolsGridUpdate.png HTTP/1.1" 200 2984
186.103.159.204 - - [29/May/2018:10:35:14 -0300] "GET /cormun//static/Resources/PXToolsGridDelete.png HTTP/1.1" 200 357
186.103.159.204 - - [29/May/2018:10:35:14 -0300] "GET /cormun/servlet/trlicencias HTTP/1.1" 200 8705
201.215.248.160 - - [29/May/2018:10:35:21 -0300] "GET /cormun/servlet/hlogin HTTP/1.1" 200 1723
201.215.248.160 - - [29/May/2018:10:35:21 -0300] "GET /cormun/static/gxtimezone.js?85251 HTTP/1.1" 200 5781
201.215.248.160 - - [29/May/2018:10:35:21 -0300] "GET /cormun/static/gxcfg.js?20175251213516 HTTP/1.1" 200 953
201.215.248.160 - - [29/May/2018:10:35:21 -0300] "GET /cormun/static/Resources/Spanish/PXTools.css?11423723 HTTP/1.1" 200 89042
201.215.248.160 - - [29/May/2018:10:35:21 -0300] "GET /cormun/static/messages.spa.js?85251 HTTP/1.1" 200 30736
201.215.248.160 - - [29/May/2018:10:35:21 -0300] "GET /cormun/static/hlogin.js?20175251213537 HTTP/1.1" 200 2136
201.215.248.160 - - [29/May/2018:10:35:21 -0300] "GET /cormun/static/Resources/ComunLogin.png HTTP/1.1" 200 17326
186.103.159.204 - - [29/May/2018:10:35:21 -0300] "POST /cormun/servlet/trlicencias?fb1920f27b7cde96783405428841d779,gx-no-cache=1527600860247 HTTP/1.1" 200 6095
201.215.248.160 - - [29/May/2018:10:35:22 -0300] "GET /cormun/static/gxgral.js?85251 HTTP/1.1" 200 384558
201.215.248.160 - - [29/May/2018:10:35:22 -0300] "GET /cormun/static/Resources/PXToolsLoginBottom.png HTTP/1.1" 200 1389
201.215.248.160 - - [29/May/2018:10:35:22 -0300] "GET /cormun/static/Resources/PXToolsLoginBackground.png HTTP/1.1" 200 1164
201.215.248.160 - - [29/May/2018:10:35:22 -0300] "GET /cormun/static/Resources/PXToolsButtonRight21.png HTTP/1.1" 200 1283
201.215.248.160 - - [29/May/2018:10:35:22 -0300] "GET /cormun/static/Resources/PXToolsButtonLeft21.png HTTP/1.1" 200 1287
201.215.248.160 - - [29/May/2018:10:35:22 -0300] "GET /cormun/static/Resources/PXToolsButtonBackground2.png HTTP/1.1" 200 1181
201.215.248.160 - - [29/May/2018:10:35:22 -0300] "GET /cormun/static/Resources/PXToolsLoginTop.png HTTP/1.1" 200 1337
201.215.248.160 - - [29/May/2018:10:35:22 -0300] "GET /cormun/static/Resources/indicator.gif HTTP/1.1" 200 1553
201.215.248.160 - - [29/May/2018:10:35:22 -0300] "GET /cormun/servlet/hlogin HTTP/1.1" 200 1732
201.215.248.160 - - [29/May/2018:10:35:23 -0300] "GET /favicon.ico HTTP/1.1" 200 21630
201.215.248.160 - - [29/May/2018:10:35:33 -0300] "POST /cormun/servlet/hlogin?9a435d50c0496e3f95c8f5000babb3f2,gx-no-cache=1527600875165 HTTP/1.1" 200 90
201.215.248.160 - - [29/May/2018:10:35:33 -0300] "GET /cormun/servlet/hpexe_link HTTP/1.1" 200 952
201.215.248.160 - - [29/May/2018:10:35:33 -0300] "GET /cormun/static/gxcfg.js?20177612121792 HTTP/1.1" 200 953
201.215.248.160 - - [29/May/2018:10:35:33 -0300] "GET /cormun/static/hpexe_link.js?20177612121795 HTTP/1.1" 200 625
192.168.10.89 - - [29/May/2018:10:35:34 -0300] "POST /cormun/servlet/trsolicitudgral?050f25345cf19010a036adfadffbdda9,,gx-no-cache=1527600739785 HTTP/1.1" 200 9241
