200.111.191.210 - - [28/May/2018:09:20:31 -0300] "POST /cormun/servlet/hlogin?64c195f2befb1a439cb09e87ecf23a9e,gx-no-cache=1527510027307 HTTP/1.1" 200 90
200.111.191.210 - - [28/May/2018:09:20:31 -0300] "GET /cormun/servlet/hpexe_link HTTP/1.1" 200 946
200.111.191.210 - - [28/May/2018:09:20:31 -0300] "GET /cormun/servlet/hhome HTTP/1.1" 200 3953
200.111.191.210 - - [28/May/2018:09:20:32 -0300] "GET /cormun/servlet/hhome HTTP/1.1" 200 3949
200.111.191.210 - - [28/May/2018:09:20:37 -0300] "GET /cormun/servlet/trsolicitudot? HTTP/1.1" 200 7166
200.111.191.210 - - [28/May/2018:09:20:38 -0300] "GET /cormun/servlet/trsolicitudot? HTTP/1.1" 200 7166
200.111.191.210 - - [28/May/2018:09:20:42 -0300] "GET /cormun/static/menuarrow.gif HTTP/1.1" 404 1015
200.111.191.210 - - [28/May/2018:09:20:50 -0300] "POST /cormun/servlet/trsolicitudot?64c195f2befb1a439cb09e87ecf23a9e,,gx-no-cache=1527510045584 HTTP/1.1" 200 24518
186.103.159.204 - - [28/May/2018:09:21:06 -0300] "GET /cormun/servlet/trsolicitudot? HTTP/1.1" 200 6397
186.103.159.204 - - [28/May/2018:09:21:07 -0300] "GET /cormun/static/gxui/gxui-all.css?120300 HTTP/1.1" 200 2179
186.103.159.204 - - [28/May/2018:09:21:07 -0300] "GET /cormun/static/RunJS/RunJS.js HTTP/1.1" 200 288
186.103.159.204 - - [28/May/2018:09:21:07 -0300] "GET /cormun/static/PXToolsJavascripts/pexe_cookies.js HTTP/1.1" 200 792
186.103.159.204 - - [28/May/2018:09:21:07 -0300] "GET /cormun/static/PXToolsJavascripts/pexe_menudivfix.js HTTP/1.1" 200 333
186.103.159.204 - - [28/May/2018:09:21:07 -0300] "GET /cormun/static/PXToolsJavascripts/pexe_oavdivfix.js HTTP/1.1" 200 639
186.103.159.204 - - [28/May/2018:09:21:07 -0300] "GET /cormun/static/PXToolsJavascripts/pexe_oav.js HTTP/1.1" 200 645
186.103.159.204 - - [28/May/2018:09:21:07 -0300] "GET /cormun/static/PXToolsJavascripts/pexe_picture.js HTTP/1.1" 200 689
186.103.159.204 - - [28/May/2018:09:21:07 -0300] "GET /cormun/static/PXToolsJavascripts/pexe_tabdivfix.js HTTP/1.1" 200 876
186.103.159.204 - - [28/May/2018:09:21:07 -0300] "GET /cormun/static/PXToolsJavascripts/PXToolsJavascriptsRender.js HTTP/1.1" 200 367
186.103.159.204 - - [28/May/2018:09:21:07 -0300] "GET /cormun/static/hpexe_messagecontroller.js?20177611595012 HTTP/1.1" 200 870
186.103.159.204 - - [28/May/2018:09:21:07 -0300] "GET /cormun/static/hpexe_messagegenexuscomponent.js?201752511465344 HTTP/1.1" 200 587
186.103.159.204 - - [28/May/2018:09:21:07 -0300] "GET /cormun/static/hpexe_messagepopupcomponent.js?20161017169425 HTTP/1.1" 200 605
186.103.159.204 - - [28/May/2018:09:21:07 -0300] "GET /cormun/static/Resources/logo4.png HTTP/1.1" 200 6582
186.103.159.204 - - [28/May/2018:09:21:07 -0300] "GET /cormun/static/Resources/PXToolsHeaderHome.png HTTP/1.1" 200 4147
186.103.159.204 - - [28/May/2018:09:21:07 -0300] "GET /cormun/static/Resources/PXToolsHeaderPreferences.png HTTP/1.1" 200 4189
186.103.159.204 - - [28/May/2018:09:21:07 -0300] "GET /cormun/static/Resources/PXToolsHeaderSecurity.png HTTP/1.1" 200 4166
186.103.159.204 - - [28/May/2018:09:21:07 -0300] "GET /cormun/static/Resources/PXToolsHeaderLogin.png HTTP/1.1" 200 4279
186.103.159.204 - - [28/May/2018:09:21:07 -0300] "GET /cormun/static/Resources/PXToolsHeaderActionsLeft.png HTTP/1.1" 200 1118
186.103.159.204 - - [28/May/2018:09:21:07 -0300] "GET /cormun/static/Resources/PXToolsHeaderActionsRight.png HTTP/1.1" 200 1201
186.103.159.204 - - [28/May/2018:09:21:07 -0300] "GET /cormun/static/Resources/PXToolsGridNew.png HTTP/1.1" 200 2949
186.103.159.204 - - [28/May/2018:09:21:07 -0300] "GET /cormun/static/Resources/PXTools/calendar.png HTTP/1.1" 200 1306
186.103.159.204 - - [28/May/2018:09:21:07 -0300] "GET /cormun/static/Resources/PXToolsDataSearch.png HTTP/1.1" 200 419
186.103.159.204 - - [28/May/2018:09:21:07 -0300] "GET /cormun/static/Resources/PXToolsGridFirstDisabled.gif HTTP/1.1" 200 100
186.103.159.204 - - [28/May/2018:09:21:07 -0300] "GET /cormun/static/Resources/PXToolsGridPreviousDisabled.gif HTTP/1.1" 200 90
186.103.159.204 - - [28/May/2018:09:21:08 -0300] "GET /cormun/servlet/hlogin HTTP/1.1" 200 1741
186.103.159.204 - - [28/May/2018:09:21:08 -0300] "GET /cormun/servlet/trsolicitudot? HTTP/1.1" 200 6408
186.103.159.204 - - [28/May/2018:09:21:08 -0300] "GET /cormun/static/gxcfg.js?20175251213516 HTTP/1.1" 304 -
186.103.159.204 - - [28/May/2018:09:21:08 -0300] "GET /cormun/static/Resources/Spanish/PXTools.css?11423723 HTTP/1.1" 200 89042
186.103.159.204 - - [28/May/2018:09:21:08 -0300] "GET /cormun/static/Resources/ComunLogin.png HTTP/1.1" 304 -
186.103.159.204 - - [28/May/2018:09:21:08 -0300] "GET /cormun/static/Resources/PXToolsButtonRight21.png HTTP/1.1" 304 -
186.103.159.204 - - [28/May/2018:09:21:08 -0300] "GET /cormun/static/Resources/PXToolsButtonBackground2.png HTTP/1.1" 304 -
186.103.159.204 - - [28/May/2018:09:21:08 -0300] "GET /favicon.ico HTTP/1.1" 200 21630
186.103.159.204 - - [28/May/2018:09:21:23 -0300] "POST /cormun/servlet/hlogin?01e4c5a3e7b4ebe6e5ea548b9be662a8,gx-no-cache=1527510018160 HTTP/1.1" 200 451
200.111.191.210 - - [28/May/2018:09:21:36 -0300] "GET /cormun/servlet/vesolicitudot?2018,11366,, HTTP/1.1" 200 8358
200.111.191.210 - - [28/May/2018:09:21:36 -0300] "GET /cormun/pexe_scrolldiv.js HTTP/1.1" 404 1009
200.111.191.210 - - [28/May/2018:09:21:37 -0300] "GET /cormun/servlet/vesolicitudot?2018,11366,, HTTP/1.1" 200 8358
186.103.159.204 - - [28/May/2018:09:21:38 -0300] "POST /cormun/servlet/hlogin?01e4c5a3e7b4ebe6e5ea548b9be662a8,gx-no-cache=1527510033091 HTTP/1.1" 200 90
186.103.159.204 - - [28/May/2018:09:21:38 -0300] "GET /cormun/servlet/hpexe_link HTTP/1.1" 200 961
186.103.159.204 - - [28/May/2018:09:21:38 -0300] "GET /cormun/static/Resources/Spanish/PXTools.css?1155365 HTTP/1.1" 304 -
186.103.159.204 - - [28/May/2018:09:21:38 -0300] "GET /cormun/static/gxcfg.js?20177612121792 HTTP/1.1" 200 953
186.103.159.204 - - [28/May/2018:09:21:38 -0300] "GET /cormun/servlet/trsolicitudot HTTP/1.1" 200 8621
200.111.191.210 - - [28/May/2018:09:21:39 -0300] "GET /cormun/servlet/vesolicitudot?2018,11366,,SolicitudOTLog HTTP/1.1" 200 9177
200.111.191.210 - - [28/May/2018:09:21:39 -0300] "GET /cormun/pexe_scrolldiv.js HTTP/1.1" 404 1009
200.111.191.210 - - [28/May/2018:09:21:39 -0300] "GET /cormun/pexe_scrolldiv.js HTTP/1.1" 404 1009
186.103.159.204 - - [28/May/2018:09:21:39 -0300] "GET /cormun//static/Resources/PXToolsGridDelete.png HTTP/1.1" 200 357
186.103.159.204 - - [28/May/2018:09:21:39 -0300] "GET /cormun//static/Resources/PXToolsRemoveAllAction.png HTTP/1.1" 200 3558
186.103.159.204 - - [28/May/2018:09:21:39 -0300] "GET /cormun//static/Resources/PXToolsGridUpdate.png HTTP/1.1" 200 2984
186.103.159.204 - - [28/May/2018:09:21:39 -0300] "GET /cormun/servlet/trsolicitudot HTTP/1.1" 200 8622
200.111.191.210 - - [28/May/2018:09:21:39 -0300] "GET /cormun/servlet/vesolicitudot?2018,11366,,SolicitudOTLog HTTP/1.1" 200 9177
200.111.191.210 - - [28/May/2018:09:21:40 -0300] "POST /cormun/servlet/acontrolpreferencessavestate?None,CA-7,true HTTP/1.1" 200 35
200.111.191.210 - - [28/May/2018:09:21:44 -0300] "GET /cormun/servlet/vesolicitudot?2018,11366,,General HTTP/1.1" 200 8365
200.111.191.210 - - [28/May/2018:09:21:44 -0300] "GET /cormun/pexe_scrolldiv.js HTTP/1.1" 404 1009
200.111.191.210 - - [28/May/2018:09:21:44 -0300] "GET /cormun/pexe_scrolldiv.js HTTP/1.1" 404 1009
200.111.191.210 - - [28/May/2018:09:21:44 -0300] "GET /cormun/servlet/vesolicitudot?2018,11366,,General HTTP/1.1" 200 8364
186.103.159.204 - - [28/May/2018:09:21:47 -0300] "GET /cormun/static/menuarrow.gif HTTP/1.1" 404 1015
200.111.191.210 - - [28/May/2018:09:21:47 -0300] "POST /cormun/servlet/vesolicitudot?64c195f2befb1a439cb09e87ecf23a9e,2018,11366,,General,gx-no-cache=1527510102807 HTTP/1.1" 200 93
200.111.191.210 - - [28/May/2018:09:21:47 -0300] "GET /cormun/servlet/hpexe_return? HTTP/1.1" 200 1010
200.111.191.210 - - [28/May/2018:09:21:48 -0300] "GET /cormun/servlet/trsolicitudot? HTTP/1.1" 200 27195
200.111.191.210 - - [28/May/2018:09:21:50 -0300] "GET /cormun/servlet/trsolicitudot? HTTP/1.1" 200 27191
186.103.159.204 - - [28/May/2018:09:21:54 -0300] "POST /cormun/servlet/trsolicitudot?01e4c5a3e7b4ebe6e5ea548b9be662a8,gx-no-cache=1527510049936 HTTP/1.1" 200 5647
186.103.159.204 - - [28/May/2018:09:22:12 -0300] "POST /cormun/servlet/trsolicitudot?01e4c5a3e7b4ebe6e5ea548b9be662a8,gx-no-cache=1527510067295 HTTP/1.1" 200 4214
186.103.159.204 - - [28/May/2018:09:22:13 -0300] "POST /cormun/servlet/trsolicitudot?01e4c5a3e7b4ebe6e5ea548b9be662a8,gx-no-cache=1527510068744 HTTP/1.1" 200 4213
186.103.159.204 - - [28/May/2018:09:22:14 -0300] "POST /cormun/servlet/trsolicitudot?01e4c5a3e7b4ebe6e5ea548b9be662a8,gx-no-cache=1527510069052 HTTP/1.1" 200 4213
186.103.159.204 - - [28/May/2018:09:22:24 -0300] "POST /cormun/servlet/trsolicitudot?01e4c5a3e7b4ebe6e5ea548b9be662a8,gx-no-cache=1527510079403 HTTP/1.1" 200 6233
200.111.191.210 - - [28/May/2018:09:22:55 -0300] "GET /cormun/servlet/trlicencias? HTTP/1.1" 200 14034
200.111.191.210 - - [28/May/2018:09:22:56 -0300] "GET /cormun/servlet/trlicencias? HTTP/1.1" 200 14030
186.103.159.204 - - [28/May/2018:09:23:41 -0300] "POST /cormun/servlet/trsolicitudot?01e4c5a3e7b4ebe6e5ea548b9be662a8,gx-no-cache=1527510155914 HTTP/1.1" 200 9724
186.103.159.204 - - [28/May/2018:09:24:30 -0300] "POST /cormun/servlet/trsolicitudot?01e4c5a3e7b4ebe6e5ea548b9be662a8,gx-no-cache=1527510205084 HTTP/1.1" 200 9701
186.103.159.204 - - [28/May/2018:09:24:36 -0300] "POST /cormun/servlet/trsolicitudot?01e4c5a3e7b4ebe6e5ea548b9be662a8,gx-no-cache=1527510210708 HTTP/1.1" 200 9700
186.103.159.204 - - [28/May/2018:09:24:47 -0300] "POST /cormun/servlet/trsolicitudot?01e4c5a3e7b4ebe6e5ea548b9be662a8,gx-no-cache=1527510222488 HTTP/1.1" 200 9725
186.103.159.204 - - [28/May/2018:09:25:55 -0300] "POST /cormun/servlet/trsolicitudot?01e4c5a3e7b4ebe6e5ea548b9be662a8,gx-no-cache=1527510290489 HTTP/1.1" 200 4222
186.103.159.204 - - [28/May/2018:09:25:57 -0300] "POST /cormun/servlet/trsolicitudot?01e4c5a3e7b4ebe6e5ea548b9be662a8,gx-no-cache=1527510292412 HTTP/1.1" 200 4222
186.103.159.204 - - [28/May/2018:09:25:58 -0300] "POST /cormun/servlet/trsolicitudot?01e4c5a3e7b4ebe6e5ea548b9be662a8,gx-no-cache=1527510292691 HTTP/1.1" 200 4222
186.103.159.204 - - [28/May/2018:09:26:02 -0300] "POST /cormun/servlet/trsolicitudot?01e4c5a3e7b4ebe6e5ea548b9be662a8,gx-no-cache=1527510297663 HTTP/1.1" 200 6288
192.168.10.96 - - [28/May/2018:09:30:53 -0300] "GET /cormun/servlet/hlogin HTTP/1.1" 200 1724
192.168.10.97 - - [28/May/2018:09:31:16 -0300] "GET /cormun/servlet/hlogin HTTP/1.1" 200 1724
192.168.10.97 - - [28/May/2018:09:31:18 -0300] "POST /cormun/servlet/hlogin?c618be5f73dff13b2e2c0974d2fb8589,gx-no-cache=1527510484525 HTTP/1.1" 200 90
192.168.10.97 - - [28/May/2018:09:31:18 -0300] "GET /cormun/servlet/hpexe_link HTTP/1.1" 200 958
192.168.10.97 - - [28/May/2018:09:31:21 -0300] "GET /cormun/servlet/trcoordinadores HTTP/1.1" 200 7724
192.168.10.97 - - [28/May/2018:09:31:24 -0300] "GET /cormun/servlet/trcoordinadores HTTP/1.1" 200 7722
192.168.10.97 - - [28/May/2018:09:31:25 -0300] "GET /cormun/servlet/trsolicitudgral? HTTP/1.1" 200 9155
192.168.10.97 - - [28/May/2018:09:31:26 -0300] "GET /cormun/servlet/trsolicitudgral? HTTP/1.1" 200 9155
192.168.10.97 - - [28/May/2018:09:31:48 -0300] "POST /cormun/servlet/trsolicitudgral?c618be5f73dff13b2e2c0974d2fb8589,,gx-no-cache=1527510514134 HTTP/1.1" 200 5920
192.168.10.97 - - [28/May/2018:09:32:02 -0300] "POST /cormun/servlet/trsolicitudgral?c618be5f73dff13b2e2c0974d2fb8589,,gx-no-cache=1527510528669 HTTP/1.1" 200 5919
192.168.10.97 - - [28/May/2018:09:32:11 -0300] "POST /cormun/servlet/trsolicitudgral?c618be5f73dff13b2e2c0974d2fb8589,,gx-no-cache=1527510537014 HTTP/1.1" 200 5918
192.168.10.97 - - [28/May/2018:09:32:17 -0300] "POST /cormun/servlet/trsolicitudgral?c618be5f73dff13b2e2c0974d2fb8589,,gx-no-cache=1527510543114 HTTP/1.1" 200 5920
192.168.10.97 - - [28/May/2018:09:32:24 -0300] "POST /cormun/servlet/trsolicitudgral?c618be5f73dff13b2e2c0974d2fb8589,,gx-no-cache=1527510549834 HTTP/1.1" 200 5919
192.168.10.97 - - [28/May/2018:09:32:30 -0300] "POST /cormun/servlet/trsolicitudgral?c618be5f73dff13b2e2c0974d2fb8589,,gx-no-cache=1527510555877 HTTP/1.1" 200 5918
192.168.10.97 - - [28/May/2018:09:32:45 -0300] "POST /cormun/servlet/trsolicitudgral?c618be5f73dff13b2e2c0974d2fb8589,,gx-no-cache=1527510571330 HTTP/1.1" 200 5919
192.168.10.97 - - [28/May/2018:09:32:51 -0300] "POST /cormun/servlet/trsolicitudgral?c618be5f73dff13b2e2c0974d2fb8589,,gx-no-cache=1527510576993 HTTP/1.1" 200 5921
192.168.10.97 - - [28/May/2018:09:32:55 -0300] "POST /cormun/servlet/trsolicitudgral?c618be5f73dff13b2e2c0974d2fb8589,,gx-no-cache=1527510581266 HTTP/1.1" 200 5921
192.168.10.97 - - [28/May/2018:09:33:05 -0300] "POST /cormun/servlet/trsolicitudgral?c618be5f73dff13b2e2c0974d2fb8589,,gx-no-cache=1527510591370 HTTP/1.1" 200 5922
192.168.10.97 - - [28/May/2018:09:33:11 -0300] "POST /cormun/servlet/trsolicitudgral?c618be5f73dff13b2e2c0974d2fb8589,,gx-no-cache=1527510597498 HTTP/1.1" 200 5920
192.168.10.97 - - [28/May/2018:09:33:16 -0300] "POST /cormun/servlet/trsolicitudgral?c618be5f73dff13b2e2c0974d2fb8589,,gx-no-cache=1527510602617 HTTP/1.1" 200 5920
192.168.10.97 - - [28/May/2018:09:33:24 -0300] "POST /cormun/servlet/trsolicitudgral?c618be5f73dff13b2e2c0974d2fb8589,,gx-no-cache=1527510609793 HTTP/1.1" 200 5921
192.168.10.97 - - [28/May/2018:09:33:37 -0300] "POST /cormun/servlet/trsolicitudgral?c618be5f73dff13b2e2c0974d2fb8589,,gx-no-cache=1527510622698 HTTP/1.1" 200 5920
192.168.10.97 - - [28/May/2018:09:33:44 -0300] "POST /cormun/servlet/trsolicitudgral?c618be5f73dff13b2e2c0974d2fb8589,,gx-no-cache=1527510630409 HTTP/1.1" 200 5918
192.168.10.97 - - [28/May/2018:09:33:50 -0300] "POST /cormun/servlet/trsolicitudgral?c618be5f73dff13b2e2c0974d2fb8589,,gx-no-cache=1527510636321 HTTP/1.1" 200 5917
192.168.10.96 - - [28/May/2018:09:33:53 -0300] "POST /cormun/servlet/trsolicitudgral?5d351a49df2e9e0b5e57e41bcd445f70,,gx-no-cache=1527510638826 HTTP/1.1" 500 10
192.168.10.97 - - [28/May/2018:09:33:56 -0300] "POST /cormun/servlet/trsolicitudgral?c618be5f73dff13b2e2c0974d2fb8589,,gx-no-cache=1527510642577 HTTP/1.1" 200 5921
192.168.10.96 - - [28/May/2018:09:33:57 -0300] "GET /cormun/servlet/hlogin HTTP/1.1" 200 1724
192.168.10.96 - - [28/May/2018:09:33:57 -0300] "GET /cormun/servlet/hlogin HTTP/1.1" 200 1724
192.168.10.97 - - [28/May/2018:09:34:02 -0300] "POST /cormun/servlet/trsolicitudgral?c618be5f73dff13b2e2c0974d2fb8589,,gx-no-cache=1527510647881 HTTP/1.1" 200 5920
192.168.10.97 - - [28/May/2018:09:34:07 -0300] "POST /cormun/servlet/trsolicitudgral?c618be5f73dff13b2e2c0974d2fb8589,,gx-no-cache=1527510653354 HTTP/1.1" 200 5917
192.168.10.96 - - [28/May/2018:09:34:11 -0300] "POST /cormun/servlet/hlogin?5d351a49df2e9e0b5e57e41bcd445f70,gx-no-cache=1527510657484 HTTP/1.1" 200 90
192.168.10.96 - - [28/May/2018:09:34:11 -0300] "GET /cormun/servlet/hpexe_link HTTP/1.1" 200 959
192.168.10.96 - - [28/May/2018:09:34:13 -0300] "GET /cormun/servlet/trsolicitudgral HTTP/1.1" 200 28605
192.168.10.96 - - [28/May/2018:09:34:16 -0300] "GET /cormun/servlet/trsolicitudgral HTTP/1.1" 200 28604
192.168.10.97 - - [28/May/2018:09:34:17 -0300] "POST /cormun/servlet/trsolicitudgral?c618be5f73dff13b2e2c0974d2fb8589,,gx-no-cache=1527510663135 HTTP/1.1" 200 5917
192.168.10.96 - - [28/May/2018:09:34:25 -0300] "GET /cormun/servlet/trsolicitudgral? HTTP/1.1" 200 28604
192.168.10.97 - - [28/May/2018:09:34:27 -0300] "POST /cormun/servlet/trsolicitudgral?c618be5f73dff13b2e2c0974d2fb8589,,gx-no-cache=1527510673328 HTTP/1.1" 200 5918
192.168.10.96 - - [28/May/2018:09:34:27 -0300] "GET /cormun/servlet/trsolicitudgral? HTTP/1.1" 200 28603
192.168.10.97 - - [28/May/2018:09:34:34 -0300] "POST /cormun/servlet/trsolicitudgral?c618be5f73dff13b2e2c0974d2fb8589,,gx-no-cache=1527510680663 HTTP/1.1" 200 5920
192.168.10.97 - - [28/May/2018:09:34:39 -0300] "POST /cormun/servlet/trsolicitudgral?c618be5f73dff13b2e2c0974d2fb8589,,gx-no-cache=1527510685470 HTTP/1.1" 200 5918
192.168.10.97 - - [28/May/2018:09:34:47 -0300] "POST /cormun/servlet/trsolicitudgral?c618be5f73dff13b2e2c0974d2fb8589,,gx-no-cache=1527510693374 HTTP/1.1" 200 5918
192.168.10.97 - - [28/May/2018:09:34:52 -0300] "POST /cormun/servlet/trsolicitudgral?c618be5f73dff13b2e2c0974d2fb8589,,gx-no-cache=1527510697902 HTTP/1.1" 200 5920
192.168.10.97 - - [28/May/2018:09:35:02 -0300] "POST /cormun/servlet/trsolicitudgral?c618be5f73dff13b2e2c0974d2fb8589,,gx-no-cache=1527510707967 HTTP/1.1" 200 5920
192.168.10.97 - - [28/May/2018:09:35:08 -0300] "POST /cormun/servlet/trsolicitudgral?c618be5f73dff13b2e2c0974d2fb8589,,gx-no-cache=1527510713942 HTTP/1.1" 200 5919
192.168.10.97 - - [28/May/2018:09:35:13 -0300] "POST /cormun/servlet/trsolicitudgral?c618be5f73dff13b2e2c0974d2fb8589,,gx-no-cache=1527510719110 HTTP/1.1" 200 5918
192.168.10.97 - - [28/May/2018:09:35:17 -0300] "POST /cormun/servlet/trsolicitudgral?c618be5f73dff13b2e2c0974d2fb8589,,gx-no-cache=1527510723711 HTTP/1.1" 200 5921
192.168.10.97 - - [28/May/2018:09:35:25 -0300] "POST /cormun/servlet/trsolicitudgral?c618be5f73dff13b2e2c0974d2fb8589,,gx-no-cache=1527510731639 HTTP/1.1" 200 5919
192.168.10.97 - - [28/May/2018:09:35:31 -0300] "POST /cormun/servlet/trsolicitudgral?c618be5f73dff13b2e2c0974d2fb8589,,gx-no-cache=1527510737135 HTTP/1.1" 200 5917
192.168.10.97 - - [28/May/2018:09:35:39 -0300] "POST /cormun/servlet/trsolicitudgral?c618be5f73dff13b2e2c0974d2fb8589,,gx-no-cache=1527510745760 HTTP/1.1" 200 5918
192.168.10.97 - - [28/May/2018:09:35:45 -0300] "POST /cormun/servlet/trsolicitudgral?c618be5f73dff13b2e2c0974d2fb8589,,gx-no-cache=1527510751487 HTTP/1.1" 200 5918
192.168.10.97 - - [28/May/2018:09:35:50 -0300] "POST /cormun/servlet/trsolicitudgral?c618be5f73dff13b2e2c0974d2fb8589,,gx-no-cache=1527510756439 HTTP/1.1" 200 5920
192.168.10.97 - - [28/May/2018:09:35:55 -0300] "POST /cormun/servlet/trsolicitudgral?c618be5f73dff13b2e2c0974d2fb8589,,gx-no-cache=1527510761654 HTTP/1.1" 200 5917
192.168.10.97 - - [28/May/2018:09:36:01 -0300] "POST /cormun/servlet/trsolicitudgral?c618be5f73dff13b2e2c0974d2fb8589,,gx-no-cache=1527510766887 HTTP/1.1" 200 5919
192.168.10.97 - - [28/May/2018:09:36:07 -0300] "POST /cormun/servlet/trsolicitudgral?c618be5f73dff13b2e2c0974d2fb8589,,gx-no-cache=1527510772919 HTTP/1.1" 200 5919
192.168.10.97 - - [28/May/2018:09:36:15 -0300] "POST /cormun/servlet/trsolicitudgral?c618be5f73dff13b2e2c0974d2fb8589,,gx-no-cache=1527510781543 HTTP/1.1" 200 5920
192.168.10.97 - - [28/May/2018:09:36:23 -0300] "POST /cormun/servlet/trsolicitudgral?c618be5f73dff13b2e2c0974d2fb8589,,gx-no-cache=1527510789294 HTTP/1.1" 200 5922
192.168.10.97 - - [28/May/2018:09:36:30 -0300] "POST /cormun/servlet/trsolicitudgral?c618be5f73dff13b2e2c0974d2fb8589,,gx-no-cache=1527510796192 HTTP/1.1" 200 5920
192.168.10.97 - - [28/May/2018:09:36:37 -0300] "POST /cormun/servlet/trsolicitudgral?c618be5f73dff13b2e2c0974d2fb8589,,gx-no-cache=1527510803206 HTTP/1.1" 200 5918
192.168.10.97 - - [28/May/2018:09:36:43 -0300] "POST /cormun/servlet/trsolicitudgral?c618be5f73dff13b2e2c0974d2fb8589,,gx-no-cache=1527510809606 HTTP/1.1" 200 7773
192.168.10.97 - - [28/May/2018:09:36:58 -0300] "GET /cormun/servlet/solicitudgral?UPD,2018,11530, HTTP/1.1" 200 13068
192.168.10.97 - - [28/May/2018:09:36:58 -0300] "GET /cormun/servlet/solicitudgral?UPD,2018,11530, HTTP/1.1" 200 13077
192.168.10.97 - - [28/May/2018:09:36:59 -0300] "POST /cormun/servlet/solicitudgral?gx-no-cache=1527510825189 HTTP/1.1" 200 3848
192.168.10.97 - - [28/May/2018:09:36:59 -0300] "GET /cormun/servlet/solicitudgral?c91a87c12bcb2ddd430e58089f4fae8b3a816d4c04b4d75020b016c9c6bd242d65c88269362d1477f99535c61c2fc7c2611d02e2b53823fad95d40ebad342dad26e990f44401e4ec797199f63ad1d1ca6be5ceb58a4eb996d9f9a49f52568960ba4e036811d4afecfcca2192503b0f8c7d16de675ad92a05a68b722ec17248af742d3c90b330bc4f162cd82eba48fdbef597406dfa7bfaa33e49d13077996b3703dd042c2a972e82074f0d48df96eb87312b6052ead1fc549d17aa01a48b2634c86d899f0a7b5c5a24c0d547ba554db0e1f57b0e578742d68becbea993c66eb42e5524c6a31d1220633bcea88e68840b2193cb5ce80c60a62ab9175d135cf6f1cadf08dbd68ad3c6518eaa96eb21169c903f62f2166269f5e5424bf699292f80616cd206100f9304a3051206c47b0a3a413f242c79d4f42b3a5a738bdec937536aa56aadb47721d1ec842d21be47fc61,gx-no-cache=1527510825391 HTTP/1.1" 200 256
192.168.10.96 - - [28/May/2018:09:37:01 -0300] "POST /cormun/servlet/trsolicitudgral?5d351a49df2e9e0b5e57e41bcd445f70,,gx-no-cache=1527510826766 HTTP/1.1" 200 5925
192.168.10.96 - - [28/May/2018:09:37:01 -0300] "POST /cormun/servlet/trsolicitudgral?5d351a49df2e9e0b5e57e41bcd445f70,,gx-no-cache=1527510827692 HTTP/1.1" 200 5924
192.168.10.96 - - [28/May/2018:09:37:02 -0300] "POST /cormun/servlet/trsolicitudgral?5d351a49df2e9e0b5e57e41bcd445f70,,gx-no-cache=1527510827917 HTTP/1.1" 200 5925
192.168.10.96 - - [28/May/2018:09:37:07 -0300] "POST /cormun/servlet/trsolicitudgral?5d351a49df2e9e0b5e57e41bcd445f70,,gx-no-cache=1527510832965 HTTP/1.1" 200 5928
192.168.10.97 - - [28/May/2018:09:37:10 -0300] "POST /cormun/servlet/solicitudgral?c618be5f73dff13b2e2c0974d2fb8589,UPD,2018,11530,,gx-no-cache=1527510835846 HTTP/1.1" 200 93
192.168.10.97 - - [28/May/2018:09:37:10 -0300] "GET /cormun/servlet/hpexe_return? HTTP/1.1" 200 1013
192.168.10.97 - - [28/May/2018:09:37:10 -0300] "GET /cormun/servlet/trsolicitudgral? HTTP/1.1" 200 10978
192.168.10.97 - - [28/May/2018:09:37:10 -0300] "GET /cormun/servlet/trsolicitudgral? HTTP/1.1" 200 10974
192.168.10.96 - - [28/May/2018:09:37:13 -0300] "POST /cormun/servlet/trsolicitudgral?5d351a49df2e9e0b5e57e41bcd445f70,,gx-no-cache=1527510838141 HTTP/1.1" 200 25907
192.168.10.97 - - [28/May/2018:09:37:13 -0300] "GET /cormun/servlet/solicitudgral2?UPD,2018,11529, HTTP/1.1" 200 13165
192.168.10.97 - - [28/May/2018:09:37:13 -0300] "GET /cormun/static/gxcfg.js?20181911361990 HTTP/1.1" 304 -
192.168.10.97 - - [28/May/2018:09:37:13 -0300] "GET /cormun/servlet/solicitudgral2?UPD,2018,11529, HTTP/1.1" 200 13175
192.168.10.97 - - [28/May/2018:09:37:14 -0300] "POST /cormun/servlet/solicitudgral2?gx-no-cache=1527510840163 HTTP/1.1" 200 3916
192.168.10.97 - - [28/May/2018:09:37:14 -0300] "GET /cormun/servlet/solicitudgral2?c91a87c12bcb2ddd430e58089f4fae8b3a816d4c04b4d75020b016c9c6bd242da52a7848ac7bb34ca3793528720db936611d02e2b53823fad95d40ebad342dad26e990f44401e4ec797199f63ad1d1ca6be5ceb58a4eb996d9f9a49f52568960ba4e036811d4afecfcca2192503b0f8c7d16de675ad92a05a68b722ec17248af742d3c90b330bc4f162cd82eba48fdbef597406dfa7bfaa33e49d13077996b3703dd042c2a972e82074f0d48df96eb87312b6052ead1fc549d17aa01a48b2634c86d899f0a7b5c5a24c0d547ba554db0e1f57b0e578742d68becbea993c66eb42e5524c6a31d1220633bcea88e68840b2193cb5ce80c60a62ab9175d135cf6f1cadf08dbd68ad3c6518eaa96eb21169c903f62f2166269f5e5424bf699292f80616cd206100f9304a3051206c47b0a3a413f242c79d4f42b3a5a738bdec937536aa56aadb47721d1ec842d21be47fc61,gx-no-cache=1527510840259 HTTP/1.1" 200 255
192.168.10.97 - - [28/May/2018:09:37:14 -0300] "POST /cormun/servlet/solicitudgral2?gx-no-cache=1527510840287 HTTP/1.1" 200 1427
192.168.10.97 - - [28/May/2018:09:37:14 -0300] "GET /cormun/servlet/solicitudgral2?c91a87c12bcb2ddd430e58089f4fae8be09f774c431be5c2d03ab15c9c4aada095d69560160e6373d92617ea59be500acca7f8078783b17c11a604f7e4ad45bd3c1c74ce1c741041f01678596b0a0a63a90affa3b87bd56d29f46df9075c85b009833cd359f8774f24e3dd15ee1a3ba2,gx-no-cache=1527510840328 HTTP/1.1" 200 41
192.168.10.96 - - [28/May/2018:09:37:18 -0300] "POST /cormun/servlet/trsolicitudgral?5d351a49df2e9e0b5e57e41bcd445f70,,gx-no-cache=1527510842289 HTTP/1.1" 200 105
192.168.10.96 - - [28/May/2018:09:37:18 -0300] "GET /cormun/SolicitudGral-4299.xls HTTP/1.1" 200 50688
190.46.88.10 - - [28/May/2018:09:37:32 -0300] "GET /cormun/servlet/hlogin HTTP/1.1" 200 1715
192.168.10.97 - - [28/May/2018:09:37:32 -0300] "POST /cormun/servlet/solicitudgral2?c618be5f73dff13b2e2c0974d2fb8589,UPD,2018,11529,,gx-no-cache=1527510858352 HTTP/1.1" 200 93
192.168.10.97 - - [28/May/2018:09:37:32 -0300] "GET /cormun/servlet/hpexe_return? HTTP/1.1" 200 1014
192.168.10.97 - - [28/May/2018:09:37:32 -0300] "GET /cormun/servlet/trsolicitudgral HTTP/1.1" 200 10978
190.46.88.10 - - [28/May/2018:09:37:32 -0300] "GET /cormun/servlet/hlogin HTTP/1.1" 200 1725
192.168.10.97 - - [28/May/2018:09:37:33 -0300] "GET /cormun/servlet/trsolicitudgral HTTP/1.1" 200 10974
192.168.10.96 - - [28/May/2018:09:37:38 -0300] "POST /cormun/servlet/trsolicitudgral?5d351a49df2e9e0b5e57e41bcd445f70,,gx-no-cache=1527510864206 HTTP/1.1" 200 14731
192.168.10.96 - - [28/May/2018:09:37:44 -0300] "POST /cormun/servlet/trsolicitudgral?5d351a49df2e9e0b5e57e41bcd445f70,,gx-no-cache=1527510869346 HTTP/1.1" 200 26099
192.168.10.97 - - [28/May/2018:09:37:48 -0300] "POST /cormun/servlet/trsolicitudgral?c618be5f73dff13b2e2c0974d2fb8589,gx-no-cache=1527510873994 HTTP/1.1" 200 5919
192.168.10.96 - - [28/May/2018:09:37:51 -0300] "POST /cormun/servlet/trsolicitudgral?5d351a49df2e9e0b5e57e41bcd445f70,,gx-no-cache=1527510876322 HTTP/1.1" 200 105
192.168.10.96 - - [28/May/2018:09:37:51 -0300] "GET /cormun/SolicitudGral-7750.xls HTTP/1.1" 200 59392
192.168.10.97 - - [28/May/2018:09:37:54 -0300] "POST /cormun/servlet/trsolicitudgral?c618be5f73dff13b2e2c0974d2fb8589,gx-no-cache=1527510880146 HTTP/1.1" 200 5917
192.168.10.96 - - [28/May/2018:09:38:06 -0300] "GET /cormun/servlet/trsolicitudgral? HTTP/1.1" 200 28741
192.168.10.97 - - [28/May/2018:09:38:07 -0300] "POST /cormun/servlet/trsolicitudgral?c618be5f73dff13b2e2c0974d2fb8589,gx-no-cache=1527510893498 HTTP/1.1" 200 5915
192.168.10.96 - - [28/May/2018:09:38:08 -0300] "GET /cormun/servlet/trsolicitudgral? HTTP/1.1" 200 28741
192.168.10.97 - - [28/May/2018:09:38:11 -0300] "POST /cormun/servlet/trsolicitudgral?c618be5f73dff13b2e2c0974d2fb8589,gx-no-cache=1527510897746 HTTP/1.1" 200 5918
192.168.10.97 - - [28/May/2018:09:38:17 -0300] "POST /cormun/servlet/trsolicitudgral?c618be5f73dff13b2e2c0974d2fb8589,gx-no-cache=1527510902867 HTTP/1.1" 200 5916
192.168.10.97 - - [28/May/2018:09:38:23 -0300] "POST /cormun/servlet/trsolicitudgral?c618be5f73dff13b2e2c0974d2fb8589,gx-no-cache=1527510909298 HTTP/1.1" 200 5915
192.168.10.97 - - [28/May/2018:09:38:27 -0300] "POST /cormun/servlet/trsolicitudgral?c618be5f73dff13b2e2c0974d2fb8589,gx-no-cache=1527510913137 HTTP/1.1" 200 5916
192.168.10.97 - - [28/May/2018:09:38:34 -0300] "POST /cormun/servlet/trsolicitudgral?c618be5f73dff13b2e2c0974d2fb8589,gx-no-cache=1527510920014 HTTP/1.1" 200 5916
190.46.88.10 - - [28/May/2018:09:38:50 -0300] "GET /cormun/servlet/hlogin HTTP/1.1" 200 1716
190.46.88.10 - - [28/May/2018:09:38:52 -0300] "GET /cormun/servlet/hlogin HTTP/1.1" 200 1726
200.111.122.170 - - [28/May/2018:09:41:22 -0300] "GET /cormun/servlet/hlogin HTTP/1.1" 200 1728
200.111.122.170 - - [28/May/2018:09:41:22 -0300] "GET /cormun/static/gxtimezone.js?85251 HTTP/1.1" 304 -
200.111.122.170 - - [28/May/2018:09:41:22 -0300] "GET /cormun/static/gxcfg.js?20175251213516 HTTP/1.1" 304 -
200.111.122.170 - - [28/May/2018:09:41:22 -0300] "GET /cormun/static/messages.spa.js?85251 HTTP/1.1" 304 -
200.111.122.170 - - [28/May/2018:09:41:22 -0300] "GET /cormun/servlet/hlogin HTTP/1.1" 200 1739
200.111.122.170 - - [28/May/2018:09:41:34 -0300] "POST /cormun/servlet/hlogin?4a673a133da7b3e89b718c2f096322ef,gx-no-cache=1527511230023 HTTP/1.1" 200 90
200.111.122.170 - - [28/May/2018:09:41:34 -0300] "GET /cormun/servlet/hpexe_link HTTP/1.1" 200 957
200.111.122.170 - - [28/May/2018:09:41:34 -0300] "GET /cormun/static/gxcfg.js?20177612121792 HTTP/1.1" 304 -
200.111.122.170 - - [28/May/2018:09:41:34 -0300] "GET /cormun/servlet/hhome HTTP/1.1" 200 4223
200.111.122.170 - - [28/May/2018:09:41:34 -0300] "GET /cormun/static/gxcfg.js?20175251212442 HTTP/1.1" 304 -
200.111.122.170 - - [28/May/2018:09:41:35 -0300] "GET /cormun/servlet/hhome HTTP/1.1" 200 4219
200.111.122.170 - - [28/May/2018:09:41:39 -0300] "GET /cormun/servlet/trsolicitudot? HTTP/1.1" 200 7440
200.111.122.170 - - [28/May/2018:09:41:39 -0300] "GET /cormun/static/gxcfg.js?2017111422585916 HTTP/1.1" 304 -
200.111.122.170 - - [28/May/2018:09:41:39 -0300] "GET /cormun/static/calendar.js?85251 HTTP/1.1" 304 -
186.103.161.206 - - [28/May/2018:09:41:39 -0300] "GET /cormun/static/calendar-setup.js?85251 HTTP/1.1" 304 -
200.111.122.170 - - [28/May/2018:09:41:39 -0300] "GET /cormun/static/calendar-es.js?85251 HTTP/1.1" 304 -
186.103.161.206 - - [28/May/2018:09:41:39 -0300] "GET /cormun/static/gxdec.js?85251 HTTP/1.1" 304 -
186.103.161.206 - - [28/May/2018:09:41:39 -0300] "GET /cormun/servlet/trsolicitudot? HTTP/1.1" 200 7439
186.103.132.155 - - [28/May/2018:09:41:44 -0300] "POST /cormun/servlet/trsolicitudot?4a673a133da7b3e89b718c2f096322ef,,gx-no-cache=1527511240658 HTTP/1.1" 200 7202
186.103.132.155 - - [28/May/2018:09:41:48 -0300] "GET /cormun/static/menuarrow.gif HTTP/1.1" 404 1015
186.103.132.155 - - [28/May/2018:09:41:55 -0300] "POST /cormun/servlet/trsolicitudot?4a673a133da7b3e89b718c2f096322ef,,gx-no-cache=1527511250944 HTTP/1.1" 200 17552
192.168.10.96 - - [28/May/2018:09:45:46 -0300] "GET /cormun/servlet/trsolicitudgral? HTTP/1.1" 200 28741
192.168.10.96 - - [28/May/2018:09:45:48 -0300] "GET /cormun/servlet/trsolicitudgral? HTTP/1.1" 200 28741
192.168.10.96 - - [28/May/2018:09:45:51 -0300] "POST /cormun/servlet/trsolicitudgral?5d351a49df2e9e0b5e57e41bcd445f70,,gx-no-cache=1527511356599 HTTP/1.1" 200 25907
192.168.10.96 - - [28/May/2018:09:46:16 -0300] "POST /cormun/servlet/trsolicitudgral?5d351a49df2e9e0b5e57e41bcd445f70,,gx-no-cache=1527511382474 HTTP/1.1" 200 10950
192.168.10.96 - - [28/May/2018:09:46:29 -0300] "POST /cormun/servlet/trsolicitudgral?5d351a49df2e9e0b5e57e41bcd445f70,,gx-no-cache=1527511395049 HTTP/1.1" 200 9491
192.168.10.96 - - [28/May/2018:09:46:38 -0300] "POST /cormun/servlet/trsolicitudgral?5d351a49df2e9e0b5e57e41bcd445f70,,gx-no-cache=1527511403689 HTTP/1.1" 200 10951
192.168.10.96 - - [28/May/2018:09:46:47 -0300] "POST /cormun/servlet/trsolicitudgral?5d351a49df2e9e0b5e57e41bcd445f70,,gx-no-cache=1527511412794 HTTP/1.1" 200 5928
192.168.10.96 - - [28/May/2018:09:46:52 -0300] "POST /cormun/servlet/trsolicitudgral?5d351a49df2e9e0b5e57e41bcd445f70,,gx-no-cache=1527511416832 HTTP/1.1" 200 24734
186.103.159.204 - - [28/May/2018:09:47:01 -0300] "POST /cormun/servlet/trsolicitudot?01e4c5a3e7b4ebe6e5ea548b9be662a8,gx-no-cache=1527511555360 HTTP/1.1" 200 6021
186.103.159.204 - - [28/May/2018:09:47:02 -0300] "POST /cormun/servlet/trsolicitudot?01e4c5a3e7b4ebe6e5ea548b9be662a8,gx-no-cache=1527511556466 HTTP/1.1" 200 6000
192.168.10.96 - - [28/May/2018:09:47:08 -0300] "POST /cormun/servlet/trsolicitudgral?5d351a49df2e9e0b5e57e41bcd445f70,,gx-no-cache=1527511434318 HTTP/1.1" 200 10949
186.103.159.204 - - [28/May/2018:09:47:14 -0300] "POST /cormun/servlet/trsolicitudot?01e4c5a3e7b4ebe6e5ea548b9be662a8,gx-no-cache=1527511569737 HTTP/1.1" 200 6023
186.103.159.204 - - [28/May/2018:09:47:21 -0300] "POST /cormun/servlet/trsolicitudot?01e4c5a3e7b4ebe6e5ea548b9be662a8,gx-no-cache=1527511575785 HTTP/1.1" 200 22767
186.103.159.204 - - [28/May/2018:09:47:21 -0300] "GET /cormun/static/Resources/PXToolsGridNext.gif HTTP/1.1" 200 369
186.103.159.204 - - [28/May/2018:09:47:21 -0300] "GET /cormun/static/Resources/PXToolsGridLast.gif HTTP/1.1" 200 370
192.168.10.96 - - [28/May/2018:09:47:26 -0300] "POST /cormun/servlet/trsolicitudgral?5d351a49df2e9e0b5e57e41bcd445f70,,gx-no-cache=1527511452297 HTTP/1.1" 200 9493
186.103.159.204 - - [28/May/2018:09:47:37 -0300] "POST /cormun/servlet/trsolicitudot?01e4c5a3e7b4ebe6e5ea548b9be662a8,gx-no-cache=1527511592539 HTTP/1.1" 200 9725
186.103.159.204 - - [28/May/2018:09:48:07 -0300] "POST /cormun/servlet/trsolicitudot?01e4c5a3e7b4ebe6e5ea548b9be662a8,gx-no-cache=1527511622624 HTTP/1.1" 200 4223
192.168.10.96 - - [28/May/2018:09:48:09 -0300] "POST /cormun/servlet/trsolicitudgral?5d351a49df2e9e0b5e57e41bcd445f70,,gx-no-cache=1527511495290 HTTP/1.1" 200 10949
186.103.159.204 - - [28/May/2018:09:48:09 -0300] "POST /cormun/servlet/trsolicitudot?01e4c5a3e7b4ebe6e5ea548b9be662a8,gx-no-cache=1527511624838 HTTP/1.1" 200 4222
192.168.10.96 - - [28/May/2018:09:48:14 -0300] "POST /cormun/servlet/trsolicitudgral?5d351a49df2e9e0b5e57e41bcd445f70,,gx-no-cache=1527511499874 HTTP/1.1" 200 5927
186.103.159.204 - - [28/May/2018:09:48:16 -0300] "POST /cormun/servlet/trsolicitudot?01e4c5a3e7b4ebe6e5ea548b9be662a8,gx-no-cache=1527511631319 HTTP/1.1" 200 6024
192.168.10.96 - - [28/May/2018:09:48:16 -0300] "POST /cormun/servlet/trsolicitudgral?5d351a49df2e9e0b5e57e41bcd445f70,,gx-no-cache=1527511502496 HTTP/1.1" 200 5927
192.168.10.96 - - [28/May/2018:09:48:37 -0300] "POST /cormun/servlet/trsolicitudgral?5d351a49df2e9e0b5e57e41bcd445f70,,gx-no-cache=1527511522809 HTTP/1.1" 200 14732
186.103.159.204 - - [28/May/2018:09:49:42 -0300] "POST /cormun/servlet/trsolicitudot?01e4c5a3e7b4ebe6e5ea548b9be662a8,gx-no-cache=1527511717600 HTTP/1.1" 200 5632
186.79.42.211 - - [28/May/2018:09:49:57 -0300] "POST /cormun/servlet/hlogin?f63e8461ba72fb03f9f462c728697471,gx-no-cache=1527511735544 HTTP/1.1" 200 90
186.79.42.211 - - [28/May/2018:09:49:57 -0300] "GET /cormun/servlet/hpexe_link HTTP/1.1" 200 944
186.79.42.211 - - [28/May/2018:09:49:57 -0300] "GET /cormun/servlet/hhome HTTP/1.1" 200 4231
186.79.42.211 - - [28/May/2018:09:49:58 -0300] "GET /cormun/static/Resources/PXToolsFooterBackground2.png HTTP/1.1" 304 -
190.46.88.10 - - [28/May/2018:09:49:58 -0300] "GET /cormun/static/Resources/logo4.png HTTP/1.1" 304 -
186.79.42.211 - - [28/May/2018:09:49:58 -0300] "GET /cormun/static/Resources/PXToolsHeaderBackground2.png HTTP/1.1" 304 -
186.79.42.211 - - [28/May/2018:09:49:59 -0300] "GET /cormun/servlet/hhome HTTP/1.1" 200 4227
186.79.42.211 - - [28/May/2018:09:50:02 -0300] "GET /cormun/servlet/trlicencias? HTTP/1.1" 200 12924
186.79.42.211 - - [28/May/2018:09:50:04 -0300] "GET /cormun/servlet/trlicencias? HTTP/1.1" 200 12933
186.79.42.211 - - [28/May/2018:09:50:10 -0300] "GET /cormun/servlet/licenciaspermisos?INS,0,,, HTTP/1.1" 200 7762
186.79.42.211 - - [28/May/2018:09:50:10 -0300] "GET /cormun/static/gxcfg.js?201762917281167 HTTP/1.1" 200 953
186.79.42.211 - - [28/May/2018:09:50:11 -0300] "GET /cormun/servlet/licenciaspermisos?INS,0,,, HTTP/1.1" 200 7770
186.79.42.211 - - [28/May/2018:09:50:21 -0300] "GET /cormun/servlet/licenciaspermisos?cf50698e86de57a489a6a756d59f857c55bdb9cd7740827ee73ac44c7a6d176193d31fb9a8105b7b8bb544c7d9025122,gx-no-cache=1527511760126 HTTP/1.1" 200 92
186.79.42.211 - - [28/May/2018:09:50:22 -0300] "POST /cormun/servlet/licenciaspermisos?f63e8461ba72fb03f9f462c728697471,INS,0,,,,gx-no-cache=1527511760247 HTTP/1.1" 200 4871
186.79.42.211 - - [28/May/2018:09:50:34 -0300] "GET /cormun/static/menuarrow.gif HTTP/1.1" 404 1015
190.46.88.10 - - [28/May/2018:09:52:28 -0300] "GET /cormun/servlet/licenciaspermisos?cf50698e86de57a489a6a756d59f857c4b17ae046c02f4170f8ae05c56da3c1a04ea7015e6280b845707d1e69a670e13cdb6a3e63de64c98c62a39472023008f7b7071422a9aabbb57265f8128930644233a3a409f044de5e2d0e3e8a270977a4ff6006ca612c59e451d6dd278fa02cfc69e9829ee5fa5931ecd862de92f3a1246d5d7f4161e7e4e5152d6d18a3bc7f3ab75214273f429dc0ba8c2b2568030dd0ee9beb1d26a208a5525ab953c7df0be,gx-no-cache=1527511886846 HTTP/1.1" 200 30
190.46.88.10 - - [28/May/2018:09:52:28 -0300] "GET /cormun/servlet/licenciaspermisos?cf50698e86de57a489a6a756d59f857c1b5cb147f68feec8e3a3dc6c049a535052c8729e7dec0916b64d8b3a9532ac5313a2571471cdc74d6280e38e80fa41ca766abb4ca3f64271afa494b3a40072426bbe4cb17ef6c1408c81cf8c92c3ce30026a066586bf8465657088ca441a1d90323179502e00ee5e2289fda065751d31b91b5654b8ae54c8a3e09071d4d52bcb30e69dca3658b544fe8866ab03c5fcfff31875c062265595f5abed6d04d85ba4,gx-no-cache=1527511886965 HTTP/1.1" 200 29
190.46.88.10 - - [28/May/2018:09:52:29 -0300] "POST /cormun/servlet/licenciaspermisos?f63e8461ba72fb03f9f462c728697471,INS,0,,,,gx-no-cache=1527511887124 HTTP/1.1" 200 93
190.46.88.10 - - [28/May/2018:09:52:29 -0300] "GET /cormun/servlet/hpexe_return? HTTP/1.1" 200 1006
190.46.88.10 - - [28/May/2018:09:52:29 -0300] "GET /cormun/servlet/trlicencias HTTP/1.1" 200 13277
190.46.88.10 - - [28/May/2018:09:52:31 -0300] "GET /cormun/servlet/trlicencias HTTP/1.1" 200 13269
190.46.88.10 - - [28/May/2018:09:52:34 -0300] "GET /cormun/servlet/trlicenciaspermisosadjuntos?24698895,20180528000000,L, HTTP/1.1" 200 6573
190.46.88.10 - - [28/May/2018:09:52:35 -0300] "GET /cormun/static/gxcfg.js?20177612163414 HTTP/1.1" 200 953
190.46.88.10 - - [28/May/2018:09:52:35 -0300] "GET /cormun/static/trlicenciaspermisosadjuntos.js?20177612163719 HTTP/1.1" 200 21036
190.46.88.10 - - [28/May/2018:09:52:36 -0300] "GET /cormun/servlet/trlicenciaspermisosadjuntos?24698895,20180528000000,L, HTTP/1.1" 200 6573
190.46.88.10 - - [28/May/2018:09:52:39 -0300] "GET /cormun/servlet/licenciaspermisosadjuntos?INS,24698895,L,20180528000000,, HTTP/1.1" 200 5874
190.46.88.10 - - [28/May/2018:09:52:39 -0300] "GET /cormun/static/gxcfg.js?2017761263592 HTTP/1.1" 200 953
190.46.88.10 - - [28/May/2018:09:52:39 -0300] "GET /cormun/static/licenciaspermisosadjuntos.js?201776126362 HTTP/1.1" 200 8760
190.46.88.10 - - [28/May/2018:09:52:40 -0300] "GET /cormun/static/about:blank HTTP/1.1" 404 1011
190.46.88.10 - - [28/May/2018:09:52:40 -0300] "GET /cormun/servlet/licenciaspermisosadjuntos?INS,24698895,L,20180528000000,, HTTP/1.1" 200 5863
190.46.88.10 - - [28/May/2018:09:52:54 -0300] "POST /cormun/servlet/licenciaspermisosadjuntos?f63e8461ba72fb03f9f462c728697471,INS,24698895,L,20180528000000,, HTTP/1.1" 200 116
190.46.88.10 - - [28/May/2018:09:52:54 -0300] "GET /cormun/servlet/hpexe_return? HTTP/1.1" 200 1038
190.46.88.10 - - [28/May/2018:09:52:54 -0300] "GET /cormun/servlet/trlicenciaspermisosadjuntos?24698895,20180528000000,L, HTTP/1.1" 200 7077
190.46.88.10 - - [28/May/2018:09:52:56 -0300] "GET /cormun/servlet/trlicenciaspermisosadjuntos?24698895,20180528000000,L, HTTP/1.1" 200 7075
190.46.88.10 - - [28/May/2018:09:52:59 -0300] "POST /cormun/servlet/trlicenciaspermisosadjuntos?f63e8461ba72fb03f9f462c728697471,24698895,20180528000000,L,,gx-no-cache=1527511917579 HTTP/1.1" 200 90
190.46.88.10 - - [28/May/2018:09:52:59 -0300] "GET /cormun/servlet/hpexe_link HTTP/1.1" 200 978
190.46.88.10 - - [28/May/2018:09:53:00 -0300] "GET /cormun/servlet/trlicencias HTTP/1.1" 200 13276
190.46.88.10 - - [28/May/2018:09:53:01 -0300] "GET /cormun/servlet/trlicencias HTTP/1.1" 200 13278
190.46.88.10 - - [28/May/2018:09:53:04 -0300] "GET /cormun/servlet/alicenciaprn?24698895,L,20180528000000,PU HTTP/1.1" 200 1542
190.46.88.10 - - [28/May/2018:09:54:06 -0300] "POST /cormun/servlet/trlicencias?f63e8461ba72fb03f9f462c728697471,gx-no-cache=1527511984018 HTTP/1.1" 200 10662
190.46.88.10 - - [28/May/2018:09:54:06 -0300] "GET /cormun/static/Shared/jqueryui/images/ui-bg_highlight-soft_100_c6c2c8_1x100.png HTTP/1.1" 404 1117
190.46.88.10 - - [28/May/2018:09:54:06 -0300] "GET /cormun/static/Shared/jqueryui/images/ui-icons_82798d_256x240.png HTTP/1.1" 404 1089
190.46.88.10 - - [28/May/2018:09:54:06 -0300] "GET /cormun/static/Shared/jqueryui/images/ui-bg_flat_55_fafafa_40x100.png HTTP/1.1" 404 1097
190.46.88.10 - - [28/May/2018:09:54:06 -0300] "GET /cormun/static/Shared/jqueryui/images/ui-icons_8d78a5_256x240.png HTTP/1.1" 404 1089
190.46.88.10 - - [28/May/2018:09:54:10 -0300] "GET /cormun/servlet/trsolicitudot? HTTP/1.1" 200 8792
190.46.88.10 - - [28/May/2018:09:54:10 -0300] "GET /cormun/static/gxcfg.js?2017111422585916 HTTP/1.1" 304 -
190.46.88.10 - - [28/May/2018:09:54:12 -0300] "GET /cormun/servlet/trsolicitudot? HTTP/1.1" 200 8792
190.46.88.10 - - [28/May/2018:09:54:17 -0300] "POST /cormun/servlet/trsolicitudot?f63e8461ba72fb03f9f462c728697471,,gx-no-cache=1527511995683 HTTP/1.1" 200 106
190.46.88.10 - - [28/May/2018:09:54:17 -0300] "GET /cormun/servlet/solicitudot?UPD,2018,11547, HTTP/1.1" 200 15454
190.46.88.10 - - [28/May/2018:09:54:17 -0300] "GET /cormun/static/gxcfg.js?201812313224582 HTTP/1.1" 304 -
190.46.88.10 - - [28/May/2018:09:54:17 -0300] "GET /cormun/static/solicitudot.js?201812313224831 HTTP/1.1" 304 -
190.46.88.10 - - [28/May/2018:09:54:19 -0300] "GET /cormun/servlet/solicitudot?UPD,2018,11547, HTTP/1.1" 200 15463
190.46.88.10 - - [28/May/2018:09:54:20 -0300] "POST /cormun/servlet/solicitudot?gx-no-cache=1527511998169 HTTP/1.1" 200 3349
190.46.88.10 - - [28/May/2018:09:54:20 -0300] "POST /cormun/servlet/solicitudot?f63e8461ba72fb03f9f462c728697471,UPD,2018,11547,,gx-no-cache=1527511998507 HTTP/1.1" 200 11680
190.46.88.10 - - [28/May/2018:09:54:20 -0300] "GET /cormun/servlet/solicitudot?c67907336fd9510ec706471db1c3abead17dabb0fadb6b37005609adac9e62de99fec111afe7edecaf1c5f99f6dea413,gx-no-cache=1527511998956 HTTP/1.1" 200 30
190.46.88.10 - - [28/May/2018:09:54:20 -0300] "GET /cormun/servlet/solicitudot?c67907336fd9510ec706471db1c3abea272176b8e3903c04fe34f716fb6e8eba7eeb219c1260dfe58f6391159c23a213d4e393b719a8681d23cdffe5f05d27fa,gx-no-cache=1527511999091 HTTP/1.1" 200 30
190.46.88.10 - - [28/May/2018:09:54:20 -0300] "GET /cormun/servlet/solicitudot?c67907336fd9510ec706471db1c3abea687bfe7c1df093575f878bcbbe6f53e0e61cd2d45102830f93d2ef6b5629d0c1522e9c306281d13b209a07a275426762,gx-no-cache=1527511999158 HTTP/1.1" 200 53
190.46.88.10 - - [28/May/2018:09:54:20 -0300] "POST /cormun/servlet/solicitudot?gx-no-cache=1527511999256 HTTP/1.1" 200 254
190.46.88.10 - - [28/May/2018:09:54:21 -0300] "GET /cormun/servlet/solicitudot?c67907336fd9510ec706471db1c3abea71d7fceff63d49411b300163ed0775a0f1ab4df37b1573ad886f5bc88e5f10537812fa49ab05741037a77c18b3cad7b2a5fe10c342118869be2525d8a6f96dd03d230f9171c48fb30f6304b9da7693d8a3db205245fa337ed2837ee4eb8803488308f875a272320ae1057a53c1ed6dda97bd543d85face1f5ddaa4b0a3355387e370a36f5ef55dd5cd9644cf261540d17245a31bfba5391251f5ea8a8f7538d2f49e4628eba4642ab446bddd7a26df74ffb34029dae95984e73fd6a761b24fac402df8720ec9715f61fb896fa07b6cacaca4e8a64c00b882e7b060f08aecb1c11146f5cab494de45a56eebd3174ccd99cdb6a3e63de64c98c62a39472023008f54de5cc0c8d048ba4bb6192996e1ab48a9a21b3e2fcc69426b7bf5d4b48829dba77ea2a50ccfb16dab6885f72f868267a6c464bc046293d2bb943c2ef8eed98fd5fe41f460fa30410f59286ab2c6fc401b02b42add67a4f09df9ffc7bad4f1f075d2deb36b43e9656c6cc3a9ea7369b4,gx-no-cache=1527511999403 HTTP/1.1" 200 30
190.46.88.10 - - [28/May/2018:09:54:21 -0300] "POST /cormun/servlet/solicitudot?gx-no-cache=1527511999479 HTTP/1.1" 200 30
190.46.88.10 - - [28/May/2018:09:54:21 -0300] "POST /cormun/servlet/solicitudot?gx-no-cache=1527511999626 HTTP/1.1" 200 1367
190.46.88.10 - - [28/May/2018:09:54:21 -0300] "POST /cormun/servlet/solicitudot?gx-no-cache=1527511999779 HTTP/1.1" 200 41
190.46.88.10 - - [28/May/2018:09:54:29 -0300] "GET /cormun/servlet/solicitudot?c67907336fd9510ec706471db1c3abea4634d5ff54449d53ff1e0df2046a8f5b4989e192838158f9660f3dd38ab34a2024f27ac56839a8a3d4294f231b2f460d3d762c17a2fad8de1869bc72ade5a07faaab904c807fb6e09b92bfb8b838e8e418176eca480afe47f214d07049183057bc576c7ca05988d2a8da2ce9e7622f46f6707f338a795c967f3e9f3fe3ea3670f2000996b535b4480b1d3e9644c57adb,gx-no-cache=1527512007662 HTTP/1.1" 200 29
190.46.88.10 - - [28/May/2018:09:54:29 -0300] "POST /cormun/servlet/solicitudot?gx-no-cache=1527512007775 HTTP/1.1" 200 1351
190.46.88.10 - - [28/May/2018:09:54:29 -0300] "POST /cormun/servlet/solicitudot?gx-no-cache=1527512008008 HTTP/1.1" 200 1247
186.79.42.211 - - [28/May/2018:09:55:07 -0300] "POST /cormun/servlet/solicitudot?gx-no-cache=1527512045229 HTTP/1.1" 200 30
186.79.42.211 - - [28/May/2018:09:55:07 -0300] "POST /cormun/servlet/solicitudot?gx-no-cache=1527512046086 HTTP/1.1" 200 1366
186.79.42.211 - - [28/May/2018:09:55:08 -0300] "POST /cormun/servlet/solicitudot?gx-no-cache=1527512046420 HTTP/1.1" 200 41
186.79.42.211 - - [28/May/2018:09:55:08 -0300] "POST /cormun/servlet/solicitudot?gx-no-cache=1527512046646 HTTP/1.1" 200 1351
186.79.42.211 - - [28/May/2018:09:55:08 -0300] "POST /cormun/servlet/solicitudot?gx-no-cache=1527512046981 HTTP/1.1" 200 1248
186.79.42.211 - - [28/May/2018:09:55:10 -0300] "GET /cormun/static/menuarrow.gif HTTP/1.1" 404 1015
186.79.42.211 - - [28/May/2018:09:55:19 -0300] "GET /cormun/servlet/solicitudot?c67907336fd9510ec706471db1c3abeaba7981d0ca1b5115433f94a6b42e899704e00359cb5567c11e1fad59cec98df0,gx-no-cache=1527512057536 HTTP/1.1" 200 30
186.79.42.211 - - [28/May/2018:09:55:45 -0300] "POST /cormun/servlet/solicitudot?gx-no-cache=1527512083952 HTTP/1.1" 200 30
186.79.42.211 - - [28/May/2018:09:55:46 -0300] "POST /cormun/servlet/solicitudot?f63e8461ba72fb03f9f462c728697471,UPD,2018,11547,,gx-no-cache=1527512084155 HTTP/1.1" 200 93
186.79.42.211 - - [28/May/2018:09:55:46 -0300] "GET /cormun/servlet/hpexe_return? HTTP/1.1" 200 1008
186.79.42.211 - - [28/May/2018:09:55:46 -0300] "GET /cormun/servlet/trsolicitudot HTTP/1.1" 200 8807
186.79.42.211 - - [28/May/2018:09:55:48 -0300] "GET /cormun/servlet/trsolicitudot HTTP/1.1" 200 8803
186.79.42.211 - - [28/May/2018:09:55:53 -0300] "GET /cormun/servlet/vesolicitudot?2018,11547,, HTTP/1.1" 200 8621
186.79.42.211 - - [28/May/2018:09:55:53 -0300] "GET /cormun/static/gxcfg.js?2017111422591385 HTTP/1.1" 304 -
190.46.88.10 - - [28/May/2018:09:55:53 -0300] "GET /cormun/pexe_scrolldiv.js HTTP/1.1" 404 1009
186.79.42.211 - - [28/May/2018:09:55:53 -0300] "GET /cormun/static/vesolicitudot.js?2017111422591449 HTTP/1.1" 304 -
190.46.88.10 - - [28/May/2018:09:55:53 -0300] "GET /cormun/static/tbsolicitudot01.js?2017111422581186 HTTP/1.1" 304 -
186.79.42.211 - - [28/May/2018:09:55:54 -0300] "GET /cormun/servlet/vesolicitudot?2018,11547,, HTTP/1.1" 200 8619
190.46.88.10 - - [28/May/2018:09:57:29 -0300] "GET /cormun/servlet/trlicencias? HTTP/1.1" 200 13157
190.46.88.10 - - [28/May/2018:09:57:30 -0300] "GET /cormun/servlet/trlicencias? HTTP/1.1" 200 13160
190.46.88.10 - - [28/May/2018:09:58:15 -0300] "GET /cormun/servlet/trsolicitudot? HTTP/1.1" 200 8803
190.46.88.10 - - [28/May/2018:09:58:16 -0300] "GET /cormun/servlet/trsolicitudot? HTTP/1.1" 200 8803
190.46.88.10 - - [28/May/2018:09:58:33 -0300] "POST /cormun/servlet/trsolicitudot?f63e8461ba72fb03f9f462c728697471,,gx-no-cache=1527512251677 HTTP/1.1" 200 106
190.46.88.10 - - [28/May/2018:09:58:33 -0300] "GET /cormun/servlet/solicitudot?UPD,2018,11547, HTTP/1.1" 200 15464
190.46.88.10 - - [28/May/2018:09:58:35 -0300] "GET /cormun/servlet/solicitudot?UPD,2018,11547, HTTP/1.1" 200 15473
190.46.88.10 - - [28/May/2018:09:58:35 -0300] "POST /cormun/servlet/solicitudot?gx-no-cache=1527512254017 HTTP/1.1" 200 3349
190.46.88.10 - - [28/May/2018:09:58:36 -0300] "POST /cormun/servlet/solicitudot?f63e8461ba72fb03f9f462c728697471,UPD,2018,11547,,gx-no-cache=1527512254373 HTTP/1.1" 200 11689
190.46.88.10 - - [28/May/2018:09:58:36 -0300] "GET /cormun/servlet/solicitudot?c67907336fd9510ec706471db1c3abead17dabb0fadb6b37005609adac9e62de99fec111afe7edecaf1c5f99f6dea413,gx-no-cache=1527512254826 HTTP/1.1" 200 30
190.46.88.10 - - [28/May/2018:09:58:36 -0300] "GET /cormun/servlet/solicitudot?c67907336fd9510ec706471db1c3abea272176b8e3903c04fe34f716fb6e8eba7eeb219c1260dfe58f6391159c23a213d4e393b719a8681d23cdffe5f05d27fa,gx-no-cache=1527512254932 HTTP/1.1" 200 30
190.46.88.10 - - [28/May/2018:09:58:36 -0300] "GET /cormun/servlet/solicitudot?c67907336fd9510ec706471db1c3abea687bfe7c1df093575f878bcbbe6f53e0e61cd2d45102830f93d2ef6b5629d0c1522e9c306281d13b209a07a275426762,gx-no-cache=1527512255012 HTTP/1.1" 200 53
190.46.88.10 - - [28/May/2018:09:58:36 -0300] "POST /cormun/servlet/solicitudot?gx-no-cache=1527512255145 HTTP/1.1" 200 254
190.46.88.10 - - [28/May/2018:09:58:36 -0300] "GET /cormun/servlet/solicitudot?c67907336fd9510ec706471db1c3abea71d7fceff63d49411b300163ed0775a0f1ab4df37b1573ad886f5bc88e5f10537812fa49ab05741037a77c18b3cad7b2a5fe10c342118869be2525d8a6f96dd03d230f9171c48fb30f6304b9da7693d8a3db205245fa337ed2837ee4eb8803488308f875a272320ae1057a53c1ed6dda97bd543d85face1f5ddaa4b0a3355387e370a36f5ef55dd5cd9644cf261540d17245a31bfba5391251f5ea8a8f7538d2f49e4628eba4642ab446bddd7a26df74ffb34029dae95984e73fd6a761b24fac402df8720ec9715f61fb896fa07b6cacaca4e8a64c00b882e7b060f08aecb1c11146f5cab494de45a56eebd3174ccd99cdb6a3e63de64c98c62a39472023008f54de5cc0c8d048ba4bb6192996e1ab48a9a21b3e2fcc69426b7bf5d4b48829dba77ea2a50ccfb16dab6885f72f868267a6c464bc046293d2bb943c2ef8eed98fd5fe41f460fa30410f59286ab2c6fc401b02b42add67a4f09df9ffc7bad4f1f075d2deb36b43e9656c6cc3a9ea7369b4,gx-no-cache=1527512255254 HTTP/1.1" 200 30
190.46.88.10 - - [28/May/2018:09:58:37 -0300] "POST /cormun/servlet/solicitudot?gx-no-cache=1527512255380 HTTP/1.1" 200 30
190.46.88.10 - - [28/May/2018:09:58:37 -0300] "POST /cormun/servlet/solicitudot?gx-no-cache=1527512255522 HTTP/1.1" 200 1366
190.46.88.10 - - [28/May/2018:09:58:37 -0300] "POST /cormun/servlet/solicitudot?gx-no-cache=1527512255748 HTTP/1.1" 200 41
190.46.88.10 - - [28/May/2018:09:58:45 -0300] "GET /cormun/servlet/solicitudot?c67907336fd9510ec706471db1c3abea4634d5ff54449d53ff1e0df2046a8f5b4989e192838158f9660f3dd38ab34a2024f27ac56839a8a3d4294f231b2f460d3d762c17a2fad8de1869bc72ade5a07faaab904c807fb6e09b92bfb8b838e8e418176eca480afe47f214d07049183057bc576c7ca05988d2a8da2ce9e7622f46f6707f338a795c967f3e9f3fe3ea3670f2000996b535b4480b1d3e9644c57adb,gx-no-cache=1527512264195 HTTP/1.1" 200 29
190.46.88.10 - - [28/May/2018:09:58:46 -0300] "POST /cormun/servlet/solicitudot?gx-no-cache=1527512264329 HTTP/1.1" 200 1351
190.46.88.10 - - [28/May/2018:09:58:46 -0300] "POST /cormun/servlet/solicitudot?gx-no-cache=1527512264470 HTTP/1.1" 200 1248
190.46.88.10 - - [28/May/2018:09:58:46 -0300] "GET /cormun/servlet/solicitudot?c67907336fd9510ec706471db1c3abeaba7981d0ca1b5115433f94a6b42e899704e00359cb5567c11e1fad59cec98df0,gx-no-cache=1527512264619 HTTP/1.1" 200 30
190.46.88.10 - - [28/May/2018:09:58:46 -0300] "POST /cormun/servlet/solicitudot?gx-no-cache=1527512264672 HTTP/1.1" 200 30
190.46.88.10 - - [28/May/2018:09:58:46 -0300] "POST /cormun/servlet/solicitudot?f63e8461ba72fb03f9f462c728697471,UPD,2018,11547,,gx-no-cache=1527512264833 HTTP/1.1" 200 93
190.46.88.10 - - [28/May/2018:09:58:46 -0300] "GET /cormun/servlet/hpexe_return? HTTP/1.1" 200 1008
190.46.88.10 - - [28/May/2018:09:58:47 -0300] "GET /cormun/servlet/trsolicitudot HTTP/1.1" 200 8807
