186.103.159.187 - - [28/May/2018:16:51:04 -0300] "POST /cormun/servlet/trlicencias?888876d262911f93da1f3d37a3865f16,gx-no-cache=1527537067999 HTTP/1.1" 200 8350
186.103.159.187 - - [28/May/2018:16:51:04 -0300] "GET /cormun/static/Shared/jqueryui/images/ui-bg_highlight-soft_100_c6c2c8_1x100.png HTTP/1.1" 404 1117
186.103.159.187 - - [28/May/2018:16:51:04 -0300] "GET /cormun/static/Shared/jqueryui/images/ui-icons_82798d_256x240.png HTTP/1.1" 404 1089
186.103.159.187 - - [28/May/2018:16:51:04 -0300] "GET /cormun/static/Shared/jqueryui/images/ui-bg_flat_55_fafafa_40x100.png HTTP/1.1" 404 1097
186.103.159.187 - - [28/May/2018:16:51:04 -0300] "GET /cormun/static/Shared/jqueryui/images/ui-icons_8d78a5_256x240.png HTTP/1.1" 404 1089
186.103.159.230 - - [28/May/2018:16:51:12 -0300] "POST /cormun/servlet/solicitudot?gx-no-cache=1527537011045 HTTP/1.1" 200 30
186.103.159.230 - - [28/May/2018:16:53:36 -0300] "GET /cormun/servlet/prfichaempleado?,MD,,gxPopupLevel%3D0%3B HTTP/1.1" 200 9322
186.103.159.230 - - [28/May/2018:16:53:36 -0300] "GET /cormun/static/gxcfg.js?20177612134814 HTTP/1.1" 304 -
186.103.159.230 - - [28/May/2018:16:54:24 -0300] "POST /cormun/servlet/prfichaempleado?266effaa5d07473011a14e140223b43b,,MD,,gxPopupLevel%3D0%3B,gx-no-cache=1527537202020 HTTP/1.1" 200 3404
186.103.159.230 - - [28/May/2018:16:54:40 -0300] "POST /cormun/servlet/solicitudot?gx-no-cache=1527537219038 HTTP/1.1" 200 1367
186.103.159.230 - - [28/May/2018:16:54:43 -0300] "GET /cormun/static/menuarrow.gif HTTP/1.1" 404 1015
186.103.159.230 - - [28/May/2018:16:55:06 -0300] "POST /cormun/servlet/solicitudot?gx-no-cache=1527537244638 HTTP/1.1" 200 118
186.103.159.230 - - [28/May/2018:16:55:06 -0300] "GET /cormun/static/Shared/jqueryui/images/ui-bg_highlight-soft_100_c6c2c8_1x100.png HTTP/1.1" 404 1117
186.103.159.230 - - [28/May/2018:16:55:06 -0300] "GET /cormun/static/Shared/jqueryui/images/ui-bg_flat_55_994d53_40x100.png HTTP/1.1" 404 1097
186.103.159.230 - - [28/May/2018:16:55:06 -0300] "GET /cormun/static/Shared/jqueryui/images/ui-icons_82798d_256x240.png HTTP/1.1" 404 1089
186.103.159.230 - - [28/May/2018:16:55:06 -0300] "GET /cormun/static/Shared/jqueryui/images/ui-icons_ebccce_256x240.png HTTP/1.1" 404 1089
186.103.159.230 - - [28/May/2018:16:56:41 -0300] "POST /cormun/servlet/solicitudot?gx-no-cache=1527537339317 HTTP/1.1" 200 118
186.103.159.230 - - [28/May/2018:16:56:50 -0300] "POST /cormun/servlet/solicitudot?gx-no-cache=1527537348488 HTTP/1.1" 200 118
186.103.159.230 - - [28/May/2018:16:57:04 -0300] "GET /cormun/servlet/solicitudot?fc699b1cef84c3756402bde01d05b08e370512527a913690983bcb4103e2d1b1ccc379d5ebe02a392952ffb7f06508b76295617ba67104de48148e7adcef6badb5c771e4e06ea9e5c97624eef5fb76a83993ad0e801386b0ef1f83f9e60debb6d2ab92f8d7315b7b603ec4a25725998d,gx-no-cache=1527537361947 HTTP/1.1" 200 29
186.103.159.230 - - [28/May/2018:16:57:04 -0300] "POST /cormun/servlet/solicitudot?gx-no-cache=1527537362290 HTTP/1.1" 200 1349
186.103.159.230 - - [28/May/2018:16:57:04 -0300] "POST /cormun/servlet/solicitudot?gx-no-cache=1527537362377 HTTP/1.1" 200 1247
186.103.159.230 - - [28/May/2018:16:57:07 -0300] "POST /cormun/servlet/solicitudot?gx-no-cache=1527537365573 HTTP/1.1" 200 1349
186.103.159.230 - - [28/May/2018:16:57:07 -0300] "POST /cormun/servlet/solicitudot?gx-no-cache=1527537365874 HTTP/1.1" 200 1247
186.103.159.230 - - [28/May/2018:16:57:09 -0300] "GET /cormun/servlet/solicitudot?fc699b1cef84c3756402bde01d05b08ec9a48b0a185b6c3dbbf3448387f429b0c78f2e983e90ece3a833c3a553106928,gx-no-cache=1527537367736 HTTP/1.1" 200 30
192.168.10.89 - - [28/May/2018:16:57:21 -0300] "GET /cormun/servlet/hlogin HTTP/1.1" 200 1718
192.168.10.89 - - [28/May/2018:16:57:31 -0300] "POST /cormun/servlet/hlogin?a3bdb3580de93dd051f902e3fdbd8414,gx-no-cache=1527537256891 HTTP/1.1" 200 90
192.168.10.89 - - [28/May/2018:16:57:31 -0300] "GET /cormun/servlet/hpexe_link HTTP/1.1" 200 949
192.168.10.89 - - [28/May/2018:16:57:31 -0300] "GET /cormun/servlet/hhome HTTP/1.1" 200 4920
192.168.10.89 - - [28/May/2018:16:57:33 -0300] "GET /cormun/servlet/trsolicitudgral? HTTP/1.1" 200 29091
186.103.159.230 - - [28/May/2018:16:57:37 -0300] "POST /cormun/servlet/solicitudot?gx-no-cache=1527537395161 HTTP/1.1" 200 122
186.103.159.230 - - [28/May/2018:16:57:37 -0300] "POST /cormun/servlet/solicitudot?gx-no-cache=1527537395308 HTTP/1.1" 200 1349
186.103.159.230 - - [28/May/2018:16:57:37 -0300] "POST /cormun/servlet/solicitudot?gx-no-cache=1527537395382 HTTP/1.1" 200 1247
186.103.159.230 - - [28/May/2018:16:57:37 -0300] "POST /cormun/servlet/solicitudot?gx-no-cache=1527537395446 HTTP/1.1" 200 120
192.168.10.89 - - [28/May/2018:16:57:38 -0300] "GET /cormun/static/menuarrow.gif HTTP/1.1" 404 1015
186.103.159.230 - - [28/May/2018:16:57:46 -0300] "POST /cormun/servlet/solicitudot?gx-no-cache=1527537404921 HTTP/1.1" 200 122
186.103.159.230 - - [28/May/2018:16:57:46 -0300] "POST /cormun/servlet/solicitudot?gx-no-cache=1527537404972 HTTP/1.1" 200 1349
186.103.159.230 - - [28/May/2018:16:57:46 -0300] "POST /cormun/servlet/solicitudot?gx-no-cache=1527537405034 HTTP/1.1" 200 1247
186.103.159.230 - - [28/May/2018:16:57:46 -0300] "POST /cormun/servlet/solicitudot?gx-no-cache=1527537405087 HTTP/1.1" 200 120
192.168.10.89 - - [28/May/2018:16:57:59 -0300] "POST /cormun/servlet/trsolicitudgral?a3bdb3580de93dd051f902e3fdbd8414,,gx-no-cache=1527537285393 HTTP/1.1" 200 7657
192.168.10.89 - - [28/May/2018:16:58:17 -0300] "POST /cormun/servlet/trsolicitudgral?a3bdb3580de93dd051f902e3fdbd8414,,gx-no-cache=1527537302940 HTTP/1.1" 200 8311
186.103.159.230 - - [28/May/2018:16:59:07 -0300] "POST /cormun/servlet/solicitudot?gx-no-cache=1527537485750 HTTP/1.1" 200 30
186.103.159.230 - - [28/May/2018:16:59:07 -0300] "POST /cormun/servlet/solicitudot?gx-no-cache=1527537485833 HTTP/1.1" 200 1367
186.103.159.230 - - [28/May/2018:16:59:09 -0300] "POST /cormun/servlet/solicitudot?gx-no-cache=1527537487861 HTTP/1.1" 200 30
186.103.159.230 - - [28/May/2018:16:59:09 -0300] "POST /cormun/servlet/solicitudot?gx-no-cache=1527537487903 HTTP/1.1" 200 1367
186.103.159.230 - - [28/May/2018:16:59:13 -0300] "GET /cormun/servlet/prlicenciaspermisos?11151210,L,,MD,,gxPopupLevel%3D0%3B HTTP/1.1" 200 6657
186.103.159.230 - - [28/May/2018:16:59:13 -0300] "GET /cormun/static/calendar-system.css?75620 HTTP/1.1" 304 -
186.103.159.230 - - [28/May/2018:16:59:13 -0300] "GET /cormun/static/gxcfg.js?20176272053834 HTTP/1.1" 200 953
186.103.159.230 - - [28/May/2018:16:59:13 -0300] "GET /cormun/static/prlicenciaspermisos.js?20176272054050 HTTP/1.1" 200 13379
186.103.159.230 - - [28/May/2018:16:59:13 -0300] "GET /cormun/static/Resources/Spanish/PXTools.css?17315867 HTTP/1.1" 200 89042
186.103.159.230 - - [28/May/2018:17:00:42 -0300] "POST /cormun/servlet/solicitudot?gx-no-cache=1527537580435 HTTP/1.1" 200 122
186.103.159.230 - - [28/May/2018:17:00:42 -0300] "POST /cormun/servlet/solicitudot?gx-no-cache=1527537580552 HTTP/1.1" 200 1349
186.103.159.230 - - [28/May/2018:17:00:42 -0300] "POST /cormun/servlet/solicitudot?gx-no-cache=1527537580640 HTTP/1.1" 200 1247
186.103.159.230 - - [28/May/2018:17:00:42 -0300] "POST /cormun/servlet/solicitudot?gx-no-cache=1527537580709 HTTP/1.1" 200 120
186.103.159.230 - - [28/May/2018:17:01:07 -0300] "POST /cormun/servlet/solicitudot?gx-no-cache=1527537605572 HTTP/1.1" 200 238
186.103.159.230 - - [28/May/2018:17:01:25 -0300] "GET /cormun/servlet/solicitudot?fc699b1cef84c3756402bde01d05b08ef96a0e08b53c1012cf355f094c6d8b0d99ad7cb1c5a55e16d71301830ae830a838eddf5835ca35b516e55b2855906c5d20fd3f6366073866086f8c95ba0effd3280ae7c787572d6293956497387dfdf0d59c71fb0762bc519059f9dda56567c62bb1f5446b9e40ea5bb3cab258aee61f0469d95add2d091a50f53489729f8f8beec1652dd1caaf05ef65fc0a0c63458225c0b11c1faf1237820f538195e3e46e9120bb5fb5252b8f017cc3eb9e6a233c89f542cf3cdf188ff935458e1d4842fd810492c47b970f507b35d62241ec2b6edc3709dee3faa3d5bc83e03ed7c58c343e78a457b30335cb2e1b3776a0e58839250b796927820321a702a5061fe93b56a44fcf3b5b196796e66f38ab0b877f0b617affcd214590ed7a10a690dfe0cdc419bed56a9219a0b48b040860f6d5ecc7ecc5e74872c384bd0b00078324015295f67e1403d7ab3cf5e6083c87b82ac3fedf0a864fb1b7bf91364980fd1066efa535599336f693d7ea56bac0a32dbbb73a,gx-no-cache=1527537623207 HTTP/1.1" 200 30
186.103.159.230 - - [28/May/2018:17:01:25 -0300] "POST /cormun/servlet/solicitudot?gx-no-cache=1527537623544 HTTP/1.1" 200 30
186.103.159.230 - - [28/May/2018:17:01:25 -0300] "POST /cormun/servlet/solicitudot?gx-no-cache=1527537623588 HTTP/1.1" 200 1367
186.103.159.230 - - [28/May/2018:17:01:27 -0300] "POST /cormun/servlet/solicitudot?gx-no-cache=1527537625517 HTTP/1.1" 200 30
186.103.159.230 - - [28/May/2018:17:01:27 -0300] "POST /cormun/servlet/solicitudot?gx-no-cache=1527537625560 HTTP/1.1" 200 1367
186.103.159.230 - - [28/May/2018:17:02:09 -0300] "POST /cormun/servlet/solicitudot?gx-no-cache=1527537667647 HTTP/1.1" 200 41
186.103.159.230 - - [28/May/2018:17:02:09 -0300] "POST /cormun/servlet/solicitudot?gx-no-cache=1527537667843 HTTP/1.1" 200 1349
186.103.159.230 - - [28/May/2018:17:02:09 -0300] "POST /cormun/servlet/solicitudot?gx-no-cache=1527537667974 HTTP/1.1" 200 1247
186.103.159.230 - - [28/May/2018:17:02:12 -0300] "POST /cormun/servlet/solicitudot?gx-no-cache=1527537671167 HTTP/1.1" 200 1349
186.103.159.230 - - [28/May/2018:17:02:13 -0300] "POST /cormun/servlet/solicitudot?gx-no-cache=1527537671243 HTTP/1.1" 200 1247
186.103.159.230 - - [28/May/2018:17:02:16 -0300] "GET /cormun/servlet/solicitudot?fc699b1cef84c3756402bde01d05b08ec9a48b0a185b6c3dbbf3448387f429b0b34f7af444efdf9567c403616d0da5f5,gx-no-cache=1527537675067 HTTP/1.1" 200 30
192.168.10.89 - - [28/May/2018:17:03:03 -0300] "GET /cormun/servlet/hlogin HTTP/1.1" 200 1737
186.103.159.230 - - [28/May/2018:17:03:12 -0300] "POST /cormun/servlet/solicitudot?gx-no-cache=1527537730759 HTTP/1.1" 200 34
192.168.10.89 - - [28/May/2018:17:03:25 -0300] "POST /cormun/servlet/hlogin?a3bdb3580de93dd051f902e3fdbd8414,gx-no-cache=1527537610915 HTTP/1.1" 200 453
192.168.10.89 - - [28/May/2018:17:03:28 -0300] "POST /cormun/servlet/hlogin?a3bdb3580de93dd051f902e3fdbd8414,gx-no-cache=1527537614360 HTTP/1.1" 200 90
192.168.10.89 - - [28/May/2018:17:03:28 -0300] "GET /cormun/servlet/hpexe_link HTTP/1.1" 200 949
192.168.10.89 - - [28/May/2018:17:03:28 -0300] "GET /cormun/servlet/hhome HTTP/1.1" 200 4178
192.168.10.89 - - [28/May/2018:17:03:31 -0300] "GET /cormun/servlet/trsolicitudot? HTTP/1.1" 200 7384
192.168.10.89 - - [28/May/2018:17:03:35 -0300] "GET /cormun/servlet/solicitudot?INS,0,0, HTTP/1.1" 200 13614
192.168.10.89 - - [28/May/2018:17:03:44 -0300] "POST /cormun/servlet/solicitudot?gx-no-cache=1527537630605 HTTP/1.1" 200 3284
192.168.10.89 - - [28/May/2018:17:03:45 -0300] "POST /cormun/servlet/solicitudot?a3bdb3580de93dd051f902e3fdbd8414,INS,0,0,,gx-no-cache=1527537630780 HTTP/1.1" 200 10439
192.168.10.89 - - [28/May/2018:17:03:46 -0300] "GET /cormun/servlet/solicitudot?222fbfc87241fdee378f91885d32f078e75079e6c68d8e3db384445c6fca1b779b8f8168b23b30c0c54ed32bad921fcc,gx-no-cache=1527537632364 HTTP/1.1" 200 30
192.168.10.89 - - [28/May/2018:17:04:35 -0300] "GET /cormun/servlet/solicitudot?222fbfc87241fdee378f91885d32f0786cca1b2e402817486864bced54586260bcfd763554bedffdc91b9a399e5185931dc1e6506a1a65a486f5657177e0dbd6,gx-no-cache=1527537681212 HTTP/1.1" 200 30
192.168.10.89 - - [28/May/2018:17:04:38 -0300] "POST /cormun/servlet/solicitudot?a3bdb3580de93dd051f902e3fdbd8414,INS,0,0,,gx-no-cache=1527537684444 HTTP/1.1" 200 10621
192.168.10.89 - - [28/May/2018:17:04:38 -0300] "GET /cormun/static/Shared/jqueryui/images/ui-icons_82798d_256x240.png HTTP/1.1" 404 1089
192.168.10.89 - - [28/May/2018:17:04:38 -0300] "GET /cormun/static/Shared/jqueryui/images/ui-bg_highlight-soft_100_c6c2c8_1x100.png HTTP/1.1" 404 1117
192.168.10.89 - - [28/May/2018:17:04:38 -0300] "GET /cormun/static/Shared/jqueryui/images/ui-bg_flat_55_fafafa_40x100.png HTTP/1.1" 404 1097
192.168.10.89 - - [28/May/2018:17:04:38 -0300] "GET /cormun/static/Shared/jqueryui/images/ui-icons_8d78a5_256x240.png HTTP/1.1" 404 1089
192.168.10.89 - - [28/May/2018:17:04:41 -0300] "GET /cormun/servlet/solicitudot?222fbfc87241fdee378f91885d32f078e75079e6c68d8e3db384445c6fca1b777c78af8b9f08da1a5f9a87962a72be12,gx-no-cache=1527537687265 HTTP/1.1" 200 30
192.168.10.89 - - [28/May/2018:17:04:41 -0300] "GET /cormun/servlet/solicitudot?222fbfc87241fdee378f91885d32f0786cca1b2e402817486864bced54586260bcfd763554bedffdc91b9a399e518593aa92b82672a721781dd49f2464a8848d,gx-no-cache=1527537687286 HTTP/1.1" 200 30
192.168.10.89 - - [28/May/2018:17:04:41 -0300] "GET /cormun/servlet/solicitudot?222fbfc87241fdee378f91885d32f078111054e32e462752233181615f0c5d39,gx-no-cache=1527537687314 HTTP/1.1" 200 29
192.168.10.89 - - [28/May/2018:17:04:42 -0300] "POST /cormun/servlet/solicitudot?gx-no-cache=1527537688488 HTTP/1.1" 200 240
192.168.10.89 - - [28/May/2018:17:04:45 -0300] "GET /cormun/servlet/solicitudot?222fbfc87241fdee378f91885d32f078a72d35cf4f4427392b4096833fb73b2899257a2a84cd72b3faba4e4ea197c11d5063ca29e4d76592479bffe433ac3029eaa54e6030c8da198a6eaa2896c80aefbc17d950709d4a3f8baadd7c4032c7f3c949dcc1792518a5ec0c0734f6578c7d90a75c69c7ebee0939e35e88ec25bcb08449f6061829045a016a54be6ff2d580d7372a1c45a42c3e45b760b31e32d26f2f352d0e6ba2efa5473ec9b7781fc34eaa934715762194e271dbab4d04bac2fcb9aa85706b1ca8cc26a8f53b28203d7cafc42776e7336baaa5b9ed6e6b3565635ee9efb148bfdc6dec1e1a9088c4d7ca2438344a5470ebd3214c76fe5ca9cec17ac382bf0a31c85559e14fa9e4f15aa811335f4e193f37a3019405df4d770a17738410eca37e93b0ba943ef6fde66624caea66611411e343cf714e0c22022a400afcceebf305579a3375a572bea7c470f4a175dd0639742beb3ce654eca66bbf62e8552322b1636e7b1deeda5fd3b14011c9d8d5354b9402d05040b79bd8e069,gx-no-cache=1527537690998 HTTP/1.1" 200 30
192.168.10.89 - - [28/May/2018:17:04:48 -0300] "POST /cormun/servlet/solicitudot?gx-no-cache=1527537693894 HTTP/1.1" 200 30
192.168.10.89 - - [28/May/2018:17:04:50 -0300] "GET /cormun/servlet/prfichaempleado?,MD,,gxPopupLevel%3D0%3B HTTP/1.1" 200 9330
192.168.10.89 - - [28/May/2018:17:04:58 -0300] "POST /cormun/servlet/prfichaempleado?a3bdb3580de93dd051f902e3fdbd8414,,MD,,gxPopupLevel%3D0%3B,gx-no-cache=1527537704533 HTTP/1.1" 200 3408
192.168.10.89 - - [28/May/2018:17:05:02 -0300] "GET /cormun/servlet/prlicenciaspermisos?11151210,L,,MD,,gxPopupLevel%3D0%3B HTTP/1.1" 200 6665
192.168.10.89 - - [28/May/2018:17:05:05 -0300] "POST /cormun/servlet/solicitudot?gx-no-cache=1527537711263 HTTP/1.1" 200 1367
192.168.10.89 - - [28/May/2018:17:05:07 -0300] "POST /cormun/servlet/solicitudot?gx-no-cache=1527537713222 HTTP/1.1" 200 41
192.168.10.89 - - [28/May/2018:17:05:17 -0300] "GET /cormun/servlet/solicitudot?222fbfc87241fdee378f91885d32f078c53c423e6f759f654befdc7903f14a6db3fc6edf5f84bda37e1d1b3d473a4f484eb55f9069940d56fb32fe425036c92016d9d010c713a10d01441538abd1f72880e70c61a4392c07556382d604c627461a2da5855c9f1d0ea741d290b2dee58e,gx-no-cache=1527537723218 HTTP/1.1" 200 29
192.168.10.89 - - [28/May/2018:17:05:17 -0300] "POST /cormun/servlet/solicitudot?gx-no-cache=1527537723239 HTTP/1.1" 200 1349
192.168.10.89 - - [28/May/2018:17:05:17 -0300] "POST /cormun/servlet/solicitudot?gx-no-cache=1527537723283 HTTP/1.1" 200 1247
192.168.10.89 - - [28/May/2018:17:05:23 -0300] "GET /cormun/servlet/solicitudot?222fbfc87241fdee378f91885d32f07841b057bbc75b38b01bd7d131ef47bd427c37134b8690d9f4ab0679f4e1ef813e,gx-no-cache=1527537728998 HTTP/1.1" 200 30
192.168.10.89 - - [28/May/2018:17:05:23 -0300] "POST /cormun/servlet/solicitudot?gx-no-cache=1527537729445 HTTP/1.1" 200 34
192.168.10.89 - - [28/May/2018:17:05:32 -0300] "POST /cormun/servlet/solicitudot?a3bdb3580de93dd051f902e3fdbd8414,INS,0,0,,gx-no-cache=1527537738114 HTTP/1.1" 200 93
192.168.10.89 - - [28/May/2018:17:05:32 -0300] "GET /cormun/servlet/hpexe_return? HTTP/1.1" 200 1005
192.168.10.89 - - [28/May/2018:17:05:32 -0300] "GET /cormun/servlet/trsolicitudot HTTP/1.1" 200 8797
192.168.10.89 - - [28/May/2018:17:05:47 -0300] "GET /cormun/servlet/hlogin HTTP/1.1" 200 1734
186.103.159.230 - - [28/May/2018:17:05:51 -0300] "POST /cormun/servlet/solicitudot?266effaa5d07473011a14e140223b43b,INS,0,0,,gx-no-cache=1527537889495 HTTP/1.1" 200 93
186.103.159.230 - - [28/May/2018:17:05:51 -0300] "GET /cormun/servlet/hpexe_return? HTTP/1.1" 200 998
186.103.159.230 - - [28/May/2018:17:05:51 -0300] "GET /cormun/servlet/trsolicitudot HTTP/1.1" 200 9107
186.103.159.230 - - [28/May/2018:17:05:52 -0300] "GET /cormun/servlet/trsolicitudot HTTP/1.1" 200 9103
190.46.88.10 - - [28/May/2018:17:05:59 -0300] "GET /cormun/servlet/hlogin HTTP/1.1" 200 1729
190.46.88.10 - - [28/May/2018:17:05:59 -0300] "GET /cormun/static/gxtimezone.js?85251 HTTP/1.1" 304 -
186.79.137.174 - - [28/May/2018:17:05:59 -0300] "GET /cormun/static/gxcfg.js?20175251213516 HTTP/1.1" 304 -
190.46.88.10 - - [28/May/2018:17:05:59 -0300] "GET /cormun/static/messages.spa.js?85251 HTTP/1.1" 304 -
186.79.137.174 - - [28/May/2018:17:05:59 -0300] "GET /cormun/servlet/hlogin HTTP/1.1" 200 1732
190.46.88.10 - - [28/May/2018:17:06:22 -0300] "POST /cormun/servlet/hlogin?a12ebf44a471cad936ce44b9fee9e337,gx-no-cache=1527537920801 HTTP/1.1" 200 90
190.46.88.10 - - [28/May/2018:17:06:23 -0300] "GET /cormun/servlet/hpexe_link HTTP/1.1" 200 954
190.46.88.10 - - [28/May/2018:17:06:23 -0300] "GET /cormun/static/gxcfg.js?20177612121792 HTTP/1.1" 304 -
190.46.88.10 - - [28/May/2018:17:06:23 -0300] "GET /cormun/servlet/hhome HTTP/1.1" 200 4240
190.46.88.10 - - [28/May/2018:17:06:23 -0300] "GET /cormun/static/gxcfg.js?20175251212442 HTTP/1.1" 304 -
190.46.88.10 - - [28/May/2018:17:06:23 -0300] "GET /cormun/servlet/hhome HTTP/1.1" 200 4236
186.103.159.230 - - [28/May/2018:17:06:37 -0300] "POST /cormun/servlet/trsolicitudot?266effaa5d07473011a14e140223b43b,gx-no-cache=1527537935439 HTTP/1.1" 200 107
186.103.159.230 - - [28/May/2018:17:06:37 -0300] "GET /cormun/servlet/trsolicitudadjuntos?2018,11568, HTTP/1.1" 200 6263
186.103.159.230 - - [28/May/2018:17:06:38 -0300] "GET /cormun/servlet/trsolicitudadjuntos?2018,11568, HTTP/1.1" 200 6263
190.46.88.10 - - [28/May/2018:17:06:38 -0300] "GET /cormun/servlet/trautorizarsolicitud? HTTP/1.1" 200 9222
190.46.88.10 - - [28/May/2018:17:06:38 -0300] "GET /cormun/static/calendar.js?85251 HTTP/1.1" 304 -
190.46.88.10 - - [28/May/2018:17:06:39 -0300] "GET /cormun/static/calendar-setup.js?85251 HTTP/1.1" 304 -
190.46.88.10 - - [28/May/2018:17:06:39 -0300] "GET /cormun/static/calendar-es.js?85251 HTTP/1.1" 304 -
190.46.88.10 - - [28/May/2018:17:06:39 -0300] "GET /cormun/static/trautorizarsolicitud.js?201711142340425 HTTP/1.1" 304 -
190.46.88.10 - - [28/May/2018:17:06:39 -0300] "GET /cormun/servlet/trautorizarsolicitud? HTTP/1.1" 200 9220
186.103.159.230 - - [28/May/2018:17:06:48 -0300] "GET /cormun/servlet/solicitudotadjuntos?INS,2018,11568,,1, HTTP/1.1" 200 6208
186.103.159.230 - - [28/May/2018:17:06:49 -0300] "GET /cormun/static/about:blank HTTP/1.1" 404 1011
186.103.159.230 - - [28/May/2018:17:06:49 -0300] "GET /cormun/servlet/solicitudotadjuntos?INS,2018,11568,,1, HTTP/1.1" 200 6202
186.103.159.230 - - [28/May/2018:17:06:49 -0300] "GET /cormun/servlet/solicitudotadjuntos?fc699b1cef84c3756402bde01d05b08e9cb59bac33b288141aa773381ffee3a1f62eeb538086ae17fffa4f5aaaeac28e,gx-no-cache=1527537947922 HTTP/1.1" 200 30
186.103.159.230 - - [28/May/2018:17:06:49 -0300] "POST /cormun/servlet/solicitudotadjuntos?266effaa5d07473011a14e140223b43b,INS,2018,11568,,1,,gx-no-cache=1527537948004 HTTP/1.1" 200 3974
186.103.159.230 - - [28/May/2018:17:06:56 -0300] "POST /cormun/servlet/solicitudotadjuntos?gx-no-cache=1527537954736 HTTP/1.1" 200 26
186.103.159.230 - - [28/May/2018:17:07:06 -0300] "GET /cormun/servlet/solicitudotadjuntos?fc699b1cef84c3756402bde01d05b08eafb3db1fe8773638b650d044c0a44a9d,gx-no-cache=1527537964886 HTTP/1.1" 200 30
186.103.159.230 - - [28/May/2018:17:07:06 -0300] "GET /cormun/servlet/solicitudotadjuntos?fc699b1cef84c3756402bde01d05b08eafb3db1fe8773638b650d044c0a44a9d,gx-no-cache=1527537964924 HTTP/1.1" 200 30
186.103.159.230 - - [28/May/2018:17:07:07 -0300] "POST /cormun/servlet/solicitudotadjuntos?266effaa5d07473011a14e140223b43b,INS,2018,11568,,1, HTTP/1.1" 200 116
186.103.159.230 - - [28/May/2018:17:07:07 -0300] "GET /cormun/servlet/hpexe_return? HTTP/1.1" 200 1017
186.103.159.230 - - [28/May/2018:17:07:08 -0300] "GET /cormun/servlet/trsolicitudadjuntos?2018,11568, HTTP/1.1" 200 8707
186.103.159.230 - - [28/May/2018:17:07:08 -0300] "GET /cormun/servlet/trsolicitudadjuntos?2018,11568, HTTP/1.1" 200 8704
186.103.132.155 - - [28/May/2018:17:07:10 -0300] "GET /cormun/servlet/hlogin HTTP/1.1" 200 1716
186.103.132.155 - - [28/May/2018:17:07:11 -0300] "GET /cormun/servlet/hlogin HTTP/1.1" 200 1726
186.103.159.230 - - [28/May/2018:17:07:12 -0300] "GET /cormun/servlet/solicitudotadjuntos?INS,2018,11568,,1, HTTP/1.1" 200 6208
186.103.159.230 - - [28/May/2018:17:07:13 -0300] "GET /cormun/static/about:blank HTTP/1.1" 404 1011
186.103.159.230 - - [28/May/2018:17:07:13 -0300] "GET /cormun/servlet/solicitudotadjuntos?INS,2018,11568,,1, HTTP/1.1" 200 6202
186.103.159.230 - - [28/May/2018:17:07:13 -0300] "GET /cormun/servlet/solicitudotadjuntos?fc699b1cef84c3756402bde01d05b08e9cb59bac33b288141aa773381ffee3a1f62eeb538086ae17fffa4f5aaaeac28e,gx-no-cache=1527537971799 HTTP/1.1" 200 30
186.103.159.230 - - [28/May/2018:17:07:13 -0300] "POST /cormun/servlet/solicitudotadjuntos?266effaa5d07473011a14e140223b43b,INS,2018,11568,,1,,gx-no-cache=1527537971852 HTTP/1.1" 200 3974
186.103.159.230 - - [28/May/2018:17:07:18 -0300] "POST /cormun/servlet/solicitudotadjuntos?gx-no-cache=1527537976084 HTTP/1.1" 200 26
186.103.159.230 - - [28/May/2018:17:07:27 -0300] "GET /cormun/servlet/solicitudotadjuntos?fc699b1cef84c3756402bde01d05b08eafb3db1fe8773638b650d044c0a44a9d,gx-no-cache=1527537985292 HTTP/1.1" 200 30
186.103.159.230 - - [28/May/2018:17:07:27 -0300] "GET /cormun/servlet/solicitudotadjuntos?fc699b1cef84c3756402bde01d05b08eafb3db1fe8773638b650d044c0a44a9d,gx-no-cache=1527537985313 HTTP/1.1" 200 30
186.103.159.230 - - [28/May/2018:17:07:27 -0300] "POST /cormun/servlet/solicitudotadjuntos?266effaa5d07473011a14e140223b43b,INS,2018,11568,,1, HTTP/1.1" 200 116
186.103.159.230 - - [28/May/2018:17:07:27 -0300] "GET /cormun/servlet/hpexe_return? HTTP/1.1" 200 1017
186.103.159.230 - - [28/May/2018:17:07:27 -0300] "GET /cormun/servlet/trsolicitudadjuntos?2018,11568, HTTP/1.1" 200 8937
186.103.159.230 - - [28/May/2018:17:07:28 -0300] "GET /cormun/servlet/trsolicitudadjuntos?2018,11568, HTTP/1.1" 200 8933
186.103.132.155 - - [28/May/2018:17:07:31 -0300] "POST /cormun/servlet/hlogin?fc923b318738204dc3800698927bc0d0,gx-no-cache=1527537986337 HTTP/1.1" 200 441
186.103.159.230 - - [28/May/2018:17:07:34 -0300] "GET /cormun/servlet/solicitudotadjuntos?INS,2018,11568,,1, HTTP/1.1" 200 6208
186.103.159.230 - - [28/May/2018:17:07:34 -0300] "GET /cormun/static/about:blank HTTP/1.1" 404 1011
186.103.159.230 - - [28/May/2018:17:07:34 -0300] "GET /cormun/servlet/solicitudotadjuntos?INS,2018,11568,,1, HTTP/1.1" 200 6202
186.103.159.230 - - [28/May/2018:17:07:35 -0300] "GET /cormun/servlet/solicitudotadjuntos?fc699b1cef84c3756402bde01d05b08e9cb59bac33b288141aa773381ffee3a1f62eeb538086ae17fffa4f5aaaeac28e,gx-no-cache=1527537993375 HTTP/1.1" 200 30
186.103.159.230 - - [28/May/2018:17:07:35 -0300] "POST /cormun/servlet/solicitudotadjuntos?266effaa5d07473011a14e140223b43b,INS,2018,11568,,1,,gx-no-cache=1527537993441 HTTP/1.1" 200 3974
186.103.159.230 - - [28/May/2018:17:07:39 -0300] "POST /cormun/servlet/solicitudotadjuntos?gx-no-cache=1527537997290 HTTP/1.1" 200 26
186.103.161.206 - - [28/May/2018:17:07:39 -0300] "POST /cormun/servlet/hlogin?fc923b318738204dc3800698927bc0d0,gx-no-cache=1527537995894 HTTP/1.1" 200 441
190.46.88.10 - - [28/May/2018:17:07:42 -0300] "POST /cormun/servlet/trautorizarsolicitud?a12ebf44a471cad936ce44b9fee9e337,,gx-no-cache=1527538000261 HTTP/1.1" 200 5787
190.46.88.10 - - [28/May/2018:17:07:42 -0300] "GET /cormun/static/Shared/jqueryui/images/ui-bg_flat_55_fafafa_40x100.png HTTP/1.1" 404 1097
190.46.88.10 - - [28/May/2018:17:07:42 -0300] "GET /cormun/static/Shared/jqueryui/images/ui-bg_highlight-soft_100_c6c2c8_1x100.png HTTP/1.1" 404 1117
190.46.88.10 - - [28/May/2018:17:07:42 -0300] "GET /cormun/static/Shared/jqueryui/images/ui-icons_82798d_256x240.png HTTP/1.1" 404 1089
190.46.88.10 - - [28/May/2018:17:07:42 -0300] "GET /cormun/static/Shared/jqueryui/images/ui-icons_8d78a5_256x240.png HTTP/1.1" 404 1089
190.46.88.10 - - [28/May/2018:17:07:42 -0300] "POST /cormun/servlet/trautorizarsolicitud?a12ebf44a471cad936ce44b9fee9e337,,gx-no-cache=1527538000709 HTTP/1.1" 200 5733
186.103.159.230 - - [28/May/2018:17:07:48 -0300] "GET /cormun/servlet/solicitudotadjuntos?fc699b1cef84c3756402bde01d05b08eafb3db1fe8773638b650d044c0a44a9d,gx-no-cache=1527538006360 HTTP/1.1" 200 30
186.103.159.230 - - [28/May/2018:17:07:48 -0300] "GET /cormun/servlet/solicitudotadjuntos?fc699b1cef84c3756402bde01d05b08eafb3db1fe8773638b650d044c0a44a9d,gx-no-cache=1527538006393 HTTP/1.1" 200 30
186.103.159.230 - - [28/May/2018:17:07:50 -0300] "POST /cormun/servlet/solicitudotadjuntos?266effaa5d07473011a14e140223b43b,INS,2018,11568,,1, HTTP/1.1" 200 116
186.103.159.230 - - [28/May/2018:17:07:50 -0300] "GET /cormun/servlet/hpexe_return? HTTP/1.1" 200 1017
186.103.159.230 - - [28/May/2018:17:07:50 -0300] "GET /cormun/servlet/trsolicitudadjuntos?2018,11568, HTTP/1.1" 200 9092
186.103.159.230 - - [28/May/2018:17:07:51 -0300] "GET /cormun/servlet/trsolicitudadjuntos?2018,11568, HTTP/1.1" 200 9090
186.103.159.230 - - [28/May/2018:17:07:55 -0300] "GET /cormun/servlet/solicitudotadjuntos?INS,2018,11568,,1, HTTP/1.1" 200 6208
186.103.159.230 - - [28/May/2018:17:07:55 -0300] "GET /cormun/static/about:blank HTTP/1.1" 404 1011
186.103.159.230 - - [28/May/2018:17:07:55 -0300] "GET /cormun/servlet/solicitudotadjuntos?INS,2018,11568,,1, HTTP/1.1" 200 6202
186.103.159.230 - - [28/May/2018:17:07:56 -0300] "GET /cormun/servlet/solicitudotadjuntos?fc699b1cef84c3756402bde01d05b08e9cb59bac33b288141aa773381ffee3a1f62eeb538086ae17fffa4f5aaaeac28e,gx-no-cache=1527538014174 HTTP/1.1" 200 30
186.103.159.230 - - [28/May/2018:17:07:56 -0300] "POST /cormun/servlet/solicitudotadjuntos?266effaa5d07473011a14e140223b43b,INS,2018,11568,,1,,gx-no-cache=1527538014299 HTTP/1.1" 200 3974
186.103.132.155 - - [28/May/2018:17:08:00 -0300] "POST /cormun/servlet/hlogin?fc923b318738204dc3800698927bc0d0,gx-no-cache=1527538011072 HTTP/1.1" 200 441
186.103.159.230 - - [28/May/2018:17:08:01 -0300] "POST /cormun/servlet/solicitudotadjuntos?gx-no-cache=1527538019759 HTTP/1.1" 200 26
186.103.159.230 - - [28/May/2018:17:08:11 -0300] "GET /cormun/servlet/solicitudotadjuntos?fc699b1cef84c3756402bde01d05b08eafb3db1fe8773638b650d044c0a44a9d,gx-no-cache=1527538029496 HTTP/1.1" 200 30
186.103.159.230 - - [28/May/2018:17:08:11 -0300] "GET /cormun/servlet/solicitudotadjuntos?fc699b1cef84c3756402bde01d05b08eafb3db1fe8773638b650d044c0a44a9d,gx-no-cache=1527538029559 HTTP/1.1" 200 30
186.103.159.230 - - [28/May/2018:17:08:12 -0300] "POST /cormun/servlet/solicitudotadjuntos?266effaa5d07473011a14e140223b43b,INS,2018,11568,,1, HTTP/1.1" 200 116
186.103.159.230 - - [28/May/2018:17:08:12 -0300] "GET /cormun/servlet/hpexe_return? HTTP/1.1" 200 1017
186.103.159.230 - - [28/May/2018:17:08:12 -0300] "GET /cormun/servlet/trsolicitudadjuntos?2018,11568, HTTP/1.1" 200 9282
186.103.159.230 - - [28/May/2018:17:08:13 -0300] "GET /cormun/servlet/trsolicitudadjuntos?2018,11568, HTTP/1.1" 200 9279
186.103.159.230 - - [28/May/2018:17:08:18 -0300] "GET /cormun/servlet/solicitudotadjuntos?INS,2018,11568,,1, HTTP/1.1" 200 6208
186.103.159.230 - - [28/May/2018:17:08:19 -0300] "GET /cormun/static/about:blank HTTP/1.1" 404 1011
186.103.159.230 - - [28/May/2018:17:08:19 -0300] "GET /cormun/servlet/solicitudotadjuntos?INS,2018,11568,,1, HTTP/1.1" 200 6202
186.103.159.230 - - [28/May/2018:17:08:19 -0300] "GET /cormun/servlet/solicitudotadjuntos?fc699b1cef84c3756402bde01d05b08e9cb59bac33b288141aa773381ffee3a1f62eeb538086ae17fffa4f5aaaeac28e,gx-no-cache=1527538037843 HTTP/1.1" 200 30
200.72.197.82 - - [28/May/2018:17:08:19 -0300] "POST /cormun/servlet/hlogin?fc923b318738204dc3800698927bc0d0,gx-no-cache=1527538034270 HTTP/1.1" 200 441
186.103.159.230 - - [28/May/2018:17:08:19 -0300] "POST /cormun/servlet/solicitudotadjuntos?266effaa5d07473011a14e140223b43b,INS,2018,11568,,1,,gx-no-cache=1527538037915 HTTP/1.1" 200 3974
190.46.88.10 - - [28/May/2018:17:08:22 -0300] "GET /cormun/servlet/hlogin HTTP/1.1" 200 1717
186.103.159.230 - - [28/May/2018:17:08:29 -0300] "POST /cormun/servlet/solicitudotadjuntos?gx-no-cache=1527538047318 HTTP/1.1" 200 26
190.46.88.10 - - [28/May/2018:17:08:30 -0300] "POST /cormun/servlet/hlogin?1c83a75037c45ea91f428bdeff782b93,gx-no-cache=1527538049674 HTTP/1.1" 200 90
190.46.88.10 - - [28/May/2018:17:08:31 -0300] "GET /cormun/servlet/hpexe_link HTTP/1.1" 200 946
190.46.88.10 - - [28/May/2018:17:08:31 -0300] "GET /cormun/servlet/hhome HTTP/1.1" 200 4232
190.46.88.10 - - [28/May/2018:17:08:33 -0300] "GET /cormun/servlet/hhome HTTP/1.1" 200 4228
186.67.203.186 - - [28/May/2018:17:08:34 -0300] "GET /cormun/servlet/hlogin HTTP/1.1" 200 1716
190.46.88.10 - - [28/May/2018:17:08:36 -0300] "GET /cormun/servlet/trsolicitudot? HTTP/1.1" 200 7444
186.103.159.230 - - [28/May/2018:17:08:36 -0300] "GET /cormun/servlet/solicitudotadjuntos?fc699b1cef84c3756402bde01d05b08eafb3db1fe8773638b650d044c0a44a9d,gx-no-cache=1527538054879 HTTP/1.1" 200 30
186.103.159.230 - - [28/May/2018:17:08:36 -0300] "GET /cormun/servlet/solicitudotadjuntos?fc699b1cef84c3756402bde01d05b08eafb3db1fe8773638b650d044c0a44a9d,gx-no-cache=1527538054945 HTTP/1.1" 200 30
186.103.159.230 - - [28/May/2018:17:08:37 -0300] "POST /cormun/servlet/solicitudotadjuntos?266effaa5d07473011a14e140223b43b,INS,2018,11568,,1, HTTP/1.1" 200 6401
186.103.159.230 - - [28/May/2018:17:08:37 -0300] "GET /home/sistema/apache-tomcat-7.0.65/webapps/cormun/PrivateTempStorage/upload_00040485.pdf HTTP/1.1" 404 1135
186.103.159.230 - - [28/May/2018:17:08:37 -0300] "GET /cormun/static/Shared/jqueryui/images/ui-bg_highlight-soft_100_c6c2c8_1x100.png HTTP/1.1" 404 1117
186.103.159.230 - - [28/May/2018:17:08:37 -0300] "GET /cormun/static/Shared/jqueryui/images/ui-icons_82798d_256x240.png HTTP/1.1" 404 1089
186.103.159.230 - - [28/May/2018:17:08:37 -0300] "GET /cormun/static/Shared/jqueryui/images/ui-bg_flat_55_994d53_40x100.png HTTP/1.1" 404 1097
186.103.159.230 - - [28/May/2018:17:08:37 -0300] "GET /cormun/static/Shared/jqueryui/images/ui-icons_ebccce_256x240.png HTTP/1.1" 404 1089
186.103.159.230 - - [28/May/2018:17:08:38 -0300] "GET /cormun/PrivateTempStorage/upload_00040485.pdf HTTP/1.1" 200 517166
190.46.88.10 - - [28/May/2018:17:08:38 -0300] "GET /cormun/servlet/trsolicitudot? HTTP/1.1" 200 7443
190.46.88.10 - - [28/May/2018:17:08:41 -0300] "GET /cormun/servlet/trautorizarsolicitud? HTTP/1.1" 200 8701
190.46.88.10 - - [28/May/2018:17:08:41 -0300] "GET /cormun/static/gxcfg.js?2017111423403364 HTTP/1.1" 200 953
190.46.88.10 - - [28/May/2018:17:08:41 -0300] "GET /cormun/static/trautorizarsolicitud.js?201711142340425 HTTP/1.1" 200 53910
190.46.88.10 - - [28/May/2018:17:08:42 -0300] "GET /cormun/servlet/trautorizarsolicitud? HTTP/1.1" 200 8701
190.46.88.10 - - [28/May/2018:17:08:44 -0300] "GET /cormun/servlet/veautorizarsolicitud?2018,11547,, HTTP/1.1" 200 8628
190.46.88.10 - - [28/May/2018:17:08:45 -0300] "GET /cormun/static/gxcfg.js?2017111423404691 HTTP/1.1" 200 953
190.46.88.10 - - [28/May/2018:17:08:45 -0300] "GET /cormun/pexe_scrolldiv.js HTTP/1.1" 404 1009
190.46.88.10 - - [28/May/2018:17:08:45 -0300] "GET /cormun/static/veautorizarsolicitud.js?2017111423404756 HTTP/1.1" 200 6140
190.46.88.10 - - [28/May/2018:17:08:45 -0300] "GET /cormun/static/tbautorizarsolicitud01.js?2017111423392092 HTTP/1.1" 200 30580
190.46.88.10 - - [28/May/2018:17:08:46 -0300] "GET /cormun/servlet/veautorizarsolicitud?2018,11547,, HTTP/1.1" 200 8627
186.67.203.186 - - [28/May/2018:17:08:49 -0300] "POST /cormun/servlet/hlogin?fc923b318738204dc3800698927bc0d0,gx-no-cache=1527538066670 HTTP/1.1" 200 90
186.67.203.186 - - [28/May/2018:17:08:49 -0300] "GET /cormun/servlet/hpexe_link HTTP/1.1" 200 946
186.67.203.186 - - [28/May/2018:17:08:49 -0300] "GET /cormun/servlet/hhome HTTP/1.1" 200 4198
186.67.203.186 - - [28/May/2018:17:08:51 -0300] "GET /cormun/servlet/hhome HTTP/1.1" 200 4194
186.103.159.230 - - [28/May/2018:17:08:54 -0300] "GET /cormun/servlet/solicitudotadjuntos?fc699b1cef84c3756402bde01d05b08e7b4a26e066e09f00822e80ebaca1620fbc5f28997c3cf7551a78cbac0a3b0700,gx-no-cache=1527538072547 HTTP/1.1" 200 30
186.103.159.230 - - [28/May/2018:17:08:54 -0300] "GET /cormun/servlet/solicitudotadjuntos?fc699b1cef84c3756402bde01d05b08e53981ff53a29cf3849effe208a932cf3bc5f28997c3cf7551a78cbac0a3b0700,gx-no-cache=1527538072594 HTTP/1.1" 200 30
186.103.159.230 - - [28/May/2018:17:08:55 -0300] "POST /cormun/servlet/solicitudotadjuntos?266effaa5d07473011a14e140223b43b,INS,2018,11568,,1, HTTP/1.1" 200 6400
190.46.88.10 - - [28/May/2018:17:08:55 -0300] "POST /cormun/servlet/veautorizarsolicitud?1c83a75037c45ea91f428bdeff782b93,2018,11547,,,gx-no-cache=1527538073781 HTTP/1.1" 200 90
186.103.159.230 - - [28/May/2018:17:08:55 -0300] "GET /home/sistema/apache-tomcat-7.0.65/webapps/cormun/PrivateTempStorage/upload_00040497.pdf HTTP/1.1" 404 1135
186.103.159.230 - - [28/May/2018:17:08:55 -0300] "GET /home/sistema/apache-tomcat-7.0.65/webapps/cormun/PrivateTempStorage/upload_00040497.pdf HTTP/1.1" 404 1135
186.103.159.230 - - [28/May/2018:17:08:55 -0300] "GET /cormun/PrivateTempStorage/upload_00040497.pdf HTTP/1.1" 200 49152
190.46.88.10 - - [28/May/2018:17:08:55 -0300] "GET /cormun/servlet/hpexe_link HTTP/1.1" 200 967
186.103.159.230 - - [28/May/2018:17:08:55 -0300] "GET /cormun/PrivateTempStorage/upload_00040497.pdf HTTP/1.1" 200 517166
186.67.203.186 - - [28/May/2018:17:08:55 -0300] "GET /cormun/servlet/trpermisosgoce? HTTP/1.1" 200 10809
190.46.88.10 - - [28/May/2018:17:08:55 -0300] "GET /cormun/servlet/trautorizarsolicitud HTTP/1.1" 200 8702
190.46.88.10 - - [28/May/2018:17:08:57 -0300] "GET /cormun/servlet/trautorizarsolicitud HTTP/1.1" 200 8701
186.67.203.186 - - [28/May/2018:17:08:57 -0300] "GET /cormun/servlet/trpermisosgoce? HTTP/1.1" 200 10808
186.103.159.230 - - [28/May/2018:17:09:00 -0300] "POST /cormun/servlet/solicitudotadjuntos?266effaa5d07473011a14e140223b43b,INS,2018,11568,,1, HTTP/1.1" 200 116
186.103.159.230 - - [28/May/2018:17:09:00 -0300] "GET /cormun/servlet/hpexe_return? HTTP/1.1" 200 1017
186.103.159.230 - - [28/May/2018:17:09:00 -0300] "GET /cormun/servlet/trsolicitudadjuntos?2018,11568, HTTP/1.1" 200 9282
186.103.159.230 - - [28/May/2018:17:09:01 -0300] "GET /cormun/servlet/trsolicitudadjuntos?2018,11568, HTTP/1.1" 200 9279
186.103.159.230 - - [28/May/2018:17:09:05 -0300] "GET /cormun/servlet/solicitudotadjuntos?INS,2018,11568,,1, HTTP/1.1" 200 6208
186.103.159.230 - - [28/May/2018:17:09:05 -0300] "GET /cormun/static/about:blank HTTP/1.1" 404 1011
186.103.159.230 - - [28/May/2018:17:09:05 -0300] "GET /cormun/servlet/solicitudotadjuntos?INS,2018,11568,,1, HTTP/1.1" 200 6202
186.103.159.230 - - [28/May/2018:17:09:06 -0300] "GET /cormun/servlet/solicitudotadjuntos?fc699b1cef84c3756402bde01d05b08e9cb59bac33b288141aa773381ffee3a1f62eeb538086ae17fffa4f5aaaeac28e,gx-no-cache=1527538084460 HTTP/1.1" 200 30
186.103.159.230 - - [28/May/2018:17:09:06 -0300] "POST /cormun/servlet/solicitudotadjuntos?266effaa5d07473011a14e140223b43b,INS,2018,11568,,1,,gx-no-cache=1527538084502 HTTP/1.1" 200 3974
186.103.159.230 - - [28/May/2018:17:09:11 -0300] "POST /cormun/servlet/solicitudotadjuntos?gx-no-cache=1527538090147 HTTP/1.1" 200 26
186.67.203.186 - - [28/May/2018:17:09:14 -0300] "GET /cormun/servlet/permisogoce?INS,0,,, HTTP/1.1" 200 7063
186.67.203.186 - - [28/May/2018:17:09:16 -0300] "GET /cormun/servlet/permisogoce?INS,0,,, HTTP/1.1" 200 7064
186.103.159.230 - - [28/May/2018:17:09:18 -0300] "GET /cormun/servlet/solicitudotadjuntos?fc699b1cef84c3756402bde01d05b08eafb3db1fe8773638b650d044c0a44a9d,gx-no-cache=1527538096820 HTTP/1.1" 200 30
186.103.159.230 - - [28/May/2018:17:09:18 -0300] "GET /cormun/servlet/solicitudotadjuntos?fc699b1cef84c3756402bde01d05b08eafb3db1fe8773638b650d044c0a44a9d,gx-no-cache=1527538096888 HTTP/1.1" 200 30
190.151.100.218 - - [28/May/2018:17:09:20 -0300] "GET /cormun/servlet/prfichaempleado?,MD,,gxPopupLevel%3D0%3B HTTP/1.1" 200 9363
186.103.159.230 - - [28/May/2018:17:09:22 -0300] "POST /cormun/servlet/solicitudotadjuntos?266effaa5d07473011a14e140223b43b,INS,2018,11568,,1, HTTP/1.1" 200 116
186.103.159.230 - - [28/May/2018:17:09:22 -0300] "GET /cormun/servlet/hpexe_return? HTTP/1.1" 200 1017
186.103.159.230 - - [28/May/2018:17:09:23 -0300] "GET /cormun/servlet/trsolicitudadjuntos?2018,11568, HTTP/1.1" 200 9503
186.103.159.230 - - [28/May/2018:17:09:23 -0300] "GET /cormun/servlet/trsolicitudadjuntos?2018,11568, HTTP/1.1" 200 9500
186.103.159.230 - - [28/May/2018:17:09:27 -0300] "GET /cormun/servlet/solicitudotadjuntos?INS,2018,11568,,1, HTTP/1.1" 200 6208
186.103.159.230 - - [28/May/2018:17:09:27 -0300] "GET /cormun/static/about:blank HTTP/1.1" 404 1011
186.103.159.230 - - [28/May/2018:17:09:27 -0300] "GET /cormun/servlet/solicitudotadjuntos?INS,2018,11568,,1, HTTP/1.1" 200 6202
186.103.159.230 - - [28/May/2018:17:09:27 -0300] "GET /cormun/servlet/solicitudotadjuntos?fc699b1cef84c3756402bde01d05b08e9cb59bac33b288141aa773381ffee3a1f62eeb538086ae17fffa4f5aaaeac28e,gx-no-cache=1527538106146 HTTP/1.1" 200 30
186.103.159.230 - - [28/May/2018:17:09:27 -0300] "POST /cormun/servlet/solicitudotadjuntos?266effaa5d07473011a14e140223b43b,INS,2018,11568,,1,,gx-no-cache=1527538106186 HTTP/1.1" 200 3974
186.103.159.230 - - [28/May/2018:17:09:31 -0300] "POST /cormun/servlet/solicitudotadjuntos?gx-no-cache=1527538110010 HTTP/1.1" 200 26
190.151.100.218 - - [28/May/2018:17:09:33 -0300] "POST /cormun/servlet/prfichaempleado?fc923b318738204dc3800698927bc0d0,,MD,,gxPopupLevel%3D0%3B,gx-no-cache=1527538110768 HTTP/1.1" 200 3420
190.151.100.218 - - [28/May/2018:17:09:36 -0300] "GET /cormun/servlet/permisogoce?33043c6a2fd36d08e7689248e0109c3ffbdc89ab01bcf85959cd1f229a7a2e88d10f62d52e9562f4071648f4ace327d9cfb22a43592e568c9bca88b0c1798ca2,gx-no-cache=1527538114290 HTTP/1.1" 200 79
190.151.100.218 - - [28/May/2018:17:09:37 -0300] "GET /cormun/servlet/permisogoce?33043c6a2fd36d08e7689248e0109c3fa30904777e90642a8c76b2d7634d76c9034f402365afe32c23c1f1bb860c7dc4,gx-no-cache=1527538114521 HTTP/1.1" 200 129
190.151.100.218 - - [28/May/2018:17:09:37 -0300] "GET /cormun/static/Shared/jqueryui/images/ui-bg_highlight-soft_100_c6c2c8_1x100.png HTTP/1.1" 404 1117
200.72.197.82 - - [28/May/2018:17:09:37 -0300] "GET /cormun/static/Shared/jqueryui/images/ui-icons_82798d_256x240.png HTTP/1.1" 404 1089
186.67.203.186 - - [28/May/2018:17:09:37 -0300] "GET /cormun/static/Shared/jqueryui/images/ui-bg_flat_55_994d53_40x100.png HTTP/1.1" 404 1097
186.103.132.155 - - [28/May/2018:17:09:37 -0300] "GET /cormun/static/Shared/jqueryui/images/ui-icons_ebccce_256x240.png HTTP/1.1" 404 1089
190.151.100.218 - - [28/May/2018:17:09:39 -0300] "GET /cormun/static/menuarrow.gif HTTP/1.1" 404 1015
186.103.159.230 - - [28/May/2018:17:09:43 -0300] "GET /cormun/servlet/solicitudotadjuntos?fc699b1cef84c3756402bde01d05b08eafb3db1fe8773638b650d044c0a44a9d,gx-no-cache=1527538121715 HTTP/1.1" 200 30
186.103.159.230 - - [28/May/2018:17:09:43 -0300] "GET /cormun/servlet/solicitudotadjuntos?fc699b1cef84c3756402bde01d05b08eafb3db1fe8773638b650d044c0a44a9d,gx-no-cache=1527538122050 HTTP/1.1" 200 30
186.103.159.230 - - [28/May/2018:17:09:44 -0300] "POST /cormun/servlet/solicitudotadjuntos?266effaa5d07473011a14e140223b43b,INS,2018,11568,,1, HTTP/1.1" 200 116
186.103.159.230 - - [28/May/2018:17:09:44 -0300] "GET /cormun/servlet/hpexe_return? HTTP/1.1" 200 1017
186.79.137.174 - - [28/May/2018:17:09:45 -0300] "POST /cormun/servlet/trautorizarsolicitud?a12ebf44a471cad936ce44b9fee9e337,,gx-no-cache=1527538122556 HTTP/1.1" 200 4594
186.103.159.230 - - [28/May/2018:17:09:45 -0300] "GET /cormun/servlet/trsolicitudadjuntos?2018,11568, HTTP/1.1" 200 9752
186.79.137.174 - - [28/May/2018:17:09:45 -0300] "POST /cormun/servlet/trautorizarsolicitud?a12ebf44a471cad936ce44b9fee9e337,,gx-no-cache=1527538123494 HTTP/1.1" 200 4376
186.103.159.230 - - [28/May/2018:17:09:46 -0300] "GET /cormun/servlet/trsolicitudadjuntos?2018,11568, HTTP/1.1" 200 9751
190.151.100.218 - - [28/May/2018:17:09:47 -0300] "GET /cormun/servlet/permisogoce?33043c6a2fd36d08e7689248e0109c3fa30904777e90642a8c76b2d7634d76c986a221fb4b9e6d8a61d3f0cf230178807f938cd7251128c82c3636d07dfac10f,gx-no-cache=1527538124691 HTTP/1.1" 200 47
190.151.100.218 - - [28/May/2018:17:09:51 -0300] "POST /cormun/servlet/permisogoce?fc923b318738204dc3800698927bc0d0,INS,0,,,,gx-no-cache=1527538128904 HTTP/1.1" 200 93
190.151.100.218 - - [28/May/2018:17:09:51 -0300] "GET /cormun/servlet/hpexe_return? HTTP/1.1" 200 1005
186.103.159.230 - - [28/May/2018:17:09:52 -0300] "GET /cormun/PublicTempStorage/rut842845.pdf HTTP/1.1" 200 537162
190.151.100.218 - - [28/May/2018:17:09:52 -0300] "GET /cormun/servlet/trpermisosgoce HTTP/1.1" 200 11070
190.151.100.218 - - [28/May/2018:17:09:53 -0300] "GET /cormun/servlet/trpermisosgoce HTTP/1.1" 200 11079
190.151.100.218 - - [28/May/2018:17:09:58 -0300] "GET /cormun/servlet/apermisogoceprn?15987607,P,20180528160600,PU HTTP/1.1" 200 1668
186.79.137.174 - - [28/May/2018:17:10:02 -0300] "GET /cormun/servlet/hlogin HTTP/1.1" 200 1739
186.103.159.230 - - [28/May/2018:17:10:14 -0300] "GET /cormun/servlet/hlogin HTTP/1.1" 200 1718
186.103.159.230 - - [28/May/2018:17:10:29 -0300] "POST /cormun/servlet/hlogin?31d2f98789e82db5e6332cc93ad272e4,gx-no-cache=1527538168065 HTTP/1.1" 200 430
186.103.159.230 - - [28/May/2018:17:10:39 -0300] "POST /cormun/servlet/hlogin?31d2f98789e82db5e6332cc93ad272e4,gx-no-cache=1527538178144 HTTP/1.1" 200 90
186.103.159.230 - - [28/May/2018:17:10:39 -0300] "GET /cormun/servlet/hpexe_link HTTP/1.1" 200 951
186.103.159.230 - - [28/May/2018:17:10:40 -0300] "GET /cormun/servlet/hhome HTTP/1.1" 200 4176
186.103.159.230 - - [28/May/2018:17:10:40 -0300] "GET /cormun/servlet/hhome HTTP/1.1" 200 4172
186.103.159.230 - - [28/May/2018:17:10:45 -0300] "GET /cormun/servlet/trsolicitudot? HTTP/1.1" 200 9113
186.103.159.230 - - [28/May/2018:17:10:45 -0300] "GET /cormun/servlet/trsolicitudot? HTTP/1.1" 200 9111
186.103.159.230 - - [28/May/2018:17:10:58 -0300] "POST /cormun/servlet/trsolicitudot?31d2f98789e82db5e6332cc93ad272e4,,gx-no-cache=1527538196488 HTTP/1.1" 200 5901
186.103.159.230 - - [28/May/2018:17:10:58 -0300] "GET /cormun/static/Shared/jqueryui/images/ui-bg_highlight-soft_100_c6c2c8_1x100.png HTTP/1.1" 404 1117
186.103.159.230 - - [28/May/2018:17:10:58 -0300] "GET /cormun/static/Shared/jqueryui/images/ui-icons_82798d_256x240.png HTTP/1.1" 404 1089
186.103.159.230 - - [28/May/2018:17:10:58 -0300] "GET /cormun/static/Shared/jqueryui/images/ui-bg_flat_55_fafafa_40x100.png HTTP/1.1" 404 1097
186.103.159.230 - - [28/May/2018:17:10:58 -0300] "GET /cormun/static/Shared/jqueryui/images/ui-icons_8d78a5_256x240.png HTTP/1.1" 404 1089
186.103.159.230 - - [28/May/2018:17:10:59 -0300] "POST /cormun/servlet/trsolicitudot?31d2f98789e82db5e6332cc93ad272e4,,gx-no-cache=1527538196756 HTTP/1.1" 200 5843
192.168.10.97 - - [28/May/2018:17:11:01 -0300] "GET /cormun/servlet/hlogin HTTP/1.1" 200 1727
192.168.10.97 - - [28/May/2018:17:11:03 -0300] "POST /cormun/servlet/hlogin?d05ba51e67a32764269ad763132cf960,gx-no-cache=1527538069216 HTTP/1.1" 200 90
192.168.10.97 - - [28/May/2018:17:11:03 -0300] "GET /cormun/servlet/hpexe_link HTTP/1.1" 200 955
192.168.10.97 - - [28/May/2018:17:11:03 -0300] "GET /cormun/servlet/hhome HTTP/1.1" 200 4658
192.168.10.97 - - [28/May/2018:17:11:04 -0300] "GET /cormun/servlet/hhome HTTP/1.1" 200 4654
192.168.10.97 - - [28/May/2018:17:11:07 -0300] "GET /cormun/servlet/trsolicitudgral? HTTP/1.1" 200 21402
192.168.10.97 - - [28/May/2018:17:11:08 -0300] "GET /cormun/servlet/trsolicitudgral? HTTP/1.1" 200 21400
186.103.159.230 - - [28/May/2018:17:11:34 -0300] "POST /cormun/servlet/trsolicitudot?31d2f98789e82db5e6332cc93ad272e4,,gx-no-cache=1527538232618 HTTP/1.1" 200 4661
186.103.159.230 - - [28/May/2018:17:11:34 -0300] "POST /cormun/servlet/trsolicitudot?31d2f98789e82db5e6332cc93ad272e4,,gx-no-cache=1527538233035 HTTP/1.1" 200 4444
192.168.10.97 - - [28/May/2018:17:11:35 -0300] "POST /cormun/servlet/trsolicitudgral?d05ba51e67a32764269ad763132cf960,,gx-no-cache=1527538101553 HTTP/1.1" 200 5923
186.103.159.230 - - [28/May/2018:17:11:38 -0300] "GET /cormun/servlet/trsolicitudot? HTTP/1.1" 200 7385
186.103.159.230 - - [28/May/2018:17:11:39 -0300] "GET /cormun/servlet/trsolicitudot? HTTP/1.1" 200 7385
186.103.159.230 - - [28/May/2018:17:11:42 -0300] "GET /cormun/servlet/trautorizarsolicitud? HTTP/1.1" 200 8697
186.103.159.230 - - [28/May/2018:17:11:43 -0300] "GET /cormun/servlet/trautorizarsolicitud? HTTP/1.1" 200 8697
192.168.10.97 - - [28/May/2018:17:11:43 -0300] "POST /cormun/servlet/trsolicitudgral?d05ba51e67a32764269ad763132cf960,,gx-no-cache=1527538108954 HTTP/1.1" 200 5924
192.168.10.97 - - [28/May/2018:17:11:52 -0300] "POST /cormun/servlet/trsolicitudgral?d05ba51e67a32764269ad763132cf960,,gx-no-cache=1527538118355 HTTP/1.1" 200 5924
192.168.10.97 - - [28/May/2018:17:11:59 -0300] "POST /cormun/servlet/trsolicitudgral?d05ba51e67a32764269ad763132cf960,,gx-no-cache=1527538125027 HTTP/1.1" 200 5923
186.103.159.44 - - [28/May/2018:17:12:06 -0300] "GET /cormun/servlet/trlicencias? HTTP/1.1" 200 6118
192.168.10.97 - - [28/May/2018:17:12:07 -0300] "POST /cormun/servlet/trsolicitudgral?d05ba51e67a32764269ad763132cf960,,gx-no-cache=1527538132730 HTTP/1.1" 200 7773
186.103.159.44 - - [28/May/2018:17:12:07 -0300] "GET /cormun/servlet/hlogin HTTP/1.1" 200 1737
186.103.159.44 - - [28/May/2018:17:12:21 -0300] "POST /cormun/servlet/hlogin?4eabfa9dd0910c9e1d89fecf66b102ad,gx-no-cache=1527538281743 HTTP/1.1" 200 90
186.103.159.44 - - [28/May/2018:17:12:21 -0300] "GET /cormun/servlet/hpexe_link HTTP/1.1" 200 955
186.103.159.44 - - [28/May/2018:17:12:21 -0300] "GET /cormun/servlet/trlicencias HTTP/1.1" 200 12347
186.103.159.230 - - [28/May/2018:17:12:33 -0300] "POST /cormun/servlet/trautorizarsolicitud?31d2f98789e82db5e6332cc93ad272e4,,gx-no-cache=1527538291689 HTTP/1.1" 200 4638
186.103.159.230 - - [28/May/2018:17:12:33 -0300] "GET /cormun/static/Shared/jqueryui/images/ui-bg_highlight-soft_100_c6c2c8_1x100.png HTTP/1.1" 404 1117
186.103.159.230 - - [28/May/2018:17:12:33 -0300] "GET /cormun/static/Shared/jqueryui/images/ui-bg_flat_55_fafafa_40x100.png HTTP/1.1" 404 1097
186.103.159.230 - - [28/May/2018:17:12:33 -0300] "GET /cormun/static/Shared/jqueryui/images/ui-icons_8d78a5_256x240.png HTTP/1.1" 404 1089
186.103.159.230 - - [28/May/2018:17:12:33 -0300] "GET /cormun/static/Shared/jqueryui/images/ui-icons_82798d_256x240.png HTTP/1.1" 404 1089
186.103.159.230 - - [28/May/2018:17:12:33 -0300] "POST /cormun/servlet/trautorizarsolicitud?31d2f98789e82db5e6332cc93ad272e4,,gx-no-cache=1527538292090 HTTP/1.1" 200 4382
186.103.159.186 - - [28/May/2018:17:15:50 -0300] "GET /cormun/servlet/hlogin HTTP/1.1" 200 1724
186.103.159.186 - - [28/May/2018:17:17:35 -0300] "POST /cormun/servlet/hlogin?4f308eb81d9d43fb9aade8dfcf4cf6ef,gx-no-cache=1527538595185 HTTP/1.1" 200 90
186.103.159.186 - - [28/May/2018:17:17:35 -0300] "GET /cormun/servlet/hpexe_link HTTP/1.1" 200 954
186.103.159.186 - - [28/May/2018:17:17:36 -0300] "GET /cormun/servlet/hhome HTTP/1.1" 200 3953
186.103.159.186 - - [28/May/2018:17:17:37 -0300] "GET /cormun/servlet/hhome HTTP/1.1" 200 3949
192.168.10.97 - - [28/May/2018:17:21:58 -0300] "GET /cormun/servlet/solicitudgral?UPD,2018,11530, HTTP/1.1" 200 13071
192.168.10.97 - - [28/May/2018:17:21:58 -0300] "GET /cormun/servlet/solicitudgral?UPD,2018,11530, HTTP/1.1" 200 13081
192.168.10.97 - - [28/May/2018:17:21:59 -0300] "POST /cormun/servlet/solicitudgral?gx-no-cache=1527538725070 HTTP/1.1" 200 3848
192.168.10.97 - - [28/May/2018:17:21:59 -0300] "GET /cormun/servlet/solicitudgral?b1e56f0bd588eee1e4aeab7e6a10a217ad3244e72c0a79e666ae6219887fc17f4065da2f88c2cf49f6fc07b7ed56bc913f8642b210eb8e7e72cf3766f80e4b01a03abe3bb14696f965dd432b8bfe1e0340191d5b41919a52e2a2645a99a0e84faf1334331529d79c825eee9f755a9f3f0d804643eb5999c4d69a8f96fa16c2e9f711be77b1041976578af6c023d0d3cd6b5a8bf2a3c7ff2b139e21ea778bdae549b60f875a33b3c1306e0355327206d08db3fe4ee53bbd63f346ac62043c28bf31e17b5b9c6afe69ac5b2e7de43353b171d1082d059ad7111e16a35be08b4a140cbb40f6ffd857b23c3c88737bd58148305c8ca9d8d5291897944b23c00325cabb716e4826f2dbe94ec70b487eec2d00227c8532f8ee695a8387f23c10d30968a4b04062b4ced2bb4b012aaaa85fd80fd35e888c6c93f5604753381f87fb2f51b7705c1fe354a0d964e5e3a35a8d5ae0,gx-no-cache=1527538725239 HTTP/1.1" 200 256
192.168.10.97 - - [28/May/2018:17:22:32 -0300] "POST /cormun/servlet/solicitudgral?d05ba51e67a32764269ad763132cf960,UPD,2018,11530,,gx-no-cache=1527538757755 HTTP/1.1" 200 93
192.168.10.97 - - [28/May/2018:17:22:32 -0300] "GET /cormun/servlet/hpexe_return? HTTP/1.1" 200 1016
192.168.10.97 - - [28/May/2018:17:22:32 -0300] "GET /cormun/servlet/trsolicitudgral? HTTP/1.1" 200 10981
192.168.10.97 - - [28/May/2018:17:22:32 -0300] "GET /cormun/servlet/trsolicitudgral? HTTP/1.1" 200 10977
192.168.10.97 - - [28/May/2018:17:22:36 -0300] "GET /cormun/servlet/trcoordinadores? HTTP/1.1" 200 7726
192.168.10.97 - - [28/May/2018:17:22:37 -0300] "GET /cormun/servlet/trcoordinadores? HTTP/1.1" 200 7725
190.100.93.40 - - [28/May/2018:17:26:33 -0300] "GET /cormun/servlet/hlogin HTTP/1.1" 200 1719
190.100.93.40 - - [28/May/2018:17:26:34 -0300] "GET /cormun/servlet/hlogin HTTP/1.1" 200 1729
190.100.93.40 - - [28/May/2018:17:26:45 -0300] "POST /cormun/servlet/hlogin?678ad7df5ec936e8171b0238f7725cf8,gx-no-cache=1527539144138 HTTP/1.1" 200 449
190.100.93.40 - - [28/May/2018:17:26:53 -0300] "POST /cormun/servlet/hlogin?678ad7df5ec936e8171b0238f7725cf8,gx-no-cache=1527539152673 HTTP/1.1" 200 90
190.100.93.40 - - [28/May/2018:17:26:53 -0300] "GET /cormun/servlet/hpexe_link HTTP/1.1" 200 952
