186.67.172.234 - - [28/May/2018:12:04:41 -0300] "GET /cormun/servlet/permisogoce?INS,0,,, HTTP/1.1" 200 7098
200.54.247.70 - - [28/May/2018:12:04:50 -0300] "GET /cormun/servlet/trvisualizadoreventos? HTTP/1.1" 200 8879
200.54.247.70 - - [28/May/2018:12:04:50 -0300] "GET /cormun/servlet/trvisualizadoreventos? HTTP/1.1" 200 8879
186.67.172.234 - - [28/May/2018:12:04:50 -0300] "GET /cormun/servlet/permisogoce?f344424a35bac710741f7a5775355f37f0d9b796e5834732534fe27365b62c9a78f76f60b7ab6af4134919c4caeaaaec3ba4fe896e5e6bbdd1a99794327bdd90,gx-no-cache=1527516151499 HTTP/1.1" 200 79
186.67.172.234 - - [28/May/2018:12:04:51 -0300] "GET /cormun/static/menuarrow.gif HTTP/1.1" 404 1015
186.103.159.46 - - [28/May/2018:12:04:56 -0300] "GET /cormun/servlet/licenciaspermisos?7c3d6182cf52dfe0217601b26dd1f517a76f71e248e2d62eb924b5000363f1e322921c564b7311121ea8544a1b2a0a27144615238b7d87b99fe0b339cc74c5234c71e748261a4381dd3f96fb2c68c5d2289fb90ce1feb56a562294952b268873363a3ce63800628dcf767d2172de3f262e36039bd39531b0e6c91b1da7cd3bb3e2093d9ce340d4bbad200a6bb26d9893e027f7aab10e3b6f84bb1ffe6f48180b86faf3a1c1c72efb38cb2898bb14cf286a9dd8f3f8f47bd90ffd20b229d50274c9d3937a1c6619ea82b6c6e6d7643a47c42feea38c65b1e5ff94841e4d258466,gx-no-cache=1527519834633 HTTP/1.1" 200 30
186.103.159.46 - - [28/May/2018:12:04:56 -0300] "POST /cormun/servlet/licenciaspermisos?1087814cc8c4336ad99c1d686f8529a6,INS,0,,,,gx-no-cache=1527519834746 HTTP/1.1" 200 4769
186.103.156.24 - - [28/May/2018:12:04:57 -0300] "GET /cormun/servlet/trlicenciaspermisosadjuntos?11889720,20180528000000,L, HTTP/1.1" 200 6570
186.103.156.24 - - [28/May/2018:12:04:57 -0300] "GET /cormun/static/gxcfg.js?20177612163414 HTTP/1.1" 200 953
186.103.156.24 - - [28/May/2018:12:04:58 -0300] "GET /cormun/servlet/trlicenciaspermisosadjuntos?11889720,20180528000000,L, HTTP/1.1" 200 6570
186.67.172.234 - - [28/May/2018:12:04:59 -0300] "GET /cormun/servlet/permisogoce?f344424a35bac710741f7a5775355f37da77938bc7c2c4cc9ca20f94f2be770b8022e5c3fba7bd80e4b5cafc582a923951a94315e0473aa796ba97780ade623b,gx-no-cache=1527516159807 HTTP/1.1" 200 47
186.103.156.24 - - [28/May/2018:12:05:00 -0300] "GET /cormun/servlet/licenciaspermisosadjuntos?INS,11889720,L,20180528000000,, HTTP/1.1" 200 5870
186.103.156.24 - - [28/May/2018:12:05:01 -0300] "GET /cormun/static/about:blank HTTP/1.1" 404 1011
186.103.156.24 - - [28/May/2018:12:05:01 -0300] "GET /cormun/servlet/licenciaspermisosadjuntos?INS,11889720,L,20180528000000,, HTTP/1.1" 200 5860
186.103.159.46 - - [28/May/2018:12:05:02 -0300] "GET /cormun/servlet/licenciaspermisos?7c3d6182cf52dfe0217601b26dd1f517a76f71e248e2d62eb924b5000363f1e3d26ce8d5b68dc8c48a7de3c124d4ca23144615238b7d87b99fe0b339cc74c5234c71e748261a4381dd3f96fb2c68c5d2289fb90ce1feb56a562294952b268873363a3ce63800628dcf767d2172de3f262e36039bd39531b0e6c91b1da7cd3bb3e2093d9ce340d4bbad200a6bb26d9893e027f7aab10e3b6f84bb1ffe6f48180b86faf3a1c1c72efb38cb2898bb14cf286a9dd8f3f8f47bd90ffd20b229d50274c9d3937a1c6619ea82b6c6e6d7643a47c42feea38c65b1e5ff94841e4d258466,gx-no-cache=1527519840500 HTTP/1.1" 200 30
186.103.159.46 - - [28/May/2018:12:05:02 -0300] "POST /cormun/servlet/licenciaspermisos?1087814cc8c4336ad99c1d686f8529a6,INS,0,,,,gx-no-cache=1527519840570 HTTP/1.1" 200 4770
186.67.172.234 - - [28/May/2018:12:05:04 -0300] "POST /cormun/servlet/permisogoce?692edb6e6fb5af5f8ca08e962f0a799f,INS,0,,,,gx-no-cache=1527516165042 HTTP/1.1" 200 93
186.67.172.234 - - [28/May/2018:12:05:04 -0300] "GET /cormun/servlet/hpexe_return? HTTP/1.1" 200 1003
186.67.172.234 - - [28/May/2018:12:05:05 -0300] "GET /cormun/servlet/trpermisosgoce HTTP/1.1" 200 14655
186.67.172.234 - - [28/May/2018:12:05:05 -0300] "GET /cormun/servlet/trpermisosgoce HTTP/1.1" 200 14641
186.103.159.187 - - [28/May/2018:12:05:06 -0300] "GET /cormun/servlet/solicitudot?e4bf44a7921154e063c438ee619d97a52ba4a7f77ba5b1cb6670af96d0201eea,gx-no-cache=1527519910655 HTTP/1.1" 200 94
186.103.159.187 - - [28/May/2018:12:05:06 -0300] "GET /cormun/static/Shared/jqueryui/images/ui-bg_highlight-soft_100_c6c2c8_1x100.png HTTP/1.1" 404 1117
186.103.159.187 - - [28/May/2018:12:05:06 -0300] "GET /cormun/static/Shared/jqueryui/images/ui-icons_82798d_256x240.png HTTP/1.1" 404 1089
186.103.159.187 - - [28/May/2018:12:05:06 -0300] "GET /cormun/static/Shared/jqueryui/images/ui-bg_flat_55_994d53_40x100.png HTTP/1.1" 404 1097
186.103.159.187 - - [28/May/2018:12:05:06 -0300] "GET /cormun/static/Shared/jqueryui/images/ui-icons_ebccce_256x240.png HTTP/1.1" 404 1089
186.103.159.187 - - [28/May/2018:12:05:08 -0300] "GET /cormun/servlet/prbanco?,MD,,gxPopupLevel%3D0%3B HTTP/1.1" 200 6544
186.67.172.234 - - [28/May/2018:12:05:09 -0300] "GET /cormun/servlet/trpermisosadjuntos?10409144,20180528105742,P, HTTP/1.1" 200 6538
186.67.172.234 - - [28/May/2018:12:05:09 -0300] "GET /cormun/servlet/trpermisosadjuntos?10409144,20180528105742,P, HTTP/1.1" 200 6537
186.67.172.234 - - [28/May/2018:12:05:11 -0300] "GET /cormun/servlet/permisosadjuntos?INS,10409144,P,20180528105742,, HTTP/1.1" 200 5871
186.67.172.234 - - [28/May/2018:12:05:11 -0300] "GET /cormun/static/about:blank HTTP/1.1" 404 1011
186.67.172.234 - - [28/May/2018:12:05:12 -0300] "GET /cormun/servlet/permisosadjuntos?INS,10409144,P,20180528105742,, HTTP/1.1" 200 5861
186.103.159.46 - - [28/May/2018:12:05:19 -0300] "GET /cormun/servlet/licenciaspermisos?7c3d6182cf52dfe0217601b26dd1f517e2b23b6811be7347da232f84b1feab521bf6d7accfc429d0a319f40528177ebfa20d8a47e4b47bf3ae48399eb2332e84c48f4edc6da3c19463c0b7bada54a3e640477d2b6ccfd3bb1778785cc61d100175a0417ce368d1c8359266dae855e071a5d7691142fb1bb08fb0e5979483613b1f5294d899c3cad0ee1f3f3c027a4dfe3cda8ace43894c7a733658c45fd3d3454dca9df86da73260861f8a44cf66b5dc05f8b9454afee2b479cdb8dc97d4e6b3d469c56e2c7f283199f8c2080dbf560adb78381f35e491816e73e6a8299d241df22f72408d9bbe1b86752e79f14a2655,gx-no-cache=1527519858034 HTTP/1.1" 200 66
200.54.247.70 - - [28/May/2018:12:05:21 -0300] "POST /cormun/servlet/trvisualizadoreventos?a3ce363b63625f0549c2c31c05155403,,gx-no-cache=1527519857482 HTTP/1.1" 200 111
200.54.247.70 - - [28/May/2018:12:05:21 -0300] "GET /cormun/VisualizadorEventos-1142.xls HTTP/1.1" 200 7680
186.67.172.234 - - [28/May/2018:12:05:22 -0300] "POST /cormun/servlet/permisosadjuntos?692edb6e6fb5af5f8ca08e962f0a799f,INS,10409144,P,20180528105742,, HTTP/1.1" 200 116
186.67.172.234 - - [28/May/2018:12:05:22 -0300] "GET /cormun/servlet/hpexe_return? HTTP/1.1" 200 1032
186.67.172.234 - - [28/May/2018:12:05:22 -0300] "GET /cormun/servlet/trpermisosadjuntos?10409144,20180528105742,P, HTTP/1.1" 200 7062
186.67.172.234 - - [28/May/2018:12:05:23 -0300] "GET /cormun/servlet/trpermisosadjuntos?10409144,20180528105742,P, HTTP/1.1" 200 7058
186.67.172.234 - - [28/May/2018:12:05:26 -0300] "POST /cormun/servlet/trpermisosadjuntos?692edb6e6fb5af5f8ca08e962f0a799f,10409144,20180528105742,P,,gx-no-cache=1527516186592 HTTP/1.1" 200 90
186.67.172.234 - - [28/May/2018:12:05:26 -0300] "GET /cormun/servlet/hpexe_link HTTP/1.1" 200 977
186.67.172.234 - - [28/May/2018:12:05:26 -0300] "GET /cormun/servlet/trpermisosgoce HTTP/1.1" 200 14635
186.67.172.234 - - [28/May/2018:12:05:27 -0300] "GET /cormun/servlet/trpermisosgoce HTTP/1.1" 200 14628
186.103.159.46 - - [28/May/2018:12:05:27 -0300] "POST /cormun/servlet/licenciaspermisos?1087814cc8c4336ad99c1d686f8529a6,INS,0,,,,gx-no-cache=1527519865138 HTTP/1.1" 200 93
186.103.159.46 - - [28/May/2018:12:05:27 -0300] "GET /cormun/servlet/hpexe_return? HTTP/1.1" 200 1014
186.103.159.46 - - [28/May/2018:12:05:27 -0300] "GET /cormun/servlet/trlicencias HTTP/1.1" 200 10476
186.103.159.187 - - [28/May/2018:12:05:28 -0300] "GET /cormun/servlet/solicitudot?e4bf44a7921154e063c438ee619d97a5418817ce7b1b08ac47575c7b5d505fdb,gx-no-cache=1527519932216 HTTP/1.1" 200 51
186.103.159.46 - - [28/May/2018:12:05:29 -0300] "GET /cormun/servlet/trlicencias HTTP/1.1" 200 10471
186.103.156.24 - - [28/May/2018:12:05:29 -0300] "POST /cormun/servlet/licenciaspermisosadjuntos?2066df32d4ccec92659aa4ce59c2ceaf,INS,11889720,L,20180528000000,, HTTP/1.1" 200 116
186.103.156.24 - - [28/May/2018:12:05:29 -0300] "GET /cormun/servlet/hpexe_return? HTTP/1.1" 200 1033
186.103.156.24 - - [28/May/2018:12:05:30 -0300] "GET /cormun/servlet/trlicenciaspermisosadjuntos?11889720,20180528000000,L, HTTP/1.1" 200 7084
186.103.156.24 - - [28/May/2018:12:05:30 -0300] "GET /cormun/servlet/trlicenciaspermisosadjuntos?11889720,20180528000000,L, HTTP/1.1" 200 7080
186.67.172.234 - - [28/May/2018:12:05:30 -0300] "GET /cormun/servlet/trpermisosadjuntos?13947301,20180528110126,P, HTTP/1.1" 200 6545
186.67.172.234 - - [28/May/2018:12:05:31 -0300] "GET /cormun/servlet/trpermisosadjuntos?13947301,20180528110126,P, HTTP/1.1" 200 6545
186.67.172.234 - - [28/May/2018:12:05:32 -0300] "GET /cormun/servlet/permisosadjuntos?INS,13947301,P,20180528110126,, HTTP/1.1" 200 5873
186.67.172.234 - - [28/May/2018:12:05:33 -0300] "GET /cormun/static/about:blank HTTP/1.1" 404 1011
186.67.172.234 - - [28/May/2018:12:05:33 -0300] "GET /cormun/servlet/permisosadjuntos?INS,13947301,P,20180528110126,, HTTP/1.1" 200 5863
186.103.156.24 - - [28/May/2018:12:05:33 -0300] "GET /cormun/servlet/licenciaspermisosadjuntos?INS,11889720,L,20180528000000,, HTTP/1.1" 200 5871
186.103.156.24 - - [28/May/2018:12:05:33 -0300] "GET /cormun/static/about:blank HTTP/1.1" 404 1011
186.103.156.24 - - [28/May/2018:12:05:33 -0300] "GET /cormun/servlet/licenciaspermisosadjuntos?INS,11889720,L,20180528000000,, HTTP/1.1" 200 5860
186.103.156.24 - - [28/May/2018:12:05:36 -0300] "POST /cormun/servlet/licenciaspermisosadjuntos?2066df32d4ccec92659aa4ce59c2ceaf,INS,11889720,L,20180528000000,,,gx-no-cache=1527519874773 HTTP/1.1" 200 93
186.103.156.24 - - [28/May/2018:12:05:36 -0300] "GET /cormun/servlet/hpexe_return? HTTP/1.1" 200 1033
186.103.156.24 - - [28/May/2018:12:05:36 -0300] "GET /cormun/servlet/trlicenciaspermisosadjuntos?11889720,20180528000000,L, HTTP/1.1" 200 7084
186.103.159.187 - - [28/May/2018:12:05:36 -0300] "POST /cormun/servlet/solicitudot?gx-no-cache=1527519940715 HTTP/1.1" 200 297
186.103.159.187 - - [28/May/2018:12:05:36 -0300] "GET /cormun/servlet/solicitudot?e4bf44a7921154e063c438ee619d97a5e6833c9aece6f340826f7036141831312c5eaa28dfd5cceb09a800b69c60c3a3a189fa797166232b4b7f213c4b9129dce77fdcc6e34bdbc1192f7a43268a934258e5b0d8756c1ca59dea3bd44c79b7246ac50e32e419aea9f5a94ab96a49be016ced17b7778fc2acbaf39d12dae4fa21df84c343f14de32223c08302e675bdc8937353a8add424cbcc215b84a0322e1656a0525a68d911823ef8417c83e336cd09725a1fdc0e05ff11b0957e5ed0648cda9bbae39eee1995323fa77cd49330ab36a3d42328b19efec7ab089c91def7f0a85118f7a218c7cdbc769b176d5d5ffe3edd707ad00637949143246c7be4e51b8ab786558085b9739b0b64fb390173fe075d33b603cec721cf551051f73f27ce1e4b78c749db3841431891b549874557e609cb95afd3c6ca7ce650f98ba277aaf26c3092bc35949d95fc8bdce7a45033d78598f9a61e7d92d44baecfebb96354d398f1307ebb27cf1ce38e4faf92561471e2b8101b93b432213d89b94971a6f03d7fb03f9f4af699c9d20a244d6325a7,gx-no-cache=1527519940781 HTTP/1.1" 200 30
186.103.156.24 - - [28/May/2018:12:05:37 -0300] "GET /cormun/servlet/trlicenciaspermisosadjuntos?11889720,20180528000000,L, HTTP/1.1" 200 7080
186.67.172.234 - - [28/May/2018:12:05:39 -0300] "POST /cormun/servlet/permisosadjuntos?692edb6e6fb5af5f8ca08e962f0a799f,INS,13947301,P,20180528110126,, HTTP/1.1" 200 116
186.67.172.234 - - [28/May/2018:12:05:39 -0300] "GET /cormun/servlet/hpexe_return? HTTP/1.1" 200 1031
186.67.172.234 - - [28/May/2018:12:05:39 -0300] "GET /cormun/servlet/trpermisosadjuntos?13947301,20180528110126,P, HTTP/1.1" 200 7043
186.67.172.234 - - [28/May/2018:12:05:39 -0300] "GET /cormun/servlet/trpermisosadjuntos?13947301,20180528110126,P, HTTP/1.1" 200 7041
186.103.156.24 - - [28/May/2018:12:05:40 -0300] "GET /cormun/servlet/trlicencias? HTTP/1.1" 200 12373
186.103.156.24 - - [28/May/2018:12:05:41 -0300] "GET /cormun/servlet/trlicencias? HTTP/1.1" 200 12372
186.67.172.234 - - [28/May/2018:12:05:42 -0300] "POST /cormun/servlet/trpermisosadjuntos?692edb6e6fb5af5f8ca08e962f0a799f,13947301,20180528110126,P,,gx-no-cache=1527516203072 HTTP/1.1" 200 90
186.103.156.24 - - [28/May/2018:12:05:46 -0300] "POST /cormun/servlet/trlicencias?2066df32d4ccec92659aa4ce59c2ceaf,,gx-no-cache=1527519884447 HTTP/1.1" 200 9616
186.103.156.24 - - [28/May/2018:12:05:46 -0300] "GET /cormun/static/Shared/jqueryui/images/ui-bg_highlight-soft_100_c6c2c8_1x100.png HTTP/1.1" 404 1117
186.103.156.24 - - [28/May/2018:12:05:46 -0300] "GET /cormun/static/Shared/jqueryui/images/ui-icons_82798d_256x240.png HTTP/1.1" 404 1089
186.103.156.24 - - [28/May/2018:12:05:47 -0300] "GET /cormun/static/Shared/jqueryui/images/ui-bg_flat_55_fafafa_40x100.png HTTP/1.1" 404 1097
186.103.156.24 - - [28/May/2018:12:05:47 -0300] "GET /cormun/static/Shared/jqueryui/images/ui-icons_8d78a5_256x240.png HTTP/1.1" 404 1089
186.103.159.187 - - [28/May/2018:12:05:51 -0300] "POST /cormun/servlet/solicitudot?gx-no-cache=1527519955102 HTTP/1.1" 200 30
186.103.156.24 - - [28/May/2018:12:05:59 -0300] "GET /cormun/servlet/alicenciaprn?17129319,L,20180526000000,PU HTTP/1.1" 200 1537
200.111.191.210 - - [28/May/2018:12:06:01 -0300] "GET /cormun/servlet/trpermisosgoce? HTTP/1.1" 200 6111
200.111.191.210 - - [28/May/2018:12:06:01 -0300] "GET /cormun/servlet/hlogin HTTP/1.1" 200 1741
200.111.191.210 - - [28/May/2018:12:06:01 -0300] "GET /cormun/servlet/trpermisosgoce? HTTP/1.1" 200 6107
186.103.159.187 - - [28/May/2018:12:06:05 -0300] "POST /cormun/servlet/solicitudot?gx-no-cache=1527519968915 HTTP/1.1" 200 256
200.111.191.210 - - [28/May/2018:12:06:07 -0300] "POST /cormun/servlet/hlogin?5e9ba0d4f502017a3c28eb0d2c20b120,gx-no-cache=1527519963010 HTTP/1.1" 200 90
200.111.191.210 - - [28/May/2018:12:06:07 -0300] "GET /cormun/servlet/hpexe_link HTTP/1.1" 200 960
200.111.191.210 - - [28/May/2018:12:06:07 -0300] "GET /cormun/servlet/trpermisosgoce HTTP/1.1" 200 16148
200.111.191.210 - - [28/May/2018:12:06:07 -0300] "GET /cormun/servlet/trpermisosgoce HTTP/1.1" 200 16133
186.103.159.187 - - [28/May/2018:12:06:09 -0300] "GET /cormun/servlet/solicitudot?e4bf44a7921154e063c438ee619d97a5e6833c9aece6f340826f7036141831311d103823f36b8021e40738142fbd3a2ea189fa797166232b4b7f213c4b9129dce77fdcc6e34bdbc1192f7a43268a934258e5b0d8756c1ca59dea3bd44c79b7246ac50e32e419aea9f5a94ab96a49be016ced17b7778fc2acbaf39d12dae4fa21df84c343f14de32223c08302e675bdc8937353a8add424cbcc215b84a0322e1656a0525a68d911823ef8417c83e336cd09725a1fdc0e05ff11b0957e5ed0648cda9bbae39eee1995323fa77cd49330ab36a3d42328b19efec7ab089c91def7f0a85118f7a218c7cdbc769b176d5d5ffe06b06dec16a1c6f3e3b17b5df18b4f2c8ab786558085b9739b0b64fb390173fe6c5ed5280400c26ca4c0a2f2ce4f38453421ab060ce9784761414d9f21da3d9564a1d0a8dd098b7d348db07f0ba6d396f6f404bf593a42fdc24e7ddaf2aaf1a3a3966467e5284fd5a7a42c6a12b29c58008cfa6624519869dc1ed40e4f69e5296a43cc1c8f69187c811edcd22b935307,gx-no-cache=1527519973070 HTTP/1.1" 200 30
200.111.191.210 - - [28/May/2018:12:06:11 -0300] "GET /cormun/servlet/permisogoce?INS,0,,, HTTP/1.1" 200 6796
200.111.191.210 - - [28/May/2018:12:06:11 -0300] "GET /cormun/servlet/permisogoce?INS,0,,, HTTP/1.1" 200 6796
186.103.159.187 - - [28/May/2018:12:06:11 -0300] "POST /cormun/servlet/solicitudot?gx-no-cache=1527519975825 HTTP/1.1" 200 30
186.103.159.187 - - [28/May/2018:12:06:12 -0300] "POST /cormun/servlet/solicitudot?gx-no-cache=1527519975903 HTTP/1.1" 200 1366
186.103.159.187 - - [28/May/2018:12:06:12 -0300] "POST /cormun/servlet/solicitudot?gx-no-cache=1527519975985 HTTP/1.1" 200 38
200.111.191.210 - - [28/May/2018:12:06:16 -0300] "GET /cormun/servlet/permisogoce?1c6c483c56882157592e05d7294ae969a7b5e92b78088e81b843fe3fc37956d076632c7c1080053c894600aae0d72f84,gx-no-cache=1527519972570 HTTP/1.1" 200 78
200.54.247.70 - - [28/May/2018:12:06:27 -0300] "GET /cormun/servlet/trcontratounov2? HTTP/1.1" 200 17488
200.54.247.70 - - [28/May/2018:12:06:28 -0300] "GET /cormun/servlet/trcontratounov2? HTTP/1.1" 200 17503
200.111.191.210 - - [28/May/2018:12:06:42 -0300] "GET /cormun/servlet/permisogoce?1c6c483c56882157592e05d7294ae96905172a27f8bc16c5ab5a26e1c796344aa691c8333bc5edb22c14ed6ba14eea4ec301c1753db8e8fcd0fe17a7edacad20,gx-no-cache=1527519997997 HTTP/1.1" 200 48
200.54.247.70 - - [28/May/2018:12:06:42 -0300] "POST /cormun/servlet/trcontratounov2?a3ce363b63625f0549c2c31c05155403,,gx-no-cache=1527519940570 HTTP/1.1" 200 7252
186.103.159.187 - - [28/May/2018:12:06:50 -0300] "GET /cormun/servlet/solicitudot?e4bf44a7921154e063c438ee619d97a5b89e9a80c0c08aa4be125579f69519b8be3e924e1551937a5f96da9b208afbda72eb379162a0277bf762a3c4f98efde8aedf9c0f6ae5a04359f0b3838910c7f62b8501b03d0535bf477f12cbfec0c150dcb6da0099db2d5d4ec4cac66e5f4b69,gx-no-cache=1527520014040 HTTP/1.1" 200 29
186.103.159.187 - - [28/May/2018:12:06:50 -0300] "POST /cormun/servlet/solicitudot?gx-no-cache=1527520014386 HTTP/1.1" 200 1349
186.103.159.187 - - [28/May/2018:12:06:50 -0300] "POST /cormun/servlet/solicitudot?gx-no-cache=1527520014536 HTTP/1.1" 200 1246
186.103.159.187 - - [28/May/2018:12:06:51 -0300] "GET /cormun/static/menuarrow.gif HTTP/1.1" 404 1015
186.103.159.187 - - [28/May/2018:12:06:53 -0300] "POST /cormun/servlet/solicitudot?gx-no-cache=1527520016822 HTTP/1.1" 200 1349
186.103.159.187 - - [28/May/2018:12:06:54 -0300] "POST /cormun/servlet/solicitudot?gx-no-cache=1527520017884 HTTP/1.1" 200 1246
200.111.191.210 - - [28/May/2018:12:06:54 -0300] "POST /cormun/servlet/permisogoce?5e9ba0d4f502017a3c28eb0d2c20b120,INS,0,,,,gx-no-cache=1527520009927 HTTP/1.1" 200 93
200.111.191.210 - - [28/May/2018:12:06:54 -0300] "GET /cormun/servlet/hpexe_return? HTTP/1.1" 200 1013
200.111.191.210 - - [28/May/2018:12:06:55 -0300] "GET /cormun/servlet/trpermisosgoce HTTP/1.1" 200 16374
200.111.191.210 - - [28/May/2018:12:06:55 -0300] "GET /cormun/servlet/trpermisosgoce HTTP/1.1" 200 16370
186.103.159.187 - - [28/May/2018:12:06:56 -0300] "GET /cormun/servlet/solicitudot?e4bf44a7921154e063c438ee619d97a5623f3afbbed4b64cfe84bfdadf11e3d79fc9ee12b1b1391689a472751cffa937,gx-no-cache=1527520019974 HTTP/1.1" 200 30
200.111.191.210 - - [28/May/2018:12:06:57 -0300] "GET /cormun/servlet/apermisogoceprn?9984335,P,20180528110257,PU HTTP/1.1" 200 1649
186.103.159.187 - - [28/May/2018:12:07:04 -0300] "POST /cormun/servlet/solicitudot?gx-no-cache=1527520028705 HTTP/1.1" 200 30
186.67.172.234 - - [28/May/2018:12:07:06 -0300] "GET /cormun/servlet/permisosadjuntos?INS,13947301,P,20180528110126,, HTTP/1.1" 200 5873
186.67.172.234 - - [28/May/2018:12:07:06 -0300] "GET /cormun/servlet/permisosadjuntos?INS,13947301,P,20180528110126,, HTTP/1.1" 200 5863
186.67.172.234 - - [28/May/2018:12:07:16 -0300] "POST /cormun/servlet/permisosadjuntos?692edb6e6fb5af5f8ca08e962f0a799f,INS,13947301,P,20180528110126,,,gx-no-cache=1527516296691 HTTP/1.1" 200 93
186.67.172.234 - - [28/May/2018:12:07:16 -0300] "GET /cormun/servlet/hpexe_return? HTTP/1.1" 200 1031
186.67.172.234 - - [28/May/2018:12:07:16 -0300] "GET /cormun/servlet/trpermisosadjuntos?13947301,20180528110126,P, HTTP/1.1" 200 7043
186.67.172.234 - - [28/May/2018:12:07:16 -0300] "GET /cormun/servlet/trpermisosadjuntos?13947301,20180528110126,P, HTTP/1.1" 200 7041
186.67.172.234 - - [28/May/2018:12:07:20 -0300] "POST /cormun/servlet/trpermisosadjuntos?692edb6e6fb5af5f8ca08e962f0a799f,13947301,20180528110126,P,,gx-no-cache=1527516300424 HTTP/1.1" 200 90
186.67.172.234 - - [28/May/2018:12:07:20 -0300] "GET /cormun/servlet/hpexe_link HTTP/1.1" 200 977
186.67.172.234 - - [28/May/2018:12:07:20 -0300] "GET /cormun/servlet/trpermisosgoce HTTP/1.1" 200 14652
186.67.172.234 - - [28/May/2018:12:07:21 -0300] "GET /cormun/servlet/trpermisosgoce HTTP/1.1" 200 14645
186.67.172.234 - - [28/May/2018:12:07:25 -0300] "POST /cormun/servlet/trpermisosgoce?692edb6e6fb5af5f8ca08e962f0a799f,gx-no-cache=1527516305730 HTTP/1.1" 200 11823
186.67.172.234 - - [28/May/2018:12:07:25 -0300] "GET /cormun/static/Shared/jqueryui/images/ui-bg_highlight-soft_100_c6c2c8_1x100.png HTTP/1.1" 404 1117
186.67.172.234 - - [28/May/2018:12:07:25 -0300] "GET /cormun/static/Shared/jqueryui/images/ui-icons_82798d_256x240.png HTTP/1.1" 404 1089
186.67.172.234 - - [28/May/2018:12:07:25 -0300] "GET /cormun/static/Shared/jqueryui/images/ui-bg_flat_55_fafafa_40x100.png HTTP/1.1" 404 1097
186.67.172.234 - - [28/May/2018:12:07:25 -0300] "GET /cormun/static/Shared/jqueryui/images/ui-icons_8d78a5_256x240.png HTTP/1.1" 404 1089
186.67.172.234 - - [28/May/2018:12:07:29 -0300] "POST /cormun/servlet/trpermisosgoce?692edb6e6fb5af5f8ca08e962f0a799f,gx-no-cache=1527516309519 HTTP/1.1" 200 11760
186.67.172.234 - - [28/May/2018:12:07:33 -0300] "GET /cormun/servlet/trautorizarpermisogoce? HTTP/1.1" 200 8180
186.67.172.234 - - [28/May/2018:12:07:33 -0300] "GET /cormun/static/gxcfg.js?20177612165975 HTTP/1.1" 200 953
186.67.172.234 - - [28/May/2018:12:07:33 -0300] "GET /cormun/static/trautorizarpermisogoce.js?2017761217384 HTTP/1.1" 200 34948
186.67.172.234 - - [28/May/2018:12:07:33 -0300] "GET /cormun/servlet/trautorizarpermisogoce? HTTP/1.1" 200 8179
186.67.172.234 - - [28/May/2018:12:07:37 -0300] "POST /cormun/servlet/trautorizarpermisogoce?692edb6e6fb5af5f8ca08e962f0a799f,,gx-no-cache=1527516317768 HTTP/1.1" 200 5114
186.67.172.234 - - [28/May/2018:12:07:37 -0300] "GET /cormun/static/Shared/jqueryui/images/ui-bg_highlight-soft_100_c6c2c8_1x100.png HTTP/1.1" 404 1117
186.67.172.234 - - [28/May/2018:12:07:37 -0300] "GET /cormun/static/Shared/jqueryui/images/ui-icons_82798d_256x240.png HTTP/1.1" 404 1089
186.67.172.234 - - [28/May/2018:12:07:37 -0300] "GET /cormun/static/Shared/jqueryui/images/ui-bg_flat_55_fafafa_40x100.png HTTP/1.1" 404 1097
186.67.172.234 - - [28/May/2018:12:07:37 -0300] "GET /cormun/static/Shared/jqueryui/images/ui-icons_8d78a5_256x240.png HTTP/1.1" 404 1089
186.67.172.234 - - [28/May/2018:12:07:39 -0300] "POST /cormun/servlet/trautorizarpermisogoce?692edb6e6fb5af5f8ca08e962f0a799f,,gx-no-cache=1527516319582 HTTP/1.1" 200 4351
186.103.156.24 - - [28/May/2018:12:08:04 -0300] "GET /cormun/servlet/trsolicitudot? HTTP/1.1" 200 7431
186.103.156.24 - - [28/May/2018:12:08:05 -0300] "GET /cormun/servlet/trsolicitudot? HTTP/1.1" 200 7431
186.103.156.24 - - [28/May/2018:12:08:08 -0300] "GET /cormun/servlet/solicitudot?INS,0,0, HTTP/1.1" 200 13668
186.103.156.24 - - [28/May/2018:12:08:08 -0300] "GET /cormun/static/gxcfg.js?201812313224582 HTTP/1.1" 200 953
186.103.156.24 - - [28/May/2018:12:08:09 -0300] "GET /cormun/servlet/solicitudot?INS,0,0, HTTP/1.1" 200 13673
186.103.159.46 - - [28/May/2018:12:10:40 -0300] "GET /cormun/servlet/alicenciaprn?10940177,L,20180528000000,PU HTTP/1.1" 200 1605
186.103.159.46 - - [28/May/2018:12:11:28 -0300] "GET /cormun/servlet/licenciaspermisos?UPD,10940177,L,20180528000000, HTTP/1.1" 200 7718
186.103.159.187 - - [28/May/2018:12:11:29 -0300] "GET /cormun/servlet/solicitudot?e4bf44a7921154e063c438ee619d97a5aa4a85cb4bae87b614cb16c2730c48a4d9361ecaeaea72329209f8d49a030916643245fac5fd6d8ce9e2dcce98cebc63,gx-no-cache=1527520292997 HTTP/1.1" 200 30
186.103.159.187 - - [28/May/2018:12:11:29 -0300] "GET /cormun/servlet/solicitudot?e4bf44a7921154e063c438ee619d97a5e6833c9aece6f340826f7036141831311d103823f36b8021e40738142fbd3a2ea189fa797166232b4b7f213c4b9129dce77fdcc6e34bdbc1192f7a43268a934258e5b0d8756c1ca59dea3bd44c79b7246ac50e32e419aea9f5a94ab96a49be016ced17b7778fc2acbaf39d12dae4fa21df84c343f14de32223c08302e675bdc8937353a8add424cbcc215b84a0322e1656a0525a68d911823ef8417c83e336cd09725a1fdc0e05ff11b0957e5ed0648cda9bbae39eee1995323fa77cd49330ab36a3d42328b19efec7ab089c91def7f0a85118f7a218c7cdbc769b176d5d5ffe06b06dec16a1c6f3e3b17b5df18b4f2c8ab786558085b9739b0b64fb390173fe6c5ed5280400c26ca4c0a2f2ce4f38453421ab060ce9784761414d9f21da3d9564a1d0a8dd098b7d348db07f0ba6d396f6f404bf593a42fdc24e7ddaf2aaf1a3a3966467e5284fd5a7a42c6a12b29c58008cfa6624519869dc1ed40e4f69e5296a43cc1c8f69187c811edcd22b935307,gx-no-cache=1527520293055 HTTP/1.1" 200 30
186.103.159.187 - - [28/May/2018:12:11:29 -0300] "POST /cormun/servlet/solicitudot?gx-no-cache=1527520293091 HTTP/1.1" 200 30
186.103.159.187 - - [28/May/2018:12:11:29 -0300] "POST /cormun/servlet/solicitudot?gx-no-cache=1527520293139 HTTP/1.1" 200 1364
186.103.159.187 - - [28/May/2018:12:11:30 -0300] "POST /cormun/servlet/solicitudot?gx-no-cache=1527520293923 HTTP/1.1" 200 41
186.103.159.46 - - [28/May/2018:12:11:30 -0300] "GET /cormun/servlet/licenciaspermisos?UPD,10940177,L,20180528000000, HTTP/1.1" 200 7738
186.103.159.187 - - [28/May/2018:12:11:30 -0300] "POST /cormun/servlet/solicitudot?gx-no-cache=1527520293968 HTTP/1.1" 200 1349
186.103.159.187 - - [28/May/2018:12:11:30 -0300] "POST /cormun/servlet/solicitudot?gx-no-cache=1527520294022 HTTP/1.1" 200 1246
186.103.159.46 - - [28/May/2018:12:11:30 -0300] "GET /cormun/servlet/licenciaspermisos?7c3d6182cf52dfe0217601b26dd1f517e22d1a4f60f5433e35cec96933375549d3d00eb46bb8343fa772c6aff26f373fe1a92a6cebcee9ca600da7f9ae1910d2443f9dc539b6980357e4e190d2400db23bbe54ace814893d48d6fccfea401d9b,gx-no-cache=1527520228821 HTTP/1.1" 200 92
192.168.10.96 - - [28/May/2018:12:11:37 -0300] "GET /cormun/servlet/trsolicitudgral? HTTP/1.1" 500 10
186.103.159.46 - - [28/May/2018:12:11:39 -0300] "POST /cormun/servlet/licenciaspermisos?1087814cc8c4336ad99c1d686f8529a6,UPD,10940177,L,20180528000000,,gx-no-cache=1527520237753 HTTP/1.1" 200 93
186.103.159.46 - - [28/May/2018:12:11:39 -0300] "GET /cormun/servlet/hpexe_return? HTTP/1.1" 200 1030
186.103.159.46 - - [28/May/2018:12:11:40 -0300] "GET /cormun/servlet/trlicencias HTTP/1.1" 200 10476
186.103.159.46 - - [28/May/2018:12:11:42 -0300] "GET /cormun/servlet/trlicencias HTTP/1.1" 200 10471
192.168.10.96 - - [28/May/2018:12:11:54 -0300] "GET /cormun/servlet/hlogin HTTP/1.1" 200 1719
192.168.10.96 - - [28/May/2018:12:12:08 -0300] "POST /cormun/servlet/hlogin?0838ba50168073eed813e15b861f8d14,gx-no-cache=1527520134629 HTTP/1.1" 200 90
192.168.10.96 - - [28/May/2018:12:12:08 -0300] "GET /cormun/servlet/hpexe_link HTTP/1.1" 200 948
192.168.10.96 - - [28/May/2018:12:12:09 -0300] "GET /cormun/servlet/hhome HTTP/1.1" 200 4709
192.168.10.96 - - [28/May/2018:12:12:09 -0300] "GET /cormun/servlet/hhome HTTP/1.1" 200 4705
192.168.10.96 - - [28/May/2018:12:12:13 -0300] "GET /cormun/servlet/trsolicitudgral? HTTP/1.1" 200 28601
192.168.10.96 - - [28/May/2018:12:12:14 -0300] "GET /cormun/servlet/trsolicitudgral? HTTP/1.1" 200 28600
192.168.10.96 - - [28/May/2018:12:12:24 -0300] "POST /cormun/servlet/trsolicitudgral?0838ba50168073eed813e15b861f8d14,,gx-no-cache=1527520150681 HTTP/1.1" 200 5920
192.168.10.96 - - [28/May/2018:12:12:35 -0300] "POST /cormun/servlet/trsolicitudgral?0838ba50168073eed813e15b861f8d14,,gx-no-cache=1527520160840 HTTP/1.1" 200 5924
192.168.10.96 - - [28/May/2018:12:12:35 -0300] "POST /cormun/servlet/trsolicitudgral?0838ba50168073eed813e15b861f8d14,,gx-no-cache=1527520161612 HTTP/1.1" 200 5923
192.168.10.96 - - [28/May/2018:12:12:39 -0300] "POST /cormun/servlet/trsolicitudgral?0838ba50168073eed813e15b861f8d14,,gx-no-cache=1527520165399 HTTP/1.1" 200 8154
192.168.10.96 - - [28/May/2018:12:13:27 -0300] "POST /cormun/servlet/trsolicitudgral?0838ba50168073eed813e15b861f8d14,,gx-no-cache=1527520213405 HTTP/1.1" 200 5925
186.103.156.24 - - [28/May/2018:12:13:58 -0300] "POST /cormun/servlet/solicitudot?gx-no-cache=1527520376593 HTTP/1.1" 200 3434
186.103.156.24 - - [28/May/2018:12:13:59 -0300] "POST /cormun/servlet/solicitudot?2066df32d4ccec92659aa4ce59c2ceaf,INS,0,0,,gx-no-cache=1527520377365 HTTP/1.1" 200 10582
186.103.156.24 - - [28/May/2018:12:14:06 -0300] "GET /cormun/servlet/solicitudot?c181c26a252ee409be9a8cca90232ff1c96aa5137481d0711f659cc2c275a880b96f63c00e38c5f5101a5bb2f043970b,gx-no-cache=1527520384543 HTTP/1.1" 200 30
186.103.156.24 - - [28/May/2018:12:14:06 -0300] "GET /cormun/servlet/solicitudot?c181c26a252ee409be9a8cca90232ff124b480af7125f83e37b242a3f0b4ccb64c7b5a29cb3bc5498bdfeb9e8c46903c7fd0fbee1e70e9bee1089533bcde572a,gx-no-cache=1527520384574 HTTP/1.1" 200 30
186.103.156.24 - - [28/May/2018:12:14:06 -0300] "GET /cormun/servlet/solicitudot?c181c26a252ee409be9a8cca90232ff182b48e99fffe67013d5f49d804a500eb,gx-no-cache=1527520384603 HTTP/1.1" 200 53
186.103.156.24 - - [28/May/2018:12:14:06 -0300] "POST /cormun/servlet/solicitudot?gx-no-cache=1527520384633 HTTP/1.1" 200 240
186.103.156.24 - - [28/May/2018:12:14:06 -0300] "GET /cormun/servlet/solicitudot?c181c26a252ee409be9a8cca90232ff1355422315ec9f6afffc24be51e178ae07d6c7f5f8018de81b4d6d71c6094f04ccaa97ca295a6ec49749bd09a47b42dd2a17329321d62eb39d42baf0232bd2b721c63882a4aed427384296c35182f723076ce9798c7bd460de4b1dcd6ef6c83699b31308e09f8d92154d0f3ab02d3094919b7c6f132b4b0378ad11a38062e4ae471b89d429cc0e46e2ba4beca214931b838157bfadd391c73323a59411634ae717a654a054fe9f4924623a909a50e9b55e6f854fb9f9fdba09405d73ca847eb531ac3c8ff5770816b8edd4f0b5176312ea205edad46fcaf1e78537054d530a9176dd96c9e38d9e9ca6f674085b59509c5c6812196b66f8f33fec47066e961c5a67706714a85c1547429b5098acfeb69555140d3091f9c888272b0e1f0eabff08a77570238bc64851735b79cc2dadc8e5c6a3dbd449792887676368d210763d784ef5751edf492922a1e272464e453c6ed2d4170575a21a551445ec2dcceb349eef166422e813a57b427d745ff3cab78f5,gx-no-cache=1527520384672 HTTP/1.1" 200 30
186.103.156.24 - - [28/May/2018:12:14:31 -0300] "POST /cormun/servlet/solicitudot?gx-no-cache=1527520409761 HTTP/1.1" 200 30
186.103.156.24 - - [28/May/2018:12:14:44 -0300] "GET /cormun/servlet/prcontratosol?16494793,,,,,MD,,gxPopupLevel%3D0%3B HTTP/1.1" 200 8183
186.103.156.24 - - [28/May/2018:12:14:44 -0300] "GET /cormun/static/gxcfg.js?201761413223964 HTTP/1.1" 200 953
186.103.159.187 - - [28/May/2018:12:15:10 -0300] "GET /cormun/servlet/solicitudot?e4bf44a7921154e063c438ee619d97a5623f3afbbed4b64cfe84bfdadf11e3d79fc9ee12b1b1391689a472751cffa937,gx-no-cache=1527520513039 HTTP/1.1" 200 30
186.103.159.187 - - [28/May/2018:12:15:10 -0300] "POST /cormun/servlet/solicitudot?gx-no-cache=1527520514131 HTTP/1.1" 200 30
200.111.191.210 - - [28/May/2018:12:15:10 -0300] "GET /cormun/servlet/permisogoce?INS,0,,, HTTP/1.1" 200 6794
200.111.191.210 - - [28/May/2018:12:15:11 -0300] "GET /cormun/servlet/permisogoce?INS,0,,, HTTP/1.1" 200 6795
186.103.159.187 - - [28/May/2018:12:15:11 -0300] "POST /cormun/servlet/solicitudot?71b9e09908ff9970bd3982a2118e87e7,INS,0,0,,gx-no-cache=1527520515647 HTTP/1.1" 200 11693
200.111.191.210 - - [28/May/2018:12:15:17 -0300] "GET /cormun/servlet/permisogoce?1c6c483c56882157592e05d7294ae969aebf3d155ddc404439a99466dc9dde8c76632c7c1080053c894600aae0d72f84,gx-no-cache=1527520513714 HTTP/1.1" 200 84
200.111.191.210 - - [28/May/2018:12:15:23 -0300] "GET /cormun/servlet/permisogoce?1c6c483c56882157592e05d7294ae9690e673f5fdee4c443f6d346cfc127836d1a7d559bad527b90c15bb51fdf93fb38c301c1753db8e8fcd0fe17a7edacad20,gx-no-cache=1527520519314 HTTP/1.1" 200 47
186.103.156.24 - - [28/May/2018:12:15:25 -0300] "POST /cormun/servlet/solicitudot?gx-no-cache=1527520464058 HTTP/1.1" 200 1451
186.103.156.24 - - [28/May/2018:12:15:25 -0300] "GET /cormun/static/Shared/jqueryui/images/ui-bg_highlight-soft_100_c6c2c8_1x100.png HTTP/1.1" 404 1117
186.103.156.24 - - [28/May/2018:12:15:25 -0300] "GET /cormun/static/Shared/jqueryui/images/ui-icons_82798d_256x240.png HTTP/1.1" 404 1089
186.103.156.24 - - [28/May/2018:12:15:25 -0300] "GET /cormun/static/Shared/jqueryui/images/ui-bg_flat_55_994d53_40x100.png HTTP/1.1" 404 1097
186.103.156.24 - - [28/May/2018:12:15:25 -0300] "GET /cormun/static/Shared/jqueryui/images/ui-icons_ebccce_256x240.png HTTP/1.1" 404 1089
186.103.156.24 - - [28/May/2018:12:15:26 -0300] "POST /cormun/servlet/solicitudot?gx-no-cache=1527520464121 HTTP/1.1" 200 117
186.103.156.24 - - [28/May/2018:12:15:26 -0300] "GET /cormun/servlet/solicitudot?c181c26a252ee409be9a8cca90232ff1e9e576768cc293961541aefbfc25082477eca8ea155c7d8767a2944878af54bddb7be82b2f1f12a57c9e78a5ffc1b966d42b15ed91343908bb64e92fd1245ee6c9e4b29f37a890e4c7bffc14daf4748f5bf580cd6d5b282cc67b39d9ef409da665417fadf1b7ef1bec5f426b00e400f1897a1a09fbab656a814843a64a54fbf7e6bc121a0c1292bef25b05070cc5ee0a39e238cb2ee99f7bf04cd927c8e6f366f4434deb5df099675e13a36c4ae1e2561d68493a07aab61c90482dfba2d26563,gx-no-cache=1527520464456 HTTP/1.1" 200 29
186.103.156.24 - - [28/May/2018:12:15:26 -0300] "GET /cormun/servlet/solicitudot?c181c26a252ee409be9a8cca90232ff13d33335241d9989a9946076c8528d45c2a231edad33a3c46cf7a399cfcf2d86a0c5e7bac4850beefc58f57d2f4b0573cae90d3d8a078e521956e1513b0155b2a29a30d76c4fe1d85a5df060dbe900d13817cf3bb8887771ff58c672d4045d1f747488002552af66975c7f09c4220f4b38272b816a3aa63466fb3a463726d34cbd04487652cbd91f140c1aca4ca372deb2af8562ff0b5957297b00a6eb94b94e5763ff8baf354fa6049f9a606c7a49f8f,gx-no-cache=1527520464486 HTTP/1.1" 200 62
186.103.156.24 - - [28/May/2018:12:15:26 -0300] "GET /cormun/servlet/solicitudot?d0895fdafe5d61d100bbf312e5720419520f0565839f885c76f67a3c41907384ae00bdaa39b3d9bf26e34f86f55b17ea4de5fdf9e736972be925fa60fe458f146293e70fe5b505fb6b1e03cd16e5d58b,gx-no-cache=1527520464516 HTTP/1.1" 200 55
186.103.156.24 - - [28/May/2018:12:15:26 -0300] "GET /cormun/servlet/solicitudot?c181c26a252ee409be9a8cca90232ff172616e9df711c337dd17240579b1765a0993364f4b1169b5c4fe865934c46dca,gx-no-cache=1527520464545 HTTP/1.1" 200 30
200.111.191.210 - - [28/May/2018:12:15:39 -0300] "POST /cormun/servlet/permisogoce?5e9ba0d4f502017a3c28eb0d2c20b120,INS,0,,,,gx-no-cache=1527520534771 HTTP/1.1" 200 93
200.111.191.210 - - [28/May/2018:12:15:39 -0300] "GET /cormun/servlet/hpexe_return? HTTP/1.1" 200 1013
200.111.191.210 - - [28/May/2018:12:15:39 -0300] "GET /cormun/servlet/trpermisosgoce HTTP/1.1" 200 16723
200.111.191.210 - - [28/May/2018:12:15:39 -0300] "GET /cormun/servlet/trpermisosgoce HTTP/1.1" 200 16698
200.111.191.210 - - [28/May/2018:12:15:42 -0300] "GET /cormun/servlet/apermisogoceprn?8434279,P,20180528111156,PU HTTP/1.1" 200 1679
186.103.156.24 - - [28/May/2018:12:15:56 -0300] "POST /cormun/servlet/solicitudot?gx-no-cache=1527520494977 HTTP/1.1" 200 1368
186.103.156.24 - - [28/May/2018:12:15:56 -0300] "GET /cormun/static/menuarrow.gif HTTP/1.1" 404 1015
186.103.156.24 - - [28/May/2018:12:16:23 -0300] "POST /cormun/servlet/solicitudot?gx-no-cache=1527520521849 HTTP/1.1" 200 30
186.103.156.24 - - [28/May/2018:12:16:31 -0300] "POST /cormun/servlet/solicitudot?gx-no-cache=1527520529316 HTTP/1.1" 200 1368
186.103.156.24 - - [28/May/2018:12:16:31 -0300] "POST /cormun/servlet/solicitudot?gx-no-cache=1527520529444 HTTP/1.1" 200 41
186.103.156.24 - - [28/May/2018:12:16:31 -0300] "POST /cormun/servlet/solicitudot?gx-no-cache=1527520529513 HTTP/1.1" 200 1351
186.103.156.24 - - [28/May/2018:12:16:31 -0300] "POST /cormun/servlet/solicitudot?gx-no-cache=1527520529598 HTTP/1.1" 200 1249
186.103.156.24 - - [28/May/2018:12:16:40 -0300] "POST /cormun/servlet/solicitudot?gx-no-cache=1527520538562 HTTP/1.1" 200 30
186.103.156.24 - - [28/May/2018:12:16:40 -0300] "POST /cormun/servlet/solicitudot?gx-no-cache=1527520538650 HTTP/1.1" 200 1368
186.103.156.24 - - [28/May/2018:12:16:40 -0300] "POST /cormun/servlet/solicitudot?gx-no-cache=1527520538766 HTTP/1.1" 200 41
186.103.156.24 - - [28/May/2018:12:16:40 -0300] "POST /cormun/servlet/solicitudot?gx-no-cache=1527520538807 HTTP/1.1" 200 1351
186.103.156.24 - - [28/May/2018:12:16:40 -0300] "POST /cormun/servlet/solicitudot?gx-no-cache=1527520538868 HTTP/1.1" 200 1249
186.103.156.24 - - [28/May/2018:12:16:45 -0300] "GET /cormun/servlet/solicitudot?c181c26a252ee409be9a8cca90232ff1b1cd50578cc1dbdf7a1be83ddf97e034ec328373990506a2a8df7af14fb5c37c,gx-no-cache=1527520543688 HTTP/1.1" 200 30
186.103.156.24 - - [28/May/2018:12:17:32 -0300] "POST /cormun/servlet/solicitudot?gx-no-cache=1527520590820 HTTP/1.1" 200 1351
186.103.156.24 - - [28/May/2018:12:17:32 -0300] "POST /cormun/servlet/solicitudot?gx-no-cache=1527520591255 HTTP/1.1" 200 1249
186.103.156.24 - - [28/May/2018:12:17:33 -0300] "POST /cormun/servlet/solicitudot?gx-no-cache=1527520591318 HTTP/1.1" 200 30
186.103.159.187 - - [28/May/2018:12:18:21 -0300] "GET /cormun/servlet/solicitudot?e4bf44a7921154e063c438ee619d97a5e6833c9aece6f340826f7036141831311d103823f36b8021e40738142fbd3a2ea189fa797166232b4b7f213c4b9129dce77fdcc6e34bdbc1192f7a43268a934258e5b0d8756c1ca59dea3bd44c79b7246ac50e32e419aea9f5a94ab96a49be016ced17b7778fc2acbaf39d12dae4fa21df84c343f14de32223c08302e675bdc8937353a8add424cbcc215b84a0322e1656a0525a68d911823ef8417c83e336cd09725a1fdc0e05ff11b0957e5ed0648cda9bbae39eee1995323fa77cd49330ab36a3d42328b19efec7ab089c91def7f0a85118f7a218c7cdbc769b176d5d5ffe06b06dec16a1c6f3e3b17b5df18b4f2c8ab786558085b9739b0b64fb390173fe6c5ed5280400c26ca4c0a2f2ce4f38453421ab060ce9784761414d9f21da3d9564a1d0a8dd098b7d348db07f0ba6d396f6f404bf593a42fdc24e7ddaf2aaf1a3a3966467e5284fd5a7a42c6a12b29c58008cfa6624519869dc1ed40e4f69e5296a43cc1c8f69187c811edcd22b935307,gx-no-cache=1527520704425 HTTP/1.1" 200 30
186.103.159.187 - - [28/May/2018:12:18:21 -0300] "POST /cormun/servlet/solicitudot?gx-no-cache=1527520705418 HTTP/1.1" 200 30
186.103.159.187 - - [28/May/2018:12:18:21 -0300] "POST /cormun/servlet/solicitudot?gx-no-cache=1527520705488 HTTP/1.1" 200 1366
186.103.159.187 - - [28/May/2018:12:18:21 -0300] "POST /cormun/servlet/solicitudot?gx-no-cache=1527520705604 HTTP/1.1" 200 41
186.103.159.187 - - [28/May/2018:12:18:21 -0300] "POST /cormun/servlet/solicitudot?gx-no-cache=1527520705644 HTTP/1.1" 200 1350
186.103.159.187 - - [28/May/2018:12:18:21 -0300] "POST /cormun/servlet/solicitudot?gx-no-cache=1527520705707 HTTP/1.1" 200 1249
186.103.159.187 - - [28/May/2018:12:18:22 -0300] "GET /cormun/servlet/solicitudot?e4bf44a7921154e063c438ee619d97a5623f3afbbed4b64cfe84bfdadf11e3d79fc9ee12b1b1391689a472751cffa937,gx-no-cache=1527520706409 HTTP/1.1" 200 30
186.103.159.187 - - [28/May/2018:12:18:22 -0300] "POST /cormun/servlet/solicitudot?gx-no-cache=1527520706442 HTTP/1.1" 200 30
186.103.159.187 - - [28/May/2018:12:18:22 -0300] "POST /cormun/servlet/solicitudot?71b9e09908ff9970bd3982a2118e87e7,INS,0,0,,gx-no-cache=1527520706479 HTTP/1.1" 200 93
186.103.159.187 - - [28/May/2018:12:18:22 -0300] "GET /cormun/servlet/hpexe_return? HTTP/1.1" 200 1007
186.103.159.187 - - [28/May/2018:12:18:23 -0300] "GET /cormun/static/gxcfg.js?2016101716175148 HTTP/1.1" 304 -
186.103.159.187 - - [28/May/2018:12:18:23 -0300] "GET /cormun/servlet/trsolicitudot HTTP/1.1" 200 9208
186.103.159.187 - - [28/May/2018:12:18:25 -0300] "GET /cormun/servlet/trsolicitudot HTTP/1.1" 200 9204
186.103.159.187 - - [28/May/2018:12:18:46 -0300] "POST /cormun/servlet/trsolicitudot?71b9e09908ff9970bd3982a2118e87e7,gx-no-cache=1527520729788 HTTP/1.1" 200 107
186.103.159.187 - - [28/May/2018:12:18:46 -0300] "GET /cormun/servlet/trsolicitudadjuntos?2018,11562, HTTP/1.1" 200 6014
186.103.159.187 - - [28/May/2018:12:18:46 -0300] "GET /cormun/static/gxcfg.js?20177612135366 HTTP/1.1" 200 953
186.103.159.187 - - [28/May/2018:12:18:46 -0300] "GET /cormun/static/trsolicitudadjuntos.js?20177612135632 HTTP/1.1" 200 17922
186.103.159.187 - - [28/May/2018:12:18:48 -0300] "GET /cormun/servlet/trsolicitudadjuntos?2018,11562, HTTP/1.1" 200 6014
186.103.156.24 - - [28/May/2018:12:18:50 -0300] "POST /cormun/servlet/solicitudot?gx-no-cache=1527520668767 HTTP/1.1" 200 30
186.103.159.187 - - [28/May/2018:12:18:50 -0300] "GET /cormun/servlet/solicitudotadjuntos?INS,2018,11562,,1, HTTP/1.1" 200 5958
186.103.159.187 - - [28/May/2018:12:18:51 -0300] "GET /cormun/static/gxcfg.js?2017761244068 HTTP/1.1" 304 -
186.103.159.187 - - [28/May/2018:12:18:51 -0300] "GET /cormun/static/about:blank HTTP/1.1" 404 1011
186.103.159.187 - - [28/May/2018:12:18:51 -0300] "GET /cormun/servlet/solicitudotadjuntos?INS,2018,11562,,1, HTTP/1.1" 200 5951
186.103.159.187 - - [28/May/2018:12:18:52 -0300] "GET /cormun/servlet/solicitudotadjuntos?e4bf44a7921154e063c438ee619d97a5a660f957a9a4ee040d50fd07ce7ad2009328d5f4e250867461d6c781b7131bc4,gx-no-cache=1527520736259 HTTP/1.1" 200 30
186.103.159.187 - - [28/May/2018:12:18:53 -0300] "POST /cormun/servlet/solicitudotadjuntos?71b9e09908ff9970bd3982a2118e87e7,INS,2018,11562,,1,,gx-no-cache=1527520737047 HTTP/1.1" 200 3826
186.103.159.187 - - [28/May/2018:12:18:56 -0300] "POST /cormun/servlet/solicitudotadjuntos?gx-no-cache=1527520740184 HTTP/1.1" 200 26
186.103.157.39 - - [28/May/2018:12:18:57 -0300] "GET /cormun/servlet/trlicenciaspermisosadjuntos?15665333,20180528000000,L, HTTP/1.1" 200 6283
186.103.157.39 - - [28/May/2018:12:18:57 -0300] "GET /cormun/static/gxcfg.js?20177612163414 HTTP/1.1" 200 953
186.103.157.39 - - [28/May/2018:12:18:57 -0300] "GET /cormun/static/trlicenciaspermisosadjuntos.js?20177612163719 HTTP/1.1" 200 21036
186.103.157.39 - - [28/May/2018:12:18:58 -0300] "GET /cormun/servlet/trlicenciaspermisosadjuntos?15665333,20180528000000,L, HTTP/1.1" 200 6284
186.103.157.39 - - [28/May/2018:12:19:00 -0300] "GET /cormun/servlet/licenciaspermisosadjuntos?INS,15665333,L,20180528000000,, HTTP/1.1" 200 5580
186.103.157.39 - - [28/May/2018:12:19:00 -0300] "GET /cormun/static/gxcfg.js?2017761263592 HTTP/1.1" 200 953
186.103.157.39 - - [28/May/2018:12:19:00 -0300] "GET /cormun/static/licenciaspermisosadjuntos.js?201776126362 HTTP/1.1" 200 8760
186.103.157.39 - - [28/May/2018:12:19:01 -0300] "GET /cormun/static/about:blank HTTP/1.1" 404 1011
186.103.157.39 - - [28/May/2018:12:19:01 -0300] "GET /cormun/servlet/licenciaspermisosadjuntos?INS,15665333,L,20180528000000,, HTTP/1.1" 200 5570
186.103.159.187 - - [28/May/2018:12:19:03 -0300] "GET /cormun/servlet/solicitudotadjuntos?e4bf44a7921154e063c438ee619d97a57a7b121b33b6b0156b7233fdc817d2a2,gx-no-cache=1527520747443 HTTP/1.1" 200 30
186.103.159.187 - - [28/May/2018:12:19:03 -0300] "GET /cormun/servlet/solicitudotadjuntos?e4bf44a7921154e063c438ee619d97a57a7b121b33b6b0156b7233fdc817d2a2,gx-no-cache=1527520747479 HTTP/1.1" 200 30
186.103.159.187 - - [28/May/2018:12:19:04 -0300] "POST /cormun/servlet/solicitudotadjuntos?71b9e09908ff9970bd3982a2118e87e7,INS,2018,11562,,1, HTTP/1.1" 200 116
186.103.159.187 - - [28/May/2018:12:19:04 -0300] "GET /cormun/servlet/hpexe_return? HTTP/1.1" 200 1027
186.103.159.187 - - [28/May/2018:12:19:04 -0300] "GET /cormun/servlet/trsolicitudadjuntos?2018,11562, HTTP/1.1" 200 8446
186.103.159.187 - - [28/May/2018:12:19:06 -0300] "GET /cormun/servlet/trsolicitudadjuntos?2018,11562, HTTP/1.1" 200 8442
186.103.156.24 - - [28/May/2018:12:19:07 -0300] "POST /cormun/servlet/solicitudot?gx-no-cache=1527520685624 HTTP/1.1" 200 30
186.103.159.187 - - [28/May/2018:12:19:09 -0300] "GET /cormun/servlet/solicitudotadjuntos?INS,2018,11562,,1, HTTP/1.1" 200 5958
186.103.159.187 - - [28/May/2018:12:19:10 -0300] "GET /cormun/static/about:blank HTTP/1.1" 404 1011
186.103.159.187 - - [28/May/2018:12:19:10 -0300] "GET /cormun/servlet/solicitudotadjuntos?INS,2018,11562,,1, HTTP/1.1" 200 5951
186.103.159.187 - - [28/May/2018:12:19:11 -0300] "GET /cormun/servlet/solicitudotadjuntos?e4bf44a7921154e063c438ee619d97a5a660f957a9a4ee040d50fd07ce7ad2009328d5f4e250867461d6c781b7131bc4,gx-no-cache=1527520754965 HTTP/1.1" 200 30
186.103.159.187 - - [28/May/2018:12:19:11 -0300] "POST /cormun/servlet/solicitudotadjuntos?71b9e09908ff9970bd3982a2118e87e7,INS,2018,11562,,1,,gx-no-cache=1527520755372 HTTP/1.1" 200 3826
186.103.159.187 - - [28/May/2018:12:19:16 -0300] "POST /cormun/servlet/solicitudotadjuntos?gx-no-cache=1527520760186 HTTP/1.1" 200 26
186.103.157.39 - - [28/May/2018:12:19:22 -0300] "POST /cormun/servlet/licenciaspermisosadjuntos?02337fcf3a7c0fd2e5a75c6f3e36364c,INS,15665333,L,20180528000000,, HTTP/1.1" 200 116
186.103.157.39 - - [28/May/2018:12:19:22 -0300] "GET /cormun/servlet/hpexe_return? HTTP/1.1" 200 1040
186.103.157.39 - - [28/May/2018:12:19:22 -0300] "GET /cormun/servlet/trlicenciaspermisosadjuntos?15665333,20180528000000,L, HTTP/1.1" 200 6757
186.103.159.187 - - [28/May/2018:12:19:23 -0300] "GET /cormun/servlet/solicitudotadjuntos?e4bf44a7921154e063c438ee619d97a57a7b121b33b6b0156b7233fdc817d2a2,gx-no-cache=1527520767191 HTTP/1.1" 200 30
186.103.159.187 - - [28/May/2018:12:19:23 -0300] "GET /cormun/servlet/solicitudotadjuntos?e4bf44a7921154e063c438ee619d97a57a7b121b33b6b0156b7233fdc817d2a2,gx-no-cache=1527520767229 HTTP/1.1" 200 30
186.103.157.39 - - [28/May/2018:12:19:24 -0300] "GET /cormun/servlet/trlicenciaspermisosadjuntos?15665333,20180528000000,L, HTTP/1.1" 200 6754
186.103.159.187 - - [28/May/2018:12:19:24 -0300] "POST /cormun/servlet/solicitudotadjuntos?71b9e09908ff9970bd3982a2118e87e7,INS,2018,11562,,1, HTTP/1.1" 200 116
186.103.159.187 - - [28/May/2018:12:19:24 -0300] "GET /cormun/servlet/hpexe_return? HTTP/1.1" 200 1027
186.103.159.187 - - [28/May/2018:12:19:24 -0300] "GET /cormun/servlet/trsolicitudadjuntos?2018,11562, HTTP/1.1" 200 8688
186.103.159.187 - - [28/May/2018:12:19:26 -0300] "GET /cormun/servlet/trsolicitudadjuntos?2018,11562, HTTP/1.1" 200 8688
186.103.159.187 - - [28/May/2018:12:19:38 -0300] "GET /cormun/servlet/solicitudotadjuntos?INS,2018,11562,,1, HTTP/1.1" 200 5958
186.103.159.187 - - [28/May/2018:12:19:38 -0300] "GET /cormun/static/about:blank HTTP/1.1" 404 1011
186.103.159.187 - - [28/May/2018:12:19:39 -0300] "GET /cormun/servlet/solicitudotadjuntos?INS,2018,11562,,1, HTTP/1.1" 200 5951
186.103.159.187 - - [28/May/2018:12:19:40 -0300] "GET /cormun/servlet/solicitudotadjuntos?e4bf44a7921154e063c438ee619d97a5a660f957a9a4ee040d50fd07ce7ad2009328d5f4e250867461d6c781b7131bc4,gx-no-cache=1527520784325 HTTP/1.1" 200 30
186.103.159.187 - - [28/May/2018:12:19:40 -0300] "POST /cormun/servlet/solicitudotadjuntos?71b9e09908ff9970bd3982a2118e87e7,INS,2018,11562,,1,,gx-no-cache=1527520784372 HTTP/1.1" 200 3826
186.103.157.39 - - [28/May/2018:12:19:41 -0300] "GET /cormun/servlet/licenciaspermisosadjuntos?INS,15665333,L,20180528000000,, HTTP/1.1" 200 5580
186.103.157.39 - - [28/May/2018:12:19:41 -0300] "GET /cormun/static/about:blank HTTP/1.1" 404 1011
186.103.157.39 - - [28/May/2018:12:19:42 -0300] "GET /cormun/servlet/licenciaspermisosadjuntos?INS,15665333,L,20180528000000,, HTTP/1.1" 200 5570
186.103.159.187 - - [28/May/2018:12:19:45 -0300] "POST /cormun/servlet/solicitudotadjuntos?gx-no-cache=1527520789249 HTTP/1.1" 200 26
186.103.157.39 - - [28/May/2018:12:19:46 -0300] "GET /cormun/servlet/trlicenciaspermisosadjuntos?15665333,20180528000000,L, HTTP/1.1" 200 6757
186.103.157.39 - - [28/May/2018:12:19:47 -0300] "GET /cormun/servlet/trlicenciaspermisosadjuntos?15665333,20180528000000,L, HTTP/1.1" 200 6754
186.103.159.187 - - [28/May/2018:12:19:53 -0300] "GET /cormun/servlet/solicitudotadjuntos?e4bf44a7921154e063c438ee619d97a57a7b121b33b6b0156b7233fdc817d2a2,gx-no-cache=1527520797627 HTTP/1.1" 200 30
186.103.159.187 - - [28/May/2018:12:19:53 -0300] "GET /cormun/servlet/solicitudotadjuntos?e4bf44a7921154e063c438ee619d97a57a7b121b33b6b0156b7233fdc817d2a2,gx-no-cache=1527520797656 HTTP/1.1" 200 30
186.103.159.187 - - [28/May/2018:12:19:56 -0300] "POST /cormun/servlet/solicitudotadjuntos?71b9e09908ff9970bd3982a2118e87e7,INS,2018,11562,,1, HTTP/1.1" 200 116
186.103.157.39 - - [28/May/2018:12:19:56 -0300] "GET /cormun/servlet/trlicencias? HTTP/1.1" 200 8969
186.103.159.187 - - [28/May/2018:12:19:56 -0300] "GET /cormun/servlet/hpexe_return? HTTP/1.1" 200 1027
186.103.159.187 - - [28/May/2018:12:19:57 -0300] "GET /cormun/servlet/trsolicitudadjuntos?2018,11562, HTTP/1.1" 200 8874
186.103.157.39 - - [28/May/2018:12:19:57 -0300] "GET /cormun/servlet/trlicencias? HTTP/1.1" 200 8967
186.103.159.187 - - [28/May/2018:12:19:58 -0300] "GET /cormun/servlet/trsolicitudadjuntos?2018,11562, HTTP/1.1" 200 8872
186.103.159.187 - - [28/May/2018:12:20:01 -0300] "GET /cormun/servlet/solicitudotadjuntos?INS,2018,11562,,1, HTTP/1.1" 200 5958
186.103.159.187 - - [28/May/2018:12:20:02 -0300] "GET /cormun/static/about:blank HTTP/1.1" 404 1011
186.103.159.187 - - [28/May/2018:12:20:02 -0300] "GET /cormun/servlet/solicitudotadjuntos?INS,2018,11562,,1, HTTP/1.1" 200 5951
186.103.159.187 - - [28/May/2018:12:20:02 -0300] "GET /cormun/servlet/solicitudotadjuntos?e4bf44a7921154e063c438ee619d97a5a660f957a9a4ee040d50fd07ce7ad2009328d5f4e250867461d6c781b7131bc4,gx-no-cache=1527520806871 HTTP/1.1" 200 30
186.103.159.187 - - [28/May/2018:12:20:03 -0300] "POST /cormun/servlet/solicitudotadjuntos?71b9e09908ff9970bd3982a2118e87e7,INS,2018,11562,,1,,gx-no-cache=1527520806910 HTTP/1.1" 200 3826
186.103.156.24 - - [28/May/2018:12:20:03 -0300] "POST /cormun/servlet/solicitudot?gx-no-cache=1527520741760 HTTP/1.1" 200 30
186.103.157.39 - - [28/May/2018:12:20:05 -0300] "POST /cormun/servlet/trlicencias?02337fcf3a7c0fd2e5a75c6f3e36364c,,gx-no-cache=1527520744739 HTTP/1.1" 200 6275
186.103.157.39 - - [28/May/2018:12:20:05 -0300] "GET /cormun/static/Shared/jqueryui/images/ui-bg_highlight-soft_100_c6c2c8_1x100.png HTTP/1.1" 404 1117
186.103.157.39 - - [28/May/2018:12:20:05 -0300] "GET /cormun/static/Shared/jqueryui/images/ui-icons_82798d_256x240.png HTTP/1.1" 404 1089
186.103.157.39 - - [28/May/2018:12:20:05 -0300] "GET /cormun/static/Shared/jqueryui/images/ui-bg_flat_55_fafafa_40x100.png HTTP/1.1" 404 1097
186.103.157.39 - - [28/May/2018:12:20:05 -0300] "GET /cormun/static/Shared/jqueryui/images/ui-icons_8d78a5_256x240.png HTTP/1.1" 404 1089
186.103.159.187 - - [28/May/2018:12:20:07 -0300] "POST /cormun/servlet/solicitudotadjuntos?gx-no-cache=1527520811475 HTTP/1.1" 200 26
186.103.157.39 - - [28/May/2018:12:20:10 -0300] "GET /cormun/servlet/alicenciaprn?15665333,L,20180528000000,PU HTTP/1.1" 200 1531
186.103.159.187 - - [28/May/2018:12:20:16 -0300] "GET /cormun/servlet/solicitudotadjuntos?e4bf44a7921154e063c438ee619d97a57a7b121b33b6b0156b7233fdc817d2a2,gx-no-cache=1527520820474 HTTP/1.1" 200 30
186.103.159.187 - - [28/May/2018:12:20:16 -0300] "GET /cormun/servlet/solicitudotadjuntos?e4bf44a7921154e063c438ee619d97a57a7b121b33b6b0156b7233fdc817d2a2,gx-no-cache=1527520820514 HTTP/1.1" 200 30
186.103.159.187 - - [28/May/2018:12:20:17 -0300] "POST /cormun/servlet/solicitudotadjuntos?71b9e09908ff9970bd3982a2118e87e7,INS,2018,11562,,1, HTTP/1.1" 200 116
186.103.159.187 - - [28/May/2018:12:20:17 -0300] "GET /cormun/servlet/hpexe_return? HTTP/1.1" 200 1027
186.103.159.187 - - [28/May/2018:12:20:18 -0300] "GET /cormun/servlet/trsolicitudadjuntos?2018,11562, HTTP/1.1" 200 9057
186.103.156.24 - - [28/May/2018:12:20:18 -0300] "POST /cormun/servlet/solicitudot?gx-no-cache=1527520757187 HTTP/1.1" 200 1368
