200.54.247.70 - - [25/May/2018:10:10:28 -0300] "GET /cormun/servlet/permisogoce?ad4ac2caf3955a8a96324d54d1d42497f66d80f5e0dc76b7c388d2e925f6a5c733832be1690237ae58be63d29557e1a4b7c076ab465cc0229a4ba7bf9831c9a5,gx-no-cache=1527253768327 HTTP/1.1" 200 47
200.54.247.70 - - [25/May/2018:10:10:28 -0300] "POST /cormun/servlet/permisogoce?892f357cd0c586f2286a6d1c75843e03,INS,0,,,,gx-no-cache=1527253768384 HTTP/1.1" 200 93
200.54.247.70 - - [25/May/2018:10:10:28 -0300] "GET /cormun/servlet/hpexe_return? HTTP/1.1" 200 1026
200.54.247.70 - - [25/May/2018:10:10:29 -0300] "GET /cormun/servlet/trpermisosgoce?gx-no-cache=1527252273699 HTTP/1.1" 200 9508
200.54.247.70 - - [25/May/2018:10:10:29 -0300] "GET /cormun/servlet/trpermisosgoce?gx-no-cache=1527252273699 HTTP/1.1" 200 9524
200.54.247.70 - - [25/May/2018:10:10:33 -0300] "GET /cormun/servlet/trpermisosadjuntos?14332418,20180525090642,P, HTTP/1.1" 200 6564
200.54.247.70 - - [25/May/2018:10:10:33 -0300] "GET /cormun/servlet/trpermisosadjuntos?14332418,20180525090642,P, HTTP/1.1" 200 6543
200.54.247.70 - - [25/May/2018:10:10:34 -0300] "GET /cormun/servlet/permisosadjuntos?INS,14332418,P,20180525090642,, HTTP/1.1" 200 5873
200.54.247.70 - - [25/May/2018:10:10:35 -0300] "GET /cormun/static/about:blank HTTP/1.1" 404 1011
200.54.247.70 - - [25/May/2018:10:10:35 -0300] "GET /cormun/servlet/permisosadjuntos?INS,14332418,P,20180525090642,, HTTP/1.1" 200 5863
200.111.122.170 - - [25/May/2018:10:10:37 -0300] "GET /cormun/servlet/hlogin HTTP/1.1" 200 1724
200.72.197.82 - - [25/May/2018:10:10:38 -0300] "GET /cormun/static/gxtimezone.js?85251 HTTP/1.1" 304 -
200.111.122.170 - - [25/May/2018:10:10:38 -0300] "GET /cormun/static/messages.spa.js?85251 HTTP/1.1" 304 -
200.54.247.70 - - [25/May/2018:10:10:41 -0300] "POST /cormun/servlet/permisosadjuntos?892f357cd0c586f2286a6d1c75843e03,INS,14332418,P,20180525090642,, HTTP/1.1" 200 116
200.54.247.70 - - [25/May/2018:10:10:41 -0300] "GET /cormun/servlet/hpexe_return? HTTP/1.1" 200 1032
200.54.247.70 - - [25/May/2018:10:10:42 -0300] "GET /cormun/servlet/trpermisosadjuntos?14332418,20180525090642,P, HTTP/1.1" 200 7035
200.54.247.70 - - [25/May/2018:10:10:42 -0300] "GET /cormun/servlet/trpermisosadjuntos?14332418,20180525090642,P, HTTP/1.1" 200 7032
200.54.247.70 - - [25/May/2018:10:10:44 -0300] "GET /cormun/PublicTempStorage/doc004951201805251009504806308.pdf HTTP/1.1" 200 125401
200.54.247.70 - - [25/May/2018:10:10:46 -0300] "GET /cormun/servlet/trpermisosadjuntos?14332418,20180525090642,P, HTTP/1.1" 200 7036
200.54.247.70 - - [25/May/2018:10:10:48 -0300] "GET /cormun/servlet/trpermisosadjuntos?14332418,20180525090642,P, HTTP/1.1" 200 7033
200.54.247.70 - - [25/May/2018:10:10:50 -0300] "POST /cormun/servlet/trpermisosadjuntos?892f357cd0c586f2286a6d1c75843e03,14332418,20180525090642,P,,gx-no-cache=1527253789947 HTTP/1.1" 200 90
200.54.247.70 - - [25/May/2018:10:10:50 -0300] "GET /cormun/servlet/hpexe_link HTTP/1.1" 200 1000
200.54.247.70 - - [25/May/2018:10:10:50 -0300] "GET /cormun/servlet/trpermisosgoce?gx-no-cache=1527252273699 HTTP/1.1" 200 9513
200.54.247.70 - - [25/May/2018:10:10:50 -0300] "GET /cormun/servlet/trpermisosgoce?gx-no-cache=1527252273699 HTTP/1.1" 200 9512
200.111.122.170 - - [25/May/2018:10:10:54 -0300] "POST /cormun/servlet/hlogin?973b8e19065e02e84ab0281ee8094bc5,gx-no-cache=1527253791448 HTTP/1.1" 200 90
200.111.122.170 - - [25/May/2018:10:10:54 -0300] "GET /cormun/servlet/hpexe_link HTTP/1.1" 200 953
200.111.122.170 - - [25/May/2018:10:10:54 -0300] "GET /cormun/servlet/hhome HTTP/1.1" 200 4206
200.111.122.170 - - [25/May/2018:10:10:56 -0300] "GET /cormun/servlet/hhome HTTP/1.1" 200 4203
200.111.122.170 - - [25/May/2018:10:11:01 -0300] "GET /cormun/servlet/trpermisosgoce? HTTP/1.1" 200 10611
200.111.122.170 - - [25/May/2018:10:11:02 -0300] "GET /cormun/static/gxcfg.js?20177612163875 HTTP/1.1" 304 -
186.103.132.155 - - [25/May/2018:10:11:02 -0300] "GET /cormun/static/calendar.js?85251 HTTP/1.1" 304 -
186.103.132.155 - - [25/May/2018:10:11:02 -0300] "GET /cormun/static/calendar-setup.js?85251 HTTP/1.1" 304 -
190.151.100.218 - - [25/May/2018:10:11:02 -0300] "GET /cormun/static/calendar-es.js?85251 HTTP/1.1" 304 -
200.111.122.170 - - [25/May/2018:10:11:02 -0300] "GET /cormun/static/gxdec.js?85251 HTTP/1.1" 304 -
200.111.122.170 - - [25/May/2018:10:11:03 -0300] "GET /cormun/servlet/trpermisosgoce? HTTP/1.1" 200 10615
200.111.122.170 - - [25/May/2018:10:11:08 -0300] "GET /cormun/servlet/permisogoce?INS,0,,, HTTP/1.1" 200 7076
200.111.122.170 - - [25/May/2018:10:11:08 -0300] "GET /cormun/static/gxcfg.js?201776126440 HTTP/1.1" 304 -
200.111.122.170 - - [25/May/2018:10:11:09 -0300] "GET /cormun/servlet/permisogoce?INS,0,,, HTTP/1.1" 200 7076
190.151.100.218 - - [25/May/2018:10:11:13 -0300] "GET /cormun/servlet/prfichaempleado?,MD,,gxPopupLevel%3D0%3B HTTP/1.1" 200 9375
190.151.100.218 - - [25/May/2018:10:11:28 -0300] "POST /cormun/servlet/prfichaempleado?973b8e19065e02e84ab0281ee8094bc5,,MD,,gxPopupLevel%3D0%3B,gx-no-cache=1527253825262 HTTP/1.1" 200 3430
190.151.100.218 - - [25/May/2018:10:11:33 -0300] "GET /cormun/servlet/permisogoce?53fff43d152517a5e7143b029c63e7c2437136319fe1e26d95e6f72a017e5e19fd45a0c01fe1143699bb0c1097b0c3a3447eb761c80b623236413ffbdfd21bc4,gx-no-cache=1527253830719 HTTP/1.1" 200 83
190.151.100.218 - - [25/May/2018:10:11:36 -0300] "GET /cormun/static/menuarrow.gif HTTP/1.1" 404 1015
200.111.191.210 - - [25/May/2018:10:11:44 -0300] "GET /favicon.ico HTTP/1.1" 200 21630
200.111.191.210 - - [25/May/2018:10:11:44 -0300] "GET /cormun/servlet/trlicencias? HTTP/1.1" 200 6121
200.111.191.210 - - [25/May/2018:10:11:45 -0300] "GET /cormun/servlet/hlogin HTTP/1.1" 200 1738
200.111.191.210 - - [25/May/2018:10:11:45 -0300] "GET /cormun/servlet/trlicencias? HTTP/1.1" 200 6121
190.151.100.218 - - [25/May/2018:10:11:45 -0300] "GET /cormun/servlet/permisogoce?53fff43d152517a5e7143b029c63e7c2f7917d97b35025f9ce507da1bfe28cd4d046d182ac0d81a5be2e30bac35e9d31c74c614218f96661faa26f2c61c38de2,gx-no-cache=1527253842897 HTTP/1.1" 200 48
200.111.191.210 - - [25/May/2018:10:11:51 -0300] "POST /cormun/servlet/hlogin?f0f22473d5b68e8ed6fbdbf48a66abfa,gx-no-cache=1527253902594 HTTP/1.1" 200 90
200.111.191.210 - - [25/May/2018:10:11:51 -0300] "GET /cormun/servlet/hpexe_link HTTP/1.1" 200 957
200.111.191.210 - - [25/May/2018:10:11:51 -0300] "GET /cormun/servlet/trlicencias HTTP/1.1" 200 14266
200.111.191.210 - - [25/May/2018:10:11:52 -0300] "GET /cormun/servlet/trlicencias HTTP/1.1" 200 14271
200.111.191.210 - - [25/May/2018:10:11:55 -0300] "GET /cormun/servlet/trlicenciaspermisosadjuntos?8265182,20180524000000,L, HTTP/1.1" 200 6306
200.111.191.210 - - [25/May/2018:10:11:55 -0300] "GET /cormun/servlet/trlicenciaspermisosadjuntos?8265182,20180524000000,L, HTTP/1.1" 200 6306
200.111.191.210 - - [25/May/2018:10:11:56 -0300] "GET /cormun/servlet/licenciaspermisosadjuntos?INS,8265182,L,20180524000000,, HTTP/1.1" 200 5605
200.111.191.210 - - [25/May/2018:10:11:56 -0300] "GET /cormun/static/about:blank HTTP/1.1" 404 1011
200.111.191.210 - - [25/May/2018:10:11:56 -0300] "GET /cormun/servlet/licenciaspermisosadjuntos?INS,8265182,L,20180524000000,, HTTP/1.1" 200 5594
200.111.122.170 - - [25/May/2018:10:12:09 -0300] "POST /cormun/servlet/permisogoce?973b8e19065e02e84ab0281ee8094bc5,INS,0,,,,gx-no-cache=1527253866485 HTTP/1.1" 200 93
200.111.122.170 - - [25/May/2018:10:12:09 -0300] "GET /cormun/servlet/hpexe_return? HTTP/1.1" 200 1012
200.111.122.170 - - [25/May/2018:10:12:10 -0300] "GET /cormun/servlet/trpermisosgoce HTTP/1.1" 200 10821
200.111.191.210 - - [25/May/2018:10:12:10 -0300] "POST /cormun/servlet/licenciaspermisosadjuntos?f0f22473d5b68e8ed6fbdbf48a66abfa,INS,8265182,L,20180524000000,, HTTP/1.1" 200 116
200.111.191.210 - - [25/May/2018:10:12:10 -0300] "GET /cormun/servlet/hpexe_return? HTTP/1.1" 200 1044
200.111.191.210 - - [25/May/2018:10:12:11 -0300] "GET /cormun/servlet/trlicenciaspermisosadjuntos?8265182,20180524000000,L, HTTP/1.1" 200 6767
200.111.191.210 - - [25/May/2018:10:12:11 -0300] "GET /cormun/servlet/trlicenciaspermisosadjuntos?8265182,20180524000000,L, HTTP/1.1" 200 6763
200.111.122.170 - - [25/May/2018:10:12:11 -0300] "GET /cormun/servlet/trpermisosgoce HTTP/1.1" 200 10825
200.111.191.210 - - [25/May/2018:10:12:13 -0300] "GET /cormun/PublicTempStorage/302824496.PDF HTTP/1.1" 200 657095
200.111.122.170 - - [25/May/2018:10:12:16 -0300] "GET /cormun/servlet/apermisogoceprn?11372929,P,20180525090755,PU HTTP/1.1" 200 1670
200.111.191.210 - - [25/May/2018:10:12:16 -0300] "GET /cormun/servlet/trlicenciaspermisosadjuntos?8265182,20180524000000,L, HTTP/1.1" 200 6766
200.111.191.210 - - [25/May/2018:10:12:16 -0300] "GET /cormun/servlet/trlicenciaspermisosadjuntos?8265182,20180524000000,L, HTTP/1.1" 200 6764
200.54.247.70 - - [25/May/2018:10:12:17 -0300] "GET /cormun/servlet/trautorizarsolicitud? HTTP/1.1" 200 7362
200.54.247.70 - - [25/May/2018:10:12:17 -0300] "GET /cormun/servlet/trautorizarsolicitud? HTTP/1.1" 200 7340
200.111.191.210 - - [25/May/2018:10:12:18 -0300] "GET /cormun/servlet/trlicencias? HTTP/1.1" 200 14264
200.111.191.210 - - [25/May/2018:10:12:19 -0300] "GET /cormun/servlet/trlicencias? HTTP/1.1" 200 14268
200.111.191.210 - - [25/May/2018:10:12:20 -0300] "POST /cormun/servlet/trlicencias?f0f22473d5b68e8ed6fbdbf48a66abfa,,gx-no-cache=1527253931590 HTTP/1.1" 200 11766
200.111.191.210 - - [25/May/2018:10:12:20 -0300] "GET /cormun/static/Shared/jqueryui/images/ui-bg_highlight-soft_100_c6c2c8_1x100.png HTTP/1.1" 404 1117
200.111.191.210 - - [25/May/2018:10:12:20 -0300] "GET /cormun/static/Shared/jqueryui/images/ui-icons_82798d_256x240.png HTTP/1.1" 404 1089
200.111.191.210 - - [25/May/2018:10:12:20 -0300] "GET /cormun/static/Shared/jqueryui/images/ui-icons_8d78a5_256x240.png HTTP/1.1" 404 1089
200.111.191.210 - - [25/May/2018:10:12:20 -0300] "GET /cormun/static/Shared/jqueryui/images/ui-bg_flat_55_fafafa_40x100.png HTTP/1.1" 404 1097
200.111.191.210 - - [25/May/2018:10:12:23 -0300] "GET /cormun/servlet/trpermisosgoce? HTTP/1.1" 200 16518
200.111.191.210 - - [25/May/2018:10:12:23 -0300] "GET /cormun/servlet/trpermisosgoce? HTTP/1.1" 200 16475
192.168.4.251 - - [25/May/2018:10:12:24 -0300] "POST /cormun/servlet/trsolicitudgral?04dacd19c4dc09ffd62435550fcd48bd,,gx-no-cache=1527253880943 HTTP/1.1" 200 105
200.54.247.70 - - [25/May/2018:10:12:24 -0300] "GET /cormun/servlet/trsolicitudot? HTTP/1.1" 200 8804
192.168.4.251 - - [25/May/2018:10:12:24 -0300] "GET /cormun/SolicitudGral-8308.xls HTTP/1.1" 200 8192
200.54.247.70 - - [25/May/2018:10:12:24 -0300] "GET /cormun/servlet/trsolicitudot? HTTP/1.1" 200 8803
200.54.247.70 - - [25/May/2018:10:12:29 -0300] "GET /cormun/servlet/trvisualizadoreventos? HTTP/1.1" 200 6997
200.54.247.70 - - [25/May/2018:10:12:29 -0300] "GET /cormun/servlet/trvisualizadoreventos? HTTP/1.1" 200 6997
200.111.191.210 - - [25/May/2018:10:12:32 -0300] "GET /cormun/servlet/trpermisosadjuntos?16845945,20180523120753,P, HTTP/1.1" 200 6277
200.111.191.210 - - [25/May/2018:10:12:32 -0300] "GET /cormun/servlet/trpermisosadjuntos?16845945,20180523120753,P, HTTP/1.1" 200 6277
186.103.159.189 - - [25/May/2018:10:12:33 -0300] "GET /cormun/servlet/trlicencias? HTTP/1.1" 200 6125
200.54.247.70 - - [25/May/2018:10:12:33 -0300] "GET /cormun/servlet/trautorizarpermisogoce? HTTP/1.1" 200 9148
200.54.247.70 - - [25/May/2018:10:12:33 -0300] "GET /cormun/static/gxcfg.js?20177612165975 HTTP/1.1" 200 953
200.54.247.70 - - [25/May/2018:10:12:33 -0300] "GET /cormun/static/trautorizarpermisogoce.js?2017761217384 HTTP/1.1" 200 34948
200.111.191.210 - - [25/May/2018:10:12:34 -0300] "GET /cormun/servlet/permisosadjuntos?INS,16845945,P,20180523120753,, HTTP/1.1" 200 5604
200.111.191.210 - - [25/May/2018:10:12:34 -0300] "GET /cormun/static/about:blank HTTP/1.1" 404 1011
200.111.191.210 - - [25/May/2018:10:12:34 -0300] "GET /cormun/servlet/permisosadjuntos?INS,16845945,P,20180523120753,, HTTP/1.1" 200 5594
200.54.247.70 - - [25/May/2018:10:12:34 -0300] "GET /cormun/servlet/trautorizarpermisogoce? HTTP/1.1" 200 9147
186.103.159.189 - - [25/May/2018:10:12:34 -0300] "GET /cormun/servlet/hlogin HTTP/1.1" 200 1737
186.103.159.189 - - [25/May/2018:10:12:34 -0300] "GET /cormun/servlet/trlicencias? HTTP/1.1" 200 6118
200.111.191.210 - - [25/May/2018:10:12:41 -0300] "POST /cormun/servlet/permisosadjuntos?f0f22473d5b68e8ed6fbdbf48a66abfa,INS,16845945,P,20180523120753,, HTTP/1.1" 200 116
200.111.191.210 - - [25/May/2018:10:12:41 -0300] "GET /cormun/servlet/hpexe_return? HTTP/1.1" 200 1040
200.111.191.210 - - [25/May/2018:10:12:41 -0300] "GET /cormun/servlet/trpermisosadjuntos?16845945,20180523120753,P, HTTP/1.1" 200 6739
200.111.191.210 - - [25/May/2018:10:12:41 -0300] "GET /cormun/servlet/trpermisosadjuntos?16845945,20180523120753,P, HTTP/1.1" 200 6735
200.111.191.210 - - [25/May/2018:10:12:43 -0300] "GET /cormun/PublicTempStorage/668523820.PDF HTTP/1.1" 200 673583
200.111.191.210 - - [25/May/2018:10:12:45 -0300] "GET /cormun/servlet/trpermisosadjuntos?16845945,20180523120753,P, HTTP/1.1" 200 6739
200.111.191.210 - - [25/May/2018:10:12:46 -0300] "GET /cormun/servlet/trpermisosadjuntos?16845945,20180523120753,P, HTTP/1.1" 200 6737
200.111.191.210 - - [25/May/2018:10:12:48 -0300] "GET /cormun/servlet/trpermisosgoce? HTTP/1.1" 200 16486
200.111.191.210 - - [25/May/2018:10:12:49 -0300] "GET /cormun/servlet/trpermisosgoce? HTTP/1.1" 200 16506
200.111.191.210 - - [25/May/2018:10:12:51 -0300] "POST /cormun/servlet/trpermisosgoce?f0f22473d5b68e8ed6fbdbf48a66abfa,,gx-no-cache=1527253962841 HTTP/1.1" 200 13780
200.111.191.210 - - [25/May/2018:10:12:51 -0300] "GET /cormun/static/Shared/jqueryui/images/ui-bg_highlight-soft_100_c6c2c8_1x100.png HTTP/1.1" 404 1117
200.111.191.210 - - [25/May/2018:10:12:51 -0300] "GET /cormun/static/Shared/jqueryui/images/ui-icons_82798d_256x240.png HTTP/1.1" 404 1089
200.111.191.210 - - [25/May/2018:10:12:51 -0300] "GET /cormun/static/Shared/jqueryui/images/ui-bg_flat_55_fafafa_40x100.png HTTP/1.1" 404 1097
200.111.191.210 - - [25/May/2018:10:12:51 -0300] "GET /cormun/static/Shared/jqueryui/images/ui-icons_8d78a5_256x240.png HTTP/1.1" 404 1089
200.111.191.210 - - [25/May/2018:10:12:56 -0300] "GET /cormun/servlet/trpermisosadjuntos?17137508,20180523163827,P, HTTP/1.1" 200 6280
200.111.191.210 - - [25/May/2018:10:12:56 -0300] "GET /cormun/servlet/trpermisosadjuntos?17137508,20180523163827,P, HTTP/1.1" 200 6280
200.111.191.210 - - [25/May/2018:10:12:57 -0300] "GET /cormun/servlet/permisosadjuntos?INS,17137508,P,20180523163827,, HTTP/1.1" 200 5610
200.111.191.210 - - [25/May/2018:10:12:57 -0300] "GET /cormun/static/about:blank HTTP/1.1" 404 1011
200.111.191.210 - - [25/May/2018:10:12:58 -0300] "GET /cormun/servlet/permisosadjuntos?INS,17137508,P,20180523163827,, HTTP/1.1" 200 5600
200.111.191.210 - - [25/May/2018:10:13:02 -0300] "POST /cormun/servlet/permisosadjuntos?f0f22473d5b68e8ed6fbdbf48a66abfa,INS,17137508,P,20180523163827,, HTTP/1.1" 200 116
200.111.191.210 - - [25/May/2018:10:13:02 -0300] "GET /cormun/servlet/hpexe_return? HTTP/1.1" 200 1041
200.111.191.210 - - [25/May/2018:10:13:03 -0300] "GET /cormun/servlet/trpermisosadjuntos?17137508,20180523163827,P, HTTP/1.1" 200 6743
200.111.191.210 - - [25/May/2018:10:13:03 -0300] "GET /cormun/servlet/trpermisosadjuntos?17137508,20180523163827,P, HTTP/1.1" 200 6740
200.111.191.210 - - [25/May/2018:10:13:06 -0300] "GET /cormun/PublicTempStorage/693232186.PDF HTTP/1.1" 200 650108
186.103.159.189 - - [25/May/2018:10:13:06 -0300] "POST /cormun/servlet/hlogin?9874d467449efb439f4e161d25575db1,gx-no-cache=1527253927980 HTTP/1.1" 200 90
186.103.159.189 - - [25/May/2018:10:13:06 -0300] "GET /cormun/servlet/hpexe_link HTTP/1.1" 200 950
186.103.159.189 - - [25/May/2018:10:13:07 -0300] "GET /cormun/servlet/hhome HTTP/1.1" 200 3986
186.103.159.189 - - [25/May/2018:10:13:08 -0300] "GET /cormun/servlet/hhome HTTP/1.1" 200 3983
200.111.191.210 - - [25/May/2018:10:13:09 -0300] "GET /cormun/servlet/trpermisosadjuntos?17137508,20180523163827,P, HTTP/1.1" 200 6743
200.111.191.210 - - [25/May/2018:10:13:09 -0300] "GET /cormun/servlet/trpermisosadjuntos?17137508,20180523163827,P, HTTP/1.1" 200 6737
200.111.191.210 - - [25/May/2018:10:13:12 -0300] "GET /cormun/servlet/trpermisosgoce? HTTP/1.1" 200 16512
200.111.191.210 - - [25/May/2018:10:13:12 -0300] "GET /cormun/servlet/trpermisosgoce? HTTP/1.1" 200 16537
192.168.4.251 - - [25/May/2018:10:13:13 -0300] "POST /cormun/servlet/trsolicitudgral?04dacd19c4dc09ffd62435550fcd48bd,,gx-no-cache=1527253932179 HTTP/1.1" 500 10
200.54.247.70 - - [25/May/2018:10:13:14 -0300] "GET /cormun/servlet/trpermisosgoce? HTTP/1.1" 200 9504
200.54.247.70 - - [25/May/2018:10:13:15 -0300] "GET /cormun/servlet/trpermisosgoce? HTTP/1.1" 200 9503
200.111.191.210 - - [25/May/2018:10:13:15 -0300] "POST /cormun/servlet/trpermisosgoce?f0f22473d5b68e8ed6fbdbf48a66abfa,,gx-no-cache=1527253986129 HTTP/1.1" 200 13761
200.111.191.210 - - [25/May/2018:10:13:15 -0300] "GET /cormun/static/Shared/jqueryui/images/ui-bg_highlight-soft_100_c6c2c8_1x100.png HTTP/1.1" 404 1117
200.111.191.210 - - [25/May/2018:10:13:15 -0300] "GET /cormun/static/Shared/jqueryui/images/ui-icons_82798d_256x240.png HTTP/1.1" 404 1089
200.111.191.210 - - [25/May/2018:10:13:15 -0300] "GET /cormun/static/Shared/jqueryui/images/ui-icons_8d78a5_256x240.png HTTP/1.1" 404 1089
200.111.191.210 - - [25/May/2018:10:13:15 -0300] "GET /cormun/static/Shared/jqueryui/images/ui-bg_flat_55_fafafa_40x100.png HTTP/1.1" 404 1097
200.54.247.70 - - [25/May/2018:10:13:16 -0300] "GET /cormun/servlet/permisogoce?INS,0,,, HTTP/1.1" 200 7094
200.54.247.70 - - [25/May/2018:10:13:17 -0300] "GET /cormun/servlet/permisogoce?INS,0,,, HTTP/1.1" 200 7094
200.111.191.210 - - [25/May/2018:10:13:19 -0300] "GET /cormun/servlet/trpermisosadjuntos?14546010,20180523155607,P, HTTP/1.1" 200 6274
200.54.247.70 - - [25/May/2018:10:13:19 -0300] "GET /cormun/servlet/prfichaempleado?,MD,,gxPopupLevel%3D0%3B HTTP/1.1" 200 9394
200.111.191.210 - - [25/May/2018:10:13:19 -0300] "GET /cormun/servlet/trpermisosadjuntos?14546010,20180523155607,P, HTTP/1.1" 200 6275
200.111.191.210 - - [25/May/2018:10:13:21 -0300] "GET /cormun/servlet/permisosadjuntos?INS,14546010,P,20180523155607,, HTTP/1.1" 200 5601
200.111.191.210 - - [25/May/2018:10:13:21 -0300] "GET /cormun/static/about:blank HTTP/1.1" 404 1011
200.111.191.210 - - [25/May/2018:10:13:21 -0300] "GET /cormun/servlet/permisosadjuntos?INS,14546010,P,20180523155607,, HTTP/1.1" 200 5590
200.54.247.70 - - [25/May/2018:10:13:23 -0300] "POST /cormun/servlet/prfichaempleado?892f357cd0c586f2286a6d1c75843e03,,MD,,gxPopupLevel%3D0%3B,gx-no-cache=1527253943687 HTTP/1.1" 200 3805
200.111.191.210 - - [25/May/2018:10:13:26 -0300] "POST /cormun/servlet/permisosadjuntos?f0f22473d5b68e8ed6fbdbf48a66abfa,INS,14546010,P,20180523155607,, HTTP/1.1" 200 116
200.111.191.210 - - [25/May/2018:10:13:27 -0300] "GET /cormun/servlet/hpexe_return? HTTP/1.1" 200 1041
200.111.191.210 - - [25/May/2018:10:13:27 -0300] "GET /cormun/servlet/trpermisosadjuntos?14546010,20180523155607,P, HTTP/1.1" 200 6737
200.111.191.210 - - [25/May/2018:10:13:27 -0300] "GET /cormun/servlet/trpermisosadjuntos?14546010,20180523155607,P, HTTP/1.1" 200 6732
200.54.247.70 - - [25/May/2018:10:13:28 -0300] "GET /cormun/servlet/permisogoce?ad4ac2caf3955a8a96324d54d1d42497b2f6fcbf240838e4886e6585ebbda4c054b61728f138556aed0b1f1f815eaa835e77008086f22f440c66697968ac1e3d,gx-no-cache=1527253948058 HTTP/1.1" 200 79
200.111.191.210 - - [25/May/2018:10:13:29 -0300] "GET /cormun/PublicTempStorage/687552302.PDF HTTP/1.1" 200 1423579
186.103.159.189 - - [25/May/2018:10:13:31 -0300] "GET /cormun/servlet/trlicencias? HTTP/1.1" 200 11476
186.103.159.189 - - [25/May/2018:10:13:32 -0300] "GET /cormun/servlet/trlicencias? HTTP/1.1" 200 11474
200.111.191.210 - - [25/May/2018:10:13:33 -0300] "GET /cormun/servlet/trpermisosadjuntos?14546010,20180523155607,P, HTTP/1.1" 200 6738
200.111.191.210 - - [25/May/2018:10:13:33 -0300] "GET /cormun/servlet/trpermisosadjuntos?14546010,20180523155607,P, HTTP/1.1" 200 6734
192.168.4.251 - - [25/May/2018:10:13:35 -0300] "GET /cormun/servlet/trsolicitudgral? HTTP/1.1" 200 12657
200.54.247.70 - - [25/May/2018:10:13:35 -0300] "GET /cormun/servlet/permisogoce?ad4ac2caf3955a8a96324d54d1d424973b28eb3b88e71a04c07f0f3ff64174072f6d24e505a621495d2bd2cb36f6d9d0b7c076ab465cc0229a4ba7bf9831c9a5,gx-no-cache=1527253955550 HTTP/1.1" 200 46
186.103.159.189 - - [25/May/2018:10:13:35 -0300] "GET /cormun/servlet/alicenciaprn?17134446,L,20180524000000,PU HTTP/1.1" 200 1551
186.103.156.24 - - [25/May/2018:10:13:36 -0300] "GET /cormun/servlet/trlicencias? HTTP/1.1" 200 12150
192.168.4.251 - - [25/May/2018:10:13:36 -0300] "GET /cormun/servlet/trsolicitudgral? HTTP/1.1" 200 12657
200.111.191.210 - - [25/May/2018:10:13:36 -0300] "GET /cormun/servlet/trpermisosgoce? HTTP/1.1" 200 16510
186.103.156.24 - - [25/May/2018:10:13:36 -0300] "GET /cormun/servlet/trlicencias? HTTP/1.1" 200 12146
200.111.191.210 - - [25/May/2018:10:13:36 -0300] "GET /cormun/servlet/trpermisosgoce? HTTP/1.1" 200 16462
200.54.247.70 - - [25/May/2018:10:13:40 -0300] "POST /cormun/servlet/permisogoce?892f357cd0c586f2286a6d1c75843e03,INS,0,,,,gx-no-cache=1527253960176 HTTP/1.1" 200 93
200.54.247.70 - - [25/May/2018:10:13:40 -0300] "GET /cormun/servlet/hpexe_return? HTTP/1.1" 200 1003
200.54.247.70 - - [25/May/2018:10:13:40 -0300] "GET /cormun/servlet/trpermisosgoce HTTP/1.1" 200 9747
200.111.191.210 - - [25/May/2018:10:13:40 -0300] "POST /cormun/servlet/trpermisosgoce?f0f22473d5b68e8ed6fbdbf48a66abfa,,gx-no-cache=1527254011961 HTTP/1.1" 200 13783
200.111.191.210 - - [25/May/2018:10:13:41 -0300] "GET /cormun/static/Shared/jqueryui/images/ui-bg_highlight-soft_100_c6c2c8_1x100.png HTTP/1.1" 404 1117
200.111.191.210 - - [25/May/2018:10:13:41 -0300] "GET /cormun/static/Shared/jqueryui/images/ui-icons_82798d_256x240.png HTTP/1.1" 404 1089
200.111.191.210 - - [25/May/2018:10:13:41 -0300] "GET /cormun/static/Shared/jqueryui/images/ui-icons_8d78a5_256x240.png HTTP/1.1" 404 1089
200.111.191.210 - - [25/May/2018:10:13:41 -0300] "GET /cormun/static/Shared/jqueryui/images/ui-bg_flat_55_fafafa_40x100.png HTTP/1.1" 404 1097
200.54.247.70 - - [25/May/2018:10:13:41 -0300] "GET /cormun/servlet/trpermisosgoce HTTP/1.1" 200 9754
200.54.247.70 - - [25/May/2018:10:13:45 -0300] "GET /cormun/servlet/trpermisosadjuntos?11366298,20180525091004,P, HTTP/1.1" 200 6540
200.54.247.70 - - [25/May/2018:10:13:46 -0300] "GET /cormun/servlet/trpermisosadjuntos?11366298,20180525091004,P, HTTP/1.1" 200 6539
200.54.247.70 - - [25/May/2018:10:13:47 -0300] "GET /cormun/servlet/permisosadjuntos?INS,11366298,P,20180525091004,, HTTP/1.1" 200 5869
200.54.247.70 - - [25/May/2018:10:13:47 -0300] "GET /cormun/static/about:blank HTTP/1.1" 404 1011
200.54.247.70 - - [25/May/2018:10:13:47 -0300] "GET /cormun/servlet/permisosadjuntos?INS,11366298,P,20180525091004,, HTTP/1.1" 200 5859
200.54.247.70 - - [25/May/2018:10:13:54 -0300] "POST /cormun/servlet/permisosadjuntos?892f357cd0c586f2286a6d1c75843e03,INS,11366298,P,20180525091004,, HTTP/1.1" 200 116
200.54.247.70 - - [25/May/2018:10:13:54 -0300] "GET /cormun/servlet/hpexe_return? HTTP/1.1" 200 1032
200.54.247.70 - - [25/May/2018:10:13:54 -0300] "GET /cormun/servlet/trpermisosadjuntos?11366298,20180525091004,P, HTTP/1.1" 200 7032
200.54.247.70 - - [25/May/2018:10:13:55 -0300] "GET /cormun/servlet/trpermisosadjuntos?11366298,20180525091004,P, HTTP/1.1" 200 7028
139.162.79.87 - - [25/May/2018:10:13:58 -0300] "GET / HTTP/1.1" 200 11217
200.54.247.70 - - [25/May/2018:10:13:58 -0300] "GET /cormun/PublicTempStorage/doc004952201805251011045476964.pdf HTTP/1.1" 200 117396
200.54.247.70 - - [25/May/2018:10:13:59 -0300] "GET /cormun/servlet/trpermisosadjuntos?11366298,20180525091004,P, HTTP/1.1" 200 7032
200.54.247.70 - - [25/May/2018:10:14:00 -0300] "GET /cormun/servlet/trpermisosadjuntos?11366298,20180525091004,P, HTTP/1.1" 200 7029
200.54.247.70 - - [25/May/2018:10:14:06 -0300] "POST /cormun/servlet/trpermisosadjuntos?892f357cd0c586f2286a6d1c75843e03,11366298,20180525091004,P,,gx-no-cache=1527253985900 HTTP/1.1" 200 90
200.54.247.70 - - [25/May/2018:10:14:06 -0300] "GET /cormun/servlet/hpexe_link HTTP/1.1" 200 976
200.54.247.70 - - [25/May/2018:10:14:06 -0300] "GET /cormun/servlet/trpermisosgoce HTTP/1.1" 200 9748
200.54.247.70 - - [25/May/2018:10:14:06 -0300] "GET /cormun/servlet/trpermisosgoce HTTP/1.1" 200 9749
192.168.4.251 - - [25/May/2018:10:14:06 -0300] "GET /cormun/servlet/trsolicitudgral? HTTP/1.1" 200 12657
192.168.4.251 - - [25/May/2018:10:14:07 -0300] "GET /cormun/servlet/trsolicitudgral? HTTP/1.1" 200 12657
200.111.191.210 - - [25/May/2018:10:14:09 -0300] "GET /cormun/servlet/trpermisosgoce? HTTP/1.1" 200 16465
200.111.191.210 - - [25/May/2018:10:14:09 -0300] "GET /cormun/servlet/trpermisosgoce? HTTP/1.1" 200 16437
200.111.191.210 - - [25/May/2018:10:14:10 -0300] "GET /cormun/servlet/hlogin HTTP/1.1" 200 1742
192.168.4.251 - - [25/May/2018:10:14:10 -0300] "GET /cormun/servlet/hlogin HTTP/1.1" 200 1740
200.54.247.70 - - [25/May/2018:10:14:11 -0300] "POST /cormun/servlet/trpermisosgoce?892f357cd0c586f2286a6d1c75843e03,gx-no-cache=1527253990772 HTTP/1.1" 200 6890
200.54.247.70 - - [25/May/2018:10:14:11 -0300] "GET /cormun/static/Shared/jqueryui/images/ui-bg_highlight-soft_100_c6c2c8_1x100.png HTTP/1.1" 404 1117
200.54.247.70 - - [25/May/2018:10:14:11 -0300] "GET /cormun/static/Shared/jqueryui/images/ui-icons_82798d_256x240.png HTTP/1.1" 404 1089
200.54.247.70 - - [25/May/2018:10:14:11 -0300] "GET /cormun/static/Shared/jqueryui/images/ui-bg_flat_55_fafafa_40x100.png HTTP/1.1" 404 1097
200.54.247.70 - - [25/May/2018:10:14:11 -0300] "GET /cormun/static/Shared/jqueryui/images/ui-icons_8d78a5_256x240.png HTTP/1.1" 404 1089
200.111.191.210 - - [25/May/2018:10:14:15 -0300] "POST /cormun/servlet/hlogin?f0f22473d5b68e8ed6fbdbf48a66abfa,gx-no-cache=1527254046810 HTTP/1.1" 200 90
200.111.191.210 - - [25/May/2018:10:14:15 -0300] "GET /cormun/servlet/hpexe_link HTTP/1.1" 200 953
200.111.191.210 - - [25/May/2018:10:14:15 -0300] "GET /cormun/servlet/hhome HTTP/1.1" 200 4194
200.111.191.210 - - [25/May/2018:10:14:15 -0300] "GET /cormun/servlet/hhome HTTP/1.1" 200 4190
200.54.247.70 - - [25/May/2018:10:14:16 -0300] "POST /cormun/servlet/trpermisosgoce?892f357cd0c586f2286a6d1c75843e03,gx-no-cache=1527253996196 HTTP/1.1" 200 6849
200.111.191.210 - - [25/May/2018:10:14:23 -0300] "GET /cormun/servlet/trautorizarpermisogoce? HTTP/1.1" 200 8474
200.111.191.210 - - [25/May/2018:10:14:23 -0300] "GET /cormun/static/gxcfg.js?20177612165975 HTTP/1.1" 200 953
200.111.191.210 - - [25/May/2018:10:14:23 -0300] "GET /cormun/servlet/trautorizarpermisogoce? HTTP/1.1" 200 8473
192.168.4.251 - - [25/May/2018:10:14:24 -0300] "POST /cormun/servlet/hlogin?04dacd19c4dc09ffd62435550fcd48bd,gx-no-cache=1527254003141 HTTP/1.1" 200 90
192.168.4.251 - - [25/May/2018:10:14:24 -0300] "GET /cormun/servlet/hpexe_link HTTP/1.1" 200 959
192.168.4.251 - - [25/May/2018:10:14:24 -0300] "GET /cormun/servlet/trsolicitudgral HTTP/1.1" 200 12658
192.168.4.251 - - [25/May/2018:10:14:25 -0300] "GET /cormun/servlet/trsolicitudgral HTTP/1.1" 200 12657
200.111.191.210 - - [25/May/2018:10:14:28 -0300] "POST /cormun/servlet/trautorizarpermisogoce?f0f22473d5b68e8ed6fbdbf48a66abfa,,gx-no-cache=1527254059445 HTTP/1.1" 200 5425
200.111.191.210 - - [25/May/2018:10:14:28 -0300] "GET /cormun/static/Shared/jqueryui/images/ui-bg_highlight-soft_100_c6c2c8_1x100.png HTTP/1.1" 404 1117
200.111.191.210 - - [25/May/2018:10:14:28 -0300] "GET /cormun/static/Shared/jqueryui/images/ui-bg_flat_55_fafafa_40x100.png HTTP/1.1" 404 1097
200.111.191.210 - - [25/May/2018:10:14:28 -0300] "GET /cormun/static/Shared/jqueryui/images/ui-icons_8d78a5_256x240.png HTTP/1.1" 404 1089
200.111.191.210 - - [25/May/2018:10:14:28 -0300] "GET /cormun/static/Shared/jqueryui/images/ui-icons_82798d_256x240.png HTTP/1.1" 404 1089
200.111.191.210 - - [25/May/2018:10:14:29 -0300] "POST /cormun/servlet/trautorizarpermisogoce?f0f22473d5b68e8ed6fbdbf48a66abfa,,gx-no-cache=1527254060401 HTTP/1.1" 200 5155
200.111.191.210 - - [25/May/2018:10:14:30 -0300] "POST /cormun/servlet/trautorizarpermisogoce?f0f22473d5b68e8ed6fbdbf48a66abfa,,gx-no-cache=1527254061177 HTTP/1.1" 200 4390
192.168.4.251 - - [25/May/2018:10:14:33 -0300] "POST /cormun/servlet/trsolicitudgral?04dacd19c4dc09ffd62435550fcd48bd,gx-no-cache=1527254011975 HTTP/1.1" 500 10
200.54.247.70 - - [25/May/2018:10:14:51 -0300] "GET /cormun/servlet/permisogoce?INS,0,,, HTTP/1.1" 200 7093
200.54.247.70 - - [25/May/2018:10:14:51 -0300] "GET /cormun/servlet/permisogoce?INS,0,,, HTTP/1.1" 200 7095
200.54.247.70 - - [25/May/2018:10:14:53 -0300] "GET /cormun/servlet/prfichaempleado?,MD,,gxPopupLevel%3D0%3B HTTP/1.1" 200 9394
200.54.247.70 - - [25/May/2018:10:15:12 -0300] "POST /cormun/servlet/prfichaempleado?892f357cd0c586f2286a6d1c75843e03,,MD,,gxPopupLevel%3D0%3B,gx-no-cache=1527254052467 HTTP/1.1" 200 5784
200.54.247.70 - - [25/May/2018:10:15:19 -0300] "POST /cormun/servlet/prfichaempleado?892f357cd0c586f2286a6d1c75843e03,,MD,,gxPopupLevel%3D0%3B,gx-no-cache=1527254059314 HTTP/1.1" 200 3410
200.54.247.70 - - [25/May/2018:10:15:22 -0300] "GET /cormun/servlet/permisogoce?ad4ac2caf3955a8a96324d54d1d42497d613979121bf0316eb3bb9752c44973f54b61728f138556aed0b1f1f815eaa835e77008086f22f440c66697968ac1e3d,gx-no-cache=1527254061933 HTTP/1.1" 200 75
190.100.93.40 - - [25/May/2018:10:15:25 -0300] "GET /cormun/servlet/hlogin HTTP/1.1" 200 1720
192.168.4.251 - - [25/May/2018:10:15:26 -0300] "GET /cormun/servlet/trsolicitudgral HTTP/1.1" 200 12657
192.168.4.251 - - [25/May/2018:10:15:27 -0300] "GET /cormun/servlet/trsolicitudgral HTTP/1.1" 200 12657
200.54.247.70 - - [25/May/2018:10:15:32 -0300] "GET /cormun/servlet/permisogoce?ad4ac2caf3955a8a96324d54d1d424978224230ae3d5ee58924b35c9d0feb9b68e47529975443838f3d3836261824b37b7c076ab465cc0229a4ba7bf9831c9a5,gx-no-cache=1527254071942 HTTP/1.1" 200 46
200.54.247.70 - - [25/May/2018:10:15:32 -0300] "POST /cormun/servlet/permisogoce?892f357cd0c586f2286a6d1c75843e03,INS,0,,,,gx-no-cache=1527254071992 HTTP/1.1" 200 93
200.54.247.70 - - [25/May/2018:10:15:32 -0300] "GET /cormun/servlet/hpexe_return? HTTP/1.1" 200 1026
200.54.247.70 - - [25/May/2018:10:15:32 -0300] "GET /cormun/servlet/trpermisosgoce?gx-no-cache=1527253996196 HTTP/1.1" 200 9928
200.54.247.70 - - [25/May/2018:10:15:33 -0300] "GET /cormun/servlet/trpermisosgoce?gx-no-cache=1527253996196 HTTP/1.1" 200 9944
192.168.4.251 - - [25/May/2018:10:15:37 -0300] "GET /cormun/servlet/vesolicitudgral?2018,11366,, HTTP/1.1" 200 9097
192.168.4.251 - - [25/May/2018:10:15:37 -0300] "GET /cormun/static/gxcfg.js?201711151294153 HTTP/1.1" 304 -
192.168.4.251 - - [25/May/2018:10:15:37 -0300] "GET /cormun/pexe_scrolldiv.js HTTP/1.1" 404 1009
192.168.4.251 - - [25/May/2018:10:15:37 -0300] "GET /cormun/static/hwcviewtabs.js?20177611594913 HTTP/1.1" 304 -
192.168.4.251 - - [25/May/2018:10:15:37 -0300] "GET /cormun/static/vesolicitudgral.js?201711151294244 HTTP/1.1" 304 -
192.168.4.251 - - [25/May/2018:10:15:37 -0300] "GET /cormun/static/hpexe_tabsview.js?201610171694228 HTTP/1.1" 304 -
192.168.4.251 - - [25/May/2018:10:15:37 -0300] "GET /cormun/static/tbsolicitudgral01.js?201813119422078 HTTP/1.1" 304 -
192.168.4.251 - - [25/May/2018:10:15:37 -0300] "GET /cormun/servlet/vesolicitudgral?2018,11366,, HTTP/1.1" 200 9096
200.54.247.70 - - [25/May/2018:10:15:38 -0300] "GET /cormun/servlet/trpermisosadjuntos?14013183,20180525091138,P, HTTP/1.1" 200 6560
200.54.247.70 - - [25/May/2018:10:15:38 -0300] "GET /cormun/servlet/trpermisosadjuntos?14013183,20180525091138,P, HTTP/1.1" 200 6540
200.54.247.70 - - [25/May/2018:10:15:40 -0300] "GET /cormun/servlet/permisosadjuntos?INS,14013183,P,20180525091138,, HTTP/1.1" 200 5870
200.54.247.70 - - [25/May/2018:10:15:40 -0300] "GET /cormun/static/about:blank HTTP/1.1" 404 1011
192.168.4.251 - - [25/May/2018:10:15:40 -0300] "POST /cormun/servlet/vesolicitudgral?04dacd19c4dc09ffd62435550fcd48bd,2018,11366,,,gx-no-cache=1527254078931 HTTP/1.1" 200 12005
192.168.4.251 - - [25/May/2018:10:15:40 -0300] "GET /cormun/static/Shared/jqueryui/images/ui-icons_82798d_256x240.png HTTP/1.1" 404 1089
192.168.4.251 - - [25/May/2018:10:15:40 -0300] "GET /cormun/static/Shared/jqueryui/images/ui-bg_flat_55_fafafa_40x100.png HTTP/1.1" 404 1097
192.168.4.251 - - [25/May/2018:10:15:40 -0300] "GET /cormun/static/Shared/jqueryui/images/ui-bg_highlight-soft_100_c6c2c8_1x100.png HTTP/1.1" 404 1117
192.168.4.251 - - [25/May/2018:10:15:40 -0300] "GET /cormun/static/Shared/jqueryui/images/ui-icons_8d78a5_256x240.png HTTP/1.1" 404 1089
200.54.247.70 - - [25/May/2018:10:15:40 -0300] "GET /cormun/servlet/permisosadjuntos?INS,14013183,P,20180525091138,, HTTP/1.1" 200 5859
192.168.4.251 - - [25/May/2018:10:15:40 -0300] "POST /cormun/servlet/vesolicitudgral?04dacd19c4dc09ffd62435550fcd48bd,2018,11366,,,gx-no-cache=1527254079321 HTTP/1.1" 200 11940
192.168.4.251 - - [25/May/2018:10:15:41 -0300] "GET /cormun//static/Resources/PXToolsTabLastUnselected.png HTTP/1.1" 200 1291
200.54.247.70 - - [25/May/2018:10:15:45 -0300] "POST /cormun/servlet/permisosadjuntos?892f357cd0c586f2286a6d1c75843e03,INS,14013183,P,20180525091138,, HTTP/1.1" 200 116
200.54.247.70 - - [25/May/2018:10:15:46 -0300] "GET /cormun/servlet/hpexe_return? HTTP/1.1" 200 1031
200.54.247.70 - - [25/May/2018:10:15:46 -0300] "GET /cormun/servlet/trpermisosadjuntos?14013183,20180525091138,P, HTTP/1.1" 200 7034
200.54.247.70 - - [25/May/2018:10:15:46 -0300] "GET /cormun/servlet/trpermisosadjuntos?14013183,20180525091138,P, HTTP/1.1" 200 7030
192.168.4.251 - - [25/May/2018:10:15:47 -0300] "POST /cormun/servlet/vesolicitudgral?04dacd19c4dc09ffd62435550fcd48bd,2018,11366,,,gx-no-cache=1527254085176 HTTP/1.1" 200 90
192.168.4.251 - - [25/May/2018:10:15:47 -0300] "GET /cormun/servlet/hpexe_link HTTP/1.1" 200 968
192.168.4.251 - - [25/May/2018:10:15:47 -0300] "GET /cormun/servlet/trsolicitudgral HTTP/1.1" 200 12300
192.168.4.251 - - [25/May/2018:10:15:47 -0300] "GET /cormun/servlet/trsolicitudgral HTTP/1.1" 200 12299
200.54.247.70 - - [25/May/2018:10:15:48 -0300] "POST /cormun/servlet/trpermisosadjuntos?892f357cd0c586f2286a6d1c75843e03,14013183,20180525091138,P,,gx-no-cache=1527254087795 HTTP/1.1" 200 90
200.54.247.70 - - [25/May/2018:10:15:48 -0300] "GET /cormun/servlet/hpexe_link HTTP/1.1" 200 999
200.54.247.70 - - [25/May/2018:10:15:48 -0300] "GET /cormun/servlet/trpermisosgoce?gx-no-cache=1527253996196 HTTP/1.1" 200 9929
200.54.247.70 - - [25/May/2018:10:15:48 -0300] "GET /cormun/servlet/trpermisosgoce?gx-no-cache=1527253996196 HTTP/1.1" 200 9957
200.54.247.70 - - [25/May/2018:10:15:52 -0300] "POST /cormun/servlet/trpermisosgoce?892f357cd0c586f2286a6d1c75843e03,gx-no-cache=1527253996196,gx-no-cache=1527254091579 HTTP/1.1" 200 7057
200.54.247.70 - - [25/May/2018:10:15:52 -0300] "GET /cormun/static/Shared/jqueryui/images/ui-bg_highlight-soft_100_c6c2c8_1x100.png HTTP/1.1" 404 1117
200.54.247.70 - - [25/May/2018:10:15:52 -0300] "GET /cormun/static/Shared/jqueryui/images/ui-icons_82798d_256x240.png HTTP/1.1" 404 1089
200.54.247.70 - - [25/May/2018:10:15:52 -0300] "GET /cormun/static/Shared/jqueryui/images/ui-icons_8d78a5_256x240.png HTTP/1.1" 404 1089
200.54.247.70 - - [25/May/2018:10:15:52 -0300] "GET /cormun/static/Shared/jqueryui/images/ui-bg_flat_55_fafafa_40x100.png HTTP/1.1" 404 1097
192.168.4.251 - - [25/May/2018:10:15:54 -0300] "GET /cormun/servlet/vesolicitudgral?2018,11365,, HTTP/1.1" 200 9115
192.168.4.251 - - [25/May/2018:10:15:54 -0300] "GET /cormun/pexe_scrolldiv.js HTTP/1.1" 404 1009
192.168.4.251 - - [25/May/2018:10:15:54 -0300] "GET /cormun/pexe_scrolldiv.js HTTP/1.1" 404 1009
192.168.4.251 - - [25/May/2018:10:15:54 -0300] "GET /cormun/servlet/vesolicitudgral?2018,11365,, HTTP/1.1" 200 9115
192.168.4.251 - - [25/May/2018:10:16:03 -0300] "POST /cormun/servlet/vesolicitudgral?04dacd19c4dc09ffd62435550fcd48bd,2018,11365,,,gx-no-cache=1527254101611 HTTP/1.1" 200 107
192.168.4.251 - - [25/May/2018:10:16:03 -0300] "GET /cormun/servlet/solicitudgral?UPD,2018,11365, HTTP/1.1" 200 13011
192.168.4.251 - - [25/May/2018:10:16:03 -0300] "GET /cormun/static/gxcfg.js?20181911354237 HTTP/1.1" 200 953
192.168.4.251 - - [25/May/2018:10:16:03 -0300] "GET /cormun/static/solicitudgral.js?20181911354326 HTTP/1.1" 304 -
192.168.4.251 - - [25/May/2018:10:16:03 -0300] "GET /cormun/servlet/solicitudgral?UPD,2018,11365, HTTP/1.1" 200 13012
192.168.4.251 - - [25/May/2018:10:16:04 -0300] "POST /cormun/servlet/solicitudgral?gx-no-cache=1527254103083 HTTP/1.1" 200 3927
192.168.4.251 - - [25/May/2018:10:16:04 -0300] "GET /cormun/servlet/solicitudgral?ea8f2ba057ebb3536946aff6110983f4bbfc3f67ddf21bb72877aebbd4a0cde08abc0b923c0b69c7d04e0e08128e4612b6c90abdc6232d283dc6d3adc26972d12244116a28d015bee5b4ab37ec8eb1ca4151868b2ca832afed205b4b397926bb88e50d1a3cd3c27ca83a2b5aafc17d5ebb82056a6f616f3d7bb6792aab6252646ab4189dc2a57b31f2c397a5a4f093097761835499ec97fc0edda8af9fac10bf344dbdfdfb386be3673a9d6e859d656e9a05be641f0c42f02ecdd26965c08ee0c2ef65bd7cdc1c3e69eb3a836f40b5bb533ce20b12cdf20117f99e1bffb0fb42024ccd3ce31e20a9f98fcbd39c6d6c4958b3e4fc0c638d545c8ea3a50ba51ec5a2917fb563229535fed964847924d84e84668799687132e2159cac293e56c974587677a9d2c1316c59064a89b176998dee0376531cfd488a6675ec37ba77cbfcb957af19b4b91f7095954ebc1f30985e,gx-no-cache=1527254103294 HTTP/1.1" 200 256
192.168.4.251 - - [25/May/2018:10:16:06 -0300] "GET /cormun/servlet/solicitudgral?ea8f2ba057ebb3536946aff6110983f4e51e5870f300e064950d80790adf5cddd8fe103482baaeb0155511aeda0aa00d6378349ee8db39dcece13ac25c9dc68366e138fab95bc228cc6423cdc6b6c3c581bcd64de114287b0aae0f2944647340028733516ffcc8182f2dcf04edf988e4f9c2f95dec75d399fd1e3a03254cd1f6411bfe9fb7dd365b8b3d650e6e3b0e4e3924f461a386147f36f17b4d84943f569759387a69b4e4b10dfe39ad8b3e6d3f37fbae607b1c4af8d35a502f3c08cd2c644cb044f16794d71b19e42ce3196261be4e3f5b9325739c7b8a87a26bb2fc894ff7a5d5f1f8c51b2588b1810d394b30c57489aba0d62c3d3bbc377f62d628bf53ccb90a8e8133e2d8dfdcfe4c63978571d3ccec3acd92afb9350e2650c188ce07e261681ece59632ea4fa2541528f3a338422b5a205e275c2fa3fbf8e7c976b18535c7f16eb95503c626cf6eb5d4da704abc7976f821d498db5bc09cac4f81e495de944ae8895252d01d2f4050d72abcc6b9076d4d02aa3d71d267301912b388841ef3fc7ed2554976637059ee2647211a410b883e9c685cb91d7607cb7f33379e3c88216305dde6cc5ca20d02ed233,gx-no-cache=1527254104849 HTTP/1.1" 200 48
192.168.4.251 - - [25/May/2018:10:16:06 -0300] "POST /cormun/servlet/solicitudgral?04dacd19c4dc09ffd62435550fcd48bd,UPD,2018,11365,,gx-no-cache=1527254104911 HTTP/1.1" 200 11848
200.54.247.70 - - [25/May/2018:10:16:06 -0300] "GET /cormun/servlet/permisogoce?INS,0,,, HTTP/1.1" 200 7114
192.168.4.251 - - [25/May/2018:10:16:06 -0300] "GET /cormun/servlet/solicitudgral?ea8f2ba057ebb3536946aff6110983f4fb969cfaf8121637df0a50071fa99a7a0c0902680da16fb2e954b384b0d691103c5246e0c75ff9ac4e605ac25622fc2a0d67c8eab936b98d82c1d76d140ab2df8661ddd6f8ecbf17fa3259ce11ac5a8cfa4f5b4e8ac4063ae3db97381402c872,gx-no-cache=1527254105213 HTTP/1.1" 200 29
192.168.4.251 - - [25/May/2018:10:16:06 -0300] "POST /cormun/servlet/solicitudgral?gx-no-cache=1527254105248 HTTP/1.1" 200 1325
192.168.4.251 - - [25/May/2018:10:16:06 -0300] "POST /cormun/servlet/solicitudgral?gx-no-cache=1527254105302 HTTP/1.1" 200 1249
200.54.247.70 - - [25/May/2018:10:16:06 -0300] "GET /cormun/servlet/permisogoce?INS,0,,, HTTP/1.1" 200 7093
200.54.247.70 - - [25/May/2018:10:16:10 -0300] "GET /cormun/servlet/prfichaempleado?,MD,,gxPopupLevel%3D0%3B HTTP/1.1" 200 9394
200.54.247.70 - - [25/May/2018:10:16:22 -0300] "POST /cormun/servlet/prfichaempleado?892f357cd0c586f2286a6d1c75843e03,,MD,,gxPopupLevel%3D0%3B,gx-no-cache=1527254122107 HTTP/1.1" 200 3179
200.54.247.70 - - [25/May/2018:10:16:40 -0300] "POST /cormun/servlet/prfichaempleado?892f357cd0c586f2286a6d1c75843e03,,MD,,gxPopupLevel%3D0%3B,gx-no-cache=1527254140549 HTTP/1.1" 200 3415
192.168.4.251 - - [25/May/2018:10:16:43 -0300] "POST /cormun/servlet/solicitudgral?04dacd19c4dc09ffd62435550fcd48bd,UPD,2018,11365,,gx-no-cache=1527254141923 HTTP/1.1" 200 93
192.168.4.251 - - [25/May/2018:10:16:43 -0300] "GET /cormun/servlet/hpexe_return? HTTP/1.1" 200 1019
192.168.4.251 - - [25/May/2018:10:16:43 -0300] "GET /cormun/static/gxcfg.js?2016101716175148 HTTP/1.1" 304 -
192.168.4.251 - - [25/May/2018:10:16:43 -0300] "GET /cormun/static/hpexe_return.js?2016101716175153 HTTP/1.1" 304 -
192.168.4.251 - - [25/May/2018:10:16:43 -0300] "GET /cormun/static/Resources/Spanish/PXTools.css?167811 HTTP/1.1" 304 -
200.54.247.70 - - [25/May/2018:10:16:43 -0300] "GET /cormun/servlet/permisogoce?ad4ac2caf3955a8a96324d54d1d42497740791eb7633c7fbefd32d722edad1c154b61728f138556aed0b1f1f815eaa835e77008086f22f440c66697968ac1e3d,gx-no-cache=1527254143294 HTTP/1.1" 200 79
192.168.4.251 - - [25/May/2018:10:16:43 -0300] "GET /cormun/servlet/vesolicitudgral?2018,11365,, HTTP/1.1" 200 9121
192.168.4.251 - - [25/May/2018:10:16:43 -0300] "GET /cormun/pexe_scrolldiv.js HTTP/1.1" 404 1009
192.168.4.251 - - [25/May/2018:10:16:43 -0300] "GET /cormun/pexe_scrolldiv.js HTTP/1.1" 404 1009
192.168.4.251 - - [25/May/2018:10:16:44 -0300] "GET /cormun/servlet/vesolicitudgral?2018,11365,, HTTP/1.1" 200 9118
192.168.4.251 - - [25/May/2018:10:16:49 -0300] "POST /cormun/servlet/vesolicitudgral?04dacd19c4dc09ffd62435550fcd48bd,2018,11365,,,gx-no-cache=1527254148111 HTTP/1.1" 200 12020
192.168.4.251 - - [25/May/2018:10:16:49 -0300] "GET /cormun/static/Shared/jqueryui/images/ui-icons_82798d_256x240.png HTTP/1.1" 404 1089
192.168.4.251 - - [25/May/2018:10:16:49 -0300] "GET /cormun/static/Shared/jqueryui/images/ui-bg_highlight-soft_100_c6c2c8_1x100.png HTTP/1.1" 404 1117
192.168.4.251 - - [25/May/2018:10:16:49 -0300] "GET /cormun/static/Shared/jqueryui/images/ui-icons_8d78a5_256x240.png HTTP/1.1" 404 1089
192.168.4.251 - - [25/May/2018:10:16:49 -0300] "GET /cormun/static/Shared/jqueryui/images/ui-bg_flat_55_fafafa_40x100.png HTTP/1.1" 404 1097
192.168.4.251 - - [25/May/2018:10:16:50 -0300] "POST /cormun/servlet/vesolicitudgral?04dacd19c4dc09ffd62435550fcd48bd,2018,11365,,,gx-no-cache=1527254148514 HTTP/1.1" 200 11954
200.54.247.70 - - [25/May/2018:10:16:51 -0300] "GET /cormun/servlet/permisogoce?ad4ac2caf3955a8a96324d54d1d42497a3a9962c9a635aac5652d6b803f5df5ff1c1510488b323021b335c78383c641e1747aeed761b43eae5f7aadf5c022e9e,gx-no-cache=1527254151801 HTTP/1.1" 200 47
200.54.247.70 - - [25/May/2018:10:16:56 -0300] "POST /cormun/servlet/permisogoce?892f357cd0c586f2286a6d1c75843e03,INS,0,,,,gx-no-cache=1527254156111 HTTP/1.1" 200 93
200.54.247.70 - - [25/May/2018:10:16:56 -0300] "GET /cormun/servlet/hpexe_return? HTTP/1.1" 200 1026
200.54.247.70 - - [25/May/2018:10:16:56 -0300] "GET /cormun/servlet/trpermisosgoce?gx-no-cache=1527253996196 HTTP/1.1" 200 10161
200.54.247.70 - - [25/May/2018:10:16:57 -0300] "GET /cormun/servlet/trpermisosgoce?gx-no-cache=1527253996196 HTTP/1.1" 200 10210
192.168.4.251 - - [25/May/2018:10:16:58 -0300] "POST /cormun/servlet/vesolicitudgral?04dacd19c4dc09ffd62435550fcd48bd,2018,11365,,,gx-no-cache=1527254157038 HTTP/1.1" 200 90
192.168.4.251 - - [25/May/2018:10:16:58 -0300] "GET /cormun/servlet/hpexe_link HTTP/1.1" 200 967
192.168.4.251 - - [25/May/2018:10:16:58 -0300] "GET /cormun/servlet/trsolicitudgral HTTP/1.1" 200 11829
192.168.4.251 - - [25/May/2018:10:16:59 -0300] "GET /cormun/servlet/trsolicitudgral HTTP/1.1" 200 11828
200.54.247.70 - - [25/May/2018:10:17:00 -0300] "GET /cormun/servlet/trpermisosadjuntos?10523974,20180525091253,P, HTTP/1.1" 200 6560
200.54.247.70 - - [25/May/2018:10:17:01 -0300] "GET /cormun/servlet/trpermisosadjuntos?10523974,20180525091253,P, HTTP/1.1" 200 6541
192.168.4.251 - - [25/May/2018:10:17:01 -0300] "POST /cormun/servlet/trsolicitudgral?04dacd19c4dc09ffd62435550fcd48bd,gx-no-cache=1527254160562 HTTP/1.1" 200 116
192.168.4.251 - - [25/May/2018:10:17:01 -0300] "GET /cormun/servlet/solicitudotlog?INS,2018,11166,0,REC, HTTP/1.1" 200 6299
192.168.4.251 - - [25/May/2018:10:17:02 -0300] "GET /cormun/static/gxcfg.js?2017761245646 HTTP/1.1" 304 -
192.168.4.251 - - [25/May/2018:10:17:02 -0300] "GET /cormun/static/solicitudotlog.js?2017761245655 HTTP/1.1" 304 -
192.168.4.251 - - [25/May/2018:10:17:02 -0300] "GET /cormun/servlet/solicitudotlog?INS,2018,11166,0,REC, HTTP/1.1" 200 6301
200.54.247.70 - - [25/May/2018:10:17:02 -0300] "GET /cormun/servlet/permisosadjuntos?INS,10523974,P,20180525091253,, HTTP/1.1" 200 5869
192.168.4.251 - - [25/May/2018:10:17:02 -0300] "GET /cormun/servlet/solicitudotlog?ea8f2ba057ebb3536946aff6110983f4ad763e4c4355323ce0cf28ab676fd17f0c0902680da16fb2e954b384b0d69110de7c24f10189402be2f7753e5920c1a99f1e1dff40939c8a818b6c6cfe449a65feff340c4e5162abff7acc0cc06bbe7220dfa18127a7f5531ad7dddc146537aee1ce5b7f2da2487d66f75d5f0b67d5b43b43761b37c9ab2bc4eebab93f6de431e1c891c5cc3b8976c4b880e669075970,gx-no-cache=1527254161726 HTTP/1.1" 200 94
200.54.247.70 - - [25/May/2018:10:17:03 -0300] "GET /cormun/static/about:blank HTTP/1.1" 404 1011
200.54.247.70 - - [25/May/2018:10:17:03 -0300] "GET /cormun/servlet/permisosadjuntos?INS,10523974,P,20180525091253,, HTTP/1.1" 200 5859
200.54.247.70 - - [25/May/2018:10:17:12 -0300] "POST /cormun/servlet/permisosadjuntos?892f357cd0c586f2286a6d1c75843e03,INS,10523974,P,20180525091253,, HTTP/1.1" 200 116
200.54.247.70 - - [25/May/2018:10:17:12 -0300] "GET /cormun/servlet/hpexe_return? HTTP/1.1" 200 1032
200.54.247.70 - - [25/May/2018:10:17:12 -0300] "GET /cormun/servlet/trpermisosadjuntos?10523974,20180525091253,P, HTTP/1.1" 200 7033
200.54.247.70 - - [25/May/2018:10:17:13 -0300] "GET /cormun/servlet/trpermisosadjuntos?10523974,20180525091253,P, HTTP/1.1" 200 7030
200.54.247.70 - - [25/May/2018:10:17:16 -0300] "GET /cormun/PublicTempStorage/doc004956201805251016032017595.pdf HTTP/1.1" 200 136512
200.54.247.70 - - [25/May/2018:10:17:24 -0300] "GET /cormun/servlet/trpermisosadjuntos?10523974,20180525091253,P, HTTP/1.1" 200 7033
200.54.247.70 - - [25/May/2018:10:17:25 -0300] "GET /cormun/servlet/trpermisosadjuntos?10523974,20180525091253,P, HTTP/1.1" 200 7031
200.54.247.70 - - [25/May/2018:10:17:29 -0300] "POST /cormun/servlet/trpermisosadjuntos?892f357cd0c586f2286a6d1c75843e03,10523974,20180525091253,P,,gx-no-cache=1527254188975 HTTP/1.1" 200 90
200.54.247.70 - - [25/May/2018:10:17:29 -0300] "GET /cormun/servlet/hpexe_link HTTP/1.1" 200 998
200.54.247.70 - - [25/May/2018:10:17:29 -0300] "GET /cormun/servlet/trpermisosgoce?gx-no-cache=1527253996196 HTTP/1.1" 200 10171
200.54.247.70 - - [25/May/2018:10:17:30 -0300] "GET /cormun/servlet/trpermisosgoce?gx-no-cache=1527253996196 HTTP/1.1" 200 10195
200.54.247.70 - - [25/May/2018:10:17:42 -0300] "POST /cormun/servlet/trpermisosgoce?892f357cd0c586f2286a6d1c75843e03,gx-no-cache=1527253996196,gx-no-cache=1527254202233 HTTP/1.1" 200 7332
200.54.247.70 - - [25/May/2018:10:17:42 -0300] "GET /cormun/static/Shared/jqueryui/images/ui-bg_highlight-soft_100_c6c2c8_1x100.png HTTP/1.1" 404 1117
200.54.247.70 - - [25/May/2018:10:17:42 -0300] "GET /cormun/static/Shared/jqueryui/images/ui-icons_82798d_256x240.png HTTP/1.1" 404 1089
200.54.247.70 - - [25/May/2018:10:17:42 -0300] "GET /cormun/static/Shared/jqueryui/images/ui-bg_flat_55_fafafa_40x100.png HTTP/1.1" 404 1097
200.54.247.70 - - [25/May/2018:10:17:42 -0300] "GET /cormun/static/Shared/jqueryui/images/ui-icons_8d78a5_256x240.png HTTP/1.1" 404 1089
192.168.4.251 - - [25/May/2018:10:18:03 -0300] "POST /cormun/servlet/solicitudotlog?04dacd19c4dc09ffd62435550fcd48bd,INS,2018,11166,0,REC,,gx-no-cache=1527254222017 HTTP/1.1" 200 93
192.168.4.251 - - [25/May/2018:10:18:03 -0300] "GET /cormun/servlet/hpexe_return? HTTP/1.1" 200 1023
192.168.4.251 - - [25/May/2018:10:18:03 -0300] "GET /cormun/servlet/trsolicitudgral HTTP/1.1" 200 11480
192.168.4.251 - - [25/May/2018:10:18:04 -0300] "GET /cormun/servlet/trsolicitudgral HTTP/1.1" 200 11475
192.168.10.96 - - [25/May/2018:10:18:08 -0300] "GET /cormun/servlet/trsolicitudgral? HTTP/1.1" 200 9228
192.168.10.96 - - [25/May/2018:10:18:08 -0300] "GET /cormun/servlet/trsolicitudgral? HTTP/1.1" 200 9211
192.168.10.96 - - [25/May/2018:10:18:13 -0300] "POST /cormun/servlet/trsolicitudgral?841539ac6af79c61bc1433fbe7cafb94,,gx-no-cache=1527254099994 HTTP/1.1" 200 7876
192.168.4.251 - - [25/May/2018:10:18:14 -0300] "POST /cormun/servlet/trsolicitudgral?04dacd19c4dc09ffd62435550fcd48bd,gx-no-cache=1527254233016 HTTP/1.1" 200 116
192.168.4.251 - - [25/May/2018:10:18:14 -0300] "GET /cormun/servlet/solicitudotlog?INS,2018,11164,0,REC, HTTP/1.1" 200 6300
192.168.4.251 - - [25/May/2018:10:18:14 -0300] "GET /cormun/servlet/solicitudotlog?INS,2018,11164,0,REC, HTTP/1.1" 200 6301
192.168.4.251 - - [25/May/2018:10:18:15 -0300] "GET /cormun/servlet/solicitudotlog?ea8f2ba057ebb3536946aff6110983f494c446a14ba17c7ca4bde7220f3b34a30c0902680da16fb2e954b384b0d69110de7c24f10189402be2f7753e5920c1a99f1e1dff40939c8a818b6c6cfe449a65feff340c4e5162abff7acc0cc06bbe7220dfa18127a7f5531ad7dddc146537aee1ce5b7f2da2487d66f75d5f0b67d5b43b43761b37c9ab2bc4eebab93f6de431e1c891c5cc3b8976c4b880e669075970,gx-no-cache=1527254234105 HTTP/1.1" 200 94
192.168.10.96 - - [25/May/2018:10:18:16 -0300] "GET /cormun/servlet/vesolicitudgral?2018,11244,, HTTP/1.1" 200 9247
192.168.10.96 - - [25/May/2018:10:18:16 -0300] "GET /cormun/pexe_scrolldiv.js HTTP/1.1" 404 1009
192.168.10.96 - - [25/May/2018:10:18:16 -0300] "GET /cormun/pexe_scrolldiv.js HTTP/1.1" 404 1009
192.168.10.96 - - [25/May/2018:10:18:16 -0300] "GET /cormun/servlet/vesolicitudgral?2018,11244,, HTTP/1.1" 200 9246
192.168.4.251 - - [25/May/2018:10:18:18 -0300] "POST /cormun/servlet/solicitudotlog?04dacd19c4dc09ffd62435550fcd48bd,INS,2018,11164,0,REC,,gx-no-cache=1527254237360 HTTP/1.1" 200 93
192.168.4.251 - - [25/May/2018:10:18:19 -0300] "GET /cormun/servlet/hpexe_return? HTTP/1.1" 200 1024
192.168.10.96 - - [25/May/2018:10:18:19 -0300] "GET /cormun/servlet/vesolicitudgral?2018,11244,,SolicitudOTAdjuntos HTTP/1.1" 200 11465
192.168.10.96 - - [25/May/2018:10:18:19 -0300] "GET /cormun/pexe_scrolldiv.js HTTP/1.1" 404 1009
192.168.4.251 - - [25/May/2018:10:18:19 -0300] "GET /cormun/servlet/trsolicitudgral HTTP/1.1" 200 11118
