200.54.247.70 - - [25/May/2018:11:55:23 -0300] "POST /cormun/servlet/licenciaspermisoslog?892f357cd0c586f2286a6d1c75843e03,INS,16494415,P,20180525095545,0,NU,,gx-no-cache=1527260062762 HTTP/1.1" 200 93
200.54.247.70 - - [25/May/2018:11:55:23 -0300] "GET /cormun/servlet/hpexe_return? HTTP/1.1" 200 1040
200.54.247.70 - - [25/May/2018:11:55:23 -0300] "GET /cormun/servlet/trautorizarpermisogoce HTTP/1.1" 200 16231
186.67.172.234 - - [25/May/2018:11:55:24 -0300] "POST /cormun/servlet/permisogoce?1f5fb6124f7c7962e606ac17c55fc54e,INS,0,,,,gx-no-cache=1527256385992 HTTP/1.1" 200 93
186.67.172.234 - - [25/May/2018:11:55:24 -0300] "GET /cormun/servlet/hpexe_return? HTTP/1.1" 200 1007
200.54.247.70 - - [25/May/2018:11:55:24 -0300] "GET /cormun/servlet/trautorizarpermisogoce HTTP/1.1" 200 16226
186.67.172.234 - - [25/May/2018:11:55:24 -0300] "GET /cormun/servlet/trpermisosgoce HTTP/1.1" 200 14491
186.67.172.234 - - [25/May/2018:11:55:24 -0300] "GET /cormun/servlet/trpermisosgoce HTTP/1.1" 200 14516
186.67.172.234 - - [25/May/2018:11:55:30 -0300] "GET /cormun/servlet/permisogoce?INS,0,,, HTTP/1.1" 200 7105
186.67.172.234 - - [25/May/2018:11:55:30 -0300] "GET /cormun/servlet/permisogoce?INS,0,,, HTTP/1.1" 200 7105
200.54.247.70 - - [25/May/2018:11:55:32 -0300] "GET /cormun/servlet/trpermisosgoce? HTTP/1.1" 200 16877
200.54.247.70 - - [25/May/2018:11:55:32 -0300] "GET /cormun/servlet/trpermisosgoce? HTTP/1.1" 200 16943
200.54.247.70 - - [25/May/2018:11:55:34 -0300] "GET /cormun/servlet/permisogoce?INS,0,,, HTTP/1.1" 200 7093
200.54.247.70 - - [25/May/2018:11:55:34 -0300] "GET /cormun/servlet/permisogoce?INS,0,,, HTTP/1.1" 200 7093
200.54.247.70 - - [25/May/2018:11:55:37 -0300] "GET /cormun/servlet/prfichaempleado?,MD,,gxPopupLevel%3D0%3B HTTP/1.1" 200 9394
186.67.172.234 - - [25/May/2018:11:55:38 -0300] "GET /cormun/servlet/permisogoce?d7f9af037a313f4f43ece5795140a8688d01de3947b78cf90ff74110c0a36db4d83fa1a347a64a54e419b7bd296cf69bece24485767c5301595ab91724b8b33c,gx-no-cache=1527256400490 HTTP/1.1" 200 79
186.67.172.234 - - [25/May/2018:11:55:38 -0300] "GET /cormun/static/menuarrow.gif HTTP/1.1" 404 1015
200.54.247.70 - - [25/May/2018:11:55:45 -0300] "POST /cormun/servlet/prfichaempleado?892f357cd0c586f2286a6d1c75843e03,,MD,,gxPopupLevel%3D0%3B,gx-no-cache=1527260085493 HTTP/1.1" 200 3415
186.67.172.234 - - [25/May/2018:11:55:46 -0300] "GET /cormun/servlet/permisogoce?d7f9af037a313f4f43ece5795140a868fc8a50e1d6f71e15a2d825e9af37e21b1f6986964904ff531a8036985e2536c1b5c8a3c6c96505b5a04cc1b8ff6c6db5,gx-no-cache=1527256408349 HTTP/1.1" 200 47
200.54.247.70 - - [25/May/2018:11:55:48 -0300] "GET /cormun/servlet/permisogoce?ad4ac2caf3955a8a96324d54d1d42497d11c6c4bb182169f122204989a43d65354b61728f138556aed0b1f1f815eaa835e77008086f22f440c66697968ac1e3d,gx-no-cache=1527260088270 HTTP/1.1" 200 83
186.67.172.234 - - [25/May/2018:11:55:53 -0300] "POST /cormun/servlet/permisogoce?1f5fb6124f7c7962e606ac17c55fc54e,INS,0,,,,gx-no-cache=1527256415621 HTTP/1.1" 200 93
186.67.172.234 - - [25/May/2018:11:55:53 -0300] "GET /cormun/servlet/hpexe_return? HTTP/1.1" 200 1007
186.67.172.234 - - [25/May/2018:11:55:54 -0300] "GET /cormun/servlet/trpermisosgoce HTTP/1.1" 200 14743
186.67.172.234 - - [25/May/2018:11:55:54 -0300] "GET /cormun/servlet/trpermisosgoce HTTP/1.1" 200 14738
200.54.247.70 - - [25/May/2018:11:55:57 -0300] "GET /cormun/servlet/permisogoce?ad4ac2caf3955a8a96324d54d1d42497c509ebce9e77e407f7d3d30ee5120bae8b6101e51a5c0955cb91bd728490a7d7b7c076ab465cc0229a4ba7bf9831c9a5,gx-no-cache=1527260096994 HTTP/1.1" 200 154
200.54.247.70 - - [25/May/2018:11:55:57 -0300] "GET /cormun/static/Shared/jqueryui/images/ui-bg_highlight-soft_100_c6c2c8_1x100.png HTTP/1.1" 404 1117
200.54.247.70 - - [25/May/2018:11:55:57 -0300] "GET /cormun/static/Shared/jqueryui/images/ui-icons_82798d_256x240.png HTTP/1.1" 404 1089
200.54.247.70 - - [25/May/2018:11:55:57 -0300] "GET /cormun/static/Shared/jqueryui/images/ui-icons_ebccce_256x240.png HTTP/1.1" 404 1089
200.54.247.70 - - [25/May/2018:11:55:57 -0300] "GET /cormun/static/Shared/jqueryui/images/ui-bg_flat_55_994d53_40x100.png HTTP/1.1" 404 1097
186.67.172.234 - - [25/May/2018:11:55:57 -0300] "GET /cormun/servlet/permisogoce?INS,0,,, HTTP/1.1" 200 7105
186.67.172.234 - - [25/May/2018:11:55:57 -0300] "GET /cormun/servlet/permisogoce?INS,0,,, HTTP/1.1" 200 7105
192.168.10.96 - - [25/May/2018:11:56:01 -0300] "GET /cormun/servlet/vesolicitudgral?2018,11347,,SolicitudOTAdjuntos HTTP/1.1" 200 11560
192.168.10.96 - - [25/May/2018:11:56:01 -0300] "GET /cormun/pexe_scrolldiv.js HTTP/1.1" 404 1009
192.168.10.96 - - [25/May/2018:11:56:01 -0300] "GET /cormun/pexe_scrolldiv.js HTTP/1.1" 404 1009
192.168.10.96 - - [25/May/2018:11:56:02 -0300] "GET /cormun/servlet/vesolicitudgral?2018,11347,,SolicitudOTAdjuntos HTTP/1.1" 200 11560
192.168.10.96 - - [25/May/2018:11:56:02 -0300] "POST /cormun/servlet/acontrolpreferencessavestate?None,DZAMUDIO,true HTTP/1.1" 200 35
192.168.10.96 - - [25/May/2018:11:56:03 -0300] "GET /cormun/PublicTempStorage/fotocopia_cedula_de_identidad.3583291.pdf HTTP/1.1" 200 323803
186.103.157.246 - - [25/May/2018:11:56:03 -0300] "POST /cormun/servlet/licenciaspermisos?417883bd0e43ec2b77f059fed4614a48,INS,0,,,,gx-no-cache=1527260102798 HTTP/1.1" 200 5108
186.103.157.246 - - [25/May/2018:11:56:03 -0300] "GET /cormun/static/Shared/jqueryui/images/ui-bg_highlight-soft_100_c6c2c8_1x100.png HTTP/1.1" 404 1117
186.103.157.246 - - [25/May/2018:11:56:03 -0300] "GET /cormun/static/Shared/jqueryui/images/ui-icons_ebccce_256x240.png HTTP/1.1" 404 1089
186.103.157.246 - - [25/May/2018:11:56:03 -0300] "GET /cormun/static/Shared/jqueryui/images/ui-bg_flat_55_994d53_40x100.png HTTP/1.1" 404 1097
186.103.157.246 - - [25/May/2018:11:56:03 -0300] "GET /cormun/static/Shared/jqueryui/images/ui-icons_82798d_256x240.png HTTP/1.1" 404 1089
186.67.172.234 - - [25/May/2018:11:56:05 -0300] "GET /cormun/servlet/permisogoce?d7f9af037a313f4f43ece5795140a868359b237e326816deb81ed872cef1290f9950a2e72fad67d9ad605af987a17c8a,gx-no-cache=1527256427691 HTTP/1.1" 200 78
186.67.172.234 - - [25/May/2018:11:56:05 -0300] "GET /cormun/static/menuarrow.gif HTTP/1.1" 404 1015
186.103.157.246 - - [25/May/2018:11:56:06 -0300] "GET /cormun/servlet/licenciaspermisos?f665708f67a9ab7da9f4a6302a9534690bc69212d6c526f3857009939d0647d9fe7e1d063b3905aee686208c87906f4505d92100a9dbc1eae3613ae4465218dbae236e282fe96051b758fc7c675fcc25f3586f7d65e08048d0603cde3a94b46eae236e282fe96051b758fc7c675fcc25575534273bb347eb8827973686594d38b6901b5e2f140ca02fddd0ce04525d2ea21aac2694bc8e60abed2563196e0cab04ab63c9b0cd227ea1c4936c28e34182545b6ae93ac341571754a3afda374ae5b565366566e877e221a944adbc763251,gx-no-cache=1527260106527 HTTP/1.1" 200 98
186.103.157.246 - - [25/May/2018:11:56:07 -0300] "POST /cormun/servlet/licenciaspermisos?417883bd0e43ec2b77f059fed4614a48,INS,0,,,,gx-no-cache=1527260106666 HTTP/1.1" 200 4891
192.168.10.96 - - [25/May/2018:11:56:08 -0300] "GET /cormun/servlet/vesolicitudgral?2018,11347,,SolicitudOTAdjuntos HTTP/1.1" 200 11559
192.168.10.96 - - [25/May/2018:11:56:09 -0300] "GET /cormun/servlet/vesolicitudgral?2018,11347,,SolicitudOTAdjuntos HTTP/1.1" 200 11560
192.168.10.96 - - [25/May/2018:11:56:09 -0300] "POST /cormun/servlet/acontrolpreferencessavestate?None,DZAMUDIO,true HTTP/1.1" 200 35
192.168.10.96 - - [25/May/2018:11:56:12 -0300] "GET /cormun/PublicTempStorage/certificado_de_afp6199206.pdf HTTP/1.1" 200 3776307
186.67.172.234 - - [25/May/2018:11:56:13 -0300] "GET /cormun/servlet/permisogoce?d7f9af037a313f4f43ece5795140a868b3495ba55da97079d5a2c93876943d4be14efc569b0aa3d00b06b82e69045981108550faa976277e5c12444fcc210ade,gx-no-cache=1527256435763 HTTP/1.1" 200 47
192.168.10.96 - - [25/May/2018:11:56:16 -0300] "GET /cormun/servlet/vesolicitudgral?2018,11347,,SolicitudOTAdjuntos HTTP/1.1" 200 11563
186.67.172.234 - - [25/May/2018:11:56:17 -0300] "POST /cormun/servlet/permisogoce?1f5fb6124f7c7962e606ac17c55fc54e,INS,0,,,,gx-no-cache=1527256438956 HTTP/1.1" 200 93
186.67.172.234 - - [25/May/2018:11:56:17 -0300] "GET /cormun/servlet/hpexe_return? HTTP/1.1" 200 1007
186.67.172.234 - - [25/May/2018:11:56:17 -0300] "GET /cormun/servlet/trpermisosgoce HTTP/1.1" 200 14947
192.168.10.96 - - [25/May/2018:11:56:17 -0300] "POST /cormun/servlet/acontrolpreferencessavestate?None,DZAMUDIO,true HTTP/1.1" 200 35
192.168.10.96 - - [25/May/2018:11:56:17 -0300] "GET /cormun/servlet/vesolicitudgral?2018,11347,,SolicitudOTAdjuntos HTTP/1.1" 200 11559
186.67.172.234 - - [25/May/2018:11:56:18 -0300] "GET /cormun/servlet/trpermisosgoce HTTP/1.1" 200 14952
192.168.10.96 - - [25/May/2018:11:56:18 -0300] "GET /cormun/PublicTempStorage/certificado_de_fonasa5020320.pdf HTTP/1.1" 200 400761
186.67.172.234 - - [25/May/2018:11:56:24 -0300] "GET /cormun/servlet/permisogoce?INS,0,,, HTTP/1.1" 200 7105
186.67.172.234 - - [25/May/2018:11:56:24 -0300] "GET /cormun/servlet/permisogoce?INS,0,,, HTTP/1.1" 200 7105
192.168.10.96 - - [25/May/2018:11:56:24 -0300] "GET /cormun/servlet/vesolicitudgral?2018,11347,,SolicitudOTAdjuntos HTTP/1.1" 200 11563
192.168.10.96 - - [25/May/2018:11:56:26 -0300] "GET /cormun/servlet/vesolicitudgral?2018,11347,,SolicitudOTAdjuntos HTTP/1.1" 200 11555
192.168.10.96 - - [25/May/2018:11:56:26 -0300] "POST /cormun/servlet/acontrolpreferencessavestate?None,DZAMUDIO,true HTTP/1.1" 200 35
186.67.172.234 - - [25/May/2018:11:56:33 -0300] "GET /cormun/servlet/permisogoce?d7f9af037a313f4f43ece5795140a86822057d9e42218d88630bb0e56306b7309950a2e72fad67d9ad605af987a17c8a,gx-no-cache=1527256456171 HTTP/1.1" 200 81
186.67.172.234 - - [25/May/2018:11:56:34 -0300] "GET /cormun/static/menuarrow.gif HTTP/1.1" 404 1015
200.54.247.70 - - [25/May/2018:11:56:38 -0300] "GET /cormun/servlet/trautorizarpermisogoce? HTTP/1.1" 200 16234
200.54.247.70 - - [25/May/2018:11:56:39 -0300] "GET /cormun/servlet/trautorizarpermisogoce? HTTP/1.1" 200 16226
186.67.172.234 - - [25/May/2018:11:56:40 -0300] "GET /cormun/servlet/permisogoce?d7f9af037a313f4f43ece5795140a868dd7c5cdad726f8e86222854fe342aec3b629cb637fb458065da96a1a8254cf275605d961d12deb18854f37f18e912f9c,gx-no-cache=1527256462770 HTTP/1.1" 200 47
186.67.172.234 - - [25/May/2018:11:56:44 -0300] "POST /cormun/servlet/permisogoce?1f5fb6124f7c7962e606ac17c55fc54e,INS,0,,,,gx-no-cache=1527256466267 HTTP/1.1" 200 93
186.67.172.234 - - [25/May/2018:11:56:44 -0300] "GET /cormun/servlet/hpexe_return? HTTP/1.1" 200 1007
186.67.172.234 - - [25/May/2018:11:56:44 -0300] "GET /cormun/servlet/trpermisosgoce HTTP/1.1" 200 15173
186.67.172.234 - - [25/May/2018:11:56:45 -0300] "GET /cormun/servlet/trpermisosgoce HTTP/1.1" 200 15152
186.67.172.234 - - [25/May/2018:11:56:48 -0300] "GET /cormun/servlet/permisogoce?INS,0,,, HTTP/1.1" 200 7104
186.67.172.234 - - [25/May/2018:11:56:48 -0300] "GET /cormun/servlet/permisogoce?INS,0,,, HTTP/1.1" 200 7105
186.67.172.234 - - [25/May/2018:11:56:59 -0300] "GET /cormun/servlet/permisogoce?d7f9af037a313f4f43ece5795140a86849a069485c62b14e844242500cb4953fd83fa1a347a64a54e419b7bd296cf69bece24485767c5301595ab91724b8b33c,gx-no-cache=1527256481631 HTTP/1.1" 200 91
186.67.172.234 - - [25/May/2018:11:56:59 -0300] "GET /cormun/static/menuarrow.gif HTTP/1.1" 404 1015
186.103.157.246 - - [25/May/2018:11:57:06 -0300] "GET /cormun/static/menuarrow.gif HTTP/1.1" 404 1015
186.67.172.234 - - [25/May/2018:11:57:07 -0300] "GET /cormun/servlet/permisogoce?d7f9af037a313f4f43ece5795140a8688959ec7d7e70de94a87ced73a7e7b3141ea4429619ad5662468f5251685f4943b5c8a3c6c96505b5a04cc1b8ff6c6db5,gx-no-cache=1527256489981 HTTP/1.1" 200 47
186.67.172.234 - - [25/May/2018:11:57:12 -0300] "POST /cormun/servlet/permisogoce?1f5fb6124f7c7962e606ac17c55fc54e,INS,0,,,,gx-no-cache=1527256494840 HTTP/1.1" 200 93
186.67.172.234 - - [25/May/2018:11:57:13 -0300] "GET /cormun/servlet/hpexe_return? HTTP/1.1" 200 1007
186.67.172.234 - - [25/May/2018:11:57:13 -0300] "GET /cormun/servlet/trpermisosgoce HTTP/1.1" 200 15358
186.67.172.234 - - [25/May/2018:11:57:13 -0300] "GET /cormun/servlet/trpermisosgoce HTTP/1.1" 200 15334
186.67.172.234 - - [25/May/2018:11:57:17 -0300] "GET /cormun/servlet/permisogoce?INS,0,,, HTTP/1.1" 200 7105
186.67.172.234 - - [25/May/2018:11:57:18 -0300] "GET /cormun/servlet/permisogoce?INS,0,,, HTTP/1.1" 200 7105
186.67.172.234 - - [25/May/2018:11:57:27 -0300] "GET /cormun/servlet/permisogoce?d7f9af037a313f4f43ece5795140a8685d71bba22a696e9b96572bacddb17f9ed83fa1a347a64a54e419b7bd296cf69bece24485767c5301595ab91724b8b33c,gx-no-cache=1527256509705 HTTP/1.1" 200 80
186.67.172.234 - - [25/May/2018:11:57:27 -0300] "GET /cormun/static/menuarrow.gif HTTP/1.1" 404 1015
186.67.172.234 - - [25/May/2018:11:57:40 -0300] "GET /cormun/servlet/permisogoce?d7f9af037a313f4f43ece5795140a868cf01a86437c1fa544c5e6a9cc9c073349645208445647f1028054a373a3be768b5c8a3c6c96505b5a04cc1b8ff6c6db5,gx-no-cache=1527256522375 HTTP/1.1" 200 48
186.67.172.234 - - [25/May/2018:11:57:49 -0300] "POST /cormun/servlet/permisogoce?1f5fb6124f7c7962e606ac17c55fc54e,INS,0,,,,gx-no-cache=1527256531632 HTTP/1.1" 200 93
186.67.172.234 - - [25/May/2018:11:57:49 -0300] "GET /cormun/servlet/hpexe_return? HTTP/1.1" 200 1007
186.67.172.234 - - [25/May/2018:11:57:49 -0300] "GET /cormun/servlet/trpermisosgoce HTTP/1.1" 200 15576
186.67.172.234 - - [25/May/2018:11:57:50 -0300] "GET /cormun/servlet/trpermisosgoce HTTP/1.1" 200 15607
186.103.196.84 - - [25/May/2018:11:58:02 -0300] "POST /cormun/servlet/solicitudot?cf5de4ce24822eb352ee88d5ae1c262f,INS,0,0,,gx-no-cache=1527260219651 HTTP/1.1" 200 93
186.103.196.84 - - [25/May/2018:11:58:02 -0300] "GET /cormun/servlet/hpexe_return? HTTP/1.1" 200 1004
186.103.196.84 - - [25/May/2018:11:58:03 -0300] "GET /cormun/static/gxcfg.js?2016101716175148 HTTP/1.1" 200 953
190.151.124.170 - - [25/May/2018:11:58:03 -0300] "GET /cormun/static/hpexe_return.js?2016101716175153 HTTP/1.1" 200 1633
186.103.196.84 - - [25/May/2018:11:58:03 -0300] "GET /cormun/static/Resources/Spanish/PXTools.css?167811 HTTP/1.1" 200 89042
186.103.196.84 - - [25/May/2018:11:58:03 -0300] "GET /cormun/servlet/trsolicitudot HTTP/1.1" 200 7423
186.103.196.84 - - [25/May/2018:11:58:03 -0300] "GET /cormun/servlet/trsolicitudot HTTP/1.1" 200 7420
186.103.196.84 - - [25/May/2018:11:58:06 -0300] "GET /cormun/servlet/solicitudot?INS,0,0, HTTP/1.1" 200 13656
186.103.196.84 - - [25/May/2018:11:58:07 -0300] "GET /cormun/servlet/solicitudot?INS,0,0, HTTP/1.1" 200 13661
190.151.124.170 - - [25/May/2018:11:58:18 -0300] "POST /cormun/servlet/solicitudot?gx-no-cache=1527260235439 HTTP/1.1" 200 3284
190.151.124.170 - - [25/May/2018:11:58:18 -0300] "POST /cormun/servlet/solicitudot?cf5de4ce24822eb352ee88d5ae1c262f,INS,0,0,,gx-no-cache=1527260235635 HTTP/1.1" 200 10439
190.151.124.170 - - [25/May/2018:11:58:21 -0300] "GET /cormun/servlet/solicitudot?2a818fd9ee654424a1b1da0f2a92be2809fc4c928af70cb8c0ceeb19e0701d95105be7119cc500f9cb18b669e3f5add5,gx-no-cache=1527260238014 HTTP/1.1" 200 30
186.67.172.234 - - [25/May/2018:11:58:21 -0300] "GET /cormun/servlet/trpermisosadjuntos?16532841,20180525104911,P, HTTP/1.1" 200 6546
186.67.172.234 - - [25/May/2018:11:58:21 -0300] "GET /cormun/static/gxcfg.js?201762817193957 HTTP/1.1" 200 953
186.67.172.234 - - [25/May/2018:11:58:22 -0300] "GET /cormun/servlet/trpermisosadjuntos?16532841,20180525104911,P, HTTP/1.1" 200 6547
186.67.172.234 - - [25/May/2018:11:58:23 -0300] "GET /cormun/servlet/permisosadjuntos?INS,16532841,P,20180525104911,, HTTP/1.1" 200 5878
186.67.172.234 - - [25/May/2018:11:58:23 -0300] "GET /cormun/static/gxcfg.js?201762717441171 HTTP/1.1" 200 953
186.67.172.234 - - [25/May/2018:11:58:23 -0300] "GET /cormun/static/about:blank HTTP/1.1" 404 1011
186.67.172.234 - - [25/May/2018:11:58:24 -0300] "GET /cormun/servlet/permisosadjuntos?INS,16532841,P,20180525104911,, HTTP/1.1" 200 5868
186.67.172.234 - - [25/May/2018:11:58:34 -0300] "POST /cormun/servlet/permisosadjuntos?1f5fb6124f7c7962e606ac17c55fc54e,INS,16532841,P,20180525104911,, HTTP/1.1" 200 116
186.67.172.234 - - [25/May/2018:11:58:34 -0300] "GET /cormun/servlet/hpexe_return? HTTP/1.1" 200 1035
186.67.172.234 - - [25/May/2018:11:58:34 -0300] "GET /cormun/servlet/trpermisosadjuntos?16532841,20180525104911,P, HTTP/1.1" 200 7042
186.67.172.234 - - [25/May/2018:11:58:35 -0300] "GET /cormun/servlet/trpermisosadjuntos?16532841,20180525104911,P, HTTP/1.1" 200 7038
186.67.172.234 - - [25/May/2018:11:58:38 -0300] "POST /cormun/servlet/trpermisosadjuntos?1f5fb6124f7c7962e606ac17c55fc54e,16532841,20180525104911,P,,gx-no-cache=1527256580225 HTTP/1.1" 200 90
186.67.172.234 - - [25/May/2018:11:58:38 -0300] "GET /cormun/servlet/hpexe_link HTTP/1.1" 200 981
186.67.172.234 - - [25/May/2018:11:58:38 -0300] "GET /cormun/servlet/trpermisosgoce HTTP/1.1" 200 15565
186.67.172.234 - - [25/May/2018:11:58:38 -0300] "GET /cormun/servlet/trpermisosgoce HTTP/1.1" 200 15586
200.54.247.70 - - [25/May/2018:11:58:43 -0300] "POST /cormun/servlet/trautorizarpermisogoce?892f357cd0c586f2286a6d1c75843e03,,gx-no-cache=1527260263339 HTTP/1.1" 200 5096
200.54.247.70 - - [25/May/2018:11:58:56 -0300] "GET /cormun/servlet/trpermisosgoce? HTTP/1.1" 200 16936
200.54.247.70 - - [25/May/2018:11:58:57 -0300] "GET /cormun/servlet/trpermisosgoce? HTTP/1.1" 200 16892
186.67.172.234 - - [25/May/2018:11:58:58 -0300] "GET /cormun/servlet/trpermisosadjuntos?10364792,20180525104941,P, HTTP/1.1" 200 6548
186.67.172.234 - - [25/May/2018:11:58:59 -0300] "GET /cormun/servlet/trpermisosadjuntos?10364792,20180525104941,P, HTTP/1.1" 200 6549
200.54.247.70 - - [25/May/2018:11:58:59 -0300] "GET /cormun/servlet/permisogoce?INS,0,,, HTTP/1.1" 200 7093
200.54.247.70 - - [25/May/2018:11:58:59 -0300] "GET /cormun/servlet/permisogoce?INS,0,,, HTTP/1.1" 200 7093
186.67.172.234 - - [25/May/2018:11:59:00 -0300] "GET /cormun/servlet/permisosadjuntos?INS,10364792,P,20180525104941,, HTTP/1.1" 200 5880
186.67.172.234 - - [25/May/2018:11:59:00 -0300] "GET /cormun/static/about:blank HTTP/1.1" 404 1011
186.67.172.234 - - [25/May/2018:11:59:01 -0300] "GET /cormun/servlet/permisosadjuntos?INS,10364792,P,20180525104941,, HTTP/1.1" 200 5870
200.54.247.70 - - [25/May/2018:11:59:01 -0300] "GET /cormun/servlet/prfichaempleado?,MD,,gxPopupLevel%3D0%3B HTTP/1.1" 200 9394
200.54.247.70 - - [25/May/2018:11:59:07 -0300] "POST /cormun/servlet/prfichaempleado?892f357cd0c586f2286a6d1c75843e03,,MD,,gxPopupLevel%3D0%3B,gx-no-cache=1527260286805 HTTP/1.1" 200 4091
186.67.172.234 - - [25/May/2018:11:59:07 -0300] "POST /cormun/servlet/permisosadjuntos?1f5fb6124f7c7962e606ac17c55fc54e,INS,10364792,P,20180525104941,, HTTP/1.1" 200 116
186.67.172.234 - - [25/May/2018:11:59:07 -0300] "GET /cormun/servlet/hpexe_return? HTTP/1.1" 200 1036
186.67.172.234 - - [25/May/2018:11:59:08 -0300] "GET /cormun/servlet/trpermisosadjuntos?10364792,20180525104941,P, HTTP/1.1" 200 7042
186.67.172.234 - - [25/May/2018:11:59:08 -0300] "GET /cormun/servlet/trpermisosadjuntos?10364792,20180525104941,P, HTTP/1.1" 200 7038
200.54.247.70 - - [25/May/2018:11:59:10 -0300] "GET /cormun/servlet/permisogoce?ad4ac2caf3955a8a96324d54d1d42497d11c6c4bb182169f122204989a43d65354b61728f138556aed0b1f1f815eaa835e77008086f22f440c66697968ac1e3d,gx-no-cache=1527260290442 HTTP/1.1" 200 83
186.67.172.234 - - [25/May/2018:11:59:10 -0300] "POST /cormun/servlet/trpermisosadjuntos?1f5fb6124f7c7962e606ac17c55fc54e,10364792,20180525104941,P,,gx-no-cache=1527256613040 HTTP/1.1" 200 90
186.67.172.234 - - [25/May/2018:11:59:10 -0300] "GET /cormun/servlet/hpexe_link HTTP/1.1" 200 980
186.67.172.234 - - [25/May/2018:11:59:11 -0300] "GET /cormun/servlet/trpermisosgoce HTTP/1.1" 200 15598
186.67.172.234 - - [25/May/2018:11:59:11 -0300] "GET /cormun/servlet/trpermisosgoce HTTP/1.1" 200 15584
186.67.172.234 - - [25/May/2018:11:59:19 -0300] "POST /cormun/servlet/trpermisosgoce?1f5fb6124f7c7962e606ac17c55fc54e,gx-no-cache=1527256621427 HTTP/1.1" 200 12736
186.67.172.234 - - [25/May/2018:11:59:19 -0300] "GET /cormun/static/Shared/jqueryui/images/ui-bg_highlight-soft_100_c6c2c8_1x100.png HTTP/1.1" 404 1117
186.67.172.234 - - [25/May/2018:11:59:19 -0300] "GET /cormun/static/Shared/jqueryui/images/ui-icons_82798d_256x240.png HTTP/1.1" 404 1089
186.67.172.234 - - [25/May/2018:11:59:19 -0300] "GET /cormun/static/Shared/jqueryui/images/ui-bg_flat_55_fafafa_40x100.png HTTP/1.1" 404 1097
186.67.172.234 - - [25/May/2018:11:59:19 -0300] "GET /cormun/static/Shared/jqueryui/images/ui-icons_8d78a5_256x240.png HTTP/1.1" 404 1089
200.54.247.70 - - [25/May/2018:11:59:20 -0300] "GET /cormun/servlet/permisogoce?ad4ac2caf3955a8a96324d54d1d42497c509ebce9e77e407f7d3d30ee5120baecf20d41b2ec3ff7af75114cbd39e4f0f1747aeed761b43eae5f7aadf5c022e9e,gx-no-cache=1527260300160 HTTP/1.1" 200 125
200.54.247.70 - - [25/May/2018:11:59:20 -0300] "GET /cormun/static/Shared/jqueryui/images/ui-bg_highlight-soft_100_c6c2c8_1x100.png HTTP/1.1" 404 1117
200.54.247.70 - - [25/May/2018:11:59:20 -0300] "GET /cormun/static/Shared/jqueryui/images/ui-icons_82798d_256x240.png HTTP/1.1" 404 1089
200.54.247.70 - - [25/May/2018:11:59:20 -0300] "GET /cormun/static/Shared/jqueryui/images/ui-icons_ebccce_256x240.png HTTP/1.1" 404 1089
200.54.247.70 - - [25/May/2018:11:59:20 -0300] "GET /cormun/static/Shared/jqueryui/images/ui-bg_flat_55_994d53_40x100.png HTTP/1.1" 404 1097
190.151.99.26 - - [25/May/2018:11:59:21 -0300] "POST /cormun/servlet/solicitudot?cf5de4ce24822eb352ee88d5ae1c262f,INS,0,0,,gx-no-cache=1527260298178 HTTP/1.1" 200 10766
190.151.99.26 - - [25/May/2018:11:59:21 -0300] "GET /cormun/static/Shared/jqueryui/images/ui-bg_highlight-soft_100_c6c2c8_1x100.png HTTP/1.1" 404 1117
190.151.99.26 - - [25/May/2018:11:59:21 -0300] "GET /cormun/static/Shared/jqueryui/images/ui-bg_flat_55_994d53_40x100.png HTTP/1.1" 404 1097
200.54.18.125 - - [25/May/2018:11:59:21 -0300] "GET /cormun/static/Shared/jqueryui/images/ui-icons_82798d_256x240.png HTTP/1.1" 404 1089
190.151.99.26 - - [25/May/2018:11:59:21 -0300] "GET /cormun/static/Shared/jqueryui/images/ui-icons_ebccce_256x240.png HTTP/1.1" 404 1089
186.67.172.234 - - [25/May/2018:11:59:30 -0300] "POST /cormun/servlet/trpermisosgoce?1f5fb6124f7c7962e606ac17c55fc54e,gx-no-cache=1527256632620 HTTP/1.1" 200 12738
186.103.157.246 - - [25/May/2018:11:59:37 -0300] "GET /cormun/servlet/licenciaspermisos?f665708f67a9ab7da9f4a6302a953469e553bc0518f6d9df1ac5dc550e9509968b4660557b776d5212f4d45cb043d1ffe4dfbdeb2760fdd344c382ab87cb7ed50d1d0227ab7c5cd23f8034fcb9b56eb5566e8d4fb0376bf3102c556c55a2536ab94e3a1da342c7b45cb0dea46fe93ffa063e59a16e0e2a3bf960a1540bf90465727b0a537a0aad46a7f877bde92bb0eb31cb2523c2310deaf9fd6d520073ee4b3a8a74b92982cae078903034aa6a5bed,gx-no-cache=1527260312051 HTTP/1.1" 200 30
186.103.157.246 - - [25/May/2018:11:59:37 -0300] "GET /cormun/servlet/licenciaspermisos?f665708f67a9ab7da9f4a6302a953469cb885b4c6f701f8ae0c784019b116201dd9e7ffbf9fbe75ffd5eb9374a8b8cfe87c7d9c3b3124e65b08be4e8c943049734062ed638a0aaf3f42c4de286136a7b50eed8bd8774a48947f54cb9fe23ff319f94b26f3163de138f20078c73630a5d57c538b00f94ca87b906b2bfbf842fdae2fe1d820c9819b918698b936742416556fdf35b666ccf5e690c1e8ce49fbb3c32b312708c63d427cc89b0a1e5d507c8,gx-no-cache=1527260317168 HTTP/1.1" 200 29
200.54.247.70 - - [25/May/2018:11:59:38 -0300] "GET /cormun/servlet/trpermisosgoce? HTTP/1.1" 200 16918
200.54.247.70 - - [25/May/2018:11:59:39 -0300] "GET /cormun/servlet/trpermisosgoce? HTTP/1.1" 200 16952
186.103.157.246 - - [25/May/2018:11:59:40 -0300] "POST /cormun/servlet/licenciaspermisos?417883bd0e43ec2b77f059fed4614a48,INS,0,,,,gx-no-cache=1527260317346 HTTP/1.1" 200 93
186.103.157.246 - - [25/May/2018:11:59:40 -0300] "GET /cormun/servlet/hpexe_return? HTTP/1.1" 200 1012
186.103.157.246 - - [25/May/2018:11:59:40 -0300] "GET /cormun/servlet/trlicencias HTTP/1.1" 200 13648
186.103.157.246 - - [25/May/2018:11:59:42 -0300] "GET /cormun/servlet/trlicencias HTTP/1.1" 200 13643
186.67.172.234 - - [25/May/2018:11:59:52 -0300] "GET /cormun/servlet/trpermisosadjuntos?11887843,20180525105020,P, HTTP/1.1" 200 6540
186.67.172.234 - - [25/May/2018:11:59:52 -0300] "GET /cormun/servlet/trpermisosadjuntos?11887843,20180525105020,P, HTTP/1.1" 200 6541
186.67.172.234 - - [25/May/2018:11:59:54 -0300] "GET /cormun/servlet/permisosadjuntos?INS,11887843,P,20180525105020,, HTTP/1.1" 200 5872
186.67.172.234 - - [25/May/2018:11:59:54 -0300] "GET /cormun/static/about:blank HTTP/1.1" 404 1011
186.67.172.234 - - [25/May/2018:11:59:55 -0300] "GET /cormun/servlet/permisosadjuntos?INS,11887843,P,20180525105020,, HTTP/1.1" 200 5862
200.54.247.70 - - [25/May/2018:11:59:58 -0300] "POST /cormun/servlet/trpermisosgoce?892f357cd0c586f2286a6d1c75843e03,,gx-no-cache=1527260337833 HTTP/1.1" 200 5407
186.103.157.246 - - [25/May/2018:12:00:00 -0300] "GET /cormun/servlet/licenciaspermisos?INS,0,,, HTTP/1.1" 200 7684
186.67.172.234 - - [25/May/2018:12:00:01 -0300] "POST /cormun/servlet/permisosadjuntos?1f5fb6124f7c7962e606ac17c55fc54e,INS,11887843,P,20180525105020,, HTTP/1.1" 200 116
186.67.172.234 - - [25/May/2018:12:00:01 -0300] "GET /cormun/servlet/hpexe_return? HTTP/1.1" 200 1035
186.67.172.234 - - [25/May/2018:12:00:01 -0300] "GET /cormun/servlet/trpermisosadjuntos?11887843,20180525105020,P, HTTP/1.1" 200 7027
186.67.172.234 - - [25/May/2018:12:00:02 -0300] "GET /cormun/servlet/trpermisosadjuntos?11887843,20180525105020,P, HTTP/1.1" 200 7024
186.103.157.246 - - [25/May/2018:12:00:02 -0300] "GET /cormun/servlet/licenciaspermisos?INS,0,,, HTTP/1.1" 200 7692
186.67.172.234 - - [25/May/2018:12:00:04 -0300] "POST /cormun/servlet/trpermisosadjuntos?1f5fb6124f7c7962e606ac17c55fc54e,11887843,20180525105020,P,,gx-no-cache=1527256666624 HTTP/1.1" 200 90
186.67.172.234 - - [25/May/2018:12:00:04 -0300] "GET /cormun/servlet/hpexe_link HTTP/1.1" 200 1001
186.67.172.234 - - [25/May/2018:12:00:04 -0300] "GET /cormun/servlet/trpermisosgoce?gx-no-cache=1527256632620 HTTP/1.1" 200 15609
186.67.172.234 - - [25/May/2018:12:00:05 -0300] "GET /cormun/servlet/trpermisosgoce?gx-no-cache=1527256632620 HTTP/1.1" 200 15590
200.54.247.70 - - [25/May/2018:12:00:05 -0300] "POST /cormun/servlet/trpermisosgoce?892f357cd0c586f2286a6d1c75843e03,,gx-no-cache=1527260345265 HTTP/1.1" 200 5383
200.54.247.70 - - [25/May/2018:12:00:09 -0300] "POST /cormun/servlet/trpermisosgoce?892f357cd0c586f2286a6d1c75843e03,,gx-no-cache=1527260349442 HTTP/1.1" 200 5381
186.67.84.236 - - [25/May/2018:12:00:13 -0300] "GET /cormun/servlet/solicitudot?2a818fd9ee654424a1b1da0f2a92be286e1575b2bda655fc07278965b823c29d9bd6d076ebd8da5529d5ce8fdff3265129053284fba65a1a3e902d79aaf4f2ea,gx-no-cache=1527260350506 HTTP/1.1" 200 30
186.67.84.236 - - [25/May/2018:12:00:13 -0300] "GET /cormun/servlet/solicitudot?2a818fd9ee654424a1b1da0f2a92be2855ac0a5285b9e00e08c3b1a027aa5399,gx-no-cache=1527260350595 HTTP/1.1" 200 29
186.67.84.236 - - [25/May/2018:12:00:13 -0300] "POST /cormun/servlet/solicitudot?gx-no-cache=1527260350644 HTTP/1.1" 200 297
186.67.84.236 - - [25/May/2018:12:00:13 -0300] "GET /cormun/servlet/solicitudot?2a818fd9ee654424a1b1da0f2a92be28ba020a953487b5cfb7c962452407d0bf73a64a57259b581724eb35aa0d790610b1b6f0bcba405e1d0aaff92e36f38c323c8d2cea89f91bd7d96b778f25980a2432cec2a1fb9805a544f4ddaf509cd6e4c447c8b1a3c3e3c0386de428ac7651007a50d2a2e0d7a70e104f8f08de2a0d1cc2bd76d8a1f0357b2d9dd20a4ed113976c5260eef1371e9adc838ba570b1c6896f315a2b91f97f6e34a97df50f5a9f833ad58289fe3c6385c43154db925b0de32452da4966a58f52add995aebdc08580cb031b00bf87e61978c2f8eaed92522a74212d514e6298e0279794dd278cbd406dbebb88694d21f4ac5dd875fd48d354fc96841d50ad4f572dea60abd87b7af1a7ab1306b87132274c69a43fd7b7b42c1703c206afd54b02369c43e119f092a89ab3454e5168c6d97358a53e877094234e2bd3e3c9237f5a1d5c471f1d05d3124d12b8850377fc86f6f9a951658acfe2f7aa0759a6f11bcb76e34d2869c9071e5b8c620b55c99a8d05383530996c6be6da103991e6cfd9dd26696f37791b10a4,gx-no-cache=1527260350738 HTTP/1.1" 200 30
186.67.172.234 - - [25/May/2018:12:00:14 -0300] "GET /cormun/servlet/trpermisosadjuntos?15739042,20180525105048,P, HTTP/1.1" 200 6571
186.67.172.234 - - [25/May/2018:12:00:14 -0300] "GET /cormun/servlet/trpermisosadjuntos?15739042,20180525105048,P, HTTP/1.1" 200 6549
186.67.84.236 - - [25/May/2018:12:00:15 -0300] "POST /cormun/servlet/solicitudot?gx-no-cache=1527260352617 HTTP/1.1" 200 30
186.67.172.234 - - [25/May/2018:12:00:16 -0300] "GET /cormun/servlet/permisosadjuntos?INS,15739042,P,20180525105048,, HTTP/1.1" 200 5879
186.67.172.234 - - [25/May/2018:12:00:16 -0300] "GET /cormun/static/about:blank HTTP/1.1" 404 1011
186.67.172.234 - - [25/May/2018:12:00:16 -0300] "GET /cormun/servlet/permisosadjuntos?INS,15739042,P,20180525105048,, HTTP/1.1" 200 5869
186.67.84.236 - - [25/May/2018:12:00:18 -0300] "GET /cormun/servlet/prfichaempleado?,MD,,gxPopupLevel%3D0%3B HTTP/1.1" 200 9365
186.103.157.246 - - [25/May/2018:12:00:21 -0300] "POST /cormun/servlet/licenciaspermisos?417883bd0e43ec2b77f059fed4614a48,INS,0,,,,gx-no-cache=1527260360847 HTTP/1.1" 200 5093
186.103.157.246 - - [25/May/2018:12:00:21 -0300] "GET /cormun/static/Shared/jqueryui/images/ui-bg_highlight-soft_100_c6c2c8_1x100.png HTTP/1.1" 404 1117
186.103.157.246 - - [25/May/2018:12:00:21 -0300] "GET /cormun/static/Shared/jqueryui/images/ui-icons_82798d_256x240.png HTTP/1.1" 404 1089
186.103.157.246 - - [25/May/2018:12:00:21 -0300] "GET /cormun/static/Shared/jqueryui/images/ui-icons_ebccce_256x240.png HTTP/1.1" 404 1089
186.103.157.246 - - [25/May/2018:12:00:21 -0300] "GET /cormun/static/Shared/jqueryui/images/ui-bg_flat_55_994d53_40x100.png HTTP/1.1" 404 1097
200.54.247.70 - - [25/May/2018:12:00:21 -0300] "GET /cormun/servlet/trpermisosgoce? HTTP/1.1" 200 8280
200.54.247.70 - - [25/May/2018:12:00:22 -0300] "GET /cormun/servlet/trpermisosgoce? HTTP/1.1" 200 8280
186.67.172.234 - - [25/May/2018:12:00:22 -0300] "POST /cormun/servlet/permisosadjuntos?1f5fb6124f7c7962e606ac17c55fc54e,INS,15739042,P,20180525105048,, HTTP/1.1" 200 116
186.67.172.234 - - [25/May/2018:12:00:22 -0300] "GET /cormun/servlet/hpexe_return? HTTP/1.1" 200 1036
186.67.172.234 - - [25/May/2018:12:00:23 -0300] "GET /cormun/servlet/trpermisosadjuntos?15739042,20180525105048,P, HTTP/1.1" 200 7044
186.67.172.234 - - [25/May/2018:12:00:23 -0300] "GET /cormun/servlet/trpermisosadjuntos?15739042,20180525105048,P, HTTP/1.1" 200 7040
186.103.157.246 - - [25/May/2018:12:00:23 -0300] "GET /cormun/servlet/licenciaspermisos?f665708f67a9ab7da9f4a6302a953469398e92d5b84e07e6a6ea449440f690e37bb4048502e1d26ecf4c46c98906abf2ae236e282fe96051b758fc7c675fcc25575534273bb347eb8827973686594d38de5624894d1e00738b400d1973f50d3c575534273bb347eb8827973686594d3805d92100a9dbc1eae3613ae4465218dbae236e282fe96051b758fc7c675fcc25a0819bca406182ed295e382c35db3272668d57fc3bcc99068c5b3baedec949c44230dac36f1ff4cdc6c7503dac4643df,gx-no-cache=1527260363413 HTTP/1.1" 200 70
186.103.157.246 - - [25/May/2018:12:00:23 -0300] "POST /cormun/servlet/licenciaspermisos?417883bd0e43ec2b77f059fed4614a48,INS,0,,,,gx-no-cache=1527260363528 HTTP/1.1" 200 4874
186.67.172.234 - - [25/May/2018:12:00:25 -0300] "POST /cormun/servlet/trpermisosadjuntos?1f5fb6124f7c7962e606ac17c55fc54e,15739042,20180525105048,P,,gx-no-cache=1527256687728 HTTP/1.1" 200 90
186.67.172.234 - - [25/May/2018:12:00:25 -0300] "GET /cormun/servlet/hpexe_link HTTP/1.1" 200 1002
186.67.172.234 - - [25/May/2018:12:00:25 -0300] "GET /cormun/servlet/trpermisosgoce?gx-no-cache=1527256632620 HTTP/1.1" 200 15558
186.67.172.234 - - [25/May/2018:12:00:26 -0300] "GET /cormun/servlet/trpermisosgoce?gx-no-cache=1527256632620 HTTP/1.1" 200 15610
186.67.84.236 - - [25/May/2018:12:00:31 -0300] "POST /cormun/servlet/prfichaempleado?cf5de4ce24822eb352ee88d5ae1c262f,,MD,,gxPopupLevel%3D0%3B,gx-no-cache=1527260368293 HTTP/1.1" 200 3422
186.67.172.234 - - [25/May/2018:12:00:33 -0300] "POST /cormun/servlet/trpermisosgoce?1f5fb6124f7c7962e606ac17c55fc54e,gx-no-cache=1527256632620,gx-no-cache=1527256695484 HTTP/1.1" 200 12724
186.67.172.234 - - [25/May/2018:12:00:33 -0300] "GET /cormun/static/Shared/jqueryui/images/ui-bg_highlight-soft_100_c6c2c8_1x100.png HTTP/1.1" 404 1117
186.67.172.234 - - [25/May/2018:12:00:33 -0300] "GET /cormun/static/Shared/jqueryui/images/ui-icons_82798d_256x240.png HTTP/1.1" 404 1089
186.67.172.234 - - [25/May/2018:12:00:33 -0300] "GET /cormun/static/Shared/jqueryui/images/ui-icons_8d78a5_256x240.png HTTP/1.1" 404 1089
186.67.172.234 - - [25/May/2018:12:00:33 -0300] "GET /cormun/static/Shared/jqueryui/images/ui-bg_flat_55_fafafa_40x100.png HTTP/1.1" 404 1097
186.67.84.236 - - [25/May/2018:12:00:35 -0300] "POST /cormun/servlet/solicitudot?gx-no-cache=1527260371934 HTTP/1.1" 200 1369
186.67.84.236 - - [25/May/2018:12:00:37 -0300] "GET /cormun/servlet/prlicenciaspermisos?15730984,P,,MD,,gxPopupLevel%3D0%3B HTTP/1.1" 200 5555
186.67.84.236 - - [25/May/2018:12:00:44 -0300] "POST /cormun/servlet/solicitudot?gx-no-cache=1527260381177 HTTP/1.1" 200 41
186.103.157.246 - - [25/May/2018:12:00:48 -0300] "GET /cormun/static/menuarrow.gif HTTP/1.1" 404 1015
186.67.172.234 - - [25/May/2018:12:00:59 -0300] "POST /cormun/servlet/trpermisosgoce?1f5fb6124f7c7962e606ac17c55fc54e,gx-no-cache=1527256632620,gx-no-cache=1527256721657 HTTP/1.1" 200 12725
186.67.203.186 - - [25/May/2018:12:01:01 -0300] "GET /cormun/servlet/hlogin HTTP/1.1" 200 1717
186.67.203.186 - - [25/May/2018:12:01:02 -0300] "GET /cormun/servlet/hlogin HTTP/1.1" 200 1727
186.67.203.186 - - [25/May/2018:12:01:02 -0300] "GET /favicon.ico HTTP/1.1" 200 21630
186.67.84.236 - - [25/May/2018:12:01:02 -0300] "GET /cormun/servlet/solicitudot?2a818fd9ee654424a1b1da0f2a92be281c18c02a213f514807729a59f0ba51056390a7b8cb9faa2ddb83cb360ad08497098dbce354de308a3cebedb9ec160f31a74158a477482cd007ade53896dff729c8f0efd2c203c65cefa922b4baffd83b833d7370fd44eb75afe19649d4da44f9,gx-no-cache=1527260399753 HTTP/1.1" 200 29
186.67.84.236 - - [25/May/2018:12:01:02 -0300] "POST /cormun/servlet/solicitudot?gx-no-cache=1527260399816 HTTP/1.1" 200 1350
186.67.84.236 - - [25/May/2018:12:01:02 -0300] "POST /cormun/servlet/solicitudot?gx-no-cache=1527260399915 HTTP/1.1" 200 1249
186.67.84.236 - - [25/May/2018:12:01:03 -0300] "GET /cormun/static/menuarrow.gif HTTP/1.1" 404 1015
186.67.84.236 - - [25/May/2018:12:01:05 -0300] "POST /cormun/servlet/solicitudot?gx-no-cache=1527260402575 HTTP/1.1" 200 1350
186.67.84.236 - - [25/May/2018:12:01:05 -0300] "POST /cormun/servlet/solicitudot?gx-no-cache=1527260402680 HTTP/1.1" 200 1249
186.67.84.236 - - [25/May/2018:12:01:08 -0300] "GET /cormun/servlet/solicitudot?2a818fd9ee654424a1b1da0f2a92be28948fe6bc332c9224738bb06eef98952e3414f619ed0f7711bac258e19bb501f2,gx-no-cache=1527260405695 HTTP/1.1" 200 30
186.67.84.236 - - [25/May/2018:12:01:08 -0300] "POST /cormun/servlet/solicitudot?gx-no-cache=1527260405766 HTTP/1.1" 200 34
186.67.172.234 - - [25/May/2018:12:01:10 -0300] "GET /cormun/servlet/trpermisosadjuntos?5776627,20180525105117,P, HTTP/1.1" 200 6566
186.67.172.234 - - [25/May/2018:12:01:10 -0300] "GET /cormun/servlet/trpermisosadjuntos?5776627,20180525105117,P, HTTP/1.1" 200 6545
186.67.172.234 - - [25/May/2018:12:01:11 -0300] "GET /cormun/servlet/permisosadjuntos?INS,5776627,P,20180525105117,, HTTP/1.1" 200 5871
186.67.172.234 - - [25/May/2018:12:01:11 -0300] "GET /cormun/static/about:blank HTTP/1.1" 404 1011
186.67.172.234 - - [25/May/2018:12:01:12 -0300] "GET /cormun/servlet/permisosadjuntos?INS,5776627,P,20180525105117,, HTTP/1.1" 200 5861
186.67.203.186 - - [25/May/2018:12:01:12 -0300] "POST /cormun/servlet/hlogin?5217b0209537159055170f1ef4ef48ae,gx-no-cache=1527260409389 HTTP/1.1" 200 90
186.67.203.186 - - [25/May/2018:12:01:12 -0300] "GET /cormun/servlet/hpexe_link HTTP/1.1" 200 950
186.67.203.186 - - [25/May/2018:12:01:12 -0300] "GET /cormun/servlet/hhome HTTP/1.1" 200 4203
186.67.203.186 - - [25/May/2018:12:01:13 -0300] "GET /cormun/servlet/hhome HTTP/1.1" 200 4199
186.67.172.234 - - [25/May/2018:12:01:20 -0300] "POST /cormun/servlet/permisosadjuntos?1f5fb6124f7c7962e606ac17c55fc54e,INS,5776627,P,20180525105117,, HTTP/1.1" 200 116
186.67.172.234 - - [25/May/2018:12:01:20 -0300] "GET /cormun/servlet/hpexe_return? HTTP/1.1" 200 1034
186.67.172.234 - - [25/May/2018:12:01:20 -0300] "GET /cormun/servlet/trpermisosadjuntos?5776627,20180525105117,P, HTTP/1.1" 200 7039
186.67.172.234 - - [25/May/2018:12:01:21 -0300] "GET /cormun/servlet/trpermisosadjuntos?5776627,20180525105117,P, HTTP/1.1" 200 7035
186.67.172.234 - - [25/May/2018:12:01:23 -0300] "POST /cormun/servlet/trpermisosadjuntos?1f5fb6124f7c7962e606ac17c55fc54e,5776627,20180525105117,P,,gx-no-cache=1527256745576 HTTP/1.1" 200 90
186.67.172.234 - - [25/May/2018:12:01:23 -0300] "GET /cormun/servlet/hpexe_link HTTP/1.1" 200 1000
186.67.172.234 - - [25/May/2018:12:01:23 -0300] "GET /cormun/servlet/trpermisosgoce?gx-no-cache=1527256632620 HTTP/1.1" 200 15559
186.67.172.234 - - [25/May/2018:12:01:24 -0300] "GET /cormun/servlet/trpermisosgoce?gx-no-cache=1527256632620 HTTP/1.1" 200 15594
186.67.84.236 - - [25/May/2018:12:01:25 -0300] "POST /cormun/servlet/solicitudot?cf5de4ce24822eb352ee88d5ae1c262f,INS,0,0,,gx-no-cache=1527260422342 HTTP/1.1" 200 93
186.67.84.236 - - [25/May/2018:12:01:25 -0300] "GET /cormun/servlet/hpexe_return? HTTP/1.1" 200 1004
186.67.84.236 - - [25/May/2018:12:01:25 -0300] "GET /cormun/servlet/trsolicitudot HTTP/1.1" 200 8850
190.151.99.26 - - [25/May/2018:12:01:26 -0300] "GET /cormun//static/Resources/PXToolsActionView.png HTTP/1.1" 200 2995
186.67.84.236 - - [25/May/2018:12:01:26 -0300] "GET /cormun/servlet/trsolicitudot HTTP/1.1" 200 8846
152.231.70.149 - - [25/May/2018:12:01:26 -0300] "GET /cormun//static/Resources/PXToolsGridUpdate.png HTTP/1.1" 200 2984
152.231.70.149 - - [25/May/2018:12:01:26 -0300] "GET /cormun//static/Resources/PXToolsRemoveAllAction.png HTTP/1.1" 200 3558
152.231.70.149 - - [25/May/2018:12:01:26 -0300] "GET /cormun//static/Resources/PXTools/ActionInsert.png HTTP/1.1" 200 1482
200.54.18.125 - - [25/May/2018:12:01:26 -0300] "GET /cormun//static/Resources/PXToolsGridDelete.png HTTP/1.1" 200 357
186.67.172.234 - - [25/May/2018:12:01:28 -0300] "GET /cormun/servlet/trpermisosadjuntos?5776627,20180525105144,P, HTTP/1.1" 200 6567
186.67.172.234 - - [25/May/2018:12:01:29 -0300] "GET /cormun/servlet/trpermisosadjuntos?5776627,20180525105144,P, HTTP/1.1" 200 6546
186.67.172.234 - - [25/May/2018:12:01:30 -0300] "GET /cormun/servlet/permisosadjuntos?INS,5776627,P,20180525105144,, HTTP/1.1" 200 5872
186.67.172.234 - - [25/May/2018:12:01:30 -0300] "GET /cormun/static/about:blank HTTP/1.1" 404 1011
186.67.172.234 - - [25/May/2018:12:01:31 -0300] "GET /cormun/servlet/permisosadjuntos?INS,5776627,P,20180525105144,, HTTP/1.1" 200 5862
200.54.18.125 - - [25/May/2018:12:01:32 -0300] "POST /cormun/servlet/trsolicitudot?cf5de4ce24822eb352ee88d5ae1c262f,gx-no-cache=1527260429444 HTTP/1.1" 200 107
200.54.18.125 - - [25/May/2018:12:01:32 -0300] "GET /cormun/servlet/trsolicitudadjuntos?2018,11554, HTTP/1.1" 200 6303
200.54.18.125 - - [25/May/2018:12:01:32 -0300] "GET /cormun/static/gxcfg.js?20177612135366 HTTP/1.1" 200 953
152.231.70.149 - - [25/May/2018:12:01:32 -0300] "GET /cormun/static/trsolicitudadjuntos.js?20177612135632 HTTP/1.1" 200 17922
152.231.70.149 - - [25/May/2018:12:01:32 -0300] "GET /cormun/servlet/trsolicitudadjuntos?2018,11554, HTTP/1.1" 200 6302
152.231.70.149 - - [25/May/2018:12:01:34 -0300] "GET /cormun/servlet/solicitudotadjuntos?INS,2018,11554,,1, HTTP/1.1" 200 6248
152.231.70.149 - - [25/May/2018:12:01:34 -0300] "GET /cormun/static/gxcfg.js?2017761244068 HTTP/1.1" 200 953
200.54.18.125 - - [25/May/2018:12:01:34 -0300] "GET /cormun/static/solicitudotadjuntos.js?2017761244086 HTTP/1.1" 200 11771
200.54.18.125 - - [25/May/2018:12:01:34 -0300] "GET /cormun/static/about:blank HTTP/1.1" 404 1011
152.231.70.149 - - [25/May/2018:12:01:34 -0300] "GET /cormun/servlet/solicitudotadjuntos?INS,2018,11554,,1, HTTP/1.1" 200 6241
200.54.18.125 - - [25/May/2018:12:01:35 -0300] "GET /cormun/servlet/solicitudotadjuntos?2a818fd9ee654424a1b1da0f2a92be28e1711d3110bedfecb4e3d74756b087ff6cec792747fabbbe1b5aacc78cd06fb4,gx-no-cache=1527260432302 HTTP/1.1" 200 30
200.54.18.125 - - [25/May/2018:12:01:35 -0300] "POST /cormun/servlet/solicitudotadjuntos?cf5de4ce24822eb352ee88d5ae1c262f,INS,2018,11554,,1,,gx-no-cache=1527260432380 HTTP/1.1" 200 3985
186.67.172.234 - - [25/May/2018:12:01:36 -0300] "POST /cormun/servlet/permisosadjuntos?1f5fb6124f7c7962e606ac17c55fc54e,INS,5776627,P,20180525105144,, HTTP/1.1" 200 116
186.67.172.234 - - [25/May/2018:12:01:36 -0300] "GET /cormun/servlet/hpexe_return? HTTP/1.1" 200 1034
186.67.172.234 - - [25/May/2018:12:01:37 -0300] "GET /cormun/servlet/trpermisosadjuntos?5776627,20180525105144,P, HTTP/1.1" 200 7059
200.54.18.125 - - [25/May/2018:12:01:37 -0300] "POST /cormun/servlet/solicitudotadjuntos?gx-no-cache=1527260434294 HTTP/1.1" 200 26
186.67.172.234 - - [25/May/2018:12:01:37 -0300] "GET /cormun/servlet/trpermisosadjuntos?5776627,20180525105144,P, HTTP/1.1" 200 7055
186.67.172.234 - - [25/May/2018:12:01:39 -0300] "POST /cormun/servlet/trpermisosadjuntos?1f5fb6124f7c7962e606ac17c55fc54e,5776627,20180525105144,P,,gx-no-cache=1527256761816 HTTP/1.1" 200 90
186.67.172.234 - - [25/May/2018:12:01:39 -0300] "GET /cormun/servlet/hpexe_link HTTP/1.1" 200 1000
186.67.172.234 - - [25/May/2018:12:01:39 -0300] "GET /cormun/servlet/trpermisosgoce?gx-no-cache=1527256632620 HTTP/1.1" 200 15607
186.67.172.234 - - [25/May/2018:12:01:40 -0300] "GET /cormun/servlet/trpermisosgoce?gx-no-cache=1527256632620 HTTP/1.1" 200 15585
186.67.172.234 - - [25/May/2018:12:01:46 -0300] "POST /cormun/servlet/trpermisosgoce?1f5fb6124f7c7962e606ac17c55fc54e,gx-no-cache=1527256632620,gx-no-cache=1527256768499 HTTP/1.1" 200 12711
186.67.172.234 - - [25/May/2018:12:01:46 -0300] "GET /cormun/static/Shared/jqueryui/images/ui-bg_highlight-soft_100_c6c2c8_1x100.png HTTP/1.1" 404 1117
186.67.172.234 - - [25/May/2018:12:01:46 -0300] "GET /cormun/static/Shared/jqueryui/images/ui-icons_82798d_256x240.png HTTP/1.1" 404 1089
186.67.172.234 - - [25/May/2018:12:01:46 -0300] "GET /cormun/static/Shared/jqueryui/images/ui-bg_flat_55_fafafa_40x100.png HTTP/1.1" 404 1097
186.67.172.234 - - [25/May/2018:12:01:46 -0300] "GET /cormun/static/Shared/jqueryui/images/ui-icons_8d78a5_256x240.png HTTP/1.1" 404 1089
186.103.161.206 - - [25/May/2018:12:01:50 -0300] "GET /cormun/servlet/trlicencias? HTTP/1.1" 200 13115
200.54.247.70 - - [25/May/2018:12:01:51 -0300] "GET /cormun/static/menuarrow.gif HTTP/1.1" 404 1015
186.103.161.206 - - [25/May/2018:12:01:52 -0300] "GET /cormun/servlet/trlicencias? HTTP/1.1" 200 13106
200.54.247.70 - - [25/May/2018:12:02:04 -0300] "POST /cormun/servlet/trpermisosgoce?892f357cd0c586f2286a6d1c75843e03,,gx-no-cache=1527260463897 HTTP/1.1" 200 5663
186.103.196.90 - - [25/May/2018:12:02:06 -0300] "GET /cormun/servlet/solicitudotadjuntos?2a818fd9ee654424a1b1da0f2a92be2825b8365904f61228dafee53d015bced1,gx-no-cache=1527260463410 HTTP/1.1" 200 30
186.103.196.90 - - [25/May/2018:12:02:06 -0300] "GET /cormun/servlet/solicitudotadjuntos?2a818fd9ee654424a1b1da0f2a92be2825b8365904f61228dafee53d015bced1,gx-no-cache=1527260463496 HTTP/1.1" 200 30
186.103.196.90 - - [25/May/2018:12:02:07 -0300] "POST /cormun/servlet/solicitudotadjuntos?cf5de4ce24822eb352ee88d5ae1c262f,INS,2018,11554,,1, HTTP/1.1" 200 116
186.103.196.90 - - [25/May/2018:12:02:07 -0300] "GET /cormun/servlet/hpexe_return? HTTP/1.1" 200 1023
186.103.196.90 - - [25/May/2018:12:02:07 -0300] "GET /cormun/servlet/trsolicitudadjuntos?2018,11554, HTTP/1.1" 200 8799
186.103.196.90 - - [25/May/2018:12:02:08 -0300] "GET /cormun/servlet/trsolicitudadjuntos?2018,11554, HTTP/1.1" 200 8792
186.67.172.234 - - [25/May/2018:12:02:14 -0300] "GET /cormun/servlet/trpermisosadjuntos?13503827,20180525105217,P, HTTP/1.1" 200 6566
186.67.172.234 - - [25/May/2018:12:02:15 -0300] "GET /cormun/servlet/trpermisosadjuntos?13503827,20180525105217,P, HTTP/1.1" 200 6545
186.67.172.234 - - [25/May/2018:12:02:16 -0300] "GET /cormun/servlet/permisosadjuntos?INS,13503827,P,20180525105217,, HTTP/1.1" 200 5875
186.67.172.234 - - [25/May/2018:12:02:16 -0300] "GET /cormun/static/about:blank HTTP/1.1" 404 1011
186.67.172.234 - - [25/May/2018:12:02:16 -0300] "GET /cormun/servlet/permisosadjuntos?INS,13503827,P,20180525105217,, HTTP/1.1" 200 5865
200.54.247.70 - - [25/May/2018:12:02:18 -0300] "GET /cormun/servlet/trpermisosgoce? HTTP/1.1" 200 8545
200.54.247.70 - - [25/May/2018:12:02:19 -0300] "GET /cormun/servlet/trpermisosgoce? HTTP/1.1" 200 8545
186.67.172.234 - - [25/May/2018:12:02:22 -0300] "POST /cormun/servlet/permisosadjuntos?1f5fb6124f7c7962e606ac17c55fc54e,INS,13503827,P,20180525105217,, HTTP/1.1" 200 116
186.67.172.234 - - [25/May/2018:12:02:22 -0300] "GET /cormun/servlet/hpexe_return? HTTP/1.1" 200 1035
186.67.172.234 - - [25/May/2018:12:02:22 -0300] "GET /cormun/servlet/trpermisosadjuntos?13503827,20180525105217,P, HTTP/1.1" 200 7035
186.67.172.234 - - [25/May/2018:12:02:23 -0300] "GET /cormun/servlet/trpermisosadjuntos?13503827,20180525105217,P, HTTP/1.1" 200 7031
186.67.172.234 - - [25/May/2018:12:02:25 -0300] "POST /cormun/servlet/trpermisosadjuntos?1f5fb6124f7c7962e606ac17c55fc54e,13503827,20180525105217,P,,gx-no-cache=1527256808111 HTTP/1.1" 200 90
186.67.172.234 - - [25/May/2018:12:02:25 -0300] "GET /cormun/servlet/hpexe_link HTTP/1.1" 200 1000
186.67.172.234 - - [25/May/2018:12:02:26 -0300] "GET /cormun/servlet/trpermisosgoce?gx-no-cache=1527256632620 HTTP/1.1" 200 15574
186.67.172.234 - - [25/May/2018:12:02:26 -0300] "GET /cormun/servlet/trpermisosgoce?gx-no-cache=1527256632620 HTTP/1.1" 200 15593
186.67.172.234 - - [25/May/2018:12:02:32 -0300] "GET /cormun/servlet/trpermisosadjuntos?6657028,20180525105244,P, HTTP/1.1" 200 6568
186.67.172.234 - - [25/May/2018:12:02:32 -0300] "GET /cormun/servlet/trpermisosadjuntos?6657028,20180525105244,P, HTTP/1.1" 200 6547
186.67.172.234 - - [25/May/2018:12:02:34 -0300] "GET /cormun/servlet/permisosadjuntos?INS,6657028,P,20180525105244,, HTTP/1.1" 200 5874
186.67.172.234 - - [25/May/2018:12:02:34 -0300] "GET /cormun/static/about:blank HTTP/1.1" 404 1011
186.67.172.234 - - [25/May/2018:12:02:34 -0300] "GET /cormun/servlet/permisosadjuntos?INS,6657028,P,20180525105244,, HTTP/1.1" 200 5863
190.151.100.218 - - [25/May/2018:12:02:35 -0300] "GET /cormun/servlet/licenciaspermisos?INS,0,,, HTTP/1.1" 200 7738
190.151.100.218 - - [25/May/2018:12:02:35 -0300] "GET /cormun/static/gxcfg.js?201762917281167 HTTP/1.1" 304 -
200.54.247.70 - - [25/May/2018:12:02:36 -0300] "GET /cormun/servlet/trpermisosgoce? HTTP/1.1" 200 8545
190.151.100.218 - - [25/May/2018:12:02:36 -0300] "GET /cormun/servlet/licenciaspermisos?INS,0,,, HTTP/1.1" 200 7746
200.54.247.70 - - [25/May/2018:12:02:36 -0300] "GET /cormun/servlet/trpermisosgoce? HTTP/1.1" 200 8545
190.151.100.218 - - [25/May/2018:12:02:39 -0300] "GET /cormun/servlet/prfichaempleado?,MD,,gxPopupLevel%3D0%3B HTTP/1.1" 200 9370
186.67.172.234 - - [25/May/2018:12:02:40 -0300] "POST /cormun/servlet/permisosadjuntos?1f5fb6124f7c7962e606ac17c55fc54e,INS,6657028,P,20180525105244,, HTTP/1.1" 200 116
186.67.172.234 - - [25/May/2018:12:02:40 -0300] "GET /cormun/servlet/hpexe_return? HTTP/1.1" 200 1033
186.67.172.234 - - [25/May/2018:12:02:40 -0300] "GET /cormun/servlet/trpermisosadjuntos?6657028,20180525105244,P, HTTP/1.1" 200 7037
186.67.172.234 - - [25/May/2018:12:02:41 -0300] "GET /cormun/servlet/trpermisosadjuntos?6657028,20180525105244,P, HTTP/1.1" 200 7031
200.54.247.70 - - [25/May/2018:12:02:43 -0300] "GET /cormun/Manuales/ManualSolicitud.pdf HTTP/1.1" 200 850295
186.67.172.234 - - [25/May/2018:12:02:44 -0300] "POST /cormun/servlet/trpermisosadjuntos?1f5fb6124f7c7962e606ac17c55fc54e,6657028,20180525105244,P,,gx-no-cache=1527256826399 HTTP/1.1" 200 90
186.67.172.234 - - [25/May/2018:12:02:44 -0300] "GET /cormun/servlet/hpexe_link HTTP/1.1" 200 1000
186.67.172.234 - - [25/May/2018:12:02:44 -0300] "GET /cormun/servlet/trpermisosgoce?gx-no-cache=1527256632620 HTTP/1.1" 200 15577
186.67.172.234 - - [25/May/2018:12:02:44 -0300] "GET /cormun/servlet/trpermisosgoce?gx-no-cache=1527256632620 HTTP/1.1" 200 15584
186.103.196.90 - - [25/May/2018:12:02:47 -0300] "GET /cormun/servlet/solicitudotadjuntos?INS,2018,11554,,1, HTTP/1.1" 200 6248
186.103.196.90 - - [25/May/2018:12:02:49 -0300] "GET /cormun/static/about:blank HTTP/1.1" 404 1011
186.103.196.90 - - [25/May/2018:12:02:49 -0300] "GET /cormun/servlet/solicitudotadjuntos?INS,2018,11554,,1, HTTP/1.1" 200 6242
186.103.196.90 - - [25/May/2018:12:02:50 -0300] "GET /cormun/servlet/solicitudotadjuntos?2a818fd9ee654424a1b1da0f2a92be28e1711d3110bedfecb4e3d74756b087ff6cec792747fabbbe1b5aacc78cd06fb4,gx-no-cache=1527260507096 HTTP/1.1" 200 30
186.103.196.90 - - [25/May/2018:12:02:50 -0300] "POST /cormun/servlet/solicitudotadjuntos?cf5de4ce24822eb352ee88d5ae1c262f,INS,2018,11554,,1,,gx-no-cache=1527260507259 HTTP/1.1" 200 3985
190.151.100.218 - - [25/May/2018:12:02:52 -0300] "POST /cormun/servlet/prfichaempleado?5217b0209537159055170f1ef4ef48ae,,MD,,gxPopupLevel%3D0%3B,gx-no-cache=1527260509811 HTTP/1.1" 200 3428
186.67.172.234 - - [25/May/2018:12:02:53 -0300] "POST /cormun/servlet/trpermisosgoce?1f5fb6124f7c7962e606ac17c55fc54e,gx-no-cache=1527256632620,gx-no-cache=1527256835578 HTTP/1.1" 200 12707
186.103.196.90 - - [25/May/2018:12:02:54 -0300] "POST /cormun/servlet/solicitudotadjuntos?gx-no-cache=1527260511929 HTTP/1.1" 200 26
190.151.100.218 - - [25/May/2018:12:02:57 -0300] "GET /cormun/servlet/licenciaspermisos?eedbd370cca8175d25679fdda1bd9d589d4cc8e931e31f311c650edc82f19c58c16e5f689d124377bea243648fd8a4bd,gx-no-cache=1527260514701 HTTP/1.1" 200 112
190.151.100.218 - - [25/May/2018:12:02:57 -0300] "POST /cormun/servlet/licenciaspermisos?5217b0209537159055170f1ef4ef48ae,INS,0,,,,gx-no-cache=1527260514815 HTTP/1.1" 200 4890
200.54.247.70 - - [25/May/2018:12:02:59 -0300] "GET /cormun/servlet/trpermisosgoce? HTTP/1.1" 200 8545
200.54.247.70 - - [25/May/2018:12:02:59 -0300] "GET /cormun/servlet/trpermisosgoce? HTTP/1.1" 200 8545
186.67.172.234 - - [25/May/2018:12:03:00 -0300] "GET /cormun/static/Shared/jqueryui/images/ui-bg_highlight-soft_100_c6c2c8_1x100.png HTTP/1.1" 404 1117
186.67.172.234 - - [25/May/2018:12:03:00 -0300] "GET /cormun/static/Shared/jqueryui/images/ui-icons_82798d_256x240.png HTTP/1.1" 404 1089
