186.67.172.234 - - [25/May/2018:12:03:00 -0300] "GET /cormun/static/Shared/jqueryui/images/ui-icons_8d78a5_256x240.png HTTP/1.1" 404 1089
186.67.172.234 - - [25/May/2018:12:03:00 -0300] "GET /cormun/static/Shared/jqueryui/images/ui-bg_flat_55_fafafa_40x100.png HTTP/1.1" 404 1097
200.54.247.70 - - [25/May/2018:12:03:05 -0300] "GET /cormun/Manuales/ManualContratos.pdf HTTP/1.1" 200 629147
186.67.172.234 - - [25/May/2018:12:03:06 -0300] "POST /cormun/servlet/trpermisosgoce?1f5fb6124f7c7962e606ac17c55fc54e,gx-no-cache=1527256632620,gx-no-cache=1527256848608 HTTP/1.1" 200 12697
200.54.247.70 - - [25/May/2018:12:03:12 -0300] "GET /cormun/servlet/trpermisosgoce? HTTP/1.1" 200 8545
200.54.247.70 - - [25/May/2018:12:03:12 -0300] "GET /cormun/servlet/trpermisosgoce? HTTP/1.1" 200 8545
186.67.172.234 - - [25/May/2018:12:03:16 -0300] "GET /cormun/servlet/trpermisosadjuntos?5966371,20180525105311,P, HTTP/1.1" 200 6569
186.67.172.234 - - [25/May/2018:12:03:16 -0300] "GET /cormun/servlet/trpermisosadjuntos?5966371,20180525105311,P, HTTP/1.1" 200 6547
186.67.172.234 - - [25/May/2018:12:03:18 -0300] "GET /cormun/servlet/permisosadjuntos?INS,5966371,P,20180525105311,, HTTP/1.1" 200 5875
186.67.172.234 - - [25/May/2018:12:03:18 -0300] "GET /cormun/static/about:blank HTTP/1.1" 404 1011
186.67.172.234 - - [25/May/2018:12:03:18 -0300] "GET /cormun/servlet/permisosadjuntos?INS,5966371,P,20180525105311,, HTTP/1.1" 200 5864
186.67.172.234 - - [25/May/2018:12:03:25 -0300] "POST /cormun/servlet/permisosadjuntos?1f5fb6124f7c7962e606ac17c55fc54e,INS,5966371,P,20180525105311,, HTTP/1.1" 200 116
186.67.172.234 - - [25/May/2018:12:03:25 -0300] "GET /cormun/servlet/hpexe_return? HTTP/1.1" 200 1034
186.67.172.234 - - [25/May/2018:12:03:25 -0300] "GET /cormun/servlet/trpermisosadjuntos?5966371,20180525105311,P, HTTP/1.1" 200 7040
186.67.172.234 - - [25/May/2018:12:03:26 -0300] "GET /cormun/servlet/trpermisosadjuntos?5966371,20180525105311,P, HTTP/1.1" 200 7036
186.67.172.234 - - [25/May/2018:12:03:28 -0300] "POST /cormun/servlet/trpermisosadjuntos?1f5fb6124f7c7962e606ac17c55fc54e,5966371,20180525105311,P,,gx-no-cache=1527256870488 HTTP/1.1" 200 90
186.67.172.234 - - [25/May/2018:12:03:28 -0300] "GET /cormun/servlet/hpexe_link HTTP/1.1" 200 1000
186.67.172.234 - - [25/May/2018:12:03:28 -0300] "GET /cormun/servlet/trpermisosgoce?gx-no-cache=1527256632620 HTTP/1.1" 200 15558
186.67.172.234 - - [25/May/2018:12:03:29 -0300] "GET /cormun/servlet/trpermisosgoce?gx-no-cache=1527256632620 HTTP/1.1" 200 15541
186.67.172.234 - - [25/May/2018:12:03:32 -0300] "GET /cormun/servlet/trpermisosadjuntos?14026965,20180525105335,P, HTTP/1.1" 200 6577
186.67.172.234 - - [25/May/2018:12:03:33 -0300] "GET /cormun/servlet/trpermisosadjuntos?14026965,20180525105335,P, HTTP/1.1" 200 6556
200.54.18.125 - - [25/May/2018:12:03:33 -0300] "GET /cormun/servlet/solicitudotadjuntos?2a818fd9ee654424a1b1da0f2a92be2825b8365904f61228dafee53d015bced1,gx-no-cache=1527260550057 HTTP/1.1" 200 30
200.54.18.125 - - [25/May/2018:12:03:33 -0300] "GET /cormun/servlet/solicitudotadjuntos?2a818fd9ee654424a1b1da0f2a92be2825b8365904f61228dafee53d015bced1,gx-no-cache=1527260550691 HTTP/1.1" 200 30
200.54.18.251 - - [25/May/2018:12:03:35 -0300] "GET /cormun/static/menuarrow.gif HTTP/1.1" 404 1015
186.67.172.234 - - [25/May/2018:12:03:35 -0300] "GET /cormun/servlet/permisosadjuntos?INS,14026965,P,20180525105335,, HTTP/1.1" 200 5885
186.67.172.234 - - [25/May/2018:12:03:35 -0300] "GET /cormun/static/about:blank HTTP/1.1" 404 1011
200.54.18.125 - - [25/May/2018:12:03:35 -0300] "POST /cormun/servlet/solicitudotadjuntos?cf5de4ce24822eb352ee88d5ae1c262f,INS,2018,11554,,1, HTTP/1.1" 200 116
186.67.172.234 - - [25/May/2018:12:03:35 -0300] "GET /cormun/servlet/permisosadjuntos?INS,14026965,P,20180525105335,, HTTP/1.1" 200 5875
200.54.18.125 - - [25/May/2018:12:03:35 -0300] "GET /cormun/servlet/hpexe_return? HTTP/1.1" 200 1023
200.54.18.125 - - [25/May/2018:12:03:35 -0300] "GET /cormun/servlet/trsolicitudadjuntos?2018,11554, HTTP/1.1" 200 9055
200.54.18.125 - - [25/May/2018:12:03:36 -0300] "GET /cormun/servlet/trsolicitudadjuntos?2018,11554, HTTP/1.1" 200 9053
186.67.172.234 - - [25/May/2018:12:03:42 -0300] "POST /cormun/servlet/permisosadjuntos?1f5fb6124f7c7962e606ac17c55fc54e,INS,14026965,P,20180525105335,, HTTP/1.1" 200 116
186.67.172.234 - - [25/May/2018:12:03:43 -0300] "GET /cormun/servlet/hpexe_return? HTTP/1.1" 200 1036
186.67.172.234 - - [25/May/2018:12:03:43 -0300] "GET /cormun/servlet/trpermisosadjuntos?14026965,20180525105335,P, HTTP/1.1" 200 7057
186.67.172.234 - - [25/May/2018:12:03:43 -0300] "GET /cormun/servlet/trpermisosadjuntos?14026965,20180525105335,P, HTTP/1.1" 200 7054
186.67.172.234 - - [25/May/2018:12:03:45 -0300] "POST /cormun/servlet/trpermisosadjuntos?1f5fb6124f7c7962e606ac17c55fc54e,14026965,20180525105335,P,,gx-no-cache=1527256887823 HTTP/1.1" 200 90
186.67.172.234 - - [25/May/2018:12:03:45 -0300] "GET /cormun/servlet/hpexe_link HTTP/1.1" 200 1002
186.67.172.234 - - [25/May/2018:12:03:45 -0300] "GET /cormun/servlet/trpermisosgoce?gx-no-cache=1527256632620 HTTP/1.1" 200 15555
186.67.172.234 - - [25/May/2018:12:03:46 -0300] "GET /cormun/servlet/trpermisosgoce?gx-no-cache=1527256632620 HTTP/1.1" 200 15583
186.103.196.90 - - [25/May/2018:12:03:46 -0300] "GET /cormun/servlet/solicitudotadjuntos?INS,2018,11554,,1, HTTP/1.1" 200 6248
186.103.196.90 - - [25/May/2018:12:03:47 -0300] "GET /cormun/static/about:blank HTTP/1.1" 404 1011
186.103.196.90 - - [25/May/2018:12:03:47 -0300] "GET /cormun/servlet/solicitudotadjuntos?INS,2018,11554,,1, HTTP/1.1" 200 6242
186.67.84.236 - - [25/May/2018:12:03:47 -0300] "GET /cormun/servlet/solicitudotadjuntos?2a818fd9ee654424a1b1da0f2a92be28e1711d3110bedfecb4e3d74756b087ff6cec792747fabbbe1b5aacc78cd06fb4,gx-no-cache=1527260564718 HTTP/1.1" 200 30
186.67.84.236 - - [25/May/2018:12:03:47 -0300] "POST /cormun/servlet/solicitudotadjuntos?cf5de4ce24822eb352ee88d5ae1c262f,INS,2018,11554,,1,,gx-no-cache=1527260564809 HTTP/1.1" 200 3983
186.67.172.234 - - [25/May/2018:12:03:51 -0300] "GET /cormun/servlet/trpermisosadjuntos?15993133,20180525105405,P, HTTP/1.1" 200 6570
186.67.172.234 - - [25/May/2018:12:03:51 -0300] "GET /cormun/servlet/trpermisosadjuntos?15993133,20180525105405,P, HTTP/1.1" 200 6548
186.67.172.234 - - [25/May/2018:12:03:53 -0300] "GET /cormun/servlet/permisosadjuntos?INS,15993133,P,20180525105405,, HTTP/1.1" 200 5873
186.67.172.234 - - [25/May/2018:12:03:53 -0300] "GET /cormun/static/about:blank HTTP/1.1" 404 1011
186.67.172.234 - - [25/May/2018:12:03:53 -0300] "GET /cormun/servlet/permisosadjuntos?INS,15993133,P,20180525105405,, HTTP/1.1" 200 5862
186.67.84.236 - - [25/May/2018:12:03:54 -0300] "POST /cormun/servlet/solicitudotadjuntos?gx-no-cache=1527260571073 HTTP/1.1" 200 26
186.67.172.234 - - [25/May/2018:12:03:59 -0300] "POST /cormun/servlet/permisosadjuntos?1f5fb6124f7c7962e606ac17c55fc54e,INS,15993133,P,20180525105405,, HTTP/1.1" 200 116
186.67.172.234 - - [25/May/2018:12:03:59 -0300] "GET /cormun/servlet/hpexe_return? HTTP/1.1" 200 1037
186.67.172.234 - - [25/May/2018:12:03:59 -0300] "GET /cormun/servlet/trpermisosadjuntos?15993133,20180525105405,P, HTTP/1.1" 200 7057
186.67.172.234 - - [25/May/2018:12:04:00 -0300] "GET /cormun/servlet/trpermisosadjuntos?15993133,20180525105405,P, HTTP/1.1" 200 7053
186.67.84.236 - - [25/May/2018:12:04:02 -0300] "GET /cormun/servlet/solicitudotadjuntos?2a818fd9ee654424a1b1da0f2a92be2825b8365904f61228dafee53d015bced1,gx-no-cache=1527260579665 HTTP/1.1" 200 30
186.67.84.236 - - [25/May/2018:12:04:02 -0300] "GET /cormun/servlet/solicitudotadjuntos?2a818fd9ee654424a1b1da0f2a92be2825b8365904f61228dafee53d015bced1,gx-no-cache=1527260579695 HTTP/1.1" 200 30
186.67.84.236 - - [25/May/2018:12:04:03 -0300] "POST /cormun/servlet/solicitudotadjuntos?cf5de4ce24822eb352ee88d5ae1c262f,INS,2018,11554,,1, HTTP/1.1" 200 116
186.67.84.236 - - [25/May/2018:12:04:03 -0300] "GET /cormun/servlet/hpexe_return? HTTP/1.1" 200 1023
186.67.84.236 - - [25/May/2018:12:04:03 -0300] "GET /cormun/servlet/trsolicitudadjuntos?2018,11554, HTTP/1.1" 200 9254
186.67.172.234 - - [25/May/2018:12:04:03 -0300] "POST /cormun/servlet/trpermisosadjuntos?1f5fb6124f7c7962e606ac17c55fc54e,15993133,20180525105405,P,,gx-no-cache=1527256905656 HTTP/1.1" 200 90
186.67.172.234 - - [25/May/2018:12:04:03 -0300] "GET /cormun/servlet/hpexe_link HTTP/1.1" 200 1002
186.67.172.234 - - [25/May/2018:12:04:03 -0300] "GET /cormun/servlet/trpermisosgoce?gx-no-cache=1527256632620 HTTP/1.1" 200 15544
186.67.84.236 - - [25/May/2018:12:04:03 -0300] "GET /cormun/servlet/trsolicitudadjuntos?2018,11554, HTTP/1.1" 200 9252
186.67.172.234 - - [25/May/2018:12:04:04 -0300] "GET /cormun/servlet/trpermisosgoce?gx-no-cache=1527256632620 HTTP/1.1" 200 15585
190.151.99.26 - - [25/May/2018:12:04:05 -0300] "GET /cormun/servlet/solicitudotadjuntos?INS,2018,11554,,1, HTTP/1.1" 200 6248
190.151.99.26 - - [25/May/2018:12:04:06 -0300] "GET /cormun/static/about:blank HTTP/1.1" 404 1011
190.151.99.26 - - [25/May/2018:12:04:06 -0300] "GET /cormun/servlet/solicitudotadjuntos?INS,2018,11554,,1, HTTP/1.1" 200 6242
186.103.196.90 - - [25/May/2018:12:04:06 -0300] "GET /cormun/servlet/solicitudotadjuntos?2a818fd9ee654424a1b1da0f2a92be28e1711d3110bedfecb4e3d74756b087ff6cec792747fabbbe1b5aacc78cd06fb4,gx-no-cache=1527260583596 HTTP/1.1" 200 30
186.103.196.90 - - [25/May/2018:12:04:06 -0300] "POST /cormun/servlet/solicitudotadjuntos?cf5de4ce24822eb352ee88d5ae1c262f,INS,2018,11554,,1,,gx-no-cache=1527260583683 HTTP/1.1" 200 3983
186.67.172.234 - - [25/May/2018:12:04:09 -0300] "POST /cormun/servlet/trpermisosgoce?1f5fb6124f7c7962e606ac17c55fc54e,gx-no-cache=1527256632620,gx-no-cache=1527256911825 HTTP/1.1" 200 12676
186.67.172.234 - - [25/May/2018:12:04:10 -0300] "GET /cormun/static/Shared/jqueryui/images/ui-bg_highlight-soft_100_c6c2c8_1x100.png HTTP/1.1" 404 1117
186.67.172.234 - - [25/May/2018:12:04:10 -0300] "GET /cormun/static/Shared/jqueryui/images/ui-icons_82798d_256x240.png HTTP/1.1" 404 1089
186.67.172.234 - - [25/May/2018:12:04:10 -0300] "GET /cormun/static/Shared/jqueryui/images/ui-bg_flat_55_fafafa_40x100.png HTTP/1.1" 404 1097
186.67.172.234 - - [25/May/2018:12:04:10 -0300] "GET /cormun/static/Shared/jqueryui/images/ui-icons_8d78a5_256x240.png HTTP/1.1" 404 1089
186.103.196.90 - - [25/May/2018:12:04:10 -0300] "POST /cormun/servlet/solicitudotadjuntos?gx-no-cache=1527260587353 HTTP/1.1" 200 26
186.67.172.234 - - [25/May/2018:12:04:14 -0300] "POST /cormun/servlet/trpermisosgoce?1f5fb6124f7c7962e606ac17c55fc54e,gx-no-cache=1527256632620,gx-no-cache=1527256916472 HTTP/1.1" 200 12641
186.103.196.90 - - [25/May/2018:12:04:17 -0300] "GET /cormun/servlet/solicitudotadjuntos?2a818fd9ee654424a1b1da0f2a92be2825b8365904f61228dafee53d015bced1,gx-no-cache=1527260594458 HTTP/1.1" 200 30
186.103.196.90 - - [25/May/2018:12:04:17 -0300] "GET /cormun/servlet/solicitudotadjuntos?2a818fd9ee654424a1b1da0f2a92be2825b8365904f61228dafee53d015bced1,gx-no-cache=1527260594492 HTTP/1.1" 200 30
186.103.196.90 - - [25/May/2018:12:04:17 -0300] "POST /cormun/servlet/solicitudotadjuntos?cf5de4ce24822eb352ee88d5ae1c262f,INS,2018,11554,,1, HTTP/1.1" 200 116
186.103.196.90 - - [25/May/2018:12:04:17 -0300] "GET /cormun/servlet/hpexe_return? HTTP/1.1" 200 1023
186.103.196.90 - - [25/May/2018:12:04:18 -0300] "GET /cormun/servlet/trsolicitudadjuntos?2018,11554, HTTP/1.1" 200 9493
186.103.196.90 - - [25/May/2018:12:04:18 -0300] "GET /cormun/servlet/trsolicitudadjuntos?2018,11554, HTTP/1.1" 200 9493
186.67.172.234 - - [25/May/2018:12:04:18 -0300] "POST /cormun/servlet/trpermisosgoce?1f5fb6124f7c7962e606ac17c55fc54e,gx-no-cache=1527256632620,gx-no-cache=1527256920554 HTTP/1.1" 200 12619
186.67.172.234 - - [25/May/2018:12:04:22 -0300] "GET /cormun/servlet/trautorizarpermisogoce? HTTP/1.1" 200 10052
186.67.172.234 - - [25/May/2018:12:04:22 -0300] "GET /cormun/static/gxcfg.js?20177612165975 HTTP/1.1" 200 953
186.67.172.234 - - [25/May/2018:12:04:23 -0300] "GET /cormun/servlet/trautorizarpermisogoce? HTTP/1.1" 200 10032
186.103.196.84 - - [25/May/2018:12:04:23 -0300] "GET /cormun/servlet/solicitudotadjuntos?INS,2018,11554,,1, HTTP/1.1" 200 6248
186.103.196.84 - - [25/May/2018:12:04:23 -0300] "GET /cormun/static/about:blank HTTP/1.1" 404 1011
186.103.196.84 - - [25/May/2018:12:04:23 -0300] "GET /cormun/servlet/solicitudotadjuntos?INS,2018,11554,,1, HTTP/1.1" 200 6242
186.103.196.90 - - [25/May/2018:12:04:24 -0300] "GET /cormun/servlet/solicitudotadjuntos?2a818fd9ee654424a1b1da0f2a92be28e1711d3110bedfecb4e3d74756b087ff6cec792747fabbbe1b5aacc78cd06fb4,gx-no-cache=1527260601124 HTTP/1.1" 200 30
186.103.196.90 - - [25/May/2018:12:04:24 -0300] "POST /cormun/servlet/solicitudotadjuntos?cf5de4ce24822eb352ee88d5ae1c262f,INS,2018,11554,,1,,gx-no-cache=1527260601204 HTTP/1.1" 200 3985
186.103.196.90 - - [25/May/2018:12:04:28 -0300] "POST /cormun/servlet/solicitudotadjuntos?gx-no-cache=1527260605617 HTTP/1.1" 200 26
186.103.196.90 - - [25/May/2018:12:04:35 -0300] "GET /cormun/servlet/solicitudotadjuntos?2a818fd9ee654424a1b1da0f2a92be2825b8365904f61228dafee53d015bced1,gx-no-cache=1527260612369 HTTP/1.1" 200 30
186.103.196.90 - - [25/May/2018:12:04:35 -0300] "GET /cormun/servlet/solicitudotadjuntos?2a818fd9ee654424a1b1da0f2a92be2825b8365904f61228dafee53d015bced1,gx-no-cache=1527260612421 HTTP/1.1" 200 30
186.103.196.90 - - [25/May/2018:12:04:37 -0300] "POST /cormun/servlet/solicitudotadjuntos?cf5de4ce24822eb352ee88d5ae1c262f,INS,2018,11554,,1, HTTP/1.1" 200 116
186.103.196.90 - - [25/May/2018:12:04:37 -0300] "GET /cormun/servlet/hpexe_return? HTTP/1.1" 200 1023
186.103.196.90 - - [25/May/2018:12:04:37 -0300] "GET /cormun/servlet/trsolicitudadjuntos?2018,11554, HTTP/1.1" 200 9713
186.103.196.90 - - [25/May/2018:12:04:38 -0300] "GET /cormun/servlet/trsolicitudadjuntos?2018,11554, HTTP/1.1" 200 9713
152.231.70.149 - - [25/May/2018:12:04:40 -0300] "GET /cormun/servlet/solicitudotadjuntos?INS,2018,11554,,1, HTTP/1.1" 200 6248
152.231.70.149 - - [25/May/2018:12:04:40 -0300] "GET /cormun/static/about:blank HTTP/1.1" 404 1011
152.231.70.149 - - [25/May/2018:12:04:40 -0300] "GET /cormun/servlet/solicitudotadjuntos?INS,2018,11554,,1, HTTP/1.1" 200 6242
200.54.18.125 - - [25/May/2018:12:04:41 -0300] "GET /cormun/servlet/solicitudotadjuntos?2a818fd9ee654424a1b1da0f2a92be28e1711d3110bedfecb4e3d74756b087ff6cec792747fabbbe1b5aacc78cd06fb4,gx-no-cache=1527260618142 HTTP/1.1" 200 30
200.54.18.125 - - [25/May/2018:12:04:41 -0300] "POST /cormun/servlet/solicitudotadjuntos?cf5de4ce24822eb352ee88d5ae1c262f,INS,2018,11554,,1,,gx-no-cache=1527260618255 HTTP/1.1" 200 3985
200.54.18.125 - - [25/May/2018:12:04:43 -0300] "POST /cormun/servlet/solicitudotadjuntos?gx-no-cache=1527260620777 HTTP/1.1" 200 26
200.54.18.125 - - [25/May/2018:12:04:52 -0300] "GET /cormun/servlet/solicitudotadjuntos?2a818fd9ee654424a1b1da0f2a92be2825b8365904f61228dafee53d015bced1,gx-no-cache=1527260629402 HTTP/1.1" 200 30
200.54.18.125 - - [25/May/2018:12:04:52 -0300] "GET /cormun/servlet/solicitudotadjuntos?2a818fd9ee654424a1b1da0f2a92be2825b8365904f61228dafee53d015bced1,gx-no-cache=1527260629445 HTTP/1.1" 200 30
200.54.18.125 - - [25/May/2018:12:04:52 -0300] "POST /cormun/servlet/solicitudotadjuntos?cf5de4ce24822eb352ee88d5ae1c262f,INS,2018,11554,,1, HTTP/1.1" 200 116
200.54.18.125 - - [25/May/2018:12:04:53 -0300] "GET /cormun/servlet/hpexe_return? HTTP/1.1" 200 1023
200.54.18.125 - - [25/May/2018:12:04:53 -0300] "GET /cormun/servlet/trsolicitudadjuntos?2018,11554, HTTP/1.1" 200 9998
200.54.18.125 - - [25/May/2018:12:04:54 -0300] "GET /cormun/servlet/trsolicitudadjuntos?2018,11554, HTTP/1.1" 200 9997
186.67.84.236 - - [25/May/2018:12:04:57 -0300] "GET /cormun/servlet/solicitudotadjuntos?INS,2018,11554,,2, HTTP/1.1" 200 6247
190.151.124.170 - - [25/May/2018:12:04:58 -0300] "GET /cormun/static/about:blank HTTP/1.1" 404 1011
186.67.84.236 - - [25/May/2018:12:04:58 -0300] "GET /cormun/servlet/solicitudotadjuntos?INS,2018,11554,,2, HTTP/1.1" 200 6241
190.151.124.170 - - [25/May/2018:12:04:58 -0300] "GET /cormun/servlet/solicitudotadjuntos?2a818fd9ee654424a1b1da0f2a92be28e1711d3110bedfecb4e3d74756b087ff6cec792747fabbbe1b5aacc78cd06fb4,gx-no-cache=1527260635908 HTTP/1.1" 200 30
190.151.124.170 - - [25/May/2018:12:04:59 -0300] "POST /cormun/servlet/solicitudotadjuntos?cf5de4ce24822eb352ee88d5ae1c262f,INS,2018,11554,,2,,gx-no-cache=1527260635992 HTTP/1.1" 200 4197
186.103.196.90 - - [25/May/2018:12:05:23 -0300] "POST /cormun/servlet/solicitudotadjuntos?gx-no-cache=1527260660881 HTTP/1.1" 200 26
186.103.196.90 - - [25/May/2018:12:05:23 -0300] "GET /cormun/servlet/solicitudotadjuntos?2a818fd9ee654424a1b1da0f2a92be2825b8365904f61228dafee53d015bced1,gx-no-cache=1527260660944 HTTP/1.1" 200 30
186.103.196.90 - - [25/May/2018:12:05:24 -0300] "GET /cormun/servlet/solicitudotadjuntos?2a818fd9ee654424a1b1da0f2a92be2825b8365904f61228dafee53d015bced1,gx-no-cache=1527260660976 HTTP/1.1" 200 30
186.103.196.90 - - [25/May/2018:12:05:24 -0300] "POST /cormun/servlet/solicitudotadjuntos?cf5de4ce24822eb352ee88d5ae1c262f,INS,2018,11554,,2,,gx-no-cache=1527260661016 HTTP/1.1" 200 93
186.103.196.90 - - [25/May/2018:12:05:24 -0300] "GET /cormun/servlet/hpexe_return? HTTP/1.1" 200 1023
186.103.196.90 - - [25/May/2018:12:05:24 -0300] "GET /cormun/servlet/trsolicitudadjuntos?2018,11554, HTTP/1.1" 200 10125
186.103.196.90 - - [25/May/2018:12:05:25 -0300] "GET /cormun/servlet/trsolicitudadjuntos?2018,11554, HTTP/1.1" 200 10122
190.151.99.26 - - [25/May/2018:12:05:34 -0300] "GET /cormun/servlet/solicitudotadjuntos?INS,2018,11554,,2, HTTP/1.1" 200 6247
190.151.99.26 - - [25/May/2018:12:05:34 -0300] "GET /cormun/servlet/solicitudotadjuntos?INS,2018,11554,,2, HTTP/1.1" 200 6241
190.151.99.26 - - [25/May/2018:12:05:35 -0300] "GET /cormun/servlet/solicitudotadjuntos?2a818fd9ee654424a1b1da0f2a92be28e1711d3110bedfecb4e3d74756b087ff6cec792747fabbbe1b5aacc78cd06fb4,gx-no-cache=1527260672359 HTTP/1.1" 200 30
190.151.99.26 - - [25/May/2018:12:05:35 -0300] "POST /cormun/servlet/solicitudotadjuntos?cf5de4ce24822eb352ee88d5ae1c262f,INS,2018,11554,,2,,gx-no-cache=1527260672486 HTTP/1.1" 200 4197
190.151.99.26 - - [25/May/2018:12:05:36 -0300] "GET /cormun/servlet/trsolicitudadjuntos?2018,11554, HTTP/1.1" 200 10124
190.151.124.170 - - [25/May/2018:12:05:36 -0300] "GET /cormun/servlet/solicitudotadjuntos?INS,2018,11554,,1, HTTP/1.1" 200 6248
190.151.99.26 - - [25/May/2018:12:05:36 -0300] "GET /cormun/servlet/trsolicitudadjuntos?2018,11554, HTTP/1.1" 200 10046
190.151.124.170 - - [25/May/2018:12:05:36 -0300] "GET /cormun/servlet/solicitudotadjuntos?INS,2018,11554,,1, HTTP/1.1" 200 6242
200.54.18.125 - - [25/May/2018:12:05:37 -0300] "GET /cormun/servlet/solicitudotadjuntos?2a818fd9ee654424a1b1da0f2a92be28e1711d3110bedfecb4e3d74756b087ff6cec792747fabbbe1b5aacc78cd06fb4,gx-no-cache=1527260674331 HTTP/1.1" 200 30
200.54.18.125 - - [25/May/2018:12:05:37 -0300] "POST /cormun/servlet/solicitudotadjuntos?cf5de4ce24822eb352ee88d5ae1c262f,INS,2018,11554,,1,,gx-no-cache=1527260674411 HTTP/1.1" 200 3985
200.54.18.125 - - [25/May/2018:12:05:38 -0300] "GET /cormun/servlet/trsolicitudadjuntos?2018,11554, HTTP/1.1" 200 10124
200.54.18.125 - - [25/May/2018:12:05:38 -0300] "GET /cormun/servlet/trsolicitudadjuntos?2018,11554, HTTP/1.1" 200 10121
186.103.196.90 - - [25/May/2018:12:05:40 -0300] "GET /cormun/servlet/solicitudotadjuntos?INS,2018,11554,,1, HTTP/1.1" 200 6248
186.103.196.90 - - [25/May/2018:12:05:40 -0300] "GET /cormun/static/about:blank HTTP/1.1" 404 1011
186.103.196.90 - - [25/May/2018:12:05:40 -0300] "GET /cormun/servlet/solicitudotadjuntos?INS,2018,11554,,1, HTTP/1.1" 200 6242
186.103.196.90 - - [25/May/2018:12:05:41 -0300] "GET /cormun/servlet/solicitudotadjuntos?2a818fd9ee654424a1b1da0f2a92be28e1711d3110bedfecb4e3d74756b087ff6cec792747fabbbe1b5aacc78cd06fb4,gx-no-cache=1527260678208 HTTP/1.1" 200 30
186.103.196.90 - - [25/May/2018:12:05:41 -0300] "POST /cormun/servlet/solicitudotadjuntos?cf5de4ce24822eb352ee88d5ae1c262f,INS,2018,11554,,1,,gx-no-cache=1527260678313 HTTP/1.1" 200 3985
186.103.196.90 - - [25/May/2018:12:05:43 -0300] "GET /cormun/servlet/trsolicitudot? HTTP/1.1" 200 8861
186.103.196.90 - - [25/May/2018:12:05:43 -0300] "GET /cormun/servlet/trsolicitudot? HTTP/1.1" 200 8846
190.151.99.26 - - [25/May/2018:12:05:46 -0300] "POST /cormun/servlet/trsolicitudot?cf5de4ce24822eb352ee88d5ae1c262f,,gx-no-cache=1527260683517 HTTP/1.1" 200 107
190.151.99.26 - - [25/May/2018:12:05:47 -0300] "GET /cormun/servlet/trsolicitudadjuntos?2018,11554, HTTP/1.1" 200 10117
190.151.99.26 - - [25/May/2018:12:05:47 -0300] "GET /cormun/servlet/trsolicitudadjuntos?2018,11554, HTTP/1.1" 200 10121
186.103.196.90 - - [25/May/2018:12:05:52 -0300] "GET /cormun/servlet/trsolicitudot? HTTP/1.1" 200 8856
186.103.196.90 - - [25/May/2018:12:05:52 -0300] "GET /cormun/servlet/trsolicitudot? HTTP/1.1" 200 8846
186.103.132.155 - - [25/May/2018:12:06:07 -0300] "GET /cormun/servlet/licenciaspermisos?eedbd370cca8175d25679fdda1bd9d587e6b446d1355babba04e2345850dffbb9c28d6a9df2b34fcd9ee2220ca6b5c705330d8e7d4620d96c917fc0e0eb39b3d08ae6825d4e55acfbc38690793c238f45d91af6e60cbd2453b353b11a76deeee84e007304d525ebe726e94ec3944aeaf202e3bc508655af1f48053cabc2ee3994fc07ee7991f375a653fbfb294da31826dc819ced20b22ea2488c9ea9296ee1dd5229c0693b3f254ab90f8f50b81b807,gx-no-cache=1527260705070 HTTP/1.1" 200 30
186.103.132.155 - - [25/May/2018:12:06:08 -0300] "GET /cormun/servlet/licenciaspermisos?eedbd370cca8175d25679fdda1bd9d58aa6c7ea11095d44048cd2b8a8fbaaa9c14925e59140d363b7968e6f288f23e9388f43ca1c7d166bcad888da4e8e5d11c2a429efce2cf6c2d1544ca04f0f3094b031122eaefd6ae9df88df8831c3204c1e6a71b7f8e2e728827adf62e306e6233f12bb5403a0e54f1a2e0d2fb2d25d2c65d217fcdfe19212ea426dfa2a24203c09896e72361e268f3d202557e2269f9bf0fa6e609072903a69e28cc538f9281e0,gx-no-cache=1527260705245 HTTP/1.1" 200 29
186.103.132.155 - - [25/May/2018:12:06:08 -0300] "POST /cormun/servlet/licenciaspermisos?5217b0209537159055170f1ef4ef48ae,INS,0,,,,gx-no-cache=1527260705405 HTTP/1.1" 200 93
186.103.132.155 - - [25/May/2018:12:06:08 -0300] "GET /cormun/servlet/hpexe_return? HTTP/1.1" 200 1012
186.67.84.236 - - [25/May/2018:12:06:09 -0300] "POST /cormun/servlet/trsolicitudot?cf5de4ce24822eb352ee88d5ae1c262f,,gx-no-cache=1527260705852 HTTP/1.1" 200 4733
186.67.84.236 - - [25/May/2018:12:06:09 -0300] "GET /cormun/static/Shared/jqueryui/images/ui-bg_highlight-soft_100_c6c2c8_1x100.png HTTP/1.1" 404 1117
186.103.132.155 - - [25/May/2018:12:06:09 -0300] "GET /cormun/servlet/trlicencias HTTP/1.1" 200 13415
186.67.84.236 - - [25/May/2018:12:06:09 -0300] "GET /cormun/static/Shared/jqueryui/images/ui-icons_8d78a5_256x240.png HTTP/1.1" 404 1089
186.67.84.236 - - [25/May/2018:12:06:09 -0300] "GET /cormun/static/Shared/jqueryui/images/ui-bg_flat_55_fafafa_40x100.png HTTP/1.1" 404 1097
186.67.84.236 - - [25/May/2018:12:06:09 -0300] "GET /cormun/static/Shared/jqueryui/images/ui-icons_82798d_256x240.png HTTP/1.1" 404 1089
186.103.196.84 - - [25/May/2018:12:06:09 -0300] "POST /cormun/servlet/trsolicitudot?cf5de4ce24822eb352ee88d5ae1c262f,,gx-no-cache=1527260706145 HTTP/1.1" 200 4464
186.103.132.155 - - [25/May/2018:12:06:10 -0300] "GET /cormun/servlet/trlicencias HTTP/1.1" 200 13409
186.103.196.84 - - [25/May/2018:12:06:13 -0300] "GET /cormun/servlet/trautorizarsolicitud? HTTP/1.1" 200 8741
186.67.84.236 - - [25/May/2018:12:06:13 -0300] "GET /cormun/static/gxcfg.js?2017111423403364 HTTP/1.1" 200 953
186.103.196.84 - - [25/May/2018:12:06:13 -0300] "GET /cormun/static/trautorizarsolicitud.js?201711142340425 HTTP/1.1" 200 53910
186.103.196.84 - - [25/May/2018:12:06:13 -0300] "GET /cormun/servlet/trautorizarsolicitud? HTTP/1.1" 200 8741
186.67.172.234 - - [25/May/2018:12:06:33 -0300] "POST /cormun/servlet/trautorizarpermisogoce?1f5fb6124f7c7962e606ac17c55fc54e,,gx-no-cache=1527257036629 HTTP/1.1" 200 7023
186.67.172.234 - - [25/May/2018:12:06:33 -0300] "GET /cormun/static/Shared/jqueryui/images/ui-bg_highlight-soft_100_c6c2c8_1x100.png HTTP/1.1" 404 1117
186.67.172.234 - - [25/May/2018:12:06:33 -0300] "GET /cormun/static/Shared/jqueryui/images/ui-icons_82798d_256x240.png HTTP/1.1" 404 1089
186.67.172.234 - - [25/May/2018:12:06:33 -0300] "GET /cormun/static/Shared/jqueryui/images/ui-bg_flat_55_fafafa_40x100.png HTTP/1.1" 404 1097
186.67.172.234 - - [25/May/2018:12:06:33 -0300] "GET /cormun/static/Shared/jqueryui/images/ui-icons_8d78a5_256x240.png HTTP/1.1" 404 1089
190.151.124.170 - - [25/May/2018:12:06:35 -0300] "POST /cormun/servlet/trautorizarsolicitud?cf5de4ce24822eb352ee88d5ae1c262f,,gx-no-cache=1527260731852 HTTP/1.1" 200 4656
190.151.124.170 - - [25/May/2018:12:06:35 -0300] "POST /cormun/servlet/trautorizarsolicitud?cf5de4ce24822eb352ee88d5ae1c262f,,gx-no-cache=1527260732153 HTTP/1.1" 200 4384
186.67.172.234 - - [25/May/2018:12:06:39 -0300] "POST /cormun/servlet/trautorizarpermisogoce?1f5fb6124f7c7962e606ac17c55fc54e,,gx-no-cache=1527257061065 HTTP/1.1" 200 6800
186.67.172.234 - - [25/May/2018:12:06:40 -0300] "POST /cormun/servlet/trautorizarpermisogoce?1f5fb6124f7c7962e606ac17c55fc54e,,gx-no-cache=1527257062697 HTTP/1.1" 200 6597
186.67.172.234 - - [25/May/2018:12:06:42 -0300] "POST /cormun/servlet/trautorizarpermisogoce?1f5fb6124f7c7962e606ac17c55fc54e,,gx-no-cache=1527257064057 HTTP/1.1" 200 6401
186.67.172.234 - - [25/May/2018:12:06:43 -0300] "POST /cormun/servlet/trautorizarpermisogoce?1f5fb6124f7c7962e606ac17c55fc54e,,gx-no-cache=1527257065416 HTTP/1.1" 200 6190
186.67.172.234 - - [25/May/2018:12:06:44 -0300] "POST /cormun/servlet/trautorizarpermisogoce?1f5fb6124f7c7962e606ac17c55fc54e,,gx-no-cache=1527257066896 HTTP/1.1" 200 5831
190.151.124.170 - - [25/May/2018:12:06:45 -0300] "POST /cormun/servlet/trautorizarsolicitud?cf5de4ce24822eb352ee88d5ae1c262f,,gx-no-cache=1527260742244 HTTP/1.1" 200 4404
186.67.172.234 - - [25/May/2018:12:06:46 -0300] "POST /cormun/servlet/trautorizarpermisogoce?1f5fb6124f7c7962e606ac17c55fc54e,,gx-no-cache=1527257068087 HTTP/1.1" 200 5604
186.67.172.234 - - [25/May/2018:12:06:46 -0300] "POST /cormun/servlet/trautorizarpermisogoce?1f5fb6124f7c7962e606ac17c55fc54e,,gx-no-cache=1527257069016 HTTP/1.1" 200 5380
186.67.172.234 - - [25/May/2018:12:06:47 -0300] "POST /cormun/servlet/trautorizarpermisogoce?1f5fb6124f7c7962e606ac17c55fc54e,,gx-no-cache=1527257069960 HTTP/1.1" 200 5130
186.67.172.234 - - [25/May/2018:12:06:48 -0300] "POST /cormun/servlet/trautorizarpermisogoce?1f5fb6124f7c7962e606ac17c55fc54e,,gx-no-cache=1527257071047 HTTP/1.1" 200 4365
186.67.172.234 - - [25/May/2018:12:06:55 -0300] "GET /cormun/servlet/trpermisosgoce? HTTP/1.1" 200 15496
186.67.172.234 - - [25/May/2018:12:06:56 -0300] "GET /cormun/servlet/trpermisosgoce? HTTP/1.1" 200 15490
200.72.197.82 - - [25/May/2018:12:07:16 -0300] "GET /cormun/servlet/trlicenciaspermisosadjuntos?17967465,20180525000000,L, HTTP/1.1" 200 6550
200.72.197.82 - - [25/May/2018:12:07:18 -0300] "GET /cormun/servlet/trlicenciaspermisosadjuntos?17967465,20180525000000,L, HTTP/1.1" 200 6550
200.72.197.82 - - [25/May/2018:12:07:20 -0300] "GET /cormun/servlet/licenciaspermisosadjuntos?INS,17967465,L,20180525000000,, HTTP/1.1" 200 5851
200.54.18.251 - - [25/May/2018:12:07:21 -0300] "GET /cormun/static/gxcfg.js?2017761263592 HTTP/1.1" 304 -
200.54.18.251 - - [25/May/2018:12:07:21 -0300] "GET /cormun/static/about:blank HTTP/1.1" 404 1011
200.72.197.82 - - [25/May/2018:12:07:22 -0300] "GET /cormun/servlet/licenciaspermisosadjuntos?INS,17967465,L,20180525000000,, HTTP/1.1" 200 5840
200.72.197.82 - - [25/May/2018:12:08:21 -0300] "POST /cormun/servlet/licenciaspermisosadjuntos?5217b0209537159055170f1ef4ef48ae,INS,17967465,L,20180525000000,, HTTP/1.1" 200 116
200.72.197.82 - - [25/May/2018:12:08:21 -0300] "GET /cormun/servlet/hpexe_return? HTTP/1.1" 200 1040
200.72.197.82 - - [25/May/2018:12:08:22 -0300] "GET /cormun/servlet/trlicenciaspermisosadjuntos?17967465,20180525000000,L, HTTP/1.1" 200 7073
200.72.197.82 - - [25/May/2018:12:08:23 -0300] "GET /cormun/servlet/trlicenciaspermisosadjuntos?17967465,20180525000000,L, HTTP/1.1" 200 7071
200.72.197.82 - - [25/May/2018:12:08:33 -0300] "POST /cormun/servlet/trlicenciaspermisosadjuntos?5217b0209537159055170f1ef4ef48ae,17967465,20180525000000,L,,gx-no-cache=1527260850865 HTTP/1.1" 200 90
200.72.197.82 - - [25/May/2018:12:08:33 -0300] "GET /cormun/servlet/hpexe_link HTTP/1.1" 200 984
200.72.197.82 - - [25/May/2018:12:08:34 -0300] "GET /cormun/servlet/trlicencias HTTP/1.1" 200 13412
200.72.197.82 - - [25/May/2018:12:08:36 -0300] "GET /cormun/servlet/trlicencias HTTP/1.1" 200 13409
192.168.10.96 - - [25/May/2018:12:08:40 -0300] "GET /cormun/PublicTempStorage/certificado_de_antecedentes8280950.pdf HTTP/1.1" 200 551664
192.168.10.96 - - [25/May/2018:12:08:50 -0300] "GET /cormun/servlet/vesolicitudgral?2018,11347,,SolicitudOTAdjuntos HTTP/1.1" 200 11557
192.168.10.96 - - [25/May/2018:12:08:51 -0300] "GET /cormun/servlet/vesolicitudgral?2018,11347,,SolicitudOTAdjuntos HTTP/1.1" 200 11560
192.168.10.96 - - [25/May/2018:12:08:51 -0300] "POST /cormun/servlet/acontrolpreferencessavestate?None,DZAMUDIO,true HTTP/1.1" 200 35
192.168.10.96 - - [25/May/2018:12:08:53 -0300] "GET /cormun/servlet/trsolicitudgral? HTTP/1.1" 200 27789
192.168.10.96 - - [25/May/2018:12:08:54 -0300] "GET /cormun/servlet/trsolicitudgral? HTTP/1.1" 200 27782
192.168.10.96 - - [25/May/2018:12:09:17 -0300] "POST /cormun/servlet/trsolicitudgral?841539ac6af79c61bc1433fbe7cafb94,,gx-no-cache=1527260763921 HTTP/1.1" 200 25516
186.103.132.155 - - [25/May/2018:12:09:25 -0300] "POST /cormun/servlet/trlicencias?5217b0209537159055170f1ef4ef48ae,gx-no-cache=1527260902342 HTTP/1.1" 200 10895
192.168.10.96 - - [25/May/2018:12:09:25 -0300] "POST /cormun/servlet/trsolicitudgral?841539ac6af79c61bc1433fbe7cafb94,,gx-no-cache=1527260772866 HTTP/1.1" 200 7359
186.103.132.155 - - [25/May/2018:12:09:26 -0300] "GET /cormun/static/Shared/jqueryui/images/ui-bg_highlight-soft_100_c6c2c8_1x100.png HTTP/1.1" 404 1117
186.103.132.155 - - [25/May/2018:12:09:26 -0300] "GET /cormun/static/Shared/jqueryui/images/ui-icons_82798d_256x240.png HTTP/1.1" 404 1089
186.103.132.155 - - [25/May/2018:12:09:26 -0300] "GET /cormun/static/Shared/jqueryui/images/ui-bg_flat_55_fafafa_40x100.png HTTP/1.1" 404 1097
200.111.122.170 - - [25/May/2018:12:09:26 -0300] "GET /cormun/static/Shared/jqueryui/images/ui-icons_8d78a5_256x240.png HTTP/1.1" 404 1089
192.168.10.96 - - [25/May/2018:12:09:27 -0300] "GET /cormun/servlet/vesolicitudgral?2018,11367,, HTTP/1.1" 200 9240
192.168.10.96 - - [25/May/2018:12:09:27 -0300] "GET /cormun/pexe_scrolldiv.js HTTP/1.1" 404 1009
192.168.10.96 - - [25/May/2018:12:09:27 -0300] "GET /cormun/pexe_scrolldiv.js HTTP/1.1" 404 1009
192.168.10.96 - - [25/May/2018:12:09:28 -0300] "GET /cormun/servlet/vesolicitudgral?2018,11367,, HTTP/1.1" 200 9239
192.168.10.96 - - [25/May/2018:12:09:30 -0300] "GET /cormun/servlet/vesolicitudgral?2018,11367,,SolicitudOTAdjuntos HTTP/1.1" 200 11465
192.168.10.96 - - [25/May/2018:12:09:30 -0300] "GET /cormun/pexe_scrolldiv.js HTTP/1.1" 404 1009
186.103.157.246 - - [25/May/2018:12:09:30 -0300] "GET /cormun/servlet/licenciaspermisos?f665708f67a9ab7da9f4a6302a953469e553bc0518f6d9df1ac5dc550e9509968b4660557b776d5212f4d45cb043d1ffe4dfbdeb2760fdd344c382ab87cb7ed50d1d0227ab7c5cd23f8034fcb9b56eb5566e8d4fb0376bf3102c556c55a2536aecb98cb63e86f31bfbe35ef53868b7f1063e59a16e0e2a3bf960a1540bf90465b474b655614c5eae2e9d8a8b510d1d07205d1e2333d7f40e1ee14d0bc8b065ee46b292b6be93179b050a88c4f4d6bcd25cff7c870c61d9d567b3cd5ff77947c89b3e2a722a7b7de32d9ddb8c0464e847bf4c6f01424741930bd92e27c7d860c4,gx-no-cache=1527260909814 HTTP/1.1" 200 30
192.168.10.96 - - [25/May/2018:12:09:30 -0300] "GET /cormun/pexe_scrolldiv.js HTTP/1.1" 404 1009
186.103.157.246 - - [25/May/2018:12:09:30 -0300] "GET /cormun/servlet/licenciaspermisos?f665708f67a9ab7da9f4a6302a953469cb885b4c6f701f8ae0c784019b116201dd9e7ffbf9fbe75ffd5eb9374a8b8cfe87c7d9c3b3124e65b08be4e8c943049734062ed638a0aaf3f42c4de286136a7b50eed8bd8774a48947f54cb9fe23ff31b0ec5e15b9b25ab53dc99d9a2d7c551d57c538b00f94ca87b906b2bfbf842fdab9ed908f76f3dbd87494a85dba761663d36d8cad39ebd7ad899898365ae619f88465d16307f7c1a60cc9131036a05bb0c338d99a3ed30e4bae0ed4cf758d41f51556e87c069944a59db9438212c864a96dda2c958c57b254ebb86903dd1cdae5,gx-no-cache=1527260910089 HTTP/1.1" 200 29
186.103.157.246 - - [25/May/2018:12:09:30 -0300] "POST /cormun/servlet/licenciaspermisos?417883bd0e43ec2b77f059fed4614a48,INS,0,,,,gx-no-cache=1527260910146 HTTP/1.1" 200 93
186.103.157.246 - - [25/May/2018:12:09:30 -0300] "GET /cormun/servlet/hpexe_return? HTTP/1.1" 200 1012
192.168.10.96 - - [25/May/2018:12:09:30 -0300] "GET /cormun/servlet/vesolicitudgral?2018,11367,,SolicitudOTAdjuntos HTTP/1.1" 200 11464
186.103.157.246 - - [25/May/2018:12:09:31 -0300] "GET /cormun/servlet/trlicencias HTTP/1.1" 200 13958
192.168.10.96 - - [25/May/2018:12:09:31 -0300] "POST /cormun/servlet/acontrolpreferencessavestate?None,DZAMUDIO,true HTTP/1.1" 200 35
192.168.10.96 - - [25/May/2018:12:09:32 -0300] "GET /cormun/PublicTempStorage/cidentidad_sujey5141320.pdf HTTP/1.1" 200 584317
186.103.157.246 - - [25/May/2018:12:09:32 -0300] "GET /cormun/servlet/trlicencias HTTP/1.1" 200 13953
200.111.122.170 - - [25/May/2018:12:09:34 -0300] "GET /cormun/servlet/alicenciaprn?17967465,L,20180525000000,PU HTTP/1.1" 200 1545
192.168.10.96 - - [25/May/2018:12:09:37 -0300] "GET /cormun/servlet/vesolicitudgral?2018,11367,,SolicitudOTAdjuntos HTTP/1.1" 200 11465
192.168.10.96 - - [25/May/2018:12:09:38 -0300] "GET /cormun/servlet/vesolicitudgral?2018,11367,,SolicitudOTAdjuntos HTTP/1.1" 200 11465
192.168.10.96 - - [25/May/2018:12:09:39 -0300] "POST /cormun/servlet/acontrolpreferencessavestate?None,DZAMUDIO,true HTTP/1.1" 200 35
192.168.10.96 - - [25/May/2018:12:09:40 -0300] "GET /cormun/PublicTempStorage/certificado__sjuey_4%B0_medio7754445.pdf HTTP/1.1" 200 690839
192.168.10.96 - - [25/May/2018:12:09:44 -0300] "GET /cormun/servlet/vesolicitudgral?2018,11367,,SolicitudOTAdjuntos HTTP/1.1" 200 11462
192.168.10.96 - - [25/May/2018:12:09:44 -0300] "GET /cormun/servlet/vesolicitudgral?2018,11367,,SolicitudOTAdjuntos HTTP/1.1" 200 11465
192.168.10.96 - - [25/May/2018:12:09:45 -0300] "POST /cormun/servlet/acontrolpreferencessavestate?None,DZAMUDIO,true HTTP/1.1" 200 35
192.168.10.96 - - [25/May/2018:12:09:46 -0300] "GET /cormun/PublicTempStorage/certificado-de-afiliacion-afpmodelo_%281%293200041.pdf HTTP/1.1" 200 93580
192.168.10.96 - - [25/May/2018:12:09:54 -0300] "GET /cormun/servlet/vesolicitudgral?2018,11367,,SolicitudOTAdjuntos HTTP/1.1" 200 11464
192.168.10.96 - - [25/May/2018:12:09:55 -0300] "GET /cormun/servlet/vesolicitudgral?2018,11367,,SolicitudOTAdjuntos HTTP/1.1" 200 11464
192.168.10.96 - - [25/May/2018:12:09:55 -0300] "POST /cormun/servlet/acontrolpreferencessavestate?None,DZAMUDIO,true HTTP/1.1" 200 35
192.168.10.96 - - [25/May/2018:12:09:58 -0300] "GET /cormun/PublicTempStorage/fonasa_sujey6807415.pdf HTTP/1.1" 200 268788
192.168.10.96 - - [25/May/2018:12:10:02 -0300] "GET /cormun/servlet/vesolicitudgral?2018,11367,,SolicitudOTAdjuntos HTTP/1.1" 200 11462
192.168.10.96 - - [25/May/2018:12:10:03 -0300] "GET /cormun/servlet/vesolicitudgral?2018,11367,,SolicitudOTAdjuntos HTTP/1.1" 200 11466
192.168.10.96 - - [25/May/2018:12:10:03 -0300] "POST /cormun/servlet/acontrolpreferencessavestate?None,DZAMUDIO,true HTTP/1.1" 200 35
192.168.10.96 - - [25/May/2018:12:10:04 -0300] "GET /cormun/PublicTempStorage/sujey_certificado1011409.pdf HTTP/1.1" 200 659420
192.168.10.96 - - [25/May/2018:12:10:11 -0300] "GET /cormun/servlet/vesolicitudgral?2018,11367,,SolicitudOTAdjuntos HTTP/1.1" 200 11463
192.168.10.96 - - [25/May/2018:12:10:12 -0300] "GET /cormun/servlet/vesolicitudgral?2018,11367,,SolicitudOTAdjuntos HTTP/1.1" 200 11464
192.168.10.96 - - [25/May/2018:12:10:12 -0300] "POST /cormun/servlet/acontrolpreferencessavestate?None,DZAMUDIO,true HTTP/1.1" 200 35
192.168.10.96 - - [25/May/2018:12:10:13 -0300] "GET /cormun/PublicTempStorage/curriculum_vitae_suhey_%281%298115909.docx HTTP/1.1" 200 16853
192.168.10.62 - - [25/May/2018:12:11:08 -0300] "POST /cormun/servlet/hlogin?d0355e2630365d6be2e6e179c878f44c,gx-no-cache=1527260875475 HTTP/1.1" 440 972
192.168.10.62 - - [25/May/2018:12:11:10 -0300] "GET /cormun/servlet/hlogin HTTP/1.1" 200 1734
200.54.247.70 - - [25/May/2018:12:11:11 -0300] "GET /cormun/servlet/trpermisosgoce? HTTP/1.1" 200 8545
200.54.247.70 - - [25/May/2018:12:11:12 -0300] "GET /cormun/servlet/trpermisosgoce? HTTP/1.1" 200 8545
200.54.247.70 - - [25/May/2018:12:12:23 -0300] "GET /cormun/servlet/trpermisosgoce? HTTP/1.1" 200 8545
200.54.247.70 - - [25/May/2018:12:12:23 -0300] "GET /cormun/servlet/trpermisosgoce? HTTP/1.1" 200 8545
200.54.247.70 - - [25/May/2018:12:12:28 -0300] "GET /cormun/servlet/permisogoce?INS,0,,, HTTP/1.1" 200 7093
200.54.247.70 - - [25/May/2018:12:12:29 -0300] "GET /cormun/servlet/permisogoce?INS,0,,, HTTP/1.1" 200 7093
192.168.10.58 - - [25/May/2018:12:13:20 -0300] "GET /cormun/servlet/hlogin HTTP/1.1" 200 1716
192.168.10.58 - - [25/May/2018:12:13:20 -0300] "GET /cormun/static/Resources/PXToolsButtonLeft21.png HTTP/1.1" 304 -
192.168.10.58 - - [25/May/2018:12:13:20 -0300] "GET /cormun/static/Resources/PXToolsButtonRight21.png HTTP/1.1" 304 -
192.168.10.58 - - [25/May/2018:12:13:20 -0300] "GET /cormun/static/Resources/PXToolsButtonBackground2.png HTTP/1.1" 304 -
192.168.10.58 - - [25/May/2018:12:13:20 -0300] "GET /cormun/servlet/hlogin HTTP/1.1" 200 1721
192.168.10.58 - - [25/May/2018:12:13:22 -0300] "POST /cormun/servlet/hlogin?4c75b540edbb201469b672efc6aad088,gx-no-cache=1527261010066 HTTP/1.1" 200 90
192.168.10.58 - - [25/May/2018:12:13:22 -0300] "GET /cormun/servlet/hpexe_link HTTP/1.1" 200 942
192.168.10.58 - - [25/May/2018:12:13:22 -0300] "GET /cormun/servlet/hhome HTTP/1.1" 200 3829
192.168.10.58 - - [25/May/2018:12:13:22 -0300] "GET /cormun/static/Resources/logo4.png HTTP/1.1" 304 -
192.168.10.58 - - [25/May/2018:12:13:22 -0300] "GET /cormun/static/Resources/PXToolsHeaderBackground2.png HTTP/1.1" 304 -
192.168.10.58 - - [25/May/2018:12:13:22 -0300] "GET /cormun/static/Resources/PXToolsFooterBackground2.png HTTP/1.1" 304 -
192.168.10.58 - - [25/May/2018:12:13:23 -0300] "GET /cormun/servlet/hhome HTTP/1.1" 200 3825
192.168.10.58 - - [25/May/2018:12:13:27 -0300] "GET /cormun/servlet/trsolicitudgral? HTTP/1.1" 200 27899
192.168.10.58 - - [25/May/2018:12:13:27 -0300] "GET /cormun/static/trsolicitudgral.js?201813119462015 HTTP/1.1" 304 -
192.168.10.58 - - [25/May/2018:12:13:27 -0300] "GET /cormun/static/Resources/PXTools/calendar.png HTTP/1.1" 304 -
192.168.10.58 - - [25/May/2018:12:13:28 -0300] "GET /cormun/servlet/trsolicitudgral? HTTP/1.1" 200 27898
192.168.10.58 - - [25/May/2018:12:13:42 -0300] "POST /cormun/servlet/trsolicitudgral?4c75b540edbb201469b672efc6aad088,,gx-no-cache=1527261029463 HTTP/1.1" 200 25236
192.168.10.58 - - [25/May/2018:12:13:43 -0300] "GET /cormun/static/Shared/jqueryui/images/ui-bg_highlight-soft_100_c6c2c8_1x100.png HTTP/1.1" 404 1117
192.168.10.58 - - [25/May/2018:12:13:43 -0300] "GET /cormun/static/Shared/jqueryui/images/ui-icons_82798d_256x240.png HTTP/1.1" 404 1089
192.168.10.58 - - [25/May/2018:12:13:43 -0300] "GET /cormun/static/Shared/jqueryui/images/ui-bg_flat_55_fafafa_40x100.png HTTP/1.1" 404 1097
192.168.10.58 - - [25/May/2018:12:13:43 -0300] "GET /cormun/static/Shared/jqueryui/images/ui-icons_8d78a5_256x240.png HTTP/1.1" 404 1089
192.168.10.58 - - [25/May/2018:12:13:54 -0300] "POST /cormun/servlet/trsolicitudgral?4c75b540edbb201469b672efc6aad088,,gx-no-cache=1527261041049 HTTP/1.1" 200 25343
200.54.247.70 - - [25/May/2018:12:14:50 -0300] "GET /cormun/servlet/trpermisosgoce? HTTP/1.1" 200 8546
200.54.247.70 - - [25/May/2018:12:14:51 -0300] "GET /cormun/servlet/trpermisosgoce? HTTP/1.1" 200 8545
192.168.10.58 - - [25/May/2018:12:14:52 -0300] "GET /cormun/servlet/hhome HTTP/1.1" 200 3829
192.168.10.58 - - [25/May/2018:12:14:53 -0300] "GET /cormun/servlet/hhome HTTP/1.1" 200 3825
200.54.247.70 - - [25/May/2018:12:15:01 -0300] "GET /cormun/servlet/trpermisosgoce? HTTP/1.1" 200 8545
200.54.247.70 - - [25/May/2018:12:15:01 -0300] "GET /cormun/servlet/trpermisosgoce? HTTP/1.1" 200 8545
190.151.99.26 - - [25/May/2018:12:15:10 -0300] "GET /cormun/servlet/hlogin HTTP/1.1" 200 1721
190.151.99.26 - - [25/May/2018:12:15:12 -0300] "POST /cormun/servlet/hlogin?cf5de4ce24822eb352ee88d5ae1c262f,gx-no-cache=1527261249148 HTTP/1.1" 200 90
190.151.99.26 - - [25/May/2018:12:15:12 -0300] "GET /cormun/servlet/hpexe_link HTTP/1.1" 200 959
190.151.99.26 - - [25/May/2018:12:15:12 -0300] "GET /cormun/servlet/trautorizarsolicitud? HTTP/1.1" 200 8748
190.151.99.26 - - [25/May/2018:12:15:13 -0300] "GET /cormun/servlet/trautorizarsolicitud? HTTP/1.1" 200 8747
200.54.247.70 - - [25/May/2018:12:15:16 -0300] "GET /cormun/servlet/permisogoce?INS,0,,, HTTP/1.1" 200 7093
200.54.247.70 - - [25/May/2018:12:15:16 -0300] "GET /cormun/servlet/permisogoce?INS,0,,, HTTP/1.1" 200 7093
190.151.124.170 - - [25/May/2018:12:15:16 -0300] "GET /cormun/servlet/trautorizarsolicitud? HTTP/1.1" 200 8747
190.151.124.170 - - [25/May/2018:12:15:17 -0300] "GET /cormun/servlet/trautorizarsolicitud? HTTP/1.1" 200 8747
200.54.247.70 - - [25/May/2018:12:15:21 -0300] "GET /cormun/servlet/trpermisosgoce? HTTP/1.1" 200 8546
200.54.247.70 - - [25/May/2018:12:15:22 -0300] "GET /cormun/servlet/trpermisosgoce? HTTP/1.1" 200 8545
200.54.247.70 - - [25/May/2018:12:15:27 -0300] "POST /cormun/servlet/trpermisosgoce?892f357cd0c586f2286a6d1c75843e03,,gx-no-cache=1527261266630 HTTP/1.1" 200 16390
192.168.10.89 - - [25/May/2018:12:17:24 -0300] "POST /cormun/servlet/trsolicitudgral?d4b720fac5d78fc3eb59d2e637aa0cfd,,gx-no-cache=1527261251325 HTTP/1.1" 440 972
192.168.10.89 - - [25/May/2018:12:17:26 -0300] "GET /cormun/servlet/trsolicitudgral? HTTP/1.1" 500 10
192.168.10.89 - - [25/May/2018:12:17:33 -0300] "GET /cormun/servlet/hlogin HTTP/1.1" 200 1722
200.54.247.70 - - [25/May/2018:12:17:35 -0300] "POST /cormun/servlet/trpermisosgoce?892f357cd0c586f2286a6d1c75843e03,,gx-no-cache=1527261394442 HTTP/1.1" 200 16334
192.168.10.89 - - [25/May/2018:12:17:39 -0300] "POST /cormun/servlet/hlogin?00e4ceee0800c6ded6ca416eef0c0473,gx-no-cache=1527261266736 HTTP/1.1" 200 90
192.168.10.89 - - [25/May/2018:12:17:39 -0300] "GET /cormun/servlet/hpexe_link HTTP/1.1" 200 953
192.168.10.89 - - [25/May/2018:12:17:39 -0300] "GET /cormun/servlet/hhome HTTP/1.1" 200 4922
192.168.10.89 - - [25/May/2018:12:17:42 -0300] "GET /cormun/servlet/trsolicitudgral? HTTP/1.1" 200 28964
190.151.124.170 - - [25/May/2018:12:17:43 -0300] "GET /cormun/servlet/trautorizarsolicitud? HTTP/1.1" 200 8747
190.151.124.170 - - [25/May/2018:12:17:44 -0300] "GET /cormun/servlet/trautorizarsolicitud? HTTP/1.1" 200 8747
192.168.10.89 - - [25/May/2018:12:18:02 -0300] "POST /cormun/servlet/trsolicitudgral?00e4ceee0800c6ded6ca416eef0c0473,,gx-no-cache=1527261289836 HTTP/1.1" 200 7915
186.103.157.246 - - [25/May/2018:12:19:29 -0300] "GET /cormun/servlet/trlicenciaspermisosadjuntos?18044187,20180525000000,L, HTTP/1.1" 200 6494
186.103.157.246 - - [25/May/2018:12:19:30 -0300] "GET /cormun/servlet/trlicenciaspermisosadjuntos?18044187,20180525000000,L, HTTP/1.1" 200 6494
186.103.157.246 - - [25/May/2018:12:19:30 -0300] "GET /cormun/servlet/trlicenciaspermisosadjuntos?18044187,20180525000000,L, HTTP/1.1" 200 6494
186.103.157.246 - - [25/May/2018:12:19:31 -0300] "GET /cormun/servlet/trlicenciaspermisosadjuntos?18044187,20180525000000,L, HTTP/1.1" 200 6494
186.103.157.246 - - [25/May/2018:12:19:33 -0300] "GET /cormun/servlet/licenciaspermisosadjuntos?INS,18044187,L,20180525000000,, HTTP/1.1" 200 5792
186.103.157.246 - - [25/May/2018:12:19:33 -0300] "GET /cormun/static/about:blank HTTP/1.1" 404 1011
186.103.157.246 - - [25/May/2018:12:19:34 -0300] "GET /cormun/servlet/licenciaspermisosadjuntos?INS,18044187,L,20180525000000,, HTTP/1.1" 200 5781
186.103.157.246 - - [25/May/2018:12:19:45 -0300] "POST /cormun/servlet/licenciaspermisosadjuntos?417883bd0e43ec2b77f059fed4614a48,INS,18044187,L,20180525000000,, HTTP/1.1" 200 116
186.103.157.246 - - [25/May/2018:12:19:46 -0300] "GET /cormun/servlet/hpexe_return? HTTP/1.1" 200 1043
186.103.157.246 - - [25/May/2018:12:19:46 -0300] "GET /cormun/servlet/trlicenciaspermisosadjuntos?18044187,20180525000000,L, HTTP/1.1" 200 6985
186.103.157.246 - - [25/May/2018:12:19:47 -0300] "GET /cormun/servlet/trlicenciaspermisosadjuntos?18044187,20180525000000,L, HTTP/1.1" 200 6981
186.103.157.246 - - [25/May/2018:12:19:51 -0300] "GET /cormun/servlet/trlicencias? HTTP/1.1" 200 13956
186.103.157.246 - - [25/May/2018:12:19:52 -0300] "GET /cormun/servlet/trlicencias? HTTP/1.1" 200 13953
186.103.157.246 - - [25/May/2018:12:19:58 -0300] "POST /cormun/servlet/trlicencias?417883bd0e43ec2b77f059fed4614a48,,gx-no-cache=1527261537321 HTTP/1.1" 200 11665
186.103.157.246 - - [25/May/2018:12:19:58 -0300] "GET /cormun/static/Shared/jqueryui/images/ui-bg_highlight-soft_100_c6c2c8_1x100.png HTTP/1.1" 404 1117
186.103.157.246 - - [25/May/2018:12:19:58 -0300] "GET /cormun/static/Shared/jqueryui/images/ui-bg_flat_55_fafafa_40x100.png HTTP/1.1" 404 1097
186.103.157.246 - - [25/May/2018:12:19:58 -0300] "GET /cormun/static/Shared/jqueryui/images/ui-icons_8d78a5_256x240.png HTTP/1.1" 404 1089
186.103.157.246 - - [25/May/2018:12:19:59 -0300] "GET /cormun/static/Shared/jqueryui/images/ui-icons_82798d_256x240.png HTTP/1.1" 404 1089
186.103.157.246 - - [25/May/2018:12:20:03 -0300] "GET /cormun/servlet/trlicenciaspermisosadjuntos?7559117,20180525000000,L, HTTP/1.1" 200 6493
186.103.157.246 - - [25/May/2018:12:20:03 -0300] "GET /cormun/servlet/trlicenciaspermisosadjuntos?7559117,20180525000000,L, HTTP/1.1" 200 6494
186.103.157.246 - - [25/May/2018:12:20:06 -0300] "GET /cormun/servlet/licenciaspermisosadjuntos?INS,7559117,L,20180525000000,, HTTP/1.1" 200 5793
186.103.157.246 - - [25/May/2018:12:20:06 -0300] "GET /cormun/static/about:blank HTTP/1.1" 404 1011
186.103.157.246 - - [25/May/2018:12:20:07 -0300] "GET /cormun/servlet/licenciaspermisosadjuntos?INS,7559117,L,20180525000000,, HTTP/1.1" 200 5782
186.103.157.246 - - [25/May/2018:12:20:21 -0300] "POST /cormun/servlet/licenciaspermisosadjuntos?417883bd0e43ec2b77f059fed4614a48,INS,7559117,L,20180525000000,, HTTP/1.1" 200 116
186.103.157.246 - - [25/May/2018:12:20:21 -0300] "GET /cormun/servlet/hpexe_return? HTTP/1.1" 200 1043
186.103.157.246 - - [25/May/2018:12:20:21 -0300] "GET /cormun/servlet/trlicenciaspermisosadjuntos?7559117,20180525000000,L, HTTP/1.1" 200 6994
186.103.157.246 - - [25/May/2018:12:20:22 -0300] "GET /cormun/servlet/trlicenciaspermisosadjuntos?7559117,20180525000000,L, HTTP/1.1" 200 6990
186.103.157.246 - - [25/May/2018:12:20:26 -0300] "GET /cormun/servlet/trlicencias? HTTP/1.1" 200 13953
186.103.157.246 - - [25/May/2018:12:20:27 -0300] "GET /cormun/servlet/trlicencias? HTTP/1.1" 200 13944
186.103.157.246 - - [25/May/2018:12:20:33 -0300] "POST /cormun/servlet/trlicencias?417883bd0e43ec2b77f059fed4614a48,,gx-no-cache=1527261572391 HTTP/1.1" 200 11645
186.103.157.246 - - [25/May/2018:12:20:38 -0300] "GET /cormun/servlet/trlicenciaspermisosadjuntos?14011509,20180525000000,L, HTTP/1.1" 200 6499
186.103.157.246 - - [25/May/2018:12:20:39 -0300] "GET /cormun/servlet/trlicenciaspermisosadjuntos?14011509,20180525000000,L, HTTP/1.1" 200 6500
186.103.157.246 - - [25/May/2018:12:20:42 -0300] "GET /cormun/servlet/licenciaspermisosadjuntos?INS,14011509,L,20180525000000,, HTTP/1.1" 200 5795
186.103.157.246 - - [25/May/2018:12:20:42 -0300] "GET /cormun/static/about:blank HTTP/1.1" 404 1011
186.103.157.246 - - [25/May/2018:12:20:43 -0300] "GET /cormun/servlet/licenciaspermisosadjuntos?INS,14011509,L,20180525000000,, HTTP/1.1" 200 5784
200.54.247.70 - - [25/May/2018:12:20:53 -0300] "GET /cormun/servlet/permisogoce?INS,0,,, HTTP/1.1" 200 7093
200.54.247.70 - - [25/May/2018:12:20:54 -0300] "GET /cormun/servlet/permisogoce?INS,0,,, HTTP/1.1" 200 7093
200.54.247.70 - - [25/May/2018:12:20:56 -0300] "GET /cormun/servlet/prfichaempleado?,MD,,gxPopupLevel%3D0%3B HTTP/1.1" 200 9394
186.103.157.246 - - [25/May/2018:12:20:58 -0300] "POST /cormun/servlet/licenciaspermisosadjuntos?417883bd0e43ec2b77f059fed4614a48,INS,14011509,L,20180525000000,, HTTP/1.1" 200 116
186.103.157.246 - - [25/May/2018:12:20:58 -0300] "GET /cormun/servlet/hpexe_return? HTTP/1.1" 200 1043
186.103.157.246 - - [25/May/2018:12:20:58 -0300] "GET /cormun/servlet/trlicenciaspermisosadjuntos?14011509,20180525000000,L, HTTP/1.1" 200 6990
186.103.157.246 - - [25/May/2018:12:20:59 -0300] "GET /cormun/servlet/trlicenciaspermisosadjuntos?14011509,20180525000000,L, HTTP/1.1" 200 6986
200.54.247.70 - - [25/May/2018:12:21:03 -0300] "POST /cormun/servlet/prfichaempleado?892f357cd0c586f2286a6d1c75843e03,,MD,,gxPopupLevel%3D0%3B,gx-no-cache=1527261603296 HTTP/1.1" 200 3413
186.103.157.246 - - [25/May/2018:12:21:04 -0300] "GET /cormun/servlet/trlicencias? HTTP/1.1" 200 13931
186.103.157.246 - - [25/May/2018:12:21:06 -0300] "GET /cormun/servlet/trlicencias? HTTP/1.1" 200 13930
186.103.157.246 - - [25/May/2018:12:21:12 -0300] "POST /cormun/servlet/trlicencias?417883bd0e43ec2b77f059fed4614a48,,gx-no-cache=1527261610833 HTTP/1.1" 200 11539
200.54.247.70 - - [25/May/2018:12:21:54 -0300] "POST /cormun/servlet/prfichaempleado?892f357cd0c586f2286a6d1c75843e03,,MD,,gxPopupLevel%3D0%3B,gx-no-cache=1527261653894 HTTP/1.1" 200 4105
200.54.247.70 - - [25/May/2018:12:22:09 -0300] "POST /cormun/servlet/prfichaempleado?892f357cd0c586f2286a6d1c75843e03,,MD,,gxPopupLevel%3D0%3B,gx-no-cache=1527261668636 HTTP/1.1" 200 3180
192.168.10.96 - - [25/May/2018:12:22:16 -0300] "GET /cormun/servlet/vesolicitudgral?2018,11367,,General HTTP/1.1" 200 9247
192.168.10.96 - - [25/May/2018:12:22:16 -0300] "GET /cormun/pexe_scrolldiv.js HTTP/1.1" 404 1009
192.168.10.96 - - [25/May/2018:12:22:16 -0300] "GET /cormun/pexe_scrolldiv.js HTTP/1.1" 404 1009
192.168.10.96 - - [25/May/2018:12:22:16 -0300] "GET /cormun/servlet/vesolicitudgral?2018,11367,,General HTTP/1.1" 200 9246
186.103.132.155 - - [25/May/2018:12:22:35 -0300] "GET /cormun/servlet/hlogin HTTP/1.1" 200 1724
