200.54.247.70 - - [25/May/2018:11:48:10 -0300] "POST /cormun/servlet/trpermisosadjuntos?892f357cd0c586f2286a6d1c75843e03,13095792,20180525104354,P,,gx-no-cache=1527259629875 HTTP/1.1" 200 90
200.54.247.70 - - [25/May/2018:11:48:10 -0300] "GET /cormun/servlet/hpexe_link HTTP/1.1" 200 998
200.54.247.70 - - [25/May/2018:11:48:10 -0300] "GET /cormun/servlet/trpermisosgoce?gx-no-cache=1527258168394 HTTP/1.1" 200 16504
200.54.247.70 - - [25/May/2018:11:48:11 -0300] "GET /cormun/servlet/trpermisosgoce?gx-no-cache=1527258168394 HTTP/1.1" 200 16540
200.54.247.70 - - [25/May/2018:11:48:15 -0300] "POST /cormun/servlet/trpermisosgoce?892f357cd0c586f2286a6d1c75843e03,gx-no-cache=1527258168394,gx-no-cache=1527259634704 HTTP/1.1" 200 13617
200.54.247.70 - - [25/May/2018:11:48:15 -0300] "GET /cormun/static/Shared/jqueryui/images/ui-bg_highlight-soft_100_c6c2c8_1x100.png HTTP/1.1" 404 1117
200.54.247.70 - - [25/May/2018:11:48:15 -0300] "GET /cormun/static/Shared/jqueryui/images/ui-icons_82798d_256x240.png HTTP/1.1" 404 1089
200.54.247.70 - - [25/May/2018:11:48:15 -0300] "GET /cormun/static/Shared/jqueryui/images/ui-icons_8d78a5_256x240.png HTTP/1.1" 404 1089
200.54.247.70 - - [25/May/2018:11:48:15 -0300] "GET /cormun/static/Shared/jqueryui/images/ui-bg_flat_55_fafafa_40x100.png HTTP/1.1" 404 1097
200.54.247.70 - - [25/May/2018:11:48:20 -0300] "GET /cormun/servlet/permisogoce?INS,0,,, HTTP/1.1" 200 7115
200.54.247.70 - - [25/May/2018:11:48:20 -0300] "GET /cormun/servlet/permisogoce?INS,0,,, HTTP/1.1" 200 7093
200.54.247.70 - - [25/May/2018:11:48:22 -0300] "GET /cormun/servlet/prfichaempleado?,MD,,gxPopupLevel%3D0%3B HTTP/1.1" 200 9394
200.54.247.70 - - [25/May/2018:11:48:34 -0300] "POST /cormun/servlet/prfichaempleado?892f357cd0c586f2286a6d1c75843e03,,MD,,gxPopupLevel%3D0%3B,gx-no-cache=1527259654126 HTTP/1.1" 200 3422
200.54.247.70 - - [25/May/2018:11:48:38 -0300] "GET /cormun/servlet/permisogoce?ad4ac2caf3955a8a96324d54d1d42497bbe695a198359c49b62b0c47fc43856354b61728f138556aed0b1f1f815eaa835e77008086f22f440c66697968ac1e3d,gx-no-cache=1527259658218 HTTP/1.1" 200 81
200.54.247.70 - - [25/May/2018:11:48:44 -0300] "GET /cormun/servlet/permisogoce?ad4ac2caf3955a8a96324d54d1d42497a2e58bac014b289c88a2693a0011dd3a17d1d89ad7978df23cfa7ea3a0480054b7c076ab465cc0229a4ba7bf9831c9a5,gx-no-cache=1527259664163 HTTP/1.1" 200 46
200.54.247.70 - - [25/May/2018:11:48:46 -0300] "POST /cormun/servlet/permisogoce?892f357cd0c586f2286a6d1c75843e03,INS,0,,,,gx-no-cache=1527259665909 HTTP/1.1" 200 93
200.54.247.70 - - [25/May/2018:11:48:46 -0300] "GET /cormun/servlet/hpexe_return? HTTP/1.1" 200 1026
200.54.247.70 - - [25/May/2018:11:48:46 -0300] "GET /cormun/servlet/trpermisosgoce?gx-no-cache=1527258168394 HTTP/1.1" 200 16735
200.54.247.70 - - [25/May/2018:11:48:47 -0300] "GET /cormun/servlet/trpermisosgoce?gx-no-cache=1527258168394 HTTP/1.1" 200 16740
200.54.247.70 - - [25/May/2018:11:48:51 -0300] "GET /cormun/servlet/trpermisosadjuntos?10607785,20180525104507,P, HTTP/1.1" 200 6569
200.54.247.70 - - [25/May/2018:11:48:52 -0300] "GET /cormun/servlet/trpermisosadjuntos?10607785,20180525104507,P, HTTP/1.1" 200 6548
200.54.247.70 - - [25/May/2018:11:48:53 -0300] "GET /cormun/servlet/permisosadjuntos?INS,10607785,P,20180525104507,, HTTP/1.1" 200 5872
200.54.247.70 - - [25/May/2018:11:48:53 -0300] "GET /cormun/static/about:blank HTTP/1.1" 404 1011
200.54.247.70 - - [25/May/2018:11:48:53 -0300] "GET /cormun/servlet/permisosadjuntos?INS,10607785,P,20180525104507,, HTTP/1.1" 200 5862
200.54.247.70 - - [25/May/2018:11:49:01 -0300] "POST /cormun/servlet/permisosadjuntos?892f357cd0c586f2286a6d1c75843e03,INS,10607785,P,20180525104507,, HTTP/1.1" 200 116
200.54.247.70 - - [25/May/2018:11:49:01 -0300] "GET /cormun/servlet/hpexe_return? HTTP/1.1" 200 1031
200.54.247.70 - - [25/May/2018:11:49:02 -0300] "GET /cormun/servlet/trpermisosadjuntos?10607785,20180525104507,P, HTTP/1.1" 200 7038
200.54.247.70 - - [25/May/2018:11:49:02 -0300] "GET /cormun/servlet/trpermisosadjuntos?10607785,20180525104507,P, HTTP/1.1" 200 7036
200.54.247.70 - - [25/May/2018:11:49:03 -0300] "GET /cormun/PublicTempStorage/doc004988201805251148166861862.pdf HTTP/1.1" 200 123590
200.54.247.70 - - [25/May/2018:11:49:06 -0300] "GET /cormun/servlet/trpermisosadjuntos?10607785,20180525104507,P, HTTP/1.1" 200 7038
200.54.247.70 - - [25/May/2018:11:49:07 -0300] "GET /cormun/servlet/trpermisosadjuntos?10607785,20180525104507,P, HTTP/1.1" 200 7035
186.103.159.189 - - [25/May/2018:11:49:09 -0300] "POST /cormun/servlet/trlicencias?9874d467449efb439f4e161d25575db1,,gx-no-cache=1527259688356 HTTP/1.1" 440 972
200.54.247.70 - - [25/May/2018:11:49:11 -0300] "POST /cormun/servlet/trpermisosadjuntos?892f357cd0c586f2286a6d1c75843e03,10607785,20180525104507,P,,gx-no-cache=1527259690794 HTTP/1.1" 200 90
200.54.247.70 - - [25/May/2018:11:49:11 -0300] "GET /cormun/servlet/hpexe_link HTTP/1.1" 200 999
200.54.247.70 - - [25/May/2018:11:49:11 -0300] "GET /cormun/servlet/trpermisosgoce?gx-no-cache=1527258168394 HTTP/1.1" 200 16715
186.103.159.189 - - [25/May/2018:11:49:11 -0300] "GET /cormun/servlet/trlicencias? HTTP/1.1" 200 6116
200.54.247.70 - - [25/May/2018:11:49:11 -0300] "GET /cormun/servlet/trpermisosgoce?gx-no-cache=1527258168394 HTTP/1.1" 200 16724
186.103.159.189 - - [25/May/2018:11:49:13 -0300] "GET /cormun/servlet/trlicencias? HTTP/1.1" 200 6116
186.103.159.189 - - [25/May/2018:11:49:14 -0300] "GET /cormun/servlet/hlogin HTTP/1.1" 200 1730
200.54.247.70 - - [25/May/2018:11:49:16 -0300] "POST /cormun/servlet/trpermisosgoce?892f357cd0c586f2286a6d1c75843e03,gx-no-cache=1527258168394,gx-no-cache=1527259695903 HTTP/1.1" 200 13803
200.54.247.70 - - [25/May/2018:11:49:16 -0300] "GET /cormun/static/Shared/jqueryui/images/ui-bg_highlight-soft_100_c6c2c8_1x100.png HTTP/1.1" 404 1117
200.54.247.70 - - [25/May/2018:11:49:16 -0300] "GET /cormun/static/Shared/jqueryui/images/ui-icons_82798d_256x240.png HTTP/1.1" 404 1089
200.54.247.70 - - [25/May/2018:11:49:16 -0300] "GET /cormun/static/Shared/jqueryui/images/ui-icons_8d78a5_256x240.png HTTP/1.1" 404 1089
200.54.247.70 - - [25/May/2018:11:49:16 -0300] "GET /cormun/static/Shared/jqueryui/images/ui-bg_flat_55_fafafa_40x100.png HTTP/1.1" 404 1097
186.79.90.105 - - [25/May/2018:11:49:23 -0300] "POST /cormun/servlet/trsolicitudot?f0f6cb0f944b8f894435e15b4a23d946,gx-no-cache=1527256105534 HTTP/1.1" 200 4507
186.79.90.105 - - [25/May/2018:11:49:23 -0300] "GET /cormun/static/Shared/jqueryui/images/ui-bg_highlight-soft_100_c6c2c8_1x100.png HTTP/1.1" 404 1117
186.79.90.105 - - [25/May/2018:11:49:23 -0300] "GET /cormun/static/Shared/jqueryui/images/ui-icons_82798d_256x240.png HTTP/1.1" 404 1089
186.79.90.105 - - [25/May/2018:11:49:23 -0300] "GET /cormun/static/Shared/jqueryui/images/ui-bg_flat_55_fafafa_40x100.png HTTP/1.1" 404 1097
186.79.90.105 - - [25/May/2018:11:49:23 -0300] "GET /cormun/static/Shared/jqueryui/images/ui-icons_8d78a5_256x240.png HTTP/1.1" 404 1089
186.79.90.105 - - [25/May/2018:11:49:24 -0300] "POST /cormun/servlet/trsolicitudot?f0f6cb0f944b8f894435e15b4a23d946,gx-no-cache=1527256106079 HTTP/1.1" 200 4254
186.103.157.246 - - [25/May/2018:11:49:31 -0300] "GET /cormun/servlet/licenciaspermisos?INS,0,,, HTTP/1.1" 200 6766
186.103.157.246 - - [25/May/2018:11:49:33 -0300] "GET /cormun/servlet/licenciaspermisos?INS,0,,, HTTP/1.1" 200 6777
186.103.157.246 - - [25/May/2018:11:49:33 -0300] "GET /cormun/servlet/hlogin HTTP/1.1" 200 1747
186.79.90.105 - - [25/May/2018:11:49:42 -0300] "GET /cormun/servlet/trlicencias? HTTP/1.1" 200 9522
186.79.90.105 - - [25/May/2018:11:49:42 -0300] "GET /cormun/static/gxcfg.js?20176272054169 HTTP/1.1" 304 -
186.79.90.105 - - [25/May/2018:11:49:42 -0300] "GET /cormun/servlet/trlicencias? HTTP/1.1" 200 9521
186.103.157.246 - - [25/May/2018:11:49:48 -0300] "POST /cormun/servlet/hlogin?417883bd0e43ec2b77f059fed4614a48,gx-no-cache=1527259728154 HTTP/1.1" 200 90
186.103.157.246 - - [25/May/2018:11:49:48 -0300] "GET /cormun/servlet/hpexe_link HTTP/1.1" 200 969
186.103.157.246 - - [25/May/2018:11:49:48 -0300] "GET /cormun/servlet/licenciaspermisos?INS,0,,, HTTP/1.1" 200 7524
186.103.157.246 - - [25/May/2018:11:49:49 -0300] "GET /cormun/servlet/licenciaspermisos?INS,0,,, HTTP/1.1" 200 7530
186.103.157.246 - - [25/May/2018:11:49:55 -0300] "GET /cormun/servlet/trlicencias? HTTP/1.1" 200 12991
186.103.157.246 - - [25/May/2018:11:49:58 -0300] "GET /cormun/servlet/trlicencias? HTTP/1.1" 200 12982
186.79.90.105 - - [25/May/2018:11:50:00 -0300] "GET /cormun/servlet/hlogin HTTP/1.1" 200 1734
200.54.247.70 - - [25/May/2018:11:50:02 -0300] "GET /cormun/servlet/permisogoce?INS,0,,, HTTP/1.1" 200 7114
200.54.247.70 - - [25/May/2018:11:50:02 -0300] "GET /cormun/servlet/permisogoce?INS,0,,, HTTP/1.1" 200 7093
200.54.247.70 - - [25/May/2018:11:50:15 -0300] "GET /cormun/servlet/trpermisosgoce? HTTP/1.1" 200 16698
200.54.247.70 - - [25/May/2018:11:50:16 -0300] "GET /cormun/servlet/trpermisosgoce? HTTP/1.1" 200 16690
186.103.157.246 - - [25/May/2018:11:50:16 -0300] "GET /cormun/servlet/licenciaspermisos?INS,0,,, HTTP/1.1" 200 7522
186.103.157.246 - - [25/May/2018:11:50:17 -0300] "GET /cormun/servlet/licenciaspermisos?INS,0,,, HTTP/1.1" 200 7530
200.54.247.70 - - [25/May/2018:11:50:18 -0300] "GET /cormun/servlet/permisogoce?INS,0,,, HTTP/1.1" 200 7093
200.54.247.70 - - [25/May/2018:11:50:18 -0300] "GET /cormun/servlet/permisogoce?INS,0,,, HTTP/1.1" 200 7093
200.54.247.70 - - [25/May/2018:11:50:22 -0300] "GET /cormun/servlet/prfichaempleado?,MD,,gxPopupLevel%3D0%3B HTTP/1.1" 200 9394
200.54.247.70 - - [25/May/2018:11:50:26 -0300] "POST /cormun/servlet/prfichaempleado?892f357cd0c586f2286a6d1c75843e03,,MD,,gxPopupLevel%3D0%3B,gx-no-cache=1527259766518 HTTP/1.1" 200 3682
200.54.18.125 - - [25/May/2018:11:50:40 -0300] "POST /cormun/servlet/solicitudot?cf5de4ce24822eb352ee88d5ae1c262f,INS,0,0,,gx-no-cache=1527259777299 HTTP/1.1" 200 10563
200.54.18.125 - - [25/May/2018:11:50:41 -0300] "GET /cormun/static/Shared/jqueryui/images/ui-bg_flat_55_fafafa_40x100.png HTTP/1.1" 404 1097
190.151.124.170 - - [25/May/2018:11:50:41 -0300] "GET /cormun/static/Shared/jqueryui/images/ui-icons_8d78a5_256x240.png HTTP/1.1" 404 1089
186.103.157.246 - - [25/May/2018:11:50:42 -0300] "POST /cormun/servlet/licenciaspermisos?417883bd0e43ec2b77f059fed4614a48,INS,0,,,,gx-no-cache=1527259779425 HTTP/1.1" 200 4844
186.103.157.246 - - [25/May/2018:11:50:42 -0300] "GET /cormun/static/Shared/jqueryui/images/ui-bg_highlight-soft_100_c6c2c8_1x100.png HTTP/1.1" 404 1117
186.103.157.246 - - [25/May/2018:11:50:42 -0300] "GET /cormun/static/Shared/jqueryui/images/ui-icons_82798d_256x240.png HTTP/1.1" 404 1089
186.103.157.246 - - [25/May/2018:11:50:42 -0300] "GET /cormun/static/Shared/jqueryui/images/ui-bg_flat_55_994d53_40x100.png HTTP/1.1" 404 1097
186.103.157.246 - - [25/May/2018:11:50:42 -0300] "GET /cormun/static/Shared/jqueryui/images/ui-icons_ebccce_256x240.png HTTP/1.1" 404 1089
186.103.157.246 - - [25/May/2018:11:50:45 -0300] "GET /cormun/servlet/licenciaspermisos?f665708f67a9ab7da9f4a6302a9534697cda9508550b2cc44418c6319038d6b826c453c815ac70bd344f2f1f23c00a16575534273bb347eb8827973686594d3805d92100a9dbc1eae3613ae4465218db037dc5c272000a79c1e73e7a725f3143575534273bb347eb8827973686594d3805d92100a9dbc1eae3613ae4465218db756e23299e660ec798efa7c4dc3fe536d50c37b3cde5caffbc6a7c44369cfea30f0cf99e802c1c4542bb1ca483fb4a445687f600fa7eebaf20040d6a3b833f3a7e60a50d0b6763dcc0b57d82bd304e54,gx-no-cache=1527259785045 HTTP/1.1" 200 95
192.168.10.96 - - [25/May/2018:11:50:46 -0300] "POST /cormun/servlet/trsolicitudgral?841539ac6af79c61bc1433fbe7cafb94,,gx-no-cache=1527259653121 HTTP/1.1" 200 7708
190.151.124.170 - - [25/May/2018:11:50:48 -0300] "POST /cormun/servlet/solicitudot?gx-no-cache=1527259785483 HTTP/1.1" 200 3430
190.151.124.170 - - [25/May/2018:11:50:48 -0300] "GET /cormun/servlet/solicitudot?2a818fd9ee654424a1b1da0f2a92be286e1575b2bda655fc07278965b823c29d9bd6d076ebd8da5529d5ce8fdff3265129053284fba65a1a3e902d79aaf4f2ea,gx-no-cache=1527259785802 HTTP/1.1" 200 30
190.151.124.170 - - [25/May/2018:11:50:48 -0300] "GET /cormun/servlet/solicitudot?2a818fd9ee654424a1b1da0f2a92be2855ac0a5285b9e00e08c3b1a027aa5399,gx-no-cache=1527259785892 HTTP/1.1" 200 29
190.151.124.170 - - [25/May/2018:11:50:49 -0300] "POST /cormun/servlet/solicitudot?gx-no-cache=1527259786013 HTTP/1.1" 200 297
190.151.124.170 - - [25/May/2018:11:50:49 -0300] "GET /cormun/servlet/solicitudot?2a818fd9ee654424a1b1da0f2a92be28ba020a953487b5cfb7c962452407d0bf73a64a57259b581724eb35aa0d790610b1b6f0bcba405e1d0aaff92e36f38c323c8d2cea89f91bd7d96b778f25980a2432cec2a1fb9805a544f4ddaf509cd6e4c447c8b1a3c3e3c0386de428ac7651007a50d2a2e0d7a70e104f8f08de2a0d1cc2bd76d8a1f0357b2d9dd20a4ed113976c5260eef1371e9adc838ba570b1c6896f315a2b91f97f6e34a97df50f5a9f833ad58289fe3c6385c43154db925b0de32452da4966a58f52add995aebdc08580cb031b00bf87e61978c2f8eaed92522a74212d514e6298e0279794dd278cbd406dbebb88694d21f4ac5dd875fd48d354fc96841d50ad4f572dea60abd87b7af1a7ab1306b87132274c69a43fd7b7b42c1703c206afd54b02369c43e119f092a89ab3454e5168c6d97358a53e877094234e2bd3e3c9237f5a1d5c471f1d05d3124d12b8850377fc86f6f9a951658acfe2f7aa0759a6f11bcb76e34d2869c9071eb0952f97baca151922713b31e99f56abda103991e6cfd9dd26696f37791b10a4,gx-no-cache=1527259786149 HTTP/1.1" 200 30
200.54.247.70 - - [25/May/2018:11:50:50 -0300] "POST /cormun/servlet/prfichaempleado?892f357cd0c586f2286a6d1c75843e03,,MD,,gxPopupLevel%3D0%3B,gx-no-cache=1527259790114 HTTP/1.1" 200 3468
186.103.157.246 - - [25/May/2018:11:50:51 -0300] "POST /cormun/servlet/licenciaspermisos?417883bd0e43ec2b77f059fed4614a48,INS,0,,,,gx-no-cache=1527259786755 HTTP/1.1" 200 4633
200.54.247.70 - - [25/May/2018:11:50:52 -0300] "GET /cormun/servlet/permisogoce?ad4ac2caf3955a8a96324d54d1d42497629a8f3629ce5ef2aa323719d04f3ce854b61728f138556aed0b1f1f815eaa835e77008086f22f440c66697968ac1e3d,gx-no-cache=1527259792511 HTTP/1.1" 200 80
192.168.10.96 - - [25/May/2018:11:50:53 -0300] "POST /cormun/servlet/trsolicitudgral?841539ac6af79c61bc1433fbe7cafb94,,gx-no-cache=1527259660554 HTTP/1.1" 200 7316
190.151.124.170 - - [25/May/2018:11:50:56 -0300] "POST /cormun/servlet/solicitudot?gx-no-cache=1527259793185 HTTP/1.1" 200 30
192.168.10.96 - - [25/May/2018:11:50:58 -0300] "POST /cormun/servlet/trsolicitudgral?841539ac6af79c61bc1433fbe7cafb94,,gx-no-cache=1527259664681 HTTP/1.1" 200 24999
200.54.247.70 - - [25/May/2018:11:50:59 -0300] "GET /cormun/servlet/permisogoce?ad4ac2caf3955a8a96324d54d1d42497f1ec683331910d958eabdd023f5ac9a348eeea9190708b1462b484ab65418a6cb7c076ab465cc0229a4ba7bf9831c9a5,gx-no-cache=1527259798946 HTTP/1.1" 200 47
190.151.124.170 - - [25/May/2018:11:50:59 -0300] "GET /cormun/static/Resources/resize.gif HTTP/1.1" 200 77
200.54.18.125 - - [25/May/2018:11:51:00 -0300] "GET /cormun/servlet/prfichaempleado?,MD,,gxPopupLevel%3D0%3B HTTP/1.1" 200 9365
190.151.124.170 - - [25/May/2018:11:51:00 -0300] "GET /cormun/static/gxui/gxui-all.css?110300 HTTP/1.1" 200 2179
190.151.124.170 - - [25/May/2018:11:51:00 -0300] "GET /cormun/static/gxcfg.js?20177612134814 HTTP/1.1" 200 953
190.151.124.170 - - [25/May/2018:11:51:00 -0300] "GET /cormun/static/Resources/PXToolsMenuSearch.png HTTP/1.1" 200 2914
200.54.18.125 - - [25/May/2018:11:51:00 -0300] "GET /cormun/static/menusearch.js?201610171694467 HTTP/1.1" 200 1424
190.151.124.170 - - [25/May/2018:11:51:00 -0300] "GET /cormun/static/Resources/PXToolsMenuSearchCancel.png HTTP/1.1" 200 2972
190.151.99.26 - - [25/May/2018:11:51:00 -0300] "GET /cormun/static/prfichaempleado.js?20177612134999 HTTP/1.1" 200 16006
200.54.18.125 - - [25/May/2018:11:51:00 -0300] "GET /cormun/static/hmpwkw011.js?20177612121862 HTTP/1.1" 200 1968
200.54.247.70 - - [25/May/2018:11:51:00 -0300] "POST /cormun/servlet/permisogoce?892f357cd0c586f2286a6d1c75843e03,INS,0,,,,gx-no-cache=1527259799906 HTTP/1.1" 200 93
200.54.247.70 - - [25/May/2018:11:51:00 -0300] "GET /cormun/servlet/hpexe_return? HTTP/1.1" 200 1003
200.54.247.70 - - [25/May/2018:11:51:00 -0300] "GET /cormun/servlet/trpermisosgoce HTTP/1.1" 200 16956
200.54.18.125 - - [25/May/2018:11:51:00 -0300] "GET /cormun/static/Shared/ext/resources/css/ext-all.css?205870 HTTP/1.1" 200 416045
200.54.247.70 - - [25/May/2018:11:51:01 -0300] "GET /cormun/servlet/trpermisosgoce HTTP/1.1" 200 16957
200.54.247.70 - - [25/May/2018:11:51:03 -0300] "GET /cormun/servlet/trpermisosadjuntos?16792170,20180525104705,P, HTTP/1.1" 200 6544
192.168.10.96 - - [25/May/2018:11:51:03 -0300] "GET /cormun/servlet/vesolicitudgral?2018,11347,, HTTP/1.1" 200 9292
192.168.10.96 - - [25/May/2018:11:51:04 -0300] "GET /cormun/pexe_scrolldiv.js HTTP/1.1" 404 1009
192.168.10.96 - - [25/May/2018:11:51:04 -0300] "GET /cormun/pexe_scrolldiv.js HTTP/1.1" 404 1009
200.54.247.70 - - [25/May/2018:11:51:04 -0300] "GET /cormun/servlet/trpermisosadjuntos?16792170,20180525104705,P, HTTP/1.1" 200 6544
192.168.10.96 - - [25/May/2018:11:51:04 -0300] "GET /cormun/servlet/vesolicitudgral?2018,11347,, HTTP/1.1" 200 9290
200.54.247.70 - - [25/May/2018:11:51:05 -0300] "GET /cormun/servlet/permisosadjuntos?INS,16792170,P,20180525104705,, HTTP/1.1" 200 5869
200.54.247.70 - - [25/May/2018:11:51:05 -0300] "GET /cormun/static/about:blank HTTP/1.1" 404 1011
200.54.247.70 - - [25/May/2018:11:51:06 -0300] "GET /cormun/servlet/permisosadjuntos?INS,16792170,P,20180525104705,, HTTP/1.1" 200 5858
192.168.10.96 - - [25/May/2018:11:51:06 -0300] "GET /cormun/servlet/vesolicitudgral?2018,11347,,SolicitudOTAdjuntos HTTP/1.1" 200 11558
192.168.10.96 - - [25/May/2018:11:51:06 -0300] "GET /cormun/pexe_scrolldiv.js HTTP/1.1" 404 1009
192.168.10.96 - - [25/May/2018:11:51:06 -0300] "GET /cormun/pexe_scrolldiv.js HTTP/1.1" 404 1009
192.168.10.96 - - [25/May/2018:11:51:07 -0300] "GET /cormun/servlet/vesolicitudgral?2018,11347,,SolicitudOTAdjuntos HTTP/1.1" 200 11559
192.168.10.96 - - [25/May/2018:11:51:07 -0300] "POST /cormun/servlet/acontrolpreferencessavestate?None,DZAMUDIO,true HTTP/1.1" 200 35
192.168.10.96 - - [25/May/2018:11:51:07 -0300] "GET /cormun/servlet/vesolicitudgral?2018,11347,,General HTTP/1.1" 200 9296
192.168.10.96 - - [25/May/2018:11:51:07 -0300] "GET /cormun/pexe_scrolldiv.js HTTP/1.1" 404 1009
192.168.10.96 - - [25/May/2018:11:51:08 -0300] "GET /cormun/pexe_scrolldiv.js HTTP/1.1" 404 1009
192.168.10.96 - - [25/May/2018:11:51:08 -0300] "GET /cormun/servlet/vesolicitudgral?2018,11347,,General HTTP/1.1" 200 9295
200.54.247.70 - - [25/May/2018:11:51:11 -0300] "POST /cormun/servlet/permisosadjuntos?892f357cd0c586f2286a6d1c75843e03,INS,16792170,P,20180525104705,, HTTP/1.1" 200 116
200.54.247.70 - - [25/May/2018:11:51:11 -0300] "GET /cormun/servlet/hpexe_return? HTTP/1.1" 200 1029
200.54.247.70 - - [25/May/2018:11:51:11 -0300] "GET /cormun/servlet/trpermisosadjuntos?16792170,20180525104705,P, HTTP/1.1" 200 7033
200.54.247.70 - - [25/May/2018:11:51:12 -0300] "GET /cormun/servlet/trpermisosadjuntos?16792170,20180525104705,P, HTTP/1.1" 200 7029
186.103.157.246 - - [25/May/2018:11:51:13 -0300] "GET /cormun/static/menuarrow.gif HTTP/1.1" 404 1015
200.54.247.70 - - [25/May/2018:11:51:14 -0300] "POST /cormun/servlet/trpermisosadjuntos?892f357cd0c586f2286a6d1c75843e03,16792170,20180525104705,P,,gx-no-cache=1527259813831 HTTP/1.1" 200 90
200.54.247.70 - - [25/May/2018:11:51:14 -0300] "GET /cormun/servlet/hpexe_link HTTP/1.1" 200 976
200.54.247.70 - - [25/May/2018:11:51:14 -0300] "GET /cormun/servlet/trpermisosgoce HTTP/1.1" 200 16938
200.54.247.70 - - [25/May/2018:11:51:15 -0300] "GET /cormun/servlet/trpermisosgoce HTTP/1.1" 200 16924
200.54.247.70 - - [25/May/2018:11:51:18 -0300] "POST /cormun/servlet/trpermisosgoce?892f357cd0c586f2286a6d1c75843e03,gx-no-cache=1527259817986 HTTP/1.1" 200 14050
200.54.247.70 - - [25/May/2018:11:51:18 -0300] "GET /cormun/static/Shared/jqueryui/images/ui-bg_highlight-soft_100_c6c2c8_1x100.png HTTP/1.1" 404 1117
200.54.247.70 - - [25/May/2018:11:51:18 -0300] "GET /cormun/static/Shared/jqueryui/images/ui-icons_82798d_256x240.png HTTP/1.1" 404 1089
200.54.247.70 - - [25/May/2018:11:51:19 -0300] "GET /cormun/static/Shared/jqueryui/images/ui-bg_flat_55_fafafa_40x100.png HTTP/1.1" 404 1097
200.54.247.70 - - [25/May/2018:11:51:19 -0300] "GET /cormun/static/Shared/jqueryui/images/ui-icons_8d78a5_256x240.png HTTP/1.1" 404 1089
190.151.124.170 - - [25/May/2018:11:51:25 -0300] "POST /cormun/servlet/prfichaempleado?cf5de4ce24822eb352ee88d5ae1c262f,,MD,,gxPopupLevel%3D0%3B,gx-no-cache=1527259822780 HTTP/1.1" 200 3422
200.54.247.70 - - [25/May/2018:11:51:30 -0300] "GET /cormun/servlet/permisogoce?INS,0,,, HTTP/1.1" 200 7093
200.54.247.70 - - [25/May/2018:11:51:30 -0300] "GET /cormun/servlet/permisogoce?INS,0,,, HTTP/1.1" 200 7093
190.151.124.170 - - [25/May/2018:11:51:30 -0300] "POST /cormun/servlet/solicitudot?gx-no-cache=1527259827614 HTTP/1.1" 200 1369
190.151.124.170 - - [25/May/2018:11:51:35 -0300] "GET /cormun/servlet/prlicenciaspermisos?15730984,P,,MD,,gxPopupLevel%3D0%3B HTTP/1.1" 200 5555
190.151.124.170 - - [25/May/2018:11:51:35 -0300] "GET /cormun/static/calendar-system.css?75620 HTTP/1.1" 200 5572
190.151.124.170 - - [25/May/2018:11:51:35 -0300] "GET /cormun/static/gxcfg.js?20176272053834 HTTP/1.1" 200 953
200.54.18.125 - - [25/May/2018:11:51:35 -0300] "GET /cormun/static/prlicenciaspermisos.js?20176272054050 HTTP/1.1" 200 13379
186.103.196.90 - - [25/May/2018:11:51:35 -0300] "GET /cormun/static/Resources/Spanish/PXTools.css?17315867 HTTP/1.1" 200 89042
200.54.247.70 - - [25/May/2018:11:51:36 -0300] "GET /cormun/servlet/prfichaempleado?,MD,,gxPopupLevel%3D0%3B HTTP/1.1" 200 9394
200.54.247.70 - - [25/May/2018:11:51:48 -0300] "POST /cormun/servlet/prfichaempleado?892f357cd0c586f2286a6d1c75843e03,,MD,,gxPopupLevel%3D0%3B,gx-no-cache=1527259848139 HTTP/1.1" 200 3415
186.67.172.234 - - [25/May/2018:11:51:50 -0300] "GET /cormun/servlet/hlogin HTTP/1.1" 200 1722
186.67.172.234 - - [25/May/2018:11:51:50 -0300] "GET /cormun/static/gxcfg.js?20175251213516 HTTP/1.1" 200 953
200.54.247.70 - - [25/May/2018:11:51:50 -0300] "GET /cormun/servlet/permisogoce?ad4ac2caf3955a8a96324d54d1d42497d11c6c4bb182169f122204989a43d65354b61728f138556aed0b1f1f815eaa835e77008086f22f440c66697968ac1e3d,gx-no-cache=1527259850198 HTTP/1.1" 200 87
186.67.172.234 - - [25/May/2018:11:51:50 -0300] "GET /cormun/static/Resources/ComunLogin.png HTTP/1.1" 200 17326
186.67.172.234 - - [25/May/2018:11:51:50 -0300] "GET /cormun/static/Resources/PXToolsLoginBottom.png HTTP/1.1" 200 1389
186.67.172.234 - - [25/May/2018:11:51:50 -0300] "GET /cormun/static/Resources/PXToolsLoginBackground.png HTTP/1.1" 200 1164
186.67.172.234 - - [25/May/2018:11:51:50 -0300] "GET /cormun/static/Resources/PXToolsButtonRight21.png HTTP/1.1" 200 1283
186.67.172.234 - - [25/May/2018:11:51:50 -0300] "GET /cormun/static/Resources/PXToolsButtonLeft21.png HTTP/1.1" 200 1287
186.67.172.234 - - [25/May/2018:11:51:50 -0300] "GET /cormun/static/Resources/PXToolsButtonBackground2.png HTTP/1.1" 200 1181
186.67.172.234 - - [25/May/2018:11:51:50 -0300] "GET /cormun/static/Resources/PXToolsLoginTop.png HTTP/1.1" 200 1337
186.67.172.234 - - [25/May/2018:11:51:51 -0300] "GET /cormun/static/Resources/indicator.gif HTTP/1.1" 200 1553
200.54.18.125 - - [25/May/2018:11:51:54 -0300] "POST /cormun/servlet/solicitudot?gx-no-cache=1527259851861 HTTP/1.1" 200 30
200.54.18.125 - - [25/May/2018:11:51:56 -0300] "POST /cormun/servlet/solicitudot?gx-no-cache=1527259852949 HTTP/1.1" 200 1369
200.54.18.125 - - [25/May/2018:11:51:56 -0300] "POST /cormun/servlet/solicitudot?gx-no-cache=1527259853093 HTTP/1.1" 200 41
200.54.247.70 - - [25/May/2018:11:51:57 -0300] "GET /cormun/servlet/permisogoce?ad4ac2caf3955a8a96324d54d1d42497c509ebce9e77e407f7d3d30ee5120baecf20d41b2ec3ff7af75114cbd39e4f0f1747aeed761b43eae5f7aadf5c022e9e,gx-no-cache=1527259856953 HTTP/1.1" 200 125
200.54.247.70 - - [25/May/2018:11:51:57 -0300] "GET /cormun/static/Shared/jqueryui/images/ui-bg_highlight-soft_100_c6c2c8_1x100.png HTTP/1.1" 404 1117
200.54.247.70 - - [25/May/2018:11:51:57 -0300] "GET /cormun/static/Shared/jqueryui/images/ui-icons_82798d_256x240.png HTTP/1.1" 404 1089
200.54.247.70 - - [25/May/2018:11:51:57 -0300] "GET /cormun/static/Shared/jqueryui/images/ui-bg_flat_55_994d53_40x100.png HTTP/1.1" 404 1097
200.54.247.70 - - [25/May/2018:11:51:57 -0300] "GET /cormun/static/Shared/jqueryui/images/ui-icons_ebccce_256x240.png HTTP/1.1" 404 1089
186.67.172.234 - - [25/May/2018:11:52:02 -0300] "POST /cormun/servlet/hlogin?1f5fb6124f7c7962e606ac17c55fc54e,gx-no-cache=1527256184800 HTTP/1.1" 200 90
186.67.172.234 - - [25/May/2018:11:52:02 -0300] "GET /cormun/servlet/hpexe_link HTTP/1.1" 200 949
186.67.172.234 - - [25/May/2018:11:52:02 -0300] "GET /cormun/servlet/hhome HTTP/1.1" 200 4238
186.67.172.234 - - [25/May/2018:11:52:02 -0300] "GET /cormun/static/gxcfg.js?20175251212442 HTTP/1.1" 200 953
186.67.172.234 - - [25/May/2018:11:52:02 -0300] "GET /cormun/static/PXToolsJavascripts/pexe_menudivfix.js HTTP/1.1" 200 333
186.67.172.234 - - [25/May/2018:11:52:02 -0300] "GET /cormun/static/PXToolsJavascripts/pexe_cookies.js HTTP/1.1" 200 792
186.67.172.234 - - [25/May/2018:11:52:02 -0300] "GET /cormun/static/PXToolsJavascripts/pexe_oavdivfix.js HTTP/1.1" 200 639
186.67.172.234 - - [25/May/2018:11:52:02 -0300] "GET /cormun/static/PXToolsJavascripts/pexe_picture.js HTTP/1.1" 200 689
186.67.172.234 - - [25/May/2018:11:52:02 -0300] "GET /cormun/static/PXToolsJavascripts/pexe_oav.js HTTP/1.1" 200 645
186.67.172.234 - - [25/May/2018:11:52:02 -0300] "GET /cormun/static/PXToolsJavascripts/pexe_tabdivfix.js HTTP/1.1" 200 876
186.67.172.234 - - [25/May/2018:11:52:02 -0300] "GET /cormun/static/PXToolsJavascripts/PXToolsJavascriptsRender.js HTTP/1.1" 200 367
186.103.156.24 - - [25/May/2018:11:52:02 -0300] "GET /cormun/servlet/trcontratounov2? HTTP/1.1" 200 17394
186.67.172.234 - - [25/May/2018:11:52:02 -0300] "GET /cormun/static/RunJS/RunJS.js HTTP/1.1" 200 288
186.67.172.234 - - [25/May/2018:11:52:03 -0300] "GET /cormun/static/hhome.js?20175251212450 HTTP/1.1" 200 777
186.67.172.234 - - [25/May/2018:11:52:03 -0300] "GET /cormun/static/Resources/PXToolsFooterBackground2.png HTTP/1.1" 200 1172
186.67.172.234 - - [25/May/2018:11:52:03 -0300] "GET /cormun/static/Resources/PXToolsHeaderActionsLeft.png HTTP/1.1" 200 1118
186.67.172.234 - - [25/May/2018:11:52:03 -0300] "GET /cormun/static/Resources/PXToolsHeaderSecurity.png HTTP/1.1" 200 4166
186.67.172.234 - - [25/May/2018:11:52:03 -0300] "GET /cormun/static/Resources/PXToolsHeaderActionsBackground.png HTTP/1.1" 200 484
186.67.172.234 - - [25/May/2018:11:52:03 -0300] "GET /cormun/static/Resources/PXToolsHeaderBackground2.png HTTP/1.1" 200 1174
186.67.172.234 - - [25/May/2018:11:52:03 -0300] "GET /cormun/static/Resources/PXToolsDataTitle.png HTTP/1.1" 200 1173
186.67.172.234 - - [25/May/2018:11:52:03 -0300] "GET /cormun/static/Resources/PXToolsHeaderHome.png HTTP/1.1" 200 4147
186.67.172.234 - - [25/May/2018:11:52:03 -0300] "GET /cormun/static/Resources/PXToolsHeaderPreferences.png HTTP/1.1" 200 4189
186.67.172.234 - - [25/May/2018:11:52:03 -0300] "GET /cormun/static/Resources/PXToolsHeaderActionsRight.png HTTP/1.1" 200 1201
186.67.172.234 - - [25/May/2018:11:52:03 -0300] "GET /cormun/static/Resources/PXToolsHeaderLogin.png HTTP/1.1" 200 4279
186.67.172.234 - - [25/May/2018:11:52:03 -0300] "GET /cormun/static/Resources/logo4.png HTTP/1.1" 200 6582
186.67.172.234 - - [25/May/2018:11:52:03 -0300] "GET /cormun/static/hpexe_messagecontroller.js?20177611595012 HTTP/1.1" 200 870
186.67.172.234 - - [25/May/2018:11:52:03 -0300] "GET /cormun/static/hpexe_messagepopupcomponent.js?20161017169425 HTTP/1.1" 200 605
186.67.172.234 - - [25/May/2018:11:52:03 -0300] "GET /cormun/static/hpexe_messagegenexuscomponent.js?201752511465344 HTTP/1.1" 200 587
186.103.156.24 - - [25/May/2018:11:52:03 -0300] "GET /cormun/servlet/trcontratounov2? HTTP/1.1" 200 17377
186.67.172.234 - - [25/May/2018:11:52:04 -0300] "GET /cormun/static/SmoothNavMenu/resources/images/down.gif HTTP/1.1" 200 854
186.67.172.234 - - [25/May/2018:11:52:04 -0300] "GET /cormun/static/SmoothNavMenu/resources/images/right.gif HTTP/1.1" 200 860
186.67.172.234 - - [25/May/2018:11:52:04 -0300] "GET /cormun/servlet/hhome HTTP/1.1" 200 4234
186.67.172.234 - - [25/May/2018:11:52:11 -0300] "GET /cormun/servlet/trpermisosgoce? HTTP/1.1" 200 13209
200.54.247.70 - - [25/May/2018:11:52:11 -0300] "POST /cormun/servlet/permisogoce?892f357cd0c586f2286a6d1c75843e03,INS,0,,,,gx-no-cache=1527259871556 HTTP/1.1" 200 93
200.54.247.70 - - [25/May/2018:11:52:11 -0300] "GET /cormun/servlet/hpexe_return? HTTP/1.1" 200 1026
200.54.247.70 - - [25/May/2018:11:52:12 -0300] "GET /cormun/servlet/trpermisosgoce?gx-no-cache=1527259817986 HTTP/1.1" 200 16934
200.54.247.70 - - [25/May/2018:11:52:12 -0300] "GET /cormun/servlet/trpermisosgoce?gx-no-cache=1527259817986 HTTP/1.1" 200 16931
186.67.172.234 - - [25/May/2018:11:52:19 -0300] "GET /cormun/servlet/trpermisosgoce? HTTP/1.1" 200 13213
186.67.172.234 - - [25/May/2018:11:52:19 -0300] "GET /cormun/static/Resources/PXTools/calendar.png HTTP/1.1" 200 1306
186.67.172.234 - - [25/May/2018:11:52:19 -0300] "GET /cormun/static/Resources/PXToolsGridFirstDisabled.gif HTTP/1.1" 200 100
186.67.172.234 - - [25/May/2018:11:52:19 -0300] "GET /cormun/static/Resources/PXToolsGridPreviousDisabled.gif HTTP/1.1" 200 90
186.67.172.234 - - [25/May/2018:11:52:20 -0300] "GET /cormun/static/Resources/PXToolsGridNextDisabled.gif HTTP/1.1" 200 90
186.67.172.234 - - [25/May/2018:11:52:20 -0300] "GET /cormun/static/Resources/PXToolsGridLastDisabled.gif HTTP/1.1" 200 98
186.67.172.234 - - [25/May/2018:11:52:20 -0300] "GET /cormun/static/Resources/PXToolsGridPage.gif HTTP/1.1" 200 725
186.67.172.234 - - [25/May/2018:11:52:20 -0300] "GET /cormun/static/Resources/PXToolsGridNew.png HTTP/1.1" 200 2949
186.67.172.234 - - [25/May/2018:11:52:20 -0300] "GET /cormun/static/Shared/ext/resources/themes/images/default/tools/tool-sprites.gif HTTP/1.1" 200 5434
186.67.172.234 - - [25/May/2018:11:52:20 -0300] "GET /cormun/static/Shared/ext/resources/themes/images/default/panel/bg-headersPanel.png HTTP/1.1" 200 255
186.67.172.234 - - [25/May/2018:11:52:20 -0300] "GET /cormun/servlet/trpermisosgoce? HTTP/1.1" 200 13209
186.67.172.234 - - [25/May/2018:11:52:23 -0300] "GET /cormun/servlet/permisogoce?INS,0,,, HTTP/1.1" 200 7105
186.67.172.234 - - [25/May/2018:11:52:23 -0300] "GET /cormun/static/gxcfg.js?201776126440 HTTP/1.1" 200 953
186.67.172.234 - - [25/May/2018:11:52:23 -0300] "GET /cormun/static/Resources/prompt.gif HTTP/1.1" 200 902
186.67.172.234 - - [25/May/2018:11:52:24 -0300] "GET /cormun/servlet/permisogoce?INS,0,,, HTTP/1.1" 200 7105
200.54.247.70 - - [25/May/2018:11:52:25 -0300] "GET /cormun/servlet/permisogoce?DSP,16494415,P,20180525095545, HTTP/1.1" 200 6979
200.54.247.70 - - [25/May/2018:11:52:25 -0300] "GET /cormun/servlet/permisogoce?DSP,16494415,P,20180525095545, HTTP/1.1" 200 6959
200.54.247.70 - - [25/May/2018:11:52:29 -0300] "POST /cormun/servlet/permisogoce?892f357cd0c586f2286a6d1c75843e03,DSP,16494415,P,20180525095545,,gx-no-cache=1527259889637 HTTP/1.1" 200 93
200.54.247.70 - - [25/May/2018:11:52:29 -0300] "GET /cormun/servlet/hpexe_return? HTTP/1.1" 200 1044
200.54.247.70 - - [25/May/2018:11:52:30 -0300] "GET /cormun/servlet/trpermisosgoce?gx-no-cache=1527259817986 HTTP/1.1" 200 16881
200.54.247.70 - - [25/May/2018:11:52:30 -0300] "GET /cormun/servlet/trpermisosgoce?gx-no-cache=1527259817986 HTTP/1.1" 200 16933
186.67.172.234 - - [25/May/2018:11:52:35 -0300] "GET /cormun/servlet/permisogoce?d7f9af037a313f4f43ece5795140a8680823f09bd970aa4dc8d3dc893d77f4ccd83fa1a347a64a54e419b7bd296cf69bece24485767c5301595ab91724b8b33c,gx-no-cache=1527256217834 HTTP/1.1" 200 78
186.67.172.234 - - [25/May/2018:11:52:35 -0300] "GET /cormun/static/menuarrow.gif HTTP/1.1" 404 1015
186.67.172.234 - - [25/May/2018:11:52:45 -0300] "GET /cormun/servlet/permisogoce?d7f9af037a313f4f43ece5795140a868ac73a74037adcf0db40f61d4ff60133f23f25b579824febd8355c7b61dc468f0fb69f576774beef4e988b54291a28064,gx-no-cache=1527256228112 HTTP/1.1" 200 47
190.151.124.170 - - [25/May/2018:11:52:47 -0300] "GET /cormun/servlet/solicitudot?2a818fd9ee654424a1b1da0f2a92be281c18c02a213f514807729a59f0ba51056390a7b8cb9faa2ddb83cb360ad084979730b3ae256b2784d2c520f821fcecb3d8b3696068c7b1c782369c07d1f3f344,gx-no-cache=1527259884913 HTTP/1.1" 200 29
190.151.124.170 - - [25/May/2018:11:52:47 -0300] "POST /cormun/servlet/solicitudot?gx-no-cache=1527259904316 HTTP/1.1" 200 1350
190.151.124.170 - - [25/May/2018:11:52:47 -0300] "POST /cormun/servlet/solicitudot?gx-no-cache=1527259904422 HTTP/1.1" 200 1249
190.151.124.170 - - [25/May/2018:11:52:47 -0300] "GET /cormun/static/menuarrow.gif HTTP/1.1" 404 1015
186.67.172.234 - - [25/May/2018:11:52:49 -0300] "POST /cormun/servlet/permisogoce?1f5fb6124f7c7962e606ac17c55fc54e,INS,0,,,,gx-no-cache=1527256231316 HTTP/1.1" 200 93
186.67.172.234 - - [25/May/2018:11:52:49 -0300] "GET /cormun/servlet/hpexe_return? HTTP/1.1" 200 1007
186.67.172.234 - - [25/May/2018:11:52:49 -0300] "GET /cormun/servlet/trpermisosgoce HTTP/1.1" 200 13499
186.67.172.234 - - [25/May/2018:11:52:50 -0300] "GET /cormun/servlet/trpermisosgoce HTTP/1.1" 200 13479
186.67.172.234 - - [25/May/2018:11:52:54 -0300] "GET /cormun/servlet/permisogoce?INS,0,,, HTTP/1.1" 200 7105
186.67.172.234 - - [25/May/2018:11:52:54 -0300] "GET /cormun/servlet/permisogoce?INS,0,,, HTTP/1.1" 200 7105
186.103.156.24 - - [25/May/2018:11:52:58 -0300] "POST /cormun/servlet/trcontratounov2?7cb63d0d2c83826a38322e9152504333,,gx-no-cache=1527259917996 HTTP/1.1" 200 16626
186.103.156.24 - - [25/May/2018:11:52:59 -0300] "GET /cormun/static/Resources/PXToolsGridLast.gif HTTP/1.1" 200 370
186.103.156.24 - - [25/May/2018:11:52:59 -0300] "GET /cormun/static/Resources/PXToolsGridNext.gif HTTP/1.1" 200 369
200.54.247.70 - - [25/May/2018:11:53:02 -0300] "POST /cormun/servlet/trpermisosgoce?892f357cd0c586f2286a6d1c75843e03,gx-no-cache=1527259817986,gx-no-cache=1527259921387 HTTP/1.1" 200 14001
186.103.156.24 - - [25/May/2018:11:53:03 -0300] "POST /cormun/servlet/trcontratounov2?7cb63d0d2c83826a38322e9152504333,,gx-no-cache=1527259922577 HTTP/1.1" 200 16624
200.54.247.70 - - [25/May/2018:11:53:04 -0300] "GET /cormun/servlet/permisogoce?INS,0,,, HTTP/1.1" 200 7114
200.54.247.70 - - [25/May/2018:11:53:05 -0300] "GET /cormun/servlet/permisogoce?INS,0,,, HTTP/1.1" 200 7093
186.67.172.234 - - [25/May/2018:11:53:07 -0300] "GET /cormun/servlet/permisogoce?d7f9af037a313f4f43ece5795140a868cd0b0e22e5b0bb0b7fd1ead77ec46fe7d83fa1a347a64a54e419b7bd296cf69bece24485767c5301595ab91724b8b33c,gx-no-cache=1527256249716 HTTP/1.1" 200 81
200.54.247.70 - - [25/May/2018:11:53:07 -0300] "GET /cormun/servlet/prfichaempleado?,MD,,gxPopupLevel%3D0%3B HTTP/1.1" 200 9394
186.67.172.234 - - [25/May/2018:11:53:07 -0300] "GET /cormun/static/menuarrow.gif HTTP/1.1" 404 1015
186.103.156.24 - - [25/May/2018:11:53:10 -0300] "POST /cormun/servlet/trcontratounov2?7cb63d0d2c83826a38322e9152504333,,gx-no-cache=1527259929729 HTTP/1.1" 200 16617
186.103.156.24 - - [25/May/2018:11:53:14 -0300] "POST /cormun/servlet/trcontratounov2?7cb63d0d2c83826a38322e9152504333,,gx-no-cache=1527259934319 HTTP/1.1" 200 16579
186.67.172.234 - - [25/May/2018:11:53:15 -0300] "GET /cormun/servlet/permisogoce?d7f9af037a313f4f43ece5795140a86882205e312a67aabaa5f798916e3afb8679090e99651d38649deabe42a4acd5e0b5c8a3c6c96505b5a04cc1b8ff6c6db5,gx-no-cache=1527256257890 HTTP/1.1" 200 47
200.54.247.70 - - [25/May/2018:11:53:18 -0300] "POST /cormun/servlet/prfichaempleado?892f357cd0c586f2286a6d1c75843e03,,MD,,gxPopupLevel%3D0%3B,gx-no-cache=1527259938221 HTTP/1.1" 200 3415
200.54.247.70 - - [25/May/2018:11:53:20 -0300] "GET /cormun/servlet/permisogoce?ad4ac2caf3955a8a96324d54d1d42497d11c6c4bb182169f122204989a43d65354b61728f138556aed0b1f1f815eaa835e77008086f22f440c66697968ac1e3d,gx-no-cache=1527259940468 HTTP/1.1" 200 87
186.103.156.24 - - [25/May/2018:11:53:21 -0300] "POST /cormun/servlet/trcontratounov2?7cb63d0d2c83826a38322e9152504333,,gx-no-cache=1527259940653 HTTP/1.1" 200 16587
186.103.156.24 - - [25/May/2018:11:53:24 -0300] "POST /cormun/servlet/trcontratounov2?7cb63d0d2c83826a38322e9152504333,,gx-no-cache=1527259942998 HTTP/1.1" 200 16571
186.67.172.234 - - [25/May/2018:11:53:26 -0300] "POST /cormun/servlet/permisogoce?1f5fb6124f7c7962e606ac17c55fc54e,INS,0,,,,gx-no-cache=1527256268660 HTTP/1.1" 200 93
186.67.172.234 - - [25/May/2018:11:53:26 -0300] "GET /cormun/servlet/hpexe_return? HTTP/1.1" 200 1007
186.67.172.234 - - [25/May/2018:11:53:26 -0300] "GET /cormun/servlet/trpermisosgoce HTTP/1.1" 200 13713
186.67.172.234 - - [25/May/2018:11:53:27 -0300] "GET /cormun/servlet/trpermisosgoce HTTP/1.1" 200 13701
200.54.247.70 - - [25/May/2018:11:53:27 -0300] "GET /cormun/servlet/permisogoce?ad4ac2caf3955a8a96324d54d1d42497c509ebce9e77e407f7d3d30ee5120baecf20d41b2ec3ff7af75114cbd39e4f0f1747aeed761b43eae5f7aadf5c022e9e,gx-no-cache=1527259947541 HTTP/1.1" 200 125
200.54.247.70 - - [25/May/2018:11:53:27 -0300] "GET /cormun/static/Shared/jqueryui/images/ui-bg_highlight-soft_100_c6c2c8_1x100.png HTTP/1.1" 404 1117
200.54.247.70 - - [25/May/2018:11:53:27 -0300] "GET /cormun/static/Shared/jqueryui/images/ui-icons_82798d_256x240.png HTTP/1.1" 404 1089
200.54.247.70 - - [25/May/2018:11:53:27 -0300] "GET /cormun/static/Shared/jqueryui/images/ui-icons_ebccce_256x240.png HTTP/1.1" 404 1089
200.54.247.70 - - [25/May/2018:11:53:27 -0300] "GET /cormun/static/Shared/jqueryui/images/ui-bg_flat_55_994d53_40x100.png HTTP/1.1" 404 1097
200.54.247.70 - - [25/May/2018:11:53:31 -0300] "POST /cormun/servlet/permisogoce?892f357cd0c586f2286a6d1c75843e03,INS,0,,,,gx-no-cache=1527259950607 HTTP/1.1" 200 4597
186.67.172.234 - - [25/May/2018:11:53:33 -0300] "GET /cormun/servlet/permisogoce?INS,0,,, HTTP/1.1" 200 7104
200.54.247.70 - - [25/May/2018:11:53:33 -0300] "POST /cormun/servlet/permisogoce?892f357cd0c586f2286a6d1c75843e03,INS,0,,,,gx-no-cache=1527259953680 HTTP/1.1" 200 93
200.54.247.70 - - [25/May/2018:11:53:34 -0300] "GET /cormun/servlet/hpexe_return? HTTP/1.1" 200 1026
186.67.172.234 - - [25/May/2018:11:53:34 -0300] "GET /cormun/servlet/permisogoce?INS,0,,, HTTP/1.1" 200 7105
200.54.247.70 - - [25/May/2018:11:53:34 -0300] "GET /cormun/servlet/trpermisosgoce?gx-no-cache=1527259817986 HTTP/1.1" 200 16876
200.54.247.70 - - [25/May/2018:11:53:34 -0300] "GET /cormun/servlet/trpermisosgoce?gx-no-cache=1527259817986 HTTP/1.1" 200 16925
186.103.196.84 - - [25/May/2018:11:53:36 -0300] "POST /cormun/servlet/solicitudot?gx-no-cache=1527259953121 HTTP/1.1" 200 1350
186.103.196.84 - - [25/May/2018:11:53:36 -0300] "POST /cormun/servlet/solicitudot?gx-no-cache=1527259953252 HTTP/1.1" 200 1249
186.103.156.24 - - [25/May/2018:11:53:37 -0300] "POST /cormun/servlet/trcontratounov2?7cb63d0d2c83826a38322e9152504333,,gx-no-cache=1527259957081 HTTP/1.1" 200 16619
186.103.196.84 - - [25/May/2018:11:53:40 -0300] "GET /cormun/servlet/solicitudot?2a818fd9ee654424a1b1da0f2a92be28948fe6bc332c9224738bb06eef98952e3414f619ed0f7711bac258e19bb501f2,gx-no-cache=1527259957712 HTTP/1.1" 200 30
186.103.196.84 - - [25/May/2018:11:53:40 -0300] "POST /cormun/servlet/solicitudot?gx-no-cache=1527259957768 HTTP/1.1" 200 34
186.67.172.234 - - [25/May/2018:11:53:41 -0300] "GET /cormun/servlet/permisogoce?d7f9af037a313f4f43ece5795140a86807385cb8f1bd2a2b00b78c5395e6b6e4d83fa1a347a64a54e419b7bd296cf69bece24485767c5301595ab91724b8b33c,gx-no-cache=1527256283230 HTTP/1.1" 200 76
186.67.172.234 - - [25/May/2018:11:53:41 -0300] "GET /cormun/static/menuarrow.gif HTTP/1.1" 404 1015
200.54.247.70 - - [25/May/2018:11:53:49 -0300] "POST /cormun/servlet/trpermisosgoce?892f357cd0c586f2286a6d1c75843e03,gx-no-cache=1527259817986,gx-no-cache=1527259968564 HTTP/1.1" 200 13980
186.103.156.24 - - [25/May/2018:11:53:50 -0300] "POST /cormun/servlet/trcontratounov2?7cb63d0d2c83826a38322e9152504333,,gx-no-cache=1527259969110 HTTP/1.1" 200 16644
186.67.172.234 - - [25/May/2018:11:53:52 -0300] "GET /cormun/servlet/permisogoce?d7f9af037a313f4f43ece5795140a868a9df25de2e8033ad35db3a9befbc06ca729f30ad58d04d2211944e0ea35af6d3b5c8a3c6c96505b5a04cc1b8ff6c6db5,gx-no-cache=1527256294505 HTTP/1.1" 200 47
186.67.172.234 - - [25/May/2018:11:53:55 -0300] "POST /cormun/servlet/permisogoce?1f5fb6124f7c7962e606ac17c55fc54e,INS,0,,,,gx-no-cache=1527256297660 HTTP/1.1" 200 93
186.67.172.234 - - [25/May/2018:11:53:55 -0300] "GET /cormun/servlet/hpexe_return? HTTP/1.1" 200 1007
186.67.172.234 - - [25/May/2018:11:53:56 -0300] "GET /cormun/servlet/trpermisosgoce HTTP/1.1" 200 13910
186.67.172.234 - - [25/May/2018:11:53:56 -0300] "GET /cormun/servlet/trpermisosgoce HTTP/1.1" 200 13947
186.103.196.84 - - [25/May/2018:11:53:58 -0300] "POST /cormun/servlet/solicitudot?cf5de4ce24822eb352ee88d5ae1c262f,INS,0,0,,gx-no-cache=1527259974980 HTTP/1.1" 200 11991
186.67.172.234 - - [25/May/2018:11:54:01 -0300] "GET /cormun/servlet/permisogoce?INS,0,,, HTTP/1.1" 200 7105
186.67.172.234 - - [25/May/2018:11:54:01 -0300] "GET /cormun/servlet/permisogoce?INS,0,,, HTTP/1.1" 200 7105
200.54.247.70 - - [25/May/2018:11:54:02 -0300] "POST /cormun/servlet/trpermisosgoce?892f357cd0c586f2286a6d1c75843e03,gx-no-cache=1527259817986,gx-no-cache=1527259982241 HTTP/1.1" 200 14005
186.103.157.246 - - [25/May/2018:11:54:04 -0300] "GET /cormun/servlet/licenciaspermisos?f665708f67a9ab7da9f4a6302a953469e553bc0518f6d9df1ac5dc550e9509968b4660557b776d5212f4d45cb043d1ffe4dfbdeb2760fdd344c382ab87cb7ed50d1d0227ab7c5cd23f8034fcb9b56eb5566e8d4fb0376bf3102c556c55a2536aecb98cb63e86f31bfbe35ef53868b7f1063e59a16e0e2a3bf960a1540bf90465b474b655614c5eae2e9d8a8b510d1d07205d1e2333d7f40e1ee14d0bc8b065ee46b292b6be93179b050a88c4f4d6bcd25cff7c870c61d9d567b3cd5ff77947c89b3e2a722a7b7de32d9ddb8c0464e847bf4c6f01424741930bd92e27c7d860c4,gx-no-cache=1527259983977 HTTP/1.1" 200 30
186.103.157.246 - - [25/May/2018:11:54:04 -0300] "GET /cormun/servlet/licenciaspermisos?f665708f67a9ab7da9f4a6302a953469cb885b4c6f701f8ae0c784019b116201dd9e7ffbf9fbe75ffd5eb9374a8b8cfe87c7d9c3b3124e65b08be4e8c943049734062ed638a0aaf3f42c4de286136a7b50eed8bd8774a48947f54cb9fe23ff31b0ec5e15b9b25ab53dc99d9a2d7c551d57c538b00f94ca87b906b2bfbf842fdab9ed908f76f3dbd87494a85dba761663d36d8cad39ebd7ad899898365ae619f88465d16307f7c1a60cc9131036a05bb0c338d99a3ed30e4bae0ed4cf758d41f51556e87c069944a59db9438212c864a94d877f448f47b75d1e40960df21983c3,gx-no-cache=1527259984312 HTTP/1.1" 200 29
186.103.157.246 - - [25/May/2018:11:54:04 -0300] "POST /cormun/servlet/licenciaspermisos?417883bd0e43ec2b77f059fed4614a48,INS,0,,,,gx-no-cache=1527259984435 HTTP/1.1" 200 93
186.103.157.246 - - [25/May/2018:11:54:04 -0300] "GET /cormun/servlet/hpexe_return? HTTP/1.1" 200 1012
186.103.157.246 - - [25/May/2018:11:54:04 -0300] "GET /cormun/servlet/hhome HTTP/1.1" 200 4152
186.103.157.246 - - [25/May/2018:11:54:05 -0300] "GET /cormun/servlet/hhome HTTP/1.1" 200 4147
200.54.247.70 - - [25/May/2018:11:54:11 -0300] "GET /cormun/servlet/trlicenciaspermisoslog?16494415,P,20180525095545, HTTP/1.1" 200 6807
200.54.247.70 - - [25/May/2018:11:54:11 -0300] "GET /cormun/static/gxcfg.js?20176271755511 HTTP/1.1" 200 953
200.54.247.70 - - [25/May/2018:11:54:11 -0300] "GET /cormun/static/trlicenciaspermisoslog.js?201762717555393 HTTP/1.1" 200 20074
200.54.247.70 - - [25/May/2018:11:54:12 -0300] "GET /cormun/servlet/trlicenciaspermisoslog?16494415,P,20180525095545, HTTP/1.1" 200 6787
186.67.172.234 - - [25/May/2018:11:54:12 -0300] "GET /cormun/servlet/permisogoce?d7f9af037a313f4f43ece5795140a8682aa4fb891aea7cc7aadd24be79fb4a71d83fa1a347a64a54e419b7bd296cf69bece24485767c5301595ab91724b8b33c,gx-no-cache=1527256314427 HTTP/1.1" 200 85
186.67.172.234 - - [25/May/2018:11:54:12 -0300] "GET /cormun/static/menuarrow.gif HTTP/1.1" 404 1015
200.54.247.70 - - [25/May/2018:11:54:16 -0300] "GET /cormun/servlet/trpermisosgoce?gx-no-cache=1527259817986 HTTP/1.1" 200 16899
200.54.247.70 - - [25/May/2018:11:54:17 -0300] "GET /cormun/servlet/trpermisosgoce?gx-no-cache=1527259817986 HTTP/1.1" 200 16919
186.67.172.234 - - [25/May/2018:11:54:21 -0300] "GET /cormun/servlet/permisogoce?d7f9af037a313f4f43ece5795140a86867aa340aa3382aa4ea86d492c0c5586ccf9bab8c25865949529c9acd9ad143ddfb69f576774beef4e988b54291a28064,gx-no-cache=1527256323426 HTTP/1.1" 200 47
186.103.157.246 - - [25/May/2018:11:54:23 -0300] "GET /cormun/servlet/trlicencias? HTTP/1.1" 200 13294
186.67.172.234 - - [25/May/2018:11:54:24 -0300] "POST /cormun/servlet/permisogoce?1f5fb6124f7c7962e606ac17c55fc54e,INS,0,,,,gx-no-cache=1527256326011 HTTP/1.1" 200 93
186.67.172.234 - - [25/May/2018:11:54:24 -0300] "GET /cormun/servlet/hpexe_return? HTTP/1.1" 200 1007
186.67.172.234 - - [25/May/2018:11:54:24 -0300] "GET /cormun/servlet/trpermisosgoce HTTP/1.1" 200 14163
186.67.172.234 - - [25/May/2018:11:54:24 -0300] "GET /cormun/servlet/trpermisosgoce HTTP/1.1" 200 14124
186.103.157.246 - - [25/May/2018:11:54:25 -0300] "GET /cormun/servlet/trlicencias? HTTP/1.1" 200 13291
200.54.247.70 - - [25/May/2018:11:54:27 -0300] "POST /cormun/servlet/trpermisosgoce?892f357cd0c586f2286a6d1c75843e03,gx-no-cache=1527259817986,gx-no-cache=1527260006541 HTTP/1.1" 200 13978
186.67.172.234 - - [25/May/2018:11:54:29 -0300] "GET /cormun/servlet/permisogoce?INS,0,,, HTTP/1.1" 200 7105
186.67.172.234 - - [25/May/2018:11:54:30 -0300] "GET /cormun/servlet/permisogoce?INS,0,,, HTTP/1.1" 200 7105
186.67.172.234 - - [25/May/2018:11:54:37 -0300] "GET /cormun/servlet/permisogoce?d7f9af037a313f4f43ece5795140a86847299b0c6f7f1ed65a7850079425d2d49950a2e72fad67d9ad605af987a17c8a,gx-no-cache=1527256340122 HTTP/1.1" 200 76
186.67.172.234 - - [25/May/2018:11:54:37 -0300] "GET /cormun/static/menuarrow.gif HTTP/1.1" 404 1015
186.103.157.246 - - [25/May/2018:11:54:39 -0300] "GET /cormun/servlet/licenciaspermisos?INS,0,,, HTTP/1.1" 200 7684
186.103.157.246 - - [25/May/2018:11:54:40 -0300] "GET /cormun/servlet/licenciaspermisos?INS,0,,, HTTP/1.1" 200 7692
186.103.156.24 - - [25/May/2018:11:54:43 -0300] "POST /cormun/servlet/trcontratounov2?7cb63d0d2c83826a38322e9152504333,,gx-no-cache=1527260021016 HTTP/1.1" 200 7566
200.54.247.70 - - [25/May/2018:11:54:43 -0300] "POST /cormun/servlet/trpermisosgoce?892f357cd0c586f2286a6d1c75843e03,gx-no-cache=1527259817986,gx-no-cache=1527260022159 HTTP/1.1" 200 14018
186.67.172.234 - - [25/May/2018:11:54:46 -0300] "GET /cormun/servlet/permisogoce?d7f9af037a313f4f43ece5795140a868e9dbc59f477e206cad297f4c6e001f926838f77b35c0cf2831ce074920aca9dd108550faa976277e5c12444fcc210ade,gx-no-cache=1527256349225 HTTP/1.1" 200 47
200.54.247.70 - - [25/May/2018:11:54:48 -0300] "POST /cormun/servlet/trpermisosgoce?892f357cd0c586f2286a6d1c75843e03,gx-no-cache=1527259817986,gx-no-cache=1527260028031 HTTP/1.1" 200 14016
186.67.172.234 - - [25/May/2018:11:54:50 -0300] "POST /cormun/servlet/permisogoce?1f5fb6124f7c7962e606ac17c55fc54e,INS,0,,,,gx-no-cache=1527256352759 HTTP/1.1" 200 93
186.67.172.234 - - [25/May/2018:11:54:50 -0300] "GET /cormun/servlet/hpexe_return? HTTP/1.1" 200 1007
186.67.172.234 - - [25/May/2018:11:54:51 -0300] "GET /cormun/servlet/trpermisosgoce HTTP/1.1" 200 14373
186.67.172.234 - - [25/May/2018:11:54:51 -0300] "GET /cormun/servlet/trpermisosgoce HTTP/1.1" 200 14345
186.67.172.234 - - [25/May/2018:11:54:57 -0300] "GET /cormun/servlet/permisogoce?INS,0,,, HTTP/1.1" 200 7105
186.67.172.234 - - [25/May/2018:11:54:57 -0300] "GET /cormun/servlet/permisogoce?INS,0,,, HTTP/1.1" 200 7105
200.54.247.70 - - [25/May/2018:11:55:02 -0300] "GET /cormun/servlet/trautorizarpermisogoce? HTTP/1.1" 200 16479
200.54.247.70 - - [25/May/2018:11:55:03 -0300] "GET /cormun/servlet/trautorizarpermisogoce? HTTP/1.1" 200 16458
186.67.172.234 - - [25/May/2018:11:55:06 -0300] "GET /cormun/servlet/permisogoce?d7f9af037a313f4f43ece5795140a86847299b0c6f7f1ed65a7850079425d2d49950a2e72fad67d9ad605af987a17c8a,gx-no-cache=1527256368409 HTTP/1.1" 200 79
186.67.172.234 - - [25/May/2018:11:55:06 -0300] "GET /cormun/static/menuarrow.gif HTTP/1.1" 404 1015
200.54.247.70 - - [25/May/2018:11:55:10 -0300] "POST /cormun/servlet/trautorizarpermisogoce?892f357cd0c586f2286a6d1c75843e03,,gx-no-cache=1527260050000 HTTP/1.1" 200 130
200.54.247.70 - - [25/May/2018:11:55:10 -0300] "GET /cormun/servlet/licenciaspermisoslog?INS,16494415,P,20180525095545,0,NU, HTTP/1.1" 200 6120
200.54.247.70 - - [25/May/2018:11:55:10 -0300] "GET /cormun/static/gxcfg.js?20176272055931 HTTP/1.1" 200 953
200.54.247.70 - - [25/May/2018:11:55:10 -0300] "GET /cormun/static/licenciaspermisoslog.js?20176272055944 HTTP/1.1" 200 9271
200.54.247.70 - - [25/May/2018:11:55:10 -0300] "GET /cormun/servlet/licenciaspermisoslog?INS,16494415,P,20180525095545,0,NU, HTTP/1.1" 200 6120
186.67.172.234 - - [25/May/2018:11:55:15 -0300] "GET /cormun/servlet/permisogoce?d7f9af037a313f4f43ece5795140a868e9dbc59f477e206cad297f4c6e001f92664c7168d019b2f359549258a9edf798108550faa976277e5c12444fcc210ade,gx-no-cache=1527256377742 HTTP/1.1" 200 48
200.54.247.70 - - [25/May/2018:11:55:22 -0300] "GET /cormun/servlet/licenciaspermisoslog?ad4ac2caf3955a8a96324d54d1d424970632503a1b964208ca1bc68ee10b3ef1c628f0ede9d660e5b5011f7bc680956cdfd5ffe5ac372ecf8d3bf1bf1a7f01d5ee3646f04a21016930aa784347b3a39f359dea827ec2d76e52a9423a7f4e3264,gx-no-cache=1527260062671 HTTP/1.1" 200 120
200.54.247.70 - - [25/May/2018:11:55:22 -0300] "GET /cormun/static/Shared/jqueryui/images/ui-icons_82798d_256x240.png HTTP/1.1" 404 1089
200.54.247.70 - - [25/May/2018:11:55:22 -0300] "GET /cormun/static/Shared/jqueryui/images/ui-bg_highlight-soft_100_c6c2c8_1x100.png HTTP/1.1" 404 1117
200.54.247.70 - - [25/May/2018:11:55:23 -0300] "GET /cormun/static/Shared/jqueryui/images/ui-bg_flat_55_994d53_40x100.png HTTP/1.1" 404 1097
200.54.247.70 - - [25/May/2018:11:55:23 -0300] "GET /cormun/static/Shared/jqueryui/images/ui-icons_ebccce_256x240.png HTTP/1.1" 404 1089
200.54.247.70 - - [25/May/2018:11:55:23 -0300] "GET /cormun/servlet/licenciaspermisoslog?ad4ac2caf3955a8a96324d54d1d424970632503a1b964208ca1bc68ee10b3ef1c628f0ede9d660e5b5011f7bc680956cdfd5ffe5ac372ecf8d3bf1bf1a7f01d5ee3646f04a21016930aa784347b3a39f359dea827ec2d76e52a9423a7f4e3264,gx-no-cache=1527260062730 HTTP/1.1" 200 120
