186.103.161.206 - - [25/May/2018:12:22:35 -0300] "GET /cormun/static/gxcfg.js?20175251213516 HTTP/1.1" 200 953
186.67.203.186 - - [25/May/2018:12:22:35 -0300] "GET /cormun/static/gxtimezone.js?85251 HTTP/1.1" 200 5781
186.103.132.155 - - [25/May/2018:12:22:36 -0300] "GET /cormun/static/Resources/Spanish/PXTools.css?11423723 HTTP/1.1" 200 89042
186.103.132.155 - - [25/May/2018:12:22:36 -0300] "GET /cormun/static/messages.spa.js?85251 HTTP/1.1" 200 30736
186.103.132.155 - - [25/May/2018:12:22:37 -0300] "GET /cormun/static/hlogin.js?20175251213537 HTTP/1.1" 200 2136
186.103.132.155 - - [25/May/2018:12:22:37 -0300] "GET /cormun/static/Resources/ComunLogin.png HTTP/1.1" 200 17326
200.54.18.251 - - [25/May/2018:12:22:39 -0300] "GET /cormun/static/gxgral.js?85251 HTTP/1.1" 200 384558
186.67.203.186 - - [25/May/2018:12:22:39 -0300] "GET /cormun/static/Resources/PXToolsButtonLeft21.png HTTP/1.1" 200 1287
186.103.132.155 - - [25/May/2018:12:22:39 -0300] "GET /cormun/static/Resources/PXToolsLoginBackground.png HTTP/1.1" 200 1164
186.103.161.206 - - [25/May/2018:12:22:39 -0300] "GET /cormun/static/Resources/PXToolsButtonRight21.png HTTP/1.1" 200 1283
186.103.132.155 - - [25/May/2018:12:22:39 -0300] "GET /cormun/static/Resources/PXToolsLoginTop.png HTTP/1.1" 200 1337
200.54.18.251 - - [25/May/2018:12:22:39 -0300] "GET /cormun/static/Resources/PXToolsLoginBottom.png HTTP/1.1" 200 1389
200.54.18.251 - - [25/May/2018:12:22:39 -0300] "GET /cormun/static/Resources/PXToolsButtonBackground2.png HTTP/1.1" 200 1181
200.54.18.251 - - [25/May/2018:12:22:39 -0300] "GET /cormun/static/Resources/indicator.gif HTTP/1.1" 200 1553
186.103.132.155 - - [25/May/2018:12:22:39 -0300] "GET /cormun/servlet/hlogin HTTP/1.1" 200 1727
186.103.132.155 - - [25/May/2018:12:22:41 -0300] "POST /cormun/servlet/hlogin?e0dfc301ddd8c06c253a6bb5ce002a64,gx-no-cache=1527261701151 HTTP/1.1" 200 90
186.103.132.155 - - [25/May/2018:12:22:41 -0300] "GET /cormun/servlet/hpexe_link HTTP/1.1" 200 948
200.54.18.251 - - [25/May/2018:12:22:41 -0300] "GET /cormun/static/gxcfg.js?20177612121792 HTTP/1.1" 200 953
200.54.18.251 - - [25/May/2018:12:22:41 -0300] "GET /cormun/static/hpexe_link.js?20177612121795 HTTP/1.1" 200 625
186.103.132.155 - - [25/May/2018:12:22:41 -0300] "GET /cormun/static/Resources/Spanish/PXTools.css?1155365 HTTP/1.1" 200 89042
186.103.132.155 - - [25/May/2018:12:22:42 -0300] "GET /cormun/servlet/hhome HTTP/1.1" 200 4124
186.103.132.155 - - [25/May/2018:12:22:42 -0300] "GET /cormun/static/Shared/jqueryui/jquery-ui.min.css?1245370 HTTP/1.1" 200 30288
186.103.132.155 - - [25/May/2018:12:22:42 -0300] "GET /cormun/static/gxcfg.js?20175251212442 HTTP/1.1" 200 953
186.103.161.206 - - [25/May/2018:12:22:42 -0300] "GET /cormun/static/scaMessage/css/jquery.pnotify.default.css?1716380 HTTP/1.1" 200 1707
200.54.18.251 - - [25/May/2018:12:22:42 -0300] "GET /cormun/static/SmoothNavMenu/resources/ddsmoothmenu-v.css?1012540 HTTP/1.1" 200 1188
200.54.18.251 - - [25/May/2018:12:22:42 -0300] "GET /cormun/static/SmoothNavMenu/resources/ddsmoothmenu.css?1012540 HTTP/1.1" 200 2223
186.67.203.186 - - [25/May/2018:12:22:42 -0300] "GET /cormun/static/PXToolsJavascripts/pexe_autoreload.js HTTP/1.1" 200 1762
186.103.132.155 - - [25/May/2018:12:22:42 -0300] "GET /cormun/static/PXToolsJavascripts/pexe_cookies.js HTTP/1.1" 200 792
200.54.18.251 - - [25/May/2018:12:22:42 -0300] "GET /cormun/static/PXToolsJavascripts/pexe_grid.js HTTP/1.1" 200 7559
200.54.18.251 - - [25/May/2018:12:22:42 -0300] "GET /cormun/static/PXToolsJavascripts/pexe_griddivfix.js HTTP/1.1" 200 6644
186.103.161.206 - - [25/May/2018:12:22:42 -0300] "GET /cormun/static/PXToolsJavascripts/pexe_windows.js HTTP/1.1" 200 15207
186.67.203.186 - - [25/May/2018:12:22:42 -0300] "GET /cormun/static/PXToolsJavascripts/pexe_link.js HTTP/1.1" 200 5671
186.67.203.186 - - [25/May/2018:12:22:42 -0300] "GET /cormun/static/PXToolsJavascripts/pexe_menus.js HTTP/1.1" 200 1286
200.54.18.251 - - [25/May/2018:12:22:42 -0300] "GET /cormun/static/PXToolsJavascripts/pexe_menudivfix.js HTTP/1.1" 200 333
186.103.132.155 - - [25/May/2018:12:22:42 -0300] "GET /cormun/static/PXToolsJavascripts/pexe_layers.js HTTP/1.1" 200 4114
186.103.132.155 - - [25/May/2018:12:22:42 -0300] "GET /cormun/static/PXToolsJavascripts/pexe_scrolldiv.js HTTP/1.1" 200 4138
186.67.203.186 - - [25/May/2018:12:22:42 -0300] "GET /cormun/static/PXToolsJavascripts/pexe_tabdivfix.js HTTP/1.1" 200 876
200.54.18.251 - - [25/May/2018:12:22:42 -0300] "GET /cormun/static/PXToolsJavascripts/pexe_oavdivfix.js HTTP/1.1" 200 639
200.54.18.251 - - [25/May/2018:12:22:42 -0300] "GET /cormun/static/PXToolsJavascripts/pexe_popup.js HTTP/1.1" 200 13458
186.103.161.206 - - [25/May/2018:12:22:42 -0300] "GET /cormun/static/PXToolsJavascripts/pexe_picture.js HTTP/1.1" 200 689
186.103.132.155 - - [25/May/2018:12:22:42 -0300] "GET /cormun/static/PXToolsJavascripts/pexe_oav.js HTTP/1.1" 200 645
186.103.132.155 - - [25/May/2018:12:22:42 -0300] "GET /cormun/static/PXToolsJavascripts/PXToolsJavascriptsRender.js HTTP/1.1" 200 367
200.54.18.251 - - [25/May/2018:12:22:42 -0300] "GET /cormun/static/PXToolsJavascripts/pexe_upload.js HTTP/1.1" 200 1423
186.67.203.186 - - [25/May/2018:12:22:42 -0300] "GET /cormun/static/PXToolsJavascripts/pexe_tabs.js HTTP/1.1" 200 3748
186.103.161.206 - - [25/May/2018:12:22:42 -0300] "GET /cormun/static/hhome.js?20175251212450 HTTP/1.1" 200 777
186.103.132.155 - - [25/May/2018:12:22:42 -0300] "GET /cormun/static/hwchdr01.js?201752511465785 HTTP/1.1" 200 1183
186.103.132.155 - - [25/May/2018:12:22:42 -0300] "GET /cormun/static/RunJS/RunJS.js HTTP/1.1" 200 288
200.54.18.251 - - [25/May/2018:12:22:42 -0300] "GET /cormun/static/Shared/ext/locale/ext-lang-en.js HTTP/1.1" 200 10940
186.103.132.155 - - [25/May/2018:12:22:43 -0300] "GET /cormun/static/Resources/PXToolsHeaderBackground2.png HTTP/1.1" 200 1174
186.103.132.155 - - [25/May/2018:12:22:43 -0300] "GET /cormun/static/Resources/PXToolsFooterBackground2.png HTTP/1.1" 200 1172
186.103.161.206 - - [25/May/2018:12:22:43 -0300] "GET /cormun/static/Resources/PXToolsHeaderActionsBackground.png HTTP/1.1" 200 484
186.103.132.155 - - [25/May/2018:12:22:43 -0300] "GET /cormun/static/Resources/PXToolsHeaderPreferences.png HTTP/1.1" 200 4189
186.103.132.155 - - [25/May/2018:12:22:43 -0300] "GET /cormun/static/Resources/PXToolsHeaderHome.png HTTP/1.1" 200 4147
186.103.161.206 - - [25/May/2018:12:22:43 -0300] "GET /cormun/static/Resources/PXToolsDataTitle.png HTTP/1.1" 200 1173
200.54.18.251 - - [25/May/2018:12:22:43 -0300] "GET /cormun/static/Resources/logo4.png HTTP/1.1" 200 6582
186.103.161.206 - - [25/May/2018:12:22:43 -0300] "GET /cormun/static/Resources/PXToolsHeaderActionsRight.png HTTP/1.1" 200 1201
186.103.132.155 - - [25/May/2018:12:22:43 -0300] "GET /cormun/static/Resources/PXToolsHeaderSecurity.png HTTP/1.1" 200 4166
186.103.132.155 - - [25/May/2018:12:22:43 -0300] "GET /cormun/static/Resources/PXToolsHeaderLogin.png HTTP/1.1" 200 4279
200.54.18.251 - - [25/May/2018:12:22:43 -0300] "GET /cormun/static/Resources/PXToolsHeaderActionsLeft.png HTTP/1.1" 200 1118
186.103.161.206 - - [25/May/2018:12:22:43 -0300] "GET /cormun/static/hpexe_recentlink.js?20177611595044 HTTP/1.1" 200 2144
200.54.18.251 - - [25/May/2018:12:22:43 -0300] "GET /cormun/static/hpexe_scripts.js?201752511465715 HTTP/1.1" 200 1544
186.103.161.206 - - [25/May/2018:12:22:43 -0300] "GET /cormun/static/hpexe_messagepopupcomponent.js?20161017169425 HTTP/1.1" 200 605
200.54.18.251 - - [25/May/2018:12:22:43 -0300] "GET /cormun/static/hpexe_messagegenexuscomponent.js?201752511465344 HTTP/1.1" 200 587
186.103.161.206 - - [25/May/2018:12:22:43 -0300] "GET /cormun/static/cmcontrolpreferences.js?201752511465670 HTTP/1.1" 200 1375
186.103.132.155 - - [25/May/2018:12:22:43 -0300] "GET /cormun/static/hpexe_messagecontroller.js?20177611595012 HTTP/1.1" 200 870
200.54.18.251 - - [25/May/2018:12:22:43 -0300] "GET /cormun/static/gxui/gxui-all.js HTTP/1.1" 200 107772
186.103.132.155 - - [25/May/2018:12:22:43 -0300] "GET /cormun/static/SmoothNavMenu/resources/ddsmoothmenu.js HTTP/1.1" 200 12712
186.103.132.155 - - [25/May/2018:12:22:43 -0300] "GET /cormun/static/SmoothNavMenu/resources/SmoothNavMenuRender.js HTTP/1.1" 200 5951
186.103.132.155 - - [25/May/2018:12:22:44 -0300] "GET /cormun/static/scaMessage/js/jquery.pnotify.min.js HTTP/1.1" 200 13038
186.103.132.155 - - [25/May/2018:12:22:44 -0300] "GET /cormun/static/scaMessage/scaMessageRender.js HTTP/1.1" 200 11977
200.54.247.70 - - [25/May/2018:12:22:44 -0300] "POST /cormun/servlet/prfichaempleado?892f357cd0c586f2286a6d1c75843e03,,MD,,gxPopupLevel%3D0%3B,gx-no-cache=1527261703817 HTTP/1.1" 200 3186
200.54.18.251 - - [25/May/2018:12:22:44 -0300] "GET /cormun/static/Shared/jquery/jquery-1.4.2.min.js HTTP/1.1" 200 72174
200.54.18.251 - - [25/May/2018:12:22:44 -0300] "GET /cormun/static/hmpwkw03.js?20177612122668 HTTP/1.1" 200 3965
186.103.161.206 - - [25/May/2018:12:22:47 -0300] "GET /cormun/static/Shared/jquery/jquery-1.10.2.min.js HTTP/1.1" 200 273199
186.103.132.155 - - [25/May/2018:12:22:47 -0300] "GET /cormun/static/Shared/jqueryui/jquery-ui.min.js HTTP/1.1" 200 240427
200.54.247.70 - - [25/May/2018:12:22:49 -0300] "POST /cormun/servlet/prfichaempleado?892f357cd0c586f2286a6d1c75843e03,,MD,,gxPopupLevel%3D0%3B,gx-no-cache=1527261708791 HTTP/1.1" 200 3473
186.67.203.186 - - [25/May/2018:12:22:49 -0300] "GET /cormun/static/Shared/ext/ext-all.js HTTP/1.1" 200 1289687
186.103.161.206 - - [25/May/2018:12:22:50 -0300] "GET /cormun/static/SmoothNavMenu/resources/images/right.gif HTTP/1.1" 200 860
186.103.132.155 - - [25/May/2018:12:22:50 -0300] "GET /cormun/static/SmoothNavMenu/resources/images/down.gif HTTP/1.1" 200 854
186.67.203.186 - - [25/May/2018:12:22:50 -0300] "GET /cormun/servlet/hhome HTTP/1.1" 200 4120
200.54.247.70 - - [25/May/2018:12:22:52 -0300] "GET /cormun/servlet/permisogoce?ad4ac2caf3955a8a96324d54d1d42497e6b5f600f80329547695e370e5a7478254b61728f138556aed0b1f1f815eaa835e77008086f22f440c66697968ac1e3d,gx-no-cache=1527261712179 HTTP/1.1" 200 80
186.67.203.186 - - [25/May/2018:12:22:54 -0300] "GET /cormun/servlet/trpermisosgoce? HTTP/1.1" 200 9308
186.103.161.206 - - [25/May/2018:12:22:55 -0300] "GET /cormun/static/gxui/gxui-all.css?110300 HTTP/1.1" 200 2179
186.103.132.155 - - [25/May/2018:12:22:55 -0300] "GET /cormun/static/calendar-system.css?75620 HTTP/1.1" 200 5572
200.54.18.251 - - [25/May/2018:12:22:55 -0300] "GET /cormun/static/calendar.js?85251 HTTP/1.1" 200 26246
186.103.132.155 - - [25/May/2018:12:22:55 -0300] "GET /cormun/static/calendar-setup.js?85251 HTTP/1.1" 200 2588
200.54.18.251 - - [25/May/2018:12:22:55 -0300] "GET /cormun/static/gxcfg.js?20177612163875 HTTP/1.1" 200 953
186.103.161.206 - - [25/May/2018:12:22:55 -0300] "GET /cormun/static/calendar-es.js?85251 HTTP/1.1" 200 1901
200.54.18.251 - - [25/May/2018:12:22:56 -0300] "GET /cormun/static/gxdec.js?85251 HTTP/1.1" 200 19579
200.54.18.251 - - [25/May/2018:12:22:56 -0300] "GET /cormun/static/trpermisosgoce.js?20177612164335 HTTP/1.1" 200 35904
200.54.18.251 - - [25/May/2018:12:22:56 -0300] "GET /cormun/static/Resources/PXTools/calendar.png HTTP/1.1" 200 1306
200.54.18.251 - - [25/May/2018:12:22:56 -0300] "GET /cormun/static/Resources/PXToolsDataSearch.png HTTP/1.1" 200 419
200.54.18.251 - - [25/May/2018:12:22:56 -0300] "GET /cormun/static/Resources/PXToolsGridFirstDisabled.gif HTTP/1.1" 200 100
200.54.18.251 - - [25/May/2018:12:22:56 -0300] "GET /cormun/static/Resources/PXToolsGridPreviousDisabled.gif HTTP/1.1" 200 90
200.54.18.251 - - [25/May/2018:12:22:56 -0300] "GET /cormun/static/Resources/PXToolsGridNextDisabled.gif HTTP/1.1" 200 90
200.54.18.251 - - [25/May/2018:12:22:56 -0300] "GET /cormun/static/Resources/PXToolsGridLastDisabled.gif HTTP/1.1" 200 98
200.54.18.251 - - [25/May/2018:12:22:57 -0300] "GET /cormun/static/Resources/PXToolsGridPage.gif HTTP/1.1" 200 725
186.67.203.186 - - [25/May/2018:12:22:57 -0300] "GET /cormun/static/Shared/ext/resources/css/ext-all.css?205870 HTTP/1.1" 200 416045
200.54.18.251 - - [25/May/2018:12:22:57 -0300] "GET /cormun/static/Resources/PXToolsActionExcel.png HTTP/1.1" 200 3187
200.54.18.251 - - [25/May/2018:12:22:57 -0300] "GET /cormun/static/Resources/PXToolsGridNew.png HTTP/1.1" 200 2949
186.67.203.186 - - [25/May/2018:12:22:57 -0300] "GET /cormun/static/Resources/asc.gif HTTP/1.1" 200 67
186.103.161.206 - - [25/May/2018:12:22:57 -0300] "GET /cormun/static/Resources/desc.gif HTTP/1.1" 200 65
186.103.132.155 - - [25/May/2018:12:22:57 -0300] "GET /cormun//static/Resources/PXTools/ActionInsert.png HTTP/1.1" 200 1482
200.54.18.251 - - [25/May/2018:12:22:57 -0300] "GET /cormun//static/Resources/PXToolsGridDisplay.png HTTP/1.1" 200 362
186.103.132.155 - - [25/May/2018:12:22:57 -0300] "GET /cormun//static/Resources/PXToolsActionDisabled.gif HTTP/1.1" 200 53
186.67.203.186 - - [25/May/2018:12:22:57 -0300] "GET /cormun//static/Resources/PXToolsHeaderHelp.png HTTP/1.1" 200 4055
186.103.161.206 - - [25/May/2018:12:22:57 -0300] "GET /cormun//static/Resources/PXToolsGridDelete.png HTTP/1.1" 200 357
186.103.132.155 - - [25/May/2018:12:22:57 -0300] "GET /cormun//static/Resources/PXToolsActionPrint.png HTTP/1.1" 200 3317
200.54.18.251 - - [25/May/2018:12:22:57 -0300] "GET /cormun/servlet/trpermisosgoce? HTTP/1.1" 200 9310
186.67.203.186 - - [25/May/2018:12:22:57 -0300] "GET /cormun/static/Shared/ext/resources/themes/images/default/tools/tool-sprites.gif HTTP/1.1" 200 5434
186.103.132.155 - - [25/May/2018:12:22:57 -0300] "GET /cormun/static/Shared/ext/resources/themes/images/default/panel/bg-headersPanel.png HTTP/1.1" 200 255
200.54.18.251 - - [25/May/2018:12:22:57 -0300] "GET /cormun//static/Resources/PXToolsHeaderFavorites.png HTTP/1.1" 200 2744
200.54.247.70 - - [25/May/2018:12:23:00 -0300] "GET /cormun/servlet/permisogoce?ad4ac2caf3955a8a96324d54d1d42497f66d80f5e0dc76b7c388d2e925f6a5c788d53656f866476c2c520a94b121c0f81747aeed761b43eae5f7aadf5c022e9e,gx-no-cache=1527261720332 HTTP/1.1" 200 47
200.54.18.251 - - [25/May/2018:12:23:01 -0300] "GET /cormun/servlet/permisogoce?INS,0,,, HTTP/1.1" 200 6966
200.54.18.251 - - [25/May/2018:12:23:01 -0300] "GET /cormun/static/gxcfg.js?201776126440 HTTP/1.1" 200 953
186.67.203.186 - - [25/May/2018:12:23:01 -0300] "GET /cormun/static/permisogoce.js?2017761264459 HTTP/1.1" 200 27897
200.54.18.251 - - [25/May/2018:12:23:01 -0300] "GET /cormun/static/Resources/prompt.gif HTTP/1.1" 200 902
200.54.247.70 - - [25/May/2018:12:23:01 -0300] "POST /cormun/servlet/permisogoce?892f357cd0c586f2286a6d1c75843e03,INS,0,,,,gx-no-cache=1527261721261 HTTP/1.1" 200 93
192.168.10.97 - - [25/May/2018:12:23:01 -0300] "POST /cormun/servlet/trsolicitudgral?fe9af0fe06fc81796e2e8435b507f857,,gx-no-cache=1527261588980 HTTP/1.1" 440 972
200.54.247.70 - - [25/May/2018:12:23:02 -0300] "GET /cormun/servlet/hpexe_return? HTTP/1.1" 200 1004
186.67.203.186 - - [25/May/2018:12:23:02 -0300] "GET /cormun/servlet/permisogoce?INS,0,,, HTTP/1.1" 200 6966
200.54.247.70 - - [25/May/2018:12:23:02 -0300] "GET /cormun/servlet/trpermisosgoce? HTTP/1.1" 200 19185
200.54.247.70 - - [25/May/2018:12:23:03 -0300] "GET /cormun/servlet/trpermisosgoce? HTTP/1.1" 200 19133
192.168.10.97 - - [25/May/2018:12:23:06 -0300] "GET /cormun/servlet/trsolicitudgral? HTTP/1.1" 500 10
200.54.247.70 - - [25/May/2018:12:23:09 -0300] "GET /cormun/servlet/trpermisosadjuntos?14332418,20180525111741,P, HTTP/1.1" 200 6543
200.54.247.70 - - [25/May/2018:12:23:09 -0300] "GET /cormun/servlet/trpermisosadjuntos?14332418,20180525111741,P, HTTP/1.1" 200 6540
200.54.247.70 - - [25/May/2018:12:23:10 -0300] "GET /cormun/servlet/permisosadjuntos?INS,14332418,P,20180525111741,, HTTP/1.1" 200 5871
200.54.247.70 - - [25/May/2018:12:23:11 -0300] "GET /cormun/static/about:blank HTTP/1.1" 404 1011
200.54.247.70 - - [25/May/2018:12:23:11 -0300] "GET /cormun/servlet/permisosadjuntos?INS,14332418,P,20180525111741,, HTTP/1.1" 200 5861
192.168.10.97 - - [25/May/2018:12:23:11 -0300] "GET /cormun/servlet/trsolicitudgral? HTTP/1.1" 500 10
200.54.247.70 - - [25/May/2018:12:23:17 -0300] "POST /cormun/servlet/permisosadjuntos?892f357cd0c586f2286a6d1c75843e03,INS,14332418,P,20180525111741,, HTTP/1.1" 200 116
200.54.247.70 - - [25/May/2018:12:23:17 -0300] "GET /cormun/servlet/hpexe_return? HTTP/1.1" 200 1031
200.54.247.70 - - [25/May/2018:12:23:17 -0300] "GET /cormun/servlet/trpermisosadjuntos?14332418,20180525111741,P, HTTP/1.1" 200 7034
200.54.247.70 - - [25/May/2018:12:23:18 -0300] "GET /cormun/servlet/trpermisosadjuntos?14332418,20180525111741,P, HTTP/1.1" 200 7030
200.54.247.70 - - [25/May/2018:12:23:19 -0300] "POST /cormun/servlet/trpermisosadjuntos?892f357cd0c586f2286a6d1c75843e03,14332418,20180525111741,P,,gx-no-cache=1527261739582 HTTP/1.1" 200 90
200.54.247.70 - - [25/May/2018:12:23:19 -0300] "GET /cormun/servlet/hpexe_link HTTP/1.1" 200 976
200.54.247.70 - - [25/May/2018:12:23:20 -0300] "GET /cormun/servlet/trpermisosgoce HTTP/1.1" 200 19181
200.54.247.70 - - [25/May/2018:12:23:21 -0300] "GET /cormun/servlet/trpermisosgoce HTTP/1.1" 200 19178
186.67.203.186 - - [25/May/2018:12:23:22 -0300] "GET /cormun/servlet/permisogoce?227afebebc95082e754e683f453b18a725686c8f318e27a26ad32ca92b8a5c162882bcbfa4ae1015c143d328730a5e51afb51b6952b5a52a220d9f510487a530,gx-no-cache=1527261742201 HTTP/1.1" 200 84
200.54.247.70 - - [25/May/2018:12:23:25 -0300] "POST /cormun/servlet/trpermisosgoce?892f357cd0c586f2286a6d1c75843e03,gx-no-cache=1527261744625 HTTP/1.1" 200 16322
200.54.247.70 - - [25/May/2018:12:23:25 -0300] "GET /cormun/static/Shared/jqueryui/images/ui-bg_highlight-soft_100_c6c2c8_1x100.png HTTP/1.1" 404 1117
200.54.247.70 - - [25/May/2018:12:23:25 -0300] "GET /cormun/static/Shared/jqueryui/images/ui-icons_82798d_256x240.png HTTP/1.1" 404 1089
200.54.247.70 - - [25/May/2018:12:23:25 -0300] "GET /cormun/static/Shared/jqueryui/images/ui-bg_flat_55_fafafa_40x100.png HTTP/1.1" 404 1097
200.54.247.70 - - [25/May/2018:12:23:25 -0300] "GET /cormun/static/Shared/jqueryui/images/ui-icons_8d78a5_256x240.png HTTP/1.1" 404 1089
200.54.247.70 - - [25/May/2018:12:23:30 -0300] "GET /cormun/servlet/permisogoce?INS,0,,, HTTP/1.1" 200 7093
200.54.247.70 - - [25/May/2018:12:23:31 -0300] "GET /cormun/servlet/permisogoce?INS,0,,, HTTP/1.1" 200 7093
200.54.18.251 - - [25/May/2018:12:23:45 -0300] "GET /cormun/servlet/permisogoce?227afebebc95082e754e683f453b18a7c14970be9162085ce07ca6162825956165cd97b9d852fbe289911aeef78e621315cac3777f3f056441a082c8ffb00ac1,gx-no-cache=1527261764755 HTTP/1.1" 200 45
200.54.18.251 - - [25/May/2018:12:23:45 -0300] "GET /cormun/static/menuarrow.gif HTTP/1.1" 404 1015
192.168.10.97 - - [25/May/2018:12:23:47 -0300] "GET /cormun/servlet/hlogin HTTP/1.1" 200 1722
192.168.10.97 - - [25/May/2018:12:23:47 -0300] "GET /cormun/servlet/hlogin HTTP/1.1" 200 1726
192.168.10.97 - - [25/May/2018:12:23:49 -0300] "POST /cormun/servlet/hlogin?cbfe2df3b6aab90d23d5eaba7b528bcd,gx-no-cache=1527261636536 HTTP/1.1" 200 90
192.168.10.97 - - [25/May/2018:12:23:49 -0300] "GET /cormun/servlet/hpexe_link HTTP/1.1" 200 945
192.168.10.97 - - [25/May/2018:12:23:49 -0300] "GET /cormun/servlet/hhome HTTP/1.1" 200 4649
192.168.10.97 - - [25/May/2018:12:23:49 -0300] "GET /cormun/servlet/hhome HTTP/1.1" 200 4645
192.168.10.97 - - [25/May/2018:12:23:54 -0300] "GET /cormun/servlet/trsolicitudgral? HTTP/1.1" 200 23569
192.168.10.97 - - [25/May/2018:12:23:54 -0300] "GET /cormun/servlet/trsolicitudgral? HTTP/1.1" 200 23567
192.168.10.97 - - [25/May/2018:12:24:01 -0300] "POST /cormun/servlet/trsolicitudgral?cbfe2df3b6aab90d23d5eaba7b528bcd,,gx-no-cache=1527261648271 HTTP/1.1" 200 5909
200.54.247.70 - - [25/May/2018:12:24:06 -0300] "GET /cormun/servlet/prfichaempleado?,MD,,gxPopupLevel%3D0%3B HTTP/1.1" 200 9394
192.168.10.97 - - [25/May/2018:12:24:07 -0300] "POST /cormun/servlet/trsolicitudgral?cbfe2df3b6aab90d23d5eaba7b528bcd,,gx-no-cache=1527261654488 HTTP/1.1" 200 5909
200.54.247.70 - - [25/May/2018:12:24:11 -0300] "POST /cormun/servlet/prfichaempleado?892f357cd0c586f2286a6d1c75843e03,,MD,,gxPopupLevel%3D0%3B,gx-no-cache=1527261791024 HTTP/1.1" 200 4590
200.54.247.70 - - [25/May/2018:12:24:16 -0300] "GET /cormun/servlet/permisogoce?ad4ac2caf3955a8a96324d54d1d42497a3d1886fb52fc436b583afafbbf6c4ed54b61728f138556aed0b1f1f815eaa835e77008086f22f440c66697968ac1e3d,gx-no-cache=1527261796188 HTTP/1.1" 200 78
192.168.10.97 - - [25/May/2018:12:24:18 -0300] "POST /cormun/servlet/trsolicitudgral?cbfe2df3b6aab90d23d5eaba7b528bcd,,gx-no-cache=1527261665241 HTTP/1.1" 200 5910
200.54.247.70 - - [25/May/2018:12:24:22 -0300] "GET /cormun/servlet/permisogoce?ad4ac2caf3955a8a96324d54d1d42497d1423a0d9847346105e525d62db80060477d99bc876f344d261da5ad2f88db8eb7c076ab465cc0229a4ba7bf9831c9a5,gx-no-cache=1527261802536 HTTP/1.1" 200 47
200.54.247.70 - - [25/May/2018:12:24:24 -0300] "POST /cormun/servlet/permisogoce?892f357cd0c586f2286a6d1c75843e03,INS,0,,,,gx-no-cache=1527261803514 HTTP/1.1" 200 93
200.54.247.70 - - [25/May/2018:12:24:24 -0300] "GET /cormun/servlet/hpexe_return? HTTP/1.1" 200 1025
200.54.247.70 - - [25/May/2018:12:24:25 -0300] "GET /cormun/servlet/trpermisosgoce?gx-no-cache=1527261744625 HTTP/1.1" 200 19128
200.54.247.70 - - [25/May/2018:12:24:26 -0300] "GET /cormun/servlet/trpermisosgoce?gx-no-cache=1527261744625 HTTP/1.1" 200 19187
192.168.10.97 - - [25/May/2018:12:24:26 -0300] "POST /cormun/servlet/trsolicitudgral?cbfe2df3b6aab90d23d5eaba7b528bcd,,gx-no-cache=1527261673800 HTTP/1.1" 200 5909
192.168.10.97 - - [25/May/2018:12:24:33 -0300] "POST /cormun/servlet/trsolicitudgral?cbfe2df3b6aab90d23d5eaba7b528bcd,,gx-no-cache=1527261680688 HTTP/1.1" 200 5908
200.111.122.170 - - [25/May/2018:12:24:35 -0300] "POST /cormun/servlet/permisogoce?e0dfc301ddd8c06c253a6bb5ce002a64,INS,0,,,,gx-no-cache=1527261815016 HTTP/1.1" 200 93
200.111.122.170 - - [25/May/2018:12:24:35 -0300] "GET /cormun/servlet/hpexe_return? HTTP/1.1" 200 1008
190.151.100.218 - - [25/May/2018:12:24:35 -0300] "GET /cormun/static/gxcfg.js?2016101716175148 HTTP/1.1" 200 953
200.54.18.251 - - [25/May/2018:12:24:35 -0300] "GET /cormun/static/hpexe_return.js?2016101716175153 HTTP/1.1" 200 1633
200.111.122.170 - - [25/May/2018:12:24:35 -0300] "GET /cormun/static/Resources/Spanish/PXTools.css?167811 HTTP/1.1" 200 89042
200.111.122.170 - - [25/May/2018:12:24:36 -0300] "GET /cormun/servlet/trpermisosgoce HTTP/1.1" 200 9525
200.54.18.251 - - [25/May/2018:12:24:36 -0300] "GET /cormun//static/Resources/PXToolsGridUpdate.png HTTP/1.1" 200 2984
200.111.122.170 - - [25/May/2018:12:24:36 -0300] "GET /cormun/servlet/trpermisosgoce HTTP/1.1" 200 9520
200.54.247.70 - - [25/May/2018:12:24:40 -0300] "GET /cormun/servlet/trpermisosadjuntos?16252056,20180525112018,P, HTTP/1.1" 200 6557
200.54.247.70 - - [25/May/2018:12:24:41 -0300] "GET /cormun/servlet/trpermisosadjuntos?16252056,20180525112018,P, HTTP/1.1" 200 6535
200.54.18.251 - - [25/May/2018:12:24:41 -0300] "GET /cormun/servlet/apermisogoceprn?17524997,P,20180525111948,PU HTTP/1.1" 200 1663
192.168.10.97 - - [25/May/2018:12:24:42 -0300] "POST /cormun/servlet/trsolicitudgral?cbfe2df3b6aab90d23d5eaba7b528bcd,,gx-no-cache=1527261689552 HTTP/1.1" 200 5909
200.54.247.70 - - [25/May/2018:12:24:42 -0300] "GET /cormun/servlet/permisosadjuntos?INS,16252056,P,20180525112018,, HTTP/1.1" 200 5864
200.54.247.70 - - [25/May/2018:12:24:42 -0300] "GET /cormun/static/about:blank HTTP/1.1" 404 1011
200.54.247.70 - - [25/May/2018:12:24:43 -0300] "GET /cormun/servlet/permisosadjuntos?INS,16252056,P,20180525112018,, HTTP/1.1" 200 5854
200.54.247.70 - - [25/May/2018:12:24:49 -0300] "POST /cormun/servlet/permisosadjuntos?892f357cd0c586f2286a6d1c75843e03,INS,16252056,P,20180525112018,, HTTP/1.1" 200 116
192.168.10.97 - - [25/May/2018:12:24:49 -0300] "POST /cormun/servlet/trsolicitudgral?cbfe2df3b6aab90d23d5eaba7b528bcd,,gx-no-cache=1527261696077 HTTP/1.1" 200 5909
200.54.247.70 - - [25/May/2018:12:24:49 -0300] "GET /cormun/servlet/hpexe_return? HTTP/1.1" 200 1028
200.54.247.70 - - [25/May/2018:12:24:49 -0300] "GET /cormun/servlet/trpermisosadjuntos?16252056,20180525112018,P, HTTP/1.1" 200 7029
200.54.247.70 - - [25/May/2018:12:24:50 -0300] "GET /cormun/servlet/trpermisosadjuntos?16252056,20180525112018,P, HTTP/1.1" 200 7025
200.54.247.70 - - [25/May/2018:12:24:52 -0300] "GET /cormun/PublicTempStorage/doc004997201805251223326097939.pdf HTTP/1.1" 200 119602
200.54.247.70 - - [25/May/2018:12:24:54 -0300] "GET /cormun/servlet/trpermisosadjuntos?16252056,20180525112018,P, HTTP/1.1" 200 7026
200.54.247.70 - - [25/May/2018:12:24:54 -0300] "GET /cormun/servlet/trpermisosadjuntos?16252056,20180525112018,P, HTTP/1.1" 200 7024
192.168.10.97 - - [25/May/2018:12:24:55 -0300] "POST /cormun/servlet/trsolicitudgral?cbfe2df3b6aab90d23d5eaba7b528bcd,,gx-no-cache=1527261702285 HTTP/1.1" 200 5909
200.54.247.70 - - [25/May/2018:12:24:56 -0300] "POST /cormun/servlet/trpermisosadjuntos?892f357cd0c586f2286a6d1c75843e03,16252056,20180525112018,P,,gx-no-cache=1527261836350 HTTP/1.1" 200 90
200.54.247.70 - - [25/May/2018:12:24:56 -0300] "GET /cormun/servlet/hpexe_link HTTP/1.1" 200 996
200.54.247.70 - - [25/May/2018:12:24:57 -0300] "GET /cormun/servlet/trpermisosgoce?gx-no-cache=1527261744625 HTTP/1.1" 200 19117
200.54.247.70 - - [25/May/2018:12:24:57 -0300] "GET /cormun/servlet/trpermisosgoce?gx-no-cache=1527261744625 HTTP/1.1" 200 19136
192.168.10.97 - - [25/May/2018:12:25:02 -0300] "POST /cormun/servlet/trsolicitudgral?cbfe2df3b6aab90d23d5eaba7b528bcd,,gx-no-cache=1527261709119 HTTP/1.1" 200 5907
200.54.247.70 - - [25/May/2018:12:25:03 -0300] "POST /cormun/servlet/trpermisosgoce?892f357cd0c586f2286a6d1c75843e03,gx-no-cache=1527261744625,gx-no-cache=1527261842906 HTTP/1.1" 200 16400
200.54.247.70 - - [25/May/2018:12:25:04 -0300] "GET /cormun/static/Shared/jqueryui/images/ui-bg_highlight-soft_100_c6c2c8_1x100.png HTTP/1.1" 404 1117
200.54.247.70 - - [25/May/2018:12:25:04 -0300] "GET /cormun/static/Shared/jqueryui/images/ui-icons_82798d_256x240.png HTTP/1.1" 404 1089
200.54.247.70 - - [25/May/2018:12:25:04 -0300] "GET /cormun/static/Shared/jqueryui/images/ui-icons_8d78a5_256x240.png HTTP/1.1" 404 1089
200.54.247.70 - - [25/May/2018:12:25:04 -0300] "GET /cormun/static/Shared/jqueryui/images/ui-bg_flat_55_fafafa_40x100.png HTTP/1.1" 404 1097
200.54.247.70 - - [25/May/2018:12:25:05 -0300] "GET /cormun/static/menuarrow.gif HTTP/1.1" 404 1015
200.54.247.70 - - [25/May/2018:12:25:12 -0300] "POST /cormun/servlet/trpermisosgoce?892f357cd0c586f2286a6d1c75843e03,gx-no-cache=1527261744625,gx-no-cache=1527261851716 HTTP/1.1" 200 16322
192.168.10.97 - - [25/May/2018:12:25:13 -0300] "POST /cormun/servlet/trsolicitudgral?cbfe2df3b6aab90d23d5eaba7b528bcd,,gx-no-cache=1527261719949 HTTP/1.1" 200 5909
200.54.247.70 - - [25/May/2018:12:25:17 -0300] "GET /cormun/servlet/permisogoce?INS,0,,, HTTP/1.1" 200 7115
200.54.247.70 - - [25/May/2018:12:25:17 -0300] "GET /cormun/servlet/permisogoce?INS,0,,, HTTP/1.1" 200 7093
192.168.10.97 - - [25/May/2018:12:25:18 -0300] "POST /cormun/servlet/trsolicitudgral?cbfe2df3b6aab90d23d5eaba7b528bcd,,gx-no-cache=1527261725493 HTTP/1.1" 200 5912
200.54.247.70 - - [25/May/2018:12:25:19 -0300] "GET /cormun/servlet/prfichaempleado?,MD,,gxPopupLevel%3D0%3B HTTP/1.1" 200 9394
192.168.10.97 - - [25/May/2018:12:25:24 -0300] "POST /cormun/servlet/trsolicitudgral?cbfe2df3b6aab90d23d5eaba7b528bcd,,gx-no-cache=1527261731572 HTTP/1.1" 200 5910
200.54.247.70 - - [25/May/2018:12:25:25 -0300] "POST /cormun/servlet/prfichaempleado?892f357cd0c586f2286a6d1c75843e03,,MD,,gxPopupLevel%3D0%3B,gx-no-cache=1527261863581 HTTP/1.1" 200 3543
200.54.247.70 - - [25/May/2018:12:25:28 -0300] "GET /cormun/servlet/permisogoce?ad4ac2caf3955a8a96324d54d1d42497103065d45f21881dc51c3968784638e154b61728f138556aed0b1f1f815eaa835e77008086f22f440c66697968ac1e3d,gx-no-cache=1527261867949 HTTP/1.1" 200 78
192.168.10.97 - - [25/May/2018:12:25:30 -0300] "POST /cormun/servlet/trsolicitudgral?cbfe2df3b6aab90d23d5eaba7b528bcd,,gx-no-cache=1527261736934 HTTP/1.1" 200 5910
200.54.247.70 - - [25/May/2018:12:25:34 -0300] "GET /cormun/servlet/permisogoce?ad4ac2caf3955a8a96324d54d1d424976314610c6237bebee6292260a7784523cf98893b5aff182c7e6032fbc647d028b7c076ab465cc0229a4ba7bf9831c9a5,gx-no-cache=1527261873470 HTTP/1.1" 200 47
192.168.10.97 - - [25/May/2018:12:25:35 -0300] "POST /cormun/servlet/trsolicitudgral?cbfe2df3b6aab90d23d5eaba7b528bcd,,gx-no-cache=1527261742606 HTTP/1.1" 200 5909
200.54.247.70 - - [25/May/2018:12:25:40 -0300] "POST /cormun/servlet/permisogoce?892f357cd0c586f2286a6d1c75843e03,INS,0,,,,gx-no-cache=1527261880194 HTTP/1.1" 200 93
200.54.247.70 - - [25/May/2018:12:25:40 -0300] "GET /cormun/servlet/hpexe_return? HTTP/1.1" 200 1025
200.54.247.70 - - [25/May/2018:12:25:41 -0300] "GET /cormun/servlet/trpermisosgoce?gx-no-cache=1527261744625 HTTP/1.1" 200 19225
192.168.10.97 - - [25/May/2018:12:25:41 -0300] "POST /cormun/servlet/trsolicitudgral?cbfe2df3b6aab90d23d5eaba7b528bcd,,gx-no-cache=1527261748381 HTTP/1.1" 200 5911
200.54.247.70 - - [25/May/2018:12:25:42 -0300] "GET /cormun/servlet/trpermisosgoce?gx-no-cache=1527261744625 HTTP/1.1" 200 19119
192.168.10.97 - - [25/May/2018:12:25:50 -0300] "POST /cormun/servlet/trsolicitudgral?cbfe2df3b6aab90d23d5eaba7b528bcd,,gx-no-cache=1527261757495 HTTP/1.1" 200 5912
192.168.10.97 - - [25/May/2018:12:25:59 -0300] "POST /cormun/servlet/trsolicitudgral?cbfe2df3b6aab90d23d5eaba7b528bcd,,gx-no-cache=1527261766598 HTTP/1.1" 200 5914
200.54.247.70 - - [25/May/2018:12:26:00 -0300] "GET /cormun/servlet/trpermisosadjuntos?11671701,20180525112204,P, HTTP/1.1" 200 6560
200.54.247.70 - - [25/May/2018:12:26:00 -0300] "GET /cormun/servlet/trpermisosadjuntos?11671701,20180525112204,P, HTTP/1.1" 200 6539
200.54.247.70 - - [25/May/2018:12:26:01 -0300] "GET /cormun/servlet/permisosadjuntos?INS,11671701,P,20180525112204,, HTTP/1.1" 200 5865
200.54.247.70 - - [25/May/2018:12:26:01 -0300] "GET /cormun/static/about:blank HTTP/1.1" 404 1011
200.54.247.70 - - [25/May/2018:12:26:02 -0300] "GET /cormun/servlet/permisosadjuntos?INS,11671701,P,20180525112204,, HTTP/1.1" 200 5855
192.168.10.97 - - [25/May/2018:12:26:05 -0300] "POST /cormun/servlet/trsolicitudgral?cbfe2df3b6aab90d23d5eaba7b528bcd,,gx-no-cache=1527261772225 HTTP/1.1" 200 5911
200.54.247.70 - - [25/May/2018:12:26:06 -0300] "POST /cormun/servlet/permisosadjuntos?892f357cd0c586f2286a6d1c75843e03,INS,11671701,P,20180525112204,, HTTP/1.1" 200 116
200.54.247.70 - - [25/May/2018:12:26:06 -0300] "GET /cormun/servlet/hpexe_return? HTTP/1.1" 200 1030
200.54.247.70 - - [25/May/2018:12:26:07 -0300] "GET /cormun/servlet/trpermisosadjuntos?11671701,20180525112204,P, HTTP/1.1" 200 7029
200.54.247.70 - - [25/May/2018:12:26:07 -0300] "GET /cormun/servlet/trpermisosadjuntos?11671701,20180525112204,P, HTTP/1.1" 200 7025
200.54.247.70 - - [25/May/2018:12:26:13 -0300] "GET /cormun/PublicTempStorage/doc00499820180525122501747118.pdf HTTP/1.1" 200 118498
192.168.10.97 - - [25/May/2018:12:26:14 -0300] "POST /cormun/servlet/trsolicitudgral?cbfe2df3b6aab90d23d5eaba7b528bcd,,gx-no-cache=1527261781015 HTTP/1.1" 200 7703
200.54.247.70 - - [25/May/2018:12:26:14 -0300] "GET /cormun/servlet/trpermisosadjuntos?11671701,20180525112204,P, HTTP/1.1" 200 7029
200.54.247.70 - - [25/May/2018:12:26:15 -0300] "GET /cormun/servlet/trpermisosadjuntos?11671701,20180525112204,P, HTTP/1.1" 200 7025
200.54.247.70 - - [25/May/2018:12:26:16 -0300] "POST /cormun/servlet/trpermisosadjuntos?892f357cd0c586f2286a6d1c75843e03,11671701,20180525112204,P,,gx-no-cache=1527261916211 HTTP/1.1" 200 90
200.54.247.70 - - [25/May/2018:12:26:16 -0300] "GET /cormun/servlet/hpexe_link HTTP/1.1" 200 997
200.54.247.70 - - [25/May/2018:12:26:17 -0300] "GET /cormun/servlet/trpermisosgoce?gx-no-cache=1527261744625 HTTP/1.1" 200 19120
200.54.247.70 - - [25/May/2018:12:26:18 -0300] "GET /cormun/servlet/trpermisosgoce?gx-no-cache=1527261744625 HTTP/1.1" 200 19166
200.54.247.70 - - [25/May/2018:12:26:22 -0300] "POST /cormun/servlet/trpermisosgoce?892f357cd0c586f2286a6d1c75843e03,gx-no-cache=1527261744625,gx-no-cache=1527261921080 HTTP/1.1" 200 16290
200.54.247.70 - - [25/May/2018:12:26:22 -0300] "GET /cormun/static/Shared/jqueryui/images/ui-bg_highlight-soft_100_c6c2c8_1x100.png HTTP/1.1" 404 1117
200.54.247.70 - - [25/May/2018:12:26:22 -0300] "GET /cormun/static/Shared/jqueryui/images/ui-icons_82798d_256x240.png HTTP/1.1" 404 1089
200.54.247.70 - - [25/May/2018:12:26:22 -0300] "GET /cormun/static/Shared/jqueryui/images/ui-icons_8d78a5_256x240.png HTTP/1.1" 404 1089
200.54.247.70 - - [25/May/2018:12:26:22 -0300] "GET /cormun/static/Shared/jqueryui/images/ui-bg_flat_55_fafafa_40x100.png HTTP/1.1" 404 1097
200.54.247.70 - - [25/May/2018:12:26:27 -0300] "GET /cormun/static/menuarrow.gif HTTP/1.1" 404 1015
192.168.10.97 - - [25/May/2018:12:26:30 -0300] "GET /cormun/servlet/solicitudgral2?UPD,2018,11550, HTTP/1.1" 200 13109
192.168.10.97 - - [25/May/2018:12:26:30 -0300] "GET /cormun/servlet/solicitudgral2?UPD,2018,11550, HTTP/1.1" 200 13119
192.168.10.97 - - [25/May/2018:12:26:31 -0300] "POST /cormun/servlet/solicitudgral2?gx-no-cache=1527261798346 HTTP/1.1" 200 3857
192.168.10.97 - - [25/May/2018:12:26:31 -0300] "GET /cormun/servlet/solicitudgral2?7c79b23997e1b9a920532a2bd46e74b040e8634a86448a8bccb84ccd75a741976891a672e684e7abf73cbd366ef83cf9e0508b22744cb50b96a08ce9da6dd54cfc9d2f206ad9a5819d15e3f9d280edd0fa728f2db608485ef13b28a973d0165457683b9d26a42db5dc0f526e545c69a09f3ffc761e957dd80a6d6fb95154f98313f938ef4ef71d8c612ce67e6f05a9ec6d5e44841b4cd917fc8aae85bcebe498d7bb764115a7db6eed7dcd5c70be57683d0a4680e9a50fe608371d6df543b07f691bf802e57251905749d7a8b6f96aa08103298254c34a8663bb5ad2cb249e556861b5099d2d8e1f1f09cb5288d4df8b5853da1219ed3d16183522eeb0885e2811d83cb65c8ecdce2ca10522e441460773583a4bc39bf2898948e0b81e9c94bac3d951323bb3315a4f1048b022608b6095798b9e95a33023330939d3993f77b0bec595d1d19226bee93865ec068ce125,gx-no-cache=1527261798489 HTTP/1.1" 200 297
192.168.10.97 - - [25/May/2018:12:26:31 -0300] "POST /cormun/servlet/solicitudgral2?gx-no-cache=1527261798514 HTTP/1.1" 200 1428
192.168.10.97 - - [25/May/2018:12:26:31 -0300] "GET /cormun/servlet/solicitudgral2?7c79b23997e1b9a920532a2bd46e74b0de869383acb4c910bb3ea92d7c0229c1a7044a23720193ae802f91887df81bfde4a5bb9a285b6a264c7944a662f36c9c53f518a9dd5abfc9a8a76f571f01ce794866b7646187968127d3d15344ef231b236c63c71492d8cfe9aaf8ecfb9a9e53,gx-no-cache=1527261798549 HTTP/1.1" 200 41
200.54.247.70 - - [25/May/2018:12:26:32 -0300] "GET /cormun/servlet/permisogoce?INS,0,,, HTTP/1.1" 200 7114
200.54.247.70 - - [25/May/2018:12:26:33 -0300] "GET /cormun/servlet/permisogoce?INS,0,,, HTTP/1.1" 200 7093
200.54.247.70 - - [25/May/2018:12:26:38 -0300] "GET /cormun/servlet/prfichaempleado?,MD,,gxPopupLevel%3D0%3B HTTP/1.1" 200 9394
200.54.247.70 - - [25/May/2018:12:26:44 -0300] "POST /cormun/servlet/prfichaempleado?892f357cd0c586f2286a6d1c75843e03,,MD,,gxPopupLevel%3D0%3B,gx-no-cache=1527261943670 HTTP/1.1" 200 6281
192.168.10.97 - - [25/May/2018:12:26:44 -0300] "POST /cormun/servlet/solicitudgral2?cbfe2df3b6aab90d23d5eaba7b528bcd,UPD,2018,11550,,gx-no-cache=1527261811383 HTTP/1.1" 200 93
192.168.10.97 - - [25/May/2018:12:26:44 -0300] "GET /cormun/servlet/hpexe_return? HTTP/1.1" 200 1013
192.168.10.97 - - [25/May/2018:12:26:44 -0300] "GET /cormun/servlet/trsolicitudgral? HTTP/1.1" 200 10925
192.168.10.97 - - [25/May/2018:12:26:44 -0300] "GET /cormun/servlet/trsolicitudgral? HTTP/1.1" 200 10921
192.168.10.97 - - [25/May/2018:12:26:48 -0300] "GET /cormun/servlet/solicitudgral?UPD,2018,11502, HTTP/1.1" 200 13112
192.168.10.97 - - [25/May/2018:12:26:49 -0300] "GET /cormun/servlet/solicitudgral?UPD,2018,11502, HTTP/1.1" 200 13121
192.168.10.97 - - [25/May/2018:12:26:49 -0300] "POST /cormun/servlet/solicitudgral?gx-no-cache=1527261816705 HTTP/1.1" 200 3902
192.168.10.97 - - [25/May/2018:12:26:49 -0300] "GET /cormun/servlet/solicitudgral?7c79b23997e1b9a920532a2bd46e74b040e8634a86448a8bccb84ccd75a741976891a672e684e7abf73cbd366ef83cf9e0508b22744cb50b96a08ce9da6dd54cfc9d2f206ad9a5819d15e3f9d280edd0fa728f2db608485ef13b28a973d0165457683b9d26a42db5dc0f526e545c69a09f3ffc761e957dd80a6d6fb95154f98313f938ef4ef71d8c612ce67e6f05a9ec6d5e44841b4cd917fc8aae85bcebe498d7bb764115a7db6eed7dcd5c70be57683d0a4680e9a50fe608371d6df543b07f691bf802e57251905749d7a8b6f96aa08103298254c34a8663bb5ad2cb249e556861b5099d2d8e1f1f09cb5288d4df8b5853da1219ed3d16183522eeb0885e2811d83cb65c8ecdce2ca10522e441460773583a4bc39bf2898948e0b81e9c94bac3d951323bb3315a4f1048b022608b6095798b9e95a33023330939d3993f77b0bec595d1d19226bee93865ec068ce125,gx-no-cache=1527261816823 HTTP/1.1" 200 297
200.54.247.70 - - [25/May/2018:12:26:53 -0300] "GET /cormun/servlet/permisogoce?ad4ac2caf3955a8a96324d54d1d42497b45c3593b822cd0050eb3427caf0651054b61728f138556aed0b1f1f815eaa835e77008086f22f440c66697968ac1e3d,gx-no-cache=1527261953570 HTTP/1.1" 200 89
200.54.247.70 - - [25/May/2018:12:27:01 -0300] "GET /cormun/servlet/permisogoce?ad4ac2caf3955a8a96324d54d1d424974b90b4a6fcf9d2d81613433df3f068709da62f77dccb45d005b30a6dc9b47bbdb7c076ab465cc0229a4ba7bf9831c9a5,gx-no-cache=1527261960899 HTTP/1.1" 200 47
192.168.10.97 - - [25/May/2018:12:27:03 -0300] "GET /cormun/servlet/solicitudgral?7c79b23997e1b9a920532a2bd46e74b09c82699dc887fa93f93184ac7163ca9fb8a1b2b5e254741500b3d4f4f234bbd8dfcea35153f5068e6d7c25ba36373ee1448c9e8453087404b359d0bb5f0152d54a13d6ab2ea97aef6b5f913734a9361bfaddfb33544ffba040353273f1077411830a71a783ebf0e0139ed389a576eba144898f80e2d02aef6938c66860d615afc93e6b41294631ed9a131c6e781d110f23caf4ed3287d7656d4ae0d3a723d07a316c9c70c5b8f4bfba5b7e4e9f17ae11e1b1ebd6ac89f31ebe3cfdc2b206bd58b1e96ec6be91460bb9ff9ff94ae71c3290e4529de1561c8a692fb9fdcd79878be67b8a20a185d8b7469b8f4de6b493748963b9aa8a7475e083b4caa91f07d4e1406302074183663e717ef2f71073e26deb411b94e06e30cc3993f856bf803b071749c8f96c73d2597ee86f01b040c4f0f10c3f6e055c1835ef7aad90d731ba5ab38bf39a09cdcd78abdc4ac992fe82e0ca3e60810e66992356509938adeac60b2d0ec2b945a7503cbae511eeb01c862b5157fb676c07ec78dc733b7332245064650d5b28f5c965687dcdcf6719f3f6023f2964d5653b740ed5d728f691ae9465,gx-no-cache=1527261830139 HTTP/1.1" 200 48
192.168.10.97 - - [25/May/2018:12:27:03 -0300] "POST /cormun/servlet/solicitudgral?cbfe2df3b6aab90d23d5eaba7b528bcd,UPD,2018,11502,,gx-no-cache=1527261830162 HTTP/1.1" 200 11864
192.168.10.97 - - [25/May/2018:12:27:03 -0300] "GET /cormun/servlet/solicitudgral?7c79b23997e1b9a920532a2bd46e74b03713e0ff342682609a562fe307ea27b6be5ffdd1ddf7a2c4bce58862884991cd7eb6c1b4d42ec30d57eb62c6aa9452da143cc2a45a4f2992b443d716dbeeeb8fce483e0c42ad49d86c1bd4ba45a53930cd51f2b3b7f3f50a112ae124db6dc3f4,gx-no-cache=1527261830317 HTTP/1.1" 200 29
192.168.10.97 - - [25/May/2018:12:27:03 -0300] "POST /cormun/servlet/solicitudgral?gx-no-cache=1527261830336 HTTP/1.1" 200 1327
192.168.10.97 - - [25/May/2018:12:27:03 -0300] "POST /cormun/servlet/solicitudgral?gx-no-cache=1527261830365 HTTP/1.1" 200 1249
192.168.10.97 - - [25/May/2018:12:27:03 -0300] "POST /cormun/servlet/solicitudgral?cbfe2df3b6aab90d23d5eaba7b528bcd,UPD,2018,11502,,gx-no-cache=1527261830395 HTTP/1.1" 200 93
192.168.10.97 - - [25/May/2018:12:27:03 -0300] "GET /cormun/servlet/hpexe_return? HTTP/1.1" 200 1012
192.168.10.97 - - [25/May/2018:12:27:03 -0300] "GET /cormun/servlet/trsolicitudgral HTTP/1.1" 200 10925
192.168.10.97 - - [25/May/2018:12:27:04 -0300] "GET /cormun/servlet/trsolicitudgral HTTP/1.1" 200 10921
192.168.10.97 - - [25/May/2018:12:27:07 -0300] "POST /cormun/servlet/trsolicitudgral?cbfe2df3b6aab90d23d5eaba7b528bcd,gx-no-cache=1527261834415 HTTP/1.1" 200 7313
192.168.10.97 - - [25/May/2018:12:27:07 -0300] "GET /cormun/static/Shared/jqueryui/images/ui-bg_highlight-soft_100_c6c2c8_1x100.png HTTP/1.1" 404 1117
192.168.10.97 - - [25/May/2018:12:27:07 -0300] "GET /cormun/static/Shared/jqueryui/images/ui-icons_82798d_256x240.png HTTP/1.1" 404 1089
192.168.10.97 - - [25/May/2018:12:27:07 -0300] "GET /cormun/static/Shared/jqueryui/images/ui-bg_flat_55_fafafa_40x100.png HTTP/1.1" 404 1097
192.168.10.97 - - [25/May/2018:12:27:07 -0300] "GET /cormun/static/Shared/jqueryui/images/ui-icons_8d78a5_256x240.png HTTP/1.1" 404 1089
200.54.247.70 - - [25/May/2018:12:27:07 -0300] "POST /cormun/servlet/permisogoce?892f357cd0c586f2286a6d1c75843e03,INS,0,,,,gx-no-cache=1527261967291 HTTP/1.1" 200 93
200.54.247.70 - - [25/May/2018:12:27:07 -0300] "GET /cormun/servlet/hpexe_return? HTTP/1.1" 200 1025
200.54.247.70 - - [25/May/2018:12:27:08 -0300] "GET /cormun/servlet/trpermisosgoce?gx-no-cache=1527261744625 HTTP/1.1" 200 19143
200.54.247.70 - - [25/May/2018:12:27:09 -0300] "GET /cormun/servlet/trpermisosgoce?gx-no-cache=1527261744625 HTTP/1.1" 200 19177
200.54.247.70 - - [25/May/2018:12:27:17 -0300] "GET /cormun/servlet/trpermisosadjuntos?10688062,20180525112320,P, HTTP/1.1" 200 6569
200.54.247.70 - - [25/May/2018:12:27:18 -0300] "GET /cormun/servlet/trpermisosadjuntos?10688062,20180525112320,P, HTTP/1.1" 200 6548
200.54.247.70 - - [25/May/2018:12:27:22 -0300] "GET /cormun/servlet/permisosadjuntos?INS,10688062,P,20180525112320,, HTTP/1.1" 200 5880
200.54.247.70 - - [25/May/2018:12:27:22 -0300] "GET /cormun/static/about:blank HTTP/1.1" 404 1011
200.54.247.70 - - [25/May/2018:12:27:22 -0300] "GET /cormun/servlet/permisosadjuntos?INS,10688062,P,20180525112320,, HTTP/1.1" 200 5868
200.54.247.70 - - [25/May/2018:12:27:29 -0300] "POST /cormun/servlet/permisosadjuntos?892f357cd0c586f2286a6d1c75843e03,INS,10688062,P,20180525112320,, HTTP/1.1" 200 116
200.54.247.70 - - [25/May/2018:12:27:29 -0300] "GET /cormun/servlet/hpexe_return? HTTP/1.1" 200 1031
200.54.247.70 - - [25/May/2018:12:27:29 -0300] "GET /cormun/servlet/trpermisosadjuntos?10688062,20180525112320,P, HTTP/1.1" 200 7040
200.54.247.70 - - [25/May/2018:12:27:29 -0300] "GET /cormun/servlet/trpermisosadjuntos?10688062,20180525112320,P, HTTP/1.1" 200 7036
200.54.247.70 - - [25/May/2018:12:27:32 -0300] "POST /cormun/servlet/trpermisosadjuntos?892f357cd0c586f2286a6d1c75843e03,10688062,20180525112320,P,,gx-no-cache=1527261991838 HTTP/1.1" 200 90
200.54.247.70 - - [25/May/2018:12:27:32 -0300] "GET /cormun/servlet/hpexe_link HTTP/1.1" 200 998
200.54.247.70 - - [25/May/2018:12:27:33 -0300] "GET /cormun/servlet/trpermisosgoce?gx-no-cache=1527261744625 HTTP/1.1" 200 19151
200.54.247.70 - - [25/May/2018:12:27:33 -0300] "GET /cormun/servlet/trpermisosgoce?gx-no-cache=1527261744625 HTTP/1.1" 200 19150
200.54.247.70 - - [25/May/2018:12:27:38 -0300] "POST /cormun/servlet/trpermisosgoce?892f357cd0c586f2286a6d1c75843e03,gx-no-cache=1527261744625,gx-no-cache=1527261997782 HTTP/1.1" 200 16311
200.54.247.70 - - [25/May/2018:12:27:39 -0300] "GET /cormun/static/Shared/jqueryui/images/ui-bg_highlight-soft_100_c6c2c8_1x100.png HTTP/1.1" 404 1117
200.54.247.70 - - [25/May/2018:12:27:39 -0300] "GET /cormun/static/Shared/jqueryui/images/ui-icons_82798d_256x240.png HTTP/1.1" 404 1089
200.54.247.70 - - [25/May/2018:12:27:39 -0300] "GET /cormun/static/Shared/jqueryui/images/ui-bg_flat_55_fafafa_40x100.png HTTP/1.1" 404 1097
200.54.247.70 - - [25/May/2018:12:27:39 -0300] "GET /cormun/static/Shared/jqueryui/images/ui-icons_8d78a5_256x240.png HTTP/1.1" 404 1089
200.54.247.70 - - [25/May/2018:12:27:40 -0300] "GET /cormun/static/menuarrow.gif HTTP/1.1" 404 1015
46.188.106.19 - - [25/May/2018:12:27:40 -0300] "GET /cormun/servlet/apermisogoceprn?17378428,P,20180522115833,PU HTTP/1.1" 200 1662
5.167.194.148 - - [25/May/2018:12:27:42 -0300] "GET /cormun/servlet/trpermisosgoce HTTP/1.1" 200 6124
128.69.217.38 - - [25/May/2018:12:27:44 -0300] "GET /cormun/static/gxui/gxui-all.css?110300 HTTP/1.1" 200 2179
128.69.217.38 - - [25/May/2018:12:27:44 -0300] "GET /cormun/static/calendar-system.css?75620 HTTP/1.1" 200 5572
128.69.217.38 - - [25/May/2018:12:27:45 -0300] "GET /cormun/static/SmoothNavMenu/resources/ddsmoothmenu.css?1012540 HTTP/1.1" 200 2223
128.69.217.38 - - [25/May/2018:12:27:45 -0300] "GET /cormun/static/Resources/Spanish/PXTools.css?1155365 HTTP/1.1" 200 89042
128.69.217.38 - - [25/May/2018:12:27:45 -0300] "GET /cormun/static/Shared/jqueryui/jquery-ui.min.css?1245370 HTTP/1.1" 200 30288
128.69.217.38 - - [25/May/2018:12:27:46 -0300] "GET /cormun/static/gxtimezone.js?85251 HTTP/1.1" 200 5781
5.167.194.148 - - [25/May/2018:12:27:46 -0300] "GET /cormun/static/SmoothNavMenu/resources/ddsmoothmenu-v.css?1012540 HTTP/1.1" 200 1188
5.167.194.148 - - [25/May/2018:12:27:46 -0300] "GET /cormun/static/scaMessage/css/jquery.pnotify.default.css?1716380 HTTP/1.1" 200 1707
128.69.217.38 - - [25/May/2018:12:27:46 -0300] "GET /cormun/static/Shared/ext/resources/css/ext-all.css?205870 HTTP/1.1" 200 416045
128.69.217.38 - - [25/May/2018:12:27:47 -0300] "GET /cormun/static/gxcfg.js?20177612163875 HTTP/1.1" 200 953
128.69.217.38 - - [25/May/2018:12:27:48 -0300] "GET /cormun/static/calendar-setup.js?85251 HTTP/1.1" 200 2588
128.69.217.38 - - [25/May/2018:12:27:48 -0300] "GET /cormun/static/calendar-es.js?85251 HTTP/1.1" 200 1901
5.167.194.148 - - [25/May/2018:12:27:49 -0300] "GET /cormun/static/calendar.js?85251 HTTP/1.1" 200 26246
128.69.217.38 - - [25/May/2018:12:27:49 -0300] "GET /cormun/static/gxui/gxui-all.js HTTP/1.1" 200 107772
128.69.217.38 - - [25/May/2018:12:27:50 -0300] "GET /cormun/static/RunJS/RunJS.js HTTP/1.1" 200 288
128.69.217.38 - - [25/May/2018:12:27:50 -0300] "GET /cormun/static/PXToolsJavascripts/pexe_autoreload.js HTTP/1.1" 200 1762
200.54.247.70 - - [25/May/2018:12:27:50 -0300] "POST /cormun/servlet/trpermisosgoce?892f357cd0c586f2286a6d1c75843e03,gx-no-cache=1527261744625,gx-no-cache=1527262010346 HTTP/1.1" 200 14829
5.167.194.148 - - [25/May/2018:12:27:51 -0300] "GET /cormun/static/gxgral.js?85251 HTTP/1.1" 200 384558
5.167.194.148 - - [25/May/2018:12:27:51 -0300] "GET /cormun/static/PXToolsJavascripts/pexe_cookies.js HTTP/1.1" 200 792
5.167.194.148 - - [25/May/2018:12:27:52 -0300] "GET /cormun/static/PXToolsJavascripts/pexe_windows.js HTTP/1.1" 200 15207
128.69.217.38 - - [25/May/2018:12:27:52 -0300] "GET /cormun/static/PXToolsJavascripts/pexe_grid.js HTTP/1.1" 200 7559
128.69.217.38 - - [25/May/2018:12:27:53 -0300] "GET /cormun/static/PXToolsJavascripts/pexe_griddivfix.js HTTP/1.1" 200 6644
128.69.217.38 - - [25/May/2018:12:27:53 -0300] "GET /cormun/static/PXToolsJavascripts/pexe_link.js HTTP/1.1" 200 5671
128.69.217.38 - - [25/May/2018:12:27:53 -0300] "GET /cormun/static/PXToolsJavascripts/pexe_menus.js HTTP/1.1" 200 1286
5.167.194.148 - - [25/May/2018:12:27:53 -0300] "GET /cormun/static/PXToolsJavascripts/pexe_menudivfix.js HTTP/1.1" 200 333
128.69.217.38 - - [25/May/2018:12:27:54 -0300] "GET /cormun/static/PXToolsJavascripts/pexe_oav.js HTTP/1.1" 200 645
5.167.194.148 - - [25/May/2018:12:27:54 -0300] "GET /cormun/static/PXToolsJavascripts/pexe_layers.js HTTP/1.1" 200 4114
128.69.217.38 - - [25/May/2018:12:27:54 -0300] "GET /cormun/static/PXToolsJavascripts/pexe_oavdivfix.js HTTP/1.1" 200 639
128.69.217.38 - - [25/May/2018:12:27:55 -0300] "GET /cormun/static/PXToolsJavascripts/pexe_popup.js HTTP/1.1" 200 13458
128.69.217.38 - - [25/May/2018:12:27:55 -0300] "GET /cormun/static/PXToolsJavascripts/pexe_scrolldiv.js HTTP/1.1" 200 4138
128.69.217.38 - - [25/May/2018:12:27:55 -0300] "GET /cormun/static/PXToolsJavascripts/pexe_picture.js HTTP/1.1" 200 689
128.69.217.38 - - [25/May/2018:12:27:56 -0300] "GET /cormun/static/PXToolsJavascripts/pexe_tabs.js HTTP/1.1" 200 3748
128.69.217.38 - - [25/May/2018:12:27:56 -0300] "GET /cormun/static/PXToolsJavascripts/pexe_upload.js HTTP/1.1" 200 1423
128.69.217.38 - - [25/May/2018:12:27:56 -0300] "GET /cormun/static/Shared/ext/ext-all.js HTTP/1.1" 200 1289687
5.167.194.148 - - [25/May/2018:12:27:56 -0300] "GET /cormun/static/PXToolsJavascripts/pexe_tabdivfix.js HTTP/1.1" 200 876
128.69.217.38 - - [25/May/2018:12:27:56 -0300] "GET /cormun/static/PXToolsJavascripts/PXToolsJavascriptsRender.js HTTP/1.1" 200 367
128.69.217.38 - - [25/May/2018:12:27:58 -0300] "GET /cormun/static/Shared/ext/locale/ext-lang-en.js HTTP/1.1" 200 10940
128.69.217.38 - - [25/May/2018:12:27:59 -0300] "GET /cormun/static/gxdec.js?85251 HTTP/1.1" 200 19579
128.69.217.38 - - [25/May/2018:12:27:59 -0300] "GET /cormun/static/messages.spa.js?85251 HTTP/1.1" 200 30736
128.69.217.38 - - [25/May/2018:12:27:59 -0300] "GET /cormun/static/trpermisosgoce.js?20177612164335 HTTP/1.1" 200 35904
128.69.217.38 - - [25/May/2018:12:27:59 -0300] "GET /cormun/static/hwchdr01.js?201752511465785 HTTP/1.1" 200 1183
128.69.217.38 - - [25/May/2018:12:27:59 -0300] "GET /cormun/static/hpexe_messagecontroller.js?20177611595012 HTTP/1.1" 200 870
128.69.217.38 - - [25/May/2018:12:27:59 -0300] "GET /cormun/static/hpexe_scripts.js?201752511465715 HTTP/1.1" 200 1544
128.69.217.38 - - [25/May/2018:12:28:00 -0300] "GET /cormun/static/hpexe_messagepopupcomponent.js?20161017169425 HTTP/1.1" 200 605
5.167.194.148 - - [25/May/2018:12:28:00 -0300] "GET /cormun/static/hpexe_recentlink.js?20177611595044 HTTP/1.1" 200 2144
128.69.217.38 - - [25/May/2018:12:28:00 -0300] "GET /cormun/static/cmcontrolpreferences.js?201752511465670 HTTP/1.1" 200 1375
5.167.194.148 - - [25/May/2018:12:28:00 -0300] "GET /cormun/static/hpexe_messagegenexuscomponent.js?201752511465344 HTTP/1.1" 200 587
128.69.217.38 - - [25/May/2018:12:28:01 -0300] "GET /cormun/static/Shared/jquery/jquery-1.4.2.min.js HTTP/1.1" 200 72174
128.69.217.38 - - [25/May/2018:12:28:01 -0300] "GET /cormun/static/SmoothNavMenu/resources/ddsmoothmenu.js HTTP/1.1" 200 12712
5.167.194.148 - - [25/May/2018:12:28:02 -0300] "GET /cormun/static/SmoothNavMenu/resources/SmoothNavMenuRender.js HTTP/1.1" 200 5951
128.69.217.38 - - [25/May/2018:12:28:02 -0300] "GET /cormun/static/Shared/jquery/jquery-1.10.2.min.js HTTP/1.1" 200 273199
128.69.217.38 - - [25/May/2018:12:28:02 -0300] "GET /cormun/static/Shared/jqueryui/jquery-ui.min.js HTTP/1.1" 200 240427
5.167.194.148 - - [25/May/2018:12:28:03 -0300] "GET /cormun/static/scaMessage/js/jquery.pnotify.min.js HTTP/1.1" 200 13038
128.69.217.38 - - [25/May/2018:12:28:03 -0300] "GET /cormun/static/scaMessage/scaMessageRender.js HTTP/1.1" 200 11977
128.69.217.38 - - [25/May/2018:12:28:03 -0300] "GET /cormun/static/hmpwkw03.js?20177612122668 HTTP/1.1" 200 3965
