192.168.10.96 - - [25/May/2018:10:18:19 -0300] "GET /cormun/pexe_scrolldiv.js HTTP/1.1" 404 1009
192.168.4.251 - - [25/May/2018:10:18:20 -0300] "GET /cormun/servlet/trsolicitudgral HTTP/1.1" 200 11114
192.168.10.96 - - [25/May/2018:10:18:20 -0300] "GET /cormun/servlet/vesolicitudgral?2018,11244,,SolicitudOTAdjuntos HTTP/1.1" 200 11465
192.168.10.96 - - [25/May/2018:10:18:20 -0300] "POST /cormun/servlet/acontrolpreferencessavestate?None,DZAMUDIO,true HTTP/1.1" 200 35
192.168.10.96 - - [25/May/2018:10:18:21 -0300] "GET /cormun/PublicTempStorage/1_cedula_de_identidad8684208.pdf HTTP/1.1" 200 290622
192.168.4.251 - - [25/May/2018:10:18:21 -0300] "POST /cormun/servlet/trsolicitudgral?04dacd19c4dc09ffd62435550fcd48bd,gx-no-cache=1527254240155 HTTP/1.1" 200 116
192.168.4.251 - - [25/May/2018:10:18:21 -0300] "GET /cormun/servlet/solicitudotlog?INS,2018,11162,0,REC, HTTP/1.1" 200 6300
78.108.177.52 - - [25/May/2018:10:18:21 -0300] "GET / HTTP/1.0" 200 11197
192.168.4.251 - - [25/May/2018:10:18:21 -0300] "GET /cormun/servlet/solicitudotlog?INS,2018,11162,0,REC, HTTP/1.1" 200 6301
192.168.4.251 - - [25/May/2018:10:18:22 -0300] "GET /cormun/servlet/solicitudotlog?ea8f2ba057ebb3536946aff6110983f47752f574edcf0f98f3af7a4ebb661ca30c0902680da16fb2e954b384b0d69110de7c24f10189402be2f7753e5920c1a99f1e1dff40939c8a818b6c6cfe449a65feff340c4e5162abff7acc0cc06bbe7220dfa18127a7f5531ad7dddc146537aee1ce5b7f2da2487d66f75d5f0b67d5b43b43761b37c9ab2bc4eebab93f6de431e1c891c5cc3b8976c4b880e669075970,gx-no-cache=1527254241113 HTTP/1.1" 200 94
192.168.4.251 - - [25/May/2018:10:18:24 -0300] "POST /cormun/servlet/solicitudotlog?04dacd19c4dc09ffd62435550fcd48bd,INS,2018,11162,0,REC,,gx-no-cache=1527254243093 HTTP/1.1" 200 93
192.168.4.251 - - [25/May/2018:10:18:24 -0300] "GET /cormun/servlet/hpexe_return? HTTP/1.1" 200 1024
192.168.4.251 - - [25/May/2018:10:18:24 -0300] "GET /cormun/servlet/trsolicitudgral HTTP/1.1" 200 10775
192.168.4.251 - - [25/May/2018:10:18:25 -0300] "GET /cormun/servlet/trsolicitudgral HTTP/1.1" 200 10772
192.168.10.96 - - [25/May/2018:10:18:26 -0300] "GET /cormun/servlet/vesolicitudgral?2018,11244,,SolicitudOTAdjuntos HTTP/1.1" 200 11464
192.168.4.251 - - [25/May/2018:10:18:27 -0300] "POST /cormun/servlet/trsolicitudgral?04dacd19c4dc09ffd62435550fcd48bd,gx-no-cache=1527254245733 HTTP/1.1" 200 116
192.168.4.251 - - [25/May/2018:10:18:27 -0300] "GET /cormun/servlet/solicitudotlog?INS,2018,11161,0,REC, HTTP/1.1" 200 6300
192.168.4.251 - - [25/May/2018:10:18:27 -0300] "GET /cormun/servlet/solicitudotlog?INS,2018,11161,0,REC, HTTP/1.1" 200 6302
192.168.10.96 - - [25/May/2018:10:18:27 -0300] "GET /cormun/servlet/vesolicitudgral?2018,11244,,SolicitudOTAdjuntos HTTP/1.1" 200 11466
192.168.4.251 - - [25/May/2018:10:18:28 -0300] "GET /cormun/servlet/solicitudotlog?ea8f2ba057ebb3536946aff6110983f4575c82c712860adeff5792030ff886150c0902680da16fb2e954b384b0d69110de7c24f10189402be2f7753e5920c1a99f1e1dff40939c8a818b6c6cfe449a65feff340c4e5162abff7acc0cc06bbe7220dfa18127a7f5531ad7dddc146537aee1ce5b7f2da2487d66f75d5f0b67d5b43b43761b37c9ab2bc4eebab93f6de431e1c891c5cc3b8976c4b880e669075970,gx-no-cache=1527254246740 HTTP/1.1" 200 94
192.168.10.96 - - [25/May/2018:10:18:28 -0300] "POST /cormun/servlet/acontrolpreferencessavestate?None,DZAMUDIO,true HTTP/1.1" 200 35
192.168.10.96 - - [25/May/2018:10:18:29 -0300] "GET /cormun/PublicTempStorage/3_certificado_afiliacion_afp_%281%292548064.pdf HTTP/1.1" 200 1077184
192.168.4.251 - - [25/May/2018:10:18:30 -0300] "POST /cormun/servlet/solicitudotlog?04dacd19c4dc09ffd62435550fcd48bd,INS,2018,11161,0,REC,,gx-no-cache=1527254248579 HTTP/1.1" 200 93
192.168.4.251 - - [25/May/2018:10:18:30 -0300] "GET /cormun/servlet/hpexe_return? HTTP/1.1" 200 1023
192.168.4.251 - - [25/May/2018:10:18:30 -0300] "GET /cormun/servlet/trsolicitudgral HTTP/1.1" 200 10373
192.168.4.251 - - [25/May/2018:10:18:30 -0300] "GET /cormun/servlet/trsolicitudgral HTTP/1.1" 200 10369
200.54.247.70 - - [25/May/2018:10:18:30 -0300] "GET /cormun/servlet/permisogoce?INS,0,,, HTTP/1.1" 200 7114
200.54.247.70 - - [25/May/2018:10:18:31 -0300] "GET /cormun/servlet/permisogoce?INS,0,,, HTTP/1.1" 200 7093
192.168.4.251 - - [25/May/2018:10:18:32 -0300] "POST /cormun/servlet/trsolicitudgral?04dacd19c4dc09ffd62435550fcd48bd,gx-no-cache=1527254250862 HTTP/1.1" 200 116
192.168.4.251 - - [25/May/2018:10:18:32 -0300] "GET /cormun/servlet/solicitudotlog?INS,2018,11160,0,REC, HTTP/1.1" 200 6300
192.168.4.251 - - [25/May/2018:10:18:32 -0300] "GET /cormun/servlet/solicitudotlog?INS,2018,11160,0,REC, HTTP/1.1" 200 6302
192.168.4.251 - - [25/May/2018:10:18:33 -0300] "GET /cormun/servlet/solicitudotlog?ea8f2ba057ebb3536946aff6110983f4bf0c43e2cdefd22246d6dce8a413ada50c0902680da16fb2e954b384b0d69110de7c24f10189402be2f7753e5920c1a99f1e1dff40939c8a818b6c6cfe449a65feff340c4e5162abff7acc0cc06bbe7220dfa18127a7f5531ad7dddc146537aee1ce5b7f2da2487d66f75d5f0b67d5b43b43761b37c9ab2bc4eebab93f6de431e1c891c5cc3b8976c4b880e669075970,gx-no-cache=1527254252004 HTTP/1.1" 200 94
192.168.10.96 - - [25/May/2018:10:18:33 -0300] "GET /cormun/servlet/vesolicitudgral?2018,11244,,SolicitudOTAdjuntos HTTP/1.1" 200 11467
192.168.10.96 - - [25/May/2018:10:18:34 -0300] "GET /cormun/servlet/vesolicitudgral?2018,11244,,SolicitudOTAdjuntos HTTP/1.1" 200 11468
192.168.10.96 - - [25/May/2018:10:18:35 -0300] "POST /cormun/servlet/acontrolpreferencessavestate?None,DZAMUDIO,true HTTP/1.1" 200 35
200.54.247.70 - - [25/May/2018:10:18:35 -0300] "GET /cormun/servlet/prfichaempleado?,MD,,gxPopupLevel%3D0%3B HTTP/1.1" 200 9394
192.168.4.251 - - [25/May/2018:10:18:35 -0300] "POST /cormun/servlet/solicitudotlog?04dacd19c4dc09ffd62435550fcd48bd,INS,2018,11160,0,REC,,gx-no-cache=1527254254091 HTTP/1.1" 200 93
192.168.4.251 - - [25/May/2018:10:18:35 -0300] "GET /cormun/servlet/hpexe_return? HTTP/1.1" 200 1024
192.168.10.96 - - [25/May/2018:10:18:35 -0300] "GET /cormun/PublicTempStorage/4_certificado_afiliacion_fonasa7102678.pdf HTTP/1.1" 200 1336310
192.168.4.251 - - [25/May/2018:10:18:35 -0300] "GET /cormun/servlet/trsolicitudgral HTTP/1.1" 200 9008
192.168.4.251 - - [25/May/2018:10:18:37 -0300] "GET /cormun/servlet/trsolicitudgral HTTP/1.1" 200 9005
200.54.247.70 - - [25/May/2018:10:18:40 -0300] "POST /cormun/servlet/prfichaempleado?892f357cd0c586f2286a6d1c75843e03,,MD,,gxPopupLevel%3D0%3B,gx-no-cache=1527254259394 HTTP/1.1" 200 3530
192.168.10.96 - - [25/May/2018:10:18:40 -0300] "GET /cormun/servlet/vesolicitudgral?2018,11244,,SolicitudOTAdjuntos HTTP/1.1" 200 11465
192.168.10.96 - - [25/May/2018:10:18:41 -0300] "GET /cormun/servlet/vesolicitudgral?2018,11244,,SolicitudOTAdjuntos HTTP/1.1" 200 11466
192.168.10.96 - - [25/May/2018:10:18:41 -0300] "POST /cormun/servlet/acontrolpreferencessavestate?None,DZAMUDIO,true HTTP/1.1" 200 35
192.168.10.96 - - [25/May/2018:10:18:42 -0300] "GET /cormun/PublicTempStorage/5_certificado_de_antecedentes4048197.pdf HTTP/1.1" 200 1013153
192.168.10.96 - - [25/May/2018:10:18:47 -0300] "GET /cormun/servlet/vesolicitudgral?2018,11244,,SolicitudOTAdjuntos HTTP/1.1" 200 11466
200.54.247.70 - - [25/May/2018:10:18:47 -0300] "GET /cormun/servlet/permisogoce?ad4ac2caf3955a8a96324d54d1d424973b61a5ac05096fa125f2f03117aa7b3b54b61728f138556aed0b1f1f815eaa835e77008086f22f440c66697968ac1e3d,gx-no-cache=1527254267405 HTTP/1.1" 200 77
192.168.10.96 - - [25/May/2018:10:18:48 -0300] "GET /cormun/servlet/vesolicitudgral?2018,11244,,SolicitudOTAdjuntos HTTP/1.1" 200 11465
192.168.10.96 - - [25/May/2018:10:18:48 -0300] "POST /cormun/servlet/acontrolpreferencessavestate?None,DZAMUDIO,true HTTP/1.1" 200 35
192.168.10.96 - - [25/May/2018:10:18:50 -0300] "GET /cormun/PublicTempStorage/6_curriculum_paula_aguilera.docx_%281%295926904.pdf HTTP/1.1" 200 67258
192.168.4.251 - - [25/May/2018:10:18:54 -0300] "POST /cormun/servlet/trsolicitudgral?04dacd19c4dc09ffd62435550fcd48bd,gx-no-cache=1527254272245 HTTP/1.1" 200 7281
200.54.247.70 - - [25/May/2018:10:18:56 -0300] "GET /cormun/servlet/permisogoce?ad4ac2caf3955a8a96324d54d1d42497b01da01b3b3cde343d53bdf64d234dade9ca91b9023eb6c934bf08626389ace01747aeed761b43eae5f7aadf5c022e9e,gx-no-cache=1527254276810 HTTP/1.1" 200 47
192.168.10.96 - - [25/May/2018:10:19:03 -0300] "GET /cormun/servlet/vesolicitudgral?2018,11244,,SolicitudOTAdjuntos HTTP/1.1" 200 11464
192.168.10.96 - - [25/May/2018:10:19:05 -0300] "GET /cormun/servlet/vesolicitudgral?2018,11244,,SolicitudOTAdjuntos HTTP/1.1" 200 11469
192.168.10.96 - - [25/May/2018:10:19:05 -0300] "POST /cormun/servlet/acontrolpreferencessavestate?None,DZAMUDIO,true HTTP/1.1" 200 35
200.54.247.70 - - [25/May/2018:10:19:05 -0300] "POST /cormun/servlet/permisogoce?892f357cd0c586f2286a6d1c75843e03,INS,0,,,,gx-no-cache=1527254284726 HTTP/1.1" 200 93
200.54.247.70 - - [25/May/2018:10:19:05 -0300] "GET /cormun/servlet/hpexe_return? HTTP/1.1" 200 1026
200.54.247.70 - - [25/May/2018:10:19:05 -0300] "GET /cormun/servlet/trpermisosgoce?gx-no-cache=1527253996196 HTTP/1.1" 200 10388
192.168.10.96 - - [25/May/2018:10:19:05 -0300] "GET /cormun/PublicTempStorage/2_certificados_de_titulo_%283%296636632.pdf HTTP/1.1" 200 1585344
200.54.247.70 - - [25/May/2018:10:19:06 -0300] "GET /cormun/servlet/trpermisosgoce?gx-no-cache=1527253996196 HTTP/1.1" 200 10400
200.54.247.70 - - [25/May/2018:10:19:14 -0300] "GET /cormun/servlet/trpermisosadjuntos?16338666,20180525091518,P, HTTP/1.1" 200 6553
200.73.230.197 - - [25/May/2018:10:19:14 -0300] "GET /cormun/servlet/hlogin HTTP/1.1" 200 1726
200.54.247.70 - - [25/May/2018:10:19:14 -0300] "GET /cormun/servlet/trpermisosadjuntos?16338666,20180525091518,P, HTTP/1.1" 200 6534
200.54.247.70 - - [25/May/2018:10:19:18 -0300] "GET /cormun/servlet/permisosadjuntos?INS,16338666,P,20180525091518,, HTTP/1.1" 200 5863
200.54.247.70 - - [25/May/2018:10:19:18 -0300] "GET /cormun/static/about:blank HTTP/1.1" 404 1011
200.54.247.70 - - [25/May/2018:10:19:19 -0300] "GET /cormun/servlet/permisosadjuntos?INS,16338666,P,20180525091518,, HTTP/1.1" 200 5853
200.54.247.70 - - [25/May/2018:10:19:24 -0300] "POST /cormun/servlet/permisosadjuntos?892f357cd0c586f2286a6d1c75843e03,INS,16338666,P,20180525091518,, HTTP/1.1" 200 116
200.54.247.70 - - [25/May/2018:10:19:24 -0300] "GET /cormun/servlet/hpexe_return? HTTP/1.1" 200 1030
200.54.247.70 - - [25/May/2018:10:19:24 -0300] "GET /cormun/servlet/trpermisosadjuntos?16338666,20180525091518,P, HTTP/1.1" 200 7027
200.54.247.70 - - [25/May/2018:10:19:25 -0300] "GET /cormun/servlet/trpermisosadjuntos?16338666,20180525091518,P, HTTP/1.1" 200 7024
200.73.230.197 - - [25/May/2018:10:19:25 -0300] "POST /cormun/servlet/hlogin?2160c355609878ab2f7ed390dddc2277,gx-no-cache=1527254304038 HTTP/1.1" 200 90
200.73.230.197 - - [25/May/2018:10:19:25 -0300] "GET /cormun/servlet/hpexe_link HTTP/1.1" 200 955
200.73.230.197 - - [25/May/2018:10:19:25 -0300] "GET /cormun/servlet/hhome HTTP/1.1" 200 3957
200.54.247.70 - - [25/May/2018:10:19:27 -0300] "POST /cormun/servlet/trpermisosadjuntos?892f357cd0c586f2286a6d1c75843e03,16338666,20180525091518,P,,gx-no-cache=1527254306965 HTTP/1.1" 200 90
200.54.247.70 - - [25/May/2018:10:19:27 -0300] "GET /cormun/servlet/hpexe_link HTTP/1.1" 200 1000
200.54.247.70 - - [25/May/2018:10:19:27 -0300] "GET /cormun/servlet/trpermisosgoce?gx-no-cache=1527253996196 HTTP/1.1" 200 10375
200.54.247.70 - - [25/May/2018:10:19:27 -0300] "GET /cormun/servlet/trpermisosgoce?gx-no-cache=1527253996196 HTTP/1.1" 200 10387
200.73.230.197 - - [25/May/2018:10:19:28 -0300] "GET /cormun/servlet/hhome HTTP/1.1" 200 3954
200.73.230.197 - - [25/May/2018:10:19:32 -0300] "GET /cormun/servlet/trlicencias? HTTP/1.1" 200 10669
200.73.230.197 - - [25/May/2018:10:19:34 -0300] "GET /cormun/servlet/trlicencias? HTTP/1.1" 200 10666
190.100.93.40 - - [25/May/2018:10:19:49 -0300] "POST /cormun/servlet/hlogin?bc6ec48f9d83c86ddf8bc2fd2430059c,gx-no-cache=1527254329608 HTTP/1.1" 200 432
190.100.93.40 - - [25/May/2018:10:19:53 -0300] "POST /cormun/servlet/hlogin?bc6ec48f9d83c86ddf8bc2fd2430059c,gx-no-cache=1527254334591 HTTP/1.1" 200 90
190.100.93.40 - - [25/May/2018:10:19:53 -0300] "GET /cormun/servlet/hpexe_link HTTP/1.1" 200 951
190.100.93.40 - - [25/May/2018:10:19:53 -0300] "GET /cormun/servlet/hhome HTTP/1.1" 200 4350
190.100.93.40 - - [25/May/2018:10:19:54 -0300] "GET /cormun/servlet/hhome HTTP/1.1" 200 4346
200.54.18.251 - - [25/May/2018:10:20:20 -0300] "GET /cormun/servlet/hlogin HTTP/1.1" 200 1741
192.168.10.96 - - [25/May/2018:10:21:35 -0300] "GET /cormun/servlet/vesolicitudgral?2018,11244,,SolicitudOTAdjuntos HTTP/1.1" 200 11465
192.168.10.96 - - [25/May/2018:10:21:36 -0300] "GET /cormun/servlet/vesolicitudgral?2018,11244,,SolicitudOTAdjuntos HTTP/1.1" 200 11468
192.168.10.96 - - [25/May/2018:10:21:38 -0300] "POST /cormun/servlet/acontrolpreferencessavestate?None,DZAMUDIO,true HTTP/1.1" 200 35
186.103.159.187 - - [25/May/2018:10:21:51 -0300] "GET /cormun/servlet/hhome HTTP/1.1" 200 3408
186.103.159.187 - - [25/May/2018:10:21:52 -0300] "GET /cormun/static/Shared/jqueryui/jquery-ui.min.css?1245370 HTTP/1.1" 304 -
186.103.159.187 - - [25/May/2018:10:21:52 -0300] "GET /cormun/static/gxtimezone.js?85251 HTTP/1.1" 304 -
186.103.159.187 - - [25/May/2018:10:21:52 -0300] "GET /cormun/static/messages.spa.js?85251 HTTP/1.1" 304 -
186.103.159.187 - - [25/May/2018:10:21:58 -0300] "GET /cormun/servlet/hhome HTTP/1.1" 200 3408
186.103.159.46 - - [25/May/2018:10:21:59 -0300] "GET /cormun/servlet/licenciaspermisos?INS,0,,, HTTP/1.1" 200 6784
186.103.159.187 - - [25/May/2018:10:22:00 -0300] "GET /cormun/servlet/hhome HTTP/1.1" 200 3417
186.103.159.187 - - [25/May/2018:10:22:00 -0300] "GET /cormun/servlet/hlogin HTTP/1.1" 200 1733
186.103.159.46 - - [25/May/2018:10:22:02 -0300] "GET /cormun/servlet/licenciaspermisos?INS,0,,, HTTP/1.1" 200 6780
186.103.159.46 - - [25/May/2018:10:22:02 -0300] "GET /cormun/servlet/hlogin HTTP/1.1" 200 1750
186.103.159.187 - - [25/May/2018:10:22:10 -0300] "POST /cormun/servlet/hlogin?fc15338e342d0709bb3eeaf95d209cf1,gx-no-cache=1527254534992 HTTP/1.1" 200 444
186.103.159.187 - - [25/May/2018:10:22:14 -0300] "POST /cormun/servlet/hlogin?fc15338e342d0709bb3eeaf95d209cf1,gx-no-cache=1527254539663 HTTP/1.1" 200 90
186.103.159.187 - - [25/May/2018:10:22:14 -0300] "GET /cormun/servlet/hpexe_link HTTP/1.1" 200 952
186.103.159.187 - - [25/May/2018:10:22:15 -0300] "GET /cormun/servlet/hhome HTTP/1.1" 200 3913
186.103.159.187 - - [25/May/2018:10:22:16 -0300] "GET /cormun/servlet/hhome HTTP/1.1" 200 3911
186.103.159.46 - - [25/May/2018:10:22:27 -0300] "POST /cormun/servlet/hlogin?4c907aa7d227e2d80b60199d49569bf2,gx-no-cache=1527254485778 HTTP/1.1" 200 90
186.103.159.46 - - [25/May/2018:10:22:27 -0300] "GET /cormun/servlet/hpexe_link HTTP/1.1" 200 971
186.103.159.46 - - [25/May/2018:10:22:27 -0300] "GET /cormun/servlet/licenciaspermisos?INS,0,,, HTTP/1.1" 200 7336
186.103.159.46 - - [25/May/2018:10:22:30 -0300] "GET /cormun/servlet/licenciaspermisos?INS,0,,, HTTP/1.1" 200 7335
192.168.4.251 - - [25/May/2018:10:22:35 -0300] "GET /cormun/servlet/trsolicitudgral HTTP/1.1" 200 10337
192.168.4.251 - - [25/May/2018:10:22:35 -0300] "GET /cormun/servlet/trsolicitudgral HTTP/1.1" 200 10348
192.168.4.251 - - [25/May/2018:10:22:38 -0300] "GET /cormun/servlet/vesolicitudgral?2018,11350,, HTTP/1.1" 200 9047
192.168.4.251 - - [25/May/2018:10:22:38 -0300] "GET /cormun/pexe_scrolldiv.js HTTP/1.1" 404 1009
192.168.4.251 - - [25/May/2018:10:22:39 -0300] "GET /cormun/servlet/vesolicitudgral?2018,11350,, HTTP/1.1" 200 9046
192.168.4.251 - - [25/May/2018:10:22:42 -0300] "POST /cormun/servlet/vesolicitudgral?04dacd19c4dc09ffd62435550fcd48bd,2018,11350,,,gx-no-cache=1527254500636 HTTP/1.1" 200 11951
192.168.4.251 - - [25/May/2018:10:22:42 -0300] "GET /cormun/static/Shared/jqueryui/images/ui-bg_highlight-soft_100_c6c2c8_1x100.png HTTP/1.1" 404 1117
192.168.4.251 - - [25/May/2018:10:22:42 -0300] "GET /cormun/static/Shared/jqueryui/images/ui-icons_82798d_256x240.png HTTP/1.1" 404 1089
192.168.4.251 - - [25/May/2018:10:22:42 -0300] "GET /cormun/static/Shared/jqueryui/images/ui-icons_8d78a5_256x240.png HTTP/1.1" 404 1089
192.168.4.251 - - [25/May/2018:10:22:42 -0300] "GET /cormun/static/Shared/jqueryui/images/ui-bg_flat_55_fafafa_40x100.png HTTP/1.1" 404 1097
192.168.4.251 - - [25/May/2018:10:22:42 -0300] "POST /cormun/servlet/vesolicitudgral?04dacd19c4dc09ffd62435550fcd48bd,2018,11350,,,gx-no-cache=1527254500934 HTTP/1.1" 200 11885
186.103.159.46 - - [25/May/2018:10:22:42 -0300] "GET /cormun/servlet/licenciaspermisos?a783a3dff368dcdbee09f41433a41abc21526b783db7e09b1d4dde81374eb81d5eeb354af57dde4360b61ebd77e3f815,gx-no-cache=1527254501648 HTTP/1.1" 200 86
186.103.159.46 - - [25/May/2018:10:22:43 -0300] "POST /cormun/servlet/licenciaspermisos?4c907aa7d227e2d80b60199d49569bf2,INS,0,,,,gx-no-cache=1527254501811 HTTP/1.1" 200 4420
186.103.159.187 - - [25/May/2018:10:22:44 -0300] "GET /cormun/servlet/trlicencias? HTTP/1.1" 200 10352
186.103.159.187 - - [25/May/2018:10:22:44 -0300] "GET /cormun/static/gxcfg.js?20176272054169 HTTP/1.1" 304 -
186.103.159.187 - - [25/May/2018:10:22:44 -0300] "GET /cormun/static/calendar.js?85251 HTTP/1.1" 304 -
186.103.159.187 - - [25/May/2018:10:22:44 -0300] "GET /cormun/static/calendar-es.js?85251 HTTP/1.1" 304 -
186.103.159.187 - - [25/May/2018:10:22:44 -0300] "GET /cormun/static/calendar-setup.js?85251 HTTP/1.1" 304 -
186.103.159.187 - - [25/May/2018:10:22:44 -0300] "GET /cormun/static/gxdec.js?85251 HTTP/1.1" 304 -
186.103.159.187 - - [25/May/2018:10:22:45 -0300] "GET /cormun/static/Resources/PXTools/calendar.png HTTP/1.1" 304 -
186.103.159.187 - - [25/May/2018:10:22:47 -0300] "GET /cormun//static/Resources/PXTools/ActionInsert.png HTTP/1.1" 304 -
186.103.159.187 - - [25/May/2018:10:22:47 -0300] "GET /cormun/servlet/trlicencias? HTTP/1.1" 200 10350
190.100.93.40 - - [25/May/2018:10:22:55 -0300] "GET /cormun/servlet/hlogin HTTP/1.1" 200 1722
186.103.159.46 - - [25/May/2018:10:23:07 -0300] "GET /cormun/static/menuarrow.gif HTTP/1.1" 404 1015
186.103.159.187 - - [25/May/2018:10:23:44 -0300] "GET /cormun/servlet/licenciaspermisos?INS,0,,, HTTP/1.1" 200 7438
186.103.159.187 - - [25/May/2018:10:23:44 -0300] "GET /cormun/static/gxcfg.js?201762917281167 HTTP/1.1" 304 -
186.103.159.187 - - [25/May/2018:10:23:45 -0300] "GET /cormun/servlet/licenciaspermisos?INS,0,,, HTTP/1.1" 200 7438
186.103.159.187 - - [25/May/2018:10:24:03 -0300] "GET /cormun/servlet/prfichaempleado?,MD,,gxPopupLevel%3D0%3B HTTP/1.1" 200 9254
190.100.93.40 - - [25/May/2018:10:24:05 -0300] "GET /cormun/servlet/hlogin HTTP/1.1" 200 1722
190.100.93.40 - - [25/May/2018:10:24:11 -0300] "POST /cormun/servlet/hlogin?b98b5c5f244be92c66fe2ff351faec62,gx-no-cache=1527254590975 HTTP/1.1" 200 90
190.100.93.40 - - [25/May/2018:10:24:11 -0300] "GET /cormun/servlet/hpexe_link HTTP/1.1" 200 954
190.100.93.40 - - [25/May/2018:10:24:12 -0300] "GET /cormun/servlet/hhome HTTP/1.1" 200 4352
190.100.93.40 - - [25/May/2018:10:24:12 -0300] "GET /cormun/servlet/hhome HTTP/1.1" 200 4349
190.100.93.40 - - [25/May/2018:10:24:15 -0300] "GET /cormun/servlet/trlicencias? HTTP/1.1" 200 12693
190.100.93.40 - - [25/May/2018:10:24:16 -0300] "GET /cormun/servlet/trlicencias? HTTP/1.1" 200 12652
190.100.93.40 - - [25/May/2018:10:24:19 -0300] "GET /cormun/servlet/trlicenciaspermisosadjuntos?15986634,20180524000000,L, HTTP/1.1" 200 6696
190.100.93.40 - - [25/May/2018:10:24:19 -0300] "GET /cormun/servlet/trlicenciaspermisosadjuntos?15986634,20180524000000,L, HTTP/1.1" 200 6702
190.100.93.40 - - [25/May/2018:10:24:21 -0300] "GET /cormun/servlet/licenciaspermisosadjuntos?INS,15986634,L,20180524000000,, HTTP/1.1" 200 5992
190.100.93.40 - - [25/May/2018:10:24:21 -0300] "GET /cormun/static/about:blank HTTP/1.1" 404 1011
190.100.93.40 - - [25/May/2018:10:24:21 -0300] "GET /cormun/servlet/licenciaspermisosadjuntos?INS,15986634,L,20180524000000,, HTTP/1.1" 200 5982
186.103.159.187 - - [25/May/2018:10:24:21 -0300] "GET /cormun/servlet/licenciaspermisos?d817cf7986b2a2c7efbcfae857ea3ce8367454f27c5d73967449119248e4d23b53b10f318abf2349727adc9df44c746e,gx-no-cache=1527254666488 HTTP/1.1" 200 101
186.103.159.187 - - [25/May/2018:10:24:21 -0300] "POST /cormun/servlet/licenciaspermisos?fc15338e342d0709bb3eeaf95d209cf1,INS,0,,,,gx-no-cache=1527254666558 HTTP/1.1" 200 4689
190.100.93.40 - - [25/May/2018:10:24:35 -0300] "POST /cormun/servlet/licenciaspermisosadjuntos?b98b5c5f244be92c66fe2ff351faec62,INS,15986634,L,20180524000000,, HTTP/1.1" 200 116
190.100.93.40 - - [25/May/2018:10:24:36 -0300] "GET /cormun/servlet/hpexe_return? HTTP/1.1" 200 1046
190.100.93.40 - - [25/May/2018:10:24:36 -0300] "GET /cormun/servlet/trlicenciaspermisosadjuntos?15986634,20180524000000,L, HTTP/1.1" 200 7234
190.100.93.40 - - [25/May/2018:10:24:37 -0300] "GET /cormun/servlet/trlicenciaspermisosadjuntos?15986634,20180524000000,L, HTTP/1.1" 200 7231
190.100.93.40 - - [25/May/2018:10:24:39 -0300] "POST /cormun/servlet/trlicenciaspermisosadjuntos?b98b5c5f244be92c66fe2ff351faec62,15986634,20180524000000,L,,gx-no-cache=1527254618626 HTTP/1.1" 200 90
190.100.93.40 - - [25/May/2018:10:24:45 -0300] "GET /cormun/servlet/hpexe_link HTTP/1.1" 200 988
190.100.93.40 - - [25/May/2018:10:24:45 -0300] "GET /cormun/servlet/trlicencias HTTP/1.1" 200 12654
190.100.93.40 - - [25/May/2018:10:24:46 -0300] "GET /cormun/servlet/trlicencias HTTP/1.1" 200 12744
190.100.93.40 - - [25/May/2018:10:25:04 -0300] "POST /cormun/servlet/trlicencias?b98b5c5f244be92c66fe2ff351faec62,gx-no-cache=1527254642924 HTTP/1.1" 200 9898
190.100.93.40 - - [25/May/2018:10:25:04 -0300] "GET /cormun/static/Shared/jqueryui/images/ui-bg_highlight-soft_100_c6c2c8_1x100.png HTTP/1.1" 404 1117
190.100.93.40 - - [25/May/2018:10:25:04 -0300] "GET /cormun/static/Shared/jqueryui/images/ui-icons_82798d_256x240.png HTTP/1.1" 404 1089
190.100.93.40 - - [25/May/2018:10:25:05 -0300] "GET /cormun/static/Shared/jqueryui/images/ui-bg_flat_55_fafafa_40x100.png HTTP/1.1" 404 1097
190.100.93.40 - - [25/May/2018:10:25:05 -0300] "GET /cormun/static/Shared/jqueryui/images/ui-icons_8d78a5_256x240.png HTTP/1.1" 404 1089
192.168.4.251 - - [25/May/2018:10:25:44 -0300] "POST /cormun/servlet/vesolicitudgral?04dacd19c4dc09ffd62435550fcd48bd,2018,11350,,,gx-no-cache=1527254682600 HTTP/1.1" 200 11935
192.168.4.251 - - [25/May/2018:10:25:54 -0300] "GET /cormun/servlet/trsolicitudgral? HTTP/1.1" 200 9017
192.168.4.251 - - [25/May/2018:10:25:55 -0300] "GET /cormun/servlet/trsolicitudgral? HTTP/1.1" 200 9006
192.168.4.251 - - [25/May/2018:10:26:08 -0300] "POST /cormun/servlet/trsolicitudgral?04dacd19c4dc09ffd62435550fcd48bd,,gx-no-cache=1527254707442 HTTP/1.1" 200 7273
186.67.164.142 - - [25/May/2018:10:26:17 -0300] "GET /cormun/servlet/trlicencias? HTTP/1.1" 200 6117
186.67.164.142 - - [25/May/2018:10:26:18 -0300] "GET /cormun/servlet/hlogin HTTP/1.1" 200 1733
186.67.164.142 - - [25/May/2018:10:26:18 -0300] "GET /cormun/servlet/trlicencias? HTTP/1.1" 200 6117
186.67.164.142 - - [25/May/2018:10:26:23 -0300] "POST /cormun/servlet/hlogin?bb47ddeac0f94349a634266efb11e4ee,gx-no-cache=1527254721755 HTTP/1.1" 200 90
192.168.4.251 - - [25/May/2018:10:26:23 -0300] "GET /cormun/servlet/vesolicitudgral?2018,11298,, HTTP/1.1" 200 9079
186.67.164.142 - - [25/May/2018:10:26:23 -0300] "GET /cormun/servlet/hpexe_link HTTP/1.1" 200 953
192.168.4.251 - - [25/May/2018:10:26:23 -0300] "GET /cormun/pexe_scrolldiv.js HTTP/1.1" 404 1009
186.67.164.142 - - [25/May/2018:10:26:23 -0300] "GET /cormun/servlet/trlicencias HTTP/1.1" 200 13036
192.168.4.251 - - [25/May/2018:10:26:23 -0300] "GET /cormun/servlet/vesolicitudgral?2018,11298,, HTTP/1.1" 200 9078
186.67.164.142 - - [25/May/2018:10:26:24 -0300] "GET /cormun/servlet/trlicencias HTTP/1.1" 200 13060
186.67.164.142 - - [25/May/2018:10:26:26 -0300] "GET /cormun/servlet/trlicencias? HTTP/1.1" 200 13060
186.67.164.142 - - [25/May/2018:10:26:27 -0300] "GET /cormun/servlet/trlicencias? HTTP/1.1" 200 13034
192.168.4.251 - - [25/May/2018:10:26:27 -0300] "POST /cormun/servlet/vesolicitudgral?04dacd19c4dc09ffd62435550fcd48bd,2018,11298,,,gx-no-cache=1527254726205 HTTP/1.1" 200 116
192.168.4.251 - - [25/May/2018:10:26:27 -0300] "GET /cormun/servlet/solicitudotlog?INS,2018,11298,0,REC, HTTP/1.1" 200 6314
192.168.4.251 - - [25/May/2018:10:26:28 -0300] "GET /cormun/servlet/solicitudotlog?INS,2018,11298,0,REC, HTTP/1.1" 200 6308
192.168.4.251 - - [25/May/2018:10:26:28 -0300] "GET /cormun/servlet/solicitudotlog?ea8f2ba057ebb3536946aff6110983f460be451455460a0a735780ae758b6d230c0902680da16fb2e954b384b0d69110de7c24f10189402be2f7753e5920c1a99f1e1dff40939c8a818b6c6cfe449a65feff340c4e5162abff7acc0cc06bbe7220dfa18127a7f5531ad7dddc146537aee1ce5b7f2da2487d66f75d5f0b67d5b43b43761b37c9ab2bc4eebab93f6de431e1c891c5cc3b8976c4b880e669075970,gx-no-cache=1527254727522 HTTP/1.1" 200 94
186.67.164.142 - - [25/May/2018:10:26:29 -0300] "GET /cormun/servlet/licenciaspermisos?INS,0,,, HTTP/1.1" 200 7506
186.67.164.142 - - [25/May/2018:10:26:30 -0300] "GET /cormun/servlet/licenciaspermisos?INS,0,,, HTTP/1.1" 200 7504
186.67.164.142 - - [25/May/2018:10:26:36 -0300] "GET /cormun/servlet/licenciaspermisos?423c15e80be9204f52b7c5d18518c812c72f6444c17afbcd294e2230d5103975adfd6f0267dfbdeb263cec06a19abc75,gx-no-cache=1527254735116 HTTP/1.1" 200 107
186.67.164.142 - - [25/May/2018:10:26:36 -0300] "POST /cormun/servlet/licenciaspermisos?bb47ddeac0f94349a634266efb11e4ee,INS,0,,,,gx-no-cache=1527254735180 HTTP/1.1" 200 4702
186.103.159.182 - - [25/May/2018:10:26:40 -0300] "GET /cormun/servlet/hlogin HTTP/1.1" 200 1729
186.103.159.182 - - [25/May/2018:10:26:41 -0300] "GET /cormun/servlet/hlogin HTTP/1.1" 200 1732
186.103.159.187 - - [25/May/2018:10:26:43 -0300] "GET /cormun/static/menuarrow.gif HTTP/1.1" 404 1015
186.103.159.182 - - [25/May/2018:10:27:02 -0300] "POST /cormun/servlet/hlogin?891101fc1b5996ae9a737fe4c8b223d2,gx-no-cache=1527254760030 HTTP/1.1" 200 90
186.103.159.182 - - [25/May/2018:10:27:02 -0300] "GET /cormun/servlet/hpexe_link HTTP/1.1" 200 952
186.103.159.182 - - [25/May/2018:10:27:02 -0300] "GET /cormun/servlet/hhome HTTP/1.1" 200 4261
186.103.159.182 - - [25/May/2018:10:27:02 -0300] "GET /cormun/static/gxcfg.js?20175251212442 HTTP/1.1" 200 953
186.103.159.182 - - [25/May/2018:10:27:03 -0300] "GET /cormun/static/hhome.js?20175251212450 HTTP/1.1" 200 777
186.67.164.142 - - [25/May/2018:10:27:03 -0300] "GET /cormun/static/menuarrow.gif HTTP/1.1" 404 1015
186.103.159.182 - - [25/May/2018:10:27:04 -0300] "GET /cormun/servlet/hhome HTTP/1.1" 200 4257
186.103.159.182 - - [25/May/2018:10:27:14 -0300] "GET /cormun/servlet/trcontratounov2? HTTP/1.1" 200 17583
186.103.159.182 - - [25/May/2018:10:27:14 -0300] "GET /cormun/static/gxcfg.js?201752512124396 HTTP/1.1" 200 953
186.103.159.182 - - [25/May/2018:10:27:14 -0300] "GET /cormun/static/Resources/PXToolsAddSelectedAction.png HTTP/1.1" 200 3660
186.103.159.182 - - [25/May/2018:10:27:16 -0300] "GET /cormun/servlet/trcontratounov2? HTTP/1.1" 200 17630
186.103.159.46 - - [25/May/2018:10:27:32 -0300] "GET /cormun/servlet/licenciaspermisos?a783a3dff368dcdbee09f41433a41abc150f098cb868adc72915d2514e9d2280909b6f478f827ccd0295694bdaf8c79b0e194d24bfdf4987d29d940998af70145d9cf3396aa4062dc422c2224c3e4c876b6716d75a8014585f7e45a387899ea8128101106e259147862ff835a375394d4b43b6378fd17f2a2ab812dcfd3531f8f580f72211df405c63c6e2d864639d660880ced96195c4a321061dbda4d9e39e8f65ca78fa93a6a02a24c593def9be2165e6cc6144df7e6bf8d7a52aae1fe5a8ec10ff4dd99e6a24f7ef13bf8e416da6a18f7abcd9432c3919ae535b2270b49a,gx-no-cache=1527254791585 HTTP/1.1" 200 30
186.103.159.46 - - [25/May/2018:10:27:33 -0300] "POST /cormun/servlet/licenciaspermisos?4c907aa7d227e2d80b60199d49569bf2,INS,0,,,,gx-no-cache=1527254791697 HTTP/1.1" 200 4523
186.67.164.142 - - [25/May/2018:10:27:47 -0300] "GET /cormun/servlet/licenciaspermisos?423c15e80be9204f52b7c5d18518c812a6e56e182a385e7462107e71ba2615d6dd2e6f0d8d30f23b3abcc51086d741bfd18fc765ef7bad5fb08a9ff1037cb0027a5ee141d2a1151b8f9573db6f0d58fe1d80787eca4dcdc1b5df16e45aa92b9aab555222dfb5ad1b15f35d08fc041844baeae81999eae9e2d59d076b8dbfb30eae919d65cf9ed3858816e409559c596e04cca0ec0ae601036f9fae8aafdb9960534bcfe6dcab2f74231f41da9651916a,gx-no-cache=1527254805798 HTTP/1.1" 200 30
186.67.164.142 - - [25/May/2018:10:27:47 -0300] "GET /cormun/servlet/licenciaspermisos?423c15e80be9204f52b7c5d18518c812a88698352d9f2932bfe66d2ce33bb91e6ad333e42373d6b530988a08218c29873a8ce592751c2a4824cd1fad91b18385ac9e50fb0bfffb9d5ac26b25991020ccb90465e2cf9731d257117054eda5ecb738c46f12513804bdeab6d504325dd4b7519c9ccea71d8f365fea420fac8d7310412a6809788408c589e208d4465681d892ef116d98c6e454c39143c505a15d2e58ef4682bd03ba4a12a72c6885cf03c2,gx-no-cache=1527254805836 HTTP/1.1" 200 29
186.67.164.142 - - [25/May/2018:10:27:47 -0300] "POST /cormun/servlet/licenciaspermisos?bb47ddeac0f94349a634266efb11e4ee,INS,0,,,,gx-no-cache=1527254805868 HTTP/1.1" 200 93
186.67.164.142 - - [25/May/2018:10:27:47 -0300] "GET /cormun/servlet/hpexe_return? HTTP/1.1" 200 1009
186.67.164.142 - - [25/May/2018:10:27:47 -0300] "GET /cormun/servlet/trlicencias HTTP/1.1" 200 13390
186.67.164.142 - - [25/May/2018:10:27:48 -0300] "GET /cormun/servlet/trlicencias HTTP/1.1" 200 13389
186.67.164.142 - - [25/May/2018:10:27:51 -0300] "GET /cormun/servlet/trlicenciaspermisosadjuntos?15125451,20180525000000,L, HTTP/1.1" 200 6330
200.86.99.60 - - [25/May/2018:10:27:51 -0300] "GET /cormun/servlet/hlogin HTTP/1.1" 200 1716
186.67.164.142 - - [25/May/2018:10:27:51 -0300] "GET /cormun/servlet/trlicenciaspermisosadjuntos?15125451,20180525000000,L, HTTP/1.1" 200 6331
200.86.99.60 - - [25/May/2018:10:27:52 -0300] "GET /cormun/servlet/hlogin HTTP/1.1" 200 1727
200.86.99.60 - - [25/May/2018:10:27:52 -0300] "GET /favicon.ico HTTP/1.1" 200 21630
186.67.164.142 - - [25/May/2018:10:27:52 -0300] "GET /cormun/servlet/licenciaspermisosadjuntos?INS,15125451,L,20180525000000,, HTTP/1.1" 200 5626
186.67.164.142 - - [25/May/2018:10:27:53 -0300] "GET /cormun/static/about:blank HTTP/1.1" 404 1011
186.67.164.142 - - [25/May/2018:10:27:53 -0300] "GET /cormun/servlet/licenciaspermisosadjuntos?INS,15125451,L,20180525000000,, HTTP/1.1" 200 5615
200.86.99.60 - - [25/May/2018:10:27:53 -0300] "POST /cormun/servlet/hlogin?8e422fbb76417b889d4916ab33a9b7bb,gx-no-cache=1527254813587 HTTP/1.1" 200 90
200.86.99.60 - - [25/May/2018:10:27:53 -0300] "GET /cormun/servlet/hpexe_link HTTP/1.1" 200 950
200.86.99.60 - - [25/May/2018:10:27:54 -0300] "GET /cormun/servlet/hhome HTTP/1.1" 200 4165
192.168.10.96 - - [25/May/2018:10:27:54 -0300] "GET /cormun/servlet/trsolicitudgral? HTTP/1.1" 200 10638
192.168.10.96 - - [25/May/2018:10:27:54 -0300] "GET /cormun/servlet/trsolicitudgral? HTTP/1.1" 200 10628
200.86.99.60 - - [25/May/2018:10:27:55 -0300] "GET /cormun/servlet/hhome HTTP/1.1" 200 4161
186.103.159.46 - - [25/May/2018:10:27:56 -0300] "GET /cormun/servlet/licenciaspermisos?a783a3dff368dcdbee09f41433a41abc951c17b3a28a4e62e96b51c77c693526f131a1a052abaab88225da3797a5bf35880c043ca0cc017179e32bc85d7355c869f8a29834b7c6d30c2a76107fa944619e81086e335c8df149a154c32f6421081c2600f04035da2927f9e7df4473702e18f4f0dec09bf7e66f25c80fedd427f0a30b267139eb2e62251db2af14adab008bad3a466eecdc06509f8b2d59885490b1d5ae27efe119ba89fc77d8fd5dc498f3dec04f02925146f5beab5e0dc60782719528a526ad5e38c8bd5fc88cad6d4935bf3e407b2378092d96a308e47e26cf747c850bf05c11e051ed96157b394810,gx-no-cache=1527254815472 HTTP/1.1" 200 60
200.86.99.60 - - [25/May/2018:10:28:00 -0300] "GET /cormun/servlet/trlicencias? HTTP/1.1" 200 9588
200.86.99.60 - - [25/May/2018:10:28:00 -0300] "GET /cormun/static/gxcfg.js?20176272054169 HTTP/1.1" 200 953
200.86.99.60 - - [25/May/2018:10:28:00 -0300] "GET /cormun/static/trlicencias.js?20176272054837 HTTP/1.1" 200 41883
200.86.99.60 - - [25/May/2018:10:28:01 -0300] "GET /cormun/servlet/trlicencias? HTTP/1.1" 200 9585
192.168.10.96 - - [25/May/2018:10:28:03 -0300] "POST /cormun/servlet/trsolicitudgral?841539ac6af79c61bc1433fbe7cafb94,,gx-no-cache=1527254690416 HTTP/1.1" 200 9285
192.168.10.96 - - [25/May/2018:10:28:06 -0300] "GET /cormun/servlet/vesolicitudgral?2018,11308,, HTTP/1.1" 200 9328
192.168.10.96 - - [25/May/2018:10:28:06 -0300] "GET /cormun/pexe_scrolldiv.js HTTP/1.1" 404 1009
192.168.10.96 - - [25/May/2018:10:28:06 -0300] "GET /cormun/pexe_scrolldiv.js HTTP/1.1" 404 1009
192.168.10.96 - - [25/May/2018:10:28:06 -0300] "GET /cormun/servlet/vesolicitudgral?2018,11308,, HTTP/1.1" 200 9328
192.168.10.96 - - [25/May/2018:10:28:08 -0300] "GET /cormun/servlet/vesolicitudgral?2018,11308,,SolicitudOTAdjuntos HTTP/1.1" 200 11334
192.168.10.96 - - [25/May/2018:10:28:08 -0300] "GET /cormun/pexe_scrolldiv.js HTTP/1.1" 404 1009
192.168.10.96 - - [25/May/2018:10:28:08 -0300] "GET /cormun/pexe_scrolldiv.js HTTP/1.1" 404 1009
192.168.10.96 - - [25/May/2018:10:28:09 -0300] "GET /cormun/servlet/vesolicitudgral?2018,11308,,SolicitudOTAdjuntos HTTP/1.1" 200 11335
192.168.10.96 - - [25/May/2018:10:28:09 -0300] "POST /cormun/servlet/acontrolpreferencessavestate?None,DZAMUDIO,true HTTP/1.1" 200 35
186.67.164.142 - - [25/May/2018:10:28:19 -0300] "POST /cormun/servlet/licenciaspermisosadjuntos?bb47ddeac0f94349a634266efb11e4ee,INS,15125451,L,20180525000000,, HTTP/1.1" 200 116
186.67.164.142 - - [25/May/2018:10:28:19 -0300] "GET /cormun/servlet/hpexe_return? HTTP/1.1" 200 1039
186.67.164.142 - - [25/May/2018:10:28:20 -0300] "GET /cormun/servlet/trlicenciaspermisosadjuntos?15125451,20180525000000,L, HTTP/1.1" 200 6819
186.67.164.142 - - [25/May/2018:10:28:20 -0300] "GET /cormun/servlet/trlicenciaspermisosadjuntos?15125451,20180525000000,L, HTTP/1.1" 200 6818
186.67.164.142 - - [25/May/2018:10:28:22 -0300] "POST /cormun/servlet/trlicenciaspermisosadjuntos?bb47ddeac0f94349a634266efb11e4ee,15125451,20180525000000,L,,gx-no-cache=1527254841729 HTTP/1.1" 200 90
186.67.164.142 - - [25/May/2018:10:28:22 -0300] "GET /cormun/servlet/hpexe_link HTTP/1.1" 200 983
186.67.164.142 - - [25/May/2018:10:28:23 -0300] "GET /cormun/servlet/trlicencias HTTP/1.1" 200 13391
186.67.164.142 - - [25/May/2018:10:28:23 -0300] "GET /cormun/servlet/trlicencias HTTP/1.1" 200 13385
186.103.159.182 - - [25/May/2018:10:28:25 -0300] "POST /cormun/servlet/trcontratounov2?891101fc1b5996ae9a737fe4c8b223d2,,gx-no-cache=1527254841468 HTTP/1.1" 200 7998
186.67.164.142 - - [25/May/2018:10:28:25 -0300] "GET /cormun/servlet/alicenciaprn?15125451,L,20180525000000,PU HTTP/1.1" 200 1543
200.86.99.60 - - [25/May/2018:10:28:25 -0300] "GET /cormun/servlet/licenciaspermisos?DSP,8741933,L,20180426000000, HTTP/1.1" 200 7307
200.86.99.60 - - [25/May/2018:10:28:26 -0300] "GET /cormun/static/gxcfg.js?201762917281167 HTTP/1.1" 200 953
200.86.99.60 - - [25/May/2018:10:28:26 -0300] "GET /cormun/static/licenciaspermisos.js?201762917281260 HTTP/1.1" 200 37491
200.86.99.60 - - [25/May/2018:10:28:27 -0300] "GET /cormun/servlet/licenciaspermisos?DSP,8741933,L,20180426000000, HTTP/1.1" 200 7306
192.168.10.96 - - [25/May/2018:10:28:30 -0300] "GET /cormun/servlet/vesolicitudgral?2018,11308,,General HTTP/1.1" 200 9333
192.168.10.96 - - [25/May/2018:10:28:31 -0300] "GET /cormun/pexe_scrolldiv.js HTTP/1.1" 404 1009
192.168.10.96 - - [25/May/2018:10:28:31 -0300] "GET /cormun/pexe_scrolldiv.js HTTP/1.1" 404 1009
192.168.10.96 - - [25/May/2018:10:28:31 -0300] "GET /cormun/servlet/vesolicitudgral?2018,11308,,General HTTP/1.1" 200 9332
186.103.159.187 - - [25/May/2018:10:29:04 -0300] "GET /cormun/servlet/licenciaspermisos?d817cf7986b2a2c7efbcfae857ea3ce8c0b1c83fb0d846caafd698810135a4caad0432e59fe6fb3e1bedb76ea55c26bb7f4deb9fbe92f072df46381cdc7a8c375f8d4d029c50c96a2cce1b7cd3c831e46368953c5fbf6f09dd46745def73e337d1bbe30527a01384b6f822eec9326808d17249f308625ef83d5fffde17fad240aec2f7c5853ba0546d1a08e4dd769f3814bb281b224804b127350d1d390d80e4aabd9193f1d5e8fa2c338b4686dcf7a6,gx-no-cache=1527254949382 HTTP/1.1" 200 30
186.103.159.187 - - [25/May/2018:10:29:04 -0300] "GET /cormun/servlet/licenciaspermisos?d817cf7986b2a2c7efbcfae857ea3ce8e888cd42f394965255c107a736520beae06dd12121626b1f33f00a12b1d01418e3586279d4c9d58a5afffb41cef4b5fc8b3895ed7914d843983a59a0262fc88f8b63244be31604c8a1ff43011190182494e09f00fc3ab3dbd023c193790bf9be7c29df0eaa3874cd7e8420541ef8ff4d31dcb1f4ccc47abc15e0bc486c406f0f37fa2c222062e0ddc21538916421ce7f2b007d142b11373c2bed3d55604ffc46,gx-no-cache=1527254949532 HTTP/1.1" 200 29
186.103.159.187 - - [25/May/2018:10:29:05 -0300] "POST /cormun/servlet/licenciaspermisos?fc15338e342d0709bb3eeaf95d209cf1,INS,0,,,,gx-no-cache=1527254949625 HTTP/1.1" 200 93
186.103.159.187 - - [25/May/2018:10:29:05 -0300] "GET /cormun/servlet/hpexe_return? HTTP/1.1" 200 1014
186.103.159.46 - - [25/May/2018:10:29:05 -0300] "POST /cormun/servlet/licenciaspermisos?4c907aa7d227e2d80b60199d49569bf2,INS,0,,,,gx-no-cache=1527254884264 HTTP/1.1" 200 93
186.103.159.46 - - [25/May/2018:10:29:05 -0300] "GET /cormun/servlet/hpexe_return? HTTP/1.1" 200 1015
186.103.159.46 - - [25/May/2018:10:29:05 -0300] "GET /cormun/static/Resources/Spanish/PXTools.css?167811 HTTP/1.1" 304 -
186.103.159.46 - - [25/May/2018:10:29:05 -0300] "GET /cormun/static/hpexe_return.js?2016101716175153 HTTP/1.1" 304 -
186.103.159.187 - - [25/May/2018:10:29:06 -0300] "GET /cormun/servlet/trlicencias HTTP/1.1" 200 10878
186.103.159.46 - - [25/May/2018:10:29:06 -0300] "GET /cormun/servlet/hhome HTTP/1.1" 200 3975
186.103.159.46 - - [25/May/2018:10:29:07 -0300] "GET /cormun/servlet/hhome HTTP/1.1" 200 3969
186.103.159.187 - - [25/May/2018:10:29:07 -0300] "GET /cormun/servlet/trlicencias HTTP/1.1" 200 10873
186.103.159.46 - - [25/May/2018:10:29:15 -0300] "GET /cormun/servlet/trlicencias? HTTP/1.1" 200 10394
186.103.159.46 - - [25/May/2018:10:29:17 -0300] "GET /cormun/servlet/trlicencias? HTTP/1.1" 200 10392
186.103.159.46 - - [25/May/2018:10:29:21 -0300] "GET /cormun/servlet/alicenciaprn?9517647,L,20180525000000,PU HTTP/1.1" 200 1631
200.86.99.60 - - [25/May/2018:10:31:31 -0300] "GET /cormun/servlet/hlogin HTTP/1.1" 200 1760
186.67.164.142 - - [25/May/2018:10:32:42 -0300] "POST /cormun/servlet/trlicencias?bb47ddeac0f94349a634266efb11e4ee,gx-no-cache=1527255100591 HTTP/1.1" 200 10758
186.67.164.142 - - [25/May/2018:10:32:42 -0300] "GET /cormun/static/Shared/jqueryui/images/ui-bg_highlight-soft_100_c6c2c8_1x100.png HTTP/1.1" 404 1117
186.67.164.142 - - [25/May/2018:10:32:42 -0300] "GET /cormun/static/Shared/jqueryui/images/ui-icons_82798d_256x240.png HTTP/1.1" 404 1089
186.67.164.142 - - [25/May/2018:10:32:42 -0300] "GET /cormun/static/Shared/jqueryui/images/ui-bg_flat_55_fafafa_40x100.png HTTP/1.1" 404 1097
186.67.164.142 - - [25/May/2018:10:32:42 -0300] "GET /cormun/static/Shared/jqueryui/images/ui-icons_8d78a5_256x240.png HTTP/1.1" 404 1089
192.168.10.96 - - [25/May/2018:10:33:24 -0300] "GET /cormun/servlet/trsolicitudgral? HTTP/1.1" 200 12074
192.168.10.96 - - [25/May/2018:10:33:25 -0300] "GET /cormun/servlet/trsolicitudgral? HTTP/1.1" 200 12067
186.103.159.187 - - [25/May/2018:10:33:26 -0300] "GET /cormun/servlet/alicenciaprn?13592131,L,20180525000000,PU HTTP/1.1" 200 1531
192.168.10.96 - - [25/May/2018:10:33:36 -0300] "POST /cormun/servlet/trsolicitudgral?841539ac6af79c61bc1433fbe7cafb94,,gx-no-cache=1527255023740 HTTP/1.1" 200 8289
192.168.10.96 - - [25/May/2018:10:33:40 -0300] "GET /cormun/servlet/vesolicitudgral?2018,11287,, HTTP/1.1" 200 9282
192.168.10.96 - - [25/May/2018:10:33:40 -0300] "GET /cormun/pexe_scrolldiv.js HTTP/1.1" 404 1009
192.168.10.96 - - [25/May/2018:10:33:40 -0300] "GET /cormun/pexe_scrolldiv.js HTTP/1.1" 404 1009
192.168.10.96 - - [25/May/2018:10:33:40 -0300] "GET /cormun/servlet/vesolicitudgral?2018,11287,, HTTP/1.1" 200 9282
192.168.10.96 - - [25/May/2018:10:33:42 -0300] "GET /cormun/servlet/vesolicitudgral?2018,11287,,SolicitudOTAdjuntos HTTP/1.1" 200 11351
192.168.10.96 - - [25/May/2018:10:33:42 -0300] "GET /cormun/pexe_scrolldiv.js HTTP/1.1" 404 1009
192.168.10.96 - - [25/May/2018:10:33:42 -0300] "GET /cormun/pexe_scrolldiv.js HTTP/1.1" 404 1009
192.168.10.96 - - [25/May/2018:10:33:43 -0300] "GET /cormun/servlet/vesolicitudgral?2018,11287,,SolicitudOTAdjuntos HTTP/1.1" 200 11354
192.168.10.96 - - [25/May/2018:10:33:43 -0300] "POST /cormun/servlet/acontrolpreferencessavestate?None,DZAMUDIO,true HTTP/1.1" 200 35
186.103.159.187 - - [25/May/2018:10:33:43 -0300] "GET /cormun/servlet/trlicenciaspermisosadjuntos?13592131,20180525000000,L, HTTP/1.1" 200 6262
186.103.159.187 - - [25/May/2018:10:33:44 -0300] "GET /cormun/static/gxcfg.js?20177612163414 HTTP/1.1" 304 -
186.103.159.187 - - [25/May/2018:10:33:45 -0300] "GET /cormun/servlet/trlicenciaspermisosadjuntos?13592131,20180525000000,L, HTTP/1.1" 200 6263
186.103.159.187 - - [25/May/2018:10:33:47 -0300] "GET /cormun/servlet/licenciaspermisosadjuntos?INS,13592131,L,20180525000000,, HTTP/1.1" 200 5557
186.103.159.187 - - [25/May/2018:10:33:47 -0300] "GET /cormun/static/gxcfg.js?2017761263592 HTTP/1.1" 304 -
186.103.159.187 - - [25/May/2018:10:33:48 -0300] "GET /cormun/static/about:blank HTTP/1.1" 404 1011
186.103.159.187 - - [25/May/2018:10:33:48 -0300] "GET /cormun/servlet/licenciaspermisosadjuntos?INS,13592131,L,20180525000000,, HTTP/1.1" 200 5546
192.168.10.96 - - [25/May/2018:10:33:54 -0300] "GET /cormun/PublicTempStorage/fotocopia_carnet_de_identidad4768801.pdf HTTP/1.1" 200 448083
186.103.159.187 - - [25/May/2018:10:33:58 -0300] "POST /cormun/servlet/licenciaspermisosadjuntos?fc15338e342d0709bb3eeaf95d209cf1,INS,13592131,L,20180525000000,, HTTP/1.1" 200 116
186.103.159.187 - - [25/May/2018:10:33:58 -0300] "GET /cormun/servlet/hpexe_return? HTTP/1.1" 200 1043
186.103.159.187 - - [25/May/2018:10:33:59 -0300] "GET /cormun/servlet/trlicenciaspermisosadjuntos?13592131,20180525000000,L, HTTP/1.1" 200 6730
186.103.159.187 - - [25/May/2018:10:34:00 -0300] "GET /cormun/servlet/trlicenciaspermisosadjuntos?13592131,20180525000000,L, HTTP/1.1" 200 6727
186.103.159.187 - - [25/May/2018:10:34:07 -0300] "POST /cormun/servlet/trlicenciaspermisosadjuntos?fc15338e342d0709bb3eeaf95d209cf1,13592131,20180525000000,L,,gx-no-cache=1527255252336 HTTP/1.1" 200 90
186.103.159.187 - - [25/May/2018:10:34:07 -0300] "GET /cormun/servlet/hpexe_link HTTP/1.1" 200 986
186.103.159.187 - - [25/May/2018:10:34:08 -0300] "GET /cormun/servlet/trlicencias HTTP/1.1" 200 10875
186.103.159.187 - - [25/May/2018:10:34:09 -0300] "GET /cormun/servlet/trlicencias HTTP/1.1" 200 10873
186.103.159.187 - - [25/May/2018:10:34:15 -0300] "POST /cormun/servlet/trlicencias?fc15338e342d0709bb3eeaf95d209cf1,gx-no-cache=1527255260104 HTTP/1.1" 200 8302
186.103.159.187 - - [25/May/2018:10:34:15 -0300] "GET /cormun/static/Shared/jqueryui/images/ui-bg_highlight-soft_100_c6c2c8_1x100.png HTTP/1.1" 404 1117
186.103.159.187 - - [25/May/2018:10:34:15 -0300] "GET /cormun/static/Shared/jqueryui/images/ui-icons_82798d_256x240.png HTTP/1.1" 404 1089
186.103.159.187 - - [25/May/2018:10:34:15 -0300] "GET /cormun/static/Shared/jqueryui/images/ui-icons_8d78a5_256x240.png HTTP/1.1" 404 1089
186.103.159.187 - - [25/May/2018:10:34:15 -0300] "GET /cormun/static/Shared/jqueryui/images/ui-bg_flat_55_fafafa_40x100.png HTTP/1.1" 404 1097
192.168.10.96 - - [25/May/2018:10:34:25 -0300] "GET /cormun/servlet/vesolicitudgral?2018,11287,,SolicitudOTAdjuntos HTTP/1.1" 200 11350
192.168.10.96 - - [25/May/2018:10:34:26 -0300] "GET /cormun/servlet/vesolicitudgral?2018,11287,,SolicitudOTAdjuntos HTTP/1.1" 200 11351
192.168.10.96 - - [25/May/2018:10:34:26 -0300] "POST /cormun/servlet/acontrolpreferencessavestate?None,DZAMUDIO,true HTTP/1.1" 200 35
192.168.10.96 - - [25/May/2018:10:34:27 -0300] "GET /cormun/PublicTempStorage/certificado_de_egreso2088763.pdf HTTP/1.1" 200 437677
192.168.10.96 - - [25/May/2018:10:34:33 -0300] "GET /cormun/servlet/vesolicitudgral?2018,11287,,SolicitudOTAdjuntos HTTP/1.1" 200 11354
192.168.10.96 - - [25/May/2018:10:34:33 -0300] "GET /cormun/servlet/vesolicitudgral?2018,11287,,SolicitudOTAdjuntos HTTP/1.1" 200 11352
192.168.10.96 - - [25/May/2018:10:34:34 -0300] "POST /cormun/servlet/acontrolpreferencessavestate?None,DZAMUDIO,true HTTP/1.1" 200 35
192.168.10.96 - - [25/May/2018:10:34:35 -0300] "GET /cormun/PublicTempStorage/certificado_de_afp9283498.pdf HTTP/1.1" 200 1415283
192.168.10.96 - - [25/May/2018:10:34:39 -0300] "GET /cormun/servlet/vesolicitudgral?2018,11287,,SolicitudOTAdjuntos HTTP/1.1" 200 11352
192.168.10.96 - - [25/May/2018:10:34:40 -0300] "GET /cormun/servlet/vesolicitudgral?2018,11287,,SolicitudOTAdjuntos HTTP/1.1" 200 11355
192.168.10.96 - - [25/May/2018:10:34:40 -0300] "POST /cormun/servlet/acontrolpreferencessavestate?None,DZAMUDIO,true HTTP/1.1" 200 35
192.168.10.96 - - [25/May/2018:10:34:41 -0300] "GET /cormun/PublicTempStorage/certificado_de_fonasa4046172.pdf HTTP/1.1" 200 391007
192.168.10.96 - - [25/May/2018:10:34:46 -0300] "GET /cormun/servlet/vesolicitudgral?2018,11287,,SolicitudOTAdjuntos HTTP/1.1" 200 11351
192.168.10.96 - - [25/May/2018:10:34:47 -0300] "GET /cormun/servlet/vesolicitudgral?2018,11287,,SolicitudOTAdjuntos HTTP/1.1" 200 11355
192.168.10.96 - - [25/May/2018:10:34:48 -0300] "POST /cormun/servlet/acontrolpreferencessavestate?None,DZAMUDIO,true HTTP/1.1" 200 35
192.168.10.96 - - [25/May/2018:10:34:49 -0300] "GET /cormun/PublicTempStorage/certificado_de_fonasa2805246.pdf HTTP/1.1" 200 391007
192.168.10.96 - - [25/May/2018:10:34:53 -0300] "GET /cormun/servlet/vesolicitudgral?2018,11287,,SolicitudOTAdjuntos HTTP/1.1" 200 11350
192.168.10.96 - - [25/May/2018:10:34:54 -0300] "GET /cormun/servlet/vesolicitudgral?2018,11287,,SolicitudOTAdjuntos HTTP/1.1" 200 11355
192.168.10.96 - - [25/May/2018:10:34:55 -0300] "POST /cormun/servlet/acontrolpreferencessavestate?None,DZAMUDIO,true HTTP/1.1" 200 35
192.168.10.96 - - [25/May/2018:10:34:55 -0300] "GET /cormun/PublicTempStorage/certificado_de_antecedentes2470636.pdf HTTP/1.1" 200 523071
192.168.10.96 - - [25/May/2018:10:35:00 -0300] "GET /cormun/servlet/vesolicitudgral?2018,11287,,SolicitudOTAdjuntos HTTP/1.1" 200 11351
192.168.10.96 - - [25/May/2018:10:35:01 -0300] "GET /cormun/servlet/vesolicitudgral?2018,11287,,SolicitudOTAdjuntos HTTP/1.1" 200 11352
192.168.10.96 - - [25/May/2018:10:35:01 -0300] "POST /cormun/servlet/acontrolpreferencessavestate?None,DZAMUDIO,true HTTP/1.1" 200 35
192.168.10.96 - - [25/May/2018:10:35:01 -0300] "GET /cormun/PublicTempStorage/curriculum_vitae5749225.pdf HTTP/1.1" 200 810229
200.54.247.70 - - [25/May/2018:10:36:19 -0300] "GET /cormun/servlet/permisogoce?INS,0,,, HTTP/1.1" 200 7113
200.54.247.70 - - [25/May/2018:10:36:19 -0300] "GET /cormun/servlet/permisogoce?INS,0,,, HTTP/1.1" 200 7093
200.54.247.70 - - [25/May/2018:10:36:23 -0300] "GET /cormun/servlet/prfichaempleado?,MD,,gxPopupLevel%3D0%3B HTTP/1.1" 200 9394
200.54.247.70 - - [25/May/2018:10:36:28 -0300] "POST /cormun/servlet/prfichaempleado?892f357cd0c586f2286a6d1c75843e03,,MD,,gxPopupLevel%3D0%3B,gx-no-cache=1527255328422 HTTP/1.1" 200 3530
200.54.247.70 - - [25/May/2018:10:36:33 -0300] "GET /cormun/servlet/permisogoce?ad4ac2caf3955a8a96324d54d1d424973b61a5ac05096fa125f2f03117aa7b3b54b61728f138556aed0b1f1f815eaa835e77008086f22f440c66697968ac1e3d,gx-no-cache=1527255332876 HTTP/1.1" 200 79
200.54.247.70 - - [25/May/2018:10:36:37 -0300] "POST /cormun/servlet/permisogoce?892f357cd0c586f2286a6d1c75843e03,INS,0,,,,gx-no-cache=1527255336833 HTTP/1.1" 200 90
200.54.247.70 - - [25/May/2018:10:36:37 -0300] "GET /cormun/servlet/hpexe_link HTTP/1.1" 200 981
200.54.247.70 - - [25/May/2018:10:36:37 -0300] "GET /cormun/servlet/trpermisosgoce?gx-no-cache=1527253996196 HTTP/1.1" 200 10374
200.54.247.70 - - [25/May/2018:10:36:37 -0300] "GET /cormun/servlet/trpermisosgoce?gx-no-cache=1527253996196 HTTP/1.1" 200 10391
190.46.88.10 - - [25/May/2018:10:39:57 -0300] "GET /cormun/servlet/hlogin HTTP/1.1" 200 1721
186.79.209.113 - - [25/May/2018:10:40:19 -0300] "POST /cormun/servlet/hlogin?e34a5a342b60659ad2e94e3833e659cf,gx-no-cache=1527255558582 HTTP/1.1" 200 90
186.79.209.113 - - [25/May/2018:10:40:20 -0300] "GET /cormun/servlet/hpexe_link HTTP/1.1" 200 953
186.79.209.113 - - [25/May/2018:10:40:20 -0300] "GET /cormun/servlet/hhome HTTP/1.1" 200 4233
186.79.209.113 - - [25/May/2018:10:40:21 -0300] "GET /cormun/servlet/hhome HTTP/1.1" 200 4229
190.46.88.10 - - [25/May/2018:10:40:40 -0300] "GET /cormun/servlet/trautorizarsolicitud? HTTP/1.1" 200 8686
190.46.88.10 - - [25/May/2018:10:40:40 -0300] "GET /cormun/static/gxcfg.js?2017111423403364 HTTP/1.1" 200 953
190.46.88.10 - - [25/May/2018:10:40:41 -0300] "GET /cormun/static/trautorizarsolicitud.js?201711142340425 HTTP/1.1" 200 53910
190.46.88.10 - - [25/May/2018:10:40:41 -0300] "GET /cormun/servlet/trautorizarsolicitud? HTTP/1.1" 200 8684
192.168.4.251 - - [25/May/2018:10:40:45 -0300] "POST /cormun/servlet/solicitudotlog?04dacd19c4dc09ffd62435550fcd48bd,INS,2018,11298,0,REC,,gx-no-cache=1527255583880 HTTP/1.1" 200 93
192.168.4.251 - - [25/May/2018:10:40:45 -0300] "GET /cormun/servlet/hpexe_return? HTTP/1.1" 200 1029
192.168.4.251 - - [25/May/2018:10:40:45 -0300] "GET /cormun/servlet/vesolicitudgral?2018,11298,, HTTP/1.1" 200 9090
192.168.4.251 - - [25/May/2018:10:40:45 -0300] "GET /cormun/pexe_scrolldiv.js HTTP/1.1" 404 1009
192.168.4.251 - - [25/May/2018:10:40:46 -0300] "GET /cormun/servlet/vesolicitudgral?2018,11298,, HTTP/1.1" 200 9086
192.168.4.251 - - [25/May/2018:10:40:51 -0300] "POST /cormun/servlet/vesolicitudgral?04dacd19c4dc09ffd62435550fcd48bd,2018,11298,,,gx-no-cache=1527255589924 HTTP/1.1" 200 93
192.168.4.251 - - [25/May/2018:10:40:51 -0300] "GET /cormun/servlet/hpexe_return? HTTP/1.1" 200 1014
192.168.4.251 - - [25/May/2018:10:40:51 -0300] "GET /cormun/servlet/trsolicitudgral? HTTP/1.1" 200 9008
192.168.4.251 - - [25/May/2018:10:40:52 -0300] "GET /cormun/servlet/trsolicitudgral? HTTP/1.1" 200 9005
190.46.88.10 - - [25/May/2018:10:40:58 -0300] "POST /cormun/servlet/trautorizarsolicitud?e34a5a342b60659ad2e94e3833e659cf,,gx-no-cache=1527255597439 HTTP/1.1" 200 4591
190.46.88.10 - - [25/May/2018:10:40:58 -0300] "GET /cormun/static/Shared/jqueryui/images/ui-bg_highlight-soft_100_c6c2c8_1x100.png HTTP/1.1" 404 1117
190.46.88.10 - - [25/May/2018:10:40:58 -0300] "GET /cormun/static/Shared/jqueryui/images/ui-bg_flat_55_fafafa_40x100.png HTTP/1.1" 404 1097
