186.103.156.24 - - [24/May/2018:12:29:37 -0300] "GET /cormun/static/Shared/jqueryui/images/ui-bg_highlight-soft_100_c6c2c8_1x100.png HTTP/1.1" 404 1117
186.103.156.24 - - [24/May/2018:12:29:37 -0300] "POST /cormun/servlet/trautorizarsolicitud?ae17114c954b357403d04c13912115bb,,gx-no-cache=1527175716628 HTTP/1.1" 200 4382
186.103.159.183 - - [24/May/2018:12:29:37 -0300] "POST /cormun/servlet/solicitudot?gx-no-cache=1527175718796 HTTP/1.1" 200 3292
186.103.159.183 - - [24/May/2018:12:29:38 -0300] "POST /cormun/servlet/solicitudot?425031b35506b6cae57c0fbafad6d589,INS,0,0,,gx-no-cache=1527175719176 HTTP/1.1" 200 10449
186.103.159.183 - - [24/May/2018:12:29:46 -0300] "GET /cormun/servlet/solicitudot?b01ba932eb3b693d06ab89c2420a5c7e6849f18a711d000dec4bc743adc82f491c173bd397375e58c05d5794bd1833de,gx-no-cache=1527175727162 HTTP/1.1" 200 30
200.54.247.70 - - [24/May/2018:12:29:57 -0300] "GET /cormun/servlet/trcontratounov2? HTTP/1.1" 200 17413
200.54.247.70 - - [24/May/2018:12:29:58 -0300] "GET /cormun/servlet/trcontratounov2? HTTP/1.1" 200 17421
186.103.157.246 - - [24/May/2018:12:29:58 -0300] "GET /cormun/servlet/trsolicitudot? HTTP/1.1" 200 7087
186.103.157.246 - - [24/May/2018:12:29:59 -0300] "GET /cormun/servlet/trsolicitudot? HTTP/1.1" 200 7087
200.54.247.70 - - [24/May/2018:12:30:01 -0300] "GET /cormun/servlet/trcontratosolicitud? HTTP/1.1" 200 14498
200.54.247.70 - - [24/May/2018:12:30:02 -0300] "GET /cormun/servlet/trcontratosolicitud? HTTP/1.1" 200 14503
186.103.157.246 - - [24/May/2018:12:30:03 -0300] "GET /cormun/servlet/solicitudot?INS,0,0, HTTP/1.1" 200 13330
186.103.157.246 - - [24/May/2018:12:30:03 -0300] "GET /cormun/servlet/solicitudot?INS,0,0, HTTP/1.1" 200 13335
200.54.247.70 - - [24/May/2018:12:30:04 -0300] "GET /cormun/servlet/trsolicitudot? HTTP/1.1" 200 8813
200.54.247.70 - - [24/May/2018:12:30:05 -0300] "GET /cormun/servlet/trsolicitudot? HTTP/1.1" 200 8812
200.54.247.70 - - [24/May/2018:12:30:07 -0300] "GET /cormun/servlet/solicitudot?INS,0,0, HTTP/1.1" 200 13676
200.54.247.70 - - [24/May/2018:12:30:07 -0300] "GET /cormun/servlet/solicitudot?INS,0,0, HTTP/1.1" 200 13681
186.103.157.246 - - [24/May/2018:12:30:10 -0300] "GET /cormun/servlet/trautorizarsolicitud? HTTP/1.1" 200 9150
200.54.247.70 - - [24/May/2018:12:30:10 -0300] "GET /cormun/servlet/prfichaempleado?,MD,,gxPopupLevel%3D0%3B HTTP/1.1" 200 9398
186.103.157.246 - - [24/May/2018:12:30:11 -0300] "GET /cormun/servlet/trautorizarsolicitud? HTTP/1.1" 200 9134
200.54.247.70 - - [24/May/2018:12:30:15 -0300] "POST /cormun/servlet/prfichaempleado?745dbd7f5b486a4286cc2875b882beae,,MD,,gxPopupLevel%3D0%3B,gx-no-cache=1527175754614 HTTP/1.1" 200 3420
186.103.157.246 - - [24/May/2018:12:30:18 -0300] "POST /cormun/servlet/solicitudot?gx-no-cache=1527175759570 HTTP/1.1" 200 3291
186.103.157.246 - - [24/May/2018:12:30:18 -0300] "POST /cormun/servlet/solicitudot?f5a387f7946576a2be70e7110327ca30,INS,0,0,,gx-no-cache=1527175759773 HTTP/1.1" 200 10253
186.103.157.246 - - [24/May/2018:12:30:20 -0300] "GET /cormun/servlet/solicitudot?dfbfb0d9d7ee162be1c9cda35e0c630981cd7ccd180b6511a28f3277d7d2da00b3baad003c629511dbcd4c56c5ec7d3d,gx-no-cache=1527175761361 HTTP/1.1" 200 30
200.54.247.70 - - [24/May/2018:12:30:20 -0300] "POST /cormun/servlet/solicitudot?gx-no-cache=1527175759129 HTTP/1.1" 200 3414
200.54.247.70 - - [24/May/2018:12:30:20 -0300] "POST /cormun/servlet/solicitudot?745dbd7f5b486a4286cc2875b882beae,INS,0,0,,gx-no-cache=1527175759289 HTTP/1.1" 200 10585
200.54.247.70 - - [24/May/2018:12:30:20 -0300] "GET /cormun/servlet/solicitudot?b7535db2e89b65d5fae19ed59360d8a9726613be7e2b1165d490cc4c2985744fee5308ece682df39f56e9efaca585857,gx-no-cache=1527175759806 HTTP/1.1" 200 30
200.54.247.70 - - [24/May/2018:12:30:24 -0300] "GET /cormun/servlet/solicitudot?b7535db2e89b65d5fae19ed59360d8a9cf28448d7f9717ad7b999468189643d7ba5e51dff94f090ad0157e6d6818fb915c982f9ffb6cab648f20796acfc52be0,gx-no-cache=1527175763062 HTTP/1.1" 200 30
200.54.247.70 - - [24/May/2018:12:30:24 -0300] "GET /cormun/servlet/solicitudot?b7535db2e89b65d5fae19ed59360d8a9fa800ce6e7aa79c7da9334221febfc58,gx-no-cache=1527175763100 HTTP/1.1" 200 53
200.54.247.70 - - [24/May/2018:12:30:24 -0300] "POST /cormun/servlet/solicitudot?gx-no-cache=1527175763145 HTTP/1.1" 200 255
200.54.247.70 - - [24/May/2018:12:30:24 -0300] "GET /cormun/servlet/solicitudot?b7535db2e89b65d5fae19ed59360d8a9721cdf4635f02e3749a92c64301f16afcc0ff8bae39242ac768fe9b2f34531c5e4e04f973e088d0751a150a2a8d96d27a8c2a588ae0c41fe81599efbaeef07415573399f7dfe68924fb69c590bf3eb5bc4aea7707eef4ccea468a5799b20f1838c0ce32a780496d4f08e75d49ce2078a173b82e79531d0added99b392daf93604908ea066f0b048eaae3e401137f142bdb90641683cba82cccb03771009de571430eaef4c942fda825c6cff67652cae66a920482de224724e4567beab8114b4ea39d6a61447da8115f14eb0889f028fa61821cb0616ad5879df2acd8a9e5ceaccf1093a64eb7937b39dcef85da1ba41697da5be49e50e18fc71e9eeef780f4d687f19b8d843eb0c29bb5c7a471dd6b8aaea6d13cf91fc747a2707ef1a1104c32c4598f4ebfa3c256c040d72650726c045914b807e2d65e52ff66feb7e78afae4dcc9ebe3e16585aa4fe974d7a1bfae0ac4c49e58d55af01d5ccae0352a274562ed1060f5641b3fa82c2d3edd88ef8c2c,gx-no-cache=1527175763184 HTTP/1.1" 200 30
200.54.247.70 - - [24/May/2018:12:30:38 -0300] "POST /cormun/servlet/solicitudot?gx-no-cache=1527175777064 HTTP/1.1" 200 30
200.54.247.70 - - [24/May/2018:12:30:46 -0300] "POST /cormun/servlet/solicitudot?gx-no-cache=1527175785123 HTTP/1.1" 200 1369
200.54.247.70 - - [24/May/2018:12:30:46 -0300] "POST /cormun/servlet/solicitudot?gx-no-cache=1527175785196 HTTP/1.1" 200 38
200.54.247.70 - - [24/May/2018:12:30:52 -0300] "GET /cormun/servlet/solicitudot?b7535db2e89b65d5fae19ed59360d8a94f7f5f15731d861ed6e9de129bf9eb69aea9093d95e5f9b7441ae2d2f52b3ccbf526046cc389d33e644abd84585dab726fdf73cd8b97cde4f096b2f71cab38d3806637d1eaf25039521be1d7d5dd54e55acf188d254d22592fc07b8bcda7682e80afa73b1c96b5226a20f9a866e32769a801fb0f8983fdc0dcb11effeec52ef66f1a87d5479bb01d7de6f3d2c8457fee,gx-no-cache=1527175791638 HTTP/1.1" 200 29
200.54.247.70 - - [24/May/2018:12:30:52 -0300] "POST /cormun/servlet/solicitudot?gx-no-cache=1527175791674 HTTP/1.1" 200 1351
200.54.247.70 - - [24/May/2018:12:30:52 -0300] "POST /cormun/servlet/solicitudot?gx-no-cache=1527175791739 HTTP/1.1" 200 1249
200.54.247.70 - - [24/May/2018:12:30:52 -0300] "GET /cormun/static/menuarrow.gif HTTP/1.1" 404 1015
200.54.247.70 - - [24/May/2018:12:30:55 -0300] "POST /cormun/servlet/solicitudot?gx-no-cache=1527175794141 HTTP/1.1" 200 1351
200.54.247.70 - - [24/May/2018:12:30:55 -0300] "POST /cormun/servlet/solicitudot?gx-no-cache=1527175794235 HTTP/1.1" 200 1249
200.54.247.70 - - [24/May/2018:12:30:56 -0300] "GET /cormun/servlet/solicitudot?b7535db2e89b65d5fae19ed59360d8a9de1cdf0dc8ef6fe1a3f234174b465d4204ca13b3174ca72d46b5b134d9723ddb,gx-no-cache=1527175795036 HTTP/1.1" 200 30
186.103.157.246 - - [24/May/2018:12:31:01 -0300] "POST /cormun/servlet/trautorizarsolicitud?8082d69044adce7e58363358995e1cf5,,gx-no-cache=1527175801686 HTTP/1.1" 200 5819
186.103.157.246 - - [24/May/2018:12:31:02 -0300] "GET /cormun/static/Shared/jqueryui/images/ui-bg_highlight-soft_100_c6c2c8_1x100.png HTTP/1.1" 404 1117
186.103.157.246 - - [24/May/2018:12:31:02 -0300] "GET /cormun/static/Shared/jqueryui/images/ui-icons_82798d_256x240.png HTTP/1.1" 404 1089
186.103.157.246 - - [24/May/2018:12:31:02 -0300] "GET /cormun/static/Shared/jqueryui/images/ui-bg_flat_55_fafafa_40x100.png HTTP/1.1" 404 1097
186.103.157.246 - - [24/May/2018:12:31:02 -0300] "GET /cormun/static/Shared/jqueryui/images/ui-icons_8d78a5_256x240.png HTTP/1.1" 404 1089
186.103.157.246 - - [24/May/2018:12:31:02 -0300] "POST /cormun/servlet/trautorizarsolicitud?8082d69044adce7e58363358995e1cf5,,gx-no-cache=1527175802492 HTTP/1.1" 200 5764
192.168.10.89 - - [24/May/2018:12:31:03 -0300] "GET /cormun/servlet/hlogin HTTP/1.1" 200 1720
200.54.247.70 - - [24/May/2018:12:31:05 -0300] "POST /cormun/servlet/solicitudot?gx-no-cache=1527175803805 HTTP/1.1" 200 30
186.103.157.246 - - [24/May/2018:12:31:08 -0300] "POST /cormun/servlet/trautorizarsolicitud?8082d69044adce7e58363358995e1cf5,,gx-no-cache=1527175808889 HTTP/1.1" 200 116
186.103.157.246 - - [24/May/2018:12:31:08 -0300] "GET /cormun/servlet/solicitudotlog?INS,2018,11538,0,REC, HTTP/1.1" 200 5951
186.103.157.246 - - [24/May/2018:12:31:09 -0300] "GET /cormun/servlet/solicitudotlog?INS,2018,11538,0,REC, HTTP/1.1" 200 5951
186.103.157.246 - - [24/May/2018:12:31:10 -0300] "GET /cormun/servlet/solicitudotlog?e87c91b83631451e2d1dd56bb1dc772af62d625c889ab02edfaa83c0fd6b7078874e4486a22490f36b80a71b5d821f9294e1de5a6fe6bc1352f5620a9d3c463f11eaac2497f28cb4c84fbd46887c75787f977579b114b480ec770da47c2675d8ec62c3cb561ae469c28605fbf693d56ea65499fda89320a60a3813a908388639acde3f2ebb409984d88d5960126d06b6813503035e94d5405eb6540a0bc55bce,gx-no-cache=1527175810649 HTTP/1.1" 200 94
192.168.10.89 - - [24/May/2018:12:31:12 -0300] "POST /cormun/servlet/hlogin?8b3119f3e19dcb39948e8ee6a85510ad,gx-no-cache=1527175680055 HTTP/1.1" 200 90
192.168.10.89 - - [24/May/2018:12:31:12 -0300] "GET /cormun/servlet/hpexe_link HTTP/1.1" 200 951
192.168.10.89 - - [24/May/2018:12:31:12 -0300] "GET /cormun/servlet/hhome HTTP/1.1" 200 4923
192.168.10.89 - - [24/May/2018:12:31:21 -0300] "GET /cormun/servlet/trsolicitudgral? HTTP/1.1" 200 29069
200.54.247.70 - - [24/May/2018:12:31:28 -0300] "POST /cormun/servlet/solicitudot?745dbd7f5b486a4286cc2875b882beae,INS,0,0,,gx-no-cache=1527175827192 HTTP/1.1" 200 11980
200.54.247.70 - - [24/May/2018:12:31:28 -0300] "GET /cormun/static/Shared/jqueryui/images/ui-bg_highlight-soft_100_c6c2c8_1x100.png HTTP/1.1" 404 1117
200.54.247.70 - - [24/May/2018:12:31:28 -0300] "GET /cormun/static/Shared/jqueryui/images/ui-icons_82798d_256x240.png HTTP/1.1" 404 1089
200.54.247.70 - - [24/May/2018:12:31:28 -0300] "GET /cormun/static/Shared/jqueryui/images/ui-bg_flat_55_994d53_40x100.png HTTP/1.1" 404 1097
200.54.247.70 - - [24/May/2018:12:31:28 -0300] "GET /cormun/static/Shared/jqueryui/images/ui-icons_ebccce_256x240.png HTTP/1.1" 404 1089
186.103.159.189 - - [24/May/2018:12:31:30 -0300] "GET /cormun/servlet/hlogin HTTP/1.1" 200 1717
186.103.159.183 - - [24/May/2018:12:31:33 -0300] "GET /cormun/servlet/solicitudot?b01ba932eb3b693d06ab89c2420a5c7e3912f44ddf7af4540016b8a919a966dbceda789c42cf26567d77f60d23245f37f4033dde148cb2fbc77133cd5cb5de47,gx-no-cache=1527175834068 HTTP/1.1" 200 30
186.103.159.183 - - [24/May/2018:12:31:34 -0300] "GET /cormun/servlet/prbanco?,MD,,gxPopupLevel%3D0%3B HTTP/1.1" 200 6633
186.103.159.183 - - [24/May/2018:12:31:34 -0300] "GET /cormun/static/Resources/resize.gif HTTP/1.1" 200 77
186.103.159.183 - - [24/May/2018:12:31:35 -0300] "GET /cormun/static/gxcfg.js?20181161016094 HTTP/1.1" 200 953
186.103.159.183 - - [24/May/2018:12:31:35 -0300] "GET /cormun/static/Resources/PXToolsMenuSearch.png HTTP/1.1" 200 2914
186.103.159.183 - - [24/May/2018:12:31:35 -0300] "GET /cormun/static/Resources/PXToolsMenuSearchCancel.png HTTP/1.1" 200 2972
186.103.159.183 - - [24/May/2018:12:31:35 -0300] "GET /cormun/static/prbanco.js?2018116101633 HTTP/1.1" 200 10693
186.103.159.183 - - [24/May/2018:12:31:35 -0300] "GET /cormun/static/menusearch.js?201610171694467 HTTP/1.1" 200 1424
186.103.159.183 - - [24/May/2018:12:31:35 -0300] "GET /cormun/static/hmpwkw011.js?20177612121862 HTTP/1.1" 200 1968
200.54.247.70 - - [24/May/2018:12:31:38 -0300] "POST /cormun/servlet/solicitudot?gx-no-cache=1527175837059 HTTP/1.1" 200 30
192.168.10.89 - - [24/May/2018:12:31:40 -0300] "POST /cormun/servlet/trsolicitudgral?8b3119f3e19dcb39948e8ee6a85510ad,,gx-no-cache=1527175707412 HTTP/1.1" 200 7285
186.103.159.189 - - [24/May/2018:12:31:43 -0300] "POST /cormun/servlet/hlogin?b2e43ed19f8d3713c6578df2afec50ab,gx-no-cache=1527175842968 HTTP/1.1" 200 90
186.103.159.189 - - [24/May/2018:12:31:43 -0300] "GET /cormun/servlet/hpexe_link HTTP/1.1" 200 976
186.103.159.189 - - [24/May/2018:12:31:43 -0300] "GET /cormun/servlet/trpermisosgoce?gx-no-cache=1527174820937 HTTP/1.1" 200 11996
200.54.247.70 - - [24/May/2018:12:31:44 -0300] "POST /cormun/servlet/solicitudot?gx-no-cache=1527175843949 HTTP/1.1" 200 30
186.103.157.246 - - [24/May/2018:12:31:46 -0300] "POST /cormun/servlet/solicitudotlog?8082d69044adce7e58363358995e1cf5,INS,2018,11538,0,REC,,gx-no-cache=1527175845549 HTTP/1.1" 200 93
186.103.157.246 - - [24/May/2018:12:31:46 -0300] "GET /cormun/servlet/hpexe_return? HTTP/1.1" 200 1032
186.103.159.183 - - [24/May/2018:12:31:46 -0300] "GET /cormun/servlet/solicitudot?b01ba932eb3b693d06ab89c2420a5c7e720db1a46b7e48e250cec64eeb2509e2,gx-no-cache=1527175847327 HTTP/1.1" 200 53
186.103.157.246 - - [24/May/2018:12:31:46 -0300] "GET /cormun/servlet/trautorizarsolicitud? HTTP/1.1" 200 7249
186.103.157.246 - - [24/May/2018:12:31:48 -0300] "GET /cormun/servlet/trautorizarsolicitud? HTTP/1.1" 200 7245
186.103.159.189 - - [24/May/2018:12:31:49 -0300] "GET /cormun/servlet/trpermisosgoce?gx-no-cache=1527174820937 HTTP/1.1" 200 12017
200.54.247.70 - - [24/May/2018:12:31:51 -0300] "GET /cormun/servlet/prcontratosol?14200187,,,,,MD,,gxPopupLevel%3D0%3B HTTP/1.1" 200 8080
186.103.159.189 - - [24/May/2018:12:31:54 -0300] "GET /cormun/servlet/trsolicitudot? HTTP/1.1" 200 8557
200.54.247.70 - - [24/May/2018:12:31:57 -0300] "POST /cormun/servlet/solicitudot?gx-no-cache=1527175855935 HTTP/1.1" 200 1369
200.54.247.70 - - [24/May/2018:12:31:57 -0300] "POST /cormun/servlet/solicitudot?gx-no-cache=1527175856047 HTTP/1.1" 200 41
200.54.247.70 - - [24/May/2018:12:31:57 -0300] "POST /cormun/servlet/solicitudot?gx-no-cache=1527175856097 HTTP/1.1" 200 1351
200.54.247.70 - - [24/May/2018:12:31:57 -0300] "POST /cormun/servlet/solicitudot?gx-no-cache=1527175856175 HTTP/1.1" 200 1249
200.54.247.70 - - [24/May/2018:12:31:57 -0300] "GET /cormun/servlet/solicitudot?b7535db2e89b65d5fae19ed59360d8a96c31e96f764cb4d0817751327377bd9b29d1eeb3e42cd8e59fa874815e17dba5,gx-no-cache=1527175856223 HTTP/1.1" 200 134
186.103.157.246 - - [24/May/2018:12:31:57 -0300] "GET /cormun/servlet/prbanco?,MD,,gxPopupLevel%3D0%3B HTTP/1.1" 200 6507
186.103.159.189 - - [24/May/2018:12:31:57 -0300] "GET /cormun/servlet/trsolicitudot? HTTP/1.1" 200 8536
186.103.159.189 - - [24/May/2018:12:32:02 -0300] "POST /cormun/servlet/trsolicitudot?b2e43ed19f8d3713c6578df2afec50ab,,gx-no-cache=1527175862560 HTTP/1.1" 200 107
186.103.157.246 - - [24/May/2018:12:32:02 -0300] "GET /cormun/servlet/solicitudot?dfbfb0d9d7ee162be1c9cda35e0c6309bc1e921b1c4ed42fbb7684351a8cfe44a64d4fb54d10b88cfae13e9c6f7b071ae7ac5d80b15ffaf1831b56995505c9f8,gx-no-cache=1527175864105 HTTP/1.1" 200 30
186.103.159.189 - - [24/May/2018:12:32:03 -0300] "GET /cormun/servlet/trsolicitudadjuntos?2018,11502, HTTP/1.1" 200 9349
186.103.157.246 - - [24/May/2018:12:32:05 -0300] "GET /cormun/servlet/solicitudot?dfbfb0d9d7ee162be1c9cda35e0c63092f5e68e691cc8933c6ea0bceb72ede34,gx-no-cache=1527175866948 HTTP/1.1" 200 53
186.103.159.189 - - [24/May/2018:12:32:05 -0300] "GET /cormun/servlet/trsolicitudadjuntos?2018,11502, HTTP/1.1" 200 9352
186.103.159.189 - - [24/May/2018:12:32:09 -0300] "GET /cormun/servlet/solicitudotadjuntos?INS,2018,11502,,1, HTTP/1.1" 200 6025
186.103.159.189 - - [24/May/2018:12:32:11 -0300] "GET /cormun/static/about:blank HTTP/1.1" 404 1011
186.103.159.183 - - [24/May/2018:12:32:11 -0300] "POST /cormun/servlet/solicitudot?gx-no-cache=1527175872668 HTTP/1.1" 200 297
186.103.159.183 - - [24/May/2018:12:32:11 -0300] "GET /cormun/servlet/solicitudot?b01ba932eb3b693d06ab89c2420a5c7e2fa3549411e8893835b5f89390d19536473ab1f33d76c743dd554c1004280185ca83844a52e5d510f7ada90d9cfea2b5955cc5a3dc086425025663a2458db6392ed36bc7c226086a349741d3cc7763f770311d16e88d906660770cf75d1c79e33a4f292c873a2b3412433d1c728c97739e122abc1a6612372bc8605bc9c222abc39730c75bf8ca667293cea33f38c7f9a7c06c825373cf97fb60ac2f70bd01d92ae230b137a34bdb4bf214b53a2cbb69da80946bfbd6c64b3b07e0fdf1e63c065cbe57f16964e9a7bd9015436e4f9fbe061d0129cfa3fd9d1c1898868e61e6c22713a6dbc4b04e2409f20757fc6d2b3506eb9144286e623d6b6114d796ac79b4a08ab18b2b40a551269910c224a970c79a9cca7de36dc90cc2dae6cfff1c146177b2a96599bd8ccb3ccd27a2ea47dd3130e48298eef60367d49bae5012837eb34bde63770bd8ce82572282bb55baf8ac333e0919ad290204c7aeca5dddcb8e10d3554bf15bdd9dc6c7e64ad09ea203b0426234cdca9e8fefcf37d7c7c92a644f,gx-no-cache=1527175872791 HTTP/1.1" 200 30
200.54.247.70 - - [24/May/2018:12:32:12 -0300] "GET /cormun/servlet/solicitudot?b7535db2e89b65d5fae19ed59360d8a9de1cdf0dc8ef6fe1a3f234174b465d4204ca13b3174ca72d46b5b134d9723ddb,gx-no-cache=1527175871847 HTTP/1.1" 200 30
200.54.247.70 - - [24/May/2018:12:32:12 -0300] "POST /cormun/servlet/solicitudot?gx-no-cache=1527175871920 HTTP/1.1" 200 33
186.103.159.189 - - [24/May/2018:12:32:13 -0300] "GET /cormun/servlet/solicitudotadjuntos?INS,2018,11502,,1, HTTP/1.1" 200 6019
200.54.247.70 - - [24/May/2018:12:32:13 -0300] "POST /cormun/servlet/solicitudot?745dbd7f5b486a4286cc2875b882beae,INS,0,0,,gx-no-cache=1527175871980 HTTP/1.1" 200 93
200.54.247.70 - - [24/May/2018:12:32:13 -0300] "GET /cormun/servlet/hpexe_return? HTTP/1.1" 200 1008
186.103.159.189 - - [24/May/2018:12:32:13 -0300] "GET /cormun/servlet/solicitudotadjuntos?75ca1cc398b5f609139c99333e2110ae243e177c36c878379542fd2fe59ec8b16ad0d2c7d99054f917ea37b095eda603,gx-no-cache=1527175873497 HTTP/1.1" 200 30
200.54.247.70 - - [24/May/2018:12:32:13 -0300] "GET /cormun/servlet/trsolicitudot HTTP/1.1" 200 9327
200.54.247.70 - - [24/May/2018:12:32:14 -0300] "GET /cormun/servlet/trsolicitudot HTTP/1.1" 200 9323
186.103.159.189 - - [24/May/2018:12:32:17 -0300] "POST /cormun/servlet/solicitudotadjuntos?b2e43ed19f8d3713c6578df2afec50ab,INS,2018,11502,,1,,gx-no-cache=1527175873629 HTTP/1.1" 200 3784
200.54.247.70 - - [24/May/2018:12:32:18 -0300] "POST /cormun/servlet/trsolicitudot?745dbd7f5b486a4286cc2875b882beae,gx-no-cache=1527175876715 HTTP/1.1" 200 5859
200.54.247.70 - - [24/May/2018:12:32:18 -0300] "GET /cormun/static/Shared/jqueryui/images/ui-bg_highlight-soft_100_c6c2c8_1x100.png HTTP/1.1" 404 1117
200.54.247.70 - - [24/May/2018:12:32:18 -0300] "GET /cormun/static/Shared/jqueryui/images/ui-icons_82798d_256x240.png HTTP/1.1" 404 1089
200.54.247.70 - - [24/May/2018:12:32:18 -0300] "GET /cormun/static/Shared/jqueryui/images/ui-bg_flat_55_fafafa_40x100.png HTTP/1.1" 404 1097
200.54.247.70 - - [24/May/2018:12:32:18 -0300] "GET /cormun/static/Shared/jqueryui/images/ui-icons_8d78a5_256x240.png HTTP/1.1" 404 1089
200.54.247.70 - - [24/May/2018:12:32:19 -0300] "POST /cormun/servlet/trsolicitudot?745dbd7f5b486a4286cc2875b882beae,gx-no-cache=1527175877833 HTTP/1.1" 200 5801
200.54.247.70 - - [24/May/2018:12:32:23 -0300] "GET /cormun/servlet/trautorizarsolicitud? HTTP/1.1" 200 8727
186.103.159.183 - - [24/May/2018:12:32:23 -0300] "POST /cormun/servlet/solicitudot?gx-no-cache=1527175884775 HTTP/1.1" 200 30
200.54.247.70 - - [24/May/2018:12:32:23 -0300] "GET /cormun/servlet/trautorizarsolicitud? HTTP/1.1" 200 8726
186.103.159.189 - - [24/May/2018:12:32:24 -0300] "POST /cormun/servlet/solicitudotadjuntos?gx-no-cache=1527175883440 HTTP/1.1" 200 26
200.54.247.70 - - [24/May/2018:12:32:25 -0300] "GET /cormun/servlet/treventos?2018,11540, HTTP/1.1" 200 8001
200.54.247.70 - - [24/May/2018:12:32:25 -0300] "GET /cormun/static/gxcfg.js?2016101716195975 HTTP/1.1" 200 953
200.54.247.70 - - [24/May/2018:12:32:25 -0300] "GET /cormun/static/treventos.js?201610171620222 HTTP/1.1" 200 16064
200.54.247.70 - - [24/May/2018:12:32:26 -0300] "GET /cormun/servlet/treventos?2018,11540, HTTP/1.1" 200 8000
186.103.157.246 - - [24/May/2018:12:32:28 -0300] "POST /cormun/servlet/solicitudot?gx-no-cache=1527175889133 HTTP/1.1" 200 255
186.103.157.246 - - [24/May/2018:12:32:32 -0300] "GET /cormun/servlet/solicitudot?dfbfb0d9d7ee162be1c9cda35e0c6309ac7511e6e3d9b8b704018545f8afdb57851b78add4ac708bcbbf657fecf502722292e7b4330b2121624acc7770dcf0bd3339bb4d209bf0f3330592849659b7ae69d85d6dfdcf0fbb22519d696a268e59dc037396156ceb579ec5d9879ae9ff9554bac190d1504f5c694326f463c78c322ee3ec5e9d1d762ed24125a7c0b1fa80a2561e799afa4fe4ad7325838ac65eae3efa63dfe482939c0fc44fd6bc273d18f6001509cf653fce9cbc654ab3bcef82863a3c33ab0dd93b6cb2ee398358e7971676fd7eddf86d732d08f6e3a68e88793d02e69b75dee4e0b8833ce56048aa9594dd9fba4ede15f7ac89905f90bbd5c1e4abe3ffc7555fb148ca389eb3e4aa67484cc99d6888adc48db10459c643bca1f4b3eefa4d09eb716473452efef9d42ac5572b8adbce3a30731e3bb9704fc52e27b528cf4d9bacee729eaf85b7787443495265d78c76af109e01f3da6b9cd17faa60cabdd3db7b0f40a06daf0d156e41b8d138943f81ee625732108f0c7c71d3,gx-no-cache=1527175892978 HTTP/1.1" 200 30
200.54.247.70 - - [24/May/2018:12:32:32 -0300] "POST /cormun/servlet/treventos?745dbd7f5b486a4286cc2875b882beae,2018,11540,,gx-no-cache=1527175891547 HTTP/1.1" 200 90
200.54.247.70 - - [24/May/2018:12:32:32 -0300] "GET /cormun/servlet/hpexe_link HTTP/1.1" 200 972
200.54.247.70 - - [24/May/2018:12:32:32 -0300] "GET /cormun/servlet/trautorizarsolicitud HTTP/1.1" 200 8727
200.54.247.70 - - [24/May/2018:12:32:33 -0300] "GET /cormun/servlet/trautorizarsolicitud HTTP/1.1" 200 8726
186.103.159.189 - - [24/May/2018:12:32:41 -0300] "GET /cormun/servlet/solicitudotadjuntos?75ca1cc398b5f609139c99333e2110aea93f260d71144e3f9471c2a611acfd03,gx-no-cache=1527175901145 HTTP/1.1" 200 30
186.103.159.189 - - [24/May/2018:12:32:41 -0300] "GET /cormun/servlet/solicitudotadjuntos?75ca1cc398b5f609139c99333e2110aea93f260d71144e3f9471c2a611acfd03,gx-no-cache=1527175901228 HTTP/1.1" 200 30
186.103.159.189 - - [24/May/2018:12:32:43 -0300] "POST /cormun/servlet/solicitudotadjuntos?b2e43ed19f8d3713c6578df2afec50ab,INS,2018,11502,,1, HTTP/1.1" 200 116
200.54.247.70 - - [24/May/2018:12:32:43 -0300] "GET /cormun/servlet/treventos?2018,11540, HTTP/1.1" 200 8001
186.103.159.189 - - [24/May/2018:12:32:43 -0300] "GET /cormun/servlet/hpexe_return? HTTP/1.1" 200 1023
200.54.247.70 - - [24/May/2018:12:32:44 -0300] "GET /cormun/servlet/treventos?2018,11540, HTTP/1.1" 200 8000
186.103.157.246 - - [24/May/2018:12:32:44 -0300] "POST /cormun/servlet/solicitudot?gx-no-cache=1527175905341 HTTP/1.1" 200 30
186.103.157.246 - - [24/May/2018:12:32:45 -0300] "GET /cormun/servlet/trlicencias? HTTP/1.1" 200 13470
186.103.159.189 - - [24/May/2018:12:32:46 -0300] "GET /cormun/servlet/trsolicitudadjuntos?2018,11502, HTTP/1.1" 200 9620
186.103.157.246 - - [24/May/2018:12:32:50 -0300] "GET /cormun/servlet/trlicencias? HTTP/1.1" 200 13468
200.54.247.70 - - [24/May/2018:12:32:50 -0300] "POST /cormun/servlet/treventos?745dbd7f5b486a4286cc2875b882beae,2018,11540,,gx-no-cache=1527175909295 HTTP/1.1" 200 90
200.54.247.70 - - [24/May/2018:12:32:50 -0300] "GET /cormun/servlet/hpexe_link HTTP/1.1" 200 972
200.54.247.70 - - [24/May/2018:12:32:50 -0300] "GET /cormun/servlet/trautorizarsolicitud HTTP/1.1" 200 8727
200.54.247.70 - - [24/May/2018:12:32:50 -0300] "GET /cormun/servlet/trautorizarsolicitud HTTP/1.1" 200 8726
200.54.247.70 - - [24/May/2018:12:32:53 -0300] "POST /cormun/servlet/trautorizarsolicitud?745dbd7f5b486a4286cc2875b882beae,gx-no-cache=1527175911972 HTTP/1.1" 200 4603
200.54.247.70 - - [24/May/2018:12:32:53 -0300] "GET /cormun/static/Shared/jqueryui/images/ui-bg_highlight-soft_100_c6c2c8_1x100.png HTTP/1.1" 404 1117
200.54.247.70 - - [24/May/2018:12:32:53 -0300] "GET /cormun/static/Shared/jqueryui/images/ui-bg_flat_55_fafafa_40x100.png HTTP/1.1" 404 1097
200.54.247.70 - - [24/May/2018:12:32:53 -0300] "GET /cormun/static/Shared/jqueryui/images/ui-icons_8d78a5_256x240.png HTTP/1.1" 404 1089
200.54.247.70 - - [24/May/2018:12:32:53 -0300] "GET /cormun/static/Shared/jqueryui/images/ui-icons_82798d_256x240.png HTTP/1.1" 404 1089
200.54.247.70 - - [24/May/2018:12:32:53 -0300] "POST /cormun/servlet/trautorizarsolicitud?745dbd7f5b486a4286cc2875b882beae,gx-no-cache=1527175912157 HTTP/1.1" 200 4378
186.103.159.189 - - [24/May/2018:12:32:56 -0300] "GET /cormun/servlet/trsolicitudadjuntos?2018,11502, HTTP/1.1" 200 9620
186.103.159.183 - - [24/May/2018:12:33:02 -0300] "POST /cormun/servlet/solicitudot?gx-no-cache=1527175923922 HTTP/1.1" 200 1369
186.103.159.183 - - [24/May/2018:12:33:03 -0300] "POST /cormun/servlet/solicitudot?gx-no-cache=1527175924256 HTTP/1.1" 200 38
186.103.159.183 - - [24/May/2018:12:33:14 -0300] "GET /cormun/servlet/solicitudot?b01ba932eb3b693d06ab89c2420a5c7eea64557f60b8a70a6481457b8a4f38637f89d436d91e6bf32d90ed87615d6ed605c3b558d777046e5e532cd282464edec60094cc853a3c1410881e1106ca156eac5b06541afa21079bf01802ff874ff1f72dcf181da29085dea78f3bf4e62cc1,gx-no-cache=1527175935296 HTTP/1.1" 200 29
186.103.159.183 - - [24/May/2018:12:33:14 -0300] "POST /cormun/servlet/solicitudot?gx-no-cache=1527175935455 HTTP/1.1" 200 1351
186.103.159.183 - - [24/May/2018:12:33:14 -0300] "POST /cormun/servlet/solicitudot?gx-no-cache=1527175935622 HTTP/1.1" 200 1249
186.103.157.246 - - [24/May/2018:12:33:25 -0300] "GET /cormun/servlet/prfichaempleado?,MD,,gxPopupLevel%3D0%3B HTTP/1.1" 200 9218
186.103.159.183 - - [24/May/2018:12:33:30 -0300] "POST /cormun/servlet/solicitudot?gx-no-cache=1527175951590 HTTP/1.1" 200 1351
186.103.159.183 - - [24/May/2018:12:33:30 -0300] "POST /cormun/servlet/solicitudot?gx-no-cache=1527175951676 HTTP/1.1" 200 1249
186.103.159.183 - - [24/May/2018:12:33:30 -0300] "GET /cormun/static/menuarrow.gif HTTP/1.1" 404 1015
186.103.157.246 - - [24/May/2018:12:33:37 -0300] "POST /cormun/servlet/prfichaempleado?f5a387f7946576a2be70e7110327ca30,,MD,,gxPopupLevel%3D0%3B,gx-no-cache=1527175958961 HTTP/1.1" 200 3415
186.103.159.183 - - [24/May/2018:12:33:43 -0300] "POST /cormun/servlet/solicitudot?gx-no-cache=1527175964196 HTTP/1.1" 200 1351
186.103.159.183 - - [24/May/2018:12:33:43 -0300] "POST /cormun/servlet/solicitudot?gx-no-cache=1527175964344 HTTP/1.1" 200 1249
186.103.157.246 - - [24/May/2018:12:33:45 -0300] "POST /cormun/servlet/solicitudot?gx-no-cache=1527175966639 HTTP/1.1" 200 1368
186.103.157.246 - - [24/May/2018:12:33:45 -0300] "GET /cormun/static/menuarrow.gif HTTP/1.1" 404 1015
186.103.159.183 - - [24/May/2018:12:33:47 -0300] "GET /cormun/servlet/solicitudot?b01ba932eb3b693d06ab89c2420a5c7ef53d183e81623078cce3a937c6be0cdfb6dc7cc559b100d1a9644691890ae0f6,gx-no-cache=1527175968884 HTTP/1.1" 200 30
186.103.157.246 - - [24/May/2018:12:33:49 -0300] "GET /cormun/servlet/prlicenciaspermisos?8898068,L,,MD,,gxPopupLevel%3D0%3B HTTP/1.1" 200 6144
186.103.157.246 - - [24/May/2018:12:33:49 -0300] "GET /cormun/static/calendar-system.css?75620 HTTP/1.1" 200 5572
186.103.157.246 - - [24/May/2018:12:33:49 -0300] "GET /cormun/static/gxcfg.js?20176272053834 HTTP/1.1" 200 953
186.103.157.246 - - [24/May/2018:12:33:49 -0300] "GET /cormun/static/prlicenciaspermisos.js?20176272054050 HTTP/1.1" 200 13379
186.103.157.246 - - [24/May/2018:12:33:49 -0300] "GET /cormun/static/Resources/Spanish/PXTools.css?17315867 HTTP/1.1" 200 89042
186.103.159.189 - - [24/May/2018:12:33:51 -0300] "POST /cormun/servlet/trsolicitudadjuntos?b2e43ed19f8d3713c6578df2afec50ab,2018,11502,,gx-no-cache=1527175971330 HTTP/1.1" 200 90
186.103.159.189 - - [24/May/2018:12:33:52 -0300] "GET /cormun/servlet/hpexe_link HTTP/1.1" 200 966
186.103.159.189 - - [24/May/2018:12:33:52 -0300] "GET /cormun/servlet/trsolicitudot HTTP/1.1" 200 8537
186.103.159.189 - - [24/May/2018:12:33:54 -0300] "GET /cormun/servlet/trsolicitudot HTTP/1.1" 200 8536
186.103.157.246 - - [24/May/2018:12:34:01 -0300] "POST /cormun/servlet/solicitudot?gx-no-cache=1527175982492 HTTP/1.1" 200 41
186.103.159.183 - - [24/May/2018:12:34:08 -0300] "POST /cormun/servlet/solicitudot?gx-no-cache=1527175989062 HTTP/1.1" 200 30
186.103.157.246 - - [24/May/2018:12:34:08 -0300] "GET /cormun/servlet/trautorizarsolicitud? HTTP/1.1" 200 7245
186.103.157.246 - - [24/May/2018:12:34:10 -0300] "GET /cormun/servlet/trautorizarsolicitud? HTTP/1.1" 200 7245
186.103.157.246 - - [24/May/2018:12:34:26 -0300] "GET /cormun/servlet/trpermisosgoce? HTTP/1.1" 200 7049
186.103.157.246 - - [24/May/2018:12:34:26 -0300] "GET /cormun/static/gxcfg.js?20177612163875 HTTP/1.1" 200 953
186.103.157.246 - - [24/May/2018:12:34:26 -0300] "GET /cormun/static/trpermisosgoce.js?20177612164335 HTTP/1.1" 200 35904
186.103.157.246 - - [24/May/2018:12:34:30 -0300] "GET /cormun/servlet/trpermisosgoce? HTTP/1.1" 200 7049
186.103.157.246 - - [24/May/2018:12:34:33 -0300] "GET /cormun/servlet/solicitudot?dfbfb0d9d7ee162be1c9cda35e0c63096c2c914684d5cf5057f8858fc918790f775e9b1d44adb497f8a488c9e8707b7d00bc2b6bc6f791b0baa50516837ebff2b52398dae33186a241a56a9eb6fcbbe956e420c5aa8acf97bd4f2eb2f94340cd6fdd58eb1566bfe37bf881b771ae45f3,gx-no-cache=1527176014645 HTTP/1.1" 200 29
186.103.157.246 - - [24/May/2018:12:34:33 -0300] "POST /cormun/servlet/solicitudot?gx-no-cache=1527176014736 HTTP/1.1" 200 1351
186.103.157.246 - - [24/May/2018:12:34:33 -0300] "POST /cormun/servlet/solicitudot?gx-no-cache=1527176014856 HTTP/1.1" 200 1249
186.103.157.246 - - [24/May/2018:12:34:48 -0300] "POST /cormun/servlet/solicitudot?gx-no-cache=1527176029735 HTTP/1.1" 200 1351
186.103.157.246 - - [24/May/2018:12:34:48 -0300] "POST /cormun/servlet/solicitudot?gx-no-cache=1527176029837 HTTP/1.1" 200 1249
186.103.157.246 - - [24/May/2018:12:34:53 -0300] "GET /cormun/servlet/solicitudot?dfbfb0d9d7ee162be1c9cda35e0c6309883bdeaf29517a788339d0fba131a5df0d2cc4ac648362610e15c1a830a1b2a8,gx-no-cache=1527176035157 HTTP/1.1" 200 30
186.103.157.246 - - [24/May/2018:12:34:54 -0300] "POST /cormun/servlet/solicitudot?gx-no-cache=1527176035256 HTTP/1.1" 200 135
186.103.157.246 - - [24/May/2018:12:34:54 -0300] "GET /cormun/static/Shared/jqueryui/images/ui-bg_highlight-soft_100_c6c2c8_1x100.png HTTP/1.1" 404 1117
186.103.157.246 - - [24/May/2018:12:34:54 -0300] "GET /cormun/static/Shared/jqueryui/images/ui-bg_flat_55_994d53_40x100.png HTTP/1.1" 404 1097
186.103.157.246 - - [24/May/2018:12:34:54 -0300] "GET /cormun/static/Shared/jqueryui/images/ui-icons_ebccce_256x240.png HTTP/1.1" 404 1089
186.103.157.246 - - [24/May/2018:12:34:54 -0300] "GET /cormun/static/Shared/jqueryui/images/ui-icons_82798d_256x240.png HTTP/1.1" 404 1089
157.55.39.158 - - [24/May/2018:12:35:02 -0300] "GET /cormun/servlet/trcontratounov2 HTTP/1.1" 200 6031
186.103.157.246 - - [24/May/2018:12:35:15 -0300] "GET /cormun/servlet/solicitudot?dfbfb0d9d7ee162be1c9cda35e0c6309883bdeaf29517a788339d0fba131a5df7ad2ba8b8ea460a69e6043dd79aee858,gx-no-cache=1527176056648 HTTP/1.1" 200 30
186.103.157.246 - - [24/May/2018:12:35:15 -0300] "POST /cormun/servlet/solicitudot?gx-no-cache=1527176056867 HTTP/1.1" 200 135
40.77.167.37 - - [24/May/2018:12:35:23 -0300] "GET /cormun/static/PXToolsJavascripts/pexe_grid.js HTTP/1.1" 200 7559
40.77.167.37 - - [24/May/2018:12:35:24 -0300] "GET /cormun/static/PXToolsJavascripts/pexe_link.js HTTP/1.1" 200 5671
40.77.167.37 - - [24/May/2018:12:35:24 -0300] "GET /cormun/static/PXToolsJavascripts/pexe_oav.js HTTP/1.1" 200 645
40.77.167.37 - - [24/May/2018:12:35:24 -0300] "GET /cormun/static/PXToolsJavascripts/pexe_popup.js HTTP/1.1" 200 13458
40.77.167.37 - - [24/May/2018:12:35:24 -0300] "GET /cormun/static/PXToolsJavascripts/pexe_tabdivfix.js HTTP/1.1" 200 876
40.77.167.37 - - [24/May/2018:12:35:25 -0300] "GET /cormun/static/Resources/PXToolsActionExcel.png HTTP/1.1" 200 3187
40.77.167.37 - - [24/May/2018:12:35:25 -0300] "GET /cormun/static/Resources/PXToolsGridLastDisabled.gif HTTP/1.1" 200 98
40.77.167.37 - - [24/May/2018:12:35:25 -0300] "GET /cormun/static/Resources/PXToolsGridPage.gif HTTP/1.1" 200 725
40.77.167.37 - - [24/May/2018:12:35:25 -0300] "GET /cormun/static/Resources/PXToolsFooterBackground2.png HTTP/1.1" 200 1172
40.77.167.37 - - [24/May/2018:12:35:25 -0300] "GET /cormun/static/Resources/logo4.png HTTP/1.1" 200 6582
40.77.167.37 - - [24/May/2018:12:35:27 -0300] "GET /cormun/static/Shared/ext/resources/css/ext-all.css?205870 HTTP/1.1" 200 416045
40.77.167.37 - - [24/May/2018:12:35:27 -0300] "GET /cormun/static/calendar-setup.js?85251 HTTP/1.1" 200 2588
200.111.191.210 - - [24/May/2018:12:35:27 -0300] "GET /cormun/servlet/trsolicitudot? HTTP/1.1" 200 6409
40.77.167.37 - - [24/May/2018:12:35:28 -0300] "GET /cormun/static/gxdec.js?85251 HTTP/1.1" 200 19579
200.111.191.210 - - [24/May/2018:12:35:28 -0300] "GET /cormun/servlet/hlogin HTTP/1.1" 200 1737
200.111.191.210 - - [24/May/2018:12:35:28 -0300] "GET /cormun/servlet/trsolicitudot? HTTP/1.1" 200 6404
200.111.191.210 - - [24/May/2018:12:35:28 -0300] "GET /cormun/static/gxcfg.js?20175251213516 HTTP/1.1" 304 -
40.77.167.37 - - [24/May/2018:12:35:28 -0300] "GET /cormun/static/gxfxSD.js?85251 HTTP/1.1" 200 15384
200.111.191.210 - - [24/May/2018:12:35:32 -0300] "POST /cormun/servlet/hlogin?13c5bb8e97911a4b15f92b3a77fc1105,gx-no-cache=1527176122584 HTTP/1.1" 200 90
200.111.191.210 - - [24/May/2018:12:35:32 -0300] "GET /cormun/servlet/hpexe_link HTTP/1.1" 200 958
200.111.191.210 - - [24/May/2018:12:35:32 -0300] "GET /cormun/servlet/trsolicitudot HTTP/1.1" 200 6992
200.111.191.210 - - [24/May/2018:12:35:33 -0300] "GET /cormun/servlet/trsolicitudot HTTP/1.1" 200 6990
200.111.191.210 - - [24/May/2018:12:35:35 -0300] "GET /cormun/static/menuarrow.gif HTTP/1.1" 404 1015
157.55.39.121 - - [24/May/2018:12:35:37 -0300] "GET /cormun/static/PXToolsJavascripts/pexe_autoreload.js HTTP/1.1" 200 1762
157.55.39.121 - - [24/May/2018:12:35:38 -0300] "GET /cormun/static/PXToolsJavascripts/pexe_tabs.js HTTP/1.1" 200 3748
157.55.39.121 - - [24/May/2018:12:35:39 -0300] "GET /cormun/static/PXToolsJavascripts/pexe_windows.js HTTP/1.1" 200 15207
157.55.39.121 - - [24/May/2018:12:35:41 -0300] "GET /cormun/static/Resources/PXToolsAddSelectedAction.png HTTP/1.1" 200 3660
157.55.39.121 - - [24/May/2018:12:35:42 -0300] "GET /cormun/static/Resources/PXToolsGridNextDisabled.gif HTTP/1.1" 200 90
157.55.39.121 - - [24/May/2018:12:35:42 -0300] "GET /cormun/static/Resources/PXToolsHeaderActionsLeft.png HTTP/1.1" 200 1118
200.111.191.210 - - [24/May/2018:12:35:44 -0300] "POST /cormun/servlet/trsolicitudot?13c5bb8e97911a4b15f92b3a77fc1105,gx-no-cache=1527176134318 HTTP/1.1" 200 6363
157.55.39.121 - - [24/May/2018:12:35:44 -0300] "GET /cormun/static/RunJS/RunJS.js HTTP/1.1" 200 288
157.55.39.121 - - [24/May/2018:12:35:45 -0300] "GET /cormun/static/calendar-system.css?75620 HTTP/1.1" 200 5572
157.55.39.121 - - [24/May/2018:12:35:45 -0300] "GET /cormun/static/calendar.js?85251 HTTP/1.1" 200 26246
157.55.39.121 - - [24/May/2018:12:35:50 -0300] "GET /cormun/static/cmcontrolpreferences.js?201752511465670 HTTP/1.1" 200 1375
157.55.39.121 - - [24/May/2018:12:35:50 -0300] "GET /cormun/static/gxpopupSD.js?85251 HTTP/1.1" 200 22377
186.103.157.246 - - [24/May/2018:12:35:51 -0300] "GET /cormun/servlet/solicitudot?dfbfb0d9d7ee162be1c9cda35e0c6309883bdeaf29517a788339d0fba131a5dfae3a498e6c580303a7ed19e94e04cfe0,gx-no-cache=1527176092520 HTTP/1.1" 200 30
186.103.157.246 - - [24/May/2018:12:35:51 -0300] "POST /cormun/servlet/solicitudot?gx-no-cache=1527176092609 HTTP/1.1" 200 146
157.55.39.121 - - [24/May/2018:12:35:52 -0300] "GET /cormun/static/hmpwkw03.js?20177612122668 HTTP/1.1" 200 3965
157.55.39.121 - - [24/May/2018:12:35:52 -0300] "GET /cormun/static/hpexe_scripts.js?201752511465715 HTTP/1.1" 200 1544
157.55.39.121 - - [24/May/2018:12:35:53 -0300] "GET /cormun/static/rijndaelSD.js?85251 HTTP/1.1" 200 6763
200.111.191.210 - - [24/May/2018:12:35:55 -0300] "GET /cormun/servlet/vesolicitudot?2018,8229,, HTTP/1.1" 200 8332
200.111.191.210 - - [24/May/2018:12:35:55 -0300] "GET /cormun/pexe_scrolldiv.js HTTP/1.1" 404 1009
200.111.191.210 - - [24/May/2018:12:35:55 -0300] "GET /cormun/pexe_scrolldiv.js HTTP/1.1" 404 1009
200.111.191.210 - - [24/May/2018:12:35:56 -0300] "GET /cormun/servlet/vesolicitudot?2018,8229,, HTTP/1.1" 200 8332
186.103.159.183 - - [24/May/2018:12:35:57 -0300] "POST /cormun/servlet/solicitudot?425031b35506b6cae57c0fbafad6d589,INS,0,0,,gx-no-cache=1527176097874 HTTP/1.1" 200 93
186.103.159.183 - - [24/May/2018:12:35:57 -0300] "GET /cormun/servlet/hpexe_return? HTTP/1.1" 200 1004
186.103.159.183 - - [24/May/2018:12:35:57 -0300] "GET /cormun/static/gxcfg.js?2016101716175148 HTTP/1.1" 200 953
186.103.159.183 - - [24/May/2018:12:35:57 -0300] "GET /cormun/static/hpexe_return.js?2016101716175153 HTTP/1.1" 200 1633
186.103.159.183 - - [24/May/2018:12:35:57 -0300] "GET /cormun/static/Resources/Spanish/PXTools.css?167811 HTTP/1.1" 200 89042
186.103.159.183 - - [24/May/2018:12:35:58 -0300] "GET /cormun/servlet/trsolicitudot HTTP/1.1" 200 8774
186.103.159.183 - - [24/May/2018:12:36:00 -0300] "GET /cormun//static/Resources/PXToolsActionView.png HTTP/1.1" 200 2995
186.103.159.183 - - [24/May/2018:12:36:00 -0300] "GET /cormun//static/Resources/PXToolsGridUpdate.png HTTP/1.1" 200 2984
186.103.159.183 - - [24/May/2018:12:36:00 -0300] "GET /cormun//static/Resources/PXToolsGridDelete.png HTTP/1.1" 200 357
186.103.159.183 - - [24/May/2018:12:36:00 -0300] "GET /cormun//static/Resources/PXToolsRemoveAllAction.png HTTP/1.1" 200 3558
186.103.159.183 - - [24/May/2018:12:36:00 -0300] "GET /cormun//static/Resources/PXTools/ActionInsert.png HTTP/1.1" 200 1482
186.103.159.183 - - [24/May/2018:12:36:00 -0300] "GET /cormun/servlet/trsolicitudot HTTP/1.1" 200 8770
200.111.191.210 - - [24/May/2018:12:36:00 -0300] "GET /cormun/servlet/vesolicitudot?2018,8229,,SolicitudOTLog HTTP/1.1" 200 9214
200.111.191.210 - - [24/May/2018:12:36:00 -0300] "GET /cormun/pexe_scrolldiv.js HTTP/1.1" 404 1009
200.111.191.210 - - [24/May/2018:12:36:01 -0300] "GET /cormun/static/tbsolicitudot03.js?20177611592012 HTTP/1.1" 304 -
200.111.191.210 - - [24/May/2018:12:36:01 -0300] "GET /cormun/servlet/vesolicitudot?2018,8229,,SolicitudOTLog HTTP/1.1" 200 9214
200.111.191.210 - - [24/May/2018:12:36:02 -0300] "POST /cormun/servlet/acontrolpreferencessavestate?None,CA-7,true HTTP/1.1" 200 35
157.55.39.158 - - [24/May/2018:12:36:04 -0300] "GET /cormun/static/JavaScripTableSD.js?85251 HTTP/1.1" 200 25100
157.55.39.158 - - [24/May/2018:12:36:04 -0300] "GET /cormun/static/PXToolsJavascripts/pexe_cookies.js HTTP/1.1" 200 792
157.55.39.158 - - [24/May/2018:12:36:04 -0300] "GET /cormun/static/PXToolsJavascripts/pexe_picture.js HTTP/1.1" 200 689
157.55.39.158 - - [24/May/2018:12:36:05 -0300] "GET /cormun/static/PXToolsJavascripts/pexe_scrolldiv.js HTTP/1.1" 200 4138
157.55.39.158 - - [24/May/2018:12:36:05 -0300] "GET /cormun/static/PXToolsJavascripts/pexe_upload.js HTTP/1.1" 200 1423
157.55.39.158 - - [24/May/2018:12:36:05 -0300] "GET /cormun/static/Resources/PXToolsGridFirstDisabled.gif HTTP/1.1" 200 100
157.55.39.158 - - [24/May/2018:12:36:05 -0300] "GET /cormun/static/Resources/PXToolsHeaderActionsBackground.png HTTP/1.1" 200 484
157.55.39.158 - - [24/May/2018:12:36:06 -0300] "GET /cormun/static/Resources/PXToolsHeaderHome.png HTTP/1.1" 200 4147
157.55.39.158 - - [24/May/2018:12:36:06 -0300] "GET /cormun/static/Resources/PXToolsHeaderLogin.png HTTP/1.1" 200 4279
200.111.191.210 - - [24/May/2018:12:36:07 -0300] "GET /cormun/servlet/vesolicitudot?2018,8229,,General HTTP/1.1" 200 8338
200.111.191.210 - - [24/May/2018:12:36:07 -0300] "GET /cormun/pexe_scrolldiv.js HTTP/1.1" 404 1009
200.111.191.210 - - [24/May/2018:12:36:07 -0300] "GET /cormun/servlet/vesolicitudot?2018,8229,,General HTTP/1.1" 200 8338
157.55.39.158 - - [24/May/2018:12:36:08 -0300] "GET /cormun/static/Shared/jquery/jquery-1.10.2.min.js HTTP/1.1" 200 273199
157.55.39.158 - - [24/May/2018:12:36:08 -0300] "GET /cormun/static/Shared/jquery/jquery-1.4.2.min.js HTTP/1.1" 200 72174
157.55.39.158 - - [24/May/2018:12:36:09 -0300] "GET /cormun/static/Shared/jqueryui/jquery-ui.min.css?1245370 HTTP/1.1" 200 30288
200.111.191.210 - - [24/May/2018:12:36:09 -0300] "POST /cormun/servlet/vesolicitudot?13c5bb8e97911a4b15f92b3a77fc1105,2018,8229,,General,gx-no-cache=1527176159324 HTTP/1.1" 200 93
200.111.191.210 - - [24/May/2018:12:36:09 -0300] "GET /cormun/servlet/hpexe_return? HTTP/1.1" 200 1037
157.55.39.158 - - [24/May/2018:12:36:09 -0300] "GET /cormun/static/SmoothNavMenu/resources/ddsmoothmenu-v.css?1012540 HTTP/1.1" 200 1188
200.111.191.210 - - [24/May/2018:12:36:09 -0300] "GET /cormun/servlet/trsolicitudot?gx-no-cache=1527176134318 HTTP/1.1" 200 9348
157.55.39.158 - - [24/May/2018:12:36:09 -0300] "GET /cormun/static/SmoothNavMenu/resources/ddsmoothmenu.css?1012540 HTTP/1.1" 200 2223
200.111.191.210 - - [24/May/2018:12:36:09 -0300] "GET /cormun/servlet/trsolicitudot?gx-no-cache=1527176134318 HTTP/1.1" 200 9368
157.55.39.158 - - [24/May/2018:12:36:09 -0300] "GET /cormun/static/gxcfg.js?85251 HTTP/1.1" 200 953
157.55.39.158 - - [24/May/2018:12:36:10 -0300] "GET /cormun/static/gxfrmutlSD.js?85251 HTTP/1.1" 200 89044
157.55.39.158 - - [24/May/2018:12:36:10 -0300] "GET /cormun/static/gxgridSD.js?85251 HTTP/1.1" 200 50735
157.55.39.158 - - [24/May/2018:12:36:11 -0300] "GET /cormun/static/gxhtmlSD.js?85251 HTTP/1.1" 200 50424
157.55.39.158 - - [24/May/2018:12:36:11 -0300] "GET /cormun/static/gxui/gxui-all.js HTTP/1.1" 200 107772
157.55.39.158 - - [24/May/2018:12:36:11 -0300] "GET /cormun/static/hpexe_messagepopupcomponent.js?20161017169425 HTTP/1.1" 200 605
157.55.39.158 - - [24/May/2018:12:36:12 -0300] "GET /cormun/static/hpexe_recentlink.js?20177611595044 HTTP/1.1" 200 2144
157.55.39.158 - - [24/May/2018:12:36:12 -0300] "GET /cormun/static/scaMessage/css/jquery.pnotify.default.css?1716380 HTTP/1.1" 200 1707
157.55.39.158 - - [24/May/2018:12:36:12 -0300] "GET /cormun/static/scaMessage/js/jquery.pnotify.min.js HTTP/1.1" 200 13038
200.111.191.210 - - [24/May/2018:12:36:14 -0300] "GET /cormun/servlet/vesolicitudot?2018,11184,, HTTP/1.1" 200 8369
200.111.191.210 - - [24/May/2018:12:36:14 -0300] "GET /cormun/pexe_scrolldiv.js HTTP/1.1" 404 1009
200.111.191.210 - - [24/May/2018:12:36:14 -0300] "GET /cormun/servlet/vesolicitudot?2018,11184,, HTTP/1.1" 200 8345
200.111.191.210 - - [24/May/2018:12:36:21 -0300] "GET /cormun/servlet/vesolicitudot?2018,11184,,SolicitudOTLog HTTP/1.1" 200 9556
200.111.191.210 - - [24/May/2018:12:36:21 -0300] "GET /cormun/pexe_scrolldiv.js HTTP/1.1" 404 1009
200.111.191.210 - - [24/May/2018:12:36:21 -0300] "GET /cormun/pexe_scrolldiv.js HTTP/1.1" 404 1009
200.111.191.210 - - [24/May/2018:12:36:21 -0300] "GET /cormun/servlet/vesolicitudot?2018,11184,,SolicitudOTLog HTTP/1.1" 200 9557
200.111.191.210 - - [24/May/2018:12:36:22 -0300] "POST /cormun/servlet/acontrolpreferencessavestate?None,CA-7,true HTTP/1.1" 200 35
186.103.159.183 - - [24/May/2018:12:36:28 -0300] "POST /cormun/servlet/trsolicitudot?425031b35506b6cae57c0fbafad6d589,gx-no-cache=1527176129017 HTTP/1.1" 200 4683
186.103.159.183 - - [24/May/2018:12:36:28 -0300] "GET /cormun/static/Shared/jqueryui/images/ui-bg_highlight-soft_100_c6c2c8_1x100.png HTTP/1.1" 404 1117
186.103.159.183 - - [24/May/2018:12:36:28 -0300] "GET /cormun/static/Shared/jqueryui/images/ui-bg_flat_55_fafafa_40x100.png HTTP/1.1" 404 1097
186.103.159.183 - - [24/May/2018:12:36:28 -0300] "GET /cormun/static/Shared/jqueryui/images/ui-icons_8d78a5_256x240.png HTTP/1.1" 404 1089
186.103.159.183 - - [24/May/2018:12:36:29 -0300] "GET /cormun/static/Shared/jqueryui/images/ui-icons_82798d_256x240.png HTTP/1.1" 404 1089
186.103.159.183 - - [24/May/2018:12:36:30 -0300] "POST /cormun/servlet/trsolicitudot?425031b35506b6cae57c0fbafad6d589,gx-no-cache=1527176130933 HTTP/1.1" 200 4448
186.103.159.183 - - [24/May/2018:12:36:37 -0300] "GET /cormun/servlet/trautorizarsolicitud? HTTP/1.1" 200 8666
186.103.159.183 - - [24/May/2018:12:36:38 -0300] "GET /cormun/static/gxcfg.js?2017111423403364 HTTP/1.1" 200 953
186.103.159.183 - - [24/May/2018:12:36:38 -0300] "GET /cormun/static/trautorizarsolicitud.js?201711142340425 HTTP/1.1" 200 53910
186.103.159.183 - - [24/May/2018:12:36:39 -0300] "GET /cormun/servlet/trautorizarsolicitud? HTTP/1.1" 200 8665
186.103.157.246 - - [24/May/2018:12:36:41 -0300] "GET /cormun/servlet/solicitudot?dfbfb0d9d7ee162be1c9cda35e0c6309883bdeaf29517a788339d0fba131a5df7ad2ba8b8ea460a69e6043dd79aee858,gx-no-cache=1527176142604 HTTP/1.1" 200 30
186.103.159.183 - - [24/May/2018:12:36:43 -0300] "POST /cormun/servlet/trautorizarsolicitud?425031b35506b6cae57c0fbafad6d589,,gx-no-cache=1527176144543 HTTP/1.1" 200 4615
186.103.159.183 - - [24/May/2018:12:36:43 -0300] "GET /cormun/static/Shared/jqueryui/images/ui-icons_8d78a5_256x240.png HTTP/1.1" 404 1089
186.103.159.183 - - [24/May/2018:12:36:43 -0300] "GET /cormun/static/Shared/jqueryui/images/ui-icons_82798d_256x240.png HTTP/1.1" 404 1089
186.103.159.183 - - [24/May/2018:12:36:44 -0300] "GET /cormun/static/Shared/jqueryui/images/ui-bg_flat_55_fafafa_40x100.png HTTP/1.1" 404 1097
186.103.159.183 - - [24/May/2018:12:36:44 -0300] "GET /cormun/static/Shared/jqueryui/images/ui-bg_highlight-soft_100_c6c2c8_1x100.png HTTP/1.1" 404 1117
186.103.159.183 - - [24/May/2018:12:36:44 -0300] "POST /cormun/servlet/trautorizarsolicitud?425031b35506b6cae57c0fbafad6d589,,gx-no-cache=1527176145062 HTTP/1.1" 200 4381
186.103.159.183 - - [24/May/2018:12:36:50 -0300] "GET /cormun/servlet/trsolicitudot? HTTP/1.1" 200 7407
186.103.159.183 - - [24/May/2018:12:36:52 -0300] "GET /cormun/servlet/trsolicitudot? HTTP/1.1" 200 7406
186.103.159.183 - - [24/May/2018:12:36:56 -0300] "GET /cormun/servlet/solicitudot?INS,0,0, HTTP/1.1" 200 13640
186.103.157.246 - - [24/May/2018:12:36:56 -0300] "POST /cormun/servlet/solicitudot?gx-no-cache=1527176157878 HTTP/1.1" 200 146
186.103.157.246 - - [24/May/2018:12:36:56 -0300] "POST /cormun/servlet/solicitudot?f5a387f7946576a2be70e7110327ca30,INS,0,0,,gx-no-cache=1527176158001 HTTP/1.1" 200 11773
186.103.159.183 - - [24/May/2018:12:36:57 -0300] "GET /cormun/servlet/solicitudot?INS,0,0, HTTP/1.1" 200 13645
186.103.159.183 - - [24/May/2018:12:37:31 -0300] "POST /cormun/servlet/solicitudot?gx-no-cache=1527176190992 HTTP/1.1" 200 3292
186.103.159.183 - - [24/May/2018:12:37:31 -0300] "POST /cormun/servlet/solicitudot?425031b35506b6cae57c0fbafad6d589,INS,0,0,,gx-no-cache=1527176192890 HTTP/1.1" 200 10448
192.168.10.62 - - [24/May/2018:12:37:35 -0300] "GET /cormun/servlet/trsolicitudgral? HTTP/1.1" 200 28568
192.168.10.62 - - [24/May/2018:12:37:36 -0300] "GET /cormun/servlet/trsolicitudgral? HTTP/1.1" 200 28557
186.103.159.183 - - [24/May/2018:12:37:38 -0300] "GET /cormun/servlet/solicitudot?b01ba932eb3b693d06ab89c2420a5c7e6849f18a711d000dec4bc743adc82f491c173bd397375e58c05d5794bd1833de,gx-no-cache=1527176199341 HTTP/1.1" 200 30
192.168.10.62 - - [24/May/2018:12:38:18 -0300] "POST /cormun/servlet/trsolicitudgral?e6f019961076d97075b795216afefb52,,gx-no-cache=1527176105517 HTTP/1.1" 200 24512
192.168.10.62 - - [24/May/2018:12:38:21 -0300] "POST /cormun/servlet/trsolicitudgral?e6f019961076d97075b795216afefb52,,gx-no-cache=1527176107895 HTTP/1.1" 200 105
192.168.10.62 - - [24/May/2018:12:38:21 -0300] "GET /cormun/SolicitudGral-5923.xls HTTP/1.1" 200 41984
200.54.247.70 - - [24/May/2018:12:38:42 -0300] "GET /cormun/servlet/trlicencias? HTTP/1.1" 200 8516
200.54.247.70 - - [24/May/2018:12:38:43 -0300] "GET /cormun/servlet/trlicencias? HTTP/1.1" 200 8515
200.54.247.70 - - [24/May/2018:12:38:46 -0300] "GET /cormun/servlet/licenciaspermisos?INS,0,,, HTTP/1.1" 200 7765
200.54.247.70 - - [24/May/2018:12:38:46 -0300] "GET /cormun/servlet/licenciaspermisos?INS,0,,, HTTP/1.1" 200 7772
200.54.247.70 - - [24/May/2018:12:38:48 -0300] "GET /cormun/servlet/prfichaempleado?,MD,,gxPopupLevel%3D0%3B HTTP/1.1" 200 9402
200.54.247.70 - - [24/May/2018:12:38:56 -0300] "POST /cormun/servlet/prfichaempleado?745dbd7f5b486a4286cc2875b882beae,,MD,,gxPopupLevel%3D0%3B,gx-no-cache=1527176274950 HTTP/1.1" 200 4998
186.103.159.183 - - [24/May/2018:12:38:59 -0300] "GET /cormun/servlet/prbanco?,MD,,gxPopupLevel%3D0%3B HTTP/1.1" 200 6633
186.103.159.183 - - [24/May/2018:12:39:03 -0300] "GET /cormun/servlet/solicitudot?b01ba932eb3b693d06ab89c2420a5c7e3912f44ddf7af4540016b8a919a966dbceda789c42cf26567d77f60d23245f37f4033dde148cb2fbc77133cd5cb5de47,gx-no-cache=1527176285131 HTTP/1.1" 200 30
186.103.159.183 - - [24/May/2018:12:39:06 -0300] "GET /cormun/servlet/solicitudot?b01ba932eb3b693d06ab89c2420a5c7e720db1a46b7e48e250cec64eeb2509e2,gx-no-cache=1527176287841 HTTP/1.1" 200 53
186.103.159.183 - - [24/May/2018:12:39:23 -0300] "POST /cormun/servlet/solicitudot?gx-no-cache=1527176304185 HTTP/1.1" 200 297
186.103.159.183 - - [24/May/2018:12:39:23 -0300] "GET /cormun/servlet/solicitudot?b01ba932eb3b693d06ab89c2420a5c7e2fa3549411e8893835b5f89390d19536473ab1f33d76c743dd554c1004280185ca83844a52e5d510f7ada90d9cfea2b5955cc5a3dc086425025663a2458db6392ed36bc7c226086a349741d3cc7763f770311d16e88d906660770cf75d1c79e33a4f292c873a2b3412433d1c728c97739e122abc1a6612372bc8605bc9c222abc39730c75bf8ca667293cea33f38c7f9a7c06c825373cf97fb60ac2f70bd01d92ae230b137a34bdb4bf214b53a2cbb69da80946bfbd6c64b3b07e0fdf1e63c065cbe57f16964e9a7bd9015436e4f9fbe061d0129cfa3fd9d1c1898868e61e6c22713a6dbc4b04e2409f20757fc6d2b3506eb9144286e623d6b6114d796ac79b4a08ab18b2b40a551269910c224a970c79a9cca7de36dc90cc2dae6cfff1c146177b2a96599bd8ccb3ccd27a2ea47dd3130e48298eef60367d49bae5012837eb34bde63770bd8ce82572282bb55baf8ac333e0919ad290204c7aeca5dddcb8e10d3554bf15bdd9dc6c7e64ad09ea203b0426234cdca9e8fefcf37d7c7c92a644f,gx-no-cache=1527176304360 HTTP/1.1" 200 30
186.103.159.183 - - [24/May/2018:12:39:31 -0300] "POST /cormun/servlet/solicitudot?gx-no-cache=1527176312330 HTTP/1.1" 200 30
186.103.159.189 - - [24/May/2018:12:39:41 -0300] "POST /cormun/servlet/trsolicitudot?b2e43ed19f8d3713c6578df2afec50ab,gx-no-cache=1527176320918 HTTP/1.1" 200 4457
186.103.159.189 - - [24/May/2018:12:39:41 -0300] "GET /cormun/static/Shared/jqueryui/images/ui-bg_highlight-soft_100_c6c2c8_1x100.png HTTP/1.1" 404 1117
186.103.159.189 - - [24/May/2018:12:39:41 -0300] "GET /cormun/static/Shared/jqueryui/images/ui-icons_82798d_256x240.png HTTP/1.1" 404 1089
186.103.159.189 - - [24/May/2018:12:39:41 -0300] "GET /cormun/static/Shared/jqueryui/images/ui-bg_flat_55_fafafa_40x100.png HTTP/1.1" 404 1097
186.103.159.189 - - [24/May/2018:12:39:41 -0300] "GET /cormun/static/Shared/jqueryui/images/ui-icons_8d78a5_256x240.png HTTP/1.1" 404 1089
186.103.159.189 - - [24/May/2018:12:39:41 -0300] "POST /cormun/servlet/trsolicitudot?b2e43ed19f8d3713c6578df2afec50ab,gx-no-cache=1527176321807 HTTP/1.1" 200 4246
186.103.159.183 - - [24/May/2018:12:39:45 -0300] "POST /cormun/servlet/solicitudot?gx-no-cache=1527176326818 HTTP/1.1" 200 1369
