192.168.10.96 - - [23/May/2018:14:06:43 -0300] "GET /cormun/static/Shared/jqueryui/images/ui-bg_flat_55_fafafa_40x100.png HTTP/1.1" 404 1097
192.168.10.96 - - [23/May/2018:14:06:43 -0300] "GET /cormun/static/Shared/jqueryui/images/ui-icons_8d78a5_256x240.png HTTP/1.1" 404 1089
192.168.10.96 - - [23/May/2018:14:06:43 -0300] "POST /cormun/servlet/trautorizarsolicitud?840df45e05273256da85ac46fece8639,,gx-no-cache=1527095011117 HTTP/1.1" 200 4383
192.168.10.96 - - [23/May/2018:14:06:51 -0300] "GET /cormun/servlet/hlogin HTTP/1.1" 200 1740
186.103.157.42 - - [23/May/2018:14:07:01 -0300] "GET /cormun/servlet/prbanco?,MD,,gxPopupLevel%3D0%3B HTTP/1.1" 200 6706
186.103.157.42 - - [23/May/2018:14:07:14 -0300] "GET /cormun/servlet/solicitudot?4d006a26da86bcad95f06b293c00efd73754c87c7fa98ca6efc06406fc0121d82739084656932f942ba49d91a7e1263a77df6557977fc4ff24275aee604bb9d6,gx-no-cache=1527095175921 HTTP/1.1" 200 30
186.103.157.42 - - [23/May/2018:14:07:19 -0300] "GET /cormun/servlet/solicitudot?4d006a26da86bcad95f06b293c00efd732c33f0a0ab32345a6d1532e36302a25,gx-no-cache=1527095180800 HTTP/1.1" 200 53
186.103.157.42 - - [23/May/2018:14:07:31 -0300] "POST /cormun/servlet/solicitudot?gx-no-cache=1527095192429 HTTP/1.1" 200 255
186.103.157.42 - - [23/May/2018:14:07:33 -0300] "GET /cormun/servlet/solicitudot?4d006a26da86bcad95f06b293c00efd75713b72bac3418d361d25dc5cdd10f4b12c09086fe0bb4805a5843321da09dd5e6cee1b6ebfd583550dfc0e8ffd0caec29790c3119a785476594e10cc02d53789e33d49af945c8d1f76d48b85c45773845a39f3d81389dc96f4162bfe2de9d508d3b39ff6559a77f20d4a9298e8cb18548f59c0aaef0c3306c419a52b77c86bcc26970ff76d822b8f54eb3ed7696c0cef10c2f6193ffbf692d148451e90d85a9a157a82bb4bc4dfda56816c248c3dd32137b646c028bf9bc10b8005f7315651493c32e07436b8d31dd402986fb636cbc789c379ce9c978c05b75452e12d360a359fe5688c6a708fb5511f77fc56c3ac29e182fd5b48f3f3c17502cb6cf0d3226811844df9185c0d1ee99cf94a54299368f509570dc880d0ccc333ddfeaaa396fab7be3ee6c37ccbd0071d15644df3af8af7668edc87ba95f46da2e4e1b9ba92263bae3e042cc26a30ef7a73a9da2bb3913b20e6ff7c4cc6a8f640d81fdc96991e7c2ec684eef66f1dcfb397672d2d1f9,gx-no-cache=1527095194021 HTTP/1.1" 200 30
186.103.157.42 - - [23/May/2018:14:07:44 -0300] "POST /cormun/servlet/solicitudot?gx-no-cache=1527095205583 HTTP/1.1" 200 30
186.103.157.42 - - [23/May/2018:14:08:17 -0300] "POST /cormun/servlet/solicitudot?gx-no-cache=1527095238089 HTTP/1.1" 200 1369
186.103.157.42 - - [23/May/2018:14:08:17 -0300] "POST /cormun/servlet/solicitudot?gx-no-cache=1527095238362 HTTP/1.1" 200 38
186.103.157.42 - - [23/May/2018:14:08:43 -0300] "GET /cormun/servlet/solicitudot?4d006a26da86bcad95f06b293c00efd7e0f59886bddd66dbebc65547c58b2e130f9e503b915d35646fc3f92db57dcfcb7125820331d3326521b2cf78c269576fec4d769d127eb79234a8d74f7279512027a115b9ed681aa9578d7795dd759479e051cab9b9fe81e2620d7980585ee888,gx-no-cache=1527095264244 HTTP/1.1" 200 29
186.103.157.42 - - [23/May/2018:14:08:43 -0300] "POST /cormun/servlet/solicitudot?gx-no-cache=1527095264291 HTTP/1.1" 200 1351
186.103.157.42 - - [23/May/2018:14:08:43 -0300] "POST /cormun/servlet/solicitudot?gx-no-cache=1527095264356 HTTP/1.1" 200 1249
186.103.157.42 - - [23/May/2018:14:08:43 -0300] "GET /cormun/static/menuarrow.gif HTTP/1.1" 404 1015
186.103.157.42 - - [23/May/2018:14:08:45 -0300] "POST /cormun/servlet/solicitudot?gx-no-cache=1527095266577 HTTP/1.1" 200 1351
186.103.157.42 - - [23/May/2018:14:08:45 -0300] "POST /cormun/servlet/solicitudot?gx-no-cache=1527095266644 HTTP/1.1" 200 1249
186.103.157.42 - - [23/May/2018:14:08:49 -0300] "GET /cormun/servlet/solicitudot?4d006a26da86bcad95f06b293c00efd73be30762a27c3cd1b14f8abb37f6183858231d2faf79f3537c6031d2b4d0849c,gx-no-cache=1527095270689 HTTP/1.1" 200 30
186.103.157.42 - - [23/May/2018:14:09:04 -0300] "POST /cormun/servlet/solicitudot?gx-no-cache=1527095285349 HTTP/1.1" 200 30
186.103.157.42 - - [23/May/2018:14:09:05 -0300] "POST /cormun/servlet/solicitudot?d681eee1e4b2972388b31b855a311ab9,INS,0,0,,gx-no-cache=1527095285442 HTTP/1.1" 200 93
186.103.157.42 - - [23/May/2018:14:09:05 -0300] "GET /cormun/servlet/hpexe_return? HTTP/1.1" 200 1011
186.103.157.42 - - [23/May/2018:14:09:07 -0300] "GET /cormun/servlet/vesolicitudot?2018,9812,, HTTP/1.1" 200 8597
186.103.157.42 - - [23/May/2018:14:09:07 -0300] "GET /cormun/pexe_scrolldiv.js HTTP/1.1" 404 1009
186.103.157.42 - - [23/May/2018:14:09:07 -0300] "GET /cormun/pexe_scrolldiv.js HTTP/1.1" 404 1009
186.103.157.42 - - [23/May/2018:14:09:07 -0300] "GET /cormun/servlet/vesolicitudot?2018,9812,, HTTP/1.1" 200 8593
186.103.157.42 - - [23/May/2018:14:09:13 -0300] "GET /cormun/servlet/trsolicitudot? HTTP/1.1" 200 9246
186.103.157.42 - - [23/May/2018:14:09:13 -0300] "GET /cormun/servlet/trsolicitudot? HTTP/1.1" 200 9246
186.103.157.42 - - [23/May/2018:14:09:23 -0300] "GET /cormun/servlet/solicitudot?INS,0,0, HTTP/1.1" 200 13694
186.103.157.42 - - [23/May/2018:14:09:24 -0300] "GET /cormun/servlet/solicitudot?INS,0,0, HTTP/1.1" 200 13699
186.103.157.42 - - [23/May/2018:14:09:36 -0300] "POST /cormun/servlet/solicitudot?gx-no-cache=1527095317043 HTTP/1.1" 200 3292
186.103.157.42 - - [23/May/2018:14:09:36 -0300] "POST /cormun/servlet/solicitudot?d681eee1e4b2972388b31b855a311ab9,INS,0,0,,gx-no-cache=1527095317238 HTTP/1.1" 200 10443
186.103.157.42 - - [23/May/2018:14:09:41 -0300] "GET /cormun/servlet/solicitudot?4d006a26da86bcad95f06b293c00efd76592a1e914ee49250d842ab5e842c6d8e62eed484def0ee30603c53c64460ade,gx-no-cache=1527095322159 HTTP/1.1" 200 30
186.103.157.42 - - [23/May/2018:14:10:41 -0300] "GET /cormun/servlet/prbanco?,MD,,gxPopupLevel%3D0%3B HTTP/1.1" 200 6706
186.103.157.42 - - [23/May/2018:14:10:47 -0300] "GET /cormun/servlet/solicitudot?4d006a26da86bcad95f06b293c00efd73754c87c7fa98ca6efc06406fc0121d82739084656932f942ba49d91a7e1263a77df6557977fc4ff24275aee604bb9d6,gx-no-cache=1527095389035 HTTP/1.1" 200 30
186.103.157.42 - - [23/May/2018:14:10:49 -0300] "GET /cormun/servlet/solicitudot?4d006a26da86bcad95f06b293c00efd732c33f0a0ab32345a6d1532e36302a25,gx-no-cache=1527095390071 HTTP/1.1" 200 53
186.103.157.42 - - [23/May/2018:14:11:02 -0300] "POST /cormun/servlet/solicitudot?gx-no-cache=1527095403889 HTTP/1.1" 200 255
186.103.157.42 - - [23/May/2018:14:11:04 -0300] "GET /cormun/servlet/solicitudot?4d006a26da86bcad95f06b293c00efd75713b72bac3418d361d25dc5cdd10f4b12c09086fe0bb4805a5843321da09dd5e6cee1b6ebfd583550dfc0e8ffd0caec29790c3119a785476594e10cc02d53789e33d49af945c8d1f76d48b85c45773845a39f3d81389dc96f4162bfe2de9d508d3b39ff6559a77f20d4a9298e8cb18548f59c0aaef0c3306c419a52b77c86bcc26970ff76d822b8f54eb3ed7696c0cef10c2f6193ffbf692d148451e90d85a9a157a82bb4bc4dfda56816c248c3dd32137b646c028bf9bc10b8005f7315651493c32e07436b8d31dd402986fb636cbc789c379ce9c978c05b75452e12d360a359fe5688c6a708fb5511f77fc56c3ac29e182fd5b48f3f3c17502cb6cf0d3226811844df9185c0d1ee99cf94a54299368f509570dc880d0ccc333ddfeaaa396fab7be3ee6c37ccbd0071d15644df3af8af7668edc87ba95f46da2e4e1b9ba92263bae3e042cc26a30ef7a73a9da2bb3913b20e6ff7c4cc6a8f640d81fdc96991e7c2ec684eef66f1dcfb397672d2d1f9,gx-no-cache=1527095404984 HTTP/1.1" 200 30
186.103.157.42 - - [23/May/2018:14:11:06 -0300] "POST /cormun/servlet/solicitudot?gx-no-cache=1527095407283 HTTP/1.1" 200 30
186.103.157.42 - - [23/May/2018:14:11:18 -0300] "POST /cormun/servlet/solicitudot?gx-no-cache=1527095419456 HTTP/1.1" 200 1369
186.103.157.42 - - [23/May/2018:14:11:18 -0300] "POST /cormun/servlet/solicitudot?gx-no-cache=1527095419589 HTTP/1.1" 200 38
186.103.157.42 - - [23/May/2018:14:11:29 -0300] "GET /cormun/servlet/solicitudot?4d006a26da86bcad95f06b293c00efd7e0f59886bddd66dbebc65547c58b2e130f9e503b915d35646fc3f92db57dcfcb7125820331d3326521b2cf78c269576fec4d769d127eb79234a8d74f7279512027a115b9ed681aa9578d7795dd759479e051cab9b9fe81e2620d7980585ee888,gx-no-cache=1527095430286 HTTP/1.1" 200 29
186.103.157.42 - - [23/May/2018:14:11:31 -0300] "POST /cormun/servlet/solicitudot?gx-no-cache=1527095431273 HTTP/1.1" 200 1351
186.103.157.42 - - [23/May/2018:14:11:31 -0300] "POST /cormun/servlet/solicitudot?gx-no-cache=1527095432458 HTTP/1.1" 200 1249
186.103.157.42 - - [23/May/2018:14:11:33 -0300] "GET /cormun/static/menuarrow.gif HTTP/1.1" 404 1015
200.86.99.60 - - [23/May/2018:14:11:33 -0300] "GET /cormun/servlet/hlogin HTTP/1.1" 200 1740
186.103.157.42 - - [23/May/2018:14:11:37 -0300] "POST /cormun/servlet/solicitudot?gx-no-cache=1527095438256 HTTP/1.1" 200 1351
186.103.157.42 - - [23/May/2018:14:11:37 -0300] "POST /cormun/servlet/solicitudot?gx-no-cache=1527095438383 HTTP/1.1" 200 1249
186.103.157.42 - - [23/May/2018:14:11:39 -0300] "GET /cormun/servlet/solicitudot?4d006a26da86bcad95f06b293c00efd73be30762a27c3cd1b14f8abb37f6183858231d2faf79f3537c6031d2b4d0849c,gx-no-cache=1527095440479 HTTP/1.1" 200 30
186.103.157.42 - - [23/May/2018:14:11:53 -0300] "POST /cormun/servlet/solicitudot?gx-no-cache=1527095454540 HTTP/1.1" 200 30
186.103.157.42 - - [23/May/2018:14:11:54 -0300] "POST /cormun/servlet/solicitudot?d681eee1e4b2972388b31b855a311ab9,INS,0,0,,gx-no-cache=1527095454655 HTTP/1.1" 200 93
186.103.157.42 - - [23/May/2018:14:11:54 -0300] "GET /cormun/servlet/hpexe_return? HTTP/1.1" 200 1003
186.103.157.42 - - [23/May/2018:14:11:55 -0300] "GET /cormun/servlet/trsolicitudot HTTP/1.1" 200 9521
186.103.157.42 - - [23/May/2018:14:11:59 -0300] "GET /cormun/servlet/trsolicitudot HTTP/1.1" 200 9517
192.168.10.89 - - [23/May/2018:14:12:01 -0300] "GET /cormun/servlet/hlogin HTTP/1.1" 200 1722
186.103.157.42 - - [23/May/2018:14:12:06 -0300] "POST /cormun/servlet/trsolicitudot?d681eee1e4b2972388b31b855a311ab9,gx-no-cache=1527095466983 HTTP/1.1" 200 6591
186.103.157.42 - - [23/May/2018:14:12:06 -0300] "GET /cormun/static/Shared/jqueryui/images/ui-bg_highlight-soft_100_c6c2c8_1x100.png HTTP/1.1" 404 1117
186.103.157.42 - - [23/May/2018:14:12:06 -0300] "GET /cormun/static/Shared/jqueryui/images/ui-icons_82798d_256x240.png HTTP/1.1" 404 1089
186.103.157.42 - - [23/May/2018:14:12:06 -0300] "GET /cormun/static/Shared/jqueryui/images/ui-bg_flat_55_fafafa_40x100.png HTTP/1.1" 404 1097
186.103.157.42 - - [23/May/2018:14:12:06 -0300] "GET /cormun/static/Shared/jqueryui/images/ui-icons_8d78a5_256x240.png HTTP/1.1" 404 1089
186.103.157.42 - - [23/May/2018:14:12:07 -0300] "POST /cormun/servlet/trsolicitudot?d681eee1e4b2972388b31b855a311ab9,gx-no-cache=1527095467725 HTTP/1.1" 200 6537
186.103.157.42 - - [23/May/2018:14:12:09 -0300] "POST /cormun/servlet/trsolicitudot?d681eee1e4b2972388b31b855a311ab9,gx-no-cache=1527095469816 HTTP/1.1" 200 6584
186.103.157.42 - - [23/May/2018:14:12:10 -0300] "POST /cormun/servlet/trsolicitudot?d681eee1e4b2972388b31b855a311ab9,gx-no-cache=1527095471276 HTTP/1.1" 200 6530
192.168.10.89 - - [23/May/2018:14:12:12 -0300] "POST /cormun/servlet/hlogin?943939a9de07b516d8af8044b8770ed8,gx-no-cache=1527095339861 HTTP/1.1" 200 90
192.168.10.89 - - [23/May/2018:14:12:12 -0300] "GET /cormun/servlet/hpexe_link HTTP/1.1" 200 950
192.168.10.89 - - [23/May/2018:14:12:12 -0300] "GET /cormun/servlet/hhome HTTP/1.1" 200 4922
186.103.157.42 - - [23/May/2018:14:12:12 -0300] "GET /cormun/servlet/trautorizarsolicitud? HTTP/1.1" 200 9090
186.103.157.42 - - [23/May/2018:14:12:13 -0300] "GET /cormun/servlet/trautorizarsolicitud? HTTP/1.1" 200 9089
186.103.157.42 - - [23/May/2018:14:12:16 -0300] "POST /cormun/servlet/trautorizarsolicitud?d681eee1e4b2972388b31b855a311ab9,,gx-no-cache=1527095476836 HTTP/1.1" 200 5823
192.168.10.89 - - [23/May/2018:14:12:19 -0300] "GET /cormun/servlet/trsolicitudgral? HTTP/1.1" 200 28068
186.103.157.42 - - [23/May/2018:14:12:20 -0300] "GET /cormun/static/Shared/jqueryui/images/ui-bg_highlight-soft_100_c6c2c8_1x100.png HTTP/1.1" 404 1117
186.103.157.42 - - [23/May/2018:14:12:20 -0300] "GET /cormun/static/Shared/jqueryui/images/ui-icons_82798d_256x240.png HTTP/1.1" 404 1089
186.103.157.42 - - [23/May/2018:14:12:20 -0300] "GET /cormun/static/Shared/jqueryui/images/ui-icons_8d78a5_256x240.png HTTP/1.1" 404 1089
186.103.157.42 - - [23/May/2018:14:12:20 -0300] "GET /cormun/static/Shared/jqueryui/images/ui-bg_flat_55_fafafa_40x100.png HTTP/1.1" 404 1097
186.103.157.42 - - [23/May/2018:14:12:20 -0300] "POST /cormun/servlet/trautorizarsolicitud?d681eee1e4b2972388b31b855a311ab9,,gx-no-cache=1527095481522 HTTP/1.1" 200 5768
186.103.157.42 - - [23/May/2018:14:12:23 -0300] "POST /cormun/servlet/trautorizarsolicitud?d681eee1e4b2972388b31b855a311ab9,,gx-no-cache=1527095483478 HTTP/1.1" 200 4614
186.103.157.42 - - [23/May/2018:14:12:23 -0300] "POST /cormun/servlet/trautorizarsolicitud?d681eee1e4b2972388b31b855a311ab9,,gx-no-cache=1527095484429 HTTP/1.1" 200 4381
192.168.10.89 - - [23/May/2018:14:12:38 -0300] "POST /cormun/servlet/trsolicitudgral?943939a9de07b516d8af8044b8770ed8,,gx-no-cache=1527095365908 HTTP/1.1" 200 11460
192.168.10.89 - - [23/May/2018:14:13:12 -0300] "POST /cormun/servlet/trsolicitudgral?943939a9de07b516d8af8044b8770ed8,,gx-no-cache=1527095400270 HTTP/1.1" 200 7619
186.67.164.142 - - [23/May/2018:14:14:28 -0300] "GET /cormun/servlet/trsolicitudot? HTTP/1.1" 200 6405
186.67.164.142 - - [23/May/2018:14:14:28 -0300] "GET /cormun/servlet/trsolicitudot? HTTP/1.1" 200 6403
186.67.164.142 - - [23/May/2018:14:14:28 -0300] "GET /cormun/servlet/hlogin HTTP/1.1" 200 1736
186.67.164.142 - - [23/May/2018:14:14:33 -0300] "POST /cormun/servlet/hlogin?a0c228d1b44beab1c47427fa7bb4e44b,gx-no-cache=1527095612478 HTTP/1.1" 200 90
186.67.164.142 - - [23/May/2018:14:14:33 -0300] "GET /cormun/servlet/hpexe_link HTTP/1.1" 200 956
186.67.164.142 - - [23/May/2018:14:14:33 -0300] "GET /cormun/servlet/trsolicitudot HTTP/1.1" 200 7017
186.67.164.142 - - [23/May/2018:14:14:34 -0300] "GET /cormun/servlet/trsolicitudot HTTP/1.1" 200 7015
186.67.164.142 - - [23/May/2018:14:14:38 -0300] "GET /cormun/servlet/solicitudot?INS,0,0, HTTP/1.1" 200 13427
186.67.164.142 - - [23/May/2018:14:14:38 -0300] "GET /cormun/servlet/solicitudot?INS,0,0, HTTP/1.1" 200 13432
186.103.157.42 - - [23/May/2018:14:14:42 -0300] "GET /cormun/servlet/trsolicitudot? HTTP/1.1" 200 9516
186.103.157.42 - - [23/May/2018:14:14:43 -0300] "GET /cormun/servlet/trsolicitudot? HTTP/1.1" 200 9516
186.103.157.42 - - [23/May/2018:14:14:55 -0300] "POST /cormun/servlet/trsolicitudot?d681eee1e4b2972388b31b855a311ab9,,gx-no-cache=1527095636329 HTTP/1.1" 200 4485
186.103.157.42 - - [23/May/2018:14:15:01 -0300] "POST /cormun/servlet/trsolicitudot?d681eee1e4b2972388b31b855a311ab9,,gx-no-cache=1527095642180 HTTP/1.1" 200 6218
186.103.157.42 - - [23/May/2018:14:15:10 -0300] "GET /cormun/servlet/vesolicitudot?2018,10483,, HTTP/1.1" 200 8567
186.103.157.42 - - [23/May/2018:14:15:11 -0300] "GET /cormun/pexe_scrolldiv.js HTTP/1.1" 404 1009
186.103.157.42 - - [23/May/2018:14:15:12 -0300] "GET /cormun/servlet/vesolicitudot?2018,10483,, HTTP/1.1" 200 8567
192.168.10.89 - - [23/May/2018:14:15:12 -0300] "GET /cormun/servlet/hlogin HTTP/1.1" 200 1742
192.168.10.89 - - [23/May/2018:14:15:29 -0300] "POST /cormun/servlet/hlogin?943939a9de07b516d8af8044b8770ed8,gx-no-cache=1527095536978 HTTP/1.1" 200 90
192.168.10.89 - - [23/May/2018:14:15:29 -0300] "GET /cormun/servlet/hpexe_link HTTP/1.1" 200 950
192.168.10.89 - - [23/May/2018:14:15:29 -0300] "GET /cormun/servlet/hhome HTTP/1.1" 200 4241
192.168.10.89 - - [23/May/2018:14:15:32 -0300] "GET /cormun/servlet/trsolicitudot? HTTP/1.1" 200 7454
186.67.164.142 - - [23/May/2018:14:15:32 -0300] "GET /cormun/servlet/trsolicitudot? HTTP/1.1" 200 7016
186.67.164.142 - - [23/May/2018:14:15:32 -0300] "GET /cormun/servlet/trsolicitudot? HTTP/1.1" 200 7015
186.103.157.42 - - [23/May/2018:14:15:33 -0300] "GET /cormun/servlet/trsolicitudot? HTTP/1.1" 200 9217
186.103.157.42 - - [23/May/2018:14:15:33 -0300] "GET /cormun/servlet/trsolicitudot? HTTP/1.1" 200 9216
186.67.164.142 - - [23/May/2018:14:15:34 -0300] "GET /cormun/static/menuarrow.gif HTTP/1.1" 404 1015
192.168.10.89 - - [23/May/2018:14:15:35 -0300] "GET /cormun/servlet/solicitudot?INS,0,0, HTTP/1.1" 200 13677
186.103.157.42 - - [23/May/2018:14:15:36 -0300] "GET /cormun/servlet/solicitudot?INS,0,0, HTTP/1.1" 200 13694
192.168.10.89 - - [23/May/2018:14:15:37 -0300] "GET /cormun/servlet/prfichaempleado?,MD,,gxPopupLevel%3D0%3B HTTP/1.1" 200 9400
186.103.157.42 - - [23/May/2018:14:15:37 -0300] "GET /cormun/servlet/solicitudot?INS,0,0, HTTP/1.1" 200 13699
186.67.164.142 - - [23/May/2018:14:15:44 -0300] "POST /cormun/servlet/trsolicitudot?a0c228d1b44beab1c47427fa7bb4e44b,,gx-no-cache=1527095681788 HTTP/1.1" 200 23159
192.168.10.89 - - [23/May/2018:14:15:51 -0300] "POST /cormun/servlet/prfichaempleado?943939a9de07b516d8af8044b8770ed8,,MD,,gxPopupLevel%3D0%3B,gx-no-cache=1527095558847 HTTP/1.1" 200 3423
186.103.157.42 - - [23/May/2018:14:15:51 -0300] "POST /cormun/servlet/solicitudot?gx-no-cache=1527095691926 HTTP/1.1" 200 3292
186.103.157.42 - - [23/May/2018:14:15:51 -0300] "POST /cormun/servlet/solicitudot?d681eee1e4b2972388b31b855a311ab9,INS,0,0,,gx-no-cache=1527095692419 HTTP/1.1" 200 10444
186.103.157.42 - - [23/May/2018:14:15:54 -0300] "GET /cormun/servlet/solicitudot?4d006a26da86bcad95f06b293c00efd7b1c389a336465dfc03193b627e84f379e62eed484def0ee30603c53c64460ade,gx-no-cache=1527095695830 HTTP/1.1" 200 30
192.168.10.89 - - [23/May/2018:14:15:57 -0300] "POST /cormun/servlet/solicitudot?gx-no-cache=1527095565046 HTTP/1.1" 200 3370
192.168.10.89 - - [23/May/2018:14:15:57 -0300] "POST /cormun/servlet/solicitudot?943939a9de07b516d8af8044b8770ed8,INS,0,0,,gx-no-cache=1527095565295 HTTP/1.1" 200 10539
192.168.10.89 - - [23/May/2018:14:16:08 -0300] "GET /cormun/servlet/solicitudot?d1f8c7cffae86e10e58a1ef3700ad4f574196a9d2395b8b77d3b818673a4f48cb1624bdca6087d0b76476fbec1daa021,gx-no-cache=1527095575959 HTTP/1.1" 200 30
192.168.10.89 - - [23/May/2018:14:16:08 -0300] "GET /cormun/servlet/solicitudot?d1f8c7cffae86e10e58a1ef3700ad4f58cf4d72365cff7049a4262d345b07eb0e53e28b50245b995261e9d822b7c8c5f,gx-no-cache=1527095576009 HTTP/1.1" 200 30
192.168.10.89 - - [23/May/2018:14:16:08 -0300] "GET /cormun/servlet/solicitudot?d1f8c7cffae86e10e58a1ef3700ad4f52ab42398d3b0f6448a71fdf7a5947462,gx-no-cache=1527095576026 HTTP/1.1" 200 123
192.168.10.89 - - [23/May/2018:14:16:08 -0300] "POST /cormun/servlet/solicitudot?gx-no-cache=1527095576063 HTTP/1.1" 200 255
192.168.10.89 - - [23/May/2018:14:16:08 -0300] "GET /cormun/servlet/solicitudot?d1f8c7cffae86e10e58a1ef3700ad4f50e9d3e323769445053ba6ed4c7d768b2780d35caffb18d044f38d1112e38dc1fedda5729714575a1a8dfa8aa91ec0e8cdfe52887625841e79aa99dccf61b6fa418689c04c97e7986f9336d93cf45e9fb24d10daf2aaff6b6acb5102eecf6988167ca0c4274be1adb1b1a1de2b1e54ec278bb1452bf45dd29918f7e92f8eaf947c69430159e5477257aa62d244d03a42e11758cf1069abd4ecaeec68263e42f3eaf29f3b9c3a388124bcc08bb8d092c11dc4454a3218549467eb0b2c80c39123faeba6f9d7c5f64854916ed2fb1db64f8417c3889608e56e44e57b426841667abf2f3b05b26a48e5d18594417f2aeb29ae7c62f9ff2ae11485e00a4ca08c9e9b8ec6678e75e7eea6abee520eecb56a004851b5212c944d6ce0eb84327f36bf8e1c2f967782721d04c8d4cb394722969333c5df10050d6f8e11db51a60a94ccdd2ae425a5f6d682dbc256184027e2665c70a9dddeed40f5b814a85eb0d13267a52e9fd40780615fd00974a9a20675b5d29,gx-no-cache=1527095576087 HTTP/1.1" 200 30
192.168.10.89 - - [23/May/2018:14:16:08 -0300] "GET /cormun/static/Shared/jqueryui/images/ui-bg_highlight-soft_100_c6c2c8_1x100.png HTTP/1.1" 404 1117
192.168.10.89 - - [23/May/2018:14:16:08 -0300] "GET /cormun/static/Shared/jqueryui/images/ui-icons_82798d_256x240.png HTTP/1.1" 404 1089
192.168.10.89 - - [23/May/2018:14:16:08 -0300] "GET /cormun/static/Shared/jqueryui/images/ui-bg_flat_55_994d53_40x100.png HTTP/1.1" 404 1097
192.168.10.89 - - [23/May/2018:14:16:08 -0300] "GET /cormun/static/Shared/jqueryui/images/ui-icons_ebccce_256x240.png HTTP/1.1" 404 1089
192.168.10.89 - - [23/May/2018:14:16:10 -0300] "POST /cormun/servlet/solicitudot?gx-no-cache=1527095577832 HTTP/1.1" 200 30
192.168.10.89 - - [23/May/2018:14:16:11 -0300] "GET /cormun/servlet/prsolicitudot?19020081,,,,,MD,,gxPopupLevel%3D0%3B HTTP/1.1" 200 6210
192.168.10.89 - - [23/May/2018:14:16:16 -0300] "POST /cormun/servlet/solicitudot?gx-no-cache=1527095584448 HTTP/1.1" 200 1450
192.168.10.89 - - [23/May/2018:14:16:16 -0300] "POST /cormun/servlet/solicitudot?gx-no-cache=1527095584493 HTTP/1.1" 200 117
192.168.10.89 - - [23/May/2018:14:16:16 -0300] "GET /cormun/servlet/solicitudot?d1f8c7cffae86e10e58a1ef3700ad4f50813b0ac2e1e2dc9dfa43317535e6869aede3c1be1bf83cbf4660f408b462c3012e13d3bfd2ca230000043bbf4117a7e40f43d44897a79e815860c5d9365b4c7de4df6b88ec0bbf561f47a1f4cb7c4974aec7e7d3008b19fea8f240e4ed1ebd196d42f5ca16177b36869754c6906914889c28f173a963b8e80bd3f694915376b8723859d0aca742dafa74c0ff0a9cf3e83c5eb952395ddef34b6c4a2c53d156e58cea95e9a3646705051e363729e23373f1a615f6b8a6fa61d53f5d971bbde6e,gx-no-cache=1527095584523 HTTP/1.1" 200 29
192.168.10.89 - - [23/May/2018:14:16:16 -0300] "GET /cormun/servlet/solicitudot?d1f8c7cffae86e10e58a1ef3700ad4f5ad3469c1d8a512b895b38dba75dbbeb48c4db773ae5271aaeb26fb77d3cb991d417be18bdf2151630f973cf4e4c5639524bf726b1d37d35ec00c460ab4a14edbb2f26d156b1419ee4dff9975b7620364629c41bc2fbcfe1da758a3f7bba38cce8de1b028d87ef4f33a8de519fe8769307b65154c8b620e5312151d448c9b10a9d30d54b7b7740d84f0843250bc7333e66b8eaa44f88b8b8acc2aa5817c088cccb075247b1c01896477a6c5721e1b9545,gx-no-cache=1527095584541 HTTP/1.1" 200 62
192.168.10.89 - - [23/May/2018:14:16:16 -0300] "GET /cormun/servlet/solicitudot?10faf911a87cce76cccf851e2c6aba9e4199dcf8d1d35428730eb9d39ecce69c420f97e2a7eb59de95ee8fcb5d7a6521e7c50cb710605a699ea12d6fb3ba41982734aa80cee72b79a26939a3ee2ff3bc,gx-no-cache=1527095584561 HTTP/1.1" 200 55
192.168.10.89 - - [23/May/2018:14:16:16 -0300] "GET /cormun/servlet/solicitudot?d1f8c7cffae86e10e58a1ef3700ad4f5e33bdc815689f947aa011c466a910e213991a934d9be92cf7237f50b12093ac1,gx-no-cache=1527095584588 HTTP/1.1" 200 30
186.67.164.142 - - [23/May/2018:14:16:19 -0300] "GET /cormun/servlet/trsolicitudot? HTTP/1.1" 200 25986
186.67.164.142 - - [23/May/2018:14:16:21 -0300] "GET /cormun/servlet/trsolicitudot? HTTP/1.1" 200 25986
186.67.164.142 - - [23/May/2018:14:16:23 -0300] "GET /cormun/servlet/solicitudot?INS,0,0, HTTP/1.1" 200 13427
186.67.164.142 - - [23/May/2018:14:16:24 -0300] "GET /cormun/servlet/solicitudot?INS,0,0, HTTP/1.1" 200 13432
192.168.10.89 - - [23/May/2018:14:16:48 -0300] "POST /cormun/servlet/solicitudot?gx-no-cache=1527095616446 HTTP/1.1" 200 1369
192.168.10.89 - - [23/May/2018:14:16:50 -0300] "GET /cormun/servlet/prlicenciaspermisos?12844620,L,,MD,,gxPopupLevel%3D0%3B HTTP/1.1" 200 5588
192.168.10.89 - - [23/May/2018:14:16:50 -0300] "GET /cormun/static/gxcfg.js?20176272053834 HTTP/1.1" 200 953
192.168.10.89 - - [23/May/2018:14:16:50 -0300] "GET /cormun/static/prlicenciaspermisos.js?20176272054050 HTTP/1.1" 200 13379
192.168.10.89 - - [23/May/2018:14:16:56 -0300] "POST /cormun/servlet/solicitudot?gx-no-cache=1527095623757 HTTP/1.1" 200 41
186.103.157.42 - - [23/May/2018:14:16:56 -0300] "GET /cormun/servlet/prbanco?,MD,,gxPopupLevel%3D0%3B HTTP/1.1" 200 6706
186.103.157.42 - - [23/May/2018:14:17:03 -0300] "GET /cormun/servlet/solicitudot?4d006a26da86bcad95f06b293c00efd780701ed280f7afaa1625f5720f9b920448bd5ec3f8f6957b93c3da5ecf214c833474a10e205f468bb336330570a7381f,gx-no-cache=1527095764622 HTTP/1.1" 200 30
192.168.10.89 - - [23/May/2018:14:17:04 -0300] "GET /cormun/servlet/solicitudot?d1f8c7cffae86e10e58a1ef3700ad4f50813b0ac2e1e2dc9dfa43317535e6869aede3c1be1bf83cbf4660f408b462c30a565a7cdc0b7fcbde000ddd0354dc5fd40f43d44897a79e815860c5d9365b4c7de4df6b88ec0bbf561f47a1f4cb7c4974aec7e7d3008b19fea8f240e4ed1ebd196d42f5ca16177b36869754c6906914889c28f173a963b8e80bd3f694915376b8723859d0aca742dafa74c0ff0a9cf3e83c5eb952395ddef34b6c4a2c53d156e58cea95e9a3646705051e363729e23373f1a615f6b8a6fa61d53f5d971bbde6e,gx-no-cache=1527095632175 HTTP/1.1" 200 29
192.168.10.89 - - [23/May/2018:14:17:05 -0300] "POST /cormun/servlet/solicitudot?gx-no-cache=1527095632751 HTTP/1.1" 200 1351
192.168.10.89 - - [23/May/2018:14:17:05 -0300] "POST /cormun/servlet/solicitudot?gx-no-cache=1527095632800 HTTP/1.1" 200 1248
186.103.157.42 - - [23/May/2018:14:17:06 -0300] "GET /cormun/servlet/solicitudot?4d006a26da86bcad95f06b293c00efd732c33f0a0ab32345a6d1532e36302a25,gx-no-cache=1527095767489 HTTP/1.1" 200 53
192.168.10.89 - - [23/May/2018:14:17:08 -0300] "GET /cormun/servlet/solicitudot?d1f8c7cffae86e10e58a1ef3700ad4f53e06265216fc221c1a68a600e573d8452ff91d083b9231597c7664afbc3b15bc,gx-no-cache=1527095636470 HTTP/1.1" 200 30
192.168.10.89 - - [23/May/2018:14:17:18 -0300] "POST /cormun/servlet/solicitudot?gx-no-cache=1527095645811 HTTP/1.1" 200 32
186.103.157.42 - - [23/May/2018:14:17:18 -0300] "POST /cormun/servlet/solicitudot?gx-no-cache=1527095779327 HTTP/1.1" 200 297
186.103.157.42 - - [23/May/2018:14:17:20 -0300] "GET /cormun/servlet/solicitudot?4d006a26da86bcad95f06b293c00efd75713b72bac3418d361d25dc5cdd10f4b508ed026db4495691678bd90c0ca8063e6cee1b6ebfd583550dfc0e8ffd0caec29790c3119a785476594e10cc02d53789e33d49af945c8d1f76d48b85c45773845a39f3d81389dc96f4162bfe2de9d508d3b39ff6559a77f20d4a9298e8cb18548f59c0aaef0c3306c419a52b77c86bcc26970ff76d822b8f54eb3ed7696c0cef10c2f6193ffbf692d148451e90d85a9a157a82bb4bc4dfda56816c248c3dd32137b646c028bf9bc10b8005f7315651493c32e07436b8d31dd402986fb636cbc789c379ce9c978c05b75452e12d360a319a324811f88c8844301c063a9f76c789e182fd5b48f3f3c17502cb6cf0d3226776179079f905aead501c149a420b1ffbeb432149bbe5bf1eb41921490f097f8db47929ead9affaac14774695a9a1cf2cb00d9f1d7275f8f5f6a78cf60d5ed52d068c352d6fe829621de4e4ae92ca4afc2471332dc47843cc0d20a76357dd3c0ab95ae58894007953c9bb59450b93ad6c1491ddc5c9ea2b7039679860f923052,gx-no-cache=1527095781111 HTTP/1.1" 200 30
186.103.157.42 - - [23/May/2018:14:17:22 -0300] "POST /cormun/servlet/solicitudot?gx-no-cache=1527095783567 HTTP/1.1" 200 30
192.168.10.89 - - [23/May/2018:14:17:28 -0300] "POST /cormun/servlet/solicitudot?943939a9de07b516d8af8044b8770ed8,INS,0,0,,gx-no-cache=1527095656571 HTTP/1.1" 200 11767
192.168.10.89 - - [23/May/2018:14:17:29 -0300] "GET /cormun/static/Shared/jqueryui/images/ui-bg_flat_55_fafafa_40x100.png HTTP/1.1" 404 1097
192.168.10.89 - - [23/May/2018:14:17:29 -0300] "GET /cormun/static/Shared/jqueryui/images/ui-icons_8d78a5_256x240.png HTTP/1.1" 404 1089
192.168.10.89 - - [23/May/2018:14:17:33 -0300] "POST /cormun/servlet/solicitudot?gx-no-cache=1527095661282 HTTP/1.1" 200 3370
192.168.10.89 - - [23/May/2018:14:17:33 -0300] "POST /cormun/servlet/solicitudot?943939a9de07b516d8af8044b8770ed8,INS,0,0,,gx-no-cache=1527095661469 HTTP/1.1" 200 11811
192.168.10.89 - - [23/May/2018:14:17:33 -0300] "GET /cormun/servlet/solicitudot?d1f8c7cffae86e10e58a1ef3700ad4f574196a9d2395b8b77d3b818673a4f48c2401de882aa544d20c6503bc03b430aa,gx-no-cache=1527095661669 HTTP/1.1" 200 30
192.168.10.89 - - [23/May/2018:14:17:34 -0300] "GET /cormun/servlet/solicitudot?d1f8c7cffae86e10e58a1ef3700ad4f58cf4d72365cff7049a4262d345b07eb04413ae151fd61259da5bf35e2fba6f89,gx-no-cache=1527095661778 HTTP/1.1" 200 30
192.168.10.89 - - [23/May/2018:14:17:34 -0300] "GET /cormun/servlet/solicitudot?d1f8c7cffae86e10e58a1ef3700ad4f52ab42398d3b0f6448a71fdf7a5947462,gx-no-cache=1527095661796 HTTP/1.1" 200 123
192.168.10.89 - - [23/May/2018:14:17:34 -0300] "POST /cormun/servlet/solicitudot?gx-no-cache=1527095661837 HTTP/1.1" 200 256
192.168.10.89 - - [23/May/2018:14:17:34 -0300] "GET /cormun/servlet/solicitudot?d1f8c7cffae86e10e58a1ef3700ad4f50e9d3e323769445053ba6ed4c7d768b2780d35caffb18d044f38d1112e38dc1fedda5729714575a1a8dfa8aa91ec0e8cdfe52887625841e79aa99dccf61b6fa418689c04c97e7986f9336d93cf45e9fb24d10daf2aaff6b6acb5102eecf6988167ca0c4274be1adb1b1a1de2b1e54ec278bb1452bf45dd29918f7e92f8eaf947c69430159e5477257aa62d244d03a42e11758cf1069abd4ecaeec68263e42f3eaf29f3b9c3a388124bcc08bb8d092c11dc4454a3218549467eb0b2c80c39123faeba6f9d7c5f64854916ed2fb1db64f8417c3889608e56e44e57b426841667abf2f3b05b26a48e5d18594417f2aeb29ae7c62f9ff2ae11485e00a4ca08c9e9b8ec6678e75e7eea6abee520eecb56a004851b5212c944d6ce0eb84327f36bf8e1c2f967782721d04c8d4cb394722969333c5df10050d6f8e11db51a60a94ccdd2ae425a5f6d682dbc256184027e2665c70a9dddeed40f5b814a85eb0d13267a52e10a276641807bf0c721c33d3c1f47ca,gx-no-cache=1527095661862 HTTP/1.1" 200 30
192.168.10.89 - - [23/May/2018:14:17:34 -0300] "POST /cormun/servlet/solicitudot?gx-no-cache=1527095661886 HTTP/1.1" 200 30
192.168.10.89 - - [23/May/2018:14:17:34 -0300] "POST /cormun/servlet/solicitudot?gx-no-cache=1527095661946 HTTP/1.1" 200 1369
192.168.10.89 - - [23/May/2018:14:17:34 -0300] "POST /cormun/servlet/solicitudot?gx-no-cache=1527095662041 HTTP/1.1" 200 41
192.168.10.89 - - [23/May/2018:14:17:34 -0300] "POST /cormun/servlet/solicitudot?gx-no-cache=1527095662117 HTTP/1.1" 200 1351
192.168.10.89 - - [23/May/2018:14:17:34 -0300] "POST /cormun/servlet/solicitudot?gx-no-cache=1527095662167 HTTP/1.1" 200 1248
192.168.10.89 - - [23/May/2018:14:17:34 -0300] "GET /cormun/servlet/solicitudot?d1f8c7cffae86e10e58a1ef3700ad4f53e06265216fc221c1a68a600e573d8452ff91d083b9231597c7664afbc3b15bc,gx-no-cache=1527095662201 HTTP/1.1" 200 30
192.168.10.89 - - [23/May/2018:14:17:34 -0300] "POST /cormun/servlet/solicitudot?gx-no-cache=1527095662221 HTTP/1.1" 200 32
192.168.10.89 - - [23/May/2018:14:17:34 -0300] "POST /cormun/servlet/solicitudot?943939a9de07b516d8af8044b8770ed8,INS,0,0,,gx-no-cache=1527095662290 HTTP/1.1" 200 12107
186.103.157.42 - - [23/May/2018:14:17:39 -0300] "POST /cormun/servlet/solicitudot?gx-no-cache=1527095800393 HTTP/1.1" 200 1369
186.103.157.42 - - [23/May/2018:14:17:41 -0300] "POST /cormun/servlet/solicitudot?gx-no-cache=1527095802371 HTTP/1.1" 200 38
192.168.10.96 - - [23/May/2018:14:17:43 -0300] "POST /cormun/servlet/hlogin?840df45e05273256da85ac46fece8639,gx-no-cache=1527095671307 HTTP/1.1" 200 90
192.168.10.96 - - [23/May/2018:14:17:43 -0300] "GET /cormun/servlet/hpexe_link HTTP/1.1" 200 951
192.168.10.96 - - [23/May/2018:14:17:43 -0300] "GET /cormun/servlet/hhome HTTP/1.1" 200 4712
192.168.10.96 - - [23/May/2018:14:17:44 -0300] "GET /cormun/servlet/hhome HTTP/1.1" 200 4708
192.168.10.96 - - [23/May/2018:14:17:47 -0300] "GET /cormun/servlet/trsolicitudgral? HTTP/1.1" 200 27746
186.67.164.142 - - [23/May/2018:14:17:47 -0300] "POST /cormun/servlet/solicitudot?gx-no-cache=1527095806750 HTTP/1.1" 200 3408
186.67.164.142 - - [23/May/2018:14:17:48 -0300] "POST /cormun/servlet/solicitudot?a0c228d1b44beab1c47427fa7bb4e44b,INS,0,0,,gx-no-cache=1527095807173 HTTP/1.1" 200 10397
192.168.10.96 - - [23/May/2018:14:17:49 -0300] "GET /cormun/servlet/trsolicitudgral? HTTP/1.1" 200 27745
192.168.10.96 - - [23/May/2018:14:17:52 -0300] "POST /cormun/servlet/trsolicitudgral?840df45e05273256da85ac46fece8639,,gx-no-cache=1527095679673 HTTP/1.1" 200 8938
192.168.10.89 - - [23/May/2018:14:17:58 -0300] "GET /cormun/servlet/prbanco?,MD,,gxPopupLevel%3D0%3B HTTP/1.1" 200 6680
192.168.10.89 - - [23/May/2018:14:17:58 -0300] "GET /cormun/static/gxcfg.js?20181161016094 HTTP/1.1" 200 953
192.168.10.89 - - [23/May/2018:14:17:58 -0300] "GET /cormun/static/prbanco.js?2018116101633 HTTP/1.1" 200 10693
186.103.157.42 - - [23/May/2018:14:18:02 -0300] "GET /cormun/servlet/solicitudot?4d006a26da86bcad95f06b293c00efd7e0f59886bddd66dbebc65547c58b2e130f9e503b915d35646fc3f92db57dcfcb7125820331d3326521b2cf78c269576fec4d769d127eb79234a8d74f7279512027a115b9ed681aa9578d7795dd759479e051cab9b9fe81e2620d7980585ee888,gx-no-cache=1527095823481 HTTP/1.1" 200 29
186.103.157.42 - - [23/May/2018:14:18:02 -0300] "POST /cormun/servlet/solicitudot?gx-no-cache=1527095823818 HTTP/1.1" 200 1349
186.103.157.42 - - [23/May/2018:14:18:03 -0300] "POST /cormun/servlet/solicitudot?gx-no-cache=1527095824885 HTTP/1.1" 200 1248
186.103.157.42 - - [23/May/2018:14:18:04 -0300] "GET /cormun/static/menuarrow.gif HTTP/1.1" 404 1015
186.103.157.42 - - [23/May/2018:14:18:06 -0300] "POST /cormun/servlet/solicitudot?gx-no-cache=1527095827789 HTTP/1.1" 200 1349
186.103.157.42 - - [23/May/2018:14:18:06 -0300] "POST /cormun/servlet/solicitudot?gx-no-cache=1527095827918 HTTP/1.1" 200 1248
192.168.10.89 - - [23/May/2018:14:18:09 -0300] "GET /cormun/servlet/solicitudot?d1f8c7cffae86e10e58a1ef3700ad4f550b54933b8be0cd49c8c4778ae537bab,gx-no-cache=1527095697689 HTTP/1.1" 200 51
186.103.157.42 - - [23/May/2018:14:18:10 -0300] "GET /cormun/servlet/solicitudot?4d006a26da86bcad95f06b293c00efd73be30762a27c3cd1b14f8abb37f6183858231d2faf79f3537c6031d2b4d0849c,gx-no-cache=1527095831199 HTTP/1.1" 200 30
192.168.10.89 - - [23/May/2018:14:18:20 -0300] "POST /cormun/servlet/solicitudot?gx-no-cache=1527095708589 HTTP/1.1" 200 256
192.168.10.89 - - [23/May/2018:14:18:20 -0300] "GET /cormun/servlet/solicitudot?d1f8c7cffae86e10e58a1ef3700ad4f50e9d3e323769445053ba6ed4c7d768b2780d35caffb18d044f38d1112e38dc1fedda5729714575a1a8dfa8aa91ec0e8cdfe52887625841e79aa99dccf61b6fa418689c04c97e7986f9336d93cf45e9fb24d10daf2aaff6b6acb5102eecf6988167ca0c4274be1adb1b1a1de2b1e54ec278bb1452bf45dd29918f7e92f8eaf947c69430159e5477257aa62d244d03a42e11758cf1069abd4ecaeec68263e42f3eaf29f3b9c3a388124bcc08bb8d092c11dc4454a3218549467eb0b2c80c39123faeba6f9d7c5f64854916ed2fb1db64f8417c3889608e56e44e57b426841667abf2f3b05b26a48e5d18594417f2aeb29ae7c62f9ff2ae11485e00a4ca08c9e9b8ec6678e75e7eea6abee520eecb56a004851b5212c944d6ce0eb84327f36bf8e1c2f967782721d04c8d4cb394722969333c5df10050d6f8e11db51a60a94ccdd2ae425a5f6d682dbc256184027e2665c70a9dddeed40f5b814a85eb0d13267a52e10a276641807bf0c721c33d3c1f47ca,gx-no-cache=1527095708617 HTTP/1.1" 200 30
192.168.10.89 - - [23/May/2018:14:18:20 -0300] "POST /cormun/servlet/solicitudot?gx-no-cache=1527095708644 HTTP/1.1" 200 30
192.168.10.89 - - [23/May/2018:14:18:21 -0300] "POST /cormun/servlet/solicitudot?gx-no-cache=1527095708685 HTTP/1.1" 200 1369
192.168.10.89 - - [23/May/2018:14:18:21 -0300] "POST /cormun/servlet/solicitudot?gx-no-cache=1527095708845 HTTP/1.1" 200 41
192.168.10.89 - - [23/May/2018:14:18:21 -0300] "POST /cormun/servlet/solicitudot?gx-no-cache=1527095708886 HTTP/1.1" 200 1351
192.168.10.89 - - [23/May/2018:14:18:21 -0300] "POST /cormun/servlet/solicitudot?gx-no-cache=1527095708928 HTTP/1.1" 200 1248
192.168.10.89 - - [23/May/2018:14:18:21 -0300] "GET /cormun/servlet/solicitudot?d1f8c7cffae86e10e58a1ef3700ad4f53e06265216fc221c1a68a600e573d8452ff91d083b9231597c7664afbc3b15bc,gx-no-cache=1527095708964 HTTP/1.1" 200 30
192.168.10.89 - - [23/May/2018:14:18:21 -0300] "POST /cormun/servlet/solicitudot?gx-no-cache=1527095708990 HTTP/1.1" 200 32
186.103.157.42 - - [23/May/2018:14:18:21 -0300] "POST /cormun/servlet/solicitudot?gx-no-cache=1527095842508 HTTP/1.1" 200 30
192.168.10.89 - - [23/May/2018:14:18:21 -0300] "POST /cormun/servlet/solicitudot?943939a9de07b516d8af8044b8770ed8,INS,0,0,,gx-no-cache=1527095709056 HTTP/1.1" 200 93
192.168.10.89 - - [23/May/2018:14:18:21 -0300] "GET /cormun/servlet/hpexe_return? HTTP/1.1" 200 1007
192.168.10.89 - - [23/May/2018:14:18:21 -0300] "GET /cormun/servlet/trsolicitudot HTTP/1.1" 200 8905
186.103.157.42 - - [23/May/2018:14:18:30 -0300] "POST /cormun/servlet/solicitudot?d681eee1e4b2972388b31b855a311ab9,INS,0,0,,gx-no-cache=1527095850569 HTTP/1.1" 200 93
186.103.157.42 - - [23/May/2018:14:18:30 -0300] "GET /cormun/servlet/hpexe_return? HTTP/1.1" 200 1003
186.103.157.42 - - [23/May/2018:14:18:30 -0300] "GET /cormun/servlet/trsolicitudot HTTP/1.1" 200 9525
186.103.157.42 - - [23/May/2018:14:18:31 -0300] "GET /cormun/servlet/trsolicitudot HTTP/1.1" 200 9521
192.168.10.89 - - [23/May/2018:14:18:31 -0300] "POST /cormun/servlet/trsolicitudot?943939a9de07b516d8af8044b8770ed8,gx-no-cache=1527095718954 HTTP/1.1" 200 4697
192.168.10.89 - - [23/May/2018:14:18:31 -0300] "POST /cormun/servlet/trsolicitudot?943939a9de07b516d8af8044b8770ed8,gx-no-cache=1527095719187 HTTP/1.1" 200 4453
192.168.10.89 - - [23/May/2018:14:18:31 -0300] "GET /cormun/static/Shared/jqueryui/images/ui-bg_flat_55_fafafa_40x100.png HTTP/1.1" 404 1097
192.168.10.89 - - [23/May/2018:14:18:31 -0300] "GET /cormun/static/Shared/jqueryui/images/ui-icons_8d78a5_256x240.png HTTP/1.1" 404 1089
192.168.10.89 - - [23/May/2018:14:18:31 -0300] "GET /cormun/static/Shared/jqueryui/images/ui-bg_highlight-soft_100_c6c2c8_1x100.png HTTP/1.1" 404 1117
192.168.10.89 - - [23/May/2018:14:18:31 -0300] "GET /cormun/static/Shared/jqueryui/images/ui-icons_82798d_256x240.png HTTP/1.1" 404 1089
186.103.157.42 - - [23/May/2018:14:18:33 -0300] "GET /cormun/servlet/solicitudot?INS,0,0, HTTP/1.1" 200 13694
192.168.10.89 - - [23/May/2018:14:18:33 -0300] "GET /cormun/servlet/trautorizarsolicitud? HTTP/1.1" 200 8795
192.168.10.89 - - [23/May/2018:14:18:33 -0300] "GET /cormun/static/gxcfg.js?2017111423403364 HTTP/1.1" 200 953
192.168.10.89 - - [23/May/2018:14:18:33 -0300] "GET /cormun/static/trautorizarsolicitud.js?201711142340425 HTTP/1.1" 200 53910
186.103.157.42 - - [23/May/2018:14:18:34 -0300] "GET /cormun/servlet/solicitudot?INS,0,0, HTTP/1.1" 200 13699
192.168.10.89 - - [23/May/2018:14:18:39 -0300] "POST /cormun/servlet/trautorizarsolicitud?943939a9de07b516d8af8044b8770ed8,,gx-no-cache=1527095726708 HTTP/1.1" 200 4629
192.168.10.89 - - [23/May/2018:14:18:39 -0300] "POST /cormun/servlet/trautorizarsolicitud?943939a9de07b516d8af8044b8770ed8,,gx-no-cache=1527095726961 HTTP/1.1" 200 4386
192.168.10.89 - - [23/May/2018:14:18:39 -0300] "GET /cormun/static/Shared/jqueryui/images/ui-bg_flat_55_fafafa_40x100.png HTTP/1.1" 404 1097
192.168.10.89 - - [23/May/2018:14:18:39 -0300] "GET /cormun/static/Shared/jqueryui/images/ui-icons_8d78a5_256x240.png HTTP/1.1" 404 1089
192.168.10.89 - - [23/May/2018:14:18:39 -0300] "GET /cormun/static/Shared/jqueryui/images/ui-icons_82798d_256x240.png HTTP/1.1" 404 1089
192.168.10.89 - - [23/May/2018:14:18:39 -0300] "GET /cormun/static/Shared/jqueryui/images/ui-bg_highlight-soft_100_c6c2c8_1x100.png HTTP/1.1" 404 1117
186.103.157.42 - - [23/May/2018:14:18:48 -0300] "POST /cormun/servlet/solicitudot?gx-no-cache=1527095869732 HTTP/1.1" 200 3292
186.103.157.42 - - [23/May/2018:14:18:48 -0300] "POST /cormun/servlet/solicitudot?d681eee1e4b2972388b31b855a311ab9,INS,0,0,,gx-no-cache=1527095869976 HTTP/1.1" 200 10443
186.103.157.42 - - [23/May/2018:14:18:50 -0300] "GET /cormun/servlet/solicitudot?4d006a26da86bcad95f06b293c00efd7b1c389a336465dfc03193b627e84f379e62eed484def0ee30603c53c64460ade,gx-no-cache=1527095871305 HTTP/1.1" 200 30
186.67.164.142 - - [23/May/2018:14:19:09 -0300] "GET /cormun/servlet/solicitudot?b0a8d2bc72844c4125074178aea1db58bf5a3a7d3be471c832684e1aac5a24437d4fb3fc74c8010f971f4893f07c9535,gx-no-cache=1527095888214 HTTP/1.1" 200 30
186.67.164.142 - - [23/May/2018:14:19:09 -0300] "GET /cormun/servlet/solicitudot?b0a8d2bc72844c4125074178aea1db58ed933273eb749248f7bed8f5427a57478eeecb9ebc8f14ec9ed4b6a27d0edaf73b50e69329881452b9c6e1e9c876333e,gx-no-cache=1527095888312 HTTP/1.1" 200 30
186.67.164.142 - - [23/May/2018:14:19:09 -0300] "GET /cormun/servlet/solicitudot?b0a8d2bc72844c4125074178aea1db58764789a690bb1109bd55d6953e56ef61,gx-no-cache=1527095888370 HTTP/1.1" 200 51
186.67.164.142 - - [23/May/2018:14:19:09 -0300] "POST /cormun/servlet/solicitudot?gx-no-cache=1527095888448 HTTP/1.1" 200 255
186.67.164.142 - - [23/May/2018:14:19:09 -0300] "GET /cormun/servlet/solicitudot?b0a8d2bc72844c4125074178aea1db58bcf02217f77ad85e10b543fbbe2457a523722d425b11082ac025a820dcc12b5ffbfc2263c066cdab045e4239cc568a6efb537dad506b70d96dc6c039bc999347947df41df816ac1f97512e8ebf9669a57286b963c2cf07d135a25871762038ed2d291b8529f2a1c3e173de8c6270bb39d787fc4cb909bac2f3f18b5ed90c39f2b7de7b34de3fe79c07b56969db0839fc0ca2c9d79f5e7ada12d1c817bec9ea8fb3d983c838dbc9302bbbaaa48322aab57ed03abd2bf0ec9f1709a8b25ac29d775bb22c1f679f6ab79f6c353e39b98d8c789ba1e8954745407e6ad8bb6ffceb0deae3bcbbe6b7e098f6a002d5244b2871f0c542d905e45b4657ffaf16571f0cfbc6db389d81c70fb7436345cbdd4748474a4a7a0bb4d15a7d645be854df5982c9bb7f1b7f4eff4c4b068c9741776fdeee57a1029e143fde6520b06ffe375534912fbcb7ab2a7a28283d90be36c15d9c3d201c4746e12103750edec294f6ceb4bc4a4c1771ba4f126c90160318f59c7cf9,gx-no-cache=1527095888546 HTTP/1.1" 200 30
186.67.164.142 - - [23/May/2018:14:19:13 -0300] "POST /cormun/servlet/solicitudot?gx-no-cache=1527095892975 HTTP/1.1" 200 30
186.103.157.42 - - [23/May/2018:14:19:18 -0300] "GET /cormun/servlet/prbanco?,MD,,gxPopupLevel%3D0%3B HTTP/1.1" 200 6706
186.103.157.42 - - [23/May/2018:14:19:22 -0300] "GET /cormun/servlet/solicitudot?4d006a26da86bcad95f06b293c00efd7cb902d39c7ed46f7b1c28b1c48583eac,gx-no-cache=1527095903922 HTTP/1.1" 200 94
186.103.157.42 - - [23/May/2018:14:19:22 -0300] "GET /cormun/static/Shared/jqueryui/images/ui-bg_highlight-soft_100_c6c2c8_1x100.png HTTP/1.1" 404 1117
186.103.157.42 - - [23/May/2018:14:19:22 -0300] "GET /cormun/static/Shared/jqueryui/images/ui-icons_82798d_256x240.png HTTP/1.1" 404 1089
186.103.157.42 - - [23/May/2018:14:19:22 -0300] "GET /cormun/static/Shared/jqueryui/images/ui-bg_flat_55_994d53_40x100.png HTTP/1.1" 404 1097
186.103.157.42 - - [23/May/2018:14:19:22 -0300] "GET /cormun/static/Shared/jqueryui/images/ui-icons_ebccce_256x240.png HTTP/1.1" 404 1089
186.103.157.42 - - [23/May/2018:14:19:23 -0300] "GET /cormun/servlet/solicitudot?4d006a26da86bcad95f06b293c00efd732c33f0a0ab32345a6d1532e36302a25,gx-no-cache=1527095904755 HTTP/1.1" 200 53
186.103.157.42 - - [23/May/2018:14:19:55 -0300] "GET /cormun/servlet/solicitudot?4d006a26da86bcad95f06b293c00efd780701ed280f7afaa1625f5720f9b920448bd5ec3f8f6957b93c3da5ecf214c833474a10e205f468bb336330570a7381f,gx-no-cache=1527095936523 HTTP/1.1" 200 30
186.103.157.42 - - [23/May/2018:14:20:06 -0300] "POST /cormun/servlet/solicitudot?gx-no-cache=1527095947834 HTTP/1.1" 200 297
186.103.157.42 - - [23/May/2018:14:20:07 -0300] "GET /cormun/servlet/solicitudot?4d006a26da86bcad95f06b293c00efd75713b72bac3418d361d25dc5cdd10f4b508ed026db4495691678bd90c0ca8063e6cee1b6ebfd583550dfc0e8ffd0caec29790c3119a785476594e10cc02d53789e33d49af945c8d1f76d48b85c45773845a39f3d81389dc96f4162bfe2de9d508d3b39ff6559a77f20d4a9298e8cb18548f59c0aaef0c3306c419a52b77c86bcc26970ff76d822b8f54eb3ed7696c0cef10c2f6193ffbf692d148451e90d85a9a157a82bb4bc4dfda56816c248c3dd32137b646c028bf9bc10b8005f7315651493c32e07436b8d31dd402986fb636cbc789c379ce9c978c05b75452e12d360a319a324811f88c8844301c063a9f76c789e182fd5b48f3f3c17502cb6cf0d3226776179079f905aead501c149a420b1ffbeb432149bbe5bf1eb41921490f097f8db47929ead9affaac14774695a9a1cf2cb00d9f1d7275f8f5f6a78cf60d5ed52d068c352d6fe829621de4e4ae92ca4afc2471332dc47843cc0d20a76357dd3c0ab95ae58894007953c9bb59450b93ad6c1491ddc5c9ea2b7039679860f923052,gx-no-cache=1527095947908 HTTP/1.1" 200 30
186.103.157.42 - - [23/May/2018:14:20:08 -0300] "POST /cormun/servlet/solicitudot?gx-no-cache=1527095950064 HTTP/1.1" 200 30
186.103.157.42 - - [23/May/2018:14:20:23 -0300] "POST /cormun/servlet/solicitudot?gx-no-cache=1527095964515 HTTP/1.1" 200 1369
186.103.157.42 - - [23/May/2018:14:20:24 -0300] "POST /cormun/servlet/solicitudot?gx-no-cache=1527095964635 HTTP/1.1" 200 38
186.103.157.42 - - [23/May/2018:14:20:34 -0300] "GET /cormun/servlet/solicitudot?4d006a26da86bcad95f06b293c00efd7e0f59886bddd66dbebc65547c58b2e130f9e503b915d35646fc3f92db57dcfcb7125820331d3326521b2cf78c269576fec4d769d127eb79234a8d74f7279512027a115b9ed681aa9578d7795dd759479e051cab9b9fe81e2620d7980585ee888,gx-no-cache=1527095975943 HTTP/1.1" 200 29
186.103.157.42 - - [23/May/2018:14:20:35 -0300] "POST /cormun/servlet/solicitudot?gx-no-cache=1527095976042 HTTP/1.1" 200 1349
186.103.157.42 - - [23/May/2018:14:20:35 -0300] "POST /cormun/servlet/solicitudot?gx-no-cache=1527095976226 HTTP/1.1" 200 1248
186.103.157.42 - - [23/May/2018:14:20:38 -0300] "GET /cormun/static/menuarrow.gif HTTP/1.1" 404 1015
186.103.157.42 - - [23/May/2018:14:20:42 -0300] "POST /cormun/servlet/solicitudot?gx-no-cache=1527095982629 HTTP/1.1" 200 1349
186.67.164.142 - - [23/May/2018:14:20:46 -0300] "POST /cormun/servlet/solicitudot?gx-no-cache=1527095983907 HTTP/1.1" 200 1369
186.67.164.142 - - [23/May/2018:14:20:46 -0300] "POST /cormun/servlet/solicitudot?gx-no-cache=1527095985635 HTTP/1.1" 200 38
186.67.164.142 - - [23/May/2018:14:20:50 -0300] "GET /cormun/servlet/solicitudot?b0a8d2bc72844c4125074178aea1db58ae2aad1bf973186c3ac76659e63030908a662e42728877c66b92e7c6978a7017bb5f1e8ad0d8e399e79ec4f72d5912eb63341685be402bd5b3baef56e34aeb502984e29600c3cfc54a6df2f5bcf95d4d22e1b6200609d0ff8ed1d8ff0da38564760f299d049160e595316f4dd123fd9875ac7432e8dac06300cf9808490f57c2c1aac0dfbf99c79701952c3678db80645dbd7712617925aacff01b0de64b52abbec3dc9d78ddfe98b5ac9928c7490e0baead43f5786d9d14b6c41df0c211ae1c,gx-no-cache=1527095989272 HTTP/1.1" 200 29
186.103.157.42 - - [23/May/2018:14:20:51 -0300] "POST /cormun/servlet/solicitudot?gx-no-cache=1527095983209 HTTP/1.1" 200 1248
186.103.157.42 - - [23/May/2018:14:20:59 -0300] "GET /cormun/servlet/solicitudot?4d006a26da86bcad95f06b293c00efd73be30762a27c3cd1b14f8abb37f6183858231d2faf79f3537c6031d2b4d0849c,gx-no-cache=1527096000424 HTTP/1.1" 200 30
186.67.164.142 - - [23/May/2018:14:21:04 -0300] "POST /cormun/servlet/solicitudot?gx-no-cache=1527096004137 HTTP/1.1" 200 1350
186.67.164.142 - - [23/May/2018:14:21:05 -0300] "POST /cormun/servlet/solicitudot?gx-no-cache=1527096004222 HTTP/1.1" 200 1249
186.67.164.142 - - [23/May/2018:14:21:05 -0300] "GET /cormun/static/menuarrow.gif HTTP/1.1" 404 1015
186.103.157.42 - - [23/May/2018:14:21:13 -0300] "POST /cormun/servlet/solicitudot?gx-no-cache=1527096014092 HTTP/1.1" 200 30
186.103.157.42 - - [23/May/2018:14:21:14 -0300] "POST /cormun/servlet/solicitudot?d681eee1e4b2972388b31b855a311ab9,INS,0,0,,gx-no-cache=1527096014713 HTTP/1.1" 200 93
186.103.157.42 - - [23/May/2018:14:21:14 -0300] "GET /cormun/servlet/hpexe_return? HTTP/1.1" 200 1003
186.103.157.42 - - [23/May/2018:14:21:14 -0300] "GET /cormun/servlet/trsolicitudot HTTP/1.1" 200 9804
186.67.164.142 - - [23/May/2018:14:21:14 -0300] "POST /cormun/servlet/solicitudot?gx-no-cache=1527096013779 HTTP/1.1" 200 1350
186.67.164.142 - - [23/May/2018:14:21:14 -0300] "POST /cormun/servlet/solicitudot?gx-no-cache=1527096013886 HTTP/1.1" 200 1249
186.103.157.42 - - [23/May/2018:14:21:15 -0300] "GET /cormun/servlet/trsolicitudot HTTP/1.1" 200 9799
186.67.164.142 - - [23/May/2018:14:21:17 -0300] "GET /cormun/servlet/solicitudot?b0a8d2bc72844c4125074178aea1db5838996726fc8aeb217c85a531fb61de0fce861ede666e7d5e63ee493079d58391,gx-no-cache=1527096016307 HTTP/1.1" 200 30
186.103.157.42 - - [23/May/2018:14:21:22 -0300] "POST /cormun/servlet/trsolicitudot?d681eee1e4b2972388b31b855a311ab9,gx-no-cache=1527096023599 HTTP/1.1" 200 6860
186.103.157.42 - - [23/May/2018:14:21:22 -0300] "GET /cormun/static/Shared/jqueryui/images/ui-bg_highlight-soft_100_c6c2c8_1x100.png HTTP/1.1" 404 1117
186.103.157.42 - - [23/May/2018:14:21:23 -0300] "GET /cormun/static/Shared/jqueryui/images/ui-icons_82798d_256x240.png HTTP/1.1" 404 1089
186.103.157.42 - - [23/May/2018:14:21:23 -0300] "GET /cormun/static/Shared/jqueryui/images/ui-bg_flat_55_fafafa_40x100.png HTTP/1.1" 404 1097
186.103.157.42 - - [23/May/2018:14:21:23 -0300] "GET /cormun/static/Shared/jqueryui/images/ui-icons_8d78a5_256x240.png HTTP/1.1" 404 1089
186.103.157.42 - - [23/May/2018:14:21:23 -0300] "POST /cormun/servlet/trsolicitudot?d681eee1e4b2972388b31b855a311ab9,gx-no-cache=1527096024126 HTTP/1.1" 200 6804
186.103.157.42 - - [23/May/2018:14:21:25 -0300] "POST /cormun/servlet/trsolicitudot?d681eee1e4b2972388b31b855a311ab9,gx-no-cache=1527096026128 HTTP/1.1" 200 6851
186.103.157.42 - - [23/May/2018:14:21:27 -0300] "POST /cormun/servlet/trsolicitudot?d681eee1e4b2972388b31b855a311ab9,gx-no-cache=1527096028080 HTTP/1.1" 200 6795
186.103.157.42 - - [23/May/2018:14:21:28 -0300] "GET /cormun/servlet/trautorizarsolicitud? HTTP/1.1" 200 9054
186.103.157.42 - - [23/May/2018:14:21:29 -0300] "GET /cormun/servlet/trautorizarsolicitud? HTTP/1.1" 200 9054
186.103.157.42 - - [23/May/2018:14:21:32 -0300] "POST /cormun/servlet/trautorizarsolicitud?d681eee1e4b2972388b31b855a311ab9,,gx-no-cache=1527096033680 HTTP/1.1" 200 5779
186.103.157.42 - - [23/May/2018:14:21:32 -0300] "GET /cormun/static/Shared/jqueryui/images/ui-bg_highlight-soft_100_c6c2c8_1x100.png HTTP/1.1" 404 1117
186.103.157.42 - - [23/May/2018:14:21:32 -0300] "GET /cormun/static/Shared/jqueryui/images/ui-icons_82798d_256x240.png HTTP/1.1" 404 1089
186.103.157.42 - - [23/May/2018:14:21:32 -0300] "GET /cormun/static/Shared/jqueryui/images/ui-bg_flat_55_fafafa_40x100.png HTTP/1.1" 404 1097
186.103.157.42 - - [23/May/2018:14:21:32 -0300] "GET /cormun/static/Shared/jqueryui/images/ui-icons_8d78a5_256x240.png HTTP/1.1" 404 1089
186.103.157.42 - - [23/May/2018:14:21:33 -0300] "POST /cormun/servlet/trautorizarsolicitud?d681eee1e4b2972388b31b855a311ab9,,gx-no-cache=1527096034034 HTTP/1.1" 200 5721
186.103.157.42 - - [23/May/2018:14:21:34 -0300] "POST /cormun/servlet/trautorizarsolicitud?d681eee1e4b2972388b31b855a311ab9,,gx-no-cache=1527096035360 HTTP/1.1" 200 4604
186.103.157.42 - - [23/May/2018:14:21:34 -0300] "POST /cormun/servlet/trautorizarsolicitud?d681eee1e4b2972388b31b855a311ab9,,gx-no-cache=1527096035756 HTTP/1.1" 200 4381
192.168.10.89 - - [23/May/2018:14:21:41 -0300] "GET /cormun/servlet/trsolicitudot? HTTP/1.1" 200 7454
192.168.10.89 - - [23/May/2018:14:21:44 -0300] "GET /cormun/servlet/solicitudot?INS,0,0, HTTP/1.1" 200 13675
192.168.10.89 - - [23/May/2018:14:22:02 -0300] "GET /cormun/servlet/prfichaempleado?,MD,,gxPopupLevel%3D0%3B HTTP/1.1" 200 9400
192.168.10.89 - - [23/May/2018:14:22:09 -0300] "POST /cormun/servlet/prfichaempleado?943939a9de07b516d8af8044b8770ed8,,MD,,gxPopupLevel%3D0%3B,gx-no-cache=1527095937492 HTTP/1.1" 200 3484
192.168.10.89 - - [23/May/2018:14:22:12 -0300] "POST /cormun/servlet/solicitudot?gx-no-cache=1527095940075 HTTP/1.1" 200 3403
192.168.10.89 - - [23/May/2018:14:22:12 -0300] "POST /cormun/servlet/solicitudot?943939a9de07b516d8af8044b8770ed8,INS,0,0,,gx-no-cache=1527095940295 HTTP/1.1" 200 10573
186.67.164.142 - - [23/May/2018:14:22:23 -0300] "POST /cormun/servlet/solicitudot?gx-no-cache=1527096082406 HTTP/1.1" 200 30
192.168.10.89 - - [23/May/2018:14:22:23 -0300] "GET /cormun/servlet/solicitudot?d1f8c7cffae86e10e58a1ef3700ad4f5359ba8fc1b62c484cc482f21668cb9e7b1624bdca6087d0b76476fbec1daa021,gx-no-cache=1527095951333 HTTP/1.1" 200 30
