186.103.159.204 - - [23/May/2018:17:48:33 -0300] "GET /cormun/servlet/hpexe_link HTTP/1.1" 200 964
103.236.252.88 - - [23/May/2018:17:48:33 -0300] "GET /manager/html HTTP/1.1" 401 2474
186.103.159.204 - - [23/May/2018:17:48:33 -0300] "GET /cormun/servlet/permisogoce?INS,0,,, HTTP/1.1" 200 6578
103.236.252.88 - tomcat [23/May/2018:17:48:34 -0300] "GET /manager/html HTTP/1.1" 403 3196
186.103.159.230 - - [23/May/2018:17:48:34 -0300] "GET /cormun/servlet/trsolicitudot? HTTP/1.1" 200 8744
186.103.159.204 - - [23/May/2018:17:48:34 -0300] "GET /cormun/servlet/permisogoce?INS,0,,, HTTP/1.1" 200 6576
186.103.159.230 - - [23/May/2018:17:48:35 -0300] "GET /cormun/servlet/trsolicitudot? HTTP/1.1" 200 8742
103.236.252.88 - - [23/May/2018:17:48:35 -0300] "GET /manager/html HTTP/1.1" 401 2474
103.236.252.88 - - [23/May/2018:17:48:35 -0300] "GET /manager/html HTTP/1.1" 401 2474
103.236.252.88 - - [23/May/2018:17:48:35 -0300] "GET /manager/html HTTP/1.1" 401 2474
103.236.252.88 - - [23/May/2018:17:48:36 -0300] "GET /manager/html HTTP/1.1" 401 2474
103.236.252.88 - - [23/May/2018:17:48:36 -0300] "GET /manager/html HTTP/1.1" 401 2474
103.236.252.88 - - [23/May/2018:17:48:36 -0300] "GET /manager/html HTTP/1.1" 401 2474
103.236.252.88 - - [23/May/2018:17:48:37 -0300] "GET /manager/html HTTP/1.1" 401 2474
103.236.252.88 - - [23/May/2018:17:48:37 -0300] "GET /manager/html HTTP/1.1" 401 2474
103.236.252.88 - - [23/May/2018:17:48:37 -0300] "GET /manager/html HTTP/1.1" 401 2474
103.236.252.88 - - [23/May/2018:17:48:38 -0300] "GET /manager/html HTTP/1.1" 401 2474
103.236.252.88 - - [23/May/2018:17:48:38 -0300] "GET /manager/html HTTP/1.1" 401 2474
103.236.252.88 - - [23/May/2018:17:48:38 -0300] "GET /manager/html HTTP/1.1" 401 2474
103.236.252.88 - - [23/May/2018:17:48:39 -0300] "GET /manager/html HTTP/1.1" 401 2474
186.103.159.230 - - [23/May/2018:17:48:39 -0300] "POST /cormun/servlet/trsolicitudot?826ed81d7bfe3b5779802bf1263d8c25,,gx-no-cache=1527108457695 HTTP/1.1" 200 107
103.236.252.88 - - [23/May/2018:17:48:39 -0300] "GET /manager/html HTTP/1.1" 401 2474
186.103.159.230 - - [23/May/2018:17:48:39 -0300] "GET /cormun/servlet/trsolicitudadjuntos?2018,11528, HTTP/1.1" 200 8934
103.236.252.88 - - [23/May/2018:17:48:39 -0300] "GET /manager/html HTTP/1.1" 401 2474
186.103.159.230 - - [23/May/2018:17:48:40 -0300] "GET /cormun/servlet/trsolicitudadjuntos?2018,11528, HTTP/1.1" 200 8937
103.236.252.88 - - [23/May/2018:17:48:40 -0300] "GET /manager/html HTTP/1.1" 401 2474
103.236.252.88 - - [23/May/2018:17:48:40 -0300] "GET /manager/html HTTP/1.1" 401 2474
103.236.252.88 - - [23/May/2018:17:48:40 -0300] "GET /manager/html HTTP/1.1" 401 2474
103.236.252.88 - - [23/May/2018:17:48:41 -0300] "GET /manager/html HTTP/1.1" 401 2474
103.236.252.88 - - [23/May/2018:17:48:41 -0300] "GET /manager/html HTTP/1.1" 401 2474
103.236.252.88 - - [23/May/2018:17:48:42 -0300] "GET /manager/html HTTP/1.1" 401 2474
103.236.252.88 - - [23/May/2018:17:48:42 -0300] "GET /manager/html HTTP/1.1" 401 2474
103.236.252.88 - - [23/May/2018:17:48:42 -0300] "GET /manager/html HTTP/1.1" 401 2474
103.236.252.88 - - [23/May/2018:17:48:43 -0300] "GET /manager/html HTTP/1.1" 401 2474
103.236.252.88 - - [23/May/2018:17:48:43 -0300] "GET /manager/html HTTP/1.1" 401 2474
103.236.252.88 - - [23/May/2018:17:48:43 -0300] "GET /manager/html HTTP/1.1" 401 2474
103.236.252.88 - - [23/May/2018:17:48:44 -0300] "GET /manager/html HTTP/1.1" 401 2474
186.103.159.230 - - [23/May/2018:17:48:44 -0300] "GET /cormun/servlet/solicitudotadjuntos?DLT,2018,11528,CARNET,0, HTTP/1.1" 200 6174
103.236.252.88 - - [23/May/2018:17:48:44 -0300] "GET /manager/html HTTP/1.1" 401 2474
186.103.159.230 - - [23/May/2018:17:48:44 -0300] "GET /cormun/static/Shared/jqueryui/images/ui-bg_highlight-soft_100_c6c2c8_1x100.png HTTP/1.1" 404 1117
186.103.159.230 - - [23/May/2018:17:48:44 -0300] "GET /cormun/static/Shared/jqueryui/images/ui-icons_82798d_256x240.png HTTP/1.1" 404 1089
186.103.159.230 - - [23/May/2018:17:48:44 -0300] "GET /cormun/static/Shared/jqueryui/images/ui-bg_flat_55_fafafa_40x100.png HTTP/1.1" 404 1097
186.103.159.230 - - [23/May/2018:17:48:44 -0300] "GET /cormun/static/Shared/jqueryui/images/ui-icons_8d78a5_256x240.png HTTP/1.1" 404 1089
103.236.252.88 - - [23/May/2018:17:48:44 -0300] "GET /manager/html HTTP/1.1" 401 2474
186.103.159.230 - - [23/May/2018:17:48:45 -0300] "GET /cormun/servlet/solicitudotadjuntos?DLT,2018,11528,CARNET,0, HTTP/1.1" 200 6166
103.236.252.88 - - [23/May/2018:17:48:45 -0300] "GET /manager/html HTTP/1.1" 401 2474
186.103.159.230 - - [23/May/2018:17:48:45 -0300] "GET /cormun/PublicTempStorage/rut8091338.pdf HTTP/1.1" 200 713048
103.236.252.88 - - [23/May/2018:17:48:45 -0300] "GET /manager/html HTTP/1.1" 401 2474
103.236.252.88 - - [23/May/2018:17:48:46 -0300] "GET /manager/html HTTP/1.1" 401 2474
103.236.252.88 - - [23/May/2018:17:48:46 -0300] "GET /manager/html HTTP/1.1" 401 2474
103.236.252.88 - - [23/May/2018:17:48:46 -0300] "GET /manager/html HTTP/1.1" 401 2474
103.236.252.88 - - [23/May/2018:17:48:47 -0300] "GET /manager/html HTTP/1.1" 401 2474
103.236.252.88 - - [23/May/2018:17:48:47 -0300] "GET /manager/html HTTP/1.1" 401 2474
103.236.252.88 - - [23/May/2018:17:48:47 -0300] "GET /manager/html HTTP/1.1" 401 2474
103.236.252.88 - - [23/May/2018:17:48:48 -0300] "GET /manager/html HTTP/1.1" 401 2474
103.236.252.88 - - [23/May/2018:17:48:48 -0300] "GET /manager/html HTTP/1.1" 401 2474
103.236.252.88 - - [23/May/2018:17:48:48 -0300] "GET /manager/html HTTP/1.1" 401 2474
103.236.252.88 - - [23/May/2018:17:48:49 -0300] "GET /manager/html HTTP/1.1" 401 2474
103.236.252.88 - - [23/May/2018:17:48:49 -0300] "GET /manager/html HTTP/1.1" 401 2474
186.103.159.230 - - [23/May/2018:17:48:49 -0300] "POST /cormun/servlet/solicitudotadjuntos?826ed81d7bfe3b5779802bf1263d8c25,DLT,2018,11528,CARNET,0,,gx-no-cache=1527108467894 HTTP/1.1" 200 93
186.103.159.230 - - [23/May/2018:17:48:49 -0300] "GET /cormun/servlet/hpexe_return? HTTP/1.1" 200 1033
103.236.252.88 - - [23/May/2018:17:48:49 -0300] "GET /manager/html HTTP/1.1" 401 2474
186.103.159.230 - - [23/May/2018:17:48:49 -0300] "GET /cormun/servlet/trsolicitudadjuntos?2018,11528, HTTP/1.1" 200 8726
103.236.252.88 - - [23/May/2018:17:48:50 -0300] "GET /manager/html HTTP/1.1" 401 2474
186.103.159.230 - - [23/May/2018:17:48:50 -0300] "GET /cormun/servlet/trsolicitudadjuntos?2018,11528, HTTP/1.1" 200 8724
103.236.252.88 - - [23/May/2018:17:48:50 -0300] "GET /manager/html HTTP/1.1" 401 2474
103.236.252.88 - - [23/May/2018:17:48:50 -0300] "GET /manager/html HTTP/1.1" 401 2474
103.236.252.88 - - [23/May/2018:17:48:51 -0300] "GET /manager/html HTTP/1.1" 401 2474
103.236.252.88 - - [23/May/2018:17:48:51 -0300] "GET /manager/html HTTP/1.1" 401 2474
103.236.252.88 - - [23/May/2018:17:48:51 -0300] "GET /manager/html HTTP/1.1" 401 2474
103.236.252.88 - - [23/May/2018:17:48:52 -0300] "GET /manager/html HTTP/1.1" 401 2474
103.236.252.88 - - [23/May/2018:17:48:52 -0300] "GET /manager/html HTTP/1.1" 401 2474
103.236.252.88 - - [23/May/2018:17:48:52 -0300] "GET /manager/html HTTP/1.1" 401 2474
103.236.252.88 - - [23/May/2018:17:48:53 -0300] "GET /manager/html HTTP/1.1" 401 2474
103.236.252.88 - - [23/May/2018:17:48:53 -0300] "GET /manager/html HTTP/1.1" 401 2474
103.236.252.88 - - [23/May/2018:17:48:53 -0300] "GET /manager/html HTTP/1.1" 401 2474
103.236.252.88 - - [23/May/2018:17:48:54 -0300] "GET /manager/html HTTP/1.1" 401 2474
103.236.252.88 - - [23/May/2018:17:48:54 -0300] "GET /manager/html HTTP/1.1" 401 2474
103.236.252.88 - - [23/May/2018:17:48:55 -0300] "GET /manager/html HTTP/1.1" 401 2474
103.236.252.88 - - [23/May/2018:17:48:55 -0300] "GET /manager/html HTTP/1.1" 401 2474
186.103.159.230 - - [23/May/2018:17:48:55 -0300] "GET /cormun/PublicTempStorage/cert._egreso5155603.pdf HTTP/1.1" 200 260451
103.236.252.88 - - [23/May/2018:17:48:55 -0300] "GET /manager/html HTTP/1.1" 401 2474
103.236.252.88 - - [23/May/2018:17:48:56 -0300] "GET /manager/html HTTP/1.1" 401 2474
186.103.159.204 - - [23/May/2018:17:48:56 -0300] "GET /cormun/servlet/permisogoce?99d2b323afff8e755e1092094cd175a11b58f3b1fd91394e892e604da4236e78def4f666ffbfefce7b51906e4bf95b74c5a7df6985f6d90e90ea4da1fb820043,gx-no-cache=1527108473644 HTTP/1.1" 200 77
186.103.159.204 - - [23/May/2018:17:48:56 -0300] "GET /cormun/static/menuarrow.gif HTTP/1.1" 404 1015
103.236.252.88 - - [23/May/2018:17:48:56 -0300] "GET /manager/html HTTP/1.1" 401 2474
103.236.252.88 - - [23/May/2018:17:48:56 -0300] "GET /manager/html HTTP/1.1" 401 2474
103.236.252.88 - - [23/May/2018:17:48:57 -0300] "GET /manager/html HTTP/1.1" 401 2474
103.236.252.88 - - [23/May/2018:17:48:57 -0300] "GET /manager/html HTTP/1.1" 401 2474
103.236.252.88 - - [23/May/2018:17:48:57 -0300] "GET /manager/html HTTP/1.1" 401 2474
103.236.252.88 - - [23/May/2018:17:48:58 -0300] "GET /manager/html HTTP/1.1" 401 2474
103.236.252.88 - - [23/May/2018:17:48:58 -0300] "GET /manager/html HTTP/1.1" 401 2474
103.236.252.88 - - [23/May/2018:17:48:58 -0300] "GET /manager/html HTTP/1.1" 401 2474
103.236.252.88 - - [23/May/2018:17:48:59 -0300] "GET /manager/html HTTP/1.1" 401 2474
103.236.252.88 - - [23/May/2018:17:48:59 -0300] "GET /manager/html HTTP/1.1" 401 2474
103.236.252.88 - - [23/May/2018:17:48:59 -0300] "GET /manager/html HTTP/1.1" 401 2474
103.236.252.88 - - [23/May/2018:17:49:00 -0300] "GET /manager/html HTTP/1.1" 401 2474
103.236.252.88 - - [23/May/2018:17:49:00 -0300] "GET /manager/html HTTP/1.1" 401 2474
103.236.252.88 - - [23/May/2018:17:49:00 -0300] "GET /manager/html HTTP/1.1" 401 2474
103.236.252.88 - - [23/May/2018:17:49:01 -0300] "GET /manager/html HTTP/1.1" 401 2474
103.236.252.88 - - [23/May/2018:17:49:01 -0300] "GET /manager/html HTTP/1.1" 401 2474
103.236.252.88 - - [23/May/2018:17:49:02 -0300] "GET /manager/html HTTP/1.1" 401 2474
103.236.252.88 - - [23/May/2018:17:49:02 -0300] "GET /manager/html HTTP/1.1" 401 2474
103.236.252.88 - - [23/May/2018:17:49:02 -0300] "GET /manager/html HTTP/1.1" 401 2474
103.236.252.88 - - [23/May/2018:17:49:03 -0300] "GET /manager/html HTTP/1.1" 401 2474
103.236.252.88 - - [23/May/2018:17:49:03 -0300] "GET /manager/html HTTP/1.1" 401 2474
103.236.252.88 - - [23/May/2018:17:49:03 -0300] "GET /manager/html HTTP/1.1" 401 2474
103.236.252.88 - - [23/May/2018:17:49:04 -0300] "GET /manager/html HTTP/1.1" 401 2474
103.236.252.88 - - [23/May/2018:17:49:04 -0300] "GET /manager/html HTTP/1.1" 401 2474
103.236.252.88 - - [23/May/2018:17:49:04 -0300] "GET /manager/html HTTP/1.1" 401 2474
186.103.159.230 - - [23/May/2018:17:49:05 -0300] "GET /cormun/servlet/trsolicitudadjuntos?2018,11528, HTTP/1.1" 200 8726
103.236.252.88 - - [23/May/2018:17:49:05 -0300] "GET /manager/html HTTP/1.1" 401 2474
103.236.252.88 - - [23/May/2018:17:49:05 -0300] "GET /manager/html HTTP/1.1" 401 2474
186.103.159.230 - - [23/May/2018:17:49:05 -0300] "GET /cormun/servlet/trsolicitudadjuntos?2018,11528, HTTP/1.1" 200 8724
103.236.252.88 - - [23/May/2018:17:49:05 -0300] "GET /manager/html HTTP/1.1" 401 2474
103.236.252.88 - - [23/May/2018:17:49:06 -0300] "GET /manager/html HTTP/1.1" 401 2474
103.236.252.88 - - [23/May/2018:17:49:06 -0300] "GET /manager/html HTTP/1.1" 401 2474
103.236.252.88 - - [23/May/2018:17:49:06 -0300] "GET /manager/html HTTP/1.1" 401 2474
103.236.252.88 - - [23/May/2018:17:49:07 -0300] "GET /manager/html HTTP/1.1" 401 2474
103.236.252.88 - - [23/May/2018:17:49:07 -0300] "GET /manager/html HTTP/1.1" 401 2474
103.236.252.88 - - [23/May/2018:17:49:07 -0300] "GET /manager/html HTTP/1.1" 401 2474
186.103.159.230 - - [23/May/2018:17:49:07 -0300] "GET /cormun/servlet/solicitudotadjuntos?DLT,2018,11528,CERTIF2,0, HTTP/1.1" 200 6187
186.103.159.230 - - [23/May/2018:17:49:08 -0300] "GET /cormun/PublicTempStorage/cert._egreso8896966.pdf HTTP/1.1" 200 260451
103.236.252.88 - - [23/May/2018:17:49:08 -0300] "GET /manager/html HTTP/1.1" 401 2474
186.103.159.230 - - [23/May/2018:17:49:08 -0300] "GET /cormun/static/Shared/jqueryui/images/ui-icons_82798d_256x240.png HTTP/1.1" 404 1089
186.103.159.230 - - [23/May/2018:17:49:08 -0300] "GET /cormun/static/Shared/jqueryui/images/ui-bg_flat_55_fafafa_40x100.png HTTP/1.1" 404 1097
186.103.159.230 - - [23/May/2018:17:49:08 -0300] "GET /cormun/static/Shared/jqueryui/images/ui-bg_highlight-soft_100_c6c2c8_1x100.png HTTP/1.1" 404 1117
186.103.159.230 - - [23/May/2018:17:49:08 -0300] "GET /cormun/static/Shared/jqueryui/images/ui-icons_8d78a5_256x240.png HTTP/1.1" 404 1089
186.103.159.230 - - [23/May/2018:17:49:08 -0300] "GET /cormun/servlet/solicitudotadjuntos?DLT,2018,11528,CERTIF2,0, HTTP/1.1" 200 6180
103.236.252.88 - - [23/May/2018:17:49:08 -0300] "GET /manager/html HTTP/1.1" 401 2474
103.236.252.88 - - [23/May/2018:17:49:08 -0300] "GET /manager/html HTTP/1.1" 401 2474
186.103.159.204 - - [23/May/2018:17:49:09 -0300] "GET /cormun/servlet/permisogoce?99d2b323afff8e755e1092094cd175a104d577dd1b477a3aa456a54f2930942c9eff46efd4b5ae7d554dbd7ee11c31782151b4c6f61a937d579d9e836a0870e5,gx-no-cache=1527108486896 HTTP/1.1" 200 47
103.236.252.88 - - [23/May/2018:17:49:09 -0300] "GET /manager/html HTTP/1.1" 401 2474
103.236.252.88 - - [23/May/2018:17:49:09 -0300] "GET /manager/html HTTP/1.1" 401 2474
103.236.252.88 - - [23/May/2018:17:49:10 -0300] "GET /manager/html HTTP/1.1" 401 2474
103.236.252.88 - - [23/May/2018:17:49:10 -0300] "GET /manager/html HTTP/1.1" 401 2474
103.236.252.88 - - [23/May/2018:17:49:11 -0300] "GET /manager/html HTTP/1.1" 401 2474
103.236.252.88 - - [23/May/2018:17:49:11 -0300] "GET /manager/html HTTP/1.1" 401 2474
103.236.252.88 - - [23/May/2018:17:49:11 -0300] "GET /manager/html HTTP/1.1" 401 2474
103.236.252.88 - - [23/May/2018:17:49:12 -0300] "GET /manager/html HTTP/1.1" 401 2474
103.236.252.88 - - [23/May/2018:17:49:12 -0300] "GET /manager/html HTTP/1.1" 401 2474
103.236.252.88 - - [23/May/2018:17:49:13 -0300] "GET /manager/html HTTP/1.1" 401 2474
103.236.252.88 - - [23/May/2018:17:49:13 -0300] "GET /manager/html HTTP/1.1" 401 2474
186.103.159.204 - - [23/May/2018:17:49:13 -0300] "POST /cormun/servlet/permisogoce?e1d937838535a190a099188882f59b68,INS,0,,,,gx-no-cache=1527108490673 HTTP/1.1" 200 93
186.103.159.204 - - [23/May/2018:17:49:13 -0300] "GET /cormun/servlet/hpexe_return? HTTP/1.1" 200 1007
186.103.159.204 - - [23/May/2018:17:49:13 -0300] "GET /cormun/servlet/hhome HTTP/1.1" 200 3910
103.236.252.88 - - [23/May/2018:17:49:13 -0300] "GET /manager/html HTTP/1.1" 401 2474
186.103.159.204 - - [23/May/2018:17:49:13 -0300] "GET /cormun/servlet/hhome HTTP/1.1" 200 3905
103.236.252.88 - - [23/May/2018:17:49:14 -0300] "GET /manager/html HTTP/1.1" 401 2474
103.236.252.88 - - [23/May/2018:17:49:14 -0300] "GET /manager/html HTTP/1.1" 401 2474
103.236.252.88 - - [23/May/2018:17:49:14 -0300] "GET /manager/html HTTP/1.1" 401 2474
103.236.252.88 - - [23/May/2018:17:49:15 -0300] "GET /manager/html HTTP/1.1" 401 2474
186.103.159.230 - - [23/May/2018:17:49:15 -0300] "POST /cormun/servlet/solicitudotadjuntos?826ed81d7bfe3b5779802bf1263d8c25,DLT,2018,11528,CERTIF2,0,,gx-no-cache=1527108493578 HTTP/1.1" 200 93
186.103.159.230 - - [23/May/2018:17:49:15 -0300] "GET /cormun/servlet/hpexe_return? HTTP/1.1" 200 1034
103.236.252.88 - - [23/May/2018:17:49:15 -0300] "GET /manager/html HTTP/1.1" 401 2474
186.103.159.230 - - [23/May/2018:17:49:15 -0300] "GET /cormun/servlet/trsolicitudadjuntos?2018,11528, HTTP/1.1" 200 6275
103.236.252.88 - - [23/May/2018:17:49:15 -0300] "GET /manager/html HTTP/1.1" 401 2474
186.103.159.230 - - [23/May/2018:17:49:16 -0300] "GET /cormun/servlet/trsolicitudadjuntos?2018,11528, HTTP/1.1" 200 6271
103.236.252.88 - - [23/May/2018:17:49:16 -0300] "GET /manager/html HTTP/1.1" 401 2474
103.236.252.88 - - [23/May/2018:17:49:16 -0300] "GET /manager/html HTTP/1.1" 401 2474
103.236.252.88 - - [23/May/2018:17:49:17 -0300] "GET /manager/html HTTP/1.1" 401 2474
103.236.252.88 - - [23/May/2018:17:49:17 -0300] "GET /manager/html HTTP/1.1" 401 2474
103.236.252.88 - - [23/May/2018:17:49:17 -0300] "GET /manager/html HTTP/1.1" 401 2474
103.236.252.88 - - [23/May/2018:17:49:18 -0300] "GET /manager/html HTTP/1.1" 401 2474
186.103.159.230 - - [23/May/2018:17:49:18 -0300] "GET /cormun/servlet/solicitudotadjuntos?INS,2018,11528,,1, HTTP/1.1" 200 6218
186.103.159.230 - - [23/May/2018:17:49:18 -0300] "GET /cormun/static/about:blank HTTP/1.1" 404 1011
103.236.252.88 - - [23/May/2018:17:49:18 -0300] "GET /manager/html HTTP/1.1" 401 2474
186.103.159.230 - - [23/May/2018:17:49:18 -0300] "GET /cormun/servlet/solicitudotadjuntos?INS,2018,11528,,1, HTTP/1.1" 200 6212
186.103.159.230 - - [23/May/2018:17:49:19 -0300] "GET /cormun/servlet/solicitudotadjuntos?d36eef900849edf9d0c582759a8b6237280023304f14e370cfdf187f41996d0516f6ada1d8624d35f30246fb1bedf0e1,gx-no-cache=1527108497424 HTTP/1.1" 200 30
186.103.159.230 - - [23/May/2018:17:49:19 -0300] "POST /cormun/servlet/solicitudotadjuntos?826ed81d7bfe3b5779802bf1263d8c25,INS,2018,11528,,1,,gx-no-cache=1527108497467 HTTP/1.1" 200 3985
186.103.159.230 - - [23/May/2018:17:49:22 -0300] "POST /cormun/servlet/solicitudotadjuntos?gx-no-cache=1527108500736 HTTP/1.1" 200 26
186.103.159.204 - - [23/May/2018:17:49:26 -0300] "GET /cormun/servlet/trpermisosgoce? HTTP/1.1" 200 12921
186.103.159.204 - - [23/May/2018:17:49:26 -0300] "GET /cormun/servlet/trpermisosgoce? HTTP/1.1" 200 12924
186.103.159.204 - - [23/May/2018:17:49:39 -0300] "GET /cormun/servlet/apermisogoceprn?19020616,P,20180523164521,PU HTTP/1.1" 200 1654
186.103.159.230 - - [23/May/2018:17:50:20 -0300] "GET /cormun/servlet/solicitudotadjuntos?d36eef900849edf9d0c582759a8b62379accb57ad45485fd9f7db7aa23059941,gx-no-cache=1527108558843 HTTP/1.1" 200 30
186.103.159.230 - - [23/May/2018:17:51:10 -0300] "GET /cormun/servlet/solicitudotadjuntos?INS,2018,11528,,1, HTTP/1.1" 200 6218
186.103.159.230 - - [23/May/2018:17:51:10 -0300] "GET /cormun/static/about:blank HTTP/1.1" 404 1011
186.103.159.230 - - [23/May/2018:17:51:10 -0300] "GET /cormun/servlet/solicitudotadjuntos?INS,2018,11528,,1, HTTP/1.1" 200 6212
186.103.159.230 - - [23/May/2018:17:51:11 -0300] "GET /favicon.ico HTTP/1.1" 200 21630
186.103.159.230 - - [23/May/2018:17:51:17 -0300] "GET /cormun/servlet/solicitudotadjuntos?d36eef900849edf9d0c582759a8b6237280023304f14e370cfdf187f41996d0516f6ada1d8624d35f30246fb1bedf0e1,gx-no-cache=1527108615852 HTTP/1.1" 200 30
186.103.159.230 - - [23/May/2018:17:51:17 -0300] "POST /cormun/servlet/solicitudotadjuntos?826ed81d7bfe3b5779802bf1263d8c25,INS,2018,11528,,1,,gx-no-cache=1527108615923 HTTP/1.1" 200 3985
186.103.159.230 - - [23/May/2018:17:51:28 -0300] "POST /cormun/servlet/solicitudotadjuntos?gx-no-cache=1527108626838 HTTP/1.1" 200 26
186.103.159.230 - - [23/May/2018:17:51:34 -0300] "GET /cormun/servlet/solicitudotadjuntos?d36eef900849edf9d0c582759a8b62379accb57ad45485fd9f7db7aa23059941,gx-no-cache=1527108632302 HTTP/1.1" 200 30
186.103.159.230 - - [23/May/2018:17:51:34 -0300] "GET /cormun/servlet/solicitudotadjuntos?d36eef900849edf9d0c582759a8b62379accb57ad45485fd9f7db7aa23059941,gx-no-cache=1527108632324 HTTP/1.1" 200 30
186.103.159.230 - - [23/May/2018:17:51:35 -0300] "POST /cormun/servlet/solicitudotadjuntos?826ed81d7bfe3b5779802bf1263d8c25,INS,2018,11528,,1, HTTP/1.1" 200 116
186.103.159.230 - - [23/May/2018:17:51:35 -0300] "GET /cormun/servlet/hpexe_return? HTTP/1.1" 200 1028
186.103.159.230 - - [23/May/2018:17:51:36 -0300] "GET /cormun/servlet/trsolicitudadjuntos?2018,11528, HTTP/1.1" 200 8718
186.103.159.230 - - [23/May/2018:17:51:36 -0300] "GET /cormun/servlet/trsolicitudadjuntos?2018,11528, HTTP/1.1" 200 8713
186.103.159.230 - - [23/May/2018:17:51:39 -0300] "GET /cormun/PublicTempStorage/rut2866410.pdf HTTP/1.1" 200 657977
186.103.159.230 - - [23/May/2018:17:51:44 -0300] "GET /cormun/servlet/trsolicitudadjuntos?2018,11528, HTTP/1.1" 200 8717
186.103.159.230 - - [23/May/2018:17:51:44 -0300] "GET /cormun/servlet/trsolicitudadjuntos?2018,11528, HTTP/1.1" 200 8713
186.103.159.230 - - [23/May/2018:17:51:50 -0300] "GET /cormun/servlet/solicitudotadjuntos?INS,2018,11528,,1, HTTP/1.1" 200 6217
186.103.159.230 - - [23/May/2018:17:51:50 -0300] "GET /cormun/static/about:blank HTTP/1.1" 404 1011
186.103.159.230 - - [23/May/2018:17:51:50 -0300] "GET /cormun/servlet/solicitudotadjuntos?INS,2018,11528,,1, HTTP/1.1" 200 6211
186.103.159.230 - - [23/May/2018:17:51:51 -0300] "GET /cormun/servlet/solicitudotadjuntos?d36eef900849edf9d0c582759a8b6237280023304f14e370cfdf187f41996d0516f6ada1d8624d35f30246fb1bedf0e1,gx-no-cache=1527108649568 HTTP/1.1" 200 30
186.103.159.230 - - [23/May/2018:17:51:51 -0300] "POST /cormun/servlet/solicitudotadjuntos?826ed81d7bfe3b5779802bf1263d8c25,INS,2018,11528,,1,,gx-no-cache=1527108649620 HTTP/1.1" 200 3984
186.103.159.230 - - [23/May/2018:17:51:56 -0300] "POST /cormun/servlet/solicitudotadjuntos?gx-no-cache=1527108654626 HTTP/1.1" 200 26
186.103.159.230 - - [23/May/2018:17:52:03 -0300] "GET /cormun/servlet/solicitudotadjuntos?d36eef900849edf9d0c582759a8b62379accb57ad45485fd9f7db7aa23059941,gx-no-cache=1527108661996 HTTP/1.1" 200 30
186.103.159.230 - - [23/May/2018:17:52:03 -0300] "GET /cormun/servlet/solicitudotadjuntos?d36eef900849edf9d0c582759a8b62379accb57ad45485fd9f7db7aa23059941,gx-no-cache=1527108662017 HTTP/1.1" 200 30
186.103.159.230 - - [23/May/2018:17:52:04 -0300] "POST /cormun/servlet/solicitudotadjuntos?826ed81d7bfe3b5779802bf1263d8c25,INS,2018,11528,,1, HTTP/1.1" 200 116
186.103.159.230 - - [23/May/2018:17:52:04 -0300] "GET /cormun/servlet/hpexe_return? HTTP/1.1" 200 1028
186.103.159.230 - - [23/May/2018:17:52:04 -0300] "GET /cormun/servlet/trsolicitudadjuntos?2018,11528, HTTP/1.1" 200 8939
186.103.159.230 - - [23/May/2018:17:52:04 -0300] "GET /cormun/servlet/trsolicitudadjuntos?2018,11528, HTTP/1.1" 200 8938
186.103.159.230 - - [23/May/2018:17:52:09 -0300] "GET /cormun/PublicTempStorage/cert._egreso3024540.pdf HTTP/1.1" 200 272237
186.103.159.230 - - [23/May/2018:17:52:18 -0300] "GET /cormun/servlet/trsolicitudadjuntos?2018,11528, HTTP/1.1" 200 8937
186.103.159.230 - - [23/May/2018:17:52:18 -0300] "GET /cormun/servlet/trsolicitudadjuntos?2018,11528, HTTP/1.1" 200 8937
186.103.159.230 - - [23/May/2018:17:52:21 -0300] "GET /cormun/servlet/solicitudotadjuntos?INS,2018,11528,,1, HTTP/1.1" 200 6218
186.103.159.230 - - [23/May/2018:17:52:21 -0300] "GET /cormun/static/about:blank HTTP/1.1" 404 1011
186.103.159.230 - - [23/May/2018:17:52:22 -0300] "GET /cormun/servlet/solicitudotadjuntos?INS,2018,11528,,1, HTTP/1.1" 200 6212
186.103.159.230 - - [23/May/2018:17:52:22 -0300] "GET /cormun/servlet/solicitudotadjuntos?d36eef900849edf9d0c582759a8b6237280023304f14e370cfdf187f41996d0516f6ada1d8624d35f30246fb1bedf0e1,gx-no-cache=1527108680695 HTTP/1.1" 200 30
186.103.159.230 - - [23/May/2018:17:52:22 -0300] "POST /cormun/servlet/solicitudotadjuntos?826ed81d7bfe3b5779802bf1263d8c25,INS,2018,11528,,1,,gx-no-cache=1527108680730 HTTP/1.1" 200 3985
186.103.159.230 - - [23/May/2018:17:52:27 -0300] "POST /cormun/servlet/solicitudotadjuntos?gx-no-cache=1527108686076 HTTP/1.1" 200 26
186.103.159.230 - - [23/May/2018:17:52:37 -0300] "GET /cormun/servlet/solicitudotadjuntos?d36eef900849edf9d0c582759a8b62379accb57ad45485fd9f7db7aa23059941,gx-no-cache=1527108695549 HTTP/1.1" 200 30
186.103.159.230 - - [23/May/2018:17:52:37 -0300] "GET /cormun/servlet/solicitudotadjuntos?d36eef900849edf9d0c582759a8b62379accb57ad45485fd9f7db7aa23059941,gx-no-cache=1527108695582 HTTP/1.1" 200 30
186.103.159.230 - - [23/May/2018:17:52:38 -0300] "POST /cormun/servlet/solicitudotadjuntos?826ed81d7bfe3b5779802bf1263d8c25,INS,2018,11528,,1, HTTP/1.1" 200 116
186.103.159.230 - - [23/May/2018:17:52:38 -0300] "GET /cormun/servlet/hpexe_return? HTTP/1.1" 200 1028
186.103.159.230 - - [23/May/2018:17:52:39 -0300] "GET /cormun/servlet/trsolicitudadjuntos?2018,11528, HTTP/1.1" 200 9109
186.103.159.230 - - [23/May/2018:17:52:39 -0300] "GET /cormun/servlet/trsolicitudadjuntos?2018,11528, HTTP/1.1" 200 9107
186.103.159.230 - - [23/May/2018:17:52:43 -0300] "GET /cormun/servlet/solicitudotadjuntos?INS,2018,11528,,1, HTTP/1.1" 200 6218
186.103.159.230 - - [23/May/2018:17:52:43 -0300] "GET /cormun/static/about:blank HTTP/1.1" 404 1011
186.103.159.230 - - [23/May/2018:17:52:44 -0300] "GET /cormun/servlet/solicitudotadjuntos?INS,2018,11528,,1, HTTP/1.1" 200 6212
186.103.159.230 - - [23/May/2018:17:52:44 -0300] "GET /cormun/servlet/solicitudotadjuntos?d36eef900849edf9d0c582759a8b6237280023304f14e370cfdf187f41996d0516f6ada1d8624d35f30246fb1bedf0e1,gx-no-cache=1527108702787 HTTP/1.1" 200 30
186.103.159.230 - - [23/May/2018:17:52:44 -0300] "POST /cormun/servlet/solicitudotadjuntos?826ed81d7bfe3b5779802bf1263d8c25,INS,2018,11528,,1,,gx-no-cache=1527108702866 HTTP/1.1" 200 3985
186.103.159.230 - - [23/May/2018:17:52:48 -0300] "POST /cormun/servlet/solicitudotadjuntos?gx-no-cache=1527108707203 HTTP/1.1" 200 26
186.103.159.230 - - [23/May/2018:17:52:57 -0300] "GET /cormun/servlet/solicitudotadjuntos?d36eef900849edf9d0c582759a8b62379accb57ad45485fd9f7db7aa23059941,gx-no-cache=1527108715285 HTTP/1.1" 200 30
186.103.159.230 - - [23/May/2018:17:52:57 -0300] "GET /cormun/servlet/solicitudotadjuntos?d36eef900849edf9d0c582759a8b62379accb57ad45485fd9f7db7aa23059941,gx-no-cache=1527108715334 HTTP/1.1" 200 30
186.103.159.230 - - [23/May/2018:17:52:59 -0300] "POST /cormun/servlet/solicitudotadjuntos?826ed81d7bfe3b5779802bf1263d8c25,INS,2018,11528,,1, HTTP/1.1" 200 116
186.103.159.230 - - [23/May/2018:17:52:59 -0300] "GET /cormun/servlet/hpexe_return? HTTP/1.1" 200 1028
186.103.159.230 - - [23/May/2018:17:52:59 -0300] "GET /cormun/servlet/trsolicitudadjuntos?2018,11528, HTTP/1.1" 200 9315
186.103.159.230 - - [23/May/2018:17:53:00 -0300] "GET /cormun/servlet/trsolicitudadjuntos?2018,11528, HTTP/1.1" 200 9315
186.103.159.230 - - [23/May/2018:17:53:05 -0300] "GET /cormun/servlet/solicitudotadjuntos?INS,2018,11528,,1, HTTP/1.1" 200 6218
186.103.159.230 - - [23/May/2018:17:53:05 -0300] "GET /cormun/static/about:blank HTTP/1.1" 404 1011
186.103.159.230 - - [23/May/2018:17:53:05 -0300] "GET /cormun/servlet/solicitudotadjuntos?INS,2018,11528,,1, HTTP/1.1" 200 6212
186.103.159.230 - - [23/May/2018:17:53:06 -0300] "GET /cormun/servlet/solicitudotadjuntos?d36eef900849edf9d0c582759a8b6237280023304f14e370cfdf187f41996d0516f6ada1d8624d35f30246fb1bedf0e1,gx-no-cache=1527108724448 HTTP/1.1" 200 30
186.103.159.230 - - [23/May/2018:17:53:06 -0300] "POST /cormun/servlet/solicitudotadjuntos?826ed81d7bfe3b5779802bf1263d8c25,INS,2018,11528,,1,,gx-no-cache=1527108724513 HTTP/1.1" 200 3985
186.103.159.230 - - [23/May/2018:17:53:11 -0300] "POST /cormun/servlet/solicitudotadjuntos?gx-no-cache=1527108730226 HTTP/1.1" 200 26
186.103.159.230 - - [23/May/2018:17:53:20 -0300] "GET /cormun/servlet/solicitudotadjuntos?d36eef900849edf9d0c582759a8b62379accb57ad45485fd9f7db7aa23059941,gx-no-cache=1527108738456 HTTP/1.1" 200 30
186.103.159.230 - - [23/May/2018:17:53:20 -0300] "GET /cormun/servlet/solicitudotadjuntos?d36eef900849edf9d0c582759a8b62379accb57ad45485fd9f7db7aa23059941,gx-no-cache=1527108738521 HTTP/1.1" 200 30
186.103.159.230 - - [23/May/2018:17:53:27 -0300] "POST /cormun/servlet/solicitudotadjuntos?826ed81d7bfe3b5779802bf1263d8c25,INS,2018,11528,,1, HTTP/1.1" 200 6504
186.103.159.230 - - [23/May/2018:17:53:27 -0300] "GET /cormun/static/Shared/jqueryui/images/ui-bg_highlight-soft_100_c6c2c8_1x100.png HTTP/1.1" 404 1117
186.103.159.230 - - [23/May/2018:17:53:27 -0300] "GET /cormun/static/Shared/jqueryui/images/ui-icons_82798d_256x240.png HTTP/1.1" 404 1089
186.103.159.230 - - [23/May/2018:17:53:27 -0300] "GET /cormun/static/Shared/jqueryui/images/ui-icons_ebccce_256x240.png HTTP/1.1" 404 1089
186.103.159.230 - - [23/May/2018:17:53:27 -0300] "GET /cormun/static/Shared/jqueryui/images/ui-bg_flat_55_994d53_40x100.png HTTP/1.1" 404 1097
186.103.159.230 - - [23/May/2018:17:53:28 -0300] "GET /cormun/PrivateTempStorage/upload_00039238.jpg HTTP/1.1" 200 1666630
186.103.159.230 - - [23/May/2018:17:53:32 -0300] "POST /cormun/servlet/solicitudotadjuntos?gx-no-cache=1527108751044 HTTP/1.1" 200 26
186.103.159.230 - - [23/May/2018:17:53:40 -0300] "GET /cormun/servlet/trsolicitudadjuntos?2018,11528, HTTP/1.1" 200 9316
186.103.159.230 - - [23/May/2018:17:53:40 -0300] "GET /cormun/servlet/trsolicitudadjuntos?2018,11528, HTTP/1.1" 200 9311
186.103.159.230 - - [23/May/2018:17:53:46 -0300] "GET /cormun/servlet/solicitudotadjuntos?INS,2018,11528,,1, HTTP/1.1" 200 6218
186.103.159.230 - - [23/May/2018:17:53:46 -0300] "GET /cormun/static/about:blank HTTP/1.1" 404 1011
186.103.159.230 - - [23/May/2018:17:53:47 -0300] "GET /cormun/servlet/solicitudotadjuntos?INS,2018,11528,,1, HTTP/1.1" 200 6212
186.103.159.230 - - [23/May/2018:17:53:47 -0300] "GET /cormun/servlet/solicitudotadjuntos?d36eef900849edf9d0c582759a8b6237280023304f14e370cfdf187f41996d0516f6ada1d8624d35f30246fb1bedf0e1,gx-no-cache=1527108765939 HTTP/1.1" 200 30
186.103.159.230 - - [23/May/2018:17:53:47 -0300] "POST /cormun/servlet/solicitudotadjuntos?826ed81d7bfe3b5779802bf1263d8c25,INS,2018,11528,,1,,gx-no-cache=1527108766012 HTTP/1.1" 200 3984
186.103.159.230 - - [23/May/2018:17:53:55 -0300] "POST /cormun/servlet/solicitudotadjuntos?gx-no-cache=1527108773414 HTTP/1.1" 200 26
186.103.159.230 - - [23/May/2018:17:54:01 -0300] "GET /cormun/servlet/solicitudotadjuntos?d36eef900849edf9d0c582759a8b62379accb57ad45485fd9f7db7aa23059941,gx-no-cache=1527108779774 HTTP/1.1" 200 30
186.103.159.230 - - [23/May/2018:17:54:01 -0300] "GET /cormun/servlet/solicitudotadjuntos?d36eef900849edf9d0c582759a8b62379accb57ad45485fd9f7db7aa23059941,gx-no-cache=1527108779836 HTTP/1.1" 200 30
186.103.159.230 - - [23/May/2018:17:54:06 -0300] "POST /cormun/servlet/solicitudotadjuntos?826ed81d7bfe3b5779802bf1263d8c25,INS,2018,11528,,1, HTTP/1.1" 200 6502
186.103.159.230 - - [23/May/2018:17:54:06 -0300] "GET /cormun/static/Shared/jqueryui/images/ui-bg_highlight-soft_100_c6c2c8_1x100.png HTTP/1.1" 404 1117
186.103.159.230 - - [23/May/2018:17:54:06 -0300] "GET /cormun/static/Shared/jqueryui/images/ui-bg_flat_55_994d53_40x100.png HTTP/1.1" 404 1097
186.103.159.230 - - [23/May/2018:17:54:06 -0300] "GET /cormun/static/Shared/jqueryui/images/ui-icons_82798d_256x240.png HTTP/1.1" 404 1089
186.103.159.230 - - [23/May/2018:17:54:06 -0300] "GET /cormun/static/Shared/jqueryui/images/ui-icons_ebccce_256x240.png HTTP/1.1" 404 1089
186.103.159.230 - - [23/May/2018:17:54:07 -0300] "GET /cormun/PrivateTempStorage/upload_00039250.jpg HTTP/1.1" 200 1666630
186.103.159.230 - - [23/May/2018:17:54:12 -0300] "POST /cormun/servlet/solicitudotadjuntos?gx-no-cache=1527108790955 HTTP/1.1" 200 26
187.147.187.44 - - [23/May/2018:17:54:22 -0300] "GET / HTTP/1.1" 200 11217
187.147.187.44 - - [23/May/2018:17:54:22 -0300] "GET / HTTP/1.1" 200 11217
186.103.159.230 - - [23/May/2018:17:54:31 -0300] "GET /cormun/servlet/trsolicitudadjuntos?2018,11528, HTTP/1.1" 200 9318
186.103.159.230 - - [23/May/2018:17:54:32 -0300] "GET /cormun/servlet/trsolicitudadjuntos?2018,11528, HTTP/1.1" 200 9314
186.103.159.230 - - [23/May/2018:17:54:37 -0300] "GET /cormun/servlet/solicitudotadjuntos?INS,2018,11528,,1, HTTP/1.1" 200 6218
186.103.159.230 - - [23/May/2018:17:54:37 -0300] "GET /cormun/static/about:blank HTTP/1.1" 404 1011
186.103.159.230 - - [23/May/2018:17:54:37 -0300] "GET /cormun/servlet/solicitudotadjuntos?INS,2018,11528,,1, HTTP/1.1" 200 6212
186.103.159.230 - - [23/May/2018:17:54:38 -0300] "GET /cormun/servlet/solicitudotadjuntos?d36eef900849edf9d0c582759a8b6237280023304f14e370cfdf187f41996d0516f6ada1d8624d35f30246fb1bedf0e1,gx-no-cache=1527108816727 HTTP/1.1" 200 30
186.103.159.230 - - [23/May/2018:17:54:38 -0300] "POST /cormun/servlet/solicitudotadjuntos?826ed81d7bfe3b5779802bf1263d8c25,INS,2018,11528,,1,,gx-no-cache=1527108816768 HTTP/1.1" 200 3984
186.103.159.230 - - [23/May/2018:17:54:41 -0300] "POST /cormun/servlet/solicitudotadjuntos?gx-no-cache=1527108819811 HTTP/1.1" 200 26
186.103.159.230 - - [23/May/2018:17:54:50 -0300] "GET /cormun/servlet/solicitudotadjuntos?d36eef900849edf9d0c582759a8b62379accb57ad45485fd9f7db7aa23059941,gx-no-cache=1527108829054 HTTP/1.1" 200 30
186.103.159.230 - - [23/May/2018:17:54:50 -0300] "GET /cormun/servlet/solicitudotadjuntos?d36eef900849edf9d0c582759a8b62379accb57ad45485fd9f7db7aa23059941,gx-no-cache=1527108829080 HTTP/1.1" 200 30
186.103.159.230 - - [23/May/2018:17:54:51 -0300] "POST /cormun/servlet/solicitudotadjuntos?826ed81d7bfe3b5779802bf1263d8c25,INS,2018,11528,,1, HTTP/1.1" 200 116
186.103.159.230 - - [23/May/2018:17:54:51 -0300] "GET /cormun/servlet/hpexe_return? HTTP/1.1" 200 1028
186.103.159.230 - - [23/May/2018:17:54:51 -0300] "GET /cormun/servlet/trsolicitudadjuntos?2018,11528, HTTP/1.1" 200 9530
186.103.159.230 - - [23/May/2018:17:54:52 -0300] "GET /cormun/servlet/trsolicitudadjuntos?2018,11528, HTTP/1.1" 200 9530
186.103.159.230 - - [23/May/2018:17:55:01 -0300] "GET /cormun/servlet/solicitudotadjuntos?INS,2018,11528,,1, HTTP/1.1" 200 6218
186.103.159.230 - - [23/May/2018:17:55:02 -0300] "GET /cormun/static/about:blank HTTP/1.1" 404 1011
186.103.159.230 - - [23/May/2018:17:55:02 -0300] "GET /cormun/servlet/solicitudotadjuntos?INS,2018,11528,,1, HTTP/1.1" 200 6212
186.103.159.230 - - [23/May/2018:17:55:02 -0300] "GET /cormun/servlet/solicitudotadjuntos?d36eef900849edf9d0c582759a8b6237280023304f14e370cfdf187f41996d0516f6ada1d8624d35f30246fb1bedf0e1,gx-no-cache=1527108841078 HTTP/1.1" 200 30
186.103.159.230 - - [23/May/2018:17:55:02 -0300] "POST /cormun/servlet/solicitudotadjuntos?826ed81d7bfe3b5779802bf1263d8c25,INS,2018,11528,,1,,gx-no-cache=1527108841119 HTTP/1.1" 200 3984
186.103.159.230 - - [23/May/2018:17:55:06 -0300] "POST /cormun/servlet/solicitudotadjuntos?gx-no-cache=1527108845210 HTTP/1.1" 200 26
186.103.159.230 - - [23/May/2018:17:55:50 -0300] "GET /cormun/servlet/solicitudotadjuntos?d36eef900849edf9d0c582759a8b62379accb57ad45485fd9f7db7aa23059941,gx-no-cache=1527108888956 HTTP/1.1" 200 30
186.103.159.230 - - [23/May/2018:17:55:50 -0300] "GET /cormun/servlet/solicitudotadjuntos?d36eef900849edf9d0c582759a8b62379accb57ad45485fd9f7db7aa23059941,gx-no-cache=1527108889026 HTTP/1.1" 200 30
186.103.159.230 - - [23/May/2018:17:55:53 -0300] "POST /cormun/servlet/solicitudotadjuntos?826ed81d7bfe3b5779802bf1263d8c25,INS,2018,11528,,1, HTTP/1.1" 200 6503
186.103.159.230 - - [23/May/2018:17:55:53 -0300] "GET /cormun/static/Shared/jqueryui/images/ui-bg_highlight-soft_100_c6c2c8_1x100.png HTTP/1.1" 404 1117
186.103.159.230 - - [23/May/2018:17:55:53 -0300] "GET /cormun/static/Shared/jqueryui/images/ui-icons_82798d_256x240.png HTTP/1.1" 404 1089
186.103.159.230 - - [23/May/2018:17:55:53 -0300] "GET /cormun/static/Shared/jqueryui/images/ui-icons_ebccce_256x240.png HTTP/1.1" 404 1089
186.103.159.230 - - [23/May/2018:17:55:53 -0300] "GET /cormun/static/Shared/jqueryui/images/ui-bg_flat_55_994d53_40x100.png HTTP/1.1" 404 1097
186.103.159.230 - - [23/May/2018:17:55:54 -0300] "GET /cormun/PrivateTempStorage/upload_00039274.jpg HTTP/1.1" 200 1666630
186.103.159.230 - - [23/May/2018:17:56:07 -0300] "GET /cormun/servlet/trsolicitudadjuntos?2018,11528, HTTP/1.1" 200 9532
186.103.159.230 - - [23/May/2018:17:56:08 -0300] "GET /cormun/servlet/trsolicitudadjuntos?2018,11528, HTTP/1.1" 200 9537
200.72.197.82 - - [23/May/2018:17:58:51 -0300] "GET /cormun/servlet/hlogin HTTP/1.1" 200 1731
200.72.197.82 - - [23/May/2018:17:58:51 -0300] "GET /cormun/servlet/hlogin HTTP/1.1" 200 1738
200.72.197.82 - - [23/May/2018:17:58:51 -0300] "GET /favicon.ico HTTP/1.1" 200 21630
200.72.197.82 - - [23/May/2018:17:59:00 -0300] "POST /cormun/servlet/hlogin?5348d3230c7ee89d7cd89086f2a9d272,gx-no-cache=1527109081228 HTTP/1.1" 200 90
200.72.197.82 - - [23/May/2018:17:59:01 -0300] "GET /cormun/servlet/hpexe_link HTTP/1.1" 200 957
200.72.197.82 - - [23/May/2018:17:59:01 -0300] "GET /cormun/servlet/hhome HTTP/1.1" 200 4135
200.72.197.82 - - [23/May/2018:17:59:02 -0300] "GET /cormun/servlet/hhome HTTP/1.1" 200 4130
200.54.18.251 - - [23/May/2018:17:59:04 -0300] "GET /cormun/servlet/trsolicitudot? HTTP/1.1" 200 8729
200.54.18.251 - - [23/May/2018:17:59:05 -0300] "GET /cormun/servlet/trsolicitudot? HTTP/1.1" 200 8727
186.103.132.155 - - [23/May/2018:17:59:06 -0300] "GET /cormun/servlet/trlicencias? HTTP/1.1" 200 9161
186.103.132.155 - - [23/May/2018:17:59:07 -0300] "GET /cormun/servlet/trlicencias? HTTP/1.1" 200 9160
200.72.197.82 - - [23/May/2018:17:59:07 -0300] "GET /cormun/static/menuarrow.gif HTTP/1.1" 404 1015
200.72.197.82 - - [23/May/2018:17:59:17 -0300] "POST /cormun/servlet/trsolicitudot?5348d3230c7ee89d7cd89086f2a9d272,,gx-no-cache=1527109096894 HTTP/1.1" 200 23241
187.207.18.98 - - [23/May/2018:18:01:51 -0300] "GET / HTTP/1.1" 200 11217
186.103.159.230 - - [23/May/2018:18:03:51 -0300] "GET /cormun/servlet/trsolicitudot? HTTP/1.1" 200 8749
186.103.159.230 - - [23/May/2018:18:03:51 -0300] "GET /cormun/servlet/trsolicitudot? HTTP/1.1" 200 8742
186.103.159.230 - - [23/May/2018:18:04:30 -0300] "POST /cormun/servlet/trsolicitudot?826ed81d7bfe3b5779802bf1263d8c25,,gx-no-cache=1527109408935 HTTP/1.1" 200 5884
186.103.159.230 - - [23/May/2018:18:04:31 -0300] "GET /cormun/static/Shared/jqueryui/images/ui-bg_highlight-soft_100_c6c2c8_1x100.png HTTP/1.1" 404 1117
186.103.159.230 - - [23/May/2018:18:04:31 -0300] "GET /cormun/static/Shared/jqueryui/images/ui-icons_82798d_256x240.png HTTP/1.1" 404 1089
186.103.159.230 - - [23/May/2018:18:04:31 -0300] "GET /cormun/static/Shared/jqueryui/images/ui-bg_flat_55_fafafa_40x100.png HTTP/1.1" 404 1097
186.103.159.230 - - [23/May/2018:18:04:31 -0300] "GET /cormun/static/Shared/jqueryui/images/ui-icons_8d78a5_256x240.png HTTP/1.1" 404 1089
186.103.159.230 - - [23/May/2018:18:04:36 -0300] "POST /cormun/servlet/trsolicitudot?826ed81d7bfe3b5779802bf1263d8c25,,gx-no-cache=1527109415019 HTTP/1.1" 200 5883
186.103.159.230 - - [23/May/2018:18:04:43 -0300] "POST /cormun/servlet/trsolicitudot?826ed81d7bfe3b5779802bf1263d8c25,,gx-no-cache=1527109421695 HTTP/1.1" 200 107
186.103.159.230 - - [23/May/2018:18:04:43 -0300] "GET /cormun/servlet/trsolicitudadjuntos?2018,11528, HTTP/1.1" 200 9529
186.103.159.230 - - [23/May/2018:18:04:44 -0300] "GET /cormun/servlet/trsolicitudadjuntos?2018,11528, HTTP/1.1" 200 9533
186.103.159.230 - - [23/May/2018:18:04:50 -0300] "GET /cormun/servlet/solicitudotadjuntos?INS,2018,11528,,1, HTTP/1.1" 200 6218
186.103.159.230 - - [23/May/2018:18:04:51 -0300] "GET /cormun/static/about:blank HTTP/1.1" 404 1011
186.103.159.230 - - [23/May/2018:18:04:51 -0300] "GET /cormun/servlet/solicitudotadjuntos?INS,2018,11528,,1, HTTP/1.1" 200 6212
186.103.159.230 - - [23/May/2018:18:04:51 -0300] "GET /cormun/servlet/solicitudotadjuntos?d36eef900849edf9d0c582759a8b6237280023304f14e370cfdf187f41996d0516f6ada1d8624d35f30246fb1bedf0e1,gx-no-cache=1527109430049 HTTP/1.1" 200 30
186.103.159.230 - - [23/May/2018:18:04:51 -0300] "POST /cormun/servlet/solicitudotadjuntos?826ed81d7bfe3b5779802bf1263d8c25,INS,2018,11528,,1,,gx-no-cache=1527109430090 HTTP/1.1" 200 3984
186.103.159.230 - - [23/May/2018:18:04:56 -0300] "POST /cormun/servlet/solicitudotadjuntos?gx-no-cache=1527109434871 HTTP/1.1" 200 26
186.103.159.204 - - [23/May/2018:18:05:05 -0300] "POST /cormun/servlet/trautorizarpermisogoce?c3304f1840aeeb62879d3fcdfaca2933,,gx-no-cache=1527109442870 HTTP/1.1" 440 972
186.103.159.230 - - [23/May/2018:18:05:32 -0300] "GET /cormun/servlet/solicitudotadjuntos?d36eef900849edf9d0c582759a8b62379accb57ad45485fd9f7db7aa23059941,gx-no-cache=1527109470319 HTTP/1.1" 200 30
186.103.159.204 - - [23/May/2018:18:05:47 -0300] "GET /cormun/servlet/trsolicitudot? HTTP/1.1" 200 6415
186.103.159.204 - - [23/May/2018:18:05:48 -0300] "GET /cormun/servlet/hlogin HTTP/1.1" 200 1744
186.103.159.204 - - [23/May/2018:18:05:48 -0300] "GET /cormun/servlet/trsolicitudot? HTTP/1.1" 200 6405
186.103.159.230 - - [23/May/2018:18:06:09 -0300] "GET /cormun/servlet/trsolicitudadjuntos?2018,11528, HTTP/1.1" 200 9527
186.103.159.230 - - [23/May/2018:18:06:50 -0300] "GET /cormun/servlet/hlogin HTTP/1.1" 200 1720
186.103.159.46 - - [23/May/2018:18:06:52 -0300] "GET /cormun/servlet/trsolicitudot? HTTP/1.1" 200 7176
186.103.159.46 - - [23/May/2018:18:06:54 -0300] "GET /cormun/servlet/trsolicitudot? HTTP/1.1" 200 7176
186.103.159.230 - - [23/May/2018:18:06:54 -0300] "GET /cormun/servlet/hlogin HTTP/1.1" 200 1720
186.103.159.46 - - [23/May/2018:18:07:05 -0300] "GET /cormun/servlet/trsolicitudot? HTTP/1.1" 200 7176
186.103.159.46 - - [23/May/2018:18:07:06 -0300] "GET /cormun/servlet/trsolicitudot? HTTP/1.1" 200 7176
186.103.159.204 - - [23/May/2018:18:07:07 -0300] "GET /cormun/servlet/permisogoce?UPD,19020616,P,20180523164521, HTTP/1.1" 200 6818
186.103.159.230 - - [23/May/2018:18:07:08 -0300] "POST /cormun/servlet/hlogin?f0dcf296dba80f07ff6dfb7003b8673c,gx-no-cache=1527109566310 HTTP/1.1" 200 90
186.103.159.230 - - [23/May/2018:18:07:08 -0300] "GET /cormun/servlet/hpexe_link HTTP/1.1" 200 952
186.103.159.204 - - [23/May/2018:18:07:08 -0300] "GET /cormun/servlet/permisogoce?UPD,19020616,P,20180523164521, HTTP/1.1" 200 6818
186.103.159.230 - - [23/May/2018:18:07:08 -0300] "GET /cormun/servlet/hhome HTTP/1.1" 200 4180
186.103.159.204 - - [23/May/2018:18:07:08 -0300] "GET /cormun/servlet/permisogoce?99d2b323afff8e755e1092094cd175a11b58f3b1fd91394e892e604da4236e786a7172ba4b6c9243bc879633cf7931b204a5bf1562c4a41c5cf24adc730e357b,gx-no-cache=1527109566189 HTTP/1.1" 200 80
186.103.159.230 - - [23/May/2018:18:07:08 -0300] "GET /cormun/servlet/hhome HTTP/1.1" 200 4176
186.103.159.230 - - [23/May/2018:18:07:11 -0300] "GET /cormun/servlet/trsolicitudot? HTTP/1.1" 200 8747
186.103.159.230 - - [23/May/2018:18:07:12 -0300] "GET /cormun/servlet/trsolicitudot? HTTP/1.1" 200 8745
186.103.159.46 - - [23/May/2018:18:07:13 -0300] "GET /cormun/servlet/solicitudot?INS,0,0, HTTP/1.1" 200 13411
186.103.159.46 - - [23/May/2018:18:07:15 -0300] "GET /cormun/servlet/solicitudot?INS,0,0, HTTP/1.1" 200 13416
186.103.159.230 - - [23/May/2018:18:07:18 -0300] "POST /cormun/servlet/trsolicitudot?f0dcf296dba80f07ff6dfb7003b8673c,,gx-no-cache=1527109576845 HTTP/1.1" 200 5874
186.103.159.230 - - [23/May/2018:18:07:18 -0300] "GET /cormun/static/Shared/jqueryui/images/ui-bg_highlight-soft_100_c6c2c8_1x100.png HTTP/1.1" 404 1117
186.103.159.230 - - [23/May/2018:18:07:18 -0300] "GET /cormun/static/Shared/jqueryui/images/ui-icons_82798d_256x240.png HTTP/1.1" 404 1089
186.103.159.230 - - [23/May/2018:18:07:18 -0300] "GET /cormun/static/Shared/jqueryui/images/ui-bg_flat_55_fafafa_40x100.png HTTP/1.1" 404 1097
186.103.159.230 - - [23/May/2018:18:07:18 -0300] "GET /cormun/static/Shared/jqueryui/images/ui-icons_8d78a5_256x240.png HTTP/1.1" 404 1089
186.103.159.46 - - [23/May/2018:18:07:29 -0300] "POST /cormun/servlet/solicitudot?gx-no-cache=1527109586755 HTTP/1.1" 200 3284
186.103.159.46 - - [23/May/2018:18:07:30 -0300] "POST /cormun/servlet/solicitudot?4795050d5cebc92e73967b9d2b30e4b1,INS,0,0,,gx-no-cache=1527109587066 HTTP/1.1" 200 10237
186.103.159.46 - - [23/May/2018:18:07:34 -0300] "GET /cormun/servlet/solicitudot?187ac2ea39fa6d2406bf14b4480ce668da19e4cd57b8a1a7ac7c24101f1f7f0b2746b20c1e09afc9557bb13db2ed6fe7,gx-no-cache=1527109591498 HTTP/1.1" 200 30
186.103.159.204 - - [23/May/2018:18:07:40 -0300] "GET /cormun/servlet/trpermisosgoce? HTTP/1.1" 200 12912
186.103.159.204 - - [23/May/2018:18:07:40 -0300] "GET /cormun/servlet/trpermisosgoce? HTTP/1.1" 200 12899
186.103.159.204 - - [23/May/2018:18:07:52 -0300] "GET /cormun/servlet/permisogoce?DSP,9404476,P,20180503154739, HTTP/1.1" 200 6620
186.103.159.204 - - [23/May/2018:18:07:52 -0300] "GET /cormun/servlet/permisogoce?DSP,9404476,P,20180503154739, HTTP/1.1" 200 6619
186.103.159.204 - - [23/May/2018:18:08:28 -0300] "GET /cormun/servlet/trpermisosgoce? HTTP/1.1" 200 12902
186.103.159.204 - - [23/May/2018:18:08:28 -0300] "GET /cormun/servlet/trpermisosgoce? HTTP/1.1" 200 12924
186.103.159.230 - - [23/May/2018:18:08:31 -0300] "POST /cormun/servlet/trsolicitudot?f0dcf296dba80f07ff6dfb7003b8673c,,gx-no-cache=1527109649122 HTTP/1.1" 200 5873
186.103.159.230 - - [23/May/2018:18:08:32 -0300] "POST /cormun/servlet/trsolicitudot?f0dcf296dba80f07ff6dfb7003b8673c,,gx-no-cache=1527109650962 HTTP/1.1" 200 5872
186.103.159.204 - - [23/May/2018:18:08:48 -0300] "GET /cormun/servlet/permisogoce?DSP,9288734,P,20180507093750, HTTP/1.1" 200 6620
186.103.159.204 - - [23/May/2018:18:08:48 -0300] "GET /cormun/servlet/permisogoce?DSP,9288734,P,20180507093750, HTTP/1.1" 200 6620
186.103.159.204 - - [23/May/2018:18:09:04 -0300] "GET /cormun/servlet/trpermisosgoce? HTTP/1.1" 200 12913
186.103.159.204 - - [23/May/2018:18:09:04 -0300] "GET /cormun/servlet/trpermisosgoce? HTTP/1.1" 200 12916
186.103.159.204 - - [23/May/2018:18:09:12 -0300] "GET /cormun/servlet/trlicencias? HTTP/1.1" 200 6150
186.103.159.204 - - [23/May/2018:18:09:12 -0300] "GET /cormun/static/gxcfg.js?20176272054169 HTTP/1.1" 200 953
186.103.159.204 - - [23/May/2018:18:09:12 -0300] "GET /cormun/static/trlicencias.js?20176272054837 HTTP/1.1" 200 41883
186.103.159.204 - - [23/May/2018:18:09:12 -0300] "GET /cormun/servlet/hlogin HTTP/1.1" 200 1734
186.103.159.204 - - [23/May/2018:18:09:13 -0300] "GET /cormun/servlet/trlicencias? HTTP/1.1" 200 6120
186.103.159.204 - - [23/May/2018:18:09:18 -0300] "GET /cormun/servlet/permisogoce?DSP,13503222,P,20180424170811, HTTP/1.1" 200 6613
186.103.159.204 - - [23/May/2018:18:09:19 -0300] "GET /cormun/servlet/permisogoce?DSP,13503222,P,20180424170811, HTTP/1.1" 200 6613
186.103.159.204 - - [23/May/2018:18:09:42 -0300] "GET /cormun/servlet/trpermisosgoce? HTTP/1.1" 200 12924
186.103.159.204 - - [23/May/2018:18:09:43 -0300] "GET /cormun/servlet/trpermisosgoce? HTTP/1.1" 200 12899
186.103.159.46 - - [23/May/2018:18:09:44 -0300] "GET /cormun/servlet/prbanco?,MD,,gxPopupLevel%3D0%3B HTTP/1.1" 200 6601
186.103.159.46 - - [23/May/2018:18:09:44 -0300] "GET /cormun/static/gxcfg.js?20181161016094 HTTP/1.1" 200 953
186.103.159.46 - - [23/May/2018:18:09:44 -0300] "GET /cormun/static/prbanco.js?2018116101633 HTTP/1.1" 304 -
186.103.159.204 - - [23/May/2018:18:09:51 -0300] "GET /cormun/servlet/permisogoce?DSP,17139374,P,20180523141140, HTTP/1.1" 200 6611
186.103.159.204 - - [23/May/2018:18:09:51 -0300] "GET /cormun/servlet/permisogoce?DSP,17139374,P,20180523141140, HTTP/1.1" 200 6612
186.103.159.46 - - [23/May/2018:18:09:59 -0300] "POST /cormun/servlet/prbanco?4795050d5cebc92e73967b9d2b30e4b1,,MD,,gxPopupLevel%3D0%3B,gx-no-cache=1527109736665 HTTP/1.1" 200 3859
186.103.159.46 - - [23/May/2018:18:10:04 -0300] "GET /cormun/servlet/solicitudot?187ac2ea39fa6d2406bf14b4480ce668377cd67183bc3cc865a19647fb98ab0ce530ed52ed49cdbbdbc92c8b6f19ce2f132225565083d64a6b53d7d3f058712c,gx-no-cache=1527109741723 HTTP/1.1" 200 30
186.103.159.46 - - [23/May/2018:18:10:06 -0300] "GET /cormun/servlet/solicitudot?187ac2ea39fa6d2406bf14b4480ce66810d3769ff72f7d5934ac72c1e579b196,gx-no-cache=1527109743780 HTTP/1.1" 200 53
186.103.159.204 - - [23/May/2018:18:10:10 -0300] "GET /cormun/servlet/trpermisosgoce? HTTP/1.1" 200 12913
186.103.159.204 - - [23/May/2018:18:10:10 -0300] "GET /cormun/servlet/trpermisosgoce? HTTP/1.1" 200 12930
186.103.159.204 - - [23/May/2018:18:10:21 -0300] "GET /cormun/servlet/permisogoce?DSP,10363308,P,20180503161344, HTTP/1.1" 200 6626
186.103.159.204 - - [23/May/2018:18:10:21 -0300] "GET /cormun/servlet/permisogoce?DSP,10363308,P,20180503161344, HTTP/1.1" 200 6627
186.103.159.46 - - [23/May/2018:18:10:42 -0300] "POST /cormun/servlet/solicitudot?gx-no-cache=1527109779285 HTTP/1.1" 200 297
186.103.159.204 - - [23/May/2018:18:10:42 -0300] "GET /cormun/servlet/trpermisosgoce? HTTP/1.1" 200 12924
186.103.159.46 - - [23/May/2018:18:10:42 -0300] "GET /cormun/servlet/solicitudot?187ac2ea39fa6d2406bf14b4480ce6686ac5a855ae804ddc7c65144e3070c9e039678f7b9741323b759541d299382f05844591bd8aa71cf654482b29a74f8af12e8c8e449bbbaf626c883fe339301855f06ff04e1c28660e38521085aaf2f15246e9b8e9154db9ecf6ea011eb6a4864a5a11fce0890b6ce79af8c47b2022cafdb96a33310f2662cbc6004b66e770a5f0d986862ff98ddb0e096fb8e8e77074c2b58827586be18a9ac647290e25a413d06f49f82cecd6ef309c8cda7930b371263da964911f5c7cbbf9d981de553a659ce4dc29bfde04728b1d8f4717afdcd6d2f620ec86112f1728a02dcc3f4919500df338f14cb8190c31731d2f0ad68a5c22cc50275a793d7ed6723173934d268231106eb02f5f32d7cfbd5f7fe0fb8ac5101f4a829658b721b67bfec11ceaf1ff22917a906ac49cb4ac2a613eb9fc41f578c7d111bfd9312f1371bf7b108eea2e395eec63680c2ef44b0f8837347a340c2074be4dd3994f3526e45e473375993e7d9f061304582d765a8756d5544c67d5e9aab0b0edb8ec3ad8d56a5734f4b62b11,gx-no-cache=1527109779517 HTTP/1.1" 200 30
186.103.159.204 - - [23/May/2018:18:10:43 -0300] "GET /cormun/servlet/trpermisosgoce? HTTP/1.1" 200 12916
186.103.159.46 - - [23/May/2018:18:10:47 -0300] "POST /cormun/servlet/solicitudot?gx-no-cache=1527109784496 HTTP/1.1" 200 30
186.103.159.46 - - [23/May/2018:18:11:06 -0300] "POST /cormun/servlet/solicitudot?gx-no-cache=1527109803116 HTTP/1.1" 200 257
186.103.159.46 - - [23/May/2018:18:11:13 -0300] "GET /cormun/servlet/solicitudot?187ac2ea39fa6d2406bf14b4480ce6686ac5a855ae804ddc7c65144e3070c9e05551f9ad112132e72724114aaed1c7fb844591bd8aa71cf654482b29a74f8af12e8c8e449bbbaf626c883fe339301855f06ff04e1c28660e38521085aaf2f15246e9b8e9154db9ecf6ea011eb6a4864a5a11fce0890b6ce79af8c47b2022cafdb96a33310f2662cbc6004b66e770a5f0d986862ff98ddb0e096fb8e8e77074c2b58827586be18a9ac647290e25a413d06f49f82cecd6ef309c8cda7930b371263da964911f5c7cbbf9d981de553a659ce4dc29bfde04728b1d8f4717afdcd6d2f620ec86112f1728a02dcc3f4919500df338f14cb8190c31731d2f0ad68a5c22cc50275a793d7ed6723173934d268231106eb02f5f32d7cfbd5f7fe0fb8ac5101f4a829658b721b67bfec11ceaf1ff22917a906ac49cb4ac2a613eb9fc41f57872a314c4df0dc7a31200800c15bc2fee49ae65ee3836ef334a5d4e60adfb54143c2e9aa6aac2e265ace08d736e4584a3b61719fd5a37aa7e6d9a9694e256ae89,gx-no-cache=1527109810390 HTTP/1.1" 200 30
186.103.159.46 - - [23/May/2018:18:11:13 -0300] "POST /cormun/servlet/solicitudot?gx-no-cache=1527109810825 HTTP/1.1" 200 30
186.103.159.46 - - [23/May/2018:18:11:14 -0300] "POST /cormun/servlet/solicitudot?gx-no-cache=1527109810943 HTTP/1.1" 200 1366
186.103.159.46 - - [23/May/2018:18:11:14 -0300] "POST /cormun/servlet/solicitudot?gx-no-cache=1527109811446 HTTP/1.1" 200 38
