192.168.10.97 - - [23/May/2018:14:55:25 -0300] "GET /cormun/servlet/solicitudgral3?UPD,2018,11514, HTTP/1.1" 200 13901
192.168.10.97 - - [23/May/2018:14:55:26 -0300] "POST /cormun/servlet/solicitudgral3?gx-no-cache=1527097933961 HTTP/1.1" 200 4072
192.168.10.97 - - [23/May/2018:14:55:26 -0300] "GET /cormun/servlet/solicitudgral3?8887c8daa61cc41a691aecf8d847737bd474a75012d68054a6ecf6512a1fbc6f9c520a28b0a852dab914e70d896663fbb8ab0a8b6f2296cf5411b7019786f83283a8cf68596aa5a781bfb2cfd33a7b039b32bd4d1abdaf282fe89a3435720076aeb66abece6be3b77fe9ff3d5af1917c567d75fe52f647f98c262e5c5f305acfc4b20bd7d24ea44723de8e728036785656f616a3fb93e525ce5a4d69c59c0dde6097f06f8bf936cb8dd8901179faf85d8b2a07185b947cd5a83b63e5973436f91c4dac04fe01d5147bda77db9b5e93abf5b46db7d83958adb72704c780c31a823c714006285dc4aab9d3ca2f420a6efe2d4fbc7eee687ca67b18c9f5536c683671660da86144188f512890af1f713494adeb0f2d8403317a1889ca067552da723c728664e6c873215244c6677b4cc524230ac6cead4194a4adb78fc864877ddd281da25c22bd6f548e6c3655d8cc8fcc,gx-no-cache=1527097934128 HTTP/1.1" 200 255
192.168.10.97 - - [23/May/2018:14:55:26 -0300] "POST /cormun/servlet/solicitudgral3?gx-no-cache=1527097934155 HTTP/1.1" 200 1430
192.168.10.97 - - [23/May/2018:14:55:26 -0300] "GET /cormun/servlet/solicitudgral3?8887c8daa61cc41a691aecf8d847737b1b0749443b82ebe3426daafcade0a3171ca67eb157089cd1a17e7d35daa1b6a3c11527b22dfeedd1044c26c8f16e7abb3cca60c2e10441de9213433af68e845796f863f802bab5ce683a114bc0830c8f502d2bf2c168fce0a5e225cb49b1873326ef42cd0b53482027cbfc89664ebe39,gx-no-cache=1527097934318 HTTP/1.1" 200 41
186.67.164.142 - - [23/May/2018:14:55:28 -0300] "GET /cormun/servlet/solicitudot?INS,0,0, HTTP/1.1" 200 13427
186.67.164.142 - - [23/May/2018:14:55:29 -0300] "GET /cormun/servlet/solicitudot?INS,0,0, HTTP/1.1" 200 13432
192.168.10.97 - - [23/May/2018:14:55:30 -0300] "POST /cormun/servlet/solicitudgral3?45f0248ac56e43567fcc8293e047f6fb,UPD,2018,11514,,gx-no-cache=1527097937957 HTTP/1.1" 200 93
192.168.10.97 - - [23/May/2018:14:55:30 -0300] "GET /cormun/servlet/hpexe_return? HTTP/1.1" 200 1018
192.168.10.97 - - [23/May/2018:14:55:30 -0300] "GET /cormun/servlet/trsolicitudgral HTTP/1.1" 200 11395
192.168.10.97 - - [23/May/2018:14:55:30 -0300] "GET /cormun/servlet/trsolicitudgral HTTP/1.1" 200 11390
186.103.159.204 - - [23/May/2018:14:55:37 -0300] "POST /cormun/servlet/trpermisosgoce?d122fa35845175c3b1979db20eb4a65e,,gx-no-cache=1527098078289 HTTP/1.1" 200 9412
186.103.159.204 - - [23/May/2018:14:55:37 -0300] "GET /cormun/static/Shared/jqueryui/images/ui-bg_highlight-soft_100_c6c2c8_1x100.png HTTP/1.1" 404 1117
186.103.159.204 - - [23/May/2018:14:55:37 -0300] "GET /cormun/static/Shared/jqueryui/images/ui-icons_82798d_256x240.png HTTP/1.1" 404 1089
186.103.159.204 - - [23/May/2018:14:55:37 -0300] "GET /cormun/static/Shared/jqueryui/images/ui-bg_flat_55_fafafa_40x100.png HTTP/1.1" 404 1097
186.103.159.204 - - [23/May/2018:14:55:37 -0300] "GET /cormun/static/Shared/jqueryui/images/ui-icons_8d78a5_256x240.png HTTP/1.1" 404 1089
186.67.164.142 - - [23/May/2018:14:55:40 -0300] "POST /cormun/servlet/solicitudot?gx-no-cache=1527098079639 HTTP/1.1" 200 3397
186.67.164.142 - - [23/May/2018:14:55:40 -0300] "POST /cormun/servlet/solicitudot?a0c228d1b44beab1c47427fa7bb4e44b,INS,0,0,,gx-no-cache=1527098080002 HTTP/1.1" 200 10378
186.67.164.142 - - [23/May/2018:14:55:45 -0300] "GET /cormun/servlet/solicitudot?b0a8d2bc72844c4125074178aea1db587b1234be83edfe220c1a6a678798dc437d4fb3fc74c8010f971f4893f07c9535,gx-no-cache=1527098085155 HTTP/1.1" 200 30
186.67.164.142 - - [23/May/2018:14:55:45 -0300] "GET /cormun/servlet/solicitudot?b0a8d2bc72844c4125074178aea1db587708f875d9b938b68f60d610d983cd71488e06b6271de7d3f57b6d627c77ed19,gx-no-cache=1527098085234 HTTP/1.1" 200 30
186.67.164.142 - - [23/May/2018:14:55:46 -0300] "GET /cormun/servlet/solicitudot?b0a8d2bc72844c4125074178aea1db58dc9538c41b0fa0ef73b3c5de332200f9,gx-no-cache=1527098085263 HTTP/1.1" 200 53
186.67.164.142 - - [23/May/2018:14:55:46 -0300] "POST /cormun/servlet/solicitudot?gx-no-cache=1527098085294 HTTP/1.1" 200 255
186.67.164.142 - - [23/May/2018:14:55:46 -0300] "GET /cormun/servlet/solicitudot?b0a8d2bc72844c4125074178aea1db58bcf02217f77ad85e10b543fbbe2457a523722d425b11082ac025a820dcc12b5ffbfc2263c066cdab045e4239cc568a6efb537dad506b70d96dc6c039bc999347947df41df816ac1f97512e8ebf9669a57286b963c2cf07d135a25871762038ed2d291b8529f2a1c3e173de8c6270bb39d787fc4cb909bac2f3f18b5ed90c39f2b7de7b34de3fe79c07b56969db0839fc0ca2c9d79f5e7ada12d1c817bec9ea8fb3d983c838dbc9302bbbaaa48322aab57ed03abd2bf0ec9f1709a8b25ac29d775bb22c1f679f6ab79f6c353e39b98d8c789ba1e8954745407e6ad8bb6ffceb0deae3bcbbe6b7e098f6a002d5244b2871f0c542d905e45b4657ffaf16571f0cfbc6db389d81c70fb7436345cbdd4748474a4a7a0bb4d15a7d645be854df5982c9bb7f1b7f4eff4c4b068c9741776fdeee57a1029e143fde6520b06ffe375534912fbcb7ab2a7a28283d90be36c15d9c3d201c4746e12103750edec294f6ceb4bc4a4c1771ba4f126c90160318f59c7cf9,gx-no-cache=1527098085362 HTTP/1.1" 200 30
186.67.164.142 - - [23/May/2018:14:55:48 -0300] "POST /cormun/servlet/solicitudot?gx-no-cache=1527098087181 HTTP/1.1" 200 30
186.67.164.142 - - [23/May/2018:14:55:57 -0300] "POST /cormun/servlet/solicitudot?gx-no-cache=1527098096261 HTTP/1.1" 200 1369
186.67.164.142 - - [23/May/2018:14:55:57 -0300] "POST /cormun/servlet/solicitudot?gx-no-cache=1527098096404 HTTP/1.1" 200 38
186.103.159.187 - - [23/May/2018:14:56:02 -0300] "GET /cormun/servlet/trautorizarsolicitud? HTTP/1.1" 200 8603
186.103.159.189 - - [23/May/2018:14:56:03 -0300] "GET /cormun/servlet/hlogin HTTP/1.1" 200 1711
186.103.159.187 - - [23/May/2018:14:56:03 -0300] "GET /cormun/servlet/trautorizarsolicitud? HTTP/1.1" 200 8603
186.67.164.142 - - [23/May/2018:14:56:05 -0300] "GET /cormun/servlet/solicitudot?b0a8d2bc72844c4125074178aea1db58ae2aad1bf973186c3ac76659e63030908a662e42728877c66b92e7c6978a7017bb5f1e8ad0d8e399e79ec4f72d5912eb63341685be402bd5b3baef56e34aeb502984e29600c3cfc54a6df2f5bcf95d4d22e1b6200609d0ff8ed1d8ff0da38564760f299d049160e595316f4dd123fd9875ac7432e8dac06300cf9808490f57c2c1aac0dfbf99c79701952c3678db80645dbd7712617925aacff01b0de64b52abbec3dc9d78ddfe98b5ac9928c7490e0baead43f5786d9d14b6c41df0c211ae1c,gx-no-cache=1527098104502 HTTP/1.1" 200 29
186.67.164.142 - - [23/May/2018:14:56:07 -0300] "POST /cormun/servlet/solicitudot?gx-no-cache=1527098107056 HTTP/1.1" 200 1350
186.67.164.142 - - [23/May/2018:14:56:07 -0300] "POST /cormun/servlet/solicitudot?gx-no-cache=1527098107150 HTTP/1.1" 200 1249
186.67.164.142 - - [23/May/2018:14:56:08 -0300] "GET /cormun/static/menuarrow.gif HTTP/1.1" 404 1015
192.168.10.97 - - [23/May/2018:14:56:08 -0300] "POST /cormun/servlet/trsolicitudgral?45f0248ac56e43567fcc8293e047f6fb,gx-no-cache=1527097976309 HTTP/1.1" 200 5921
186.67.164.142 - - [23/May/2018:14:56:09 -0300] "POST /cormun/servlet/solicitudot?gx-no-cache=1527098108845 HTTP/1.1" 200 1350
186.67.164.142 - - [23/May/2018:14:56:09 -0300] "POST /cormun/servlet/solicitudot?gx-no-cache=1527098108966 HTTP/1.1" 200 1249
186.103.159.204 - - [23/May/2018:14:56:10 -0300] "POST /cormun/servlet/trpermisosgoce?d122fa35845175c3b1979db20eb4a65e,,gx-no-cache=1527098111505 HTTP/1.1" 200 9417
186.67.164.142 - - [23/May/2018:14:56:11 -0300] "GET /cormun/servlet/solicitudot?b0a8d2bc72844c4125074178aea1db5838996726fc8aeb217c85a531fb61de0fce861ede666e7d5e63ee493079d58391,gx-no-cache=1527098110975 HTTP/1.1" 200 30
186.67.164.142 - - [23/May/2018:14:56:16 -0300] "POST /cormun/servlet/solicitudot?gx-no-cache=1527098116211 HTTP/1.1" 200 30
192.168.10.97 - - [23/May/2018:14:56:18 -0300] "POST /cormun/servlet/trsolicitudgral?45f0248ac56e43567fcc8293e047f6fb,gx-no-cache=1527097985812 HTTP/1.1" 200 5921
186.67.164.142 - - [23/May/2018:14:56:30 -0300] "POST /cormun/servlet/solicitudot?a0c228d1b44beab1c47427fa7bb4e44b,INS,0,0,,gx-no-cache=1527098129730 HTTP/1.1" 200 93
186.67.164.142 - - [23/May/2018:14:56:30 -0300] "GET /cormun/servlet/hpexe_return? HTTP/1.1" 200 1005
186.103.159.187 - - [23/May/2018:14:56:31 -0300] "POST /cormun/servlet/trautorizarsolicitud?0ce7f4da60a0282c14776f18101c7c5c,,gx-no-cache=1527098196483 HTTP/1.1" 200 5760
186.67.164.142 - - [23/May/2018:14:56:32 -0300] "GET /cormun/servlet/trsolicitudot HTTP/1.1" 200 26072
186.103.159.204 - - [23/May/2018:14:56:33 -0300] "POST /cormun/servlet/trpermisosgoce?d122fa35845175c3b1979db20eb4a65e,,gx-no-cache=1527098134296 HTTP/1.1" 200 7611
186.67.164.142 - - [23/May/2018:14:56:35 -0300] "GET /cormun/servlet/trsolicitudot HTTP/1.1" 200 26067
186.103.159.204 - - [23/May/2018:14:56:42 -0300] "POST /cormun/servlet/trpermisosgoce?d122fa35845175c3b1979db20eb4a65e,,gx-no-cache=1527098143624 HTTP/1.1" 200 7618
186.103.159.204 - - [23/May/2018:14:56:46 -0300] "POST /cormun/servlet/trpermisosgoce?d122fa35845175c3b1979db20eb4a65e,,gx-no-cache=1527098147858 HTTP/1.1" 200 7631
186.67.164.142 - - [23/May/2018:14:56:51 -0300] "GET /cormun/servlet/solicitudot?INS,0,0, HTTP/1.1" 200 13428
186.67.164.142 - - [23/May/2018:14:56:52 -0300] "GET /cormun/servlet/solicitudot?INS,0,0, HTTP/1.1" 200 13433
186.67.164.142 - - [23/May/2018:14:57:03 -0300] "POST /cormun/servlet/solicitudot?gx-no-cache=1527098162550 HTTP/1.1" 200 3395
186.67.164.142 - - [23/May/2018:14:57:03 -0300] "POST /cormun/servlet/solicitudot?a0c228d1b44beab1c47427fa7bb4e44b,INS,0,0,,gx-no-cache=1527098162753 HTTP/1.1" 200 10349
186.67.164.142 - - [23/May/2018:14:57:05 -0300] "GET /cormun/servlet/solicitudot?b0a8d2bc72844c4125074178aea1db58febaf50bfc197e0e91459d5fc9b9148a7d4fb3fc74c8010f971f4893f07c9535,gx-no-cache=1527098165191 HTTP/1.1" 200 30
186.67.164.142 - - [23/May/2018:14:57:06 -0300] "GET /cormun/servlet/solicitudot?b0a8d2bc72844c4125074178aea1db58116ffe0a4876cc23f157bb1d13a5ce0468bc73a42afc3a11db43e523de7496d3,gx-no-cache=1527098165269 HTTP/1.1" 200 30
186.67.164.142 - - [23/May/2018:14:57:06 -0300] "GET /cormun/servlet/solicitudot?b0a8d2bc72844c4125074178aea1db58764789a690bb1109bd55d6953e56ef61,gx-no-cache=1527098165312 HTTP/1.1" 200 51
186.67.164.142 - - [23/May/2018:14:57:06 -0300] "POST /cormun/servlet/solicitudot?gx-no-cache=1527098165369 HTTP/1.1" 200 256
186.67.164.142 - - [23/May/2018:14:57:06 -0300] "GET /cormun/servlet/solicitudot?b0a8d2bc72844c4125074178aea1db58bcf02217f77ad85e10b543fbbe2457a5392f33bbc32a8a1b2950a2be724cb014fbfc2263c066cdab045e4239cc568a6efb537dad506b70d96dc6c039bc999347947df41df816ac1f97512e8ebf9669a57286b963c2cf07d135a25871762038ed2d291b8529f2a1c3e173de8c6270bb39d787fc4cb909bac2f3f18b5ed90c39f2b7de7b34de3fe79c07b56969db0839fc0ca2c9d79f5e7ada12d1c817bec9ea8fb3d983c838dbc9302bbbaaa48322aab57ed03abd2bf0ec9f1709a8b25ac29d775bb22c1f679f6ab79f6c353e39b98d8c789ba1e8954745407e6ad8bb6ffceb0d74651518795ccd59ccb6d81436867191f0c542d905e45b4657ffaf16571f0cfb9ba5822cf4dace0c8564aeb84d4db92ab0babb99ec46566e29212e7fe0232d87a4e18713a28fbea5002138cd0ef68cd991b123321a1f898f0c7ba0bb506789a4f3a23313b2be32bd2064f68939fbe285b96285dc5d8808400f470664fb354ea8a2f1315c18ee5686d19d22fbc9b1e0e2,gx-no-cache=1527098165449 HTTP/1.1" 200 30
186.67.164.142 - - [23/May/2018:14:57:07 -0300] "POST /cormun/servlet/solicitudot?gx-no-cache=1527098167168 HTTP/1.1" 200 30
186.67.164.142 - - [23/May/2018:14:57:20 -0300] "POST /cormun/servlet/solicitudot?gx-no-cache=1527098180175 HTTP/1.1" 200 1368
186.67.164.142 - - [23/May/2018:14:57:21 -0300] "POST /cormun/servlet/solicitudot?gx-no-cache=1527098180249 HTTP/1.1" 200 38
186.67.164.142 - - [23/May/2018:14:57:36 -0300] "GET /cormun/servlet/solicitudot?b0a8d2bc72844c4125074178aea1db58ae2aad1bf973186c3ac76659e63030908a662e42728877c66b92e7c6978a701738d8685c7b92d657e115e89c189b96f128dd0c59e77d5a332305537cdf5a7c6131229fde60e999bf1ba43a3f4a3ad288b3dba7bdd1c84257c11b9928308fe326,gx-no-cache=1527098195752 HTTP/1.1" 200 29
186.67.164.142 - - [23/May/2018:14:57:36 -0300] "POST /cormun/servlet/solicitudot?gx-no-cache=1527098195834 HTTP/1.1" 200 1350
186.67.164.142 - - [23/May/2018:14:57:36 -0300] "POST /cormun/servlet/solicitudot?gx-no-cache=1527098195911 HTTP/1.1" 200 1249
186.67.164.142 - - [23/May/2018:14:57:36 -0300] "GET /cormun/static/menuarrow.gif HTTP/1.1" 404 1015
186.67.164.142 - - [23/May/2018:14:57:39 -0300] "POST /cormun/servlet/solicitudot?gx-no-cache=1527098197943 HTTP/1.1" 200 1350
186.67.164.142 - - [23/May/2018:14:57:39 -0300] "POST /cormun/servlet/solicitudot?gx-no-cache=1527098198397 HTTP/1.1" 200 1249
186.67.164.142 - - [23/May/2018:14:57:42 -0300] "GET /cormun/servlet/solicitudot?b0a8d2bc72844c4125074178aea1db5838996726fc8aeb217c85a531fb61de0fce861ede666e7d5e63ee493079d58391,gx-no-cache=1527098201884 HTTP/1.1" 200 30
186.67.164.142 - - [23/May/2018:14:57:50 -0300] "POST /cormun/servlet/solicitudot?gx-no-cache=1527098209365 HTTP/1.1" 200 30
186.67.164.142 - - [23/May/2018:14:57:59 -0300] "POST /cormun/servlet/solicitudot?a0c228d1b44beab1c47427fa7bb4e44b,INS,0,0,,gx-no-cache=1527098217995 HTTP/1.1" 200 93
186.67.164.142 - - [23/May/2018:14:57:59 -0300] "GET /cormun/servlet/hpexe_return? HTTP/1.1" 200 1005
186.67.164.142 - - [23/May/2018:14:58:00 -0300] "GET /cormun/servlet/trsolicitudot HTTP/1.1" 200 26069
186.67.164.142 - - [23/May/2018:14:58:03 -0300] "GET /cormun/servlet/trsolicitudot HTTP/1.1" 200 26064
186.67.164.142 - - [23/May/2018:14:58:06 -0300] "GET /cormun/servlet/solicitudot?INS,0,0, HTTP/1.1" 200 13428
186.67.164.142 - - [23/May/2018:14:58:06 -0300] "GET /cormun/servlet/solicitudot?INS,0,0, HTTP/1.1" 200 13433
186.103.159.204 - - [23/May/2018:14:58:17 -0300] "POST /cormun/servlet/trpermisosgoce?d122fa35845175c3b1979db20eb4a65e,,gx-no-cache=1527098237788 HTTP/1.1" 200 7633
186.67.164.142 - - [23/May/2018:14:58:20 -0300] "POST /cormun/servlet/solicitudot?gx-no-cache=1527098239173 HTTP/1.1" 200 3291
186.67.164.142 - - [23/May/2018:14:58:20 -0300] "POST /cormun/servlet/solicitudot?a0c228d1b44beab1c47427fa7bb4e44b,INS,0,0,,gx-no-cache=1527098239365 HTTP/1.1" 200 10248
186.67.164.142 - - [23/May/2018:14:58:25 -0300] "GET /cormun/servlet/solicitudot?b0a8d2bc72844c4125074178aea1db58363ad2fd851a735a78bbf327c13dd1b17d4fb3fc74c8010f971f4893f07c9535,gx-no-cache=1527098244533 HTTP/1.1" 200 30
192.168.10.96 - - [23/May/2018:14:58:50 -0300] "GET /cormun/servlet/hlogin HTTP/1.1" 200 1732
186.103.159.204 - - [23/May/2018:14:58:54 -0300] "GET /cormun/servlet/trpermisosgoce? HTTP/1.1" 200 10347
186.103.159.204 - - [23/May/2018:14:58:55 -0300] "GET /cormun/servlet/trpermisosgoce? HTTP/1.1" 200 10345
192.168.10.96 - - [23/May/2018:14:59:03 -0300] "POST /cormun/servlet/hlogin?840df45e05273256da85ac46fece8639,gx-no-cache=1527098151275 HTTP/1.1" 200 90
192.168.10.96 - - [23/May/2018:14:59:03 -0300] "GET /cormun/servlet/hpexe_link HTTP/1.1" 200 951
192.168.10.96 - - [23/May/2018:14:59:03 -0300] "GET /cormun/servlet/hhome HTTP/1.1" 200 3912
192.168.10.96 - - [23/May/2018:14:59:04 -0300] "GET /cormun/servlet/hhome HTTP/1.1" 200 3909
192.168.10.96 - - [23/May/2018:14:59:06 -0300] "GET /cormun/servlet/trsolicitudot? HTTP/1.1" 200 8518
192.168.10.96 - - [23/May/2018:14:59:06 -0300] "GET /cormun/servlet/trsolicitudot? HTTP/1.1" 200 8517
192.168.10.96 - - [23/May/2018:14:59:12 -0300] "GET /cormun/servlet/solicitudot?INS,0,0, HTTP/1.1" 200 13363
192.168.10.96 - - [23/May/2018:14:59:12 -0300] "GET /cormun/servlet/solicitudot?INS,0,0, HTTP/1.1" 200 13368
186.103.159.204 - - [23/May/2018:14:59:16 -0300] "POST /cormun/servlet/trpermisosgoce?d122fa35845175c3b1979db20eb4a65e,,gx-no-cache=1527098297371 HTTP/1.1" 200 4319
186.103.159.204 - - [23/May/2018:14:59:17 -0300] "POST /cormun/servlet/trpermisosgoce?d122fa35845175c3b1979db20eb4a65e,,gx-no-cache=1527098298948 HTTP/1.1" 200 4319
186.103.159.204 - - [23/May/2018:14:59:21 -0300] "GET /cormun/servlet/permisogoce?INS,0,,, HTTP/1.1" 200 6985
186.103.159.204 - - [23/May/2018:14:59:21 -0300] "GET /cormun/static/gxcfg.js?201776126440 HTTP/1.1" 200 953
186.103.159.204 - - [23/May/2018:14:59:22 -0300] "GET /cormun/static/permisogoce.js?2017761264459 HTTP/1.1" 200 27897
186.103.159.204 - - [23/May/2018:14:59:22 -0300] "GET /cormun/static/Resources/prompt.gif HTTP/1.1" 200 902
192.168.10.96 - - [23/May/2018:14:59:22 -0300] "POST /cormun/servlet/solicitudot?gx-no-cache=1527098170246 HTTP/1.1" 200 3284
186.103.159.204 - - [23/May/2018:14:59:22 -0300] "GET /cormun/servlet/permisogoce?INS,0,,, HTTP/1.1" 200 6986
192.168.10.96 - - [23/May/2018:14:59:22 -0300] "POST /cormun/servlet/solicitudot?840df45e05273256da85ac46fece8639,INS,0,0,,gx-no-cache=1527098170397 HTTP/1.1" 200 10245
186.103.159.204 - - [23/May/2018:14:59:35 -0300] "GET /cormun/static/Resources/resize.gif HTTP/1.1" 200 77
186.103.159.204 - - [23/May/2018:14:59:36 -0300] "GET /cormun/servlet/prfichaempleado?,MD,,gxPopupLevel%3D0%3B HTTP/1.1" 200 9297
186.103.159.204 - - [23/May/2018:14:59:36 -0300] "GET /cormun/static/gxcfg.js?20177612134814 HTTP/1.1" 200 953
186.103.159.204 - - [23/May/2018:14:59:36 -0300] "GET /cormun/static/Resources/PXToolsMenuSearch.png HTTP/1.1" 200 2914
186.103.159.204 - - [23/May/2018:14:59:36 -0300] "GET /cormun/static/menusearch.js?201610171694467 HTTP/1.1" 200 1424
186.103.159.204 - - [23/May/2018:14:59:36 -0300] "GET /cormun/static/hmpwkw011.js?20177612121862 HTTP/1.1" 200 1968
186.103.159.204 - - [23/May/2018:14:59:36 -0300] "GET /cormun/static/Resources/PXToolsMenuSearchCancel.png HTTP/1.1" 200 2972
186.103.159.204 - - [23/May/2018:14:59:36 -0300] "GET /cormun/static/prfichaempleado.js?20177612134999 HTTP/1.1" 200 16006
186.103.159.204 - - [23/May/2018:15:00:03 -0300] "POST /cormun/servlet/prfichaempleado?d122fa35845175c3b1979db20eb4a65e,,MD,,gxPopupLevel%3D0%3B,gx-no-cache=1527098344175 HTTP/1.1" 200 3816
186.103.159.204 - - [23/May/2018:15:00:14 -0300] "POST /cormun/servlet/prfichaempleado?d122fa35845175c3b1979db20eb4a65e,,MD,,gxPopupLevel%3D0%3B,gx-no-cache=1527098355463 HTTP/1.1" 200 3184
186.103.159.204 - - [23/May/2018:15:00:15 -0300] "POST /cormun/servlet/prfichaempleado?d122fa35845175c3b1979db20eb4a65e,,MD,,gxPopupLevel%3D0%3B,gx-no-cache=1527098356789 HTTP/1.1" 200 3184
192.168.10.96 - - [23/May/2018:15:00:33 -0300] "GET /cormun/servlet/solicitudot?3ada9ee20efa1f3bc1a29a32ff1dfbd2f742ce5d6252ca0ba3bb8a12f190408842151e5867713cfbd258797102312116,gx-no-cache=1527098241115 HTTP/1.1" 200 111
192.168.10.96 - - [23/May/2018:15:00:33 -0300] "GET /cormun/static/Shared/jqueryui/images/ui-bg_highlight-soft_100_c6c2c8_1x100.png HTTP/1.1" 404 1117
192.168.10.96 - - [23/May/2018:15:00:33 -0300] "GET /cormun/static/Shared/jqueryui/images/ui-icons_82798d_256x240.png HTTP/1.1" 404 1089
192.168.10.96 - - [23/May/2018:15:00:33 -0300] "GET /cormun/static/Shared/jqueryui/images/ui-icons_ebccce_256x240.png HTTP/1.1" 404 1089
192.168.10.96 - - [23/May/2018:15:00:33 -0300] "GET /cormun/static/Shared/jqueryui/images/ui-bg_flat_55_994d53_40x100.png HTTP/1.1" 404 1097
192.168.10.96 - - [23/May/2018:15:00:33 -0300] "GET /cormun/servlet/solicitudot?3ada9ee20efa1f3bc1a29a32ff1dfbd2a0a0380b1c389dffa4840f50145e0a8e,gx-no-cache=1527098241200 HTTP/1.1" 200 94
192.168.10.96 - - [23/May/2018:15:00:33 -0300] "GET /cormun/servlet/solicitudot?3ada9ee20efa1f3bc1a29a32ff1dfbd237ffb2020ee5306920755c21cfe2d0cc,gx-no-cache=1527098241303 HTTP/1.1" 200 29
192.168.10.96 - - [23/May/2018:15:00:33 -0300] "POST /cormun/servlet/solicitudot?gx-no-cache=1527098241343 HTTP/1.1" 200 297
192.168.10.96 - - [23/May/2018:15:00:33 -0300] "GET /cormun/servlet/solicitudot?3ada9ee20efa1f3bc1a29a32ff1dfbd29213beda70ffc2be908264322289538aed688a660c60b777d23375cfd136264ebd285b80481508fb18524268993ebb1c3212c6e43a87dfb1cfc9652c385f9b9d44a7766c944f7d12d4018b1ad59f384aeb02c707178a538fd16bba259abd30f4c517d84c7c4528ebdd01378e44515438adb1dda059bde471990d1c30c1cf8b95fd0e0ca4a2fccbb6f0b609ebea734e76cf456f821ba0ed7addce0785e0d4592e72affbd0e38f1947aa96cb8b818b0704bdc1867fe66fc145f5b6e96fd17e828fc64e07389cc80e8f2d7bb97eeb6e4aa7c933560ee6018a845820eac4e60eca2d8fea8b967c57a21fa9f11a169d0103d6a03745a1df28d2a413ffdb89943e5a0b0d47f6fb8288e1b8be7c138cb3d9e4660695f02ab27c76d17c58bc208687b6abfdd585ec42ac5821b6d24be5aed30a3b7722dca5801089f334217888170ef4b94bc5c907d2ac5b8585a7118ad0d454b5f1edf39c235d214071a0a67deb962f61a29ae1f23a963c4f96718fc7dc14ef7442151e5867713cfbd258797102312116,gx-no-cache=1527098241396 HTTP/1.1" 200 30
186.103.159.204 - - [23/May/2018:15:00:56 -0300] "POST /cormun/servlet/permisogoce?d122fa35845175c3b1979db20eb4a65e,INS,0,,,,gx-no-cache=1527098397145 HTTP/1.1" 200 93
186.103.159.204 - - [23/May/2018:15:00:56 -0300] "GET /cormun/servlet/hpexe_return? HTTP/1.1" 200 1009
186.103.159.204 - - [23/May/2018:15:00:56 -0300] "GET /cormun/static/gxcfg.js?2016101716175148 HTTP/1.1" 200 953
186.103.159.204 - - [23/May/2018:15:00:56 -0300] "GET /cormun/static/hpexe_return.js?2016101716175153 HTTP/1.1" 200 1633
186.103.159.204 - - [23/May/2018:15:00:56 -0300] "GET /cormun/static/Resources/Spanish/PXTools.css?167811 HTTP/1.1" 200 89042
186.103.159.204 - - [23/May/2018:15:00:56 -0300] "GET /cormun/servlet/trpermisosgoce? HTTP/1.1" 200 7071
186.103.159.204 - - [23/May/2018:15:00:57 -0300] "GET /cormun/servlet/trpermisosgoce? HTTP/1.1" 200 7067
186.103.159.204 - - [23/May/2018:15:01:22 -0300] "POST /cormun/servlet/trpermisosgoce?d122fa35845175c3b1979db20eb4a65e,,gx-no-cache=1527098423094 HTTP/1.1" 200 4320
186.103.159.187 - - [23/May/2018:15:01:30 -0300] "GET /cormun/servlet/trfichaempleado? HTTP/1.1" 200 13337
186.103.159.187 - - [23/May/2018:15:01:33 -0300] "GET /cormun/servlet/trfichaempleado? HTTP/1.1" 200 13337
186.103.159.204 - - [23/May/2018:15:01:34 -0300] "GET /cormun/servlet/trautorizarpermisogoce? HTTP/1.1" 200 10116
186.103.159.204 - - [23/May/2018:15:01:34 -0300] "GET /cormun/static/gxcfg.js?20177612165975 HTTP/1.1" 200 953
186.103.159.204 - - [23/May/2018:15:01:34 -0300] "GET /cormun/static/trautorizarpermisogoce.js?2017761217384 HTTP/1.1" 200 34948
186.103.159.204 - - [23/May/2018:15:01:34 -0300] "GET /cormun/servlet/trautorizarpermisogoce? HTTP/1.1" 200 10116
186.103.159.204 - - [23/May/2018:15:01:41 -0300] "POST /cormun/servlet/trautorizarpermisogoce?d122fa35845175c3b1979db20eb4a65e,,gx-no-cache=1527098441997 HTTP/1.1" 200 7260
186.103.159.204 - - [23/May/2018:15:01:41 -0300] "GET /cormun/static/Shared/jqueryui/images/ui-bg_highlight-soft_100_c6c2c8_1x100.png HTTP/1.1" 404 1117
186.103.159.204 - - [23/May/2018:15:01:41 -0300] "GET /cormun/static/Shared/jqueryui/images/ui-icons_82798d_256x240.png HTTP/1.1" 404 1089
186.103.159.204 - - [23/May/2018:15:01:41 -0300] "GET /cormun/static/Shared/jqueryui/images/ui-icons_8d78a5_256x240.png HTTP/1.1" 404 1089
186.103.159.204 - - [23/May/2018:15:01:41 -0300] "GET /cormun/static/Shared/jqueryui/images/ui-bg_flat_55_fafafa_40x100.png HTTP/1.1" 404 1097
186.103.159.204 - - [23/May/2018:15:01:52 -0300] "POST /cormun/servlet/trautorizarpermisogoce?d122fa35845175c3b1979db20eb4a65e,,gx-no-cache=1527098452484 HTTP/1.1" 200 7035
186.103.159.204 - - [23/May/2018:15:01:56 -0300] "POST /cormun/servlet/trautorizarpermisogoce?d122fa35845175c3b1979db20eb4a65e,,gx-no-cache=1527098457328 HTTP/1.1" 200 6820
186.67.164.142 - - [23/May/2018:15:01:58 -0300] "GET /cormun/servlet/solicitudot?b0a8d2bc72844c4125074178aea1db58c099b213d9fc58fd004cb683d9ebcdfd7326e0a1e6545d2292e86bc224f68845133f13778e476a7a28be3bbbecbf5e48,gx-no-cache=1527098456190 HTTP/1.1" 200 30
186.67.164.142 - - [23/May/2018:15:01:58 -0300] "GET /cormun/servlet/solicitudot?b0a8d2bc72844c4125074178aea1db584144730b6f26c4eaae0769c99a9a7b41,gx-no-cache=1527098457753 HTTP/1.1" 200 29
186.67.164.142 - - [23/May/2018:15:01:58 -0300] "POST /cormun/servlet/solicitudot?gx-no-cache=1527098457802 HTTP/1.1" 200 297
186.67.164.142 - - [23/May/2018:15:01:58 -0300] "GET /cormun/servlet/solicitudot?b0a8d2bc72844c4125074178aea1db58bcf02217f77ad85e10b543fbbe2457a5fd6454e484514f580a63d310823cbfc8fbfc2263c066cdab045e4239cc568a6efb537dad506b70d96dc6c039bc999347947df41df816ac1f97512e8ebf9669a57286b963c2cf07d135a25871762038ed2d291b8529f2a1c3e173de8c6270bb39d787fc4cb909bac2f3f18b5ed90c39f2b7de7b34de3fe79c07b56969db0839fc0ca2c9d79f5e7ada12d1c817bec9ea8fb3d983c838dbc9302bbbaaa48322aab57ed03abd2bf0ec9f1709a8b25ac29d775bb22c1f679f6ab79f6c353e39b98d8c789ba1e8954745407e6ad8bb6ffceb0d74651518795ccd59ccb6d81436867191f0c542d905e45b4657ffaf16571f0cfb9ba5822cf4dace0c8564aeb84d4db92ab0babb99ec46566e29212e7fe0232d87a4e18713a28fbea5002138cd0ef68cd9c75ea75f13e87981e1dc96e793b020cb5438adef152bd55e3d26021db12d6eb68430863be915ff800e9533ec82ae4593fbfb5418025a3f7c8219c1d6370bca2a8d6058bef097020d5906537f6f53b96f,gx-no-cache=1527098457852 HTTP/1.1" 200 30
186.103.159.204 - - [23/May/2018:15:02:00 -0300] "POST /cormun/servlet/trautorizarpermisogoce?d122fa35845175c3b1979db20eb4a65e,,gx-no-cache=1527098460969 HTTP/1.1" 200 6465
186.103.159.204 - - [23/May/2018:15:02:03 -0300] "POST /cormun/servlet/trautorizarpermisogoce?d122fa35845175c3b1979db20eb4a65e,,gx-no-cache=1527098464463 HTTP/1.1" 200 6271
186.67.164.142 - - [23/May/2018:15:02:05 -0300] "POST /cormun/servlet/solicitudot?gx-no-cache=1527098465173 HTTP/1.1" 200 30
186.103.159.204 - - [23/May/2018:15:02:08 -0300] "POST /cormun/servlet/trautorizarpermisogoce?d122fa35845175c3b1979db20eb4a65e,,gx-no-cache=1527098469442 HTTP/1.1" 200 6054
186.103.159.204 - - [23/May/2018:15:02:11 -0300] "POST /cormun/servlet/trautorizarpermisogoce?d122fa35845175c3b1979db20eb4a65e,,gx-no-cache=1527098472229 HTTP/1.1" 200 5835
186.103.159.204 - - [23/May/2018:15:02:14 -0300] "POST /cormun/servlet/trautorizarpermisogoce?d122fa35845175c3b1979db20eb4a65e,,gx-no-cache=1527098474865 HTTP/1.1" 200 5617
186.103.159.204 - - [23/May/2018:15:02:16 -0300] "POST /cormun/servlet/trautorizarpermisogoce?d122fa35845175c3b1979db20eb4a65e,,gx-no-cache=1527098477320 HTTP/1.1" 200 5394
186.103.159.204 - - [23/May/2018:15:02:18 -0300] "POST /cormun/servlet/trautorizarpermisogoce?d122fa35845175c3b1979db20eb4a65e,,gx-no-cache=1527098479145 HTTP/1.1" 200 5126
186.103.159.204 - - [23/May/2018:15:02:20 -0300] "POST /cormun/servlet/trautorizarpermisogoce?d122fa35845175c3b1979db20eb4a65e,,gx-no-cache=1527098481535 HTTP/1.1" 200 4359
186.103.159.204 - - [23/May/2018:15:02:31 -0300] "POST /cormun/servlet/trautorizarpermisogoce?d122fa35845175c3b1979db20eb4a65e,,gx-no-cache=1527098492439 HTTP/1.1" 200 5695
186.67.164.142 - - [23/May/2018:15:03:02 -0300] "GET /cormun/servlet/prbanco?,MD,,gxPopupLevel%3D0%3B HTTP/1.1" 200 6614
186.103.159.204 - - [23/May/2018:15:03:02 -0300] "POST /cormun/servlet/trautorizarpermisogoce?d122fa35845175c3b1979db20eb4a65e,,gx-no-cache=1527098523283 HTTP/1.1" 200 5714
186.103.159.204 - - [23/May/2018:15:03:05 -0300] "POST /cormun/servlet/trautorizarpermisogoce?d122fa35845175c3b1979db20eb4a65e,,gx-no-cache=1527098526483 HTTP/1.1" 200 5714
186.67.164.142 - - [23/May/2018:15:03:07 -0300] "GET /cormun/servlet/solicitudot?b0a8d2bc72844c4125074178aea1db58dc9538c41b0fa0ef73b3c5de332200f9,gx-no-cache=1527098526957 HTTP/1.1" 200 53
186.103.159.204 - - [23/May/2018:15:03:09 -0300] "POST /cormun/servlet/trautorizarpermisogoce?d122fa35845175c3b1979db20eb4a65e,,gx-no-cache=1527098530548 HTTP/1.1" 200 5714
186.67.164.142 - - [23/May/2018:15:03:29 -0300] "POST /cormun/servlet/solicitudot?gx-no-cache=1527098548590 HTTP/1.1" 200 1368
186.67.164.142 - - [23/May/2018:15:03:29 -0300] "POST /cormun/servlet/solicitudot?gx-no-cache=1527098548686 HTTP/1.1" 200 38
186.103.159.204 - - [23/May/2018:15:03:33 -0300] "GET /cormun/servlet/trpermisosgoce? HTTP/1.1" 200 7067
186.103.159.204 - - [23/May/2018:15:03:34 -0300] "GET /cormun/servlet/trpermisosgoce? HTTP/1.1" 200 7066
186.103.159.204 - - [23/May/2018:15:03:48 -0300] "POST /cormun/servlet/trpermisosgoce?d122fa35845175c3b1979db20eb4a65e,,gx-no-cache=1527098569007 HTTP/1.1" 200 4321
186.67.164.142 - - [23/May/2018:15:03:49 -0300] "GET /cormun/servlet/solicitudot?b0a8d2bc72844c4125074178aea1db58ae2aad1bf973186c3ac76659e63030908a662e42728877c66b92e7c6978a701738d8685c7b92d657e115e89c189b96f128dd0c59e77d5a332305537cdf5a7c6131229fde60e999bf1ba43a3f4a3ad288b3dba7bdd1c84257c11b9928308fe326,gx-no-cache=1527098568948 HTTP/1.1" 200 29
186.67.164.142 - - [23/May/2018:15:03:49 -0300] "POST /cormun/servlet/solicitudot?gx-no-cache=1527098569004 HTTP/1.1" 200 1350
186.67.164.142 - - [23/May/2018:15:03:49 -0300] "POST /cormun/servlet/solicitudot?gx-no-cache=1527098569078 HTTP/1.1" 200 1246
186.67.164.142 - - [23/May/2018:15:03:49 -0300] "GET /cormun/static/menuarrow.gif HTTP/1.1" 404 1015
186.67.164.142 - - [23/May/2018:15:03:51 -0300] "POST /cormun/servlet/solicitudot?gx-no-cache=1527098570404 HTTP/1.1" 200 1350
186.67.164.142 - - [23/May/2018:15:03:51 -0300] "POST /cormun/servlet/solicitudot?gx-no-cache=1527098570506 HTTP/1.1" 200 1246
186.103.159.204 - - [23/May/2018:15:03:53 -0300] "GET /cormun/servlet/permisogoce?INS,0,,, HTTP/1.1" 200 6985
186.103.159.204 - - [23/May/2018:15:03:53 -0300] "GET /cormun/servlet/permisogoce?INS,0,,, HTTP/1.1" 200 6985
186.67.164.142 - - [23/May/2018:15:03:53 -0300] "GET /cormun/servlet/solicitudot?b0a8d2bc72844c4125074178aea1db5838996726fc8aeb217c85a531fb61de0fce861ede666e7d5e63ee493079d58391,gx-no-cache=1527098573068 HTTP/1.1" 200 30
186.67.164.142 - - [23/May/2018:15:03:58 -0300] "POST /cormun/servlet/solicitudot?gx-no-cache=1527098578119 HTTP/1.1" 200 30
186.103.159.204 - - [23/May/2018:15:04:05 -0300] "GET /cormun/servlet/prfichaempleado?,MD,,gxPopupLevel%3D0%3B HTTP/1.1" 200 9297
186.67.164.142 - - [23/May/2018:15:04:11 -0300] "POST /cormun/servlet/solicitudot?a0c228d1b44beab1c47427fa7bb4e44b,INS,0,0,,gx-no-cache=1527098590434 HTTP/1.1" 200 93
186.67.164.142 - - [23/May/2018:15:04:11 -0300] "GET /cormun/servlet/hpexe_return? HTTP/1.1" 200 1005
186.67.164.142 - - [23/May/2018:15:04:12 -0300] "GET /cormun/servlet/trsolicitudot HTTP/1.1" 200 26229
186.67.164.142 - - [23/May/2018:15:04:14 -0300] "GET /cormun/servlet/trsolicitudot HTTP/1.1" 200 26224
186.103.159.204 - - [23/May/2018:15:04:19 -0300] "POST /cormun/servlet/prfichaempleado?d122fa35845175c3b1979db20eb4a65e,,MD,,gxPopupLevel%3D0%3B,gx-no-cache=1527098600234 HTTP/1.1" 200 6360
186.103.159.204 - - [23/May/2018:15:04:19 -0300] "GET /cormun/static/Resources/PXToolsGridNext.gif HTTP/1.1" 200 369
186.103.159.204 - - [23/May/2018:15:04:20 -0300] "GET /cormun/static/Resources/PXToolsGridLast.gif HTTP/1.1" 200 370
186.103.159.204 - - [23/May/2018:15:04:34 -0300] "POST /cormun/servlet/prfichaempleado?d122fa35845175c3b1979db20eb4a65e,,MD,,gxPopupLevel%3D0%3B,gx-no-cache=1527098615013 HTTP/1.1" 200 3816
186.103.159.204 - - [23/May/2018:15:04:45 -0300] "POST /cormun/servlet/prfichaempleado?d122fa35845175c3b1979db20eb4a65e,,MD,,gxPopupLevel%3D0%3B,gx-no-cache=1527098626336 HTTP/1.1" 200 3816
186.103.159.204 - - [23/May/2018:15:04:53 -0300] "POST /cormun/servlet/prfichaempleado?d122fa35845175c3b1979db20eb4a65e,,MD,,gxPopupLevel%3D0%3B,gx-no-cache=1527098634329 HTTP/1.1" 200 3184
186.103.159.204 - - [23/May/2018:15:04:54 -0300] "POST /cormun/servlet/prfichaempleado?d122fa35845175c3b1979db20eb4a65e,,MD,,gxPopupLevel%3D0%3B,gx-no-cache=1527098635382 HTTP/1.1" 200 3184
186.103.159.204 - - [23/May/2018:15:04:54 -0300] "POST /cormun/servlet/prfichaempleado?d122fa35845175c3b1979db20eb4a65e,,MD,,gxPopupLevel%3D0%3B,gx-no-cache=1527098635521 HTTP/1.1" 200 3184
186.103.159.204 - - [23/May/2018:15:04:54 -0300] "POST /cormun/servlet/prfichaempleado?d122fa35845175c3b1979db20eb4a65e,,MD,,gxPopupLevel%3D0%3B,gx-no-cache=1527098635742 HTTP/1.1" 200 3184
186.103.159.204 - - [23/May/2018:15:04:54 -0300] "POST /cormun/servlet/prfichaempleado?d122fa35845175c3b1979db20eb4a65e,,MD,,gxPopupLevel%3D0%3B,gx-no-cache=1527098635870 HTTP/1.1" 200 3184
186.103.159.204 - - [23/May/2018:15:04:55 -0300] "POST /cormun/servlet/prfichaempleado?d122fa35845175c3b1979db20eb4a65e,,MD,,gxPopupLevel%3D0%3B,gx-no-cache=1527098636092 HTTP/1.1" 200 3184
186.103.159.204 - - [23/May/2018:15:04:55 -0300] "POST /cormun/servlet/prfichaempleado?d122fa35845175c3b1979db20eb4a65e,,MD,,gxPopupLevel%3D0%3B,gx-no-cache=1527098636226 HTTP/1.1" 200 3184
186.103.159.204 - - [23/May/2018:15:04:55 -0300] "POST /cormun/servlet/prfichaempleado?d122fa35845175c3b1979db20eb4a65e,,MD,,gxPopupLevel%3D0%3B,gx-no-cache=1527098636451 HTTP/1.1" 200 3184
186.103.159.204 - - [23/May/2018:15:05:01 -0300] "GET /cormun/servlet/trpermisosgoce? HTTP/1.1" 200 7065
186.103.159.204 - - [23/May/2018:15:05:01 -0300] "GET /cormun/servlet/trpermisosgoce? HTTP/1.1" 200 7064
186.103.159.204 - - [23/May/2018:15:05:03 -0300] "GET /cormun/servlet/trautorizarpermisogoce? HTTP/1.1" 200 8416
186.103.159.204 - - [23/May/2018:15:05:03 -0300] "GET /cormun/servlet/trautorizarpermisogoce? HTTP/1.1" 200 8416
186.103.159.204 - - [23/May/2018:15:05:03 -0300] "GET /cormun/servlet/permisogoce?INS,0,,, HTTP/1.1" 200 6991
186.103.159.204 - - [23/May/2018:15:05:04 -0300] "GET /cormun/servlet/trpermisosgoce? HTTP/1.1" 200 7059
186.103.159.204 - - [23/May/2018:15:05:04 -0300] "GET /cormun/servlet/permisogoce?INS,0,,, HTTP/1.1" 200 7061
186.103.159.204 - - [23/May/2018:15:05:04 -0300] "GET /cormun/servlet/hhome HTTP/1.1" 200 4150
186.103.159.204 - - [23/May/2018:15:05:04 -0300] "GET /cormun/servlet/hhome HTTP/1.1" 200 4146
186.67.164.142 - - [23/May/2018:15:05:36 -0300] "POST /cormun/servlet/trsolicitudot?a0c228d1b44beab1c47427fa7bb4e44b,gx-no-cache=1527098674299 HTTP/1.1" 200 23447
186.67.164.142 - - [23/May/2018:15:05:37 -0300] "GET /cormun/static/Shared/jqueryui/images/ui-bg_highlight-soft_100_c6c2c8_1x100.png HTTP/1.1" 404 1117
186.67.164.142 - - [23/May/2018:15:05:37 -0300] "GET /cormun/static/Shared/jqueryui/images/ui-icons_82798d_256x240.png HTTP/1.1" 404 1089
186.67.164.142 - - [23/May/2018:15:05:37 -0300] "GET /cormun/static/Shared/jqueryui/images/ui-bg_flat_55_fafafa_40x100.png HTTP/1.1" 404 1097
186.67.164.142 - - [23/May/2018:15:05:37 -0300] "GET /cormun/static/Shared/jqueryui/images/ui-icons_8d78a5_256x240.png HTTP/1.1" 404 1089
186.67.164.142 - - [23/May/2018:15:05:38 -0300] "POST /cormun/servlet/trsolicitudot?a0c228d1b44beab1c47427fa7bb4e44b,gx-no-cache=1527098676858 HTTP/1.1" 200 23386
186.103.159.187 - - [23/May/2018:15:05:41 -0300] "GET /cormun/servlet/hhome HTTP/1.1" 200 4140
186.103.159.187 - - [23/May/2018:15:05:44 -0300] "GET /cormun/servlet/hhome HTTP/1.1" 200 4140
186.103.159.187 - - [23/May/2018:15:05:45 -0300] "GET /cormun/servlet/hhome HTTP/1.1" 200 4149
186.67.164.142 - - [23/May/2018:15:05:46 -0300] "POST /cormun/servlet/trsolicitudot?a0c228d1b44beab1c47427fa7bb4e44b,gx-no-cache=1527098684429 HTTP/1.1" 200 23447
186.67.164.142 - - [23/May/2018:15:05:49 -0300] "POST /cormun/servlet/trsolicitudot?a0c228d1b44beab1c47427fa7bb4e44b,gx-no-cache=1527098687010 HTTP/1.1" 200 23383
186.67.164.142 - - [23/May/2018:15:05:52 -0300] "POST /cormun/servlet/trsolicitudot?a0c228d1b44beab1c47427fa7bb4e44b,gx-no-cache=1527098690069 HTTP/1.1" 200 23453
186.67.164.142 - - [23/May/2018:15:05:54 -0300] "POST /cormun/servlet/trsolicitudot?a0c228d1b44beab1c47427fa7bb4e44b,gx-no-cache=1527098692707 HTTP/1.1" 200 23388
186.103.159.187 - - [23/May/2018:15:05:55 -0300] "GET /cormun/servlet/trsolicitudot? HTTP/1.1" 200 8751
186.103.159.187 - - [23/May/2018:15:05:57 -0300] "GET /cormun/servlet/trsolicitudot? HTTP/1.1" 200 8749
186.67.164.142 - - [23/May/2018:15:05:58 -0300] "POST /cormun/servlet/trsolicitudot?a0c228d1b44beab1c47427fa7bb4e44b,gx-no-cache=1527098696028 HTTP/1.1" 200 23450
186.67.164.142 - - [23/May/2018:15:06:01 -0300] "POST /cormun/servlet/trsolicitudot?a0c228d1b44beab1c47427fa7bb4e44b,gx-no-cache=1527098698830 HTTP/1.1" 200 23388
186.67.164.142 - - [23/May/2018:15:06:05 -0300] "POST /cormun/servlet/trsolicitudot?a0c228d1b44beab1c47427fa7bb4e44b,gx-no-cache=1527098702138 HTTP/1.1" 200 23450
186.67.164.142 - - [23/May/2018:15:06:08 -0300] "POST /cormun/servlet/trsolicitudot?a0c228d1b44beab1c47427fa7bb4e44b,gx-no-cache=1527098706248 HTTP/1.1" 200 23386
186.67.164.142 - - [23/May/2018:15:06:11 -0300] "POST /cormun/servlet/trsolicitudot?a0c228d1b44beab1c47427fa7bb4e44b,gx-no-cache=1527098709796 HTTP/1.1" 200 23450
186.67.164.142 - - [23/May/2018:15:06:15 -0300] "POST /cormun/servlet/trsolicitudot?a0c228d1b44beab1c47427fa7bb4e44b,gx-no-cache=1527098713139 HTTP/1.1" 200 23386
186.103.157.246 - - [23/May/2018:15:06:15 -0300] "POST /cormun/servlet/hlogin?6810c43502d4416230c7ba509fb4bec0,gx-no-cache=1527098714774 HTTP/1.1" 440 972
186.103.157.246 - - [23/May/2018:15:06:18 -0300] "GET /cormun/servlet/hlogin HTTP/1.1" 200 1711
186.67.164.142 - - [23/May/2018:15:06:20 -0300] "POST /cormun/servlet/trsolicitudot?a0c228d1b44beab1c47427fa7bb4e44b,gx-no-cache=1527098718005 HTTP/1.1" 200 23443
186.103.159.187 - - [23/May/2018:15:06:20 -0300] "GET /cormun/servlet/solicitudot?INS,0,0, HTTP/1.1" 200 13596
186.103.159.187 - - [23/May/2018:15:06:22 -0300] "GET /cormun/servlet/solicitudot?INS,0,0, HTTP/1.1" 200 13601
186.67.164.142 - - [23/May/2018:15:06:23 -0300] "POST /cormun/servlet/trsolicitudot?a0c228d1b44beab1c47427fa7bb4e44b,gx-no-cache=1527098721520 HTTP/1.1" 200 23380
186.103.159.204 - - [23/May/2018:15:06:30 -0300] "GET /cormun/servlet/trpermisosgoce? HTTP/1.1" 200 7065
186.103.159.204 - - [23/May/2018:15:06:30 -0300] "GET /cormun/servlet/trpermisosgoce? HTTP/1.1" 200 7064
186.103.159.187 - - [23/May/2018:15:06:40 -0300] "POST /cormun/servlet/solicitudot?gx-no-cache=1527098806087 HTTP/1.1" 200 3284
186.103.159.187 - - [23/May/2018:15:06:40 -0300] "POST /cormun/servlet/solicitudot?0ce7f4da60a0282c14776f18101c7c5c,INS,0,0,,gx-no-cache=1527098806290 HTTP/1.1" 200 10441
186.103.157.246 - - [23/May/2018:15:06:43 -0300] "POST /cormun/servlet/hlogin?396470a505a5104b561f6a6acf0323a5,gx-no-cache=1527098742708 HTTP/1.1" 200 90
186.103.157.246 - - [23/May/2018:15:06:43 -0300] "GET /cormun/servlet/hpexe_link HTTP/1.1" 200 945
186.103.157.246 - - [23/May/2018:15:06:43 -0300] "GET /cormun/servlet/hhome HTTP/1.1" 200 3875
186.103.157.246 - - [23/May/2018:15:06:44 -0300] "GET /cormun/static/gxcfg.js?20175251212442 HTTP/1.1" 304 -
186.103.157.246 - - [23/May/2018:15:06:44 -0300] "GET /cormun/static/hhome.js?20175251212450 HTTP/1.1" 304 -
186.103.159.187 - - [23/May/2018:15:06:45 -0300] "GET /cormun/servlet/solicitudot?92df3a00085517da69569d8fb2988f1989d0dc5294209b00f4f827471bde8feb16215024d95ec9fe6863fa2a6f1dcff1,gx-no-cache=1527098810884 HTTP/1.1" 200 30
186.103.157.246 - - [23/May/2018:15:06:50 -0300] "GET /cormun/servlet/trsolicitudot? HTTP/1.1" 200 7091
186.103.157.246 - - [23/May/2018:15:06:59 -0300] "GET /cormun/servlet/solicitudot?INS,0,0, HTTP/1.1" 200 13331
186.103.157.246 - - [23/May/2018:15:07:16 -0300] "POST /cormun/servlet/solicitudot?gx-no-cache=1527098775371 HTTP/1.1" 200 3291
186.103.157.246 - - [23/May/2018:15:07:16 -0300] "POST /cormun/servlet/solicitudot?396470a505a5104b561f6a6acf0323a5,INS,0,0,,gx-no-cache=1527098775749 HTTP/1.1" 200 10254
186.103.157.246 - - [23/May/2018:15:07:19 -0300] "GET /cormun/servlet/solicitudot?459df96aa0b7705d6251901f701e4d7e84eb382f4e024d7621a5066fe51183f0adf3e680d048ec9612bc00a8097da796,gx-no-cache=1527098778404 HTTP/1.1" 200 30
186.67.164.142 - - [23/May/2018:15:07:40 -0300] "GET /cormun/servlet/hlogin HTTP/1.1" 200 1724
186.67.164.142 - - [23/May/2018:15:07:56 -0300] "POST /cormun/servlet/hlogin?826c00131b1b76ec76e46eee67a5b321,gx-no-cache=1527098815868 HTTP/1.1" 200 90
186.67.164.142 - - [23/May/2018:15:07:56 -0300] "GET /cormun/servlet/hpexe_link HTTP/1.1" 200 954
186.67.164.142 - - [23/May/2018:15:07:57 -0300] "GET /cormun/servlet/hhome HTTP/1.1" 200 4173
186.67.164.142 - - [23/May/2018:15:07:57 -0300] "GET /cormun/servlet/hhome HTTP/1.1" 200 4170
186.103.159.204 - - [23/May/2018:15:08:00 -0300] "GET /cormun/servlet/hlogin HTTP/1.1" 200 1725
186.103.159.204 - - [23/May/2018:15:08:00 -0300] "GET /cormun/servlet/hlogin HTTP/1.1" 200 1733
186.67.164.142 - - [23/May/2018:15:08:00 -0300] "GET /cormun/servlet/trautorizarsolicitud? HTTP/1.1" 200 11025
186.67.164.142 - - [23/May/2018:15:08:01 -0300] "GET /cormun/servlet/trautorizarsolicitud? HTTP/1.1" 200 11023
186.67.164.142 - - [23/May/2018:15:08:04 -0300] "POST /cormun/servlet/trautorizarsolicitud?826c00131b1b76ec76e46eee67a5b321,,gx-no-cache=1527098823666 HTTP/1.1" 200 7872
186.67.164.142 - - [23/May/2018:15:08:04 -0300] "GET /cormun/static/Shared/jqueryui/images/ui-bg_highlight-soft_100_c6c2c8_1x100.png HTTP/1.1" 404 1117
186.67.164.142 - - [23/May/2018:15:08:04 -0300] "GET /cormun/static/Shared/jqueryui/images/ui-icons_82798d_256x240.png HTTP/1.1" 404 1089
186.67.164.142 - - [23/May/2018:15:08:04 -0300] "GET /cormun/static/Shared/jqueryui/images/ui-icons_8d78a5_256x240.png HTTP/1.1" 404 1089
186.67.164.142 - - [23/May/2018:15:08:04 -0300] "GET /cormun/static/Shared/jqueryui/images/ui-bg_flat_55_fafafa_40x100.png HTTP/1.1" 404 1097
186.67.164.142 - - [23/May/2018:15:08:05 -0300] "POST /cormun/servlet/trautorizarsolicitud?826c00131b1b76ec76e46eee67a5b321,,gx-no-cache=1527098824054 HTTP/1.1" 200 7815
186.67.164.142 - - [23/May/2018:15:08:06 -0300] "POST /cormun/servlet/trautorizarsolicitud?826c00131b1b76ec76e46eee67a5b321,,gx-no-cache=1527098825857 HTTP/1.1" 200 7471
186.67.164.142 - - [23/May/2018:15:08:07 -0300] "POST /cormun/servlet/trautorizarsolicitud?826c00131b1b76ec76e46eee67a5b321,,gx-no-cache=1527098826148 HTTP/1.1" 200 7415
186.103.159.187 - - [23/May/2018:15:08:09 -0300] "GET /cormun/servlet/solicitudot?92df3a00085517da69569d8fb2988f196ede8f9c3d4a452e312e8a7837b2396e686b631b2de6a5b5b3a17e7bac628788863ccebb319c6c3766fbbd45357c8bf7,gx-no-cache=1527098894545 HTTP/1.1" 200 30
186.103.159.187 - - [23/May/2018:15:08:10 -0300] "GET /cormun/servlet/prbanco?,MD,,gxPopupLevel%3D0%3B HTTP/1.1" 200 6588
186.67.164.142 - - [23/May/2018:15:08:12 -0300] "POST /cormun/servlet/trautorizarsolicitud?826c00131b1b76ec76e46eee67a5b321,,gx-no-cache=1527098831701 HTTP/1.1" 200 7106
186.67.164.142 - - [23/May/2018:15:08:13 -0300] "POST /cormun/servlet/trautorizarsolicitud?826c00131b1b76ec76e46eee67a5b321,,gx-no-cache=1527098831987 HTTP/1.1" 200 7052
186.67.164.142 - - [23/May/2018:15:08:14 -0300] "POST /cormun/servlet/trautorizarsolicitud?826c00131b1b76ec76e46eee67a5b321,,gx-no-cache=1527098833214 HTTP/1.1" 200 6700
186.67.164.142 - - [23/May/2018:15:08:14 -0300] "POST /cormun/servlet/trautorizarsolicitud?826c00131b1b76ec76e46eee67a5b321,,gx-no-cache=1527098833485 HTTP/1.1" 200 6646
186.103.159.204 - - [23/May/2018:15:08:17 -0300] "POST /cormun/servlet/hlogin?51555f634780c87b3786a0daec820061,gx-no-cache=1527098834786 HTTP/1.1" 200 90
186.103.159.204 - - [23/May/2018:15:08:17 -0300] "GET /cormun/servlet/hpexe_link HTTP/1.1" 200 952
186.103.159.204 - - [23/May/2018:15:08:17 -0300] "GET /cormun/servlet/hhome HTTP/1.1" 200 3910
186.103.159.204 - - [23/May/2018:15:08:17 -0300] "GET /cormun/servlet/hhome HTTP/1.1" 200 3906
186.103.159.187 - - [23/May/2018:15:08:18 -0300] "GET /cormun/servlet/solicitudot?92df3a00085517da69569d8fb2988f19de40e217815f7f2286e9591b193d69c0,gx-no-cache=1527098903960 HTTP/1.1" 200 51
186.67.164.142 - - [23/May/2018:15:08:19 -0300] "POST /cormun/servlet/trautorizarsolicitud?826c00131b1b76ec76e46eee67a5b321,,gx-no-cache=1527098838171 HTTP/1.1" 200 6337
186.67.164.142 - - [23/May/2018:15:08:19 -0300] "POST /cormun/servlet/trautorizarsolicitud?826c00131b1b76ec76e46eee67a5b321,,gx-no-cache=1527098838422 HTTP/1.1" 200 6284
186.67.164.142 - - [23/May/2018:15:08:23 -0300] "POST /cormun/servlet/trautorizarsolicitud?826c00131b1b76ec76e46eee67a5b321,,gx-no-cache=1527098841964 HTTP/1.1" 200 5817
186.67.164.142 - - [23/May/2018:15:08:23 -0300] "POST /cormun/servlet/trautorizarsolicitud?826c00131b1b76ec76e46eee67a5b321,,gx-no-cache=1527098842210 HTTP/1.1" 200 5761
186.103.159.204 - - [23/May/2018:15:08:23 -0300] "GET /cormun/servlet/trpermisosgoce? HTTP/1.1" 200 11987
186.103.159.204 - - [23/May/2018:15:08:23 -0300] "GET /cormun/servlet/trpermisosgoce? HTTP/1.1" 200 11979
186.67.164.142 - - [23/May/2018:15:08:24 -0300] "POST /cormun/servlet/trautorizarsolicitud?826c00131b1b76ec76e46eee67a5b321,,gx-no-cache=1527098843946 HTTP/1.1" 200 4632
186.67.164.142 - - [23/May/2018:15:08:25 -0300] "POST /cormun/servlet/trautorizarsolicitud?826c00131b1b76ec76e46eee67a5b321,,gx-no-cache=1527098844144 HTTP/1.1" 200 4391
186.103.159.204 - - [23/May/2018:15:08:26 -0300] "GET /cormun/static/menuarrow.gif HTTP/1.1" 404 1015
186.103.159.187 - - [23/May/2018:15:08:28 -0300] "POST /cormun/servlet/solicitudot?gx-no-cache=1527098914163 HTTP/1.1" 200 255
186.103.159.187 - - [23/May/2018:15:08:31 -0300] "GET /cormun/servlet/solicitudot?92df3a00085517da69569d8fb2988f1908db1cec709370864fde09935686b01953fec208b2063a518e4a11a7ab5cba8bc4e97d3b0872e89a6deb81851003df51c4932ab8d95fc178e2f77f63a2a75a06ffc3b8ad625cdcaa85fd492385d9462da4e70042261259b77790603dbfa9afb011db02944fc57ec5414f15117e263449cac46362f57ffab9fdc29d9094aef25053650bfb4ef84d9d197163a5f54163efe156a0ea12392d208353eeda868714924f8f73228d5757110d8550a850828d05ef835886d874736796ed8dff15675cee0547c66323032e3c7e04481dcba3001e1e826f0f4433a47f8ee958ba51ba8e5baf1900e2bf8aa61ffbd999b364436b1726d43935024d45bd11fb4986648117532a0dfb492f0ccc5e5739f4ae763686d33e39a1ca95eaa8fc3ee68b456a6b265a49bb698bed814a82f21800ecc98733525d38350953249474893eaf4487e7ec2fd729c67a050387f140702cfc99f9daa5d13cada6ad3af4fa8fb4a4454b3f5f1d8da4b670ddf759479c9d8b9ebdfef053,gx-no-cache=1527098917045 HTTP/1.1" 200 30
186.103.159.204 - - [23/May/2018:15:08:37 -0300] "GET /cormun/servlet/permisogoce?INS,0,,, HTTP/1.1" 200 6748
186.103.159.204 - - [23/May/2018:15:08:37 -0300] "GET /cormun/static/gxcfg.js?201776126440 HTTP/1.1" 200 953
186.103.159.204 - - [23/May/2018:15:08:37 -0300] "GET /cormun/static/permisogoce.js?2017761264459 HTTP/1.1" 200 27897
186.103.159.204 - - [23/May/2018:15:08:37 -0300] "GET /cormun/static/Resources/prompt.gif HTTP/1.1" 200 902
186.103.159.204 - - [23/May/2018:15:08:37 -0300] "GET /cormun/servlet/permisogoce?INS,0,,, HTTP/1.1" 200 6747
186.103.159.187 - - [23/May/2018:15:08:42 -0300] "POST /cormun/servlet/solicitudot?gx-no-cache=1527098927429 HTTP/1.1" 200 30
186.103.159.187 - - [23/May/2018:15:08:43 -0300] "GET /cormun/servlet/prcontratosol?54438560,,,,,MD,,gxPopupLevel%3D0%3B HTTP/1.1" 200 5637
186.103.157.246 - - [23/May/2018:15:08:59 -0300] "GET /cormun/servlet/prbanco?,MD,,gxPopupLevel%3D0%3B HTTP/1.1" 200 6489
186.103.157.246 - - [23/May/2018:15:08:59 -0300] "GET /cormun/static/gxcfg.js?20181161016094 HTTP/1.1" 304 -
186.103.157.246 - - [23/May/2018:15:09:00 -0300] "GET /cormun/static/prbanco.js?2018116101633 HTTP/1.1" 304 -
186.103.159.204 - - [23/May/2018:15:09:03 -0300] "GET /cormun/static/Resources/resize.gif HTTP/1.1" 200 77
186.103.159.204 - - [23/May/2018:15:09:03 -0300] "GET /cormun/servlet/prfichaempleado?,MD,,gxPopupLevel%3D0%3B HTTP/1.1" 200 9255
186.103.159.204 - - [23/May/2018:15:09:03 -0300] "GET /cormun/static/gxcfg.js?20177612134814 HTTP/1.1" 200 953
186.103.159.204 - - [23/May/2018:15:09:03 -0300] "GET /cormun/static/Resources/PXToolsMenuSearch.png HTTP/1.1" 200 2914
186.103.159.204 - - [23/May/2018:15:09:03 -0300] "GET /cormun/static/menusearch.js?201610171694467 HTTP/1.1" 200 1424
186.103.159.204 - - [23/May/2018:15:09:03 -0300] "GET /cormun/static/hmpwkw011.js?20177612121862 HTTP/1.1" 200 1968
186.103.159.204 - - [23/May/2018:15:09:03 -0300] "GET /cormun/static/Resources/PXToolsMenuSearchCancel.png HTTP/1.1" 200 2972
186.103.159.204 - - [23/May/2018:15:09:03 -0300] "GET /cormun/static/prfichaempleado.js?20177612134999 HTTP/1.1" 200 16006
186.103.157.246 - - [23/May/2018:15:09:07 -0300] "GET /cormun/servlet/solicitudot?ea294d01d986c7ae04f4ffeb0867e830d9813f3906360bf6f613d61096dcc372,gx-no-cache=1527098886087 HTTP/1.1" 200 20
186.103.157.246 - - [23/May/2018:15:09:07 -0300] "GET /cormun/servlet/solicitudot?459df96aa0b7705d6251901f701e4d7ef6a79b6dda6e51a409bb6f80004a4270ca7aecfe0516a530bdd2d58c1097e703cba25d1b3d64694371a07de44ce6bd27,gx-no-cache=1527098886164 HTTP/1.1" 200 30
186.103.157.246 - - [23/May/2018:15:09:09 -0300] "GET /cormun/servlet/solicitudot?459df96aa0b7705d6251901f701e4d7e217643f95a1d0b50044abf3dd6773185,gx-no-cache=1527098888880 HTTP/1.1" 200 53
186.103.159.204 - - [23/May/2018:15:09:14 -0300] "POST /cormun/servlet/prfichaempleado?51555f634780c87b3786a0daec820061,,MD,,gxPopupLevel%3D0%3B,gx-no-cache=1527098892600 HTTP/1.1" 200 3196
186.103.157.246 - - [23/May/2018:15:09:33 -0300] "POST /cormun/servlet/solicitudot?gx-no-cache=1527098912367 HTTP/1.1" 200 255
186.103.157.246 - - [23/May/2018:15:09:37 -0300] "GET /cormun/servlet/solicitudot?459df96aa0b7705d6251901f701e4d7e3491f94e6e0f3847edae5ad4287811a422bb86abac352c0066716c2e0f7d2fc462508e85284a1a9f5b2981c28fdf17c40c515cb6d9f61a1541c6dd06bc1aa479ab3d7b037a766b8bdf92c9f475a715ca59a63cbb410f6bcbb1f4de13d29c736ae57bfa6f7f99aadcb898dc7d87dafd5fc2084b2d926ef71daa76ca01b5937653e4f87bd233692d8a0c76e8181ad762b3ac1f0070b582892af11e810ed51d5f3ded0b3127f49f89f61a61fcea7a8a0d70c774fc2cabc594b3bf37fb2ce2ba63ae2e25de1591aaaed9ee5add1650fa3e5ed37ab7ba50991af118efde6364ac3909b503f0a8e085d1719b7e48161c38646bc4ab9ad385ab1d169d571de0f8697c971de38bc0c5b3982a9a6feb675fdb2483e0dfb8bdfc3a873bfed7a452d4d9290f046dc7bd7a9e21dc242f92f6620de80273cbe94a31c2fad9f3e5f7e630c83213e1f7259dc7550e62200a4af2f355555ce64cfb5068ed9e77698cbeb809bf18cb5b3b89f612bf0ed8a9d79f8ddce5bdac,gx-no-cache=1527098915892 HTTP/1.1" 200 30
186.103.157.246 - - [23/May/2018:15:09:46 -0300] "POST /cormun/servlet/solicitudot?gx-no-cache=1527098925710 HTTP/1.1" 200 30
186.103.159.187 - - [23/May/2018:15:09:56 -0300] "POST /cormun/servlet/solicitudot?gx-no-cache=1527099001912 HTTP/1.1" 200 1445
186.103.159.187 - - [23/May/2018:15:09:56 -0300] "GET /cormun/static/Shared/jqueryui/images/ui-bg_highlight-soft_100_c6c2c8_1x100.png HTTP/1.1" 404 1117
186.103.159.187 - - [23/May/2018:15:09:56 -0300] "GET /cormun/static/Shared/jqueryui/images/ui-icons_82798d_256x240.png HTTP/1.1" 404 1089
186.103.159.187 - - [23/May/2018:15:09:56 -0300] "GET /cormun/static/Shared/jqueryui/images/ui-bg_flat_55_994d53_40x100.png HTTP/1.1" 404 1097
186.103.159.187 - - [23/May/2018:15:09:56 -0300] "GET /cormun/static/Shared/jqueryui/images/ui-icons_ebccce_256x240.png HTTP/1.1" 404 1089
186.103.159.187 - - [23/May/2018:15:09:56 -0300] "POST /cormun/servlet/solicitudot?gx-no-cache=1527099002048 HTTP/1.1" 200 117
