186.103.159.204 - - [23/May/2018:15:25:40 -0300] "GET /cormun/static/gxcfg.js?201762717441171 HTTP/1.1" 200 953
186.103.159.204 - - [23/May/2018:15:25:40 -0300] "GET /cormun/static/permisosadjuntos.js?201762717441184 HTTP/1.1" 200 8724
186.103.159.204 - - [23/May/2018:15:25:40 -0300] "GET /cormun/static/about:blank HTTP/1.1" 404 1011
186.103.159.204 - - [23/May/2018:15:25:40 -0300] "GET /cormun/servlet/permisosadjuntos?INS,11275127,P,20180523140525,, HTTP/1.1" 200 5537
200.54.247.70 - - [23/May/2018:15:25:41 -0300] "POST /cormun/servlet/trsolicitudot?5e118c15b47b6a384043fa71a9ff6279,,gx-no-cache=1527099880447 HTTP/1.1" 200 5621
200.54.247.70 - - [23/May/2018:15:25:43 -0300] "POST /cormun/servlet/trsolicitudot?5e118c15b47b6a384043fa71a9ff6279,,gx-no-cache=1527099882098 HTTP/1.1" 200 5620
200.54.247.70 - - [23/May/2018:15:25:49 -0300] "GET /cormun/servlet/trvisualizadoreventos? HTTP/1.1" 200 7848
200.54.247.70 - - [23/May/2018:15:25:49 -0300] "GET /cormun/servlet/trvisualizadoreventos? HTTP/1.1" 200 7848
186.103.157.246 - - [23/May/2018:15:25:55 -0300] "GET /cormun/servlet/prlicenciaspermisos?8898068,L,,MD,,gxPopupLevel%3D0%3B HTTP/1.1" 200 6127
186.103.157.246 - - [23/May/2018:15:26:06 -0300] "GET /cormun/servlet/solicitudot?ea294d01d986c7ae04f4ffeb0867e830d9813f3906360bf6f613d61096dcc372,gx-no-cache=1527099906022 HTTP/1.1" 200 20
186.103.159.204 - - [23/May/2018:15:26:08 -0300] "GET /cormun/servlet/permisogoce?INS,0,,, HTTP/1.1" 200 6986
186.103.159.204 - - [23/May/2018:15:26:09 -0300] "GET /cormun/servlet/permisogoce?INS,0,,, HTTP/1.1" 200 6986
186.103.159.204 - - [23/May/2018:15:26:10 -0300] "POST /cormun/servlet/permisosadjuntos?51555f634780c87b3786a0daec820061,INS,11275127,P,20180523140525,, HTTP/1.1" 200 116
186.103.159.204 - - [23/May/2018:15:26:10 -0300] "GET /cormun/servlet/hpexe_return? HTTP/1.1" 200 1037
186.103.159.204 - - [23/May/2018:15:26:10 -0300] "GET /cormun/servlet/trpermisosadjuntos?11275127,20180523140525,P, HTTP/1.1" 200 6711
186.103.159.204 - - [23/May/2018:15:26:10 -0300] "GET /cormun/servlet/trpermisosadjuntos?11275127,20180523140525,P, HTTP/1.1" 200 6709
186.103.157.246 - - [23/May/2018:15:26:10 -0300] "POST /cormun/servlet/solicitudot?gx-no-cache=1527099909713 HTTP/1.1" 200 1350
186.103.157.246 - - [23/May/2018:15:26:10 -0300] "POST /cormun/servlet/solicitudot?gx-no-cache=1527099909856 HTTP/1.1" 200 1249
200.54.247.70 - - [23/May/2018:15:26:14 -0300] "GET /cormun/servlet/trsolicitudot? HTTP/1.1" 200 8685
200.54.247.70 - - [23/May/2018:15:26:15 -0300] "GET /cormun/servlet/trsolicitudot? HTTP/1.1" 200 8684
186.103.157.246 - - [23/May/2018:15:26:15 -0300] "POST /cormun/servlet/solicitudot?gx-no-cache=1527099914482 HTTP/1.1" 200 1350
186.103.157.246 - - [23/May/2018:15:26:15 -0300] "POST /cormun/servlet/solicitudot?gx-no-cache=1527099914684 HTTP/1.1" 200 1249
186.103.159.204 - - [23/May/2018:15:26:16 -0300] "GET /cormun/PublicTempStorage/david_allende24y25mayo201805234493230.pdf HTTP/1.1" 200 134222
200.54.247.70 - - [23/May/2018:15:26:18 -0300] "GET /cormun/static/menuarrow.gif HTTP/1.1" 404 1015
186.103.157.246 - - [23/May/2018:15:26:19 -0300] "GET /cormun/servlet/solicitudot?459df96aa0b7705d6251901f701e4d7efb89b12732d7452e060d53adf7397e8f82bc9d1f61508e053ab73fd978c3c771,gx-no-cache=1527099918060 HTTP/1.1" 200 30
200.54.247.70 - - [23/May/2018:15:26:21 -0300] "POST /cormun/servlet/trsolicitudot?5e118c15b47b6a384043fa71a9ff6279,,gx-no-cache=1527099920217 HTTP/1.1" 200 5621
200.54.247.70 - - [23/May/2018:15:26:26 -0300] "POST /cormun/servlet/trsolicitudot?5e118c15b47b6a384043fa71a9ff6279,,gx-no-cache=1527099925327 HTTP/1.1" 200 4212
200.54.247.70 - - [23/May/2018:15:26:28 -0300] "POST /cormun/servlet/trsolicitudot?5e118c15b47b6a384043fa71a9ff6279,,gx-no-cache=1527099926864 HTTP/1.1" 200 4212
186.103.157.246 - - [23/May/2018:15:26:31 -0300] "POST /cormun/servlet/solicitudot?gx-no-cache=1527099930911 HTTP/1.1" 200 135
186.103.157.246 - - [23/May/2018:15:26:32 -0300] "POST /cormun/servlet/solicitudot?396470a505a5104b561f6a6acf0323a5,INS,0,0,,gx-no-cache=1527099931064 HTTP/1.1" 200 11962
186.103.159.204 - - [23/May/2018:15:26:32 -0300] "GET /cormun/servlet/trautorizarpermisogoce? HTTP/1.1" 200 9057
186.103.159.204 - - [23/May/2018:15:26:33 -0300] "GET /cormun/servlet/trautorizarpermisogoce? HTTP/1.1" 200 9049
186.103.159.204 - - [23/May/2018:15:26:34 -0300] "GET /cormun/servlet/hlogin HTTP/1.1" 200 1725
186.103.159.204 - - [23/May/2018:15:26:48 -0300] "POST /cormun/servlet/hlogin?51555f634780c87b3786a0daec820061,gx-no-cache=1527099945859 HTTP/1.1" 200 439
200.54.247.70 - - [23/May/2018:15:26:51 -0300] "GET /cormun/servlet/trautorizarsolicitud? HTTP/1.1" 200 7350
200.54.247.70 - - [23/May/2018:15:26:51 -0300] "GET /cormun/servlet/trautorizarsolicitud? HTTP/1.1" 200 7350
200.54.247.70 - - [23/May/2018:15:26:53 -0300] "GET /cormun/static/menuarrow.gif HTTP/1.1" 404 1015
186.103.159.204 - - [23/May/2018:15:26:54 -0300] "POST /cormun/servlet/hlogin?51555f634780c87b3786a0daec820061,gx-no-cache=1527099952319 HTTP/1.1" 200 90
186.103.159.204 - - [23/May/2018:15:26:54 -0300] "GET /cormun/servlet/hpexe_link HTTP/1.1" 200 982
186.103.159.204 - - [23/May/2018:15:26:54 -0300] "GET /cormun/servlet/trpermisosadjuntos?11275127,20180523140525,P, HTTP/1.1" 200 6709
186.103.159.204 - - [23/May/2018:15:26:55 -0300] "GET /cormun/servlet/trpermisosadjuntos?11275127,20180523140525,P, HTTP/1.1" 200 6708
200.54.247.70 - - [23/May/2018:15:26:56 -0300] "POST /cormun/servlet/trautorizarsolicitud?5e118c15b47b6a384043fa71a9ff6279,,gx-no-cache=1527099954703 HTTP/1.1" 200 4404
154.41.4.71 - - [23/May/2018:15:27:00 -0300] "GET / HTTP/1.1" 200 11217
200.54.247.70 - - [23/May/2018:15:27:01 -0300] "POST /cormun/servlet/trautorizarsolicitud?5e118c15b47b6a384043fa71a9ff6279,,gx-no-cache=1527099960442 HTTP/1.1" 200 4406
186.103.159.204 - - [23/May/2018:15:27:02 -0300] "GET /cormun/servlet/autorizarpermisogoce?DSP,11275127,P,20180523140525, HTTP/1.1" 200 6156
186.103.159.204 - - [23/May/2018:15:27:02 -0300] "GET /cormun/static/gxcfg.js?20176272062479 HTTP/1.1" 200 953
186.103.159.204 - - [23/May/2018:15:27:02 -0300] "GET /cormun/static/Resources/Spanish/PXTools.css?17315867 HTTP/1.1" 200 89042
186.103.159.204 - - [23/May/2018:15:27:02 -0300] "GET /cormun/static/autorizarpermisogoce.js?2017627206254 HTTP/1.1" 200 16019
186.103.159.204 - - [23/May/2018:15:27:02 -0300] "GET /cormun/servlet/trpermisosgoce? HTTP/1.1" 200 12764
186.103.159.204 - - [23/May/2018:15:27:03 -0300] "GET /cormun/servlet/trpermisosgoce? HTTP/1.1" 200 12739
186.103.159.204 - - [23/May/2018:15:27:03 -0300] "GET /cormun/servlet/autorizarpermisogoce?DSP,11275127,P,20180523140525, HTTP/1.1" 200 6156
186.103.159.204 - - [23/May/2018:15:27:08 -0300] "GET /cormun/servlet/trpermisosadjuntos?11275127,20180523140525,P, HTTP/1.1" 200 6707
186.103.159.204 - - [23/May/2018:15:27:08 -0300] "GET /cormun/servlet/trpermisosadjuntos?11275127,20180523140525,P, HTTP/1.1" 200 6708
186.103.159.204 - - [23/May/2018:15:27:08 -0300] "POST /cormun/servlet/autorizarpermisogoce?d122fa35845175c3b1979db20eb4a65e,DSP,11275127,P,20180523140525,,gx-no-cache=1527099969769 HTTP/1.1" 200 93
186.103.159.204 - - [23/May/2018:15:27:08 -0300] "GET /cormun/servlet/hpexe_return? HTTP/1.1" 200 1032
186.103.159.204 - - [23/May/2018:15:27:09 -0300] "GET /cormun/servlet/trautorizarpermisogoce HTTP/1.1" 200 9053
186.103.159.204 - - [23/May/2018:15:27:09 -0300] "GET /cormun/servlet/trautorizarpermisogoce HTTP/1.1" 200 9049
200.54.247.70 - - [23/May/2018:15:27:11 -0300] "POST /cormun/servlet/trautorizarsolicitud?5e118c15b47b6a384043fa71a9ff6279,,gx-no-cache=1527099970304 HTTP/1.1" 200 7602
186.103.159.204 - - [23/May/2018:15:27:12 -0300] "GET /cormun/servlet/trpermisosgoce? HTTP/1.1" 200 12752
186.103.159.204 - - [23/May/2018:15:27:12 -0300] "GET /cormun/servlet/trpermisosgoce? HTTP/1.1" 200 12793
186.103.159.204 - - [23/May/2018:15:27:23 -0300] "POST /cormun/servlet/trautorizarpermisogoce?d122fa35845175c3b1979db20eb4a65e,gx-no-cache=1527099984006 HTTP/1.1" 200 6352
186.103.159.204 - - [23/May/2018:15:27:23 -0300] "GET /cormun/static/Shared/jqueryui/images/ui-bg_flat_55_fafafa_40x100.png HTTP/1.1" 404 1097
186.103.159.204 - - [23/May/2018:15:27:23 -0300] "GET /cormun/static/Shared/jqueryui/images/ui-icons_8d78a5_256x240.png HTTP/1.1" 404 1089
186.103.159.204 - - [23/May/2018:15:27:32 -0300] "POST /cormun/servlet/trpermisosgoce?51555f634780c87b3786a0daec820061,,gx-no-cache=1527099989935 HTTP/1.1" 200 9886
186.103.159.204 - - [23/May/2018:15:27:32 -0300] "GET /cormun/static/Shared/jqueryui/images/ui-bg_highlight-soft_100_c6c2c8_1x100.png HTTP/1.1" 404 1117
186.103.159.204 - - [23/May/2018:15:27:32 -0300] "GET /cormun/static/Shared/jqueryui/images/ui-icons_82798d_256x240.png HTTP/1.1" 404 1089
186.103.159.204 - - [23/May/2018:15:27:32 -0300] "GET /cormun/static/Shared/jqueryui/images/ui-bg_flat_55_fafafa_40x100.png HTTP/1.1" 404 1097
186.103.159.204 - - [23/May/2018:15:27:32 -0300] "GET /cormun/static/Shared/jqueryui/images/ui-icons_8d78a5_256x240.png HTTP/1.1" 404 1089
186.103.159.204 - - [23/May/2018:15:27:34 -0300] "POST /cormun/servlet/trautorizarpermisogoce?d122fa35845175c3b1979db20eb4a65e,gx-no-cache=1527099995184 HTTP/1.1" 200 6145
186.103.159.204 - - [23/May/2018:15:27:41 -0300] "POST /cormun/servlet/trautorizarpermisogoce?d122fa35845175c3b1979db20eb4a65e,gx-no-cache=1527100002861 HTTP/1.1" 200 6145
200.54.247.70 - - [23/May/2018:15:27:44 -0300] "POST /cormun/servlet/trautorizarsolicitud?5e118c15b47b6a384043fa71a9ff6279,,gx-no-cache=1527100003065 HTTP/1.1" 200 7604
200.54.247.70 - - [23/May/2018:15:27:45 -0300] "POST /cormun/servlet/trautorizarsolicitud?5e118c15b47b6a384043fa71a9ff6279,,gx-no-cache=1527100004370 HTTP/1.1" 200 7603
200.54.247.70 - - [23/May/2018:15:28:04 -0300] "POST /cormun/servlet/trautorizarsolicitud?5e118c15b47b6a384043fa71a9ff6279,,gx-no-cache=1527100022705 HTTP/1.1" 200 7602
200.54.247.70 - - [23/May/2018:15:28:06 -0300] "POST /cormun/servlet/trautorizarsolicitud?5e118c15b47b6a384043fa71a9ff6279,,gx-no-cache=1527100024651 HTTP/1.1" 200 7603
186.103.159.204 - - [23/May/2018:15:28:16 -0300] "GET /cormun/servlet/autorizarpermisogoce?DSP,19020616,P,20180518121805, HTTP/1.1" 200 6152
186.103.159.204 - - [23/May/2018:15:28:17 -0300] "GET /cormun/servlet/autorizarpermisogoce?DSP,19020616,P,20180518121805, HTTP/1.1" 200 6155
186.103.159.204 - - [23/May/2018:15:28:26 -0300] "POST /cormun/servlet/autorizarpermisogoce?d122fa35845175c3b1979db20eb4a65e,DSP,19020616,P,20180518121805,,gx-no-cache=1527100047389 HTTP/1.1" 200 93
186.103.159.204 - - [23/May/2018:15:28:26 -0300] "GET /cormun/servlet/hpexe_return? HTTP/1.1" 200 1051
186.103.159.204 - - [23/May/2018:15:28:26 -0300] "GET /cormun/servlet/trautorizarpermisogoce?gx-no-cache=1527100002861 HTTP/1.1" 200 8852
186.103.159.204 - - [23/May/2018:15:28:27 -0300] "GET /cormun/servlet/trautorizarpermisogoce?gx-no-cache=1527100002861 HTTP/1.1" 200 8868
200.54.247.70 - - [23/May/2018:15:28:33 -0300] "POST /cormun/servlet/trautorizarsolicitud?5e118c15b47b6a384043fa71a9ff6279,,gx-no-cache=1527100052389 HTTP/1.1" 200 4415
186.103.159.204 - - [23/May/2018:15:28:39 -0300] "POST /cormun/servlet/trautorizarpermisogoce?d122fa35845175c3b1979db20eb4a65e,gx-no-cache=1527100002861,gx-no-cache=1527100060087 HTTP/1.1" 200 8307
200.54.247.70 - - [23/May/2018:15:28:44 -0300] "POST /cormun/servlet/trautorizarsolicitud?5e118c15b47b6a384043fa71a9ff6279,,gx-no-cache=1527100062850 HTTP/1.1" 200 4403
200.54.247.70 - - [23/May/2018:15:28:46 -0300] "POST /cormun/servlet/trautorizarsolicitud?5e118c15b47b6a384043fa71a9ff6279,,gx-no-cache=1527100064706 HTTP/1.1" 200 4405
200.54.247.70 - - [23/May/2018:15:28:50 -0300] "POST /cormun/servlet/trautorizarsolicitud?5e118c15b47b6a384043fa71a9ff6279,,gx-no-cache=1527100068682 HTTP/1.1" 200 4405
200.54.247.70 - - [23/May/2018:15:28:52 -0300] "POST /cormun/servlet/trautorizarsolicitud?5e118c15b47b6a384043fa71a9ff6279,,gx-no-cache=1527100070965 HTTP/1.1" 200 4405
186.103.159.204 - - [23/May/2018:15:29:13 -0300] "POST /cormun/servlet/trautorizarpermisogoce?d122fa35845175c3b1979db20eb4a65e,gx-no-cache=1527100002861,gx-no-cache=1527100094636 HTTP/1.1" 200 4253
186.103.157.246 - - [23/May/2018:15:29:13 -0300] "POST /cormun/servlet/solicitudot?gx-no-cache=1527100092971 HTTP/1.1" 200 122
186.103.157.246 - - [23/May/2018:15:29:14 -0300] "POST /cormun/servlet/solicitudot?gx-no-cache=1527100093112 HTTP/1.1" 200 1350
186.103.157.246 - - [23/May/2018:15:29:14 -0300] "POST /cormun/servlet/solicitudot?gx-no-cache=1527100093254 HTTP/1.1" 200 1249
186.103.159.204 - - [23/May/2018:15:29:19 -0300] "POST /cormun/servlet/trautorizarpermisogoce?d122fa35845175c3b1979db20eb4a65e,gx-no-cache=1527100002861,gx-no-cache=1527100100830 HTTP/1.1" 200 5105
186.103.159.204 - - [23/May/2018:15:29:27 -0300] "POST /cormun/servlet/trautorizarpermisogoce?d122fa35845175c3b1979db20eb4a65e,gx-no-cache=1527100002861,gx-no-cache=1527100108471 HTTP/1.1" 200 4362
186.103.159.204 - - [23/May/2018:15:29:36 -0300] "POST /cormun/servlet/trautorizarpermisogoce?d122fa35845175c3b1979db20eb4a65e,gx-no-cache=1527100002861,gx-no-cache=1527100117262 HTTP/1.1" 200 4247
200.54.247.70 - - [23/May/2018:15:29:36 -0300] "POST /cormun/servlet/trautorizarsolicitud?5e118c15b47b6a384043fa71a9ff6279,,gx-no-cache=1527100115110 HTTP/1.1" 200 7603
200.54.247.70 - - [23/May/2018:15:29:37 -0300] "POST /cormun/servlet/trautorizarsolicitud?5e118c15b47b6a384043fa71a9ff6279,,gx-no-cache=1527100115576 HTTP/1.1" 200 7603
186.103.159.204 - - [23/May/2018:15:29:37 -0300] "POST /cormun/servlet/trautorizarpermisogoce?d122fa35845175c3b1979db20eb4a65e,gx-no-cache=1527100002861,gx-no-cache=1527100118315 HTTP/1.1" 200 4247
186.103.159.204 - - [23/May/2018:15:29:46 -0300] "POST /cormun/servlet/trautorizarpermisogoce?d122fa35845175c3b1979db20eb4a65e,gx-no-cache=1527100002861,gx-no-cache=1527100126777 HTTP/1.1" 200 9774
200.54.247.70 - - [23/May/2018:15:29:49 -0300] "POST /cormun/servlet/trautorizarsolicitud?5e118c15b47b6a384043fa71a9ff6279,,gx-no-cache=1527100128433 HTTP/1.1" 200 9194
186.103.159.204 - - [23/May/2018:15:29:54 -0300] "GET /cormun/static/Shared/jqueryui/images/ui-bg_highlight-soft_100_eae6ea_1x100.png HTTP/1.1" 404 1117
186.103.157.246 - - [23/May/2018:15:33:46 -0300] "GET /cormun/servlet/prlicenciaspermisos?8898068,L,,MD,,gxPopupLevel%3D0%3B HTTP/1.1" 200 6127
186.103.157.246 - - [23/May/2018:15:33:53 -0300] "GET /cormun/servlet/solicitudot?ea294d01d986c7ae04f4ffeb0867e830d9813f3906360bf6f613d61096dcc372,gx-no-cache=1527100372551 HTTP/1.1" 200 20
186.103.157.246 - - [23/May/2018:15:34:10 -0300] "POST /cormun/servlet/solicitudot?gx-no-cache=1527100389259 HTTP/1.1" 200 41
186.103.157.246 - - [23/May/2018:15:34:10 -0300] "POST /cormun/servlet/solicitudot?gx-no-cache=1527100389366 HTTP/1.1" 200 1350
186.103.157.246 - - [23/May/2018:15:34:10 -0300] "POST /cormun/servlet/solicitudot?gx-no-cache=1527100389831 HTTP/1.1" 200 1249
186.103.157.246 - - [23/May/2018:15:34:14 -0300] "POST /cormun/servlet/solicitudot?gx-no-cache=1527100393684 HTTP/1.1" 200 1350
186.103.157.246 - - [23/May/2018:15:34:14 -0300] "POST /cormun/servlet/solicitudot?gx-no-cache=1527100393827 HTTP/1.1" 200 1249
186.103.157.246 - - [23/May/2018:15:34:18 -0300] "GET /cormun/servlet/solicitudot?459df96aa0b7705d6251901f701e4d7efb89b12732d7452e060d53adf7397e8fad606905d6593ff4c599d6d395cb226f,gx-no-cache=1527100396772 HTTP/1.1" 200 30
186.103.157.246 - - [23/May/2018:15:34:22 -0300] "POST /cormun/servlet/solicitudot?gx-no-cache=1527100401640 HTTP/1.1" 200 135
186.103.157.246 - - [23/May/2018:15:34:23 -0300] "POST /cormun/servlet/solicitudot?396470a505a5104b561f6a6acf0323a5,INS,0,0,,gx-no-cache=1527100401789 HTTP/1.1" 200 12034
186.103.157.246 - - [23/May/2018:15:35:08 -0300] "POST /cormun/servlet/solicitudot?gx-no-cache=1527100447716 HTTP/1.1" 200 146
186.103.157.246 - - [23/May/2018:15:35:09 -0300] "POST /cormun/servlet/solicitudot?396470a505a5104b561f6a6acf0323a5,INS,0,0,,gx-no-cache=1527100447872 HTTP/1.1" 200 12096
186.103.157.246 - - [23/May/2018:15:35:23 -0300] "GET /cormun/servlet/prlicenciaspermisos?8898068,L,,MD,,gxPopupLevel%3D0%3B HTTP/1.1" 200 6127
186.103.157.246 - - [23/May/2018:15:35:28 -0300] "GET /cormun/servlet/solicitudot?ea294d01d986c7ae04f4ffeb0867e830d9813f3906360bf6f613d61096dcc372,gx-no-cache=1527100467608 HTTP/1.1" 200 20
186.103.157.246 - - [23/May/2018:15:35:32 -0300] "POST /cormun/servlet/solicitudot?gx-no-cache=1527100471228 HTTP/1.1" 200 41
186.103.157.246 - - [23/May/2018:15:35:32 -0300] "POST /cormun/servlet/solicitudot?gx-no-cache=1527100471369 HTTP/1.1" 200 1350
186.103.157.246 - - [23/May/2018:15:35:32 -0300] "POST /cormun/servlet/solicitudot?gx-no-cache=1527100471525 HTTP/1.1" 200 1249
186.103.157.246 - - [23/May/2018:15:35:36 -0300] "POST /cormun/servlet/solicitudot?gx-no-cache=1527100475341 HTTP/1.1" 200 1350
186.103.157.246 - - [23/May/2018:15:35:36 -0300] "POST /cormun/servlet/solicitudot?gx-no-cache=1527100475487 HTTP/1.1" 200 1249
186.103.157.246 - - [23/May/2018:15:35:42 -0300] "POST /cormun/servlet/solicitudot?gx-no-cache=1527100481868 HTTP/1.1" 200 1350
186.103.157.246 - - [23/May/2018:15:35:43 -0300] "POST /cormun/servlet/solicitudot?gx-no-cache=1527100482053 HTTP/1.1" 200 1249
186.103.157.246 - - [23/May/2018:15:35:43 -0300] "POST /cormun/servlet/solicitudot?gx-no-cache=1527100482303 HTTP/1.1" 200 135
186.103.157.246 - - [23/May/2018:15:35:44 -0300] "POST /cormun/servlet/solicitudot?396470a505a5104b561f6a6acf0323a5,INS,0,0,,gx-no-cache=1527100482742 HTTP/1.1" 200 12137
192.168.10.56 - - [23/May/2018:15:37:07 -0300] "GET /cormun/servlet/hlogin HTTP/1.1" 200 1719
192.168.10.56 - - [23/May/2018:15:37:07 -0300] "GET /cormun/static/gxcfg.js?20175251213516 HTTP/1.1" 304 -
186.103.132.155 - - [23/May/2018:15:37:52 -0300] "GET /cormun/servlet/hlogin HTTP/1.1" 200 1720
192.168.4.251 - - [23/May/2018:15:40:20 -0300] "GET /cormun/servlet/hlogin HTTP/1.1" 200 1719
192.168.4.251 - - [23/May/2018:15:40:20 -0300] "GET /cormun/static/gxtimezone.js?85251 HTTP/1.1" 200 5781
192.168.4.251 - - [23/May/2018:15:40:20 -0300] "GET /cormun/static/gxcfg.js?20175251213516 HTTP/1.1" 200 953
192.168.4.251 - - [23/May/2018:15:40:20 -0300] "GET /cormun/static/hlogin.js?20175251213537 HTTP/1.1" 200 2136
192.168.4.251 - - [23/May/2018:15:40:20 -0300] "GET /cormun/static/Resources/ComunLogin.png HTTP/1.1" 200 17326
192.168.4.251 - - [23/May/2018:15:40:20 -0300] "GET /cormun/static/messages.spa.js?85251 HTTP/1.1" 200 30736
192.168.4.251 - - [23/May/2018:15:40:20 -0300] "GET /cormun/static/Resources/Spanish/PXTools.css?11423723 HTTP/1.1" 200 89042
192.168.4.251 - - [23/May/2018:15:40:21 -0300] "GET /cormun/static/gxgral.js?85251 HTTP/1.1" 200 384558
192.168.4.251 - - [23/May/2018:15:40:21 -0300] "GET /cormun/servlet/hlogin HTTP/1.1" 200 1729
192.168.4.251 - - [23/May/2018:15:40:21 -0300] "GET /cormun/static/Resources/indicator.gif HTTP/1.1" 200 1553
192.168.4.251 - - [23/May/2018:15:40:21 -0300] "GET /cormun/static/Resources/PXToolsLoginBackground.png HTTP/1.1" 200 1164
192.168.4.251 - - [23/May/2018:15:40:21 -0300] "GET /cormun/static/Resources/PXToolsButtonLeft21.png HTTP/1.1" 200 1287
192.168.4.251 - - [23/May/2018:15:40:21 -0300] "GET /cormun/static/Resources/PXToolsButtonRight21.png HTTP/1.1" 200 1283
192.168.4.251 - - [23/May/2018:15:40:21 -0300] "GET /cormun/static/Resources/PXToolsButtonBackground2.png HTTP/1.1" 200 1181
192.168.4.251 - - [23/May/2018:15:40:21 -0300] "GET /cormun/static/Resources/PXToolsLoginTop.png HTTP/1.1" 200 1337
192.168.4.251 - - [23/May/2018:15:40:21 -0300] "GET /cormun/static/Resources/PXToolsLoginBottom.png HTTP/1.1" 200 1389
192.168.4.251 - - [23/May/2018:15:40:22 -0300] "GET /cormun/static/Resources/PXToolsLoginTop.png HTTP/1.1" 200 1337
192.168.4.251 - - [23/May/2018:15:40:22 -0300] "GET /cormun/static/Resources/PXToolsButtonLeft21.png HTTP/1.1" 200 1287
192.168.4.251 - - [23/May/2018:15:40:22 -0300] "GET /cormun/static/Resources/PXToolsButtonRight21.png HTTP/1.1" 200 1283
192.168.4.251 - - [23/May/2018:15:40:22 -0300] "GET /cormun/static/Resources/PXToolsButtonBackground2.png HTTP/1.1" 200 1181
192.168.4.251 - - [23/May/2018:15:40:22 -0300] "GET /cormun/static/Resources/PXToolsLoginBottom.png HTTP/1.1" 200 1389
192.168.4.251 - - [23/May/2018:15:40:22 -0300] "GET /favicon.ico HTTP/1.1" 200 21630
200.54.18.251 - - [23/May/2018:15:40:55 -0300] "POST /cormun/servlet/hlogin?cdf923e1915b52a1a542de654c38b32d,gx-no-cache=1527100793948 HTTP/1.1" 200 90
200.54.18.251 - - [23/May/2018:15:40:55 -0300] "GET /cormun/servlet/hpexe_link HTTP/1.1" 200 951
200.54.18.251 - - [23/May/2018:15:40:55 -0300] "GET /cormun/servlet/hhome HTTP/1.1" 200 4207
200.54.18.251 - - [23/May/2018:15:40:57 -0300] "GET /cormun/servlet/hhome HTTP/1.1" 200 4203
200.54.18.251 - - [23/May/2018:15:41:03 -0300] "GET /cormun/servlet/trpermisosgoce? HTTP/1.1" 200 10066
200.54.18.251 - - [23/May/2018:15:41:05 -0300] "GET /cormun/servlet/trpermisosgoce? HTTP/1.1" 200 10067
186.67.203.186 - - [23/May/2018:15:42:08 -0300] "GET /cormun/servlet/permisogoce?INS,0,,, HTTP/1.1" 200 7073
186.67.203.186 - - [23/May/2018:15:42:10 -0300] "GET /cormun/servlet/permisogoce?INS,0,,, HTTP/1.1" 200 7072
186.103.157.98 - - [23/May/2018:15:42:11 -0300] "GET /cormun/servlet/hlogin HTTP/1.1" 200 1722
186.103.157.98 - - [23/May/2018:15:42:12 -0300] "GET /cormun/servlet/hlogin HTTP/1.1" 200 1730
186.103.161.206 - - [23/May/2018:15:42:14 -0300] "GET /cormun/servlet/prfichaempleado?,MD,,gxPopupLevel%3D0%3B HTTP/1.1" 200 9373
186.103.157.98 - - [23/May/2018:15:42:25 -0300] "POST /cormun/servlet/hlogin?ac7aec37618f3c44da9027ffd4ad8887,gx-no-cache=1527100885055 HTTP/1.1" 200 446
186.103.161.206 - - [23/May/2018:15:42:29 -0300] "POST /cormun/servlet/prfichaempleado?cdf923e1915b52a1a542de654c38b32d,,MD,,gxPopupLevel%3D0%3B,gx-no-cache=1527100888719 HTTP/1.1" 200 3428
186.103.157.98 - - [23/May/2018:15:42:33 -0300] "POST /cormun/servlet/hlogin?ac7aec37618f3c44da9027ffd4ad8887,gx-no-cache=1527100893309 HTTP/1.1" 200 90
186.103.157.98 - - [23/May/2018:15:42:33 -0300] "GET /cormun/servlet/hpexe_link HTTP/1.1" 200 950
186.103.157.98 - - [23/May/2018:15:42:33 -0300] "GET /cormun/servlet/hhome HTTP/1.1" 200 4250
186.103.157.98 - - [23/May/2018:15:42:34 -0300] "GET /cormun/servlet/hhome HTTP/1.1" 200 4247
186.103.161.206 - - [23/May/2018:15:42:39 -0300] "GET /cormun/servlet/permisogoce?fa0a4ccb28e909752791754e94086541f679bad5be2fe120c91a6eee013345e8c2fc134cfd8a974e6e967f1369937237,gx-no-cache=1527100898471 HTTP/1.1" 200 80
186.103.161.206 - - [23/May/2018:15:42:43 -0300] "GET /cormun/static/menuarrow.gif HTTP/1.1" 404 1015
186.103.157.98 - - [23/May/2018:15:42:47 -0300] "GET /cormun/servlet/trpermisosgoce? HTTP/1.1" 200 8024
186.103.157.98 - - [23/May/2018:15:42:47 -0300] "GET /cormun/static/calendar-system.css?75620 HTTP/1.1" 304 -
186.103.157.98 - - [23/May/2018:15:42:48 -0300] "GET /cormun/servlet/trpermisosgoce? HTTP/1.1" 200 8022
186.103.161.206 - - [23/May/2018:15:42:52 -0300] "GET /cormun/servlet/permisogoce?fa0a4ccb28e909752791754e94086541f750117191212f8dd01304321b1a98adc00d3dc694fb11b97f9781aad3b566c27d1622356d0bc4da155dc7d6bb422098,gx-no-cache=1527100911889 HTTP/1.1" 200 47
186.103.157.98 - - [23/May/2018:15:42:58 -0300] "POST /cormun/servlet/trpermisosgoce?ac7aec37618f3c44da9027ffd4ad8887,,gx-no-cache=1527100917884 HTTP/1.1" 200 5182
186.103.157.98 - - [23/May/2018:15:42:58 -0300] "GET /cormun/static/Shared/jqueryui/images/ui-bg_flat_55_fafafa_40x100.png HTTP/1.1" 404 1097
186.103.157.98 - - [23/May/2018:15:42:58 -0300] "GET /cormun/static/Shared/jqueryui/images/ui-icons_82798d_256x240.png HTTP/1.1" 404 1089
186.103.157.98 - - [23/May/2018:15:42:58 -0300] "GET /cormun/static/Shared/jqueryui/images/ui-bg_highlight-soft_100_c6c2c8_1x100.png HTTP/1.1" 404 1117
186.103.157.98 - - [23/May/2018:15:42:58 -0300] "GET /cormun/static/Shared/jqueryui/images/ui-icons_8d78a5_256x240.png HTTP/1.1" 404 1089
186.103.157.98 - - [23/May/2018:15:43:10 -0300] "GET /cormun/servlet/permisogoce?INS,0,,, HTTP/1.1" 200 7118
186.103.157.98 - - [23/May/2018:15:43:11 -0300] "GET /cormun/servlet/permisogoce?INS,0,,, HTTP/1.1" 200 7118
186.103.161.206 - - [23/May/2018:15:43:36 -0300] "POST /cormun/servlet/permisogoce?cdf923e1915b52a1a542de654c38b32d,INS,0,,,,gx-no-cache=1527100944168 HTTP/1.1" 200 93
186.103.161.206 - - [23/May/2018:15:43:37 -0300] "GET /cormun/servlet/hpexe_return? HTTP/1.1" 200 1011
186.103.161.206 - - [23/May/2018:15:43:38 -0300] "GET /cormun/servlet/trpermisosgoce HTTP/1.1" 200 10350
186.103.161.206 - - [23/May/2018:15:43:39 -0300] "GET /cormun/servlet/trpermisosgoce HTTP/1.1" 200 10345
200.54.18.251 - - [23/May/2018:15:44:26 -0300] "GET /cormun/servlet/apermisogoceprn?8477888,P,20180523143856,PU HTTP/1.1" 200 1690
186.103.161.206 - - [23/May/2018:15:45:09 -0300] "GET /cormun/servlet/permisogoce?INS,0,,, HTTP/1.1" 200 7073
186.103.161.206 - - [23/May/2018:15:45:10 -0300] "GET /cormun/servlet/permisogoce?INS,0,,, HTTP/1.1" 200 7073
78.108.177.54 - - [23/May/2018:15:45:37 -0300] "GET / HTTP/1.0" 200 11197
200.111.122.170 - - [23/May/2018:15:45:48 -0300] "GET /cormun/servlet/prfichaempleado?,MD,,gxPopupLevel%3D0%3B HTTP/1.1" 200 9373
200.111.122.170 - - [23/May/2018:15:46:03 -0300] "POST /cormun/servlet/prfichaempleado?cdf923e1915b52a1a542de654c38b32d,,MD,,gxPopupLevel%3D0%3B,gx-no-cache=1527101102192 HTTP/1.1" 200 3434
200.111.122.170 - - [23/May/2018:15:46:11 -0300] "GET /cormun/servlet/permisogoce?fa0a4ccb28e909752791754e940865419eb7059e5e01892fb29abea83e8de2bb758a88635cc4757b2ba87592862df71dc0901f68c3c2be437e950d878069c608,gx-no-cache=1527101110138 HTTP/1.1" 200 88
200.111.122.170 - - [23/May/2018:15:46:14 -0300] "GET /cormun/static/menuarrow.gif HTTP/1.1" 404 1015
200.111.122.170 - - [23/May/2018:15:46:23 -0300] "GET /cormun/servlet/permisogoce?fa0a4ccb28e909752791754e940865414af5b04713aa3b917598f542dd4692f23729b07f99ccc55914ccd1f4a1196d72279b5e1ab1461731223f55835b7b4df0,gx-no-cache=1527101122086 HTTP/1.1" 200 47
200.111.122.170 - - [23/May/2018:15:46:28 -0300] "POST /cormun/servlet/permisogoce?cdf923e1915b52a1a542de654c38b32d,INS,0,,,,gx-no-cache=1527101126881 HTTP/1.1" 200 93
200.111.122.170 - - [23/May/2018:15:46:28 -0300] "GET /cormun/servlet/hpexe_return? HTTP/1.1" 200 1011
200.111.122.170 - - [23/May/2018:15:46:28 -0300] "GET /cormun/servlet/trpermisosgoce HTTP/1.1" 200 10614
200.111.122.170 - - [23/May/2018:15:46:30 -0300] "GET /cormun/servlet/trpermisosgoce HTTP/1.1" 200 10609
200.111.122.170 - - [23/May/2018:15:46:33 -0300] "GET /cormun/servlet/apermisogoceprn?18780014,P,20180523144157,PU HTTP/1.1" 200 1672
186.103.157.98 - - [23/May/2018:15:46:49 -0300] "GET /cormun/servlet/permisogoce?3fec117f3fd07261b484a0fcac81257ee3f1ace710610074f09cbab405e12860e3e67062acaf49ccded36aff95e7fda8b2edb7936124d0c957d6b22fdfd0a228,gx-no-cache=1527101149194 HTTP/1.1" 200 75
186.103.157.98 - - [23/May/2018:15:46:49 -0300] "GET /cormun/static/menuarrow.gif HTTP/1.1" 404 1015
186.103.157.98 - - [23/May/2018:15:46:56 -0300] "GET /cormun/servlet/permisogoce?3fec117f3fd07261b484a0fcac81257e1aa8989bd3984af5acb8b62d2646e1e0f75a280c7b1bdcbad1af894d93dee0323650e1473ee2ead5ab46c72f8bc5c84b,gx-no-cache=1527101155878 HTTP/1.1" 200 47
186.103.157.98 - - [23/May/2018:15:47:05 -0300] "POST /cormun/servlet/permisogoce?ac7aec37618f3c44da9027ffd4ad8887,INS,0,,,,gx-no-cache=1527101165135 HTTP/1.1" 200 93
186.103.157.98 - - [23/May/2018:15:47:05 -0300] "GET /cormun/servlet/hpexe_return? HTTP/1.1" 200 1009
186.103.157.98 - - [23/May/2018:15:47:05 -0300] "GET /cormun/servlet/trpermisosgoce? HTTP/1.1" 200 8358
186.103.157.98 - - [23/May/2018:15:47:06 -0300] "GET /cormun/servlet/trpermisosgoce? HTTP/1.1" 200 8354
186.103.157.98 - - [23/May/2018:15:47:10 -0300] "GET /cormun/servlet/trpermisosadjuntos?10697377,20180523143959,P, HTTP/1.1" 200 6558
186.103.157.98 - - [23/May/2018:15:47:10 -0300] "GET /cormun/servlet/trpermisosadjuntos?10697377,20180523143959,P, HTTP/1.1" 200 6558
186.103.157.98 - - [23/May/2018:15:47:13 -0300] "GET /cormun/servlet/permisosadjuntos?INS,10697377,P,20180523143959,, HTTP/1.1" 200 5892
186.103.157.98 - - [23/May/2018:15:47:13 -0300] "GET /cormun/static/about:blank HTTP/1.1" 404 1011
186.103.157.98 - - [23/May/2018:15:47:13 -0300] "GET /cormun/servlet/permisosadjuntos?INS,10697377,P,20180523143959,, HTTP/1.1" 200 5882
186.103.157.98 - - [23/May/2018:15:47:43 -0300] "POST /cormun/servlet/permisosadjuntos?ac7aec37618f3c44da9027ffd4ad8887,INS,10697377,P,20180523143959,, HTTP/1.1" 200 116
186.103.157.98 - - [23/May/2018:15:47:43 -0300] "GET /cormun/servlet/hpexe_return? HTTP/1.1" 200 1037
186.103.157.98 - - [23/May/2018:15:47:43 -0300] "GET /cormun/servlet/trpermisosadjuntos?10697377,20180523143959,P, HTTP/1.1" 200 7067
186.103.157.98 - - [23/May/2018:15:47:44 -0300] "GET /cormun/servlet/trpermisosadjuntos?10697377,20180523143959,P, HTTP/1.1" 200 7063
186.103.157.98 - - [23/May/2018:15:47:47 -0300] "POST /cormun/servlet/trpermisosadjuntos?ac7aec37618f3c44da9027ffd4ad8887,10697377,20180523143959,P,,gx-no-cache=1527101206969 HTTP/1.1" 200 90
186.103.157.98 - - [23/May/2018:15:47:47 -0300] "GET /cormun/servlet/hpexe_link HTTP/1.1" 200 981
186.103.157.98 - - [23/May/2018:15:47:47 -0300] "GET /cormun/servlet/trpermisosgoce HTTP/1.1" 200 8354
186.103.157.98 - - [23/May/2018:15:47:47 -0300] "GET /cormun/servlet/trpermisosgoce HTTP/1.1" 200 8354
186.103.157.98 - - [23/May/2018:15:47:55 -0300] "POST /cormun/servlet/trpermisosgoce?ac7aec37618f3c44da9027ffd4ad8887,gx-no-cache=1527101214714 HTTP/1.1" 200 5447
186.103.157.98 - - [23/May/2018:15:47:55 -0300] "GET /cormun/static/Shared/jqueryui/images/ui-bg_highlight-soft_100_c6c2c8_1x100.png HTTP/1.1" 404 1117
186.103.157.98 - - [23/May/2018:15:47:55 -0300] "GET /cormun/static/Shared/jqueryui/images/ui-icons_82798d_256x240.png HTTP/1.1" 404 1089
186.103.157.98 - - [23/May/2018:15:47:55 -0300] "GET /cormun/static/Shared/jqueryui/images/ui-bg_flat_55_fafafa_40x100.png HTTP/1.1" 404 1097
186.103.157.98 - - [23/May/2018:15:47:55 -0300] "GET /cormun/static/Shared/jqueryui/images/ui-icons_8d78a5_256x240.png HTTP/1.1" 404 1089
186.103.157.98 - - [23/May/2018:15:48:04 -0300] "GET /cormun/servlet/tratrazos? HTTP/1.1" 200 7145
186.103.157.98 - - [23/May/2018:15:48:05 -0300] "GET /cormun/static/gxcfg.js?201742714211359 HTTP/1.1" 200 953
186.103.157.98 - - [23/May/2018:15:48:05 -0300] "GET /cormun/static/tratrazos.js?201742714211843 HTTP/1.1" 200 33389
186.103.157.98 - - [23/May/2018:15:48:05 -0300] "GET /cormun/servlet/tratrazos? HTTP/1.1" 200 7144
186.103.157.98 - - [23/May/2018:15:48:08 -0300] "GET /cormun/servlet/atrazos?INS,0, HTTP/1.1" 200 7073
186.103.157.98 - - [23/May/2018:15:48:08 -0300] "GET /cormun/static/gxcfg.js?201752511561750 HTTP/1.1" 200 953
186.103.157.98 - - [23/May/2018:15:48:08 -0300] "GET /cormun/static/atrazos.js?201752511561840 HTTP/1.1" 200 25537
186.103.157.98 - - [23/May/2018:15:48:08 -0300] "GET /cormun/servlet/atrazos?INS,0, HTTP/1.1" 200 7073
122.144.137.45 - - [23/May/2018:15:49:04 -0300] "GET /zabbix//index.php HTTP/1.1" 404 995
186.103.159.204 - - [23/May/2018:15:52:46 -0300] "POST /cormun/servlet/trautorizarpermisogoce?d122fa35845175c3b1979db20eb4a65e,gx-no-cache=1527100002861,gx-no-cache=1527101507219 HTTP/1.1" 200 9792
200.112.6.235 - - [23/May/2018:15:54:33 -0300] "GET /cormun/servlet/hlogin HTTP/1.1" 200 1720
200.112.6.235 - - [23/May/2018:15:54:34 -0300] "POST /cormun/servlet/hlogin?34131010cfc397ec1ffe053aa15a07d0,gx-no-cache=1527101615219 HTTP/1.1" 200 90
200.112.6.235 - - [23/May/2018:15:54:34 -0300] "GET /cormun/servlet/hpexe_link HTTP/1.1" 200 951
200.112.6.235 - - [23/May/2018:15:54:34 -0300] "GET /cormun/servlet/hhome HTTP/1.1" 200 4211
200.112.6.235 - - [23/May/2018:15:54:35 -0300] "GET /cormun/servlet/hhome HTTP/1.1" 200 4207
200.112.6.235 - - [23/May/2018:15:54:39 -0300] "GET /cormun/servlet/trlicencias? HTTP/1.1" 200 9590
200.112.6.235 - - [23/May/2018:15:54:40 -0300] "GET /cormun/servlet/trlicencias? HTTP/1.1" 200 9588
200.112.6.235 - - [23/May/2018:15:54:48 -0300] "GET /cormun/servlet/trlicenciaspermisosadjuntos?15739045,20180523000000,L, HTTP/1.1" 200 6562
200.112.6.235 - - [23/May/2018:15:54:49 -0300] "GET /cormun/servlet/trlicenciaspermisosadjuntos?15739045,20180523000000,L, HTTP/1.1" 200 6562
186.79.171.105 - - [23/May/2018:15:55:02 -0300] "GET /cormun/servlet/hlogin HTTP/1.1" 200 1726
186.79.171.105 - - [23/May/2018:15:55:02 -0300] "GET /cormun/servlet/hlogin HTTP/1.1" 200 1729
200.112.6.235 - - [23/May/2018:15:55:10 -0300] "GET /cormun/servlet/licenciaspermisosadjuntos?INS,15739045,L,20180523000000,, HTTP/1.1" 200 5861
200.112.6.235 - - [23/May/2018:15:55:10 -0300] "GET /cormun/static/about:blank HTTP/1.1" 404 1011
200.112.6.235 - - [23/May/2018:15:55:10 -0300] "GET /cormun/servlet/licenciaspermisosadjuntos?INS,15739045,L,20180523000000,, HTTP/1.1" 200 5850
200.112.6.235 - - [23/May/2018:15:55:18 -0300] "GET /cormun/servlet/trlicencias? HTTP/1.1" 200 9597
200.112.6.235 - - [23/May/2018:15:55:18 -0300] "GET /cormun/servlet/trlicencias? HTTP/1.1" 200 9588
186.79.171.105 - - [23/May/2018:15:55:23 -0300] "POST /cormun/servlet/hlogin?6c0010ac5ae7a175f11431dfaebf579b,gx-no-cache=1527101661697 HTTP/1.1" 200 90
186.79.171.105 - - [23/May/2018:15:55:23 -0300] "GET /cormun/servlet/hpexe_link HTTP/1.1" 200 952
186.79.171.105 - - [23/May/2018:15:55:23 -0300] "GET /cormun/servlet/hhome HTTP/1.1" 200 4224
186.79.171.105 - - [23/May/2018:15:55:23 -0300] "GET /cormun/servlet/hhome HTTP/1.1" 200 4220
186.79.171.105 - - [23/May/2018:15:55:33 -0300] "GET /cormun/servlet/trcontratosolicitud? HTTP/1.1" 200 14662
186.79.171.105 - - [23/May/2018:15:55:34 -0300] "GET /cormun/servlet/trcontratosolicitud? HTTP/1.1" 200 14668
200.112.6.235 - - [23/May/2018:15:56:01 -0300] "GET /cormun/servlet/trlicenciaspermisosadjuntos?15739045,20180523000000,L, HTTP/1.1" 200 6562
200.112.6.235 - - [23/May/2018:15:56:01 -0300] "GET /cormun/servlet/trlicenciaspermisosadjuntos?15739045,20180523000000,L, HTTP/1.1" 200 6562
200.112.6.235 - - [23/May/2018:15:56:03 -0300] "GET /cormun/servlet/licenciaspermisosadjuntos?INS,15739045,L,20180523000000,, HTTP/1.1" 200 5862
200.112.6.235 - - [23/May/2018:15:56:03 -0300] "GET /cormun/static/about:blank HTTP/1.1" 404 1011
200.112.6.235 - - [23/May/2018:15:56:03 -0300] "GET /cormun/servlet/licenciaspermisosadjuntos?INS,15739045,L,20180523000000,, HTTP/1.1" 200 5850
200.112.6.235 - - [23/May/2018:15:56:22 -0300] "POST /cormun/servlet/licenciaspermisosadjuntos?34131010cfc397ec1ffe053aa15a07d0,INS,15739045,L,20180523000000,, HTTP/1.1" 200 6372
200.112.6.235 - - [23/May/2018:15:56:22 -0300] "GET /cormun/static/Shared/jqueryui/images/ui-bg_highlight-soft_100_c6c2c8_1x100.png HTTP/1.1" 404 1117
200.112.6.235 - - [23/May/2018:15:56:22 -0300] "GET /cormun/static/Shared/jqueryui/images/ui-icons_82798d_256x240.png HTTP/1.1" 404 1089
200.112.6.235 - - [23/May/2018:15:56:22 -0300] "GET /cormun/static/Shared/jqueryui/images/ui-bg_flat_55_994d53_40x100.png HTTP/1.1" 404 1097
200.112.6.235 - - [23/May/2018:15:56:22 -0300] "GET /cormun/static/Shared/jqueryui/images/ui-icons_ebccce_256x240.png HTTP/1.1" 404 1089
200.112.6.235 - - [23/May/2018:15:56:23 -0300] "GET /cormun/PrivateTempStorage/upload_00038980.jpg HTTP/1.1" 200 696636
186.79.171.105 - - [23/May/2018:15:56:25 -0300] "GET /cormun/servlet/hlogin HTTP/1.1" 200 1742
200.112.6.235 - - [23/May/2018:15:56:50 -0300] "POST /cormun/servlet/licenciaspermisosadjuntos?34131010cfc397ec1ffe053aa15a07d0,INS,15739045,L,20180523000000,, HTTP/1.1" 200 6373
200.112.6.235 - - [23/May/2018:15:56:51 -0300] "GET /cormun/PrivateTempStorage/upload_00038985.jpg HTTP/1.1" 200 696636
200.112.6.235 - - [23/May/2018:15:58:53 -0300] "GET /cormun/servlet/hlogin HTTP/1.1" 200 1720
200.112.6.235 - - [23/May/2018:15:58:58 -0300] "POST /cormun/servlet/hlogin?34131010cfc397ec1ffe053aa15a07d0,gx-no-cache=1527101878802 HTTP/1.1" 200 90
200.112.6.235 - - [23/May/2018:15:58:58 -0300] "GET /cormun/servlet/hpexe_link HTTP/1.1" 200 991
200.112.6.235 - - [23/May/2018:15:58:58 -0300] "GET /cormun/servlet/licenciaspermisosadjuntos?INS,15739045,L,20180523000000,, HTTP/1.1" 200 5851
200.112.6.235 - - [23/May/2018:15:58:58 -0300] "GET /cormun/static/about:blank HTTP/1.1" 404 1011
200.112.6.235 - - [23/May/2018:15:58:59 -0300] "GET /cormun/servlet/licenciaspermisosadjuntos?INS,15739045,L,20180523000000,, HTTP/1.1" 200 5850
200.112.6.235 - - [23/May/2018:15:59:09 -0300] "GET /cormun/servlet/trsolicitudot? HTTP/1.1" 200 7453
200.112.6.235 - - [23/May/2018:15:59:10 -0300] "GET /cormun/servlet/trsolicitudot? HTTP/1.1" 200 7423
186.103.157.98 - - [23/May/2018:16:01:24 -0300] "GET /cormun/servlet/atrazos?c1473c2813a7cac61b146270f4cccbf76da44f852a0e3750cb3f6130aae1a843473f7a47d1be9c3554eeb7852de64fd8,gx-no-cache=1527102023378 HTTP/1.1" 200 78
186.103.157.98 - - [23/May/2018:16:01:24 -0300] "GET /cormun/static/menuarrow.gif HTTP/1.1" 404 1015
186.103.157.98 - - [23/May/2018:16:01:28 -0300] "GET /cormun/servlet/atrazos?c1473c2813a7cac61b146270f4cccbf76831c625809fc3953485a836ab27578f3f6b822d5acf3b4982b43aa3bfdb391b,gx-no-cache=1527102028415 HTTP/1.1" 200 33
186.103.157.98 - - [23/May/2018:16:01:47 -0300] "GET /cormun/servlet/atrazos?c1473c2813a7cac61b146270f4cccbf78fd86c7683bc893a81de51339ee275293892fc11b0925d40b98f67aa58dc1c946204eee6fb37cc5ef8cf85a1b16473a28a87f0db35c30975ef58e948f80fbbdb282aa34c8fddecc5b9713c1fe762efcbf932835d2946375dfdb0ee9bbcd4e5613ef483ca1bb043f6770be3701bc01b14568dc45ff9ccd178beb4d87c3d10eae2,gx-no-cache=1527102047001 HTTP/1.1" 200 44
186.103.157.98 - - [23/May/2018:16:01:59 -0300] "POST /cormun/servlet/atrazos?ac7aec37618f3c44da9027ffd4ad8887,INS,0,,gx-no-cache=1527102058864 HTTP/1.1" 200 93
186.103.157.98 - - [23/May/2018:16:01:59 -0300] "GET /cormun/servlet/hpexe_return? HTTP/1.1" 200 1001
186.103.157.98 - - [23/May/2018:16:01:59 -0300] "GET /cormun/servlet/tratrazos HTTP/1.1" 200 7938
186.103.157.98 - - [23/May/2018:16:01:59 -0300] "GET /cormun/servlet/tratrazos HTTP/1.1" 200 7934
186.103.157.98 - - [23/May/2018:16:02:12 -0300] "GET /cormun/servlet/trautorizarpermisogoce? HTTP/1.1" 200 8183
186.103.157.98 - - [23/May/2018:16:02:12 -0300] "GET /cormun/static/gxcfg.js?20177612165975 HTTP/1.1" 200 953
186.103.157.98 - - [23/May/2018:16:02:12 -0300] "GET /cormun/static/trautorizarpermisogoce.js?2017761217384 HTTP/1.1" 200 34948
186.103.157.98 - - [23/May/2018:16:02:12 -0300] "GET /cormun/servlet/trautorizarpermisogoce? HTTP/1.1" 200 8183
186.103.157.98 - - [23/May/2018:16:02:18 -0300] "POST /cormun/servlet/trautorizarpermisogoce?ac7aec37618f3c44da9027ffd4ad8887,,gx-no-cache=1527102077867 HTTP/1.1" 200 5117
186.103.157.98 - - [23/May/2018:16:02:18 -0300] "GET /cormun/static/Shared/jqueryui/images/ui-bg_highlight-soft_100_c6c2c8_1x100.png HTTP/1.1" 404 1117
186.103.157.98 - - [23/May/2018:16:02:18 -0300] "GET /cormun/static/Shared/jqueryui/images/ui-bg_flat_55_fafafa_40x100.png HTTP/1.1" 404 1097
186.103.157.98 - - [23/May/2018:16:02:18 -0300] "GET /cormun/static/Shared/jqueryui/images/ui-icons_82798d_256x240.png HTTP/1.1" 404 1089
186.103.157.98 - - [23/May/2018:16:02:18 -0300] "GET /cormun/static/Shared/jqueryui/images/ui-icons_8d78a5_256x240.png HTTP/1.1" 404 1089
186.103.157.98 - - [23/May/2018:16:02:21 -0300] "POST /cormun/servlet/trautorizarpermisogoce?ac7aec37618f3c44da9027ffd4ad8887,,gx-no-cache=1527102081406 HTTP/1.1" 200 4357
186.103.157.98 - - [23/May/2018:16:02:26 -0300] "GET /cormun/servlet/trpermisosingoceautorizar? HTTP/1.1" 200 7803
186.103.157.98 - - [23/May/2018:16:02:26 -0300] "GET /cormun/static/gxcfg.js?20175251281010 HTTP/1.1" 200 953
186.103.157.98 - - [23/May/2018:16:02:26 -0300] "GET /cormun/static/trpermisosingoceautorizar.js?20175251281518 HTTP/1.1" 200 32551
186.103.157.98 - - [23/May/2018:16:02:26 -0300] "GET /cormun/servlet/trpermisosingoceautorizar? HTTP/1.1" 200 7802
186.103.157.98 - - [23/May/2018:16:02:32 -0300] "POST /cormun/servlet/trpermisosingoceautorizar?ac7aec37618f3c44da9027ffd4ad8887,,gx-no-cache=1527102092615 HTTP/1.1" 200 4313
186.103.157.98 - - [23/May/2018:16:02:33 -0300] "GET /cormun/static/Shared/jqueryui/images/ui-icons_82798d_256x240.png HTTP/1.1" 404 1089
186.103.157.98 - - [23/May/2018:16:02:33 -0300] "GET /cormun/static/Shared/jqueryui/images/ui-bg_highlight-soft_100_c6c2c8_1x100.png HTTP/1.1" 404 1117
186.103.157.98 - - [23/May/2018:16:02:33 -0300] "GET /cormun/static/Shared/jqueryui/images/ui-bg_flat_55_fafafa_40x100.png HTTP/1.1" 404 1097
186.103.157.98 - - [23/May/2018:16:02:33 -0300] "GET /cormun/static/Shared/jqueryui/images/ui-icons_8d78a5_256x240.png HTTP/1.1" 404 1089
200.112.6.235 - - [23/May/2018:16:03:55 -0300] "GET /cormun/static/menuarrow.gif HTTP/1.1" 404 1015
200.112.6.235 - - [23/May/2018:16:05:03 -0300] "POST /cormun/servlet/trsolicitudot?34131010cfc397ec1ffe053aa15a07d0,,gx-no-cache=1527102243829 HTTP/1.1" 200 4534
200.112.6.235 - - [23/May/2018:16:05:58 -0300] "POST /cormun/servlet/trsolicitudot?34131010cfc397ec1ffe053aa15a07d0,,gx-no-cache=1527102298587 HTTP/1.1" 200 4543
200.112.6.235 - - [23/May/2018:16:06:09 -0300] "GET /cormun/servlet/solicitudot?INS,0,0, HTTP/1.1" 200 13659
200.112.6.235 - - [23/May/2018:16:06:10 -0300] "GET /cormun/static/gxcfg.js?201812313224582 HTTP/1.1" 200 953
200.112.6.235 - - [23/May/2018:16:06:10 -0300] "GET /cormun/servlet/solicitudot?INS,0,0, HTTP/1.1" 200 13664
200.112.6.235 - - [23/May/2018:16:06:33 -0300] "POST /cormun/servlet/solicitudot?gx-no-cache=1527102334043 HTTP/1.1" 200 3397
200.112.6.235 - - [23/May/2018:16:06:34 -0300] "POST /cormun/servlet/solicitudot?34131010cfc397ec1ffe053aa15a07d0,INS,0,0,,gx-no-cache=1527102334616 HTTP/1.1" 200 10531
200.112.6.235 - - [23/May/2018:16:06:49 -0300] "GET /cormun/servlet/solicitudot?3ecbc82ed3c3eaa3d09bef61cc0a40684c44c7379c811d02f51b870f524640662ecec04cd9ef7ed189171a055dabd85c,gx-no-cache=1527102349981 HTTP/1.1" 200 30
200.112.6.235 - - [23/May/2018:16:06:49 -0300] "GET /cormun/servlet/solicitudot?3ecbc82ed3c3eaa3d09bef61cc0a4068258a8c8e2566d201cae3793912bb1a12945bb98f34a31b3ca735b331cec4682edfc8633d323c1645f8bc15a6dbd18bf0,gx-no-cache=1527102350132 HTTP/1.1" 200 30
200.112.6.235 - - [23/May/2018:16:06:49 -0300] "GET /cormun/servlet/solicitudot?3ecbc82ed3c3eaa3d09bef61cc0a406860a54f1b444c553f83e953acf18b6ebf,gx-no-cache=1527102350255 HTTP/1.1" 200 123
200.112.6.235 - - [23/May/2018:16:06:49 -0300] "GET /cormun/static/Shared/jqueryui/images/ui-bg_highlight-soft_100_c6c2c8_1x100.png HTTP/1.1" 404 1117
200.112.6.235 - - [23/May/2018:16:06:49 -0300] "GET /cormun/static/Shared/jqueryui/images/ui-icons_82798d_256x240.png HTTP/1.1" 404 1089
200.112.6.235 - - [23/May/2018:16:06:49 -0300] "GET /cormun/static/Shared/jqueryui/images/ui-bg_flat_55_994d53_40x100.png HTTP/1.1" 404 1097
200.112.6.235 - - [23/May/2018:16:06:49 -0300] "GET /cormun/static/Shared/jqueryui/images/ui-icons_ebccce_256x240.png HTTP/1.1" 404 1089
200.112.6.235 - - [23/May/2018:16:07:14 -0300] "POST /cormun/servlet/solicitudot?gx-no-cache=1527102374681 HTTP/1.1" 200 240
200.112.6.235 - - [23/May/2018:16:07:14 -0300] "GET /cormun/servlet/solicitudot?3ecbc82ed3c3eaa3d09bef61cc0a40684675c2849b3530658b86bbdc70952a4a18d6bee692de7c1ec9d8166c529b4d8e1bd3ec9f1ec9f79e13a49c205e4687f31a11019028ed6d139cbc0fe0037298fbb55d323afbfbce46c7a3aedda5facba0be87ea5391ddb91d60258f73f1877fb0227aeb2063f22acad56caf98c4984b627957d719954c61071835fa56875a607849972dc39a1b7fbf9efbb7550b264a6627447e796e879f74116b420ff44c43798f47f90732dc723bb10b6d168f15065cedc5a53fc22cfb23111facabf2b63c6bc844be17aff44e9fd8e67424332b6f1a9d801231dafb84c668417b3f2ad5429c66842d966e3339437ab647d304caf0b1042018d41cdc10c88ade54e2b5737e10e0ea9c40b6f4296686385ca02d569d8d337ee81d7b48f5a032295ee4033f817f2a5a608b13ecaa99e1874f14cabc66971546b7daf54785093a902f1a0437e43a67e563b2ebac362192d9ec8be95919672b66f81759ce2e42b20967afe5b34fd2b0d31adfc046903bb8a7ad797c0b5f9b,gx-no-cache=1527102374910 HTTP/1.1" 200 30
200.112.6.235 - - [23/May/2018:16:07:14 -0300] "POST /cormun/servlet/solicitudot?gx-no-cache=1527102375039 HTTP/1.1" 200 30
200.112.6.235 - - [23/May/2018:16:07:14 -0300] "POST /cormun/servlet/solicitudot?gx-no-cache=1527102375202 HTTP/1.1" 200 1368
200.112.6.235 - - [23/May/2018:16:07:14 -0300] "POST /cormun/servlet/solicitudot?gx-no-cache=1527102375386 HTTP/1.1" 200 38
200.112.6.235 - - [23/May/2018:16:07:28 -0300] "GET /cormun/servlet/solicitudot?3ecbc82ed3c3eaa3d09bef61cc0a40682c1a170290b9aa7742ceeaa297c1faa50ef8794cb2b18a5876e3b4e8c9dba143f76e922e65fc999d0291b600fb6b90038b30f158cdbbb9246babcea94ba4cf75c7692f6a92d05e96e1558a9d7dec035139c2933f77dab360ecd76a62617373ea,gx-no-cache=1527102389124 HTTP/1.1" 200 29
200.112.6.235 - - [23/May/2018:16:07:28 -0300] "POST /cormun/servlet/solicitudot?gx-no-cache=1527102389247 HTTP/1.1" 200 1349
200.112.6.235 - - [23/May/2018:16:07:29 -0300] "POST /cormun/servlet/solicitudot?gx-no-cache=1527102389485 HTTP/1.1" 200 1249
200.112.6.235 - - [23/May/2018:16:07:31 -0300] "GET /cormun/static/menuarrow.gif HTTP/1.1" 404 1015
200.112.6.235 - - [23/May/2018:16:07:38 -0300] "GET /cormun/servlet/solicitudot?3ecbc82ed3c3eaa3d09bef61cc0a4068de7ddafc377756a3fed3934434fdf18a94fe1460f9f36dec79f6d8db43389241,gx-no-cache=1527102398846 HTTP/1.1" 200 30
200.112.6.235 - - [23/May/2018:16:07:45 -0300] "POST /cormun/servlet/solicitudot?gx-no-cache=1527102406228 HTTP/1.1" 200 30
200.112.6.235 - - [23/May/2018:16:09:35 -0300] "POST /cormun/servlet/solicitudot?gx-no-cache=1527102516249 HTTP/1.1" 200 30
200.54.247.70 - - [23/May/2018:16:10:32 -0300] "GET /cormun/servlet/hlogin HTTP/1.1" 200 1727
200.54.247.70 - - [23/May/2018:16:10:39 -0300] "POST /cormun/servlet/hlogin?b1133c4c9768df4f6270ff89c839037b,gx-no-cache=1527102577960 HTTP/1.1" 200 90
200.54.247.70 - - [23/May/2018:16:10:39 -0300] "GET /cormun/servlet/hpexe_link HTTP/1.1" 200 950
200.54.247.70 - - [23/May/2018:16:10:39 -0300] "GET /cormun/servlet/hhome HTTP/1.1" 200 4236
200.54.247.70 - - [23/May/2018:16:10:39 -0300] "GET /cormun/servlet/hhome HTTP/1.1" 200 4233
200.112.6.235 - - [23/May/2018:16:10:47 -0300] "POST /cormun/servlet/solicitudot?gx-no-cache=1527102587996 HTTP/1.1" 200 241
200.112.6.235 - - [23/May/2018:16:10:47 -0300] "GET /cormun/servlet/solicitudot?3ecbc82ed3c3eaa3d09bef61cc0a40684675c2849b3530658b86bbdc70952a4a18d6bee692de7c1ec9d8166c529b4d8e1bd3ec9f1ec9f79e13a49c205e4687f31a11019028ed6d139cbc0fe0037298fbb55d323afbfbce46c7a3aedda5facba0be87ea5391ddb91d60258f73f1877fb0227aeb2063f22acad56caf98c4984b627957d719954c61071835fa56875a607849972dc39a1b7fbf9efbb7550b264a6627447e796e879f74116b420ff44c43798f47f90732dc723bb10b6d168f15065cedc5a53fc22cfb23111facabf2b63c6bc844be17aff44e9fd8e67424332b6f1a9d801231dafb84c668417b3f2ad5429c66842d966e3339437ab647d304caf0b1042018d41cdc10c88ade54e2b5737e10e0ea9c40b6f4296686385ca02d569d8d337ee81d7b48f5a032295ee4033f817f2a5a608b13ecaa99e1874f14cabc66971546b7daf54785093a902f1a0437e43a67e563b2ebac362192d9ec8be95919672b66f81759ce2e42b20967afe5b34fd2ca9f946abaea4ecb6a386d26ad43f725,gx-no-cache=1527102588177 HTTP/1.1" 200 30
200.112.6.235 - - [23/May/2018:16:10:47 -0300] "POST /cormun/servlet/solicitudot?gx-no-cache=1527102588270 HTTP/1.1" 200 30
200.112.6.235 - - [23/May/2018:16:10:47 -0300] "POST /cormun/servlet/solicitudot?gx-no-cache=1527102588389 HTTP/1.1" 200 1367
200.112.6.235 - - [23/May/2018:16:10:48 -0300] "POST /cormun/servlet/solicitudot?gx-no-cache=1527102588613 HTTP/1.1" 200 41
200.54.247.70 - - [23/May/2018:16:10:52 -0300] "GET /cormun/servlet/trsolicitudot? HTTP/1.1" 200 8818
200.54.247.70 - - [23/May/2018:16:10:52 -0300] "GET /cormun/servlet/trsolicitudot? HTTP/1.1" 200 8816
200.54.247.70 - - [23/May/2018:16:10:56 -0300] "GET /cormun/servlet/trvisualizadoreventos? HTTP/1.1" 200 7003
200.54.247.70 - - [23/May/2018:16:10:56 -0300] "GET /cormun/servlet/trvisualizadoreventos? HTTP/1.1" 200 7003
200.112.6.235 - - [23/May/2018:16:13:15 -0300] "GET /cormun/servlet/solicitudot?3ecbc82ed3c3eaa3d09bef61cc0a406860a54f1b444c553f83e953acf18b6ebf,gx-no-cache=1527102735720 HTTP/1.1" 200 123
200.112.233.47 - - [23/May/2018:16:15:16 -0300] "GET /cormun/servlet/hlogin HTTP/1.1" 200 1717
200.112.233.47 - - [23/May/2018:16:15:16 -0300] "GET /cormun/servlet/hlogin HTTP/1.1" 200 1725
200.112.233.47 - - [23/May/2018:16:15:19 -0300] "POST /cormun/servlet/hlogin?1786683aa72099b25ff477090a7def62,gx-no-cache=1527102858782 HTTP/1.1" 200 90
200.112.233.47 - - [23/May/2018:16:15:19 -0300] "GET /cormun/servlet/hpexe_link HTTP/1.1" 200 944
200.112.233.47 - - [23/May/2018:16:15:19 -0300] "GET /cormun/servlet/hhome HTTP/1.1" 200 4215
200.112.233.47 - - [23/May/2018:16:15:20 -0300] "GET /cormun/servlet/hhome HTTP/1.1" 200 4211
200.112.233.47 - - [23/May/2018:16:15:28 -0300] "GET /cormun/servlet/trsolicitudot? HTTP/1.1" 200 8773
200.112.233.47 - - [23/May/2018:16:15:29 -0300] "GET /cormun/servlet/trsolicitudot? HTTP/1.1" 200 8774
200.112.233.47 - - [23/May/2018:16:15:29 -0300] "GET /favicon.ico HTTP/1.1" 200 21630
200.112.233.47 - - [23/May/2018:16:15:33 -0300] "GET /favicon.ico HTTP/1.1" 200 21630
200.112.233.47 - - [23/May/2018:16:16:11 -0300] "POST /cormun/servlet/trsolicitudot?1786683aa72099b25ff477090a7def62,,gx-no-cache=1527102910762 HTTP/1.1" 200 4636
200.112.233.47 - - [23/May/2018:16:16:12 -0300] "POST /cormun/servlet/trsolicitudot?1786683aa72099b25ff477090a7def62,,gx-no-cache=1527102911151 HTTP/1.1" 200 4451
200.112.233.47 - - [23/May/2018:16:16:15 -0300] "GET /cormun/servlet/trsolicitudot? HTTP/1.1" 200 7429
200.112.233.47 - - [23/May/2018:16:16:17 -0300] "GET /cormun/servlet/trsolicitudot? HTTP/1.1" 200 7429
200.112.6.235 - - [23/May/2018:16:16:17 -0300] "GET /cormun/servlet/prbanco?,MD,,gxPopupLevel%3D0%3B HTTP/1.1" 200 6651
200.112.6.235 - - [23/May/2018:16:16:17 -0300] "GET /cormun/static/gxcfg.js?20181161016094 HTTP/1.1" 200 953
200.112.6.235 - - [23/May/2018:16:16:17 -0300] "GET /cormun/static/prbanco.js?2018116101633 HTTP/1.1" 200 10693
200.112.233.47 - - [23/May/2018:16:16:20 -0300] "GET /cormun/servlet/solicitudot?INS,0,0, HTTP/1.1" 200 13670
200.112.233.47 - - [23/May/2018:16:16:21 -0300] "GET /cormun/servlet/solicitudot?INS,0,0, HTTP/1.1" 200 13675
