186.103.159.187 - - [23/May/2018:15:09:56 -0300] "GET /cormun/servlet/solicitudot?92df3a00085517da69569d8fb2988f1948fa8c82e9e6cb84ccd28e2ea29ea1b9daaf591db165d8f560589b842958a2cfa93d1bf1bf09c72df7fa960902755eec4f6e1f272a47d056e2ffee56bc3cd626c9f54642ce75c16276bbfd3dac9561f596b12f37c8ac1802da73e05459210344,gx-no-cache=1527099002098 HTTP/1.1" 200 29
186.103.159.187 - - [23/May/2018:15:09:56 -0300] "GET /cormun/servlet/solicitudot?92df3a00085517da69569d8fb2988f1959382570287cc3c84853f6060c1e37c1193ce35d7ae6b6afb578cb25d22445d74da60d8901b1bef5f1aed1b67df3d902303432f81e967466b4d12f18c3292f88fe2961a96849068b0c740e4b6a5ed8e38906eb93921a7d496971c3a76e9fc885531e5419f2625871f12f82bb880b156de4c8638ac1ce5581bdddef8fd69fff6f3b83649de9fff607b872d00c90440bd52f695e0d292a81e4bbcc91710700ab4213e620ba040bcb4a9b38c217d8b1171e,gx-no-cache=1527099002136 HTTP/1.1" 200 62
186.103.159.187 - - [23/May/2018:15:09:56 -0300] "GET /cormun/servlet/solicitudot?0eac6daa54724bab1302f7777e057e32600eb5a8393a9de195df00e8e98408fd1dab157f0436855ec9877877f44b6902a13219d37c452d36a13a1e8ad158d1112a29a36ad9be6648cc4fe0314745b1fa,gx-no-cache=1527099002192 HTTP/1.1" 200 55
186.103.159.187 - - [23/May/2018:15:09:56 -0300] "GET /cormun/servlet/solicitudot?92df3a00085517da69569d8fb2988f19a76ce94c810b112d7081285ac2e5d3af,gx-no-cache=1527099002232 HTTP/1.1" 200 30
186.103.159.187 - - [23/May/2018:15:10:00 -0300] "GET /cormun/servlet/prcontratosol?54438560,,,,,MD,,gxPopupLevel%3D0%3B HTTP/1.1" 200 5637
186.103.159.204 - - [23/May/2018:15:10:21 -0300] "GET /cormun/servlet/permisogoce?2cc31d173e2e0b125d6341b8b8eb1d56fb087a170b5ccf98b34f66246939cf7c299720e52e307e4af8aa014663c3c4e56ea6f3d915b5ef14499d2972db59e3ee,gx-no-cache=1527098959645 HTTP/1.1" 200 78
186.103.159.204 - - [23/May/2018:15:10:21 -0300] "GET /cormun/static/menuarrow.gif HTTP/1.1" 404 1015
186.103.159.204 - - [23/May/2018:15:10:35 -0300] "GET /cormun/servlet/permisogoce?2cc31d173e2e0b125d6341b8b8eb1d561bad0044c4f855b4c9f6e3b9df23788ca8e8813576ed902dd9c36f77b9c0ca6e57dc3ad366d690b659f636124295fe9e,gx-no-cache=1527098972899 HTTP/1.1" 200 47
186.103.159.187 - - [23/May/2018:15:10:47 -0300] "POST /cormun/servlet/solicitudot?gx-no-cache=1527099052914 HTTP/1.1" 200 1368
186.103.159.187 - - [23/May/2018:15:10:47 -0300] "GET /cormun/static/menuarrow.gif HTTP/1.1" 404 1015
186.103.159.204 - - [23/May/2018:15:10:48 -0300] "POST /cormun/servlet/permisogoce?51555f634780c87b3786a0daec820061,INS,0,,,,gx-no-cache=1527098985483 HTTP/1.1" 200 93
186.103.159.204 - - [23/May/2018:15:10:48 -0300] "GET /cormun/servlet/hpexe_return? HTTP/1.1" 200 1012
186.103.159.204 - - [23/May/2018:15:10:48 -0300] "GET /cormun/static/hpexe_return.js?2016101716175153 HTTP/1.1" 200 1633
186.103.159.204 - - [23/May/2018:15:10:48 -0300] "GET /cormun/static/gxcfg.js?2016101716175148 HTTP/1.1" 200 953
186.103.159.204 - - [23/May/2018:15:10:48 -0300] "GET /cormun/static/Resources/Spanish/PXTools.css?167811 HTTP/1.1" 200 89042
186.103.159.204 - - [23/May/2018:15:10:48 -0300] "GET /cormun/servlet/trpermisosgoce HTTP/1.1" 200 12310
186.103.159.204 - - [23/May/2018:15:10:48 -0300] "GET /cormun/servlet/trpermisosgoce HTTP/1.1" 200 12303
186.103.159.204 - - [23/May/2018:15:10:54 -0300] "GET /cormun/servlet/apermisogoceprn?11275127,P,20180523140525,PU HTTP/1.1" 200 1633
186.103.157.246 - - [23/May/2018:15:11:00 -0300] "GET /cormun/servlet/prfichaempleado?,MD,,gxPopupLevel%3D0%3B HTTP/1.1" 200 9201
186.103.157.246 - - [23/May/2018:15:11:11 -0300] "POST /cormun/servlet/prfichaempleado?396470a505a5104b561f6a6acf0323a5,,MD,,gxPopupLevel%3D0%3B,gx-no-cache=1527099010370 HTTP/1.1" 200 5185
186.103.159.187 - - [23/May/2018:15:11:18 -0300] "POST /cormun/servlet/solicitudot?gx-no-cache=1527099083853 HTTP/1.1" 200 118
186.103.157.246 - - [23/May/2018:15:11:19 -0300] "GET /cormun/servlet/solicitudot?ea294d01d986c7ae04f4ffeb0867e830d9813f3906360bf6f613d61096dcc372,gx-no-cache=1527099018415 HTTP/1.1" 200 20
186.103.157.246 - - [23/May/2018:15:11:28 -0300] "GET /cormun/servlet/prlicenciaspermisos?8898068,L,,MD,,gxPopupLevel%3D0%3B HTTP/1.1" 200 6127
186.103.157.246 - - [23/May/2018:15:11:29 -0300] "GET /cormun/static/gxcfg.js?20176272053834 HTTP/1.1" 304 -
186.103.157.246 - - [23/May/2018:15:11:29 -0300] "GET /cormun/static/Resources/Spanish/PXTools.css?17315867 HTTP/1.1" 304 -
186.103.157.246 - - [23/May/2018:15:11:30 -0300] "GET /cormun/static/prlicenciaspermisos.js?20176272054050 HTTP/1.1" 304 -
186.103.157.246 - - [23/May/2018:15:11:47 -0300] "GET /cormun/servlet/solicitudot?ea294d01d986c7ae04f4ffeb0867e830d9813f3906360bf6f613d61096dcc372,gx-no-cache=1527099046280 HTTP/1.1" 200 20
186.103.157.246 - - [23/May/2018:15:11:47 -0300] "POST /cormun/servlet/solicitudot?gx-no-cache=1527099046366 HTTP/1.1" 200 1368
186.103.157.246 - - [23/May/2018:15:11:56 -0300] "POST /cormun/servlet/solicitudot?gx-no-cache=1527099055872 HTTP/1.1" 200 41
186.103.159.187 - - [23/May/2018:15:12:11 -0300] "GET /cormun/servlet/prcontratosol?54438560,,,,,MD,,gxPopupLevel%3D0%3B HTTP/1.1" 200 5637
186.103.157.246 - - [23/May/2018:15:12:43 -0300] "GET /cormun/servlet/solicitudot?459df96aa0b7705d6251901f701e4d7e6f10dd751d2bdc730ea160d19a86a04e4020a29e965a4277f3ee280bcf1458e476edadfbe5ec3bf6bebce1fc067dd56285295412665d27150492fd9900b2bbcdb498f8ab551d7abadf4ffa6ffc9b6bc9a281b359f02cb6b07d2ddece01a25791,gx-no-cache=1527099102493 HTTP/1.1" 200 29
186.103.157.246 - - [23/May/2018:15:12:43 -0300] "POST /cormun/servlet/solicitudot?gx-no-cache=1527099102905 HTTP/1.1" 200 1351
186.103.157.246 - - [23/May/2018:15:12:44 -0300] "POST /cormun/servlet/solicitudot?gx-no-cache=1527099103045 HTTP/1.1" 200 1249
186.103.159.187 - - [23/May/2018:15:12:49 -0300] "POST /cormun/servlet/solicitudot?gx-no-cache=1527099174911 HTTP/1.1" 200 41
186.103.159.187 - - [23/May/2018:15:12:49 -0300] "POST /cormun/servlet/solicitudot?gx-no-cache=1527099175013 HTTP/1.1" 200 1351
186.103.159.187 - - [23/May/2018:15:12:49 -0300] "POST /cormun/servlet/solicitudot?gx-no-cache=1527099175104 HTTP/1.1" 200 1249
186.103.159.187 - - [23/May/2018:15:12:52 -0300] "GET /cormun/servlet/prcontratosol?54438560,,,,,MD,,gxPopupLevel%3D0%3B HTTP/1.1" 200 5637
186.103.157.246 - - [23/May/2018:15:13:09 -0300] "POST /cormun/servlet/solicitudot?gx-no-cache=1527099128334 HTTP/1.1" 200 1351
186.103.157.246 - - [23/May/2018:15:13:09 -0300] "POST /cormun/servlet/solicitudot?gx-no-cache=1527099128511 HTTP/1.1" 200 1249
186.103.157.246 - - [23/May/2018:15:13:09 -0300] "GET /cormun/static/menuarrow.gif HTTP/1.1" 404 1015
186.103.157.246 - - [23/May/2018:15:13:22 -0300] "POST /cormun/servlet/solicitudot?gx-no-cache=1527099141293 HTTP/1.1" 200 1351
186.103.157.246 - - [23/May/2018:15:13:22 -0300] "POST /cormun/servlet/solicitudot?gx-no-cache=1527099141406 HTTP/1.1" 200 1249
186.103.157.246 - - [23/May/2018:15:13:25 -0300] "GET /cormun/servlet/solicitudot?459df96aa0b7705d6251901f701e4d7efb89b12732d7452e060d53adf7397e8f6283d2cc5b16959d88d161203d17f314,gx-no-cache=1527099144569 HTTP/1.1" 200 30
186.103.157.246 - - [23/May/2018:15:13:25 -0300] "POST /cormun/servlet/solicitudot?gx-no-cache=1527099144971 HTTP/1.1" 200 135
186.103.157.246 - - [23/May/2018:15:13:26 -0300] "GET /cormun/static/Shared/jqueryui/images/ui-bg_highlight-soft_100_c6c2c8_1x100.png HTTP/1.1" 404 1117
186.103.157.246 - - [23/May/2018:15:13:26 -0300] "GET /cormun/static/Shared/jqueryui/images/ui-icons_82798d_256x240.png HTTP/1.1" 404 1089
186.103.157.246 - - [23/May/2018:15:13:26 -0300] "GET /cormun/static/Shared/jqueryui/images/ui-bg_flat_55_994d53_40x100.png HTTP/1.1" 404 1097
186.103.157.246 - - [23/May/2018:15:13:26 -0300] "GET /cormun/static/Shared/jqueryui/images/ui-icons_ebccce_256x240.png HTTP/1.1" 404 1089
186.103.157.246 - - [23/May/2018:15:14:10 -0300] "GET /cormun/servlet/solicitudot?459df96aa0b7705d6251901f701e4d7efb89b12732d7452e060d53adf7397e8fbc03102e2b961d56d0d9fe45076ca00d,gx-no-cache=1527099189695 HTTP/1.1" 200 30
186.103.157.246 - - [23/May/2018:15:14:11 -0300] "POST /cormun/servlet/solicitudot?gx-no-cache=1527099190091 HTTP/1.1" 200 135
186.103.157.246 - - [23/May/2018:15:14:16 -0300] "POST /cormun/servlet/solicitudot?396470a505a5104b561f6a6acf0323a5,INS,0,0,,gx-no-cache=1527099195279 HTTP/1.1" 200 11755
200.54.247.70 - - [23/May/2018:15:14:31 -0300] "GET /cormun/servlet/trsolicitudot? HTTP/1.1" 200 6403
200.54.247.70 - - [23/May/2018:15:14:32 -0300] "GET /cormun/servlet/hlogin HTTP/1.1" 200 1737
200.54.247.70 - - [23/May/2018:15:14:32 -0300] "GET /cormun/servlet/trsolicitudot? HTTP/1.1" 200 6401
200.54.247.70 - - [23/May/2018:15:14:42 -0300] "POST /cormun/servlet/hlogin?5e118c15b47b6a384043fa71a9ff6279,gx-no-cache=1527099220844 HTTP/1.1" 200 451
200.54.247.70 - - [23/May/2018:15:14:46 -0300] "POST /cormun/servlet/hlogin?5e118c15b47b6a384043fa71a9ff6279,gx-no-cache=1527099225487 HTTP/1.1" 200 451
186.103.159.204 - - [23/May/2018:15:14:52 -0300] "GET /cormun/servlet/permisogoce?INS,0,,, HTTP/1.1" 200 6747
186.103.159.204 - - [23/May/2018:15:14:52 -0300] "GET /cormun/servlet/permisogoce?INS,0,,, HTTP/1.1" 200 6747
200.54.247.70 - - [23/May/2018:15:14:53 -0300] "POST /cormun/servlet/hlogin?5e118c15b47b6a384043fa71a9ff6279,gx-no-cache=1527099232080 HTTP/1.1" 200 90
200.54.247.70 - - [23/May/2018:15:14:53 -0300] "GET /cormun/servlet/hpexe_link HTTP/1.1" 200 956
200.54.247.70 - - [23/May/2018:15:14:53 -0300] "GET /cormun/servlet/trsolicitudot HTTP/1.1" 200 8683
200.54.247.70 - - [23/May/2018:15:14:54 -0300] "GET /cormun/servlet/trsolicitudot HTTP/1.1" 200 8682
186.103.159.187 - - [23/May/2018:15:15:03 -0300] "GET /cormun/servlet/prcontratosol?54438560,,,,,MD,,gxPopupLevel%3D0%3B HTTP/1.1" 200 5637
200.54.247.70 - - [23/May/2018:15:15:04 -0300] "GET /cormun/servlet/trsolicitudot? HTTP/1.1" 200 8682
200.54.247.70 - - [23/May/2018:15:15:05 -0300] "GET /cormun/servlet/trsolicitudot? HTTP/1.1" 200 8682
186.103.159.204 - - [23/May/2018:15:15:08 -0300] "GET /cormun/servlet/permisogoce?2cc31d173e2e0b125d6341b8b8eb1d56574bad5470cf80b8983914c50c89f386299720e52e307e4af8aa014663c3c4e56ea6f3d915b5ef14499d2972db59e3ee,gx-no-cache=1527099246662 HTTP/1.1" 200 77
186.103.159.204 - - [23/May/2018:15:15:08 -0300] "GET /cormun/static/menuarrow.gif HTTP/1.1" 404 1015
200.54.247.70 - - [23/May/2018:15:15:09 -0300] "GET /cormun/servlet/solicitudot?INS,0,0, HTTP/1.1" 200 13677
200.54.247.70 - - [23/May/2018:15:15:09 -0300] "GET /cormun/servlet/solicitudot?INS,0,0, HTTP/1.1" 200 13682
186.103.159.204 - - [23/May/2018:15:15:17 -0300] "GET /cormun/servlet/permisogoce?2cc31d173e2e0b125d6341b8b8eb1d5631ce14ca402443e6575a03948d49d03ab3b67e4487fa6f0e942edd61eb85e20857dc3ad366d690b659f636124295fe9e,gx-no-cache=1527099255139 HTTP/1.1" 200 47
200.54.247.70 - - [23/May/2018:15:15:21 -0300] "GET /cormun/servlet/prfichaempleado?,MD,,gxPopupLevel%3D0%3B HTTP/1.1" 200 9397
186.103.159.204 - - [23/May/2018:15:15:25 -0300] "POST /cormun/servlet/permisogoce?51555f634780c87b3786a0daec820061,INS,0,,,,gx-no-cache=1527099263356 HTTP/1.1" 200 93
186.103.159.204 - - [23/May/2018:15:15:25 -0300] "GET /cormun/servlet/hpexe_return? HTTP/1.1" 200 1012
186.103.159.204 - - [23/May/2018:15:15:26 -0300] "GET /cormun/servlet/trpermisosgoce HTTP/1.1" 200 12536
186.103.159.204 - - [23/May/2018:15:15:26 -0300] "GET /cormun/servlet/trpermisosgoce HTTP/1.1" 200 12500
186.103.159.204 - - [23/May/2018:15:15:30 -0300] "GET /cormun/servlet/trpermisosadjuntos?17139374,20180523141140,P, HTTP/1.1" 200 6223
186.103.159.204 - - [23/May/2018:15:15:30 -0300] "GET /cormun/servlet/trpermisosadjuntos?17139374,20180523141140,P, HTTP/1.1" 200 6222
200.54.247.70 - - [23/May/2018:15:15:33 -0300] "POST /cormun/servlet/prfichaempleado?5e118c15b47b6a384043fa71a9ff6279,,MD,,gxPopupLevel%3D0%3B,gx-no-cache=1527099271876 HTTP/1.1" 200 3414
186.103.159.204 - - [23/May/2018:15:15:34 -0300] "GET /cormun/servlet/trpermisosgoce HTTP/1.1" 200 12503
186.103.159.204 - - [23/May/2018:15:15:35 -0300] "GET /cormun/servlet/trpermisosgoce HTTP/1.1" 200 12496
200.54.247.70 - - [23/May/2018:15:15:39 -0300] "POST /cormun/servlet/solicitudot?gx-no-cache=1527099277722 HTTP/1.1" 200 3389
200.54.247.70 - - [23/May/2018:15:15:39 -0300] "POST /cormun/servlet/solicitudot?5e118c15b47b6a384043fa71a9ff6279,INS,0,0,,gx-no-cache=1527099277915 HTTP/1.1" 200 10561
200.54.247.70 - - [23/May/2018:15:15:39 -0300] "GET /cormun/servlet/solicitudot?377237a754ec4ade9ecf321e0961a0d5d314603143bf98fd30e0703d42ba602208a3ec158238dc1ce4a90c51ab54b47d,gx-no-cache=1527099278142 HTTP/1.1" 200 30
186.103.159.204 - - [23/May/2018:15:15:40 -0300] "GET /cormun/servlet/apermisogoceprn?17139374,P,20180523141140,PU HTTP/1.1" 200 1661
186.103.159.187 - - [23/May/2018:15:15:41 -0300] "GET /cormun/servlet/solicitudot?92df3a00085517da69569d8fb2988f19dc34583005de747341612ae6a807746dc03e40cb109221f3aba49287e5bf35c5,gx-no-cache=1527099346821 HTTP/1.1" 200 30
186.103.159.187 - - [23/May/2018:15:15:41 -0300] "POST /cormun/servlet/solicitudot?gx-no-cache=1527099346878 HTTP/1.1" 200 135
200.54.247.70 - - [23/May/2018:15:15:45 -0300] "GET /cormun/servlet/solicitudot?377237a754ec4ade9ecf321e0961a0d58fb86a48ff8c09a287b1f95548d8cadd8282191768fc97d2627499bc25609ba749e9aae5e4f5e2db7075974bd80029f3,gx-no-cache=1527099284091 HTTP/1.1" 200 30
200.54.247.70 - - [23/May/2018:15:15:45 -0300] "GET /cormun/servlet/solicitudot?377237a754ec4ade9ecf321e0961a0d550d010bc720753db7cd431bfc494e68e,gx-no-cache=1527099284143 HTTP/1.1" 200 51
200.54.247.70 - - [23/May/2018:15:15:45 -0300] "POST /cormun/servlet/solicitudot?gx-no-cache=1527099284184 HTTP/1.1" 200 255
200.54.247.70 - - [23/May/2018:15:15:45 -0300] "GET /cormun/servlet/solicitudot?377237a754ec4ade9ecf321e0961a0d50f20589ddc89bbfa6b72b397d4566f6767d763279d769b93a53276d112c8ae824062f56c2c047455d868f96c038d81f3ef7085b2c2c7ba89be5711fc61277146425b972998d87bb9096453b8d37eea14e83d9b753e9fecb363aac3fce147a41a1219a5693a00f04fe1847299568e55ebdd07dc9c033b865f01072dc4070b65017763afc572d7eeab9abfafc7b6a24f90f27eb2ea0e9ff2c5652a1b8422cfe0eb8ba783ceff4251ccb539e161d3144cbd3053f72a77eedf36362cb5fb9639975f6c99da194fe7d5c0c71859518fe787903080d4b9c3f431249c7edde81883898a174b477e0ea49dc35c3a4d6344055ae8e5f31f7ba46fc2b2a955b5421d558883bae87fc3056e3697ad0a5f122935d15949a4dba6c14415bc22075517c87db2c0efd16c6d293e923108cf84911a49883bd6a3906d818e9f8bbadcf27fa19ee22f05b930e31c5bd27b369e13957f082033d6f9fffbab5810d48be3278c0875344600f5d05d0cec738ddd8c030b639e8f0b,gx-no-cache=1527099284225 HTTP/1.1" 200 30
200.54.247.70 - - [23/May/2018:15:15:45 -0300] "POST /cormun/servlet/solicitudot?gx-no-cache=1527099284256 HTTP/1.1" 200 30
200.54.247.70 - - [23/May/2018:15:15:45 -0300] "POST /cormun/servlet/solicitudot?gx-no-cache=1527099284314 HTTP/1.1" 200 1369
200.54.247.70 - - [23/May/2018:15:15:45 -0300] "POST /cormun/servlet/solicitudot?gx-no-cache=1527099284405 HTTP/1.1" 200 38
186.103.159.204 - - [23/May/2018:15:15:59 -0300] "GET /cormun/servlet/permisogoce?INS,0,,, HTTP/1.1" 200 6748
186.103.159.204 - - [23/May/2018:15:16:00 -0300] "GET /cormun/servlet/permisogoce?INS,0,,, HTTP/1.1" 200 6748
186.103.159.187 - - [23/May/2018:15:16:04 -0300] "GET /cormun/servlet/prcontratosol?54438560,,,,,MD,,gxPopupLevel%3D0%3B HTTP/1.1" 200 5637
186.103.159.204 - - [23/May/2018:15:16:10 -0300] "GET /cormun/servlet/permisogoce?2cc31d173e2e0b125d6341b8b8eb1d56c97529fc28404b3db3c2a7b1c08e8ab0299720e52e307e4af8aa014663c3c4e56ea6f3d915b5ef14499d2972db59e3ee,gx-no-cache=1527099308278 HTTP/1.1" 200 84
186.103.159.204 - - [23/May/2018:15:16:10 -0300] "GET /cormun/static/menuarrow.gif HTTP/1.1" 404 1015
200.54.247.70 - - [23/May/2018:15:16:11 -0300] "GET /cormun/servlet/trcontratounov2? HTTP/1.1" 200 17436
200.54.247.70 - - [23/May/2018:15:16:11 -0300] "GET /cormun/servlet/trcontratounov2? HTTP/1.1" 200 17435
200.54.247.70 - - [23/May/2018:15:16:15 -0300] "GET /cormun/servlet/trsolicitudot? HTTP/1.1" 200 8683
200.54.247.70 - - [23/May/2018:15:16:15 -0300] "GET /cormun/servlet/trsolicitudot? HTTP/1.1" 200 8682
186.103.159.204 - - [23/May/2018:15:16:17 -0300] "GET /cormun/servlet/permisogoce?2cc31d173e2e0b125d6341b8b8eb1d56087eae76d66fb43ee43b54088be0769dbe64fb2564c3a7315981cfaeb5370a5957dc3ad366d690b659f636124295fe9e,gx-no-cache=1527099315239 HTTP/1.1" 200 47
200.54.247.70 - - [23/May/2018:15:16:18 -0300] "GET /cormun/servlet/solicitudot?INS,0,0, HTTP/1.1" 200 13678
200.54.247.70 - - [23/May/2018:15:16:18 -0300] "GET /cormun/servlet/solicitudot?INS,0,0, HTTP/1.1" 200 13683
186.103.159.187 - - [23/May/2018:15:16:19 -0300] "GET /cormun/servlet/prsolicitudot?54438560,,,,,MD,,gxPopupLevel%3D0%3B HTTP/1.1" 200 5635
186.103.159.187 - - [23/May/2018:15:16:19 -0300] "GET /cormun/static/gxcfg.js?2017111422591492 HTTP/1.1" 200 953
186.103.159.187 - - [23/May/2018:15:16:19 -0300] "GET /cormun/static/prsolicitudot.js?2017111422591715 HTTP/1.1" 200 13680
186.103.159.204 - - [23/May/2018:15:16:21 -0300] "POST /cormun/servlet/permisogoce?51555f634780c87b3786a0daec820061,INS,0,,,,gx-no-cache=1527099319089 HTTP/1.1" 200 93
186.103.159.204 - - [23/May/2018:15:16:21 -0300] "GET /cormun/servlet/hpexe_return? HTTP/1.1" 200 1012
186.103.159.204 - - [23/May/2018:15:16:21 -0300] "GET /cormun/servlet/trpermisosgoce HTTP/1.1" 200 12744
200.54.247.70 - - [23/May/2018:15:16:22 -0300] "GET /cormun/servlet/prfichaempleado?,MD,,gxPopupLevel%3D0%3B HTTP/1.1" 200 9397
186.103.159.204 - - [23/May/2018:15:16:22 -0300] "GET /cormun/servlet/trpermisosgoce HTTP/1.1" 200 12740
186.103.159.204 - - [23/May/2018:15:16:24 -0300] "GET /cormun/servlet/apermisogoceprn?17504692,P,20180523141248,PU HTTP/1.1" 200 1657
200.54.247.70 - - [23/May/2018:15:16:26 -0300] "POST /cormun/servlet/prfichaempleado?5e118c15b47b6a384043fa71a9ff6279,,MD,,gxPopupLevel%3D0%3B,gx-no-cache=1527099325347 HTTP/1.1" 200 3414
186.103.159.187 - - [23/May/2018:15:16:31 -0300] "GET /cormun/servlet/prfichaempleado?,MD,,gxPopupLevel%3D0%3B HTTP/1.1" 200 9302
200.54.247.70 - - [23/May/2018:15:16:37 -0300] "POST /cormun/servlet/solicitudot?gx-no-cache=1527099335942 HTTP/1.1" 200 3389
200.54.247.70 - - [23/May/2018:15:16:37 -0300] "POST /cormun/servlet/solicitudot?5e118c15b47b6a384043fa71a9ff6279,INS,0,0,,gx-no-cache=1527099336083 HTTP/1.1" 200 10561
186.103.159.187 - - [23/May/2018:15:16:46 -0300] "POST /cormun/servlet/prfichaempleado?0ce7f4da60a0282c14776f18101c7c5c,,MD,,gxPopupLevel%3D0%3B,gx-no-cache=1527099411802 HTTP/1.1" 200 3420
186.103.159.187 - - [23/May/2018:15:16:59 -0300] "GET /cormun/servlet/solicitudot?92df3a00085517da69569d8fb2988f1908db1cec709370864fde09935686b01953fec208b2063a518e4a11a7ab5cba8bc4e97d3b0872e89a6deb81851003df51c4932ab8d95fc178e2f77f63a2a75a06ffc3b8ad625cdcaa85fd492385d9462da4e70042261259b77790603dbfa9afb011db02944fc57ec5414f15117e263449cac46362f57ffab9fdc29d9094aef25053650bfb4ef84d9d197163a5f54163efe156a0ea12392d208353eeda868714924f8f73228d5757110d8550a850828d05ef835886d874736796ed8dff15675cee0547c66323032e3c7e04481dcba3001e1e826f0f4433a47f8ee958ba51ba8e5baf1900e2bf8aa61ffbd999b364436b1726d43935024d45bd11fb4986648117532a0dfb492f0ccc5e5739f4ae763686d33e39a1ca95eaa8fc3ee68b456a6b265a49bb698bed814a82f21800ecc98733525d38350953249474893eaf4487e7ec2fd729c67a050387f140702cfc99f9daa5d13cada6ad3af4fa8fb4a4454b3f5f1da97aa63c009b592b9a6640c819844242,gx-no-cache=1527099424535 HTTP/1.1" 200 30
186.103.159.187 - - [23/May/2018:15:16:59 -0300] "POST /cormun/servlet/solicitudot?gx-no-cache=1527099424883 HTTP/1.1" 200 30
186.103.159.187 - - [23/May/2018:15:17:46 -0300] "POST /cormun/servlet/solicitudot?0ce7f4da60a0282c14776f18101c7c5c,INS,0,0,,gx-no-cache=1527099472002 HTTP/1.1" 200 93
186.103.159.187 - - [23/May/2018:15:17:46 -0300] "GET /cormun/servlet/hpexe_return? HTTP/1.1" 200 1011
186.103.159.187 - - [23/May/2018:15:17:47 -0300] "GET /cormun/servlet/trsolicitudot HTTP/1.1" 200 8753
186.103.159.187 - - [23/May/2018:15:17:48 -0300] "GET /cormun/servlet/trsolicitudot HTTP/1.1" 200 8749
200.54.247.70 - - [23/May/2018:15:17:54 -0300] "GET /cormun/servlet/solicitudot?377237a754ec4ade9ecf321e0961a0d5d314603143bf98fd30e0703d42ba602208a3ec158238dc1ce4a90c51ab54b47d,gx-no-cache=1527099413335 HTTP/1.1" 200 30
200.54.247.70 - - [23/May/2018:15:17:54 -0300] "GET /cormun/servlet/solicitudot?377237a754ec4ade9ecf321e0961a0d58fb86a48ff8c09a287b1f95548d8cadd8282191768fc97d2627499bc25609ba749e9aae5e4f5e2db7075974bd80029f3,gx-no-cache=1527099413433 HTTP/1.1" 200 30
200.54.247.70 - - [23/May/2018:15:17:54 -0300] "GET /cormun/servlet/solicitudot?377237a754ec4ade9ecf321e0961a0d550d010bc720753db7cd431bfc494e68e,gx-no-cache=1527099413502 HTTP/1.1" 200 51
200.54.247.70 - - [23/May/2018:15:17:54 -0300] "POST /cormun/servlet/solicitudot?gx-no-cache=1527099413565 HTTP/1.1" 200 255
200.54.247.70 - - [23/May/2018:15:17:54 -0300] "GET /cormun/servlet/solicitudot?377237a754ec4ade9ecf321e0961a0d50f20589ddc89bbfa6b72b397d4566f6767d763279d769b93a53276d112c8ae824062f56c2c047455d868f96c038d81f3ef7085b2c2c7ba89be5711fc61277146425b972998d87bb9096453b8d37eea14e83d9b753e9fecb363aac3fce147a41a1219a5693a00f04fe1847299568e55ebdd07dc9c033b865f01072dc4070b65017763afc572d7eeab9abfafc7b6a24f90f27eb2ea0e9ff2c5652a1b8422cfe0eb8ba783ceff4251ccb539e161d3144cbd3053f72a77eedf36362cb5fb9639975f6c99da194fe7d5c0c71859518fe787903080d4b9c3f431249c7edde81883898a174b477e0ea49dc35c3a4d6344055ae8e5f31f7ba46fc2b2a955b5421d558883bae87fc3056e3697ad0a5f122935d15949a4dba6c14415bc22075517c87db2c0efd16c6d293e923108cf84911a49883bd6a3906d818e9f8bbadcf27fa19ee22f05b930e31c5bd27b369e13957f082033d6f9fffbab5810d48be3278c0875344600f5d05d0cec738ddd8c030b639e8f0b,gx-no-cache=1527099413604 HTTP/1.1" 200 30
200.54.247.70 - - [23/May/2018:15:17:54 -0300] "POST /cormun/servlet/solicitudot?gx-no-cache=1527099413640 HTTP/1.1" 200 30
200.54.247.70 - - [23/May/2018:15:17:55 -0300] "POST /cormun/servlet/solicitudot?gx-no-cache=1527099413687 HTTP/1.1" 200 1369
200.54.247.70 - - [23/May/2018:15:17:55 -0300] "POST /cormun/servlet/solicitudot?gx-no-cache=1527099413759 HTTP/1.1" 200 38
186.103.159.187 - - [23/May/2018:15:17:56 -0300] "GET /cormun/servlet/hlogin HTTP/1.1" 200 1742
200.54.247.70 - - [23/May/2018:15:18:06 -0300] "GET /cormun/servlet/solicitudot?377237a754ec4ade9ecf321e0961a0d5d4ee87f6a5dd01bef278e0daf03da77440e2c5a6bf6ce7cf396a13f3f9cc07033eeddf762c0c4f535943d604f13e04129948954942a487561b4bad742dee90abb8bf622072b0f2fdd8482bfa96a6f19f5ee4976d93d75abe781e61b4d2e236562f545774b7b28a6838524bc62a19cefba33dba963fd2cf0c1e8cfb6d0a4344eb27e4c4e243e8bf2e050b679bfb237d00,gx-no-cache=1527099424912 HTTP/1.1" 200 29
200.54.247.70 - - [23/May/2018:15:18:06 -0300] "POST /cormun/servlet/solicitudot?gx-no-cache=1527099424950 HTTP/1.1" 200 1351
200.54.247.70 - - [23/May/2018:15:18:06 -0300] "POST /cormun/servlet/solicitudot?gx-no-cache=1527099425004 HTTP/1.1" 200 1249
186.103.159.187 - - [23/May/2018:15:18:06 -0300] "POST /cormun/servlet/hlogin?0ce7f4da60a0282c14776f18101c7c5c,gx-no-cache=1527099491965 HTTP/1.1" 200 90
186.103.159.187 - - [23/May/2018:15:18:06 -0300] "GET /cormun/servlet/hpexe_link HTTP/1.1" 200 961
186.103.159.187 - - [23/May/2018:15:18:07 -0300] "GET /cormun/servlet/trsolicitudot HTTP/1.1" 200 8750
200.54.247.70 - - [23/May/2018:15:18:08 -0300] "GET /cormun/static/menuarrow.gif HTTP/1.1" 404 1015
186.103.159.187 - - [23/May/2018:15:18:08 -0300] "GET /cormun/servlet/trsolicitudot HTTP/1.1" 200 8749
186.103.159.187 - - [23/May/2018:15:18:26 -0300] "GET /cormun/servlet/hlogin HTTP/1.1" 200 1742
186.103.159.187 - - [23/May/2018:15:18:35 -0300] "POST /cormun/servlet/hlogin?0ce7f4da60a0282c14776f18101c7c5c,gx-no-cache=1527099520927 HTTP/1.1" 200 451
186.103.159.187 - - [23/May/2018:15:18:41 -0300] "POST /cormun/servlet/hlogin?0ce7f4da60a0282c14776f18101c7c5c,gx-no-cache=1527099526870 HTTP/1.1" 200 90
186.103.159.187 - - [23/May/2018:15:18:41 -0300] "GET /cormun/servlet/hpexe_link HTTP/1.1" 200 956
186.103.159.187 - - [23/May/2018:15:18:41 -0300] "GET /cormun/servlet/hhome HTTP/1.1" 200 3918
186.103.159.187 - - [23/May/2018:15:18:42 -0300] "GET /cormun/servlet/hhome HTTP/1.1" 200 3915
186.103.159.187 - - [23/May/2018:15:18:51 -0300] "GET /cormun/servlet/trsolicitudot? HTTP/1.1" 200 8523
186.103.159.187 - - [23/May/2018:15:18:52 -0300] "GET /cormun/servlet/trsolicitudot? HTTP/1.1" 200 8521
186.103.159.187 - - [23/May/2018:15:18:56 -0300] "POST /cormun/servlet/trsolicitudot?0ce7f4da60a0282c14776f18101c7c5c,,gx-no-cache=1527099541896 HTTP/1.1" 200 5666
186.103.159.187 - - [23/May/2018:15:19:00 -0300] "GET /cormun/servlet/solicitudot?INS,0,0, HTTP/1.1" 200 13368
186.103.159.187 - - [23/May/2018:15:19:01 -0300] "GET /cormun/servlet/solicitudot?INS,0,0, HTTP/1.1" 200 13373
186.103.159.187 - - [23/May/2018:15:19:19 -0300] "GET /cormun/servlet/prfichaempleado?,MD,,gxPopupLevel%3D0%3B HTTP/1.1" 200 9258
186.103.157.246 - - [23/May/2018:15:19:34 -0300] "GET /cormun/servlet/solicitudot?459df96aa0b7705d6251901f701e4d7efb89b12732d7452e060d53adf7397e8fad606905d6593ff4c599d6d395cb226f,gx-no-cache=1527099512942 HTTP/1.1" 200 30
186.103.157.246 - - [23/May/2018:15:19:34 -0300] "POST /cormun/servlet/solicitudot?gx-no-cache=1527099513333 HTTP/1.1" 200 135
186.103.157.246 - - [23/May/2018:15:19:35 -0300] "POST /cormun/servlet/solicitudot?396470a505a5104b561f6a6acf0323a5,INS,0,0,,gx-no-cache=1527099513507 HTTP/1.1" 200 11809
186.103.159.187 - - [23/May/2018:15:19:35 -0300] "POST /cormun/servlet/prfichaempleado?0ce7f4da60a0282c14776f18101c7c5c,,MD,,gxPopupLevel%3D0%3B,gx-no-cache=1527099580802 HTTP/1.1" 200 3421
200.54.247.70 - - [23/May/2018:15:19:42 -0300] "POST /cormun/servlet/solicitudot?gx-no-cache=1527099521202 HTTP/1.1" 200 30
200.54.247.70 - - [23/May/2018:15:19:45 -0300] "GET /cormun/servlet/prcontratosol?13620190,,,,,MD,,gxPopupLevel%3D0%3B HTTP/1.1" 200 7758
200.54.247.70 - - [23/May/2018:15:19:45 -0300] "GET /cormun/static/gxcfg.js?201761413223964 HTTP/1.1" 200 953
200.54.247.70 - - [23/May/2018:15:19:46 -0300] "GET /cormun/static/prcontratosol.js?201761413224174 HTTP/1.1" 200 15806
200.54.247.70 - - [23/May/2018:15:19:49 -0300] "POST /cormun/servlet/solicitudot?gx-no-cache=1527099527777 HTTP/1.1" 200 1451
200.54.247.70 - - [23/May/2018:15:19:49 -0300] "GET /cormun/static/Shared/jqueryui/images/ui-bg_highlight-soft_100_c6c2c8_1x100.png HTTP/1.1" 404 1117
200.54.247.70 - - [23/May/2018:15:19:49 -0300] "GET /cormun/static/Shared/jqueryui/images/ui-icons_82798d_256x240.png HTTP/1.1" 404 1089
200.54.247.70 - - [23/May/2018:15:19:49 -0300] "GET /cormun/static/Shared/jqueryui/images/ui-bg_flat_55_994d53_40x100.png HTTP/1.1" 404 1097
200.54.247.70 - - [23/May/2018:15:19:49 -0300] "GET /cormun/static/Shared/jqueryui/images/ui-icons_ebccce_256x240.png HTTP/1.1" 404 1089
200.54.247.70 - - [23/May/2018:15:19:49 -0300] "POST /cormun/servlet/solicitudot?gx-no-cache=1527099527854 HTTP/1.1" 200 117
200.54.247.70 - - [23/May/2018:15:19:49 -0300] "POST /cormun/servlet/solicitudot?gx-no-cache=1527099527907 HTTP/1.1" 200 1351
200.54.247.70 - - [23/May/2018:15:19:49 -0300] "POST /cormun/servlet/solicitudot?gx-no-cache=1527099527964 HTTP/1.1" 200 1249
200.54.247.70 - - [23/May/2018:15:19:49 -0300] "GET /cormun/servlet/solicitudot?377237a754ec4ade9ecf321e0961a0d554c0867abb9f5418d1abc1772ffe5f4cf576855f55d84e4a01b704e2a87fd481,gx-no-cache=1527099528020 HTTP/1.1" 200 134
186.103.159.187 - - [23/May/2018:15:19:54 -0300] "POST /cormun/servlet/solicitudot?gx-no-cache=1527099600259 HTTP/1.1" 200 3284
186.103.159.187 - - [23/May/2018:15:19:55 -0300] "POST /cormun/servlet/solicitudot?0ce7f4da60a0282c14776f18101c7c5c,INS,0,0,,gx-no-cache=1527099600402 HTTP/1.1" 200 10252
186.103.159.187 - - [23/May/2018:15:19:59 -0300] "GET /cormun/servlet/solicitudot?92df3a00085517da69569d8fb2988f19165bc065159115de0f02d8ccff618f980be0dc40d5b1db857fc334517294295f,gx-no-cache=1527099604820 HTTP/1.1" 200 30
200.54.247.70 - - [23/May/2018:15:20:07 -0300] "POST /cormun/servlet/solicitudot?gx-no-cache=1527099546475 HTTP/1.1" 200 30
200.54.247.70 - - [23/May/2018:15:20:15 -0300] "POST /cormun/servlet/solicitudot?gx-no-cache=1527099553685 HTTP/1.1" 200 1369
200.54.247.70 - - [23/May/2018:15:20:15 -0300] "POST /cormun/servlet/solicitudot?gx-no-cache=1527099553795 HTTP/1.1" 200 41
200.54.247.70 - - [23/May/2018:15:20:15 -0300] "POST /cormun/servlet/solicitudot?gx-no-cache=1527099553847 HTTP/1.1" 200 1351
200.54.247.70 - - [23/May/2018:15:20:15 -0300] "POST /cormun/servlet/solicitudot?gx-no-cache=1527099553928 HTTP/1.1" 200 1249
200.54.247.70 - - [23/May/2018:15:20:22 -0300] "POST /cormun/servlet/solicitudot?gx-no-cache=1527099561412 HTTP/1.1" 200 30
200.54.247.70 - - [23/May/2018:15:20:22 -0300] "POST /cormun/servlet/solicitudot?gx-no-cache=1527099561452 HTTP/1.1" 200 1369
200.54.247.70 - - [23/May/2018:15:20:22 -0300] "POST /cormun/servlet/solicitudot?gx-no-cache=1527099561518 HTTP/1.1" 200 41
200.54.247.70 - - [23/May/2018:15:20:22 -0300] "POST /cormun/servlet/solicitudot?gx-no-cache=1527099561565 HTTP/1.1" 200 1351
200.54.247.70 - - [23/May/2018:15:20:23 -0300] "POST /cormun/servlet/solicitudot?gx-no-cache=1527099561640 HTTP/1.1" 200 1249
200.54.247.70 - - [23/May/2018:15:20:32 -0300] "GET /cormun/servlet/solicitudot?377237a754ec4ade9ecf321e0961a0d54e9eafcd069fd51564aaa06d4acc3c26e2272c2c1e94dd02a54253920a22398d,gx-no-cache=1527099571104 HTTP/1.1" 200 30
200.54.247.70 - - [23/May/2018:15:20:42 -0300] "POST /cormun/servlet/solicitudot?gx-no-cache=1527099581409 HTTP/1.1" 200 30
200.54.247.70 - - [23/May/2018:15:21:08 -0300] "POST /cormun/servlet/solicitudot?gx-no-cache=1527099606787 HTTP/1.1" 200 1351
200.54.247.70 - - [23/May/2018:15:21:08 -0300] "POST /cormun/servlet/solicitudot?gx-no-cache=1527099606862 HTTP/1.1" 200 1249
200.54.247.70 - - [23/May/2018:15:21:08 -0300] "GET /cormun/servlet/solicitudot?377237a754ec4ade9ecf321e0961a0d54e9eafcd069fd51564aaa06d4acc3c26e2272c2c1e94dd02a54253920a22398d,gx-no-cache=1527099606908 HTTP/1.1" 200 30
200.54.247.70 - - [23/May/2018:15:21:08 -0300] "POST /cormun/servlet/solicitudot?gx-no-cache=1527099606944 HTTP/1.1" 200 30
186.67.203.186 - - [23/May/2018:15:21:09 -0300] "GET /cormun/servlet/hlogin HTTP/1.1" 200 1728
186.67.203.186 - - [23/May/2018:15:21:10 -0300] "POST /cormun/servlet/hlogin?19c711f0b3078f1ccc97b1883b31eb6d,gx-no-cache=1527099610119 HTTP/1.1" 200 90
186.67.203.186 - - [23/May/2018:15:21:10 -0300] "GET /cormun/servlet/hpexe_link HTTP/1.1" 200 954
186.67.203.186 - - [23/May/2018:15:21:10 -0300] "GET /cormun/servlet/hhome HTTP/1.1" 200 4133
186.67.203.186 - - [23/May/2018:15:21:11 -0300] "GET /cormun/servlet/hhome HTTP/1.1" 200 4129
186.103.132.155 - - [23/May/2018:15:21:15 -0300] "GET /cormun/servlet/trpermisosgoce? HTTP/1.1" 200 9359
186.103.132.155 - - [23/May/2018:15:21:15 -0300] "GET /cormun/servlet/trpermisosgoce? HTTP/1.1" 200 9356
186.103.132.155 - - [23/May/2018:15:21:20 -0300] "GET /cormun/servlet/permisogoce?INS,0,,, HTTP/1.1" 200 6972
186.103.132.155 - - [23/May/2018:15:21:20 -0300] "GET /cormun/servlet/permisogoce?INS,0,,, HTTP/1.1" 200 6972
186.103.159.187 - - [23/May/2018:15:21:21 -0300] "GET /cormun/servlet/solicitudot?92df3a00085517da69569d8fb2988f196ede8f9c3d4a452e312e8a7837b2396e686b631b2de6a5b5b3a17e7bac628788863ccebb319c6c3766fbbd45357c8bf7,gx-no-cache=1527099686480 HTTP/1.1" 200 30
186.103.159.187 - - [23/May/2018:15:21:22 -0300] "GET /cormun/servlet/prbanco?,MD,,gxPopupLevel%3D0%3B HTTP/1.1" 200 6546
186.103.132.155 - - [23/May/2018:15:21:29 -0300] "GET /cormun/servlet/permisogoce?9e63e78ece1ba0b680cc7fb61baf7f6c3ddca4a25e131ded3b85bf989f44e6b2256460ca67bcfb3c110f8d7f8cd29dc93ec3cd0210b74a913d04cab53561490f,gx-no-cache=1527099628871 HTTP/1.1" 200 81
186.103.132.155 - - [23/May/2018:15:21:29 -0300] "GET /cormun/static/menuarrow.gif HTTP/1.1" 404 1015
186.103.159.187 - - [23/May/2018:15:21:35 -0300] "GET /cormun/servlet/solicitudot?92df3a00085517da69569d8fb2988f19de40e217815f7f2286e9591b193d69c0,gx-no-cache=1527099700610 HTTP/1.1" 200 51
186.103.132.155 - - [23/May/2018:15:21:36 -0300] "GET /cormun/servlet/permisogoce?9e63e78ece1ba0b680cc7fb61baf7f6c7c2e1c650f66f7a4c4ed03eff7a6d0332d4a3d9eabc8aa55da54abf1c0ce519e5dc4fdb42f139499c01deeb1c50e692b,gx-no-cache=1527099636341 HTTP/1.1" 200 47
186.103.159.187 - - [23/May/2018:15:21:40 -0300] "POST /cormun/servlet/solicitudot?0ce7f4da60a0282c14776f18101c7c5c,INS,0,0,,gx-no-cache=1527099705582 HTTP/1.1" 200 10453
186.103.159.187 - - [23/May/2018:15:21:40 -0300] "GET /cormun/static/Shared/jqueryui/images/ui-bg_highlight-soft_100_c6c2c8_1x100.png HTTP/1.1" 404 1117
186.103.159.187 - - [23/May/2018:15:21:40 -0300] "GET /cormun/static/Shared/jqueryui/images/ui-icons_82798d_256x240.png HTTP/1.1" 404 1089
186.103.159.187 - - [23/May/2018:15:21:40 -0300] "GET /cormun/static/Shared/jqueryui/images/ui-bg_flat_55_fafafa_40x100.png HTTP/1.1" 404 1097
186.103.159.187 - - [23/May/2018:15:21:40 -0300] "GET /cormun/static/Shared/jqueryui/images/ui-icons_8d78a5_256x240.png HTTP/1.1" 404 1089
200.54.247.70 - - [23/May/2018:15:21:43 -0300] "POST /cormun/servlet/solicitudot?5e118c15b47b6a384043fa71a9ff6279,INS,0,0,,gx-no-cache=1527099641553 HTTP/1.1" 200 93
200.54.247.70 - - [23/May/2018:15:21:43 -0300] "GET /cormun/servlet/hpexe_return? HTTP/1.1" 200 1005
200.54.247.70 - - [23/May/2018:15:21:43 -0300] "GET /cormun/servlet/trsolicitudot HTTP/1.1" 200 9217
186.103.132.155 - - [23/May/2018:15:21:43 -0300] "POST /cormun/servlet/permisogoce?19c711f0b3078f1ccc97b1883b31eb6d,INS,0,,,,gx-no-cache=1527099642599 HTTP/1.1" 200 93
186.103.132.155 - - [23/May/2018:15:21:43 -0300] "GET /cormun/servlet/hpexe_return? HTTP/1.1" 200 1015
200.54.247.70 - - [23/May/2018:15:21:44 -0300] "GET /cormun/servlet/trsolicitudot HTTP/1.1" 200 9213
186.103.132.155 - - [23/May/2018:15:21:44 -0300] "GET /cormun/servlet/trpermisosgoce HTTP/1.1" 200 9577
186.103.132.155 - - [23/May/2018:15:21:44 -0300] "GET /cormun/servlet/trpermisosgoce HTTP/1.1" 200 9563
186.103.159.187 - - [23/May/2018:15:21:45 -0300] "GET /cormun/servlet/solicitudot?92df3a00085517da69569d8fb2988f196ede8f9c3d4a452e312e8a7837b2396e686b631b2de6a5b5b3a17e7bac628788cb982e4dd936b6f68ed6695abe66d5b8,gx-no-cache=1527099711012 HTTP/1.1" 200 30
186.103.159.187 - - [23/May/2018:15:21:45 -0300] "GET /cormun/servlet/solicitudot?92df3a00085517da69569d8fb2988f1997a987026286537c9af6e0bcc6ea3a50c3cf8124af307856fda778e1093de8281e1cdd464d60393cbe0c0637c0dcd4cd,gx-no-cache=1527099711076 HTTP/1.1" 200 51
186.103.159.187 - - [23/May/2018:15:21:46 -0300] "POST /cormun/servlet/solicitudot?gx-no-cache=1527099712184 HTTP/1.1" 200 255
200.54.247.70 - - [23/May/2018:15:21:47 -0300] "POST /cormun/servlet/trsolicitudot?5e118c15b47b6a384043fa71a9ff6279,gx-no-cache=1527099646361 HTTP/1.1" 200 5649
200.54.247.70 - - [23/May/2018:15:21:47 -0300] "GET /cormun/static/Shared/jqueryui/images/ui-bg_highlight-soft_100_c6c2c8_1x100.png HTTP/1.1" 404 1117
200.54.247.70 - - [23/May/2018:15:21:47 -0300] "GET /cormun/static/Shared/jqueryui/images/ui-icons_82798d_256x240.png HTTP/1.1" 404 1089
200.54.247.70 - - [23/May/2018:15:21:47 -0300] "GET /cormun/static/Shared/jqueryui/images/ui-bg_flat_55_fafafa_40x100.png HTTP/1.1" 404 1097
200.54.247.70 - - [23/May/2018:15:21:47 -0300] "GET /cormun/static/Shared/jqueryui/images/ui-icons_8d78a5_256x240.png HTTP/1.1" 404 1089
200.54.247.70 - - [23/May/2018:15:21:48 -0300] "POST /cormun/servlet/trsolicitudot?5e118c15b47b6a384043fa71a9ff6279,gx-no-cache=1527099646577 HTTP/1.1" 200 5590
186.103.159.187 - - [23/May/2018:15:21:49 -0300] "GET /cormun/servlet/solicitudot?92df3a00085517da69569d8fb2988f1908db1cec709370864fde09935686b01953fec208b2063a518e4a11a7ab5cba8bc4e97d3b0872e89a6deb81851003df51c4932ab8d95fc178e2f77f63a2a75a06ffc3b8ad625cdcaa85fd492385d9462da4e70042261259b77790603dbfa9afb011db02944fc57ec5414f15117e263449cac46362f57ffab9fdc29d9094aef25053650bfb4ef84d9d197163a5f54163efe156a0ea12392d208353eeda868714924f8f73228d5757110d8550a850828d05ef835886d874736796ed8dff15675cee0547c66323032e3c7e04481dcba3001e1e826f0f4433a47f8ee958ba51ba8e5baf1900e2bf8aa61ffbd999b364436b1726d43935024d45bd11fb4986648117532a0dfb492f0ccc5e5739f4ae763686d33e39a1ca95eaa8fc3ee68b456a6b265a49bb698bed814a82f21800ecc98733525d38350953249474893eaf4487e7ec2fd729c67a050387f140702cfc99f9daa5d13cada6ad3af4fa8fb4a4454b3f5f1d8da4b670ddf759479c9d8b9ebdfef053,gx-no-cache=1527099714805 HTTP/1.1" 200 30
200.54.18.251 - - [23/May/2018:15:21:50 -0300] "GET /cormun/servlet/apermisogoceprn?12694048,P,20180523115813,PU HTTP/1.1" 200 1666
200.54.247.70 - - [23/May/2018:15:21:54 -0300] "POST /cormun/servlet/trsolicitudot?5e118c15b47b6a384043fa71a9ff6279,gx-no-cache=1527099653074 HTTP/1.1" 200 5749
186.103.159.187 - - [23/May/2018:15:21:56 -0300] "POST /cormun/servlet/solicitudot?gx-no-cache=1527099721429 HTTP/1.1" 200 30
186.103.159.187 - - [23/May/2018:15:21:57 -0300] "GET /cormun/servlet/prcontratosol?5443856,,,,,MD,,gxPopupLevel%3D0%3B HTTP/1.1" 200 5598
200.54.247.70 - - [23/May/2018:15:22:05 -0300] "GET /cormun/servlet/trautorizarsolicitud? HTTP/1.1" 200 8741
200.54.247.70 - - [23/May/2018:15:22:05 -0300] "GET /cormun/static/gxcfg.js?2017111423403364 HTTP/1.1" 200 953
200.54.247.70 - - [23/May/2018:15:22:05 -0300] "GET /cormun/static/trautorizarsolicitud.js?201711142340425 HTTP/1.1" 200 53910
200.54.247.70 - - [23/May/2018:15:22:05 -0300] "GET /cormun/servlet/trautorizarsolicitud? HTTP/1.1" 200 8741
200.54.247.70 - - [23/May/2018:15:22:08 -0300] "POST /cormun/servlet/trautorizarsolicitud?5e118c15b47b6a384043fa71a9ff6279,,gx-no-cache=1527099667303 HTTP/1.1" 200 4617
200.54.247.70 - - [23/May/2018:15:22:08 -0300] "GET /cormun/static/Shared/jqueryui/images/ui-icons_82798d_256x240.png HTTP/1.1" 404 1089
200.54.247.70 - - [23/May/2018:15:22:08 -0300] "GET /cormun/static/Shared/jqueryui/images/ui-bg_highlight-soft_100_c6c2c8_1x100.png HTTP/1.1" 404 1117
200.54.247.70 - - [23/May/2018:15:22:08 -0300] "GET /cormun/static/Shared/jqueryui/images/ui-icons_8d78a5_256x240.png HTTP/1.1" 404 1089
200.54.247.70 - - [23/May/2018:15:22:08 -0300] "GET /cormun/static/Shared/jqueryui/images/ui-bg_flat_55_fafafa_40x100.png HTTP/1.1" 404 1097
200.54.247.70 - - [23/May/2018:15:22:08 -0300] "POST /cormun/servlet/trautorizarsolicitud?5e118c15b47b6a384043fa71a9ff6279,,gx-no-cache=1527099667514 HTTP/1.1" 200 4380
200.54.18.251 - - [23/May/2018:15:22:18 -0300] "GET /cormun/servlet/apermisogoceprn?17524997,P,20180523141808,PU HTTP/1.1" 200 1665
186.103.159.187 - - [23/May/2018:15:22:18 -0300] "POST /cormun/servlet/solicitudot?gx-no-cache=1527099744025 HTTP/1.1" 200 1445
186.103.159.187 - - [23/May/2018:15:22:18 -0300] "GET /cormun/static/Shared/jqueryui/images/ui-bg_flat_55_994d53_40x100.png HTTP/1.1" 404 1097
186.103.159.187 - - [23/May/2018:15:22:18 -0300] "GET /cormun/static/Shared/jqueryui/images/ui-icons_ebccce_256x240.png HTTP/1.1" 404 1089
186.103.159.187 - - [23/May/2018:15:22:18 -0300] "POST /cormun/servlet/solicitudot?gx-no-cache=1527099744113 HTTP/1.1" 200 117
186.103.159.187 - - [23/May/2018:15:22:18 -0300] "GET /cormun/servlet/solicitudot?92df3a00085517da69569d8fb2988f1948fa8c82e9e6cb84ccd28e2ea29ea1b9daaf591db165d8f560589b842958a2cfa93d1bf1bf09c72df7fa960902755eec4f6e1f272a47d056e2ffee56bc3cd626c9f54642ce75c16276bbfd3dac9561f596b12f37c8ac1802da73e05459210344,gx-no-cache=1527099744175 HTTP/1.1" 200 29
186.103.159.187 - - [23/May/2018:15:22:18 -0300] "GET /cormun/servlet/solicitudot?92df3a00085517da69569d8fb2988f1959382570287cc3c84853f6060c1e37c1193ce35d7ae6b6afb578cb25d22445d74da60d8901b1bef5f1aed1b67df3d902303432f81e967466b4d12f18c3292f88fe2961a96849068b0c740e4b6a5ed8e38906eb93921a7d496971c3a76e9fc885531e5419f2625871f12f82bb880b156de4c8638ac1ce5581bdddef8fd69fff6f3b83649de9fff607b872d00c90440bd52f695e0d292a81e4bbcc91710700ab4213e620ba040bcb4a9b38c217d8b1171e,gx-no-cache=1527099744211 HTTP/1.1" 200 62
186.103.159.187 - - [23/May/2018:15:22:18 -0300] "GET /cormun/servlet/solicitudot?0eac6daa54724bab1302f7777e057e32600eb5a8393a9de195df00e8e98408fd1dab157f0436855ec9877877f44b6902a13219d37c452d36a13a1e8ad158d1112a29a36ad9be6648cc4fe0314745b1fa,gx-no-cache=1527099744250 HTTP/1.1" 200 55
186.103.159.187 - - [23/May/2018:15:22:18 -0300] "GET /cormun/servlet/solicitudot?92df3a00085517da69569d8fb2988f19a76ce94c810b112d7081285ac2e5d3af,gx-no-cache=1527099744286 HTTP/1.1" 200 30
200.54.247.70 - - [23/May/2018:15:22:20 -0300] "GET /cormun/servlet/trcontratounov2? HTTP/1.1" 200 17420
200.54.247.70 - - [23/May/2018:15:22:21 -0300] "GET /cormun/servlet/trcontratounov2? HTTP/1.1" 200 17422
186.103.159.204 - - [23/May/2018:15:22:32 -0300] "GET /cormun/servlet/permisogoce?INS,0,,, HTTP/1.1" 200 6985
186.103.159.204 - - [23/May/2018:15:22:33 -0300] "GET /cormun/servlet/permisogoce?INS,0,,, HTTP/1.1" 200 6985
186.103.159.204 - - [23/May/2018:15:22:39 -0300] "GET /cormun/servlet/permisogoce?a6de06a023042728d0bcc2a3d7b15594e46ecb0e68597204b800b8b501f87dcab44d6b1b39fd1c02d0e1c4589bbe774a,gx-no-cache=1527099700357 HTTP/1.1" 200 223
186.103.159.204 - - [23/May/2018:15:22:39 -0300] "GET /cormun/static/Shared/jqueryui/images/ui-bg_highlight-soft_100_c6c2c8_1x100.png HTTP/1.1" 404 1117
186.103.159.204 - - [23/May/2018:15:22:39 -0300] "GET /cormun/static/Shared/jqueryui/images/ui-icons_82798d_256x240.png HTTP/1.1" 404 1089
186.103.159.204 - - [23/May/2018:15:22:39 -0300] "GET /cormun/static/Shared/jqueryui/images/ui-bg_flat_55_994d53_40x100.png HTTP/1.1" 404 1097
186.103.159.204 - - [23/May/2018:15:22:39 -0300] "GET /cormun/static/Shared/jqueryui/images/ui-icons_ebccce_256x240.png HTTP/1.1" 404 1089
186.103.159.204 - - [23/May/2018:15:22:41 -0300] "GET /cormun/static/menuarrow.gif HTTP/1.1" 404 1015
200.54.247.70 - - [23/May/2018:15:22:43 -0300] "GET /cormun/servlet/trcontratosolicitud? HTTP/1.1" 200 14487
200.54.247.70 - - [23/May/2018:15:22:43 -0300] "GET /cormun/static/gxcfg.js?20177612214014 HTTP/1.1" 200 953
200.54.247.70 - - [23/May/2018:15:22:43 -0300] "GET /cormun/static/trcontratosolicitud.js?20177612214349 HTTP/1.1" 200 28237
200.54.247.70 - - [23/May/2018:15:22:44 -0300] "GET /cormun//static/Resources/PXToolsGridNew.png HTTP/1.1" 200 2949
200.54.247.70 - - [23/May/2018:15:22:44 -0300] "GET /cormun/servlet/trcontratosolicitud? HTTP/1.1" 200 14485
186.103.159.187 - - [23/May/2018:15:22:47 -0300] "GET /cormun/servlet/prcontratosol?5443856,,,,,MD,,gxPopupLevel%3D0%3B HTTP/1.1" 200 5598
186.103.159.204 - - [23/May/2018:15:22:59 -0300] "GET /cormun/servlet/permisogoce?a6de06a023042728d0bcc2a3d7b15594efced2230fba36ddbea3c032636a87913d50f31a7de722f83ecb77526f9cd2f1589a14bd751bf094a99d7133efc2c1dc,gx-no-cache=1527099720179 HTTP/1.1" 200 81
200.54.247.70 - - [23/May/2018:15:23:07 -0300] "GET /cormun/servlet/trcontratoobservaciondir? HTTP/1.1" 200 9771
200.54.247.70 - - [23/May/2018:15:23:07 -0300] "GET /cormun/static/gxcfg.js?20175251262281 HTTP/1.1" 200 953
200.54.247.70 - - [23/May/2018:15:23:07 -0300] "GET /cormun/static/trcontratoobservaciondir.js?20175251262715 HTTP/1.1" 200 27185
200.54.247.70 - - [23/May/2018:15:23:07 -0300] "GET /cormun/servlet/trcontratoobservaciondir? HTTP/1.1" 200 9771
186.103.159.204 - - [23/May/2018:15:23:09 -0300] "GET /cormun/servlet/permisogoce?a6de06a023042728d0bcc2a3d7b155945e0f6ff18b167110d7d982383131bfb747a53d2c1b05b042f75ee073efa965a5c11724716c9459792ad08b9f78bab637,gx-no-cache=1527099730351 HTTP/1.1" 200 47
186.103.159.204 - - [23/May/2018:15:23:22 -0300] "POST /cormun/servlet/permisogoce?d122fa35845175c3b1979db20eb4a65e,INS,0,,,,gx-no-cache=1527099743872 HTTP/1.1" 200 93
186.103.159.204 - - [23/May/2018:15:23:22 -0300] "GET /cormun/servlet/hpexe_return? HTTP/1.1" 200 1009
186.103.159.204 - - [23/May/2018:15:23:23 -0300] "GET /cormun/servlet/trpermisosgoce HTTP/1.1" 200 7068
186.103.159.204 - - [23/May/2018:15:23:23 -0300] "GET /cormun/servlet/trpermisosgoce HTTP/1.1" 200 7064
186.103.159.187 - - [23/May/2018:15:23:47 -0300] "POST /cormun/servlet/solicitudot?gx-no-cache=1527099832667 HTTP/1.1" 200 30
186.103.159.187 - - [23/May/2018:15:23:47 -0300] "POST /cormun/servlet/solicitudot?gx-no-cache=1527099832818 HTTP/1.1" 200 1445
186.103.159.187 - - [23/May/2018:15:23:47 -0300] "POST /cormun/servlet/solicitudot?gx-no-cache=1527099832883 HTTP/1.1" 200 117
186.103.159.187 - - [23/May/2018:15:23:47 -0300] "GET /cormun/servlet/solicitudot?92df3a00085517da69569d8fb2988f1959382570287cc3c84853f6060c1e37c1193ce35d7ae6b6afb578cb25d22445d74da60d8901b1bef5f1aed1b67df3d902303432f81e967466b4d12f18c3292f88fe2961a96849068b0c740e4b6a5ed8e38906eb93921a7d496971c3a76e9fc885531e5419f2625871f12f82bb880b156de4c8638ac1ce5581bdddef8fd69fff6f3b83649de9fff607b872d00c90440bd52f695e0d292a81e4bbcc91710700ab4213e620ba040bcb4a9b38c217d8b1171e,gx-no-cache=1527099832929 HTTP/1.1" 200 62
186.103.159.187 - - [23/May/2018:15:23:47 -0300] "GET /cormun/servlet/solicitudot?0eac6daa54724bab1302f7777e057e32600eb5a8393a9de195df00e8e98408fd1dab157f0436855ec9877877f44b6902a13219d37c452d36a13a1e8ad158d1112a29a36ad9be6648cc4fe0314745b1fa,gx-no-cache=1527099832969 HTTP/1.1" 200 55
200.54.247.70 - - [23/May/2018:15:23:49 -0300] "GET /cormun/servlet/trautorizarsolicitud? HTTP/1.1" 200 7350
200.54.247.70 - - [23/May/2018:15:23:50 -0300] "GET /cormun/servlet/trautorizarsolicitud? HTTP/1.1" 200 7350
200.54.247.70 - - [23/May/2018:15:23:52 -0300] "GET /cormun/servlet/trvisualizadoreventos? HTTP/1.1" 200 6993
200.54.247.70 - - [23/May/2018:15:23:52 -0300] "GET /cormun/static/gxcfg.js?20175251251426 HTTP/1.1" 200 953
200.54.247.70 - - [23/May/2018:15:23:52 -0300] "GET /cormun/static/trvisualizadoreventos.js?20175251251768 HTTP/1.1" 200 19318
200.54.247.70 - - [23/May/2018:15:23:52 -0300] "GET /cormun/static/Resources/PXToolsActionPrint.png HTTP/1.1" 200 3317
200.54.247.70 - - [23/May/2018:15:23:53 -0300] "GET /cormun/servlet/trvisualizadoreventos? HTTP/1.1" 200 6992
186.103.159.187 - - [23/May/2018:15:23:54 -0300] "GET /cormun/servlet/prcontratosol?5443856,,,,,MD,,gxPopupLevel%3D0%3B HTTP/1.1" 200 5598
200.54.247.70 - - [23/May/2018:15:23:57 -0300] "GET /cormun/static/menuarrow.gif HTTP/1.1" 404 1015
200.54.247.70 - - [23/May/2018:15:24:06 -0300] "POST /cormun/servlet/trvisualizadoreventos?5e118c15b47b6a384043fa71a9ff6279,,gx-no-cache=1527099784989 HTTP/1.1" 200 4131
200.54.247.70 - - [23/May/2018:15:24:07 -0300] "POST /cormun/servlet/trvisualizadoreventos?5e118c15b47b6a384043fa71a9ff6279,,gx-no-cache=1527099786466 HTTP/1.1" 200 4131
200.54.247.70 - - [23/May/2018:15:24:12 -0300] "POST /cormun/servlet/trvisualizadoreventos?5e118c15b47b6a384043fa71a9ff6279,,gx-no-cache=1527099791371 HTTP/1.1" 200 4135
186.103.159.187 - - [23/May/2018:15:24:16 -0300] "GET /cormun/servlet/prcontratosol?5443856,,,,,MD,,gxPopupLevel%3D0%3B HTTP/1.1" 200 5598
200.54.247.70 - - [23/May/2018:15:24:19 -0300] "POST /cormun/servlet/trvisualizadoreventos?5e118c15b47b6a384043fa71a9ff6279,,gx-no-cache=1527099797370 HTTP/1.1" 200 5088
186.103.159.187 - - [23/May/2018:15:24:27 -0300] "POST /cormun/servlet/solicitudot?gx-no-cache=1527099872662 HTTP/1.1" 200 1445
186.103.159.187 - - [23/May/2018:15:24:27 -0300] "POST /cormun/servlet/solicitudot?gx-no-cache=1527099873125 HTTP/1.1" 200 117
186.103.159.187 - - [23/May/2018:15:24:27 -0300] "GET /cormun/servlet/solicitudot?92df3a00085517da69569d8fb2988f1959382570287cc3c84853f6060c1e37c1193ce35d7ae6b6afb578cb25d22445d74da60d8901b1bef5f1aed1b67df3d902303432f81e967466b4d12f18c3292f88fe2961a96849068b0c740e4b6a5ed8e38906eb93921a7d496971c3a76e9fc885531e5419f2625871f12f82bb880b156de4c8638ac1ce5581bdddef8fd69fff6f3b83649de9fff607b872d00c90440bd52f695e0d292a81e4bbcc91710700ab4213e620ba040bcb4a9b38c217d8b1171e,gx-no-cache=1527099873208 HTTP/1.1" 200 62
186.103.159.187 - - [23/May/2018:15:24:27 -0300] "GET /cormun/servlet/solicitudot?0eac6daa54724bab1302f7777e057e32600eb5a8393a9de195df00e8e98408fd1dab157f0436855ec9877877f44b6902a13219d37c452d36a13a1e8ad158d1112a29a36ad9be6648cc4fe0314745b1fa,gx-no-cache=1527099873282 HTTP/1.1" 200 55
200.54.247.70 - - [23/May/2018:15:24:31 -0300] "POST /cormun/servlet/trvisualizadoreventos?5e118c15b47b6a384043fa71a9ff6279,,gx-no-cache=1527099809837 HTTP/1.1" 200 111
200.54.247.70 - - [23/May/2018:15:24:31 -0300] "POST /cormun/servlet/trvisualizadoreventos?5e118c15b47b6a384043fa71a9ff6279,,gx-no-cache=1527099810039 HTTP/1.1" 200 5066
200.54.247.70 - - [23/May/2018:15:24:31 -0300] "GET /cormun/VisualizadorEventos-8924.xls HTTP/1.1" 200 5632
200.54.247.70 - - [23/May/2018:15:24:48 -0300] "POST /cormun/servlet/trvisualizadoreventos?5e118c15b47b6a384043fa71a9ff6279,,gx-no-cache=1527099827523 HTTP/1.1" 200 5039
200.54.247.70 - - [23/May/2018:15:25:02 -0300] "GET /cormun/servlet/trcontratounov2? HTTP/1.1" 200 17446
200.54.247.70 - - [23/May/2018:15:25:03 -0300] "GET /cormun/servlet/trcontratounov2? HTTP/1.1" 200 17424
200.54.247.70 - - [23/May/2018:15:25:15 -0300] "GET /cormun/servlet/trcontratosolicitud? HTTP/1.1" 200 14503
200.54.247.70 - - [23/May/2018:15:25:16 -0300] "GET /cormun/servlet/trcontratosolicitud? HTTP/1.1" 200 14504
186.103.157.246 - - [23/May/2018:15:25:29 -0300] "POST /cormun/servlet/solicitudot?gx-no-cache=1527099867960 HTTP/1.1" 200 146
186.103.157.246 - - [23/May/2018:15:25:29 -0300] "POST /cormun/servlet/solicitudot?396470a505a5104b561f6a6acf0323a5,INS,0,0,,gx-no-cache=1527099868145 HTTP/1.1" 200 11863
200.54.247.70 - - [23/May/2018:15:25:33 -0300] "GET /cormun/servlet/trsolicitudot? HTTP/1.1" 200 8683
200.54.247.70 - - [23/May/2018:15:25:33 -0300] "GET /cormun/servlet/trsolicitudot? HTTP/1.1" 200 8682
200.54.247.70 - - [23/May/2018:15:25:36 -0300] "GET /cormun/static/menuarrow.gif HTTP/1.1" 404 1015
186.103.159.204 - - [23/May/2018:15:25:37 -0300] "GET /cormun/servlet/trpermisosadjuntos?11275127,20180523140525,P, HTTP/1.1" 200 6220
186.103.159.204 - - [23/May/2018:15:25:37 -0300] "GET /cormun/servlet/trpermisosadjuntos?11275127,20180523140525,P, HTTP/1.1" 200 6219
186.103.157.246 - - [23/May/2018:15:25:38 -0300] "POST /cormun/servlet/solicitudot?gx-no-cache=1527099877278 HTTP/1.1" 200 135
186.103.157.246 - - [23/May/2018:15:25:39 -0300] "POST /cormun/servlet/solicitudot?396470a505a5104b561f6a6acf0323a5,INS,0,0,,gx-no-cache=1527099877786 HTTP/1.1" 200 11895
186.103.159.204 - - [23/May/2018:15:25:39 -0300] "GET /cormun/servlet/permisosadjuntos?INS,11275127,P,20180523140525,, HTTP/1.1" 200 5547
