186.103.157.42 - - [23/May/2018:11:19:36 -0300] "GET /cormun/servlet/solicitudot?bd6e8954e1b9f53fd639bb11be8dbbfe12e361d2b636f7afd11a7575cfd471ae75d55efc8623e0fd8867e8417d6578cb197cbdb0b6de14a1c6cfb5109248883bf639973f299001fd8a4f874f4cb2e63a35a0a0643194507cc1ce38dc4dc8551bc5ec4b6986460c9bd7f8261135d8972d8e5253c4b382d30bc287f9bdf4a92a934535ca46fcd49fa74d51cfe8530a0bd7be8749771ee1ecc7a0dc1e13d88d45491f483f18da2f6d3632044bec9e3d0b8b934d4b732f479a793502fa0b6a7d10557d36bae7590595e75bafab9ff5bc6f41fcfad2b4f0ed81c646b7fbb0c8c2bf231ee9dbbb70f8135d9cbfa3e0d7d2d673f8b4b636fa16af95691d359a2fdcb72ba4e6659473f5f621f5d0da69f4512a611705f70dd2bdb0427ac819c43ac171d5b563fa97e7adb5038cd5d9cc61d113af6be38a8290ce0a1f2226b065bf7b39747183128137094087711ab3583648da6ac31e2cfdaccedd9a0f310c03eab36614f2a51020ee8ca3cd53694e51112e2b722cd8e8ba572a82acbfcce1d1c496bf2a5ea9c0a3aa3e46c94347b8fe06c37d82,gx-no-cache=1527085117102 HTTP/1.1" 200 30
186.103.157.42 - - [23/May/2018:11:19:36 -0300] "POST /cormun/servlet/solicitudot?gx-no-cache=1527085117443 HTTP/1.1" 200 30
186.103.157.42 - - [23/May/2018:11:19:36 -0300] "POST /cormun/servlet/solicitudot?gx-no-cache=1527085117497 HTTP/1.1" 200 1368
186.103.157.42 - - [23/May/2018:11:19:36 -0300] "POST /cormun/servlet/solicitudot?gx-no-cache=1527085117634 HTTP/1.1" 200 41
186.103.157.42 - - [23/May/2018:11:19:36 -0300] "POST /cormun/servlet/solicitudot?gx-no-cache=1527085117684 HTTP/1.1" 200 1350
186.103.157.42 - - [23/May/2018:11:19:36 -0300] "POST /cormun/servlet/solicitudot?gx-no-cache=1527085117760 HTTP/1.1" 200 1246
186.103.157.42 - - [23/May/2018:11:19:36 -0300] "GET /cormun/servlet/solicitudot?bd6e8954e1b9f53fd639bb11be8dbbfe103dacb179145748569298e51d40bc231f7dad8fcf259efcfcd553a6d4d259dc,gx-no-cache=1527085117836 HTTP/1.1" 200 30
186.103.157.42 - - [23/May/2018:11:19:36 -0300] "POST /cormun/servlet/solicitudot?gx-no-cache=1527085117877 HTTP/1.1" 200 30
186.103.157.42 - - [23/May/2018:11:19:36 -0300] "POST /cormun/servlet/solicitudot?c5aa87d46e1ea46519f640b0d3256466,INS,0,0,,gx-no-cache=1527085117924 HTTP/1.1" 200 12191
186.103.157.42 - - [23/May/2018:11:20:36 -0300] "GET /cormun/servlet/trsolicitudot? HTTP/1.1" 200 9748
186.103.157.42 - - [23/May/2018:11:20:37 -0300] "GET /cormun/servlet/trsolicitudot? HTTP/1.1" 200 9742
186.103.157.42 - - [23/May/2018:11:20:45 -0300] "GET /cormun/servlet/solicitudot?INS,0,0, HTTP/1.1" 200 13691
186.103.157.42 - - [23/May/2018:11:20:46 -0300] "GET /cormun/servlet/solicitudot?INS,0,0, HTTP/1.1" 200 13696
186.103.157.42 - - [23/May/2018:11:20:53 -0300] "POST /cormun/servlet/solicitudot?gx-no-cache=1527085194246 HTTP/1.1" 200 3292
186.103.157.42 - - [23/May/2018:11:20:53 -0300] "POST /cormun/servlet/solicitudot?c5aa87d46e1ea46519f640b0d3256466,INS,0,0,,gx-no-cache=1527085194412 HTTP/1.1" 200 10442
186.103.159.183 - - [23/May/2018:11:20:54 -0300] "GET /cormun/servlet/licenciaspermisos?5775908f0caf3d15d10b53206e2c099e352b9405a47731f53dcfceea3d4c31f5d354bfed7ba3762a0f9f3007834a9b06b74f113baa9b518049999ea8a0a8eb64bd385a04a631215371601328b5a921ee4cc4c7acce3c2edc8d6364aa50359246f06f83edae0281830e1cdc5d31f2aec0c2154a3f468ae57f442afbcb393e7d984ddceadac1a45d6670a263807f7b24153c4e2f82c949c7bc6d243a3f3ffd0b006c507787eec2787d8703ba864eeb5f18,gx-no-cache=1527085193870 HTTP/1.1" 200 30
186.103.159.183 - - [23/May/2018:11:20:54 -0300] "GET /cormun/servlet/licenciaspermisos?5775908f0caf3d15d10b53206e2c099e3b5928709aab0950a4086a25958f10f7a5fc6518bef91ecc81a4ae8c8be7d12cca737b4ebe8dfd4f04101068a1573380b3a4b004eb4e2b83a64228b497488d5ba0f8a0b36437743a1c01f75bc6af3bd49aa35382620d367c09bb0bc7002abd43ae45582339b230acb3d009ab8d31200accdbe3ac5d2ab575027bc0ada22c839213a6a96b8d54ac05f4f4899b635ac0b166357a646175280cb7c82cad122568e2,gx-no-cache=1527085193920 HTTP/1.1" 200 29
186.103.159.183 - - [23/May/2018:11:20:54 -0300] "POST /cormun/servlet/licenciaspermisos?07e882afe89b24f3246fea546f01d617,INS,0,,,,gx-no-cache=1527085194110 HTTP/1.1" 200 4849
186.103.159.183 - - [23/May/2018:11:20:54 -0300] "GET /cormun/static/Shared/jqueryui/images/ui-bg_highlight-soft_100_c6c2c8_1x100.png HTTP/1.1" 404 1117
186.103.159.183 - - [23/May/2018:11:20:54 -0300] "GET /cormun/static/Shared/jqueryui/images/ui-icons_82798d_256x240.png HTTP/1.1" 404 1089
186.103.159.183 - - [23/May/2018:11:20:54 -0300] "GET /cormun/static/Shared/jqueryui/images/ui-bg_flat_55_994d53_40x100.png HTTP/1.1" 404 1097
186.103.159.183 - - [23/May/2018:11:20:54 -0300] "GET /cormun/static/Shared/jqueryui/images/ui-icons_ebccce_256x240.png HTTP/1.1" 404 1089
186.103.157.42 - - [23/May/2018:11:20:55 -0300] "GET /cormun/servlet/solicitudot?bd6e8954e1b9f53fd639bb11be8dbbfef31fce0a8404574c818cd6d4a5abfa3ca86cb8df7f4f6ce1de0dd2c6f22ab7ed,gx-no-cache=1527085197102 HTTP/1.1" 200 111
186.103.157.42 - - [23/May/2018:11:20:55 -0300] "GET /cormun/static/Shared/jqueryui/images/ui-bg_highlight-soft_100_c6c2c8_1x100.png HTTP/1.1" 404 1117
186.103.157.42 - - [23/May/2018:11:20:55 -0300] "GET /cormun/static/Shared/jqueryui/images/ui-icons_82798d_256x240.png HTTP/1.1" 404 1089
186.103.157.42 - - [23/May/2018:11:20:55 -0300] "GET /cormun/static/Shared/jqueryui/images/ui-bg_flat_55_994d53_40x100.png HTTP/1.1" 404 1097
186.103.157.42 - - [23/May/2018:11:20:55 -0300] "GET /cormun/static/Shared/jqueryui/images/ui-icons_ebccce_256x240.png HTTP/1.1" 404 1089
186.103.159.183 - - [23/May/2018:11:21:02 -0300] "POST /cormun/servlet/licenciaspermisos?07e882afe89b24f3246fea546f01d617,INS,0,,,,gx-no-cache=1527085202438 HTTP/1.1" 200 93
186.103.159.183 - - [23/May/2018:11:21:02 -0300] "GET /cormun/servlet/hpexe_return? HTTP/1.1" 200 1015
186.103.159.183 - - [23/May/2018:11:21:03 -0300] "GET /cormun/static/gxcfg.js?2016101716175148 HTTP/1.1" 200 953
186.103.159.183 - - [23/May/2018:11:21:03 -0300] "GET /cormun/static/hpexe_return.js?2016101716175153 HTTP/1.1" 200 1633
186.103.159.183 - - [23/May/2018:11:21:03 -0300] "GET /cormun/static/Resources/Spanish/PXTools.css?167811 HTTP/1.1" 200 89042
186.103.159.183 - - [23/May/2018:11:21:03 -0300] "GET /cormun/servlet/trlicencias HTTP/1.1" 200 8572
186.103.159.183 - - [23/May/2018:11:21:04 -0300] "GET /cormun/servlet/trlicencias HTTP/1.1" 200 8567
186.103.157.42 - - [23/May/2018:11:21:10 -0300] "POST /cormun/servlet/solicitudot?gx-no-cache=1527085211524 HTTP/1.1" 200 3292
186.103.157.42 - - [23/May/2018:11:21:10 -0300] "POST /cormun/servlet/solicitudot?c5aa87d46e1ea46519f640b0d3256466,INS,0,0,,gx-no-cache=1527085211661 HTTP/1.1" 200 10496
186.103.157.42 - - [23/May/2018:11:21:10 -0300] "GET /cormun/servlet/solicitudot?bd6e8954e1b9f53fd639bb11be8dbbfe74b84546cbf05384954d61772fdab307a86cb8df7f4f6ce1de0dd2c6f22ab7ed,gx-no-cache=1527085211953 HTTP/1.1" 200 111
186.103.157.42 - - [23/May/2018:11:21:21 -0300] "POST /cormun/servlet/solicitudot?gx-no-cache=1527085222885 HTTP/1.1" 200 3291
186.103.157.42 - - [23/May/2018:11:21:21 -0300] "POST /cormun/servlet/solicitudot?c5aa87d46e1ea46519f640b0d3256466,INS,0,0,,gx-no-cache=1527085223023 HTTP/1.1" 200 10548
186.103.157.42 - - [23/May/2018:11:21:21 -0300] "GET /cormun/servlet/solicitudot?bd6e8954e1b9f53fd639bb11be8dbbfec6d83519a2cb14edfd1dffcede630e44a86cb8df7f4f6ce1de0dd2c6f22ab7ed,gx-no-cache=1527085223249 HTTP/1.1" 200 111
186.103.157.42 - - [23/May/2018:11:21:32 -0300] "GET /cormun/servlet/prfichaempleado?,MD,,gxPopupLevel%3D0%3B HTTP/1.1" 200 9415
186.103.157.42 - - [23/May/2018:11:21:46 -0300] "POST /cormun/servlet/prfichaempleado?c5aa87d46e1ea46519f640b0d3256466,,MD,,gxPopupLevel%3D0%3B,gx-no-cache=1527085247231 HTTP/1.1" 200 3474
186.103.157.42 - - [23/May/2018:11:21:49 -0300] "POST /cormun/servlet/solicitudot?gx-no-cache=1527085250978 HTTP/1.1" 200 3385
186.103.157.42 - - [23/May/2018:11:21:49 -0300] "POST /cormun/servlet/solicitudot?c5aa87d46e1ea46519f640b0d3256466,INS,0,0,,gx-no-cache=1527085251153 HTTP/1.1" 200 10710
186.103.157.42 - - [23/May/2018:11:21:50 -0300] "GET /cormun/servlet/solicitudot?bd6e8954e1b9f53fd639bb11be8dbbfe68ee74ce372d013ab48182bbc8c8e04094b714574ec3c9f91626008ea2d75458,gx-no-cache=1527085251411 HTTP/1.1" 200 30
186.103.157.42 - - [23/May/2018:11:21:56 -0300] "GET /cormun/servlet/solicitudot?bd6e8954e1b9f53fd639bb11be8dbbfe86ccbb8a1e4f7889d623bc3a610054570fee6d192d64f391c082951b27f97844,gx-no-cache=1527085257349 HTTP/1.1" 200 103
186.103.157.42 - - [23/May/2018:11:21:56 -0300] "GET /cormun/servlet/solicitudot?bd6e8954e1b9f53fd639bb11be8dbbfe890c82eae9cc7f9b9b0e51d7b8c7cb62,gx-no-cache=1527085257395 HTTP/1.1" 200 51
186.103.157.42 - - [23/May/2018:11:21:56 -0300] "POST /cormun/servlet/solicitudot?gx-no-cache=1527085257431 HTTP/1.1" 200 255
186.103.157.42 - - [23/May/2018:11:21:56 -0300] "GET /cormun/servlet/solicitudot?bd6e8954e1b9f53fd639bb11be8dbbfe12e361d2b636f7afd11a7575cfd471aeca8c23317ac56aaa35edf85f2bb789d0197cbdb0b6de14a1c6cfb5109248883bf639973f299001fd8a4f874f4cb2e63a35a0a0643194507cc1ce38dc4dc8551bc5ec4b6986460c9bd7f8261135d8972d8e5253c4b382d30bc287f9bdf4a92a934535ca46fcd49fa74d51cfe8530a0bd7be8749771ee1ecc7a0dc1e13d88d45491f483f18da2f6d3632044bec9e3d0b8b934d4b732f479a793502fa0b6a7d10557d36bae7590595e75bafab9ff5bc6f41fcfad2b4f0ed81c646b7fbb0c8c2bf231ee9dbbb70f8135d9cbfa3e0d7d2d6734958cc0acce665ef033565bb8f6de014a4e6659473f5f621f5d0da69f4512a61e347039b0ffe858365d016eae8e172eb72c2c35af84689e73dccdceec362667fc678249594a096687378c40359e30e0fec194867dcae8aea618ddd4ee14d1e2d6ce512d286bb28a779c56939797bfa38a063d92444ea9f8b9800895eaff75634fd41ace8b7004ffb8ec2d37344a2edac,gx-no-cache=1527085257470 HTTP/1.1" 200 30
186.103.157.42 - - [23/May/2018:11:22:06 -0300] "POST /cormun/servlet/solicitudot?gx-no-cache=1527085268060 HTTP/1.1" 200 30
186.103.157.42 - - [23/May/2018:11:22:23 -0300] "POST /cormun/servlet/solicitudot?gx-no-cache=1527085285063 HTTP/1.1" 200 1369
186.103.157.42 - - [23/May/2018:11:22:23 -0300] "POST /cormun/servlet/solicitudot?gx-no-cache=1527085285134 HTTP/1.1" 200 38
186.103.157.42 - - [23/May/2018:11:22:33 -0300] "GET /cormun/servlet/solicitudot?bd6e8954e1b9f53fd639bb11be8dbbfe899068dc2d871de3fced2ae7f2a09993606c46dc865850bea7731620b4e4106bde7aed83694d9fec587dafd2d1929840a1342dd44ed32bfbd317604000f72854c3aa5ebc40d323e782ace849f30012e0b4dcfecc3f650e72c66cf326ee4546fd2877d191418393f4dca029efcbf973c969eb5dc3403d741ee39c06bdb87d4185519c49b94b367bd6e5a1538823d851a9,gx-no-cache=1527085294544 HTTP/1.1" 200 29
186.103.157.42 - - [23/May/2018:11:22:33 -0300] "POST /cormun/servlet/solicitudot?gx-no-cache=1527085294616 HTTP/1.1" 200 1351
186.103.157.42 - - [23/May/2018:11:22:34 -0300] "POST /cormun/servlet/solicitudot?gx-no-cache=1527085295187 HTTP/1.1" 200 1249
186.103.157.42 - - [23/May/2018:11:22:34 -0300] "GET /cormun/static/menuarrow.gif HTTP/1.1" 404 1015
186.103.157.42 - - [23/May/2018:11:22:36 -0300] "POST /cormun/servlet/solicitudot?gx-no-cache=1527085297972 HTTP/1.1" 200 1351
186.103.157.42 - - [23/May/2018:11:22:36 -0300] "POST /cormun/servlet/solicitudot?gx-no-cache=1527085298050 HTTP/1.1" 200 1249
186.103.157.42 - - [23/May/2018:11:22:38 -0300] "GET /cormun/servlet/solicitudot?bd6e8954e1b9f53fd639bb11be8dbbfe103dacb179145748569298e51d40bc231f7dad8fcf259efcfcd553a6d4d259dc,gx-no-cache=1527085299892 HTTP/1.1" 200 30
186.103.157.42 - - [23/May/2018:11:22:44 -0300] "POST /cormun/servlet/solicitudot?gx-no-cache=1527085306106 HTTP/1.1" 200 30
186.103.157.42 - - [23/May/2018:11:22:45 -0300] "POST /cormun/servlet/solicitudot?c5aa87d46e1ea46519f640b0d3256466,INS,0,0,,gx-no-cache=1527085306159 HTTP/1.1" 200 12122
186.103.157.42 - - [23/May/2018:11:22:59 -0300] "GET /cormun/servlet/trsolicitudot? HTTP/1.1" 200 9748
186.103.157.42 - - [23/May/2018:11:23:00 -0300] "GET /cormun/servlet/trsolicitudot? HTTP/1.1" 200 9742
186.103.157.42 - - [23/May/2018:11:23:05 -0300] "GET /cormun/servlet/solicitudot?INS,0,0, HTTP/1.1" 200 13691
186.103.157.42 - - [23/May/2018:11:23:06 -0300] "GET /cormun/servlet/solicitudot?INS,0,0, HTTP/1.1" 200 13696
186.103.157.42 - - [23/May/2018:11:23:08 -0300] "GET /cormun/servlet/prfichaempleado?,MD,,gxPopupLevel%3D0%3B HTTP/1.1" 200 9415
186.103.157.42 - - [23/May/2018:11:23:19 -0300] "POST /cormun/servlet/prfichaempleado?c5aa87d46e1ea46519f640b0d3256466,,MD,,gxPopupLevel%3D0%3B,gx-no-cache=1527085341002 HTTP/1.1" 200 3181
186.103.157.42 - - [23/May/2018:11:23:34 -0300] "POST /cormun/servlet/prfichaempleado?c5aa87d46e1ea46519f640b0d3256466,,MD,,gxPopupLevel%3D0%3B,gx-no-cache=1527085355535 HTTP/1.1" 200 3413
186.103.157.42 - - [23/May/2018:11:23:41 -0300] "POST /cormun/servlet/prfichaempleado?c5aa87d46e1ea46519f640b0d3256466,,MD,,gxPopupLevel%3D0%3B,gx-no-cache=1527085362480 HTTP/1.1" 200 3727
186.103.157.42 - - [23/May/2018:11:23:58 -0300] "POST /cormun/servlet/prfichaempleado?c5aa87d46e1ea46519f640b0d3256466,,MD,,gxPopupLevel%3D0%3B,gx-no-cache=1527085379833 HTTP/1.1" 200 3419
186.103.157.42 - - [23/May/2018:11:24:01 -0300] "POST /cormun/servlet/solicitudot?gx-no-cache=1527085382738 HTTP/1.1" 200 3402
186.103.157.42 - - [23/May/2018:11:24:01 -0300] "POST /cormun/servlet/solicitudot?c5aa87d46e1ea46519f640b0d3256466,INS,0,0,,gx-no-cache=1527085382917 HTTP/1.1" 200 10562
186.103.157.42 - - [23/May/2018:11:24:01 -0300] "GET /cormun/servlet/solicitudot?bd6e8954e1b9f53fd639bb11be8dbbfe8e80fdc64e8acb566d141618d30438d294b714574ec3c9f91626008ea2d75458,gx-no-cache=1527085383189 HTTP/1.1" 200 30
186.103.157.42 - - [23/May/2018:11:24:07 -0300] "GET /cormun/servlet/solicitudot?bd6e8954e1b9f53fd639bb11be8dbbfece1ea8fb22b933276812d43c31b34484274a263afbeaff024e74e9b7ff1353c7600b20cd841cb204d7db56451bdf788c,gx-no-cache=1527085388421 HTTP/1.1" 200 30
186.103.157.42 - - [23/May/2018:11:24:07 -0300] "GET /cormun/servlet/solicitudot?bd6e8954e1b9f53fd639bb11be8dbbfe1d54d204cef51d254058d7706d7ab9ae,gx-no-cache=1527085388489 HTTP/1.1" 200 53
186.103.157.42 - - [23/May/2018:11:24:07 -0300] "POST /cormun/servlet/solicitudot?gx-no-cache=1527085388563 HTTP/1.1" 200 297
186.103.157.42 - - [23/May/2018:11:24:07 -0300] "GET /cormun/servlet/solicitudot?bd6e8954e1b9f53fd639bb11be8dbbfe12e361d2b636f7afd11a7575cfd471ae75d55efc8623e0fd8867e8417d6578cb197cbdb0b6de14a1c6cfb5109248883bf639973f299001fd8a4f874f4cb2e63a35a0a0643194507cc1ce38dc4dc8551bc5ec4b6986460c9bd7f8261135d8972d8e5253c4b382d30bc287f9bdf4a92a934535ca46fcd49fa74d51cfe8530a0bd7be8749771ee1ecc7a0dc1e13d88d45491f483f18da2f6d3632044bec9e3d0b8b934d4b732f479a793502fa0b6a7d10557d36bae7590595e75bafab9ff5bc6f41fcfad2b4f0ed81c646b7fbb0c8c2bf231ee9dbbb70f8135d9cbfa3e0d7d2d673f8b4b636fa16af95691d359a2fdcb72ba4e6659473f5f621f5d0da69f4512a611705f70dd2bdb0427ac819c43ac171d5b563fa97e7adb5038cd5d9cc61d113af6be38a8290ce0a1f2226b065bf7b39747183128137094087711ab3583648da6ac31e2cfdaccedd9a0f310c03eab36614f2a51020ee8ca3cd53694e51112e2b72880d05adff63914d4591d95dabefb6f55ea9c0a3aa3e46c94347b8fe06c37d82,gx-no-cache=1527085388644 HTTP/1.1" 200 30
190.151.100.218 - - [23/May/2018:11:24:09 -0300] "GET /cormun/servlet/hlogin HTTP/1.1" 200 1723
186.103.157.42 - - [23/May/2018:11:24:09 -0300] "POST /cormun/servlet/solicitudot?gx-no-cache=1527085390931 HTTP/1.1" 200 30
190.151.100.218 - - [23/May/2018:11:24:10 -0300] "GET /cormun/servlet/hlogin HTTP/1.1" 200 1732
192.168.10.110 - - [23/May/2018:11:24:14 -0300] "GET /cormun/servlet/trsecurityuser01? HTTP/1.1" 200 10748
192.168.10.110 - - [23/May/2018:11:24:14 -0300] "GET /cormun/static/gxui/gxui-all.css?110300 HTTP/1.1" 200 2179
192.168.10.110 - - [23/May/2018:11:24:14 -0300] "GET /cormun/static/gxcfg.js?201762721181157 HTTP/1.1" 200 953
192.168.10.110 - - [23/May/2018:11:24:14 -0300] "GET /cormun/static/Resources/Spanish/PXTools.css?17315867 HTTP/1.1" 200 89042
192.168.10.110 - - [23/May/2018:11:24:14 -0300] "GET /cormun/static/Shared/ext/resources/css/ext-all.css?205870 HTTP/1.1" 200 416045
192.168.10.110 - - [23/May/2018:11:24:14 -0300] "GET /cormun/static/Resources/PXToolsGridNew.png HTTP/1.1" 200 2949
192.168.10.110 - - [23/May/2018:11:24:14 -0300] "GET /cormun/static/trsecurityuser01.js?201762721181494 HTTP/1.1" 200 19558
192.168.10.110 - - [23/May/2018:11:24:14 -0300] "GET /cormun//static/Resources/PXToolsHeaderPreferences.png HTTP/1.1" 200 4189
192.168.10.110 - - [23/May/2018:11:24:14 -0300] "GET /cormun//static/Resources/PXToolsAddAllAction.png HTTP/1.1" 200 3624
192.168.10.110 - - [23/May/2018:11:24:14 -0300] "GET /cormun/servlet/hlogin HTTP/1.1" 200 1747
200.72.197.82 - - [23/May/2018:11:24:18 -0300] "POST /cormun/servlet/hlogin?48bc07aff1e6d18762a9a752d1f4f4ad,gx-no-cache=1527085394729 HTTP/1.1" 200 90
200.72.197.82 - - [23/May/2018:11:24:18 -0300] "GET /cormun/servlet/hpexe_link HTTP/1.1" 200 953
200.72.197.82 - - [23/May/2018:11:24:18 -0300] "GET /cormun/servlet/hhome HTTP/1.1" 200 4217
200.72.197.82 - - [23/May/2018:11:24:19 -0300] "GET /cormun/servlet/hhome HTTP/1.1" 200 4213
200.54.18.251 - - [23/May/2018:11:24:22 -0300] "GET /cormun/servlet/trpermisosgoce? HTTP/1.1" 200 11037
200.54.18.251 - - [23/May/2018:11:24:23 -0300] "GET /cormun/servlet/trpermisosgoce? HTTP/1.1" 200 11027
186.103.157.42 - - [23/May/2018:11:24:24 -0300] "POST /cormun/servlet/solicitudot?gx-no-cache=1527085405641 HTTP/1.1" 200 1369
192.168.10.110 - - [23/May/2018:11:24:24 -0300] "POST /cormun/servlet/hlogin?4f75c59cd65210858283a69b0991729e,gx-no-cache=1527085404167 HTTP/1.1" 200 90
192.168.10.110 - - [23/May/2018:11:24:24 -0300] "GET /cormun/servlet/hpexe_link HTTP/1.1" 200 966
186.103.157.42 - - [23/May/2018:11:24:24 -0300] "POST /cormun/servlet/solicitudot?gx-no-cache=1527085405732 HTTP/1.1" 200 38
192.168.10.110 - - [23/May/2018:11:24:24 -0300] "GET /cormun/servlet/trsecurityuser01 HTTP/1.1" 200 12237
200.54.18.251 - - [23/May/2018:11:24:26 -0300] "GET /cormun/servlet/permisogoce?INS,0,,, HTTP/1.1" 200 7082
200.54.18.251 - - [23/May/2018:11:24:27 -0300] "GET /cormun/servlet/permisogoce?INS,0,,, HTTP/1.1" 200 7083
190.151.100.218 - - [23/May/2018:11:24:31 -0300] "GET /cormun/servlet/prfichaempleado?,MD,,gxPopupLevel%3D0%3B HTTP/1.1" 200 9380
186.103.132.155 - - [23/May/2018:11:24:39 -0300] "POST /cormun/servlet/prfichaempleado?48bc07aff1e6d18762a9a752d1f4f4ad,,MD,,gxPopupLevel%3D0%3B,gx-no-cache=1527085415356 HTTP/1.1" 200 3190
186.103.157.42 - - [23/May/2018:11:24:42 -0300] "GET /cormun/servlet/solicitudot?bd6e8954e1b9f53fd639bb11be8dbbfe899068dc2d871de3fced2ae7f2a09993606c46dc865850bea7731620b4e4106bde7aed83694d9fec587dafd2d192984061056b767544e942f021c030e18968ed1784d3c1b6321187b7ba855b4b799177b2496acc25be3ab14980e8cf28e84cd2,gx-no-cache=1527085424126 HTTP/1.1" 200 29
186.103.157.42 - - [23/May/2018:11:24:42 -0300] "POST /cormun/servlet/solicitudot?gx-no-cache=1527085424161 HTTP/1.1" 200 1351
186.103.157.42 - - [23/May/2018:11:24:42 -0300] "POST /cormun/servlet/solicitudot?gx-no-cache=1527085424229 HTTP/1.1" 200 1248
186.103.157.42 - - [23/May/2018:11:24:43 -0300] "GET /cormun/static/menuarrow.gif HTTP/1.1" 404 1015
186.103.157.42 - - [23/May/2018:11:24:45 -0300] "POST /cormun/servlet/solicitudot?gx-no-cache=1527085426350 HTTP/1.1" 200 1351
186.103.157.42 - - [23/May/2018:11:24:45 -0300] "POST /cormun/servlet/solicitudot?gx-no-cache=1527085426410 HTTP/1.1" 200 1248
186.103.157.42 - - [23/May/2018:11:24:47 -0300] "GET /cormun/servlet/solicitudot?bd6e8954e1b9f53fd639bb11be8dbbfe103dacb179145748569298e51d40bc231f7dad8fcf259efcfcd553a6d4d259dc,gx-no-cache=1527085428584 HTTP/1.1" 200 30
186.103.157.42 - - [23/May/2018:11:24:54 -0300] "POST /cormun/servlet/solicitudot?gx-no-cache=1527085435717 HTTP/1.1" 200 30
186.103.157.42 - - [23/May/2018:11:24:55 -0300] "POST /cormun/servlet/solicitudot?c5aa87d46e1ea46519f640b0d3256466,INS,0,0,,gx-no-cache=1527085436215 HTTP/1.1" 200 93
186.103.157.42 - - [23/May/2018:11:24:55 -0300] "GET /cormun/servlet/hpexe_return? HTTP/1.1" 200 1000
186.103.157.42 - - [23/May/2018:11:24:55 -0300] "GET /cormun/servlet/trsolicitudot HTTP/1.1" 200 10234
186.103.157.42 - - [23/May/2018:11:24:56 -0300] "GET /cormun/servlet/trsolicitudot HTTP/1.1" 200 10230
192.168.10.110 - - [23/May/2018:11:25:18 -0300] "GET /cormun/servlet/trsolicitudgral? HTTP/1.1" 200 28063
186.103.157.42 - - [23/May/2018:11:25:20 -0300] "POST /cormun/servlet/trsolicitudot?c5aa87d46e1ea46519f640b0d3256466,gx-no-cache=1527085461997 HTTP/1.1" 200 6807
186.103.157.42 - - [23/May/2018:11:25:21 -0300] "GET /cormun/static/Shared/jqueryui/images/ui-bg_highlight-soft_100_c6c2c8_1x100.png HTTP/1.1" 404 1117
186.103.157.42 - - [23/May/2018:11:25:21 -0300] "GET /cormun/static/Shared/jqueryui/images/ui-icons_82798d_256x240.png HTTP/1.1" 404 1089
186.103.157.42 - - [23/May/2018:11:25:21 -0300] "GET /cormun/static/Shared/jqueryui/images/ui-bg_flat_55_fafafa_40x100.png HTTP/1.1" 404 1097
186.103.157.42 - - [23/May/2018:11:25:21 -0300] "GET /cormun/static/Shared/jqueryui/images/ui-icons_8d78a5_256x240.png HTTP/1.1" 404 1089
186.103.157.42 - - [23/May/2018:11:25:21 -0300] "POST /cormun/servlet/trsolicitudot?c5aa87d46e1ea46519f640b0d3256466,gx-no-cache=1527085462494 HTTP/1.1" 200 6751
186.103.157.42 - - [23/May/2018:11:25:22 -0300] "POST /cormun/servlet/trsolicitudot?c5aa87d46e1ea46519f640b0d3256466,gx-no-cache=1527085463277 HTTP/1.1" 200 6531
186.103.157.42 - - [23/May/2018:11:25:22 -0300] "POST /cormun/servlet/trsolicitudot?c5aa87d46e1ea46519f640b0d3256466,gx-no-cache=1527085463585 HTTP/1.1" 200 6475
186.103.157.42 - - [23/May/2018:11:25:23 -0300] "POST /cormun/servlet/trsolicitudot?c5aa87d46e1ea46519f640b0d3256466,gx-no-cache=1527085464376 HTTP/1.1" 200 6244
186.103.157.42 - - [23/May/2018:11:25:23 -0300] "POST /cormun/servlet/trsolicitudot?c5aa87d46e1ea46519f640b0d3256466,gx-no-cache=1527085464708 HTTP/1.1" 200 6186
186.103.157.42 - - [23/May/2018:11:25:24 -0300] "POST /cormun/servlet/trsolicitudot?c5aa87d46e1ea46519f640b0d3256466,gx-no-cache=1527085465244 HTTP/1.1" 200 5907
186.103.157.42 - - [23/May/2018:11:25:24 -0300] "POST /cormun/servlet/trsolicitudot?c5aa87d46e1ea46519f640b0d3256466,gx-no-cache=1527085465532 HTTP/1.1" 200 5853
186.103.157.42 - - [23/May/2018:11:25:24 -0300] "POST /cormun/servlet/trsolicitudot?c5aa87d46e1ea46519f640b0d3256466,gx-no-cache=1527085466114 HTTP/1.1" 200 4688
186.103.157.42 - - [23/May/2018:11:25:25 -0300] "POST /cormun/servlet/trsolicitudot?c5aa87d46e1ea46519f640b0d3256466,gx-no-cache=1527085466336 HTTP/1.1" 200 4444
186.103.157.42 - - [23/May/2018:11:25:27 -0300] "GET /cormun/servlet/trautorizarsolicitud? HTTP/1.1" 200 10127
186.103.157.42 - - [23/May/2018:11:25:27 -0300] "GET /cormun/static/gxcfg.js?2017111423403364 HTTP/1.1" 304 -
186.103.157.42 - - [23/May/2018:11:25:27 -0300] "GET /cormun/static/trautorizarsolicitud.js?201711142340425 HTTP/1.1" 304 -
186.103.157.42 - - [23/May/2018:11:25:28 -0300] "GET /cormun/servlet/trautorizarsolicitud? HTTP/1.1" 200 10126
186.103.157.42 - - [23/May/2018:11:25:30 -0300] "POST /cormun/servlet/trautorizarsolicitud?c5aa87d46e1ea46519f640b0d3256466,,gx-no-cache=1527085471919 HTTP/1.1" 200 6732
186.103.157.42 - - [23/May/2018:11:25:30 -0300] "GET /cormun/static/Shared/jqueryui/images/ui-icons_82798d_256x240.png HTTP/1.1" 404 1089
186.103.157.42 - - [23/May/2018:11:25:30 -0300] "GET /cormun/static/Shared/jqueryui/images/ui-bg_highlight-soft_100_c6c2c8_1x100.png HTTP/1.1" 404 1117
186.103.157.42 - - [23/May/2018:11:25:31 -0300] "GET /cormun/static/Shared/jqueryui/images/ui-icons_8d78a5_256x240.png HTTP/1.1" 404 1089
186.103.157.42 - - [23/May/2018:11:25:31 -0300] "GET /cormun/static/Shared/jqueryui/images/ui-bg_flat_55_fafafa_40x100.png HTTP/1.1" 404 1097
186.103.157.42 - - [23/May/2018:11:25:31 -0300] "POST /cormun/servlet/trautorizarsolicitud?c5aa87d46e1ea46519f640b0d3256466,,gx-no-cache=1527085472345 HTTP/1.1" 200 6675
186.103.157.42 - - [23/May/2018:11:25:32 -0300] "POST /cormun/servlet/trautorizarsolicitud?c5aa87d46e1ea46519f640b0d3256466,,gx-no-cache=1527085473174 HTTP/1.1" 200 6458
186.103.157.42 - - [23/May/2018:11:25:32 -0300] "POST /cormun/servlet/trautorizarsolicitud?c5aa87d46e1ea46519f640b0d3256466,,gx-no-cache=1527085473475 HTTP/1.1" 200 6405
186.103.157.42 - - [23/May/2018:11:25:32 -0300] "POST /cormun/servlet/trautorizarsolicitud?c5aa87d46e1ea46519f640b0d3256466,,gx-no-cache=1527085474147 HTTP/1.1" 200 6171
186.103.157.42 - - [23/May/2018:11:25:33 -0300] "POST /cormun/servlet/trautorizarsolicitud?c5aa87d46e1ea46519f640b0d3256466,,gx-no-cache=1527085474456 HTTP/1.1" 200 6116
186.103.157.42 - - [23/May/2018:11:25:33 -0300] "POST /cormun/servlet/trautorizarsolicitud?c5aa87d46e1ea46519f640b0d3256466,,gx-no-cache=1527085474953 HTTP/1.1" 200 5832
186.103.157.42 - - [23/May/2018:11:25:34 -0300] "POST /cormun/servlet/trautorizarsolicitud?c5aa87d46e1ea46519f640b0d3256466,,gx-no-cache=1527085475202 HTTP/1.1" 200 5779
186.103.157.42 - - [23/May/2018:11:25:34 -0300] "POST /cormun/servlet/trautorizarsolicitud?c5aa87d46e1ea46519f640b0d3256466,,gx-no-cache=1527085475818 HTTP/1.1" 200 4620
186.103.157.42 - - [23/May/2018:11:25:34 -0300] "POST /cormun/servlet/trautorizarsolicitud?c5aa87d46e1ea46519f640b0d3256466,,gx-no-cache=1527085476029 HTTP/1.1" 200 4378
186.103.157.42 - - [23/May/2018:11:25:37 -0300] "GET /cormun/servlet/trsolicitudot? HTTP/1.1" 200 7452
186.103.157.42 - - [23/May/2018:11:25:38 -0300] "GET /cormun/servlet/trsolicitudot? HTTP/1.1" 200 7451
186.103.157.42 - - [23/May/2018:11:25:42 -0300] "GET /cormun/static/menuarrow.gif HTTP/1.1" 404 1015
186.103.157.42 - - [23/May/2018:11:25:54 -0300] "POST /cormun/servlet/trsolicitudot?c5aa87d46e1ea46519f640b0d3256466,,gx-no-cache=1527085495248 HTTP/1.1" 200 6181
186.103.157.42 - - [23/May/2018:11:25:59 -0300] "GET /cormun/servlet/trsolicitudadjuntos?2017,6996, HTTP/1.1" 200 9702
186.103.157.42 - - [23/May/2018:11:26:00 -0300] "GET /cormun/servlet/trsolicitudadjuntos?2017,6996, HTTP/1.1" 200 9705
186.103.157.42 - - [23/May/2018:11:26:03 -0300] "GET /cormun/servlet/trsolicitudadjuntos?2017,6996, HTTP/1.1" 200 9723
186.103.157.42 - - [23/May/2018:11:26:05 -0300] "GET /cormun/servlet/trsolicitudot? HTTP/1.1" 200 9175
186.103.157.42 - - [23/May/2018:11:26:06 -0300] "GET /cormun/servlet/trsolicitudot? HTTP/1.1" 200 9163
186.103.157.42 - - [23/May/2018:11:26:08 -0300] "GET /cormun/servlet/vesolicitudot?2018,10479,, HTTP/1.1" 200 8588
186.103.157.42 - - [23/May/2018:11:26:08 -0300] "GET /cormun/static/gxcfg.js?2017111422591385 HTTP/1.1" 200 953
186.103.157.42 - - [23/May/2018:11:26:08 -0300] "GET /cormun/pexe_scrolldiv.js HTTP/1.1" 404 1009
186.103.157.42 - - [23/May/2018:11:26:08 -0300] "GET /cormun/static/vesolicitudot.js?2017111422591449 HTTP/1.1" 200 6091
186.103.157.42 - - [23/May/2018:11:26:08 -0300] "GET /cormun/pexe_scrolldiv.js HTTP/1.1" 404 1009
186.103.157.42 - - [23/May/2018:11:26:08 -0300] "GET /cormun/static/hpexe_tabsview.js?201610171694228 HTTP/1.1" 200 1661
186.103.157.42 - - [23/May/2018:11:26:08 -0300] "GET /cormun/static/hwcviewtabs.js?20177611594913 HTTP/1.1" 200 1074
186.103.157.42 - - [23/May/2018:11:26:08 -0300] "GET /cormun/static/Resources/PXToolsTabFirstSelected.png HTTP/1.1" 200 1259
186.103.157.42 - - [23/May/2018:11:26:08 -0300] "GET /cormun/static/Resources/PXToolsTabLastUnselected.png HTTP/1.1" 200 1291
186.103.157.42 - - [23/May/2018:11:26:08 -0300] "GET /cormun/static/tbsolicitudot01.js?2017111422581186 HTTP/1.1" 200 30566
186.103.157.42 - - [23/May/2018:11:26:08 -0300] "GET /cormun/static/Resources/PXToolsTabPrevious.gif HTTP/1.1" 200 172
186.103.157.42 - - [23/May/2018:11:26:08 -0300] "GET /cormun/static/Resources/PXToolsTabNext.gif HTTP/1.1" 200 168
186.103.157.42 - - [23/May/2018:11:26:09 -0300] "GET /cormun/static/calendar-system.css HTTP/1.1" 200 5572
186.103.157.42 - - [23/May/2018:11:26:09 -0300] "GET /cormun/static/Resources/PXToolsTabBackUnselected.png HTTP/1.1" 200 1175
186.103.157.42 - - [23/May/2018:11:26:09 -0300] "GET /cormun/static/Resources/PXToolsTabBackSelected.png HTTP/1.1" 200 1157
186.103.157.42 - - [23/May/2018:11:26:09 -0300] "GET /cormun/static/Resources/PXToolsTabSelectedUnselected.png HTTP/1.1" 200 1428
186.103.157.42 - - [23/May/2018:11:26:09 -0300] "GET /cormun/static/Resources/PXToolsTabUnselectedUnselected.png HTTP/1.1" 200 1459
186.103.157.42 - - [23/May/2018:11:26:09 -0300] "GET /cormun/servlet/vesolicitudot?2018,10479,, HTTP/1.1" 200 8588
186.103.161.206 - - [23/May/2018:11:26:10 -0300] "GET /cormun/servlet/permisogoce?d3ff90c15bd0cec45e606c244a097a26e1cdf2e1eaa2137f1f64254f571e5f470d55a87fbf3b4720497367ddd481489004fd55ef476161b9f09b34bfb32199d2,gx-no-cache=1527085507029 HTTP/1.1" 200 82
200.112.6.235 - - [23/May/2018:11:26:20 -0300] "POST /cormun/servlet/licenciaspermisos?b768d114e182ee8d1b1987ff004339ba,INS,0,,,,gx-no-cache=1527085520563 HTTP/1.1" 200 5069
186.103.157.42 - - [23/May/2018:11:26:23 -0300] "GET /cormun/servlet/trsolicitudot? HTTP/1.1" 200 9163
186.103.157.42 - - [23/May/2018:11:26:24 -0300] "GET /cormun/servlet/trsolicitudot? HTTP/1.1" 200 9163
186.67.203.186 - - [23/May/2018:11:26:26 -0300] "GET /cormun/static/menuarrow.gif HTTP/1.1" 404 1015
186.103.157.42 - - [23/May/2018:11:26:29 -0300] "GET /cormun/servlet/solicitudot?INS,0,0, HTTP/1.1" 200 13691
192.168.4.251 - - [23/May/2018:11:26:29 -0300] "GET /cormun/servlet/hlogin HTTP/1.1" 200 1726
186.103.157.42 - - [23/May/2018:11:26:29 -0300] "GET /cormun/servlet/solicitudot?INS,0,0, HTTP/1.1" 200 13696
186.103.161.206 - - [23/May/2018:11:26:32 -0300] "GET /cormun/servlet/permisogoce?d3ff90c15bd0cec45e606c244a097a2628d7160fab286555e3026838563e2f936772e002890404ac258f40f85a7296b94e140216dc4b9bf7c483bbe2d8b2607e,gx-no-cache=1527085528997 HTTP/1.1" 200 48
186.103.161.206 - - [23/May/2018:11:26:36 -0300] "POST /cormun/servlet/permisogoce?48bc07aff1e6d18762a9a752d1f4f4ad,INS,0,,,,gx-no-cache=1527085532631 HTTP/1.1" 200 93
186.103.161.206 - - [23/May/2018:11:26:36 -0300] "GET /cormun/servlet/hpexe_return? HTTP/1.1" 200 1011
186.103.161.206 - - [23/May/2018:11:26:36 -0300] "GET /cormun/servlet/trpermisosgoce HTTP/1.1" 200 11222
186.103.161.206 - - [23/May/2018:11:26:37 -0300] "GET /cormun/servlet/trpermisosgoce HTTP/1.1" 200 11218
192.168.4.251 - - [23/May/2018:11:26:38 -0300] "POST /cormun/servlet/hlogin?ab1c8fe3326111a22fd591ca2f6e52cb,gx-no-cache=1527085545373 HTTP/1.1" 200 434
186.103.157.42 - - [23/May/2018:11:26:41 -0300] "POST /cormun/servlet/solicitudot?gx-no-cache=1527085542527 HTTP/1.1" 200 3292
186.103.157.42 - - [23/May/2018:11:26:41 -0300] "POST /cormun/servlet/solicitudot?c5aa87d46e1ea46519f640b0d3256466,INS,0,0,,gx-no-cache=1527085542702 HTTP/1.1" 200 10440
186.103.157.42 - - [23/May/2018:11:26:44 -0300] "GET /cormun/servlet/solicitudot?bd6e8954e1b9f53fd639bb11be8dbbfe863109fb93dc611e5d451ecf32a0047494b714574ec3c9f91626008ea2d75458,gx-no-cache=1527085545311 HTTP/1.1" 200 30
186.79.67.10 - - [23/May/2018:11:26:46 -0300] "GET /cormun/servlet/hlogin HTTP/1.1" 200 1713
192.168.4.251 - - [23/May/2018:11:26:47 -0300] "POST /cormun/servlet/hlogin?ab1c8fe3326111a22fd591ca2f6e52cb,gx-no-cache=1527085554038 HTTP/1.1" 200 434
186.79.67.10 - - [23/May/2018:11:26:47 -0300] "GET /cormun/servlet/hlogin HTTP/1.1" 200 1724
192.168.4.251 - - [23/May/2018:11:26:49 -0300] "POST /cormun/servlet/hlogin?ab1c8fe3326111a22fd591ca2f6e52cb,gx-no-cache=1527085556332 HTTP/1.1" 200 430
186.79.67.10 - - [23/May/2018:11:26:49 -0300] "POST /cormun/servlet/hlogin?3df211efc8376d53d529fcbd7f1bb034,gx-no-cache=1527081945296 HTTP/1.1" 200 90
186.79.67.10 - - [23/May/2018:11:26:49 -0300] "GET /cormun/servlet/hpexe_link HTTP/1.1" 200 948
186.79.67.10 - - [23/May/2018:11:26:50 -0300] "GET /cormun/servlet/hhome HTTP/1.1" 200 3927
186.79.67.10 - - [23/May/2018:11:26:51 -0300] "GET /cormun/servlet/hhome HTTP/1.1" 200 3923
186.79.67.10 - - [23/May/2018:11:26:52 -0300] "GET /favicon.ico HTTP/1.1" 200 21630
192.168.4.251 - - [23/May/2018:11:26:55 -0300] "POST /cormun/servlet/hlogin?ab1c8fe3326111a22fd591ca2f6e52cb,gx-no-cache=1527085562168 HTTP/1.1" 200 90
192.168.4.251 - - [23/May/2018:11:26:55 -0300] "GET /cormun/servlet/hpexe_link HTTP/1.1" 200 955
192.168.4.251 - - [23/May/2018:11:26:55 -0300] "GET /cormun/servlet/hhome HTTP/1.1" 200 4492
192.168.4.251 - - [23/May/2018:11:26:56 -0300] "GET /cormun/servlet/hhome HTTP/1.1" 200 4489
186.79.67.10 - - [23/May/2018:11:26:58 -0300] "GET /cormun/servlet/trlicencias? HTTP/1.1" 200 10304
186.79.67.10 - - [23/May/2018:11:26:59 -0300] "GET /cormun/servlet/trlicencias? HTTP/1.1" 200 10301
200.112.6.235 - - [23/May/2018:11:27:27 -0300] "GET /cormun/servlet/trsolicitudot? HTTP/1.1" 200 7257
192.168.4.251 - - [23/May/2018:11:27:27 -0300] "GET /cormun/servlet/trsolicitudgral? HTTP/1.1" 200 27669
200.112.6.235 - - [23/May/2018:11:27:28 -0300] "GET /cormun/servlet/trsolicitudot? HTTP/1.1" 200 7249
192.168.4.251 - - [23/May/2018:11:27:29 -0300] "GET /cormun/servlet/trsolicitudgral? HTTP/1.1" 200 27667
192.168.4.251 - - [23/May/2018:11:27:51 -0300] "POST /cormun/servlet/trsolicitudgral?ab1c8fe3326111a22fd591ca2f6e52cb,,gx-no-cache=1527085617015 HTTP/1.1" 200 26498
192.168.4.251 - - [23/May/2018:11:27:57 -0300] "POST /cormun/servlet/trsolicitudgral?ab1c8fe3326111a22fd591ca2f6e52cb,,gx-no-cache=1527085623331 HTTP/1.1" 200 105
192.168.4.251 - - [23/May/2018:11:27:57 -0300] "GET /cormun/SolicitudGral-9705.xls HTTP/1.1" 200 31232
200.112.6.235 - - [23/May/2018:11:28:19 -0300] "GET /cormun/Manuales/ManualSolicitud.pdf HTTP/1.1" 200 850295
192.168.4.251 - - [23/May/2018:11:28:48 -0300] "POST /cormun/servlet/trsolicitudgral?ab1c8fe3326111a22fd591ca2f6e52cb,,gx-no-cache=1527085672579 HTTP/1.1" 200 26587
186.103.157.42 - - [23/May/2018:11:28:51 -0300] "GET /cormun/servlet/prbanco?,MD,,gxPopupLevel%3D0%3B HTTP/1.1" 200 6700
186.103.157.42 - - [23/May/2018:11:28:51 -0300] "GET /cormun/static/gxcfg.js?20181161016094 HTTP/1.1" 200 953
186.103.157.42 - - [23/May/2018:11:28:51 -0300] "GET /cormun/static/prbanco.js?2018116101633 HTTP/1.1" 200 10693
192.168.4.251 - - [23/May/2018:11:28:52 -0300] "POST /cormun/servlet/trsolicitudgral?ab1c8fe3326111a22fd591ca2f6e52cb,,gx-no-cache=1527085678103 HTTP/1.1" 200 105
192.168.4.251 - - [23/May/2018:11:28:52 -0300] "GET /cormun/SolicitudGral-3928.xls HTTP/1.1" 200 29184
186.103.157.42 - - [23/May/2018:11:28:57 -0300] "POST /cormun/servlet/prbanco?c5aa87d46e1ea46519f640b0d3256466,,MD,,gxPopupLevel%3D0%3B,gx-no-cache=1527085678105 HTTP/1.1" 200 2543
186.103.157.42 - - [23/May/2018:11:29:03 -0300] "POST /cormun/servlet/prbanco?c5aa87d46e1ea46519f640b0d3256466,,MD,,gxPopupLevel%3D0%3B,gx-no-cache=1527085684343 HTTP/1.1" 200 2548
186.103.157.42 - - [23/May/2018:11:29:07 -0300] "GET /cormun/servlet/solicitudot?bd6e8954e1b9f53fd639bb11be8dbbfe990c28b93d31659fe47c5c12686e5a8b1e1ca113eee07cc830ef6cf778839353,gx-no-cache=1527085688635 HTTP/1.1" 200 30
200.112.6.235 - - [23/May/2018:11:29:07 -0300] "GET /cormun/servlet/trsolicitudot? HTTP/1.1" 200 7257
200.112.6.235 - - [23/May/2018:11:29:08 -0300] "GET /cormun/servlet/trsolicitudot? HTTP/1.1" 200 7249
186.103.157.42 - - [23/May/2018:11:29:08 -0300] "GET /cormun/servlet/prbanco?,MD,,gxPopupLevel%3D0%3B HTTP/1.1" 200 6700
200.112.6.235 - - [23/May/2018:11:29:13 -0300] "GET /cormun/servlet/trsolicitudot? HTTP/1.1" 200 7249
200.112.6.235 - - [23/May/2018:11:29:13 -0300] "GET /cormun/servlet/trsolicitudot? HTTP/1.1" 200 7249
186.103.157.42 - - [23/May/2018:11:29:17 -0300] "GET /cormun/servlet/solicitudot?bd6e8954e1b9f53fd639bb11be8dbbfe635f35b5919a899b4313e3a4f8a1fad7,gx-no-cache=1527085698818 HTTP/1.1" 200 45
200.112.6.235 - - [23/May/2018:11:29:18 -0300] "GET /cormun/servlet/solicitudot?INS,0,0, HTTP/1.1" 200 13656
200.112.6.235 - - [23/May/2018:11:29:18 -0300] "GET /cormun/servlet/solicitudot?INS,0,0, HTTP/1.1" 200 13661
200.112.6.235 - - [23/May/2018:11:29:23 -0300] "POST /cormun/servlet/solicitudot?gx-no-cache=1527085703838 HTTP/1.1" 200 3341
200.112.6.235 - - [23/May/2018:11:29:23 -0300] "GET /cormun/static/Shared/jqueryui/images/ui-bg_highlight-soft_100_c6c2c8_1x100.png HTTP/1.1" 404 1117
200.112.6.235 - - [23/May/2018:11:29:23 -0300] "GET /cormun/static/Shared/jqueryui/images/ui-icons_82798d_256x240.png HTTP/1.1" 404 1089
200.112.6.235 - - [23/May/2018:11:29:23 -0300] "GET /cormun/servlet/solicitudot?8c18e155b61b1976688aefcb98172af32ca7bce65765b4bf25355184135cb041,gx-no-cache=1527085704287 HTTP/1.1" 200 111
200.112.6.235 - - [23/May/2018:11:29:23 -0300] "GET /cormun/static/Shared/jqueryui/images/ui-bg_flat_55_994d53_40x100.png HTTP/1.1" 404 1097
200.112.6.235 - - [23/May/2018:11:29:23 -0300] "GET /cormun/static/Shared/jqueryui/images/ui-icons_ebccce_256x240.png HTTP/1.1" 404 1089
186.79.67.10 - - [23/May/2018:11:29:24 -0300] "GET /cormun/servlet/hlogin HTTP/1.1" 200 1717
186.103.157.42 - - [23/May/2018:11:29:28 -0300] "POST /cormun/servlet/solicitudot?gx-no-cache=1527085709425 HTTP/1.1" 200 255
200.112.6.235 - - [23/May/2018:11:29:28 -0300] "GET /cormun/servlet/solicitudot?8c18e155b61b1976688aefcb98172af32ca7bce65765b4bf25355184135cb041,gx-no-cache=1527085708992 HTTP/1.1" 200 111
186.103.157.42 - - [23/May/2018:11:29:34 -0300] "GET /cormun/servlet/solicitudot?bd6e8954e1b9f53fd639bb11be8dbbfe12e361d2b636f7afd11a7575cfd471aeca8c23317ac56aaa35edf85f2bb789d0197cbdb0b6de14a1c6cfb5109248883bf639973f299001fd8a4f874f4cb2e63a35a0a0643194507cc1ce38dc4dc8551bc5ec4b6986460c9bd7f8261135d8972d8e5253c4b382d30bc287f9bdf4a92a934535ca46fcd49fa74d51cfe8530a0bd7be8749771ee1ecc7a0dc1e13d88d45491f483f18da2f6d3632044bec9e3d0b8b934d4b732f479a793502fa0b6a7d10557d36bae7590595e75bafab9ff5bc6f41fcfad2b4f0ed81c646b7fbb0c8c2bf231ee9dbbb70f8135d9cbfa3e0d7d2d6734958cc0acce665ef033565bb8f6de014a4e6659473f5f621f5d0da69f4512a61e347039b0ffe858365d016eae8e172eb72c2c35af84689e73dccdceec362667fc678249594a096687378c40359e30e0fec194867dcae8aea618ddd4ee14d1e2d6ce512d286bb28a779c56939797bfa38a063d92444ea9f8b9800895eaff75634fd41ace8b7004ffb8ec2d37344a2edac,gx-no-cache=1527085715922 HTTP/1.1" 200 30
186.103.157.42 - - [23/May/2018:11:29:37 -0300] "POST /cormun/servlet/solicitudot?gx-no-cache=1527085718408 HTTP/1.1" 200 30
186.103.157.42 - - [23/May/2018:11:29:40 -0300] "POST /cormun/servlet/solicitudot?gx-no-cache=1527085721366 HTTP/1.1" 200 1369
186.103.157.42 - - [23/May/2018:11:29:40 -0300] "POST /cormun/servlet/solicitudot?gx-no-cache=1527085721466 HTTP/1.1" 200 38
192.168.4.251 - - [23/May/2018:11:29:41 -0300] "POST /cormun/servlet/trsolicitudgral?ab1c8fe3326111a22fd591ca2f6e52cb,,gx-no-cache=1527085726800 HTTP/1.1" 200 22337
192.168.4.251 - - [23/May/2018:11:29:45 -0300] "POST /cormun/servlet/trsolicitudgral?ab1c8fe3326111a22fd591ca2f6e52cb,,gx-no-cache=1527085730818 HTTP/1.1" 200 105
192.168.4.251 - - [23/May/2018:11:29:45 -0300] "GET /cormun/SolicitudGral-8295.xls HTTP/1.1" 200 23040
186.103.157.42 - - [23/May/2018:11:30:10 -0300] "GET /cormun/servlet/solicitudot?bd6e8954e1b9f53fd639bb11be8dbbfe899068dc2d871de3fced2ae7f2a09993606c46dc865850bea7731620b4e4106bde7aed83694d9fec587dafd2d192984061056b767544e942f021c030e18968ed1784d3c1b6321187b7ba855b4b799177b2496acc25be3ab14980e8cf28e84cd2,gx-no-cache=1527085751936 HTTP/1.1" 200 29
186.103.157.42 - - [23/May/2018:11:30:10 -0300] "POST /cormun/servlet/solicitudot?gx-no-cache=1527085751997 HTTP/1.1" 200 1351
186.103.157.42 - - [23/May/2018:11:30:10 -0300] "POST /cormun/servlet/solicitudot?gx-no-cache=1527085752130 HTTP/1.1" 200 1249
186.103.157.42 - - [23/May/2018:11:30:10 -0300] "GET /cormun/static/menuarrow.gif HTTP/1.1" 404 1015
186.103.157.42 - - [23/May/2018:11:30:12 -0300] "POST /cormun/servlet/solicitudot?gx-no-cache=1527085754046 HTTP/1.1" 200 1351
186.103.157.42 - - [23/May/2018:11:30:12 -0300] "POST /cormun/servlet/solicitudot?gx-no-cache=1527085754122 HTTP/1.1" 200 1249
186.103.157.42 - - [23/May/2018:11:30:14 -0300] "GET /cormun/servlet/solicitudot?bd6e8954e1b9f53fd639bb11be8dbbfe103dacb179145748569298e51d40bc231f7dad8fcf259efcfcd553a6d4d259dc,gx-no-cache=1527085755752 HTTP/1.1" 200 30
192.168.4.251 - - [23/May/2018:11:30:17 -0300] "GET /cormun/servlet/hlogin HTTP/1.1" 200 1743
186.103.157.42 - - [23/May/2018:11:30:25 -0300] "POST /cormun/servlet/solicitudot?gx-no-cache=1527085766408 HTTP/1.1" 200 30
186.103.156.24 - - [23/May/2018:11:30:28 -0300] "GET /cormun/servlet/hlogin HTTP/1.1" 200 1720
186.103.156.24 - - [23/May/2018:11:30:28 -0300] "GET /cormun/servlet/hlogin HTTP/1.1" 200 1730
200.112.6.235 - - [23/May/2018:11:30:30 -0300] "GET /cormun/servlet/trsolicitudot? HTTP/1.1" 200 7249
200.112.6.235 - - [23/May/2018:11:30:31 -0300] "GET /cormun/servlet/trsolicitudot? HTTP/1.1" 200 7249
186.103.157.42 - - [23/May/2018:11:30:38 -0300] "POST /cormun/servlet/solicitudot?gx-no-cache=1527085780117 HTTP/1.1" 200 1369
186.103.157.42 - - [23/May/2018:11:30:38 -0300] "POST /cormun/servlet/solicitudot?gx-no-cache=1527085780206 HTTP/1.1" 200 41
186.103.157.42 - - [23/May/2018:11:30:39 -0300] "POST /cormun/servlet/solicitudot?gx-no-cache=1527085780269 HTTP/1.1" 200 1351
186.103.157.42 - - [23/May/2018:11:30:39 -0300] "POST /cormun/servlet/solicitudot?gx-no-cache=1527085780349 HTTP/1.1" 200 1249
200.112.6.235 - - [23/May/2018:11:30:39 -0300] "GET /cormun/servlet/solicitudot?INS,0,0, HTTP/1.1" 200 13656
186.103.157.42 - - [23/May/2018:11:30:40 -0300] "POST /cormun/servlet/solicitudot?gx-no-cache=1527085781492 HTTP/1.1" 200 1369
186.103.157.42 - - [23/May/2018:11:30:40 -0300] "POST /cormun/servlet/solicitudot?gx-no-cache=1527085781589 HTTP/1.1" 200 41
186.103.157.42 - - [23/May/2018:11:30:40 -0300] "POST /cormun/servlet/solicitudot?gx-no-cache=1527085781637 HTTP/1.1" 200 1351
186.103.157.42 - - [23/May/2018:11:30:40 -0300] "POST /cormun/servlet/solicitudot?gx-no-cache=1527085781736 HTTP/1.1" 200 1249
200.112.6.235 - - [23/May/2018:11:30:40 -0300] "GET /cormun/servlet/solicitudot?INS,0,0, HTTP/1.1" 200 13661
186.103.157.42 - - [23/May/2018:11:30:44 -0300] "POST /cormun/servlet/solicitudot?gx-no-cache=1527085785771 HTTP/1.1" 200 30
186.103.157.42 - - [23/May/2018:11:30:44 -0300] "POST /cormun/servlet/solicitudot?c5aa87d46e1ea46519f640b0d3256466,INS,0,0,,gx-no-cache=1527085785872 HTTP/1.1" 200 11900
186.103.157.42 - - [23/May/2018:11:30:44 -0300] "GET /cormun/static/Shared/jqueryui/images/ui-bg_highlight-soft_100_c6c2c8_1x100.png HTTP/1.1" 404 1117
186.103.157.42 - - [23/May/2018:11:30:44 -0300] "GET /cormun/static/Shared/jqueryui/images/ui-icons_82798d_256x240.png HTTP/1.1" 404 1089
186.103.157.42 - - [23/May/2018:11:30:44 -0300] "GET /cormun/static/Shared/jqueryui/images/ui-icons_ebccce_256x240.png HTTP/1.1" 404 1089
186.103.157.42 - - [23/May/2018:11:30:44 -0300] "GET /cormun/static/Shared/jqueryui/images/ui-bg_flat_55_994d53_40x100.png HTTP/1.1" 404 1097
200.112.6.235 - - [23/May/2018:11:30:45 -0300] "GET /cormun/servlet/prfichaempleado?,MD,,gxPopupLevel%3D0%3B HTTP/1.1" 200 9371
186.103.156.24 - - [23/May/2018:11:31:02 -0300] "POST /cormun/servlet/hlogin?c74df2e3b3a260875b781800c84712a5,gx-no-cache=1527085801299 HTTP/1.1" 200 90
186.103.156.24 - - [23/May/2018:11:31:02 -0300] "GET /cormun/servlet/hpexe_link HTTP/1.1" 200 952
186.103.156.24 - - [23/May/2018:11:31:02 -0300] "GET /cormun/servlet/hhome HTTP/1.1" 200 4236
186.103.156.24 - - [23/May/2018:11:31:02 -0300] "GET /cormun/servlet/hhome HTTP/1.1" 200 4232
200.112.6.235 - - [23/May/2018:11:31:03 -0300] "POST /cormun/servlet/prfichaempleado?b768d114e182ee8d1b1987ff004339ba,,MD,,gxPopupLevel%3D0%3B,gx-no-cache=1527085803039 HTTP/1.1" 200 6331
200.112.6.235 - - [23/May/2018:11:31:03 -0300] "GET /cormun/static/Resources/PXToolsGridFirst.gif HTTP/1.1" 200 379
200.112.6.235 - - [23/May/2018:11:31:03 -0300] "GET /cormun/static/Resources/PXToolsGridPrevious.gif HTTP/1.1" 200 369
200.112.6.235 - - [23/May/2018:11:31:03 -0300] "GET /cormun/static/Resources/PXToolsGridNext.gif HTTP/1.1" 200 369
200.112.6.235 - - [23/May/2018:11:31:03 -0300] "GET /cormun/static/Resources/PXToolsGridLast.gif HTTP/1.1" 200 370
200.112.6.235 - - [23/May/2018:11:31:12 -0300] "POST /cormun/servlet/prfichaempleado?b768d114e182ee8d1b1987ff004339ba,,MD,,gxPopupLevel%3D0%3B,gx-no-cache=1527085812274 HTTP/1.1" 200 6419
186.103.156.24 - - [23/May/2018:11:31:15 -0300] "GET /cormun/servlet/trvisualizadoreventos? HTTP/1.1" 200 6995
186.103.156.24 - - [23/May/2018:11:31:15 -0300] "GET /cormun/static/gxcfg.js?20175251251426 HTTP/1.1" 200 953
186.103.156.24 - - [23/May/2018:11:31:15 -0300] "GET /cormun/static/trvisualizadoreventos.js?20175251251768 HTTP/1.1" 200 19318
186.103.156.24 - - [23/May/2018:11:31:16 -0300] "GET /cormun/static/Resources/PXToolsActionPrint.png HTTP/1.1" 200 3317
186.103.156.24 - - [23/May/2018:11:31:16 -0300] "GET /cormun/servlet/trvisualizadoreventos? HTTP/1.1" 200 6994
200.112.6.235 - - [23/May/2018:11:31:21 -0300] "POST /cormun/servlet/prfichaempleado?b768d114e182ee8d1b1987ff004339ba,,MD,,gxPopupLevel%3D0%3B,gx-no-cache=1527085820979 HTTP/1.1" 200 6419
186.103.156.24 - - [23/May/2018:11:31:22 -0300] "POST /cormun/servlet/trvisualizadoreventos?c74df2e3b3a260875b781800c84712a5,,gx-no-cache=1527085821869 HTTP/1.1" 200 4131
186.103.157.42 - - [23/May/2018:11:31:25 -0300] "GET /cormun/servlet/solicitudot?bd6e8954e1b9f53fd639bb11be8dbbfe12e361d2b636f7afd11a7575cfd471aeca8c23317ac56aaa35edf85f2bb789d0197cbdb0b6de14a1c6cfb5109248883bf639973f299001fd8a4f874f4cb2e63a35a0a0643194507cc1ce38dc4dc8551bc5ec4b6986460c9bd7f8261135d8972d8e5253c4b382d30bc287f9bdf4a92a934535ca46fcd49fa74d51cfe8530a0bd7be8749771ee1ecc7a0dc1e13d88d45491f483f18da2f6d3632044bec9e3d0b8b934d4b732f479a793502fa0b6a7d10557d36bae7590595e75bafab9ff5bc6f41fcfad2b4f0ed81c646b7fbb0c8c2bf231ee9dbbb70f8135d9cbfa3e0d7d2d6734958cc0acce665ef033565bb8f6de014a4e6659473f5f621f5d0da69f4512a61e347039b0ffe858365d016eae8e172eb72c2c35af84689e73dccdceec362667fc678249594a096687378c40359e30e0fec194867dcae8aea618ddd4ee14d1e2d6ce512d286bb28a779c56939797bfa38a063d92444ea9f8b9800895eaff75634c752d85a2ffee46679ea1e1f870239a8,gx-no-cache=1527085826853 HTTP/1.1" 200 30
186.103.157.42 - - [23/May/2018:11:31:25 -0300] "POST /cormun/servlet/solicitudot?gx-no-cache=1527085827216 HTTP/1.1" 200 30
186.103.157.42 - - [23/May/2018:11:31:26 -0300] "POST /cormun/servlet/solicitudot?gx-no-cache=1527085827288 HTTP/1.1" 200 1369
186.103.157.42 - - [23/May/2018:11:31:26 -0300] "POST /cormun/servlet/solicitudot?gx-no-cache=1527085827387 HTTP/1.1" 200 41
186.103.157.42 - - [23/May/2018:11:31:26 -0300] "POST /cormun/servlet/solicitudot?gx-no-cache=1527085827454 HTTP/1.1" 200 1351
192.168.10.110 - - [23/May/2018:11:31:26 -0300] "POST /cormun/servlet/trsolicitudgral?4f75c59cd65210858283a69b0991729e,,gx-no-cache=1527085825901 HTTP/1.1" 200 7868
186.103.157.42 - - [23/May/2018:11:31:26 -0300] "POST /cormun/servlet/solicitudot?gx-no-cache=1527085827551 HTTP/1.1" 200 1249
186.103.157.42 - - [23/May/2018:11:31:26 -0300] "GET /cormun/servlet/solicitudot?bd6e8954e1b9f53fd639bb11be8dbbfe103dacb179145748569298e51d40bc231f7dad8fcf259efcfcd553a6d4d259dc,gx-no-cache=1527085827637 HTTP/1.1" 200 30
186.103.157.42 - - [23/May/2018:11:31:26 -0300] "POST /cormun/servlet/solicitudot?gx-no-cache=1527085827679 HTTP/1.1" 200 30
186.103.157.42 - - [23/May/2018:11:31:27 -0300] "POST /cormun/servlet/solicitudot?c5aa87d46e1ea46519f640b0d3256466,INS,0,0,,gx-no-cache=1527085827756 HTTP/1.1" 200 93
186.103.157.42 - - [23/May/2018:11:31:27 -0300] "GET /cormun/servlet/hpexe_return? HTTP/1.1" 200 1000
186.103.157.42 - - [23/May/2018:11:31:27 -0300] "GET /cormun/servlet/trsolicitudot HTTP/1.1" 200 9507
200.112.6.235 - - [23/May/2018:11:31:27 -0300] "POST /cormun/servlet/prfichaempleado?b768d114e182ee8d1b1987ff004339ba,,MD,,gxPopupLevel%3D0%3B,gx-no-cache=1527085827164 HTTP/1.1" 200 6487
186.103.157.42 - - [23/May/2018:11:31:28 -0300] "GET /cormun/servlet/trsolicitudot HTTP/1.1" 200 9502
186.103.156.24 - - [23/May/2018:11:31:30 -0300] "GET /cormun/servlet/trcontratounov2? HTTP/1.1" 200 17379
186.103.156.24 - - [23/May/2018:11:31:30 -0300] "GET /cormun/static/gxcfg.js?201752512124396 HTTP/1.1" 200 953
186.103.156.24 - - [23/May/2018:11:31:30 -0300] "GET /cormun/static/Resources/PXToolsAddSelectedAction.png HTTP/1.1" 200 3660
186.103.156.24 - - [23/May/2018:11:31:31 -0300] "GET /cormun/servlet/trcontratounov2? HTTP/1.1" 200 17363
200.112.6.235 - - [23/May/2018:11:31:33 -0300] "POST /cormun/servlet/prfichaempleado?b768d114e182ee8d1b1987ff004339ba,,MD,,gxPopupLevel%3D0%3B,gx-no-cache=1527085833540 HTTP/1.1" 200 6487
186.103.157.42 - - [23/May/2018:11:31:34 -0300] "GET /cormun/servlet/solicitudot?INS,0,0, HTTP/1.1" 200 13689
186.103.157.42 - - [23/May/2018:11:31:34 -0300] "GET /cormun/servlet/solicitudot?INS,0,0, HTTP/1.1" 200 13694
200.112.6.235 - - [23/May/2018:11:31:38 -0300] "POST /cormun/servlet/prfichaempleado?b768d114e182ee8d1b1987ff004339ba,,MD,,gxPopupLevel%3D0%3B,gx-no-cache=1527085838218 HTTP/1.1" 200 6300
186.103.157.42 - - [23/May/2018:11:31:45 -0300] "POST /cormun/servlet/solicitudot?gx-no-cache=1527085846441 HTTP/1.1" 200 3292
186.103.157.42 - - [23/May/2018:11:31:45 -0300] "POST /cormun/servlet/solicitudot?c5aa87d46e1ea46519f640b0d3256466,INS,0,0,,gx-no-cache=1527085846686 HTTP/1.1" 200 10438
186.103.157.42 - - [23/May/2018:11:31:45 -0300] "GET /cormun/servlet/solicitudot?bd6e8954e1b9f53fd639bb11be8dbbfead628ced41e6a73a503d6e2b13895622a86cb8df7f4f6ce1de0dd2c6f22ab7ed,gx-no-cache=1527085846928 HTTP/1.1" 200 111
186.103.157.42 - - [23/May/2018:11:31:45 -0300] "GET /cormun/static/Shared/jqueryui/images/ui-bg_highlight-soft_100_c6c2c8_1x100.png HTTP/1.1" 404 1117
186.103.157.42 - - [23/May/2018:11:31:45 -0300] "GET /cormun/static/Shared/jqueryui/images/ui-icons_82798d_256x240.png HTTP/1.1" 404 1089
186.103.157.42 - - [23/May/2018:11:31:45 -0300] "GET /cormun/static/Shared/jqueryui/images/ui-icons_ebccce_256x240.png HTTP/1.1" 404 1089
186.103.157.42 - - [23/May/2018:11:31:45 -0300] "GET /cormun/static/Shared/jqueryui/images/ui-bg_flat_55_994d53_40x100.png HTTP/1.1" 404 1097
200.112.6.235 - - [23/May/2018:11:31:52 -0300] "POST /cormun/servlet/prfichaempleado?b768d114e182ee8d1b1987ff004339ba,,MD,,gxPopupLevel%3D0%3B,gx-no-cache=1527085852941 HTTP/1.1" 200 3420
186.103.156.24 - - [23/May/2018:11:32:02 -0300] "GET /cormun/servlet/trcontratosolicitud? HTTP/1.1" 200 14299
186.103.156.24 - - [23/May/2018:11:32:02 -0300] "GET /cormun/static/gxcfg.js?20177612214014 HTTP/1.1" 200 953
186.103.156.24 - - [23/May/2018:11:32:02 -0300] "GET /cormun/static/trcontratosolicitud.js?20177612214349 HTTP/1.1" 200 28237
