200.112.233.47 - - [23/May/2018:16:16:31 -0300] "POST /cormun/servlet/solicitudot?gx-no-cache=1527102929224 HTTP/1.1" 200 3442
200.112.233.47 - - [23/May/2018:16:16:31 -0300] "GET /cormun/static/Shared/jqueryui/images/ui-icons_82798d_256x240.png HTTP/1.1" 404 1089
200.112.233.47 - - [23/May/2018:16:16:31 -0300] "GET /cormun/static/Shared/jqueryui/images/ui-bg_highlight-soft_100_c6c2c8_1x100.png HTTP/1.1" 404 1117
200.112.233.47 - - [23/May/2018:16:16:31 -0300] "GET /cormun/static/Shared/jqueryui/images/ui-icons_ebccce_256x240.png HTTP/1.1" 404 1089
200.112.233.47 - - [23/May/2018:16:16:31 -0300] "GET /cormun/static/Shared/jqueryui/images/ui-bg_flat_55_994d53_40x100.png HTTP/1.1" 404 1097
200.112.233.47 - - [23/May/2018:16:16:34 -0300] "GET /cormun/servlet/solicitudot?5232e49200af2e26ce9112a37b5224203f103597a83b888c882fde9b71a671f52f0370d8cec155b2195e6854daf4cac1,gx-no-cache=1527102933790 HTTP/1.1" 200 111
200.112.233.47 - - [23/May/2018:16:16:36 -0300] "GET /cormun/servlet/prfichaempleado?,MD,,gxPopupLevel%3D0%3B HTTP/1.1" 200 9381
200.112.233.47 - - [23/May/2018:16:16:51 -0300] "POST /cormun/servlet/prfichaempleado?1786683aa72099b25ff477090a7def62,,MD,,gxPopupLevel%3D0%3B,gx-no-cache=1527102950248 HTTP/1.1" 200 3429
200.112.6.235 - - [23/May/2018:16:16:57 -0300] "GET /cormun/servlet/solicitudot?3ecbc82ed3c3eaa3d09bef61cc0a40689afbd477d774ddb9c46e9b7af92a41a5,gx-no-cache=1527102958058 HTTP/1.1" 200 53
200.112.233.47 - - [23/May/2018:16:17:06 -0300] "POST /cormun/servlet/solicitudot?gx-no-cache=1527102957957 HTTP/1.1" 200 3442
200.112.233.47 - - [23/May/2018:16:17:07 -0300] "GET /cormun/servlet/solicitudot?5232e49200af2e26ce9112a37b5224203f103597a83b888c882fde9b71a671f52f0370d8cec155b2195e6854daf4cac1,gx-no-cache=1527102966447 HTTP/1.1" 200 111
200.112.233.47 - - [23/May/2018:16:17:09 -0300] "GET /cormun/servlet/prfichaempleado?,MD,,gxPopupLevel%3D0%3B HTTP/1.1" 200 9381
192.168.10.89 - - [23/May/2018:16:17:18 -0300] "GET /cormun/servlet/hlogin HTTP/1.1" 200 1722
200.112.233.47 - - [23/May/2018:16:17:19 -0300] "POST /cormun/servlet/prfichaempleado?1786683aa72099b25ff477090a7def62,,MD,,gxPopupLevel%3D0%3B,gx-no-cache=1527102978847 HTTP/1.1" 200 3430
192.168.10.89 - - [23/May/2018:16:17:27 -0300] "POST /cormun/servlet/hlogin?ff8061d38d4af8f0de7d2ea42aaaa160,gx-no-cache=1527102854718 HTTP/1.1" 200 90
192.168.10.89 - - [23/May/2018:16:17:27 -0300] "GET /cormun/servlet/hpexe_link HTTP/1.1" 200 954
192.168.10.89 - - [23/May/2018:16:17:27 -0300] "GET /cormun/servlet/hhome HTTP/1.1" 200 4925
200.112.233.47 - - [23/May/2018:16:17:27 -0300] "POST /cormun/servlet/solicitudot?gx-no-cache=1527102983298 HTTP/1.1" 200 3442
200.112.233.47 - - [23/May/2018:16:17:28 -0300] "GET /cormun/servlet/solicitudot?5232e49200af2e26ce9112a37b5224203f103597a83b888c882fde9b71a671f52f0370d8cec155b2195e6854daf4cac1,gx-no-cache=1527102987299 HTTP/1.1" 200 111
192.168.10.89 - - [23/May/2018:16:17:31 -0300] "GET /cormun/servlet/trsolicitudgral? HTTP/1.1" 200 28384
200.112.233.47 - - [23/May/2018:16:17:40 -0300] "GET /cormun/servlet/solicitudot?5232e49200af2e26ce9112a37b52242024a3a85736bda6692019ece68dca7927072f65dae8de7c0fba31b9444efa4ccf,gx-no-cache=1527102999870 HTTP/1.1" 200 30
192.168.10.89 - - [23/May/2018:16:17:48 -0300] "POST /cormun/servlet/trsolicitudgral?ff8061d38d4af8f0de7d2ea42aaaa160,,gx-no-cache=1527102876097 HTTP/1.1" 200 10580
200.112.6.235 - - [23/May/2018:16:17:51 -0300] "GET /cormun/servlet/prbanco?,MD,,gxPopupLevel%3D0%3B HTTP/1.1" 200 6651
200.112.6.235 - - [23/May/2018:16:18:06 -0300] "POST /cormun/servlet/prbanco?34131010cfc397ec1ffe053aa15a07d0,,MD,,gxPopupLevel%3D0%3B,gx-no-cache=1527103027139 HTTP/1.1" 200 3869
192.168.10.89 - - [23/May/2018:16:18:25 -0300] "POST /cormun/servlet/trsolicitudgral?ff8061d38d4af8f0de7d2ea42aaaa160,,gx-no-cache=1527102913360 HTTP/1.1" 200 116
192.168.10.89 - - [23/May/2018:16:18:25 -0300] "GET /cormun/servlet/solicitudotlog?INS,2018,11521,0,REC, HTTP/1.1" 200 6727
192.168.10.89 - - [23/May/2018:16:18:25 -0300] "GET /cormun/static/gxcfg.js?2017761245646 HTTP/1.1" 200 953
192.168.10.89 - - [23/May/2018:16:18:25 -0300] "GET /cormun/static/solicitudotlog.js?2017761245655 HTTP/1.1" 200 8934
192.168.10.89 - - [23/May/2018:16:18:26 -0300] "GET /cormun/servlet/solicitudotlog?91a37c5826b5e539456e8131dcf29673080777637addfcf29ece0ca541f4cde0c5b58293c8342975d90fd20002d0f558890437a267c2fa91bf2d5a737a5ebe64b181741d7fa594b833e852868cb0f49a1f2ff9cee8ebd364b92f0eba8e79cf1cf09ffd06ecf5b98b3fd18431da99f4b88d949dca169df6fa78cc7e0363e0eee3d7d9da9e58e63da6dd48971355e67702a4335f41f8d596a45ef67d918efcef50,gx-no-cache=1527102914375 HTTP/1.1" 200 94
200.112.6.235 - - [23/May/2018:16:18:28 -0300] "POST /cormun/servlet/solicitudot?gx-no-cache=1527103049288 HTTP/1.1" 200 241
200.112.6.235 - - [23/May/2018:16:18:28 -0300] "GET /cormun/servlet/solicitudot?3ecbc82ed3c3eaa3d09bef61cc0a40684675c2849b3530658b86bbdc70952a4a18d6bee692de7c1ec9d8166c529b4d8e1bd3ec9f1ec9f79e13a49c205e4687f31a11019028ed6d139cbc0fe0037298fbb55d323afbfbce46c7a3aedda5facba0be87ea5391ddb91d60258f73f1877fb0227aeb2063f22acad56caf98c4984b627957d719954c61071835fa56875a607849972dc39a1b7fbf9efbb7550b264a6627447e796e879f74116b420ff44c43798f47f90732dc723bb10b6d168f15065cedc5a53fc22cfb23111facabf2b63c6bc844be17aff44e9fd8e67424332b6f1a9d801231dafb84c668417b3f2ad5429c66842d966e3339437ab647d304caf0b1042018d41cdc10c88ade54e2b5737e10e0ea9c40b6f4296686385ca02d569d8d337ee81d7b48f5a032295ee4033f817f2a5a608b13ecaa99e1874f14cabc66971546b7daf54785093a902f1a0437e43a67e563b2ebac362192d9ec8be95919672b66f81759ce2e42b20967afe5b34fd2ca9f946abaea4ecb6a386d26ad43f725,gx-no-cache=1527103049435 HTTP/1.1" 200 30
200.112.6.235 - - [23/May/2018:16:18:29 -0300] "POST /cormun/servlet/solicitudot?gx-no-cache=1527103049527 HTTP/1.1" 200 30
200.112.6.235 - - [23/May/2018:16:18:29 -0300] "POST /cormun/servlet/solicitudot?gx-no-cache=1527103049635 HTTP/1.1" 200 1367
200.112.6.235 - - [23/May/2018:16:18:29 -0300] "POST /cormun/servlet/solicitudot?gx-no-cache=1527103049857 HTTP/1.1" 200 41
200.112.6.235 - - [23/May/2018:16:18:29 -0300] "POST /cormun/servlet/solicitudot?gx-no-cache=1527103049959 HTTP/1.1" 200 1349
200.112.6.235 - - [23/May/2018:16:18:29 -0300] "POST /cormun/servlet/solicitudot?gx-no-cache=1527103050161 HTTP/1.1" 200 1249
200.112.6.235 - - [23/May/2018:16:18:29 -0300] "GET /cormun/servlet/solicitudot?3ecbc82ed3c3eaa3d09bef61cc0a4068de7ddafc377756a3fed3934434fdf18a94fe1460f9f36dec79f6d8db43389241,gx-no-cache=1527103050380 HTTP/1.1" 200 30
200.112.6.235 - - [23/May/2018:16:18:30 -0300] "POST /cormun/servlet/solicitudot?gx-no-cache=1527103050502 HTTP/1.1" 200 30
200.112.6.235 - - [23/May/2018:16:18:30 -0300] "POST /cormun/servlet/solicitudot?34131010cfc397ec1ffe053aa15a07d0,INS,0,0,,gx-no-cache=1527103050629 HTTP/1.1" 200 93
200.112.6.235 - - [23/May/2018:16:18:30 -0300] "GET /cormun/servlet/hpexe_return? HTTP/1.1" 200 1008
200.112.6.235 - - [23/May/2018:16:18:31 -0300] "GET /cormun/servlet/trsolicitudot? HTTP/1.1" 200 7475
200.54.247.70 - - [23/May/2018:16:18:31 -0300] "GET /cormun/servlet/trsolicitudot? HTTP/1.1" 200 8817
200.112.6.235 - - [23/May/2018:16:18:31 -0300] "GET /cormun/servlet/trsolicitudot? HTTP/1.1" 200 7471
200.54.247.70 - - [23/May/2018:16:18:32 -0300] "GET /cormun/servlet/trsolicitudot? HTTP/1.1" 200 8816
192.168.10.89 - - [23/May/2018:16:18:34 -0300] "POST /cormun/servlet/solicitudotlog?ff8061d38d4af8f0de7d2ea42aaaa160,INS,2018,11521,0,REC,,gx-no-cache=1527102922378 HTTP/1.1" 200 93
192.168.10.89 - - [23/May/2018:16:18:34 -0300] "GET /cormun/servlet/hpexe_return? HTTP/1.1" 200 1026
192.168.10.89 - - [23/May/2018:16:18:35 -0300] "GET /cormun/servlet/trsolicitudgral? HTTP/1.1" 200 13620
200.54.247.70 - - [23/May/2018:16:18:40 -0300] "GET /cormun/servlet/trsolicitudot? HTTP/1.1" 200 9351
200.54.247.70 - - [23/May/2018:16:18:41 -0300] "GET /cormun/servlet/trsolicitudot? HTTP/1.1" 200 9351
200.54.247.70 - - [23/May/2018:16:18:46 -0300] "POST /cormun/servlet/trsolicitudot?b1133c4c9768df4f6270ff89c839037b,,gx-no-cache=1527103065298 HTTP/1.1" 200 106
200.54.247.70 - - [23/May/2018:16:18:47 -0300] "GET /cormun/servlet/solicitudot?UPD,2018,11521, HTTP/1.1" 200 15493
200.54.247.70 - - [23/May/2018:16:18:47 -0300] "GET /cormun/servlet/solicitudot?UPD,2018,11521, HTTP/1.1" 200 15502
200.112.233.47 - - [23/May/2018:16:18:47 -0300] "GET /cormun/servlet/solicitudot?5232e49200af2e26ce9112a37b522420a31962c928b7965f113e31564e54a410,gx-no-cache=1527103066806 HTTP/1.1" 200 94
200.112.233.47 - - [23/May/2018:16:18:47 -0300] "GET /cormun/servlet/solicitudot?5232e49200af2e26ce9112a37b5224200e9fb3640ab73aaac4f54dc378f4311e,gx-no-cache=1527103066979 HTTP/1.1" 200 29
200.112.233.47 - - [23/May/2018:16:18:47 -0300] "GET /cormun/servlet/solicitudot?5232e49200af2e26ce9112a37b522420f4ec2f83a1cdf4e9ec7a13bec9aff276ebd4ceba28d9a6ede3d692df78166cf61441366e22d0dc1435aff7765503a55c874119f6d79f8fbbe5067232acd49707b294664f07cefabb56c5d5fdfd9efea4c3f5255d68fcef68622c439251ee362c397f622bcead1b79c851c900103e75115043ced8a5f9287d491b9b37670fa01f6efa76f30b09a6cc10c423e3af6c12279032d72a57dd081918450de203981dadfaa0277fe590d6d9e32b398080c046af5b3b82fbf96301ce3990d0b8e61bb2b17110ade7a3b86c26a54a70d62acbcc1b93e0737d2ef81a1add17364c54ca56de2aa41cf69b9ba6fd5b624edc333a819d11b7625bdb62373eae008109a7f67ea194f6b69eef8b794c802a9a4469dfefb4bf71ff974dc4094cc6f6d6984c0910bac8a80df22fe4f90f929f6fce3f250d1d9b4a3129e536ce32893f80bd4b73674a,gx-no-cache=1527103067038 HTTP/1.1" 200 297
200.112.233.47 - - [23/May/2018:16:18:47 -0300] "GET /cormun/servlet/solicitudot?5232e49200af2e26ce9112a37b522420a5724c651f738d2cb75e18631cd24b0bb18f099f91f2b3d1eefbb6901e75558ff1dcb2573116d2aea9f50e668d24ef05a9de93a163f9d1dcc51de2412284e0aee438094de7b07ffc72c8f06e0c83957cb9b4a62643d6471f245a36d9bdbb00187d2b3dfd3fe9529cb5a9c5cd54e238e88e3f39a6115518a9824bea462e2f892c4b1198a38f0cf1b59f647a0a75cc7ed28b1a0fedc51ef14956ef666fe0a70250a4207416135ba63348aacc50cddbef54ca1dae454da9cd4287a3ca8935145dd3b80dc61b0860d86afcfa09de20f999bbfc774c3026b37f3278b125f3e39eb8e8a555db91f2c65cbb1ee2db306527b89981bc476b4cad68e760919de6404c24abab6d76a809712b1115b5c3a5b7dc24ed66c88be67adc69c2c9d35fdc383956127c1c628bf90c61ad752297d5764e599b40161bd6752b08dfba78de4d13ce5b49fd9064e4e2a7be610a2cec036714fdf6c9f9a0b8082f1e2f34987bdeaeea41386473c2a912e29eef03dd4f72f836d360a0b3492b0785f4a147c3e6c95b39078d,gx-no-cache=1527103067112 HTTP/1.1" 200 30
200.112.233.47 - - [23/May/2018:16:18:47 -0300] "POST /cormun/servlet/solicitudot?gx-no-cache=1527103067186 HTTP/1.1" 200 30
200.112.233.47 - - [23/May/2018:16:18:47 -0300] "POST /cormun/servlet/solicitudot?gx-no-cache=1527103067260 HTTP/1.1" 200 1363
200.54.247.70 - - [23/May/2018:16:18:48 -0300] "POST /cormun/servlet/solicitudot?gx-no-cache=1527103066501 HTTP/1.1" 200 3389
200.112.233.47 - - [23/May/2018:16:18:48 -0300] "POST /cormun/servlet/solicitudot?gx-no-cache=1527103067359 HTTP/1.1" 200 38
200.112.233.47 - - [23/May/2018:16:18:48 -0300] "GET /cormun/servlet/solicitudot?5232e49200af2e26ce9112a37b5224204bfcb1f2fe4a5125c4537b6c7b7cfa732aa41cf69b9ba6fd5b624edc333a819d11b7625bdb62373eae008109a7f67ea1924f2706e62eae188cb16cd406d3d308,gx-no-cache=1527103067430 HTTP/1.1" 200 29
200.112.233.47 - - [23/May/2018:16:18:48 -0300] "POST /cormun/servlet/solicitudot?gx-no-cache=1527103067474 HTTP/1.1" 200 1350
200.54.247.70 - - [23/May/2018:16:18:48 -0300] "POST /cormun/servlet/solicitudot?b1133c4c9768df4f6270ff89c839037b,UPD,2018,11521,,gx-no-cache=1527103066704 HTTP/1.1" 200 11724
200.112.233.47 - - [23/May/2018:16:18:48 -0300] "POST /cormun/servlet/solicitudot?gx-no-cache=1527103067566 HTTP/1.1" 200 1246
200.54.247.70 - - [23/May/2018:16:18:48 -0300] "GET /cormun/servlet/solicitudot?87918e0b5d8a630a81c997a787db51769a38dd166877ac600e8965f290e2d0325a7253c5e1ad7697dbdd82c4871e9e23,gx-no-cache=1527103066961 HTTP/1.1" 200 30
200.54.247.70 - - [23/May/2018:16:18:48 -0300] "GET /cormun/servlet/solicitudot?87918e0b5d8a630a81c997a787db517699d9b35ba045de9b21d4668849eb91a6bc661fcef84459b8a3806be5103a556fa827532e81d118333d194279ba6b3110,gx-no-cache=1527103067009 HTTP/1.1" 200 30
200.54.247.70 - - [23/May/2018:16:18:48 -0300] "GET /cormun/servlet/solicitudot?87918e0b5d8a630a81c997a787db517674b69b3f2496898b57b5a9d1652b3811c41a701a3cbd8315c72bb7609be64f38ed5d7b81a745845be7ae0cd6be1bd498,gx-no-cache=1527103067044 HTTP/1.1" 200 51
200.54.247.70 - - [23/May/2018:16:18:48 -0300] "POST /cormun/servlet/solicitudot?gx-no-cache=1527103067094 HTTP/1.1" 200 255
200.54.247.70 - - [23/May/2018:16:18:48 -0300] "GET /cormun/servlet/solicitudot?87918e0b5d8a630a81c997a787db5176c6eb624e3ee1063b44ead86307f0cbf0f1b1a93c300d866a5bc53fbe538ed22b4c7691952da9f30537b0ec49c124ef992db1b965a9acbc8f3375b9bfcefd0e2a362212cb3b89d5a5f396038c36a66979ff0fb1810d0c97bdb49cd7c00fa1358435c2612d271be8e7597a5430b50ed5abf1299b0fcb7c1cfa71dac683ce7263df6727433e6e9cbe58ff0038d3961dcc4a6cb187e757a24832ccedeead15435301550a61f361018e5dffb0aec59b23557bd590a39dbd6a7b12626ca8b94354ac29280fb54e0377affbae914127be62e5ba9de0d3362338fb6b58569ab8dea99392790c0b9b3c7160f3a82249248a1aa4093647bfe69cabaddb3e69f8230d72d4d7ec4f092a7e00fe29b1cd23ba7dc54a05d0e8d8f0285e965988590fa7a9f73a93e642f1beccacbe9eab878d8fec9b3a6e90d78e7b53066bc91285cfe312ae0aafb8981b0fbae0bd53d4933aaa14977c57b256e641c12b3a8e0585d09feb85fb52a740237644df2c4833a9393622f5a268,gx-no-cache=1527103067147 HTTP/1.1" 200 30
200.54.247.70 - - [23/May/2018:16:18:48 -0300] "POST /cormun/servlet/solicitudot?gx-no-cache=1527103067185 HTTP/1.1" 200 30
200.54.247.70 - - [23/May/2018:16:18:48 -0300] "POST /cormun/servlet/solicitudot?gx-no-cache=1527103067240 HTTP/1.1" 200 1369
200.54.247.70 - - [23/May/2018:16:18:48 -0300] "POST /cormun/servlet/solicitudot?gx-no-cache=1527103067311 HTTP/1.1" 200 41
200.112.6.235 - - [23/May/2018:16:18:52 -0300] "GET /cormun/servlet/solicitudot?INS,0,0, HTTP/1.1" 200 13658
200.112.6.235 - - [23/May/2018:16:18:53 -0300] "GET /cormun/servlet/solicitudot?INS,0,0, HTTP/1.1" 200 13663
186.103.156.24 - - [23/May/2018:16:18:54 -0300] "GET /cormun/servlet/hlogin HTTP/1.1" 200 1721
200.54.247.70 - - [23/May/2018:16:18:56 -0300] "POST /cormun/servlet/solicitudot?gx-no-cache=1527103075471 HTTP/1.1" 200 30
200.112.6.235 - - [23/May/2018:16:18:58 -0300] "POST /cormun/servlet/solicitudot?34131010cfc397ec1ffe053aa15a07d0,INS,0,0,,gx-no-cache=1527103078294 HTTP/1.1" 200 93
200.112.6.235 - - [23/May/2018:16:18:58 -0300] "GET /cormun/servlet/hpexe_return? HTTP/1.1" 200 1008
200.112.6.235 - - [23/May/2018:16:18:58 -0300] "GET /cormun/servlet/trsolicitudot HTTP/1.1" 200 7475
200.112.6.235 - - [23/May/2018:16:18:59 -0300] "GET /cormun/servlet/trsolicitudot HTTP/1.1" 200 7471
186.103.156.24 - - [23/May/2018:16:19:05 -0300] "POST /cormun/servlet/hlogin?19266f571d26f93aae247717c16d7df2,gx-no-cache=1527103084864 HTTP/1.1" 200 90
186.103.156.24 - - [23/May/2018:16:19:05 -0300] "GET /cormun/servlet/hpexe_link HTTP/1.1" 200 952
186.103.156.24 - - [23/May/2018:16:19:05 -0300] "GET /cormun/servlet/hhome HTTP/1.1" 200 4236
186.103.156.24 - - [23/May/2018:16:19:06 -0300] "GET /cormun/servlet/hhome HTTP/1.1" 200 4232
200.54.247.70 - - [23/May/2018:16:19:07 -0300] "POST /cormun/servlet/solicitudot?gx-no-cache=1527103085735 HTTP/1.1" 200 1369
200.54.247.70 - - [23/May/2018:16:19:07 -0300] "POST /cormun/servlet/solicitudot?gx-no-cache=1527103085814 HTTP/1.1" 200 41
200.54.247.70 - - [23/May/2018:16:19:07 -0300] "GET /cormun/servlet/solicitudot?87918e0b5d8a630a81c997a787db51762a006a4b29fbee86e51d14f964092588b85703d34486f0d554c8d36092dc4f4806a863b8691a2555a51ef4454d7223cfe180ae60460bdcffb697656b63f8f2aded418d44861b451d1bc8d9217ce09b26af3afb394c6caceed361852a650cbce107aeaa6df7e7e6176484ac0a40ef01fad2074cf0353c6d6c00450b507c09098850e4848fe5e18743609ce15ba690712c,gx-no-cache=1527103085866 HTTP/1.1" 200 29
200.54.247.70 - - [23/May/2018:16:19:07 -0300] "POST /cormun/servlet/solicitudot?gx-no-cache=1527103085919 HTTP/1.1" 200 1351
200.112.6.235 - - [23/May/2018:16:19:07 -0300] "GET /cormun/servlet/trautorizarsolicitud? HTTP/1.1" 200 9183
200.54.247.70 - - [23/May/2018:16:19:07 -0300] "POST /cormun/servlet/solicitudot?gx-no-cache=1527103085973 HTTP/1.1" 200 1249
200.54.247.70 - - [23/May/2018:16:19:07 -0300] "GET /cormun/servlet/solicitudot?87918e0b5d8a630a81c997a787db51769843419ece692da9812c36611482741c283813be1c17103ada086f2815a50612,gx-no-cache=1527103086455 HTTP/1.1" 200 30
200.54.247.70 - - [23/May/2018:16:19:07 -0300] "POST /cormun/servlet/solicitudot?gx-no-cache=1527103086515 HTTP/1.1" 200 30
200.112.6.235 - - [23/May/2018:16:19:08 -0300] "GET /cormun/servlet/trautorizarsolicitud? HTTP/1.1" 200 9182
200.54.247.70 - - [23/May/2018:16:19:08 -0300] "POST /cormun/servlet/solicitudot?b1133c4c9768df4f6270ff89c839037b,UPD,2018,11521,,gx-no-cache=1527103086587 HTTP/1.1" 200 93
200.54.247.70 - - [23/May/2018:16:19:08 -0300] "GET /cormun/servlet/hpexe_return? HTTP/1.1" 200 1014
200.54.247.70 - - [23/May/2018:16:19:08 -0300] "GET /cormun/servlet/trsolicitudot HTTP/1.1" 200 9343
200.54.247.70 - - [23/May/2018:16:19:08 -0300] "GET /cormun/servlet/trsolicitudot HTTP/1.1" 200 9339
186.103.156.24 - - [23/May/2018:16:19:10 -0300] "GET /cormun/servlet/trlicencias? HTTP/1.1" 200 12222
186.103.156.24 - - [23/May/2018:16:19:12 -0300] "GET /cormun/servlet/trlicencias? HTTP/1.1" 200 12219
200.54.247.70 - - [23/May/2018:16:19:12 -0300] "POST /cormun/servlet/trsolicitudot?b1133c4c9768df4f6270ff89c839037b,gx-no-cache=1527103090986 HTTP/1.1" 200 5865
200.54.247.70 - - [23/May/2018:16:19:13 -0300] "GET /cormun/static/Shared/jqueryui/images/ui-icons_82798d_256x240.png HTTP/1.1" 404 1089
200.54.247.70 - - [23/May/2018:16:19:13 -0300] "GET /cormun/static/Shared/jqueryui/images/ui-bg_flat_55_fafafa_40x100.png HTTP/1.1" 404 1097
200.54.247.70 - - [23/May/2018:16:19:13 -0300] "GET /cormun/static/Shared/jqueryui/images/ui-icons_8d78a5_256x240.png HTTP/1.1" 404 1089
200.54.247.70 - - [23/May/2018:16:19:13 -0300] "POST /cormun/servlet/trsolicitudot?b1133c4c9768df4f6270ff89c839037b,gx-no-cache=1527103091628 HTTP/1.1" 200 5806
200.54.247.70 - - [23/May/2018:16:19:13 -0300] "GET /cormun/static/Shared/jqueryui/images/ui-bg_highlight-soft_100_c6c2c8_1x100.png HTTP/1.1" 404 1117
200.54.247.70 - - [23/May/2018:16:19:17 -0300] "GET /cormun/servlet/trautorizarsolicitud? HTTP/1.1" 200 8744
200.54.247.70 - - [23/May/2018:16:19:17 -0300] "GET /cormun/servlet/trautorizarsolicitud? HTTP/1.1" 200 8745
186.103.156.24 - - [23/May/2018:16:19:19 -0300] "GET /cormun/servlet/trpermisosgoce? HTTP/1.1" 200 13063
186.103.156.24 - - [23/May/2018:16:19:20 -0300] "GET /cormun/servlet/trpermisosgoce? HTTP/1.1" 200 13089
200.54.247.70 - - [23/May/2018:16:19:25 -0300] "POST /cormun/servlet/trautorizarsolicitud?b1133c4c9768df4f6270ff89c839037b,,gx-no-cache=1527103103456 HTTP/1.1" 200 4617
200.54.247.70 - - [23/May/2018:16:19:25 -0300] "GET /cormun/static/Shared/jqueryui/images/ui-icons_82798d_256x240.png HTTP/1.1" 404 1089
200.54.247.70 - - [23/May/2018:16:19:25 -0300] "GET /cormun/static/Shared/jqueryui/images/ui-bg_highlight-soft_100_c6c2c8_1x100.png HTTP/1.1" 404 1117
200.54.247.70 - - [23/May/2018:16:19:25 -0300] "GET /cormun/static/Shared/jqueryui/images/ui-bg_flat_55_fafafa_40x100.png HTTP/1.1" 404 1097
200.54.247.70 - - [23/May/2018:16:19:25 -0300] "GET /cormun/static/Shared/jqueryui/images/ui-icons_8d78a5_256x240.png HTTP/1.1" 404 1089
200.54.247.70 - - [23/May/2018:16:19:26 -0300] "POST /cormun/servlet/trautorizarsolicitud?b1133c4c9768df4f6270ff89c839037b,,gx-no-cache=1527103104048 HTTP/1.1" 200 4379
186.103.156.24 - - [23/May/2018:16:19:28 -0300] "GET /cormun/servlet/trpermisosadjuntos?8276560,20180522125222,P, HTTP/1.1" 200 6549
186.103.156.24 - - [23/May/2018:16:19:28 -0300] "GET /cormun/static/gxcfg.js?201762817193957 HTTP/1.1" 200 953
186.103.156.24 - - [23/May/2018:16:19:29 -0300] "GET /cormun/static/trpermisosadjuntos.js?201762817194366 HTTP/1.1" 200 20158
192.168.10.89 - - [23/May/2018:16:19:30 -0300] "POST /cormun/servlet/trsolicitudgral?ff8061d38d4af8f0de7d2ea42aaaa160,,gx-no-cache=1527102977850 HTTP/1.1" 200 10539
200.112.233.47 - - [23/May/2018:16:19:31 -0300] "GET /cormun/servlet/solicitudot?5232e49200af2e26ce9112a37b52242088f900b4721e395ac0cbc3fb6a1cf719dc0ca7dc6f374e2ad4ab6809fb12a99315dddaa7fb2bebd885113debd9a6e62a,gx-no-cache=1527103110700 HTTP/1.1" 200 30
200.112.6.235 - - [23/May/2018:16:19:31 -0300] "GET /cormun/servlet/trvisualizadoreventos? HTTP/1.1" 200 6969
200.112.6.235 - - [23/May/2018:16:19:31 -0300] "GET /cormun/static/gxcfg.js?20175251251426 HTTP/1.1" 200 953
200.112.6.235 - - [23/May/2018:16:19:31 -0300] "GET /cormun/static/trvisualizadoreventos.js?20175251251768 HTTP/1.1" 200 19318
200.112.6.235 - - [23/May/2018:16:19:32 -0300] "GET /cormun/static/Resources/PXToolsActionPrint.png HTTP/1.1" 200 3317
200.112.6.235 - - [23/May/2018:16:19:32 -0300] "GET /cormun/servlet/trvisualizadoreventos? HTTP/1.1" 200 6968
200.54.247.70 - - [23/May/2018:16:19:32 -0300] "GET /cormun/servlet/trsolicitudot? HTTP/1.1" 200 8817
200.54.247.70 - - [23/May/2018:16:19:33 -0300] "GET /cormun/servlet/trsolicitudot? HTTP/1.1" 200 8816
186.103.156.24 - - [23/May/2018:16:19:36 -0300] "GET /cormun/servlet/trpermisosadjuntos?8276560,20180522125222,P, HTTP/1.1" 200 6549
200.112.233.47 - - [23/May/2018:16:19:38 -0300] "POST /cormun/servlet/solicitudot?gx-no-cache=1527103118284 HTTP/1.1" 200 297
200.112.6.235 - - [23/May/2018:16:19:40 -0300] "GET /cormun/servlet/trcontratounov2? HTTP/1.1" 200 17220
200.112.6.235 - - [23/May/2018:16:19:40 -0300] "GET /cormun/static/gxcfg.js?201752512124396 HTTP/1.1" 200 953
200.112.6.235 - - [23/May/2018:16:19:40 -0300] "GET /cormun/static/Resources/PXToolsAddSelectedAction.png HTTP/1.1" 200 3660
200.112.6.235 - - [23/May/2018:16:19:40 -0300] "GET /cormun/static/trcontratounov2.js?201752512125146 HTTP/1.1" 200 38486
200.112.6.235 - - [23/May/2018:16:19:41 -0300] "GET /cormun/servlet/trcontratounov2? HTTP/1.1" 200 17225
186.103.156.24 - - [23/May/2018:16:19:41 -0300] "GET /cormun/servlet/permisosadjuntos?INS,8276560,P,20180522125222,, HTTP/1.1" 200 5879
186.103.156.24 - - [23/May/2018:16:19:41 -0300] "GET /cormun/static/gxcfg.js?201762717441171 HTTP/1.1" 200 953
186.103.156.24 - - [23/May/2018:16:19:41 -0300] "GET /cormun/static/permisosadjuntos.js?201762717441184 HTTP/1.1" 200 8724
186.103.156.24 - - [23/May/2018:16:19:42 -0300] "GET /cormun/static/about:blank HTTP/1.1" 404 1011
200.112.233.47 - - [23/May/2018:16:19:42 -0300] "GET /cormun/servlet/solicitudot?5232e49200af2e26ce9112a37b522420a5724c651f738d2cb75e18631cd24b0bb18f099f91f2b3d1eefbb6901e75558ff1dcb2573116d2aea9f50e668d24ef05a9de93a163f9d1dcc51de2412284e0aee438094de7b07ffc72c8f06e0c83957cb9b4a62643d6471f245a36d9bdbb00187d2b3dfd3fe9529cb5a9c5cd54e238e88e3f39a6115518a9824bea462e2f892c4b1198a38f0cf1b59f647a0a75cc7ed28b1a0fedc51ef14956ef666fe0a70250a4207416135ba63348aacc50cddbef54ca1dae454da9cd4287a3ca8935145dd3b80dc61b0860d86afcfa09de20f999bbfc774c3026b37f3278b125f3e39eb8e8a555db91f2c65cbb1ee2db306527b89981bc476b4cad68e760919de6404c24abab6d76a809712b1115b5c3a5b7dc24ed66c88be67adc69c2c9d35fdc383956127c1c628bf90c61ad752297d5764e599b40161bd6752b08dfba78de4d13ce5b49fd9064e4e2a7be610a2cec036714fdf6c9f9a0b8082f1e2f34987bdeaeea413894526d5619b329366f2b516c54232204a0b3492b0785f4a147c3e6c95b39078d,gx-no-cache=1527103121468 HTTP/1.1" 200 30
186.103.156.24 - - [23/May/2018:16:19:42 -0300] "GET /cormun/servlet/permisosadjuntos?INS,8276560,P,20180522125222,, HTTP/1.1" 200 5868
200.112.233.47 - - [23/May/2018:16:19:46 -0300] "POST /cormun/servlet/solicitudot?gx-no-cache=1527103125564 HTTP/1.1" 200 30
200.112.233.47 - - [23/May/2018:16:19:46 -0300] "POST /cormun/servlet/solicitudot?gx-no-cache=1527103125618 HTTP/1.1" 200 1363
200.112.233.47 - - [23/May/2018:16:19:46 -0300] "POST /cormun/servlet/solicitudot?gx-no-cache=1527103125708 HTTP/1.1" 200 38
186.103.156.24 - - [23/May/2018:16:20:00 -0300] "POST /cormun/servlet/permisosadjuntos?19266f571d26f93aae247717c16d7df2,INS,8276560,P,20180522125222,, HTTP/1.1" 200 116
186.103.156.24 - - [23/May/2018:16:20:01 -0300] "GET /cormun/servlet/hpexe_return? HTTP/1.1" 200 1037
186.103.156.24 - - [23/May/2018:16:20:01 -0300] "GET /cormun/servlet/trpermisosadjuntos?8276560,20180522125222,P, HTTP/1.1" 200 7060
186.103.156.24 - - [23/May/2018:16:20:02 -0300] "GET /cormun/servlet/trpermisosadjuntos?8276560,20180522125222,P, HTTP/1.1" 200 7057
192.168.10.89 - - [23/May/2018:16:20:02 -0300] "POST /cormun/servlet/trsolicitudgral?ff8061d38d4af8f0de7d2ea42aaaa160,,gx-no-cache=1527103010213 HTTP/1.1" 200 7668
186.103.156.24 - - [23/May/2018:16:20:10 -0300] "GET /cormun/servlet/trpermisosgoce? HTTP/1.1" 200 13091
186.103.156.24 - - [23/May/2018:16:20:13 -0300] "GET /cormun/servlet/trpermisosgoce? HTTP/1.1" 200 13128
200.112.233.47 - - [23/May/2018:16:20:32 -0300] "POST /cormun/servlet/solicitudot?gx-no-cache=1527103172164 HTTP/1.1" 200 30
200.112.233.47 - - [23/May/2018:16:20:33 -0300] "POST /cormun/servlet/solicitudot?gx-no-cache=1527103172319 HTTP/1.1" 200 1363
200.112.233.47 - - [23/May/2018:16:20:33 -0300] "POST /cormun/servlet/solicitudot?gx-no-cache=1527103172412 HTTP/1.1" 200 38
186.103.156.24 - - [23/May/2018:16:20:42 -0300] "GET /cormun/servlet/trpermisosadjuntos?12516208,20180522121006,P, HTTP/1.1" 200 6544
186.103.156.24 - - [23/May/2018:16:20:42 -0300] "GET /cormun/servlet/trpermisosadjuntos?12516208,20180522121006,P, HTTP/1.1" 200 6543
186.103.156.24 - - [23/May/2018:16:20:45 -0300] "GET /cormun/servlet/permisosadjuntos?INS,12516208,P,20180522121006,, HTTP/1.1" 200 5878
186.103.156.24 - - [23/May/2018:16:20:45 -0300] "GET /cormun/static/about:blank HTTP/1.1" 404 1011
186.103.156.24 - - [23/May/2018:16:20:45 -0300] "GET /cormun/servlet/permisosadjuntos?INS,12516208,P,20180522121006,, HTTP/1.1" 200 5868
200.112.6.235 - - [23/May/2018:16:20:45 -0300] "GET /cormun/servlet/trcontratosolicitud? HTTP/1.1" 200 14197
200.112.6.235 - - [23/May/2018:16:20:45 -0300] "GET /cormun/static/gxcfg.js?20177612214014 HTTP/1.1" 200 953
200.112.6.235 - - [23/May/2018:16:20:46 -0300] "GET /cormun//static/Resources/PXToolsGridNew.png HTTP/1.1" 200 2949
200.112.6.235 - - [23/May/2018:16:20:46 -0300] "GET /cormun/servlet/trcontratosolicitud? HTTP/1.1" 200 14203
186.103.156.24 - - [23/May/2018:16:21:00 -0300] "POST /cormun/servlet/permisosadjuntos?19266f571d26f93aae247717c16d7df2,INS,12516208,P,20180522121006,, HTTP/1.1" 200 116
186.103.156.24 - - [23/May/2018:16:21:01 -0300] "GET /cormun/servlet/hpexe_return? HTTP/1.1" 200 1038
186.103.156.24 - - [23/May/2018:16:21:02 -0300] "GET /cormun/servlet/trpermisosadjuntos?12516208,20180522121006,P, HTTP/1.1" 200 7056
200.112.6.235 - - [23/May/2018:16:21:10 -0300] "GET /cormun/servlet/trcontratosolicitud? HTTP/1.1" 200 14201
200.112.6.235 - - [23/May/2018:16:21:11 -0300] "GET /cormun/servlet/trcontratosolicitud? HTTP/1.1" 200 14201
186.103.156.24 - - [23/May/2018:16:21:14 -0300] "GET /cormun/servlet/trpermisosadjuntos?12516208,20180522121006,P, HTTP/1.1" 200 7053
186.103.156.24 - - [23/May/2018:16:21:27 -0300] "GET /cormun/servlet/permisosadjuntos?INS,12516208,P,20180522121006,, HTTP/1.1" 200 5878
186.103.156.24 - - [23/May/2018:16:21:27 -0300] "GET /cormun/static/about:blank HTTP/1.1" 404 1011
45.234.223.161 - - [23/May/2018:16:21:27 -0300] "GET / HTTP/1.1" 200 11217
186.103.156.24 - - [23/May/2018:16:21:27 -0300] "GET /cormun/servlet/permisosadjuntos?INS,12516208,P,20180522121006,, HTTP/1.1" 200 5868
186.103.156.24 - - [23/May/2018:16:21:34 -0300] "POST /cormun/servlet/permisosadjuntos?19266f571d26f93aae247717c16d7df2,INS,12516208,P,20180522121006,,,gx-no-cache=1527103233583 HTTP/1.1" 200 93
186.103.156.24 - - [23/May/2018:16:21:34 -0300] "GET /cormun/servlet/hpexe_return? HTTP/1.1" 200 1038
186.103.156.24 - - [23/May/2018:16:21:34 -0300] "GET /cormun/servlet/trpermisosadjuntos?12516208,20180522121006,P, HTTP/1.1" 200 7056
186.103.156.24 - - [23/May/2018:16:21:34 -0300] "GET /cormun/servlet/trpermisosadjuntos?12516208,20180522121006,P, HTTP/1.1" 200 7053
200.112.6.235 - - [23/May/2018:16:21:38 -0300] "GET /cormun/servlet/trcontratounov2? HTTP/1.1" 200 17200
200.112.6.235 - - [23/May/2018:16:21:39 -0300] "GET /cormun/servlet/trcontratounov2? HTTP/1.1" 200 17212
200.112.233.47 - - [23/May/2018:16:21:40 -0300] "GET /cormun/servlet/solicitudot?5232e49200af2e26ce9112a37b5224204bfcb1f2fe4a5125c4537b6c7b7cfa732aa41cf69b9ba6fd5b624edc333a819d11b7625bdb62373eae008109a7f67ea1924f2706e62eae188cb16cd406d3d308,gx-no-cache=1527103239516 HTTP/1.1" 200 29
200.112.233.47 - - [23/May/2018:16:21:40 -0300] "POST /cormun/servlet/solicitudot?gx-no-cache=1527103239846 HTTP/1.1" 200 1350
186.103.156.24 - - [23/May/2018:16:21:40 -0300] "GET /cormun/servlet/trpermisosgoce? HTTP/1.1" 200 13104
200.112.233.47 - - [23/May/2018:16:21:40 -0300] "POST /cormun/servlet/solicitudot?gx-no-cache=1527103240195 HTTP/1.1" 200 1246
186.103.156.24 - - [23/May/2018:16:21:41 -0300] "GET /cormun/servlet/trpermisosgoce? HTTP/1.1" 200 13093
200.112.233.47 - - [23/May/2018:16:21:49 -0300] "GET /cormun/servlet/solicitudot?5232e49200af2e26ce9112a37b522420c09f9d0e51f37838a752d00e4eb4202d1b0bbc2e081c8c6b0780a8f5953e7674,gx-no-cache=1527103248748 HTTP/1.1" 200 30
186.103.156.24 - - [23/May/2018:16:22:02 -0300] "GET /cormun/servlet/trpermisosadjuntos?9112746,20180522123503,P, HTTP/1.1" 200 6543
186.103.156.24 - - [23/May/2018:16:22:03 -0300] "GET /cormun/servlet/trpermisosadjuntos?9112746,20180522123503,P, HTTP/1.1" 200 6543
186.103.156.24 - - [23/May/2018:16:22:05 -0300] "GET /cormun/servlet/permisosadjuntos?INS,9112746,P,20180522123503,, HTTP/1.1" 200 5874
186.103.156.24 - - [23/May/2018:16:22:05 -0300] "GET /cormun/servlet/permisosadjuntos?INS,9112746,P,20180522123503,, HTTP/1.1" 200 5864
186.103.156.24 - - [23/May/2018:16:22:07 -0300] "GET /cormun/static/about:blank HTTP/1.1" 404 1011
192.168.10.96 - - [23/May/2018:16:22:30 -0300] "GET /cormun/static/Shared/jqueryui/images/ui-bg_highlight-soft_100_eae6ea_1x100.png HTTP/1.1" 404 1117
192.168.10.96 - - [23/May/2018:16:22:31 -0300] "GET /cormun/servlet/hlogin HTTP/1.1" 200 1739
192.168.10.96 - - [23/May/2018:16:22:38 -0300] "POST /cormun/servlet/hlogin?eeb947f772800b16c63a3120779a9b31,gx-no-cache=1527103166218 HTTP/1.1" 200 90
192.168.10.96 - - [23/May/2018:16:22:38 -0300] "GET /cormun/servlet/hpexe_link HTTP/1.1" 200 949
192.168.10.96 - - [23/May/2018:16:22:38 -0300] "GET /cormun/servlet/hhome HTTP/1.1" 200 4708
192.168.10.96 - - [23/May/2018:16:22:38 -0300] "GET /cormun/servlet/hhome HTTP/1.1" 200 4704
192.168.10.96 - - [23/May/2018:16:22:42 -0300] "GET /cormun/servlet/trsolicitudgral? HTTP/1.1" 200 28133
192.168.10.96 - - [23/May/2018:16:22:44 -0300] "GET /cormun/servlet/trsolicitudgral? HTTP/1.1" 200 28131
186.103.156.24 - - [23/May/2018:16:22:50 -0300] "POST /cormun/servlet/permisosadjuntos?19266f571d26f93aae247717c16d7df2,INS,9112746,P,20180522123503,, HTTP/1.1" 200 116
200.112.233.47 - - [23/May/2018:16:22:51 -0300] "POST /cormun/servlet/solicitudot?gx-no-cache=1527103310317 HTTP/1.1" 200 30
186.103.156.24 - - [23/May/2018:16:22:51 -0300] "GET /cormun/servlet/hpexe_return? HTTP/1.1" 200 1038
200.112.233.47 - - [23/May/2018:16:23:01 -0300] "POST /cormun/servlet/solicitudot?gx-no-cache=1527103320515 HTTP/1.1" 200 30
186.103.156.24 - - [23/May/2018:16:23:06 -0300] "GET /cormun/servlet/trpermisosadjuntos?9112746,20180522123503,P, HTTP/1.1" 200 7067
186.103.156.24 - - [23/May/2018:16:23:07 -0300] "GET /cormun/servlet/trpermisosadjuntos?9112746,20180522123503,P, HTTP/1.1" 200 7063
186.103.156.24 - - [23/May/2018:16:23:10 -0300] "GET /cormun/servlet/permisosadjuntos?INS,9112746,P,20180522123503,, HTTP/1.1" 200 5874
186.103.156.24 - - [23/May/2018:16:23:11 -0300] "GET /cormun/servlet/permisosadjuntos?INS,9112746,P,20180522123503,, HTTP/1.1" 200 5864
186.103.156.24 - - [23/May/2018:16:23:11 -0300] "GET /cormun/static/about:blank HTTP/1.1" 404 1011
186.103.156.24 - - [23/May/2018:16:23:15 -0300] "GET /cormun/servlet/trpermisosgoce? HTTP/1.1" 200 13089
186.103.156.24 - - [23/May/2018:16:23:29 -0300] "GET /cormun/servlet/trpermisosgoce? HTTP/1.1" 200 13089
200.112.233.47 - - [23/May/2018:16:23:31 -0300] "POST /cormun/servlet/solicitudot?gx-no-cache=1527103350683 HTTP/1.1" 200 30
192.168.10.96 - - [23/May/2018:16:23:32 -0300] "POST /cormun/servlet/trsolicitudgral?eeb947f772800b16c63a3120779a9b31,,gx-no-cache=1527103219939 HTTP/1.1" 200 5925
192.168.10.96 - - [23/May/2018:16:23:37 -0300] "POST /cormun/servlet/trsolicitudgral?eeb947f772800b16c63a3120779a9b31,,gx-no-cache=1527103225211 HTTP/1.1" 200 8516
200.112.233.47 - - [23/May/2018:16:23:47 -0300] "POST /cormun/servlet/solicitudot?gx-no-cache=1527103366767 HTTP/1.1" 200 1369
183.131.83.112 - - [23/May/2018:16:23:49 -0300] "GET /manager/html HTTP/1.1" 401 2474
183.131.83.112 - - [23/May/2018:16:23:50 -0300] "GET /manager/html HTTP/1.1" 401 2474
183.131.83.112 - - [23/May/2018:16:23:50 -0300] "GET /manager/html HTTP/1.1" 401 2474
183.131.83.112 - - [23/May/2018:16:23:50 -0300] "GET /manager/html HTTP/1.1" 401 2474
183.131.83.112 - - [23/May/2018:16:23:50 -0300] "GET /manager/html HTTP/1.1" 401 2474
183.131.83.112 - - [23/May/2018:16:23:50 -0300] "GET /manager/html HTTP/1.1" 401 2474
183.131.83.112 - - [23/May/2018:16:23:50 -0300] "GET /manager/html HTTP/1.1" 401 2474
183.131.83.112 - - [23/May/2018:16:23:50 -0300] "GET /manager/html HTTP/1.1" 401 2474
183.131.83.112 - - [23/May/2018:16:23:50 -0300] "GET /manager/html HTTP/1.1" 401 2474
183.131.83.112 - - [23/May/2018:16:23:50 -0300] "GET /manager/html HTTP/1.1" 401 2474
183.131.83.112 - tomcat [23/May/2018:16:23:51 -0300] "GET /manager/html HTTP/1.1" 403 3196
183.131.83.112 - - [23/May/2018:16:23:51 -0300] "GET /manager/html HTTP/1.1" 401 2474
183.131.83.112 - - [23/May/2018:16:23:51 -0300] "GET /manager/html HTTP/1.1" 401 2474
183.131.83.112 - - [23/May/2018:16:23:51 -0300] "GET /manager/html HTTP/1.1" 401 2474
183.131.83.112 - - [23/May/2018:16:23:51 -0300] "GET /manager/html HTTP/1.1" 401 2474
183.131.83.112 - - [23/May/2018:16:23:51 -0300] "GET /manager/html HTTP/1.1" 401 2474
183.131.83.112 - - [23/May/2018:16:23:51 -0300] "GET /manager/html HTTP/1.1" 401 2474
183.131.83.112 - - [23/May/2018:16:23:51 -0300] "GET /manager/html HTTP/1.1" 401 2474
183.131.83.112 - - [23/May/2018:16:23:51 -0300] "GET /manager/html HTTP/1.1" 401 2474
183.131.83.112 - - [23/May/2018:16:23:51 -0300] "GET /manager/html HTTP/1.1" 401 2474
183.131.83.112 - - [23/May/2018:16:23:51 -0300] "GET /manager/html HTTP/1.1" 401 2474
183.131.83.112 - - [23/May/2018:16:23:51 -0300] "GET /manager/html HTTP/1.1" 401 2474
183.131.83.112 - - [23/May/2018:16:23:51 -0300] "GET /manager/html HTTP/1.1" 401 2474
183.131.83.112 - - [23/May/2018:16:23:51 -0300] "GET /manager/html HTTP/1.1" 401 2474
183.131.83.112 - - [23/May/2018:16:23:51 -0300] "GET /manager/html HTTP/1.1" 401 2474
183.131.83.112 - - [23/May/2018:16:23:51 -0300] "GET /manager/html HTTP/1.1" 401 2474
183.131.83.112 - - [23/May/2018:16:23:52 -0300] "GET /manager/html HTTP/1.1" 401 2474
183.131.83.112 - - [23/May/2018:16:23:52 -0300] "GET /manager/html HTTP/1.1" 401 2474
183.131.83.112 - - [23/May/2018:16:23:52 -0300] "GET /manager/html HTTP/1.1" 401 2474
183.131.83.112 - - [23/May/2018:16:23:52 -0300] "GET /manager/html HTTP/1.1" 401 2474
183.131.83.112 - - [23/May/2018:16:23:52 -0300] "GET /manager/html HTTP/1.1" 401 2474
183.131.83.112 - - [23/May/2018:16:23:52 -0300] "GET /manager/html HTTP/1.1" 401 2474
183.131.83.112 - - [23/May/2018:16:23:52 -0300] "GET /manager/html HTTP/1.1" 401 2474
183.131.83.112 - - [23/May/2018:16:23:52 -0300] "GET /manager/html HTTP/1.1" 401 2474
183.131.83.112 - - [23/May/2018:16:23:52 -0300] "GET /manager/html HTTP/1.1" 401 2474
183.131.83.112 - - [23/May/2018:16:23:52 -0300] "GET /manager/html HTTP/1.1" 401 2474
183.131.83.112 - - [23/May/2018:16:23:52 -0300] "GET /manager/html HTTP/1.1" 401 2474
183.131.83.112 - - [23/May/2018:16:23:52 -0300] "GET /manager/html HTTP/1.1" 401 2474
183.131.83.112 - - [23/May/2018:16:23:52 -0300] "GET /manager/html HTTP/1.1" 401 2474
183.131.83.112 - - [23/May/2018:16:23:54 -0300] "GET /manager/html HTTP/1.1" 401 2474
183.131.83.112 - - [23/May/2018:16:23:55 -0300] "GET /manager/html HTTP/1.1" 401 2474
200.112.233.47 - - [23/May/2018:16:24:03 -0300] "GET /cormun/servlet/prfichaempleado?,MD,,gxPopupLevel%3D0%3B HTTP/1.1" 200 9381
186.103.156.24 - - [23/May/2018:16:24:11 -0300] "POST /cormun/servlet/trpermisosgoce?19266f571d26f93aae247717c16d7df2,,gx-no-cache=1527103356229 HTTP/1.1" 500 10
200.112.233.47 - - [23/May/2018:16:24:14 -0300] "POST /cormun/servlet/prfichaempleado?1786683aa72099b25ff477090a7def62,,MD,,gxPopupLevel%3D0%3B,gx-no-cache=1527103393455 HTTP/1.1" 200 3425
200.112.233.47 - - [23/May/2018:16:24:20 -0300] "POST /cormun/servlet/solicitudot?gx-no-cache=1527103399903 HTTP/1.1" 200 1369
200.112.233.47 - - [23/May/2018:16:24:24 -0300] "POST /cormun/servlet/solicitudot?gx-no-cache=1527103403900 HTTP/1.1" 200 41
200.112.233.47 - - [23/May/2018:16:24:26 -0300] "GET /cormun/servlet/solicitudot?5232e49200af2e26ce9112a37b5224204bfcb1f2fe4a5125c4537b6c7b7cfa732aa41cf69b9ba6fd5b624edc333a819d11b7625bdb62373eae008109a7f67ea1924f2706e62eae188cb16cd406d3d308,gx-no-cache=1527103406075 HTTP/1.1" 200 29
200.112.233.47 - - [23/May/2018:16:24:26 -0300] "POST /cormun/servlet/solicitudot?gx-no-cache=1527103406125 HTTP/1.1" 200 1351
200.112.233.47 - - [23/May/2018:16:24:26 -0300] "POST /cormun/servlet/solicitudot?gx-no-cache=1527103406185 HTTP/1.1" 200 1248
186.103.156.24 - - [23/May/2018:16:24:38 -0300] "GET /cormun/servlet/permisosadjuntos?INS,9112746,P,20180522123503,, HTTP/1.1" 200 5881
186.103.156.24 - - [23/May/2018:16:24:38 -0300] "GET /cormun/servlet/permisosadjuntos?INS,9112746,P,20180522123503,, HTTP/1.1" 200 5870
186.103.156.24 - - [23/May/2018:16:24:44 -0300] "GET /cormun/servlet/trpermisosgoce? HTTP/1.1" 200 13111
186.103.156.24 - - [23/May/2018:16:24:44 -0300] "GET /cormun/servlet/trpermisosgoce? HTTP/1.1" 200 13089
200.112.233.47 - - [23/May/2018:16:24:51 -0300] "GET /cormun/servlet/solicitudot?5232e49200af2e26ce9112a37b522420c09f9d0e51f37838a752d00e4eb4202d05c4a4e85d149869a860cdafe6b0ef3f,gx-no-cache=1527103430869 HTTP/1.1" 200 30
200.112.6.235 - - [23/May/2018:16:24:55 -0300] "GET /cormun/servlet/trcontratounov2? HTTP/1.1" 200 17219
200.112.6.235 - - [23/May/2018:16:24:56 -0300] "GET /cormun/servlet/trcontratounov2? HTTP/1.1" 200 17180
186.103.156.24 - - [23/May/2018:16:25:03 -0300] "GET /cormun/servlet/permisogoce?DSP,9112746,P,20180522123503, HTTP/1.1" 200 6937
186.103.156.24 - - [23/May/2018:16:25:04 -0300] "GET /cormun/servlet/permisogoce?DSP,9112746,P,20180522123503, HTTP/1.1" 200 6937
186.103.156.24 - - [23/May/2018:16:25:14 -0300] "GET /cormun/servlet/trpermisosgoce? HTTP/1.1" 200 13091
186.103.156.24 - - [23/May/2018:16:25:15 -0300] "GET /cormun/servlet/trpermisosgoce? HTTP/1.1" 200 13096
200.112.6.235 - - [23/May/2018:16:25:16 -0300] "GET /cormun/servlet/trcontratounov2? HTTP/1.1" 200 17194
200.112.6.235 - - [23/May/2018:16:25:17 -0300] "GET /cormun/servlet/trcontratounov2? HTTP/1.1" 200 17198
200.112.6.235 - - [23/May/2018:16:25:23 -0300] "GET /cormun/servlet/trvisualizadoreventos? HTTP/1.1" 200 6969
200.112.6.235 - - [23/May/2018:16:25:23 -0300] "GET /cormun/servlet/trvisualizadoreventos? HTTP/1.1" 200 6968
200.112.233.47 - - [23/May/2018:16:25:26 -0300] "POST /cormun/servlet/solicitudot?gx-no-cache=1527103466004 HTTP/1.1" 200 255
186.103.156.24 - - [23/May/2018:16:25:27 -0300] "POST /cormun/servlet/trpermisosgoce?19266f571d26f93aae247717c16d7df2,,gx-no-cache=1527103466190 HTTP/1.1" 200 10164
186.103.156.24 - - [23/May/2018:16:25:27 -0300] "GET /cormun/static/Shared/jqueryui/images/ui-bg_highlight-soft_100_c6c2c8_1x100.png HTTP/1.1" 404 1117
186.103.156.24 - - [23/May/2018:16:25:27 -0300] "GET /cormun/static/Shared/jqueryui/images/ui-icons_82798d_256x240.png HTTP/1.1" 404 1089
186.103.156.24 - - [23/May/2018:16:25:27 -0300] "GET /cormun/static/Shared/jqueryui/images/ui-icons_8d78a5_256x240.png HTTP/1.1" 404 1089
186.103.156.24 - - [23/May/2018:16:25:27 -0300] "GET /cormun/static/Shared/jqueryui/images/ui-bg_flat_55_fafafa_40x100.png HTTP/1.1" 404 1097
200.112.233.47 - - [23/May/2018:16:25:31 -0300] "GET /cormun/servlet/solicitudot?5232e49200af2e26ce9112a37b522420a5724c651f738d2cb75e18631cd24b0b757eb388e2964dbadf0fcfb7903c16bff1dcb2573116d2aea9f50e668d24ef05a9de93a163f9d1dcc51de2412284e0aee438094de7b07ffc72c8f06e0c83957cb9b4a62643d6471f245a36d9bdbb00187d2b3dfd3fe9529cb5a9c5cd54e238e88e3f39a6115518a9824bea462e2f892c4b1198a38f0cf1b59f647a0a75cc7ed28b1a0fedc51ef14956ef666fe0a70250a4207416135ba63348aacc50cddbef54ca1dae454da9cd4287a3ca8935145dd3b80dc61b0860d86afcfa09de20f999bbfc774c3026b37f3278b125f3e39eb8e8429d099200ac9dfbe2ee1fb527b1d71681bc476b4cad68e760919de6404c24ab9edeec12ba432a2ab479e0d1b28cf54ebc3d5ab5700bf1c5b58dce4ff7f0c9da084ba5d4e31fa2c6fb928b107256c23a19ca0f2d5b0607fa25f7f77cc535eefa46c9161aa42fcd6b1ba67c535f926804d3299ab36c86e7287539d4138d967afc326ea448077fac429eb3dc981afa38e9,gx-no-cache=1527103471183 HTTP/1.1" 200 30
186.103.156.24 - - [23/May/2018:16:25:32 -0300] "POST /cormun/servlet/trpermisosgoce?19266f571d26f93aae247717c16d7df2,,gx-no-cache=1527103471314 HTTP/1.1" 200 10193
200.112.6.235 - - [23/May/2018:16:25:32 -0300] "GET /cormun/servlet/trcontratounov2? HTTP/1.1" 200 17200
200.112.6.235 - - [23/May/2018:16:25:33 -0300] "GET /cormun/servlet/trcontratounov2? HTTP/1.1" 200 17210
200.112.6.235 - - [23/May/2018:16:25:38 -0300] "GET /cormun/servlet/trcontratoobservaciondir? HTTP/1.1" 200 13774
200.112.6.235 - - [23/May/2018:16:25:38 -0300] "GET /cormun/static/gxcfg.js?20175251262281 HTTP/1.1" 200 953
200.112.6.235 - - [23/May/2018:16:25:38 -0300] "GET /cormun/static/trcontratoobservaciondir.js?20175251262715 HTTP/1.1" 200 27185
200.112.6.235 - - [23/May/2018:16:25:39 -0300] "GET /cormun/servlet/trcontratoobservaciondir? HTTP/1.1" 200 13773
186.103.156.24 - - [23/May/2018:16:25:40 -0300] "POST /cormun/servlet/trpermisosgoce?19266f571d26f93aae247717c16d7df2,,gx-no-cache=1527103479768 HTTP/1.1" 200 10160
200.112.233.47 - - [23/May/2018:16:25:49 -0300] "GET /cormun/servlet/solicitudot?5232e49200af2e26ce9112a37b522420a5724c651f738d2cb75e18631cd24b0b757eb388e2964dbadf0fcfb7903c16bff1dcb2573116d2aea9f50e668d24ef05a9de93a163f9d1dcc51de2412284e0aee438094de7b07ffc72c8f06e0c83957cb9b4a62643d6471f245a36d9bdbb00187d2b3dfd3fe9529cb5a9c5cd54e238e88e3f39a6115518a9824bea462e2f892c4b1198a38f0cf1b59f647a0a75cc7ed28b1a0fedc51ef14956ef666fe0a70250a4207416135ba63348aacc50cddbef54ca1dae454da9cd4287a3ca8935145dd3b80dc61b0860d86afcfa09de20f999bbfc774c3026b37f3278b125f3e39eb8e83ded274025204720231933a775af007581bc476b4cad68e760919de6404c24ab9edeec12ba432a2ab479e0d1b28cf54ebc3d5ab5700bf1c5b58dce4ff7f0c9da084ba5d4e31fa2c6fb928b107256c23a19ca0f2d5b0607fa25f7f77cc535eefa46c9161aa42fcd6b1ba67c535f926804d3299ab36c86e7287539d4138d967afc326ea448077fac429eb3dc981afa38e9,gx-no-cache=1527103488486 HTTP/1.1" 200 30
200.112.233.47 - - [23/May/2018:16:25:51 -0300] "GET /cormun/servlet/solicitudot?5232e49200af2e26ce9112a37b522420a5724c651f738d2cb75e18631cd24b0b757eb388e2964dbadf0fcfb7903c16bff1dcb2573116d2aea9f50e668d24ef05a9de93a163f9d1dcc51de2412284e0aee438094de7b07ffc72c8f06e0c83957cb9b4a62643d6471f245a36d9bdbb00187d2b3dfd3fe9529cb5a9c5cd54e238e88e3f39a6115518a9824bea462e2f892c4b1198a38f0cf1b59f647a0a75cc7ed28b1a0fedc51ef14956ef666fe0a70250a4207416135ba63348aacc50cddbef54ca1dae454da9cd4287a3ca8935145dd3b80dc61b0860d86afcfa09de20f999bbfc774c3026b37f3278b125f3e39eb8e8429d099200ac9dfbe2ee1fb527b1d71681bc476b4cad68e760919de6404c24ab9edeec12ba432a2ab479e0d1b28cf54ebc3d5ab5700bf1c5b58dce4ff7f0c9da084ba5d4e31fa2c6fb928b107256c23a19ca0f2d5b0607fa25f7f77cc535eefa46c9161aa42fcd6b1ba67c535f926804d3299ab36c86e7287539d4138d967afc326ea448077fac429eb3dc981afa38e9,gx-no-cache=1527103490380 HTTP/1.1" 200 30
200.112.233.47 - - [23/May/2018:16:25:53 -0300] "GET /cormun/servlet/solicitudot?5232e49200af2e26ce9112a37b522420a5724c651f738d2cb75e18631cd24b0b757eb388e2964dbadf0fcfb7903c16bff1dcb2573116d2aea9f50e668d24ef05a9de93a163f9d1dcc51de2412284e0aee438094de7b07ffc72c8f06e0c83957cb9b4a62643d6471f245a36d9bdbb00187d2b3dfd3fe9529cb5a9c5cd54e238e88e3f39a6115518a9824bea462e2f892c4b1198a38f0cf1b59f647a0a75cc7ed28b1a0fedc51ef14956ef666fe0a70250a4207416135ba63348aacc50cddbef54ca1dae454da9cd4287a3ca8935145dd3b80dc61b0860d86afcfa09de20f999bbfc774c3026b37f3278b125f3e39eb8e83ded274025204720231933a775af007581bc476b4cad68e760919de6404c24ab9edeec12ba432a2ab479e0d1b28cf54ebc3d5ab5700bf1c5b58dce4ff7f0c9da084ba5d4e31fa2c6fb928b107256c23a19ca0f2d5b0607fa25f7f77cc535eefa46c9161aa42fcd6b1ba67c535f926804d3299ab36c86e7287539d4138d967afc326ea448077fac429eb3dc981afa38e9,gx-no-cache=1527103492684 HTTP/1.1" 200 30
186.103.156.24 - - [23/May/2018:16:25:56 -0300] "POST /cormun/servlet/trpermisosgoce?19266f571d26f93aae247717c16d7df2,,gx-no-cache=1527103490430 HTTP/1.1" 200 10188
200.112.6.235 - - [23/May/2018:16:26:00 -0300] "GET /cormun/servlet/trvisualizadoreventos? HTTP/1.1" 200 6969
200.112.6.235 - - [23/May/2018:16:26:01 -0300] "GET /cormun/servlet/trvisualizadoreventos? HTTP/1.1" 200 6968
200.112.233.47 - - [23/May/2018:16:26:03 -0300] "POST /cormun/servlet/solicitudot?gx-no-cache=1527103502604 HTTP/1.1" 200 240
200.112.233.47 - - [23/May/2018:16:26:08 -0300] "GET /cormun/servlet/solicitudot?5232e49200af2e26ce9112a37b522420a5724c651f738d2cb75e18631cd24b0b37ebae37e3e42e2125a7ab3656c1b67df1dcb2573116d2aea9f50e668d24ef05a9de93a163f9d1dcc51de2412284e0aee438094de7b07ffc72c8f06e0c83957cb9b4a62643d6471f245a36d9bdbb00187d2b3dfd3fe9529cb5a9c5cd54e238e88e3f39a6115518a9824bea462e2f892c4b1198a38f0cf1b59f647a0a75cc7ed28b1a0fedc51ef14956ef666fe0a70250a4207416135ba63348aacc50cddbef54ca1dae454da9cd4287a3ca8935145dd3b80dc61b0860d86afcfa09de20f999bbfc774c3026b37f3278b125f3e39eb8e83ded274025204720231933a775af007581bc476b4cad68e760919de6404c24abab6d76a809712b1115b5c3a5b7dc24ed66c88be67adc69c2c9d35fdc383956127c1c628bf90c61ad752297d5764e599beda2282f8465bc0e60d65dc5c9a939afc854140140faa8599cb4625d53bbb601be34ee96dca7b2c7a241b0daedaa32b3043e4a3c2058e37b2a247e77cb4a1b47,gx-no-cache=1527103507941 HTTP/1.1" 200 30
200.112.6.235 - - [23/May/2018:16:26:14 -0300] "GET /cormun/servlet/trcontratosolicitud? HTTP/1.1" 200 14195
200.112.6.235 - - [23/May/2018:16:26:15 -0300] "GET /cormun/servlet/trcontratosolicitud? HTTP/1.1" 200 14195
186.103.156.24 - - [23/May/2018:16:26:21 -0300] "GET /cormun/servlet/trpermisosadjuntos?18379412,20180522122856,P, HTTP/1.1" 200 6542
200.112.233.47 - - [23/May/2018:16:26:21 -0300] "POST /cormun/servlet/solicitudot?gx-no-cache=1527103521212 HTTP/1.1" 200 30
186.103.156.24 - - [23/May/2018:16:26:22 -0300] "GET /cormun/servlet/trpermisosadjuntos?18379412,20180522122856,P, HTTP/1.1" 200 6542
200.112.233.47 - - [23/May/2018:16:26:22 -0300] "POST /cormun/servlet/solicitudot?gx-no-cache=1527103522030 HTTP/1.1" 200 1369
186.103.156.24 - - [23/May/2018:16:26:24 -0300] "GET /cormun/servlet/permisosadjuntos?INS,18379412,P,20180522122856,, HTTP/1.1" 200 5873
200.112.233.47 - - [23/May/2018:16:26:25 -0300] "POST /cormun/servlet/solicitudot?gx-no-cache=1527103525142 HTTP/1.1" 200 41
186.103.156.24 - - [23/May/2018:16:26:25 -0300] "GET /cormun/static/about:blank HTTP/1.1" 404 1011
186.103.156.24 - - [23/May/2018:16:26:26 -0300] "GET /cormun/servlet/permisosadjuntos?INS,18379412,P,20180522122856,, HTTP/1.1" 200 5863
200.112.6.235 - - [23/May/2018:16:26:27 -0300] "GET /cormun/servlet/trsolicitudot? HTTP/1.1" 200 7472
200.112.6.235 - - [23/May/2018:16:26:27 -0300] "GET /cormun/servlet/trsolicitudot? HTTP/1.1" 200 7471
200.112.233.47 - - [23/May/2018:16:26:29 -0300] "POST /cormun/servlet/solicitudot?gx-no-cache=1527103529086 HTTP/1.1" 200 1351
200.112.6.235 - - [23/May/2018:16:26:35 -0300] "GET /cormun/servlet/solicitudot?INS,0,0, HTTP/1.1" 200 13658
200.112.6.235 - - [23/May/2018:16:26:36 -0300] "GET /cormun/servlet/solicitudot?INS,0,0, HTTP/1.1" 200 13663
186.103.156.24 - - [23/May/2018:16:26:37 -0300] "POST /cormun/servlet/permisosadjuntos?19266f571d26f93aae247717c16d7df2,INS,18379412,P,20180522122856,, HTTP/1.1" 200 116
186.103.156.24 - - [23/May/2018:16:26:37 -0300] "GET /cormun/servlet/hpexe_return? HTTP/1.1" 200 1040
200.112.233.47 - - [23/May/2018:16:26:37 -0300] "POST /cormun/servlet/solicitudot?gx-no-cache=1527103536952 HTTP/1.1" 200 1248
200.112.233.47 - - [23/May/2018:16:26:37 -0300] "POST /cormun/servlet/solicitudot?gx-no-cache=1527103537013 HTTP/1.1" 200 34
186.103.156.24 - - [23/May/2018:16:26:38 -0300] "GET /cormun/servlet/trpermisosadjuntos?18379412,20180522122856,P, HTTP/1.1" 200 7053
200.112.233.47 - - [23/May/2018:16:26:38 -0300] "POST /cormun/servlet/solicitudot?1786683aa72099b25ff477090a7def62,INS,0,0,,gx-no-cache=1527103537068 HTTP/1.1" 200 11892
186.103.156.24 - - [23/May/2018:16:26:38 -0300] "GET /cormun/servlet/trpermisosadjuntos?18379412,20180522122856,P, HTTP/1.1" 200 7050
200.112.6.235 - - [23/May/2018:16:26:41 -0300] "POST /cormun/servlet/solicitudot?34131010cfc397ec1ffe053aa15a07d0,INS,0,0,,gx-no-cache=1527103541860 HTTP/1.1" 200 93
200.112.6.235 - - [23/May/2018:16:26:41 -0300] "GET /cormun/servlet/hpexe_return? HTTP/1.1" 200 1008
200.112.6.235 - - [23/May/2018:16:26:42 -0300] "GET /cormun/servlet/trsolicitudot HTTP/1.1" 200 7475
200.112.6.235 - - [23/May/2018:16:26:42 -0300] "GET /cormun/servlet/trsolicitudot HTTP/1.1" 200 7471
186.103.156.24 - - [23/May/2018:16:26:47 -0300] "GET /cormun/servlet/permisosadjuntos?INS,18379412,P,20180522122856,, HTTP/1.1" 200 5873
186.103.156.24 - - [23/May/2018:16:26:47 -0300] "GET /cormun/static/about:blank HTTP/1.1" 404 1011
186.103.156.24 - - [23/May/2018:16:26:47 -0300] "GET /cormun/servlet/permisosadjuntos?INS,18379412,P,20180522122856,, HTTP/1.1" 200 5863
200.112.6.235 - - [23/May/2018:16:26:48 -0300] "GET /cormun/servlet/trautorizarsolicitud? HTTP/1.1" 200 9183
200.112.6.235 - - [23/May/2018:16:26:49 -0300] "GET /cormun/servlet/trautorizarsolicitud? HTTP/1.1" 200 9182
186.103.156.24 - - [23/May/2018:16:26:51 -0300] "GET /cormun/servlet/trpermisosgoce? HTTP/1.1" 200 13136
