190.46.88.10 - - [23/May/2018:16:58:44 -0300] "GET /cormun/servlet/licenciaspermisos?INS,0,,, HTTP/1.1" 200 7761
190.46.88.10 - - [23/May/2018:16:58:44 -0300] "GET /cormun/static/gxcfg.js?201762917281167 HTTP/1.1" 200 953
186.79.65.38 - - [23/May/2018:16:58:44 -0300] "GET /cormun/static/licenciaspermisos.js?201762917281260 HTTP/1.1" 200 37491
186.79.65.38 - - [23/May/2018:16:58:45 -0300] "GET /cormun/servlet/licenciaspermisos?INS,0,,, HTTP/1.1" 200 7769
192.168.10.62 - - [23/May/2018:16:58:53 -0300] "POST /cormun/servlet/hlogin?c560ae55d560c3c97ccf9fef751b5ee7,gx-no-cache=1527105342581 HTTP/1.1" 200 90
192.168.10.62 - - [23/May/2018:16:58:53 -0300] "GET /cormun/servlet/hpexe_link HTTP/1.1" 200 950
192.168.10.62 - - [23/May/2018:16:58:53 -0300] "GET /cormun/servlet/hhome HTTP/1.1" 200 4486
192.168.10.62 - - [23/May/2018:16:58:54 -0300] "GET /cormun/servlet/hhome HTTP/1.1" 200 4482
200.112.233.47 - - [23/May/2018:16:58:55 -0300] "POST /cormun/servlet/prfichaempleado?1786683aa72099b25ff477090a7def62,,MD,,gxPopupLevel%3D0%3B,gx-no-cache=1527105474542 HTTP/1.1" 200 3429
192.168.10.62 - - [23/May/2018:16:58:58 -0300] "GET /cormun/servlet/trsolicitudgral? HTTP/1.1" 200 27896
192.168.10.62 - - [23/May/2018:16:58:58 -0300] "GET /cormun/static/calendar-system.css?85620 HTTP/1.1" 304 -
192.168.10.62 - - [23/May/2018:16:59:00 -0300] "GET /cormun/servlet/trsolicitudgral? HTTP/1.1" 200 27895
200.112.233.47 - - [23/May/2018:16:59:00 -0300] "POST /cormun/servlet/solicitudot?gx-no-cache=1527105480188 HTTP/1.1" 200 3442
200.112.233.47 - - [23/May/2018:16:59:02 -0300] "GET /cormun/servlet/solicitudot?5232e49200af2e26ce9112a37b5224203f103597a83b888c882fde9b71a671f52f0370d8cec155b2195e6854daf4cac1,gx-no-cache=1527105481379 HTTP/1.1" 200 111
190.46.88.10 - - [23/May/2018:16:59:08 -0300] "GET /cormun/servlet/prfichaempleado?,MD,,gxPopupLevel%3D0%3B HTTP/1.1" 200 9399
186.103.156.24 - - [23/May/2018:16:59:12 -0300] "GET /cormun/servlet/trpermisosadjuntos?16251369,20180522124212,P, HTTP/1.1" 200 6547
186.103.156.24 - - [23/May/2018:16:59:12 -0300] "GET /cormun/servlet/trpermisosadjuntos?16251369,20180522124212,P, HTTP/1.1" 200 6546
186.103.156.24 - - [23/May/2018:16:59:15 -0300] "GET /cormun/servlet/permisosadjuntos?INS,16251369,P,20180522124212,, HTTP/1.1" 200 5880
186.103.156.24 - - [23/May/2018:16:59:16 -0300] "GET /cormun/static/about:blank HTTP/1.1" 404 1011
200.111.191.210 - - [23/May/2018:16:59:17 -0300] "GET /cormun/servlet/trpermisosgoce? HTTP/1.1" 200 17126
200.111.191.210 - - [23/May/2018:16:59:17 -0300] "GET /cormun/servlet/trpermisosgoce? HTTP/1.1" 200 17147
186.103.156.24 - - [23/May/2018:16:59:17 -0300] "GET /cormun/servlet/permisosadjuntos?INS,16251369,P,20180522124212,, HTTP/1.1" 200 5869
192.168.10.62 - - [23/May/2018:16:59:18 -0300] "POST /cormun/servlet/trsolicitudgral?c560ae55d560c3c97ccf9fef751b5ee7,,gx-no-cache=1527105366579 HTTP/1.1" 200 25394
200.111.191.210 - - [23/May/2018:16:59:19 -0300] "GET /cormun/servlet/permisogoce?INS,0,,, HTTP/1.1" 200 6791
200.111.191.210 - - [23/May/2018:16:59:20 -0300] "GET /cormun/servlet/permisogoce?INS,0,,, HTTP/1.1" 200 6791
200.111.191.210 - - [23/May/2018:16:59:31 -0300] "GET /cormun/servlet/permisogoce?084d7daac428be0a7d11d66e52f386cf5cb54e33415f8c7773fad21d4c22861657d4db972d092c5a8860e17488f0fb1caa8185bdff8f9ebd2110cca4c66e5e3d,gx-no-cache=1527105559777 HTTP/1.1" 200 82
200.111.191.210 - - [23/May/2018:16:59:49 -0300] "GET /cormun/servlet/permisogoce?084d7daac428be0a7d11d66e52f386cf044a8ff3916c0b840f1fb328a3b6a34b268ee04fc20886dec572e59d1767fd0396039fb38e95e87e73efdc6b57053a45,gx-no-cache=1527105578050 HTTP/1.1" 200 47
200.112.233.47 - - [23/May/2018:16:59:56 -0300] "GET /cormun/servlet/solicitudot?5232e49200af2e26ce9112a37b522420a31962c928b7965f113e31564e54a410,gx-no-cache=1527105535584 HTTP/1.1" 200 94
186.103.156.24 - - [23/May/2018:16:59:59 -0300] "POST /cormun/servlet/permisosadjuntos?19266f571d26f93aae247717c16d7df2,INS,16251369,P,20180522124212,, HTTP/1.1" 200 116
186.103.156.24 - - [23/May/2018:16:59:59 -0300] "GET /cormun/servlet/hpexe_return? HTTP/1.1" 200 1037
186.103.156.24 - - [23/May/2018:17:00:00 -0300] "GET /cormun/servlet/trpermisosadjuntos?16251369,20180522124212,P, HTTP/1.1" 200 7071
186.103.156.24 - - [23/May/2018:17:00:00 -0300] "GET /cormun/servlet/trpermisosadjuntos?16251369,20180522124212,P, HTTP/1.1" 200 7067
200.111.191.210 - - [23/May/2018:17:00:05 -0300] "POST /cormun/servlet/permisogoce?dc6dcfada60c4d6999d0a206a0633c54,INS,0,,,,gx-no-cache=1527105593466 HTTP/1.1" 200 93
200.111.191.210 - - [23/May/2018:17:00:05 -0300] "GET /cormun/servlet/hpexe_return? HTTP/1.1" 200 1008
186.103.156.24 - - [23/May/2018:17:00:05 -0300] "GET /cormun/servlet/permisosadjuntos?INS,16251369,P,20180522124212,, HTTP/1.1" 200 5879
200.111.191.210 - - [23/May/2018:17:00:05 -0300] "GET /cormun/servlet/trpermisosgoce HTTP/1.1" 200 17358
186.103.156.24 - - [23/May/2018:17:00:05 -0300] "GET /cormun/static/about:blank HTTP/1.1" 404 1011
186.103.156.24 - - [23/May/2018:17:00:05 -0300] "GET /cormun/servlet/permisosadjuntos?INS,16251369,P,20180522124212,, HTTP/1.1" 200 5869
200.111.191.210 - - [23/May/2018:17:00:05 -0300] "GET /cormun/servlet/trpermisosgoce HTTP/1.1" 200 17370
200.111.191.210 - - [23/May/2018:17:00:09 -0300] "GET /cormun/servlet/apermisogoceprn?14546010,P,20180523155607,PU HTTP/1.1" 200 1654
186.103.156.24 - - [23/May/2018:17:00:09 -0300] "GET /cormun/servlet/trpermisosgoce? HTTP/1.1" 200 13042
186.103.156.24 - - [23/May/2018:17:00:10 -0300] "GET /cormun/servlet/trpermisosgoce? HTTP/1.1" 200 13045
190.46.88.10 - - [23/May/2018:17:00:12 -0300] "GET /cormun/servlet/licenciaspermisos?67d50a8622960060d855428a57dcfc629568019b0f567c9bf80f9394cf52a84c19909537df6ff258fd1f2b27566c8ede,gx-no-cache=1527105552255 HTTP/1.1" 200 84
190.46.88.10 - - [23/May/2018:17:00:12 -0300] "POST /cormun/servlet/licenciaspermisos?f9ba5041dabd8cc1a8c258a0990f128c,INS,0,,,,gx-no-cache=1527105552362 HTTP/1.1" 200 4877
192.168.10.96 - - [23/May/2018:17:00:28 -0300] "GET /cormun/servlet/hlogin HTTP/1.1" 200 1717
192.168.10.96 - - [23/May/2018:17:00:28 -0300] "GET /cormun/servlet/hlogin HTTP/1.1" 200 1717
192.168.10.62 - - [23/May/2018:17:00:35 -0300] "POST /cormun/servlet/trsolicitudgral?c560ae55d560c3c97ccf9fef751b5ee7,,gx-no-cache=1527105443824 HTTP/1.1" 200 25394
192.168.10.96 - - [23/May/2018:17:00:35 -0300] "POST /cormun/servlet/hlogin?9b4ab03b21cec6cd7c6ec17c815d739c,gx-no-cache=1527105443656 HTTP/1.1" 200 423
186.103.156.24 - - [23/May/2018:17:00:37 -0300] "POST /cormun/servlet/trpermisosgoce?19266f571d26f93aae247717c16d7df2,,gx-no-cache=1527105574735 HTTP/1.1" 200 10147
186.103.156.24 - - [23/May/2018:17:00:37 -0300] "GET /cormun/static/Shared/jqueryui/images/ui-bg_highlight-soft_100_c6c2c8_1x100.png HTTP/1.1" 404 1117
186.103.156.24 - - [23/May/2018:17:00:37 -0300] "GET /cormun/static/Shared/jqueryui/images/ui-icons_82798d_256x240.png HTTP/1.1" 404 1089
186.103.156.24 - - [23/May/2018:17:00:37 -0300] "GET /cormun/static/Shared/jqueryui/images/ui-bg_flat_55_fafafa_40x100.png HTTP/1.1" 404 1097
186.103.156.24 - - [23/May/2018:17:00:37 -0300] "GET /cormun/static/Shared/jqueryui/images/ui-icons_8d78a5_256x240.png HTTP/1.1" 404 1089
192.168.10.62 - - [23/May/2018:17:00:39 -0300] "POST /cormun/servlet/trsolicitudgral?c560ae55d560c3c97ccf9fef751b5ee7,,gx-no-cache=1527105447403 HTTP/1.1" 200 105
192.168.10.62 - - [23/May/2018:17:00:39 -0300] "GET /cormun/SolicitudGral-7087.xls HTTP/1.1" 200 101888
192.168.10.96 - - [23/May/2018:17:00:39 -0300] "POST /cormun/servlet/hlogin?9b4ab03b21cec6cd7c6ec17c815d739c,gx-no-cache=1527105447479 HTTP/1.1" 200 90
192.168.10.96 - - [23/May/2018:17:00:39 -0300] "GET /cormun/servlet/hpexe_link HTTP/1.1" 200 947
192.168.10.96 - - [23/May/2018:17:00:39 -0300] "GET /cormun/servlet/hhome HTTP/1.1" 200 3909
192.168.10.96 - - [23/May/2018:17:00:40 -0300] "GET /cormun/servlet/hhome HTTP/1.1" 200 3907
192.168.10.96 - - [23/May/2018:17:00:42 -0300] "GET /cormun/servlet/trsolicitudot? HTTP/1.1" 200 8513
192.168.10.96 - - [23/May/2018:17:00:43 -0300] "GET /cormun/servlet/trsolicitudot? HTTP/1.1" 200 8512
192.168.10.96 - - [23/May/2018:17:00:47 -0300] "GET /cormun/servlet/solicitudot?INS,0,0, HTTP/1.1" 200 13359
192.168.10.96 - - [23/May/2018:17:00:48 -0300] "GET /cormun/servlet/solicitudot?INS,0,0, HTTP/1.1" 200 13364
192.168.10.96 - - [23/May/2018:17:01:11 -0300] "POST /cormun/servlet/solicitudot?gx-no-cache=1527105479123 HTTP/1.1" 200 3284
192.168.10.96 - - [23/May/2018:17:01:11 -0300] "POST /cormun/servlet/solicitudot?9b4ab03b21cec6cd7c6ec17c815d739c,INS,0,0,,gx-no-cache=1527105479258 HTTP/1.1" 200 10244
200.112.233.47 - - [23/May/2018:17:01:12 -0300] "GET /cormun/servlet/solicitudot?5232e49200af2e26ce9112a37b52242088f900b4721e395ac0cbc3fb6a1cf719dc0ca7dc6f374e2ad4ab6809fb12a99315dddaa7fb2bebd885113debd9a6e62a,gx-no-cache=1527105611546 HTTP/1.1" 200 30
200.112.233.47 - - [23/May/2018:17:01:12 -0300] "GET /cormun/servlet/solicitudot?5232e49200af2e26ce9112a37b5224200e9fb3640ab73aaac4f54dc378f4311e,gx-no-cache=1527105611581 HTTP/1.1" 200 29
200.112.233.47 - - [23/May/2018:17:01:12 -0300] "GET /cormun/servlet/solicitudot?5232e49200af2e26ce9112a37b522420f4ec2f83a1cdf4e9ec7a13bec9aff276ebd4ceba28d9a6ede3d692df78166cf61441366e22d0dc1435aff7765503a55c874119f6d79f8fbbe5067232acd49707b294664f07cefabb56c5d5fdfd9efea4c3f5255d68fcef68622c439251ee362c397f622bcead1b79c851c900103e75115043ced8a5f9287d491b9b37670fa01f6efa76f30b09a6cc10c423e3af6c12279032d72a57dd081918450de203981dadfaa0277fe590d6d9e32b398080c046af5b3b82fbf96301ce3990d0b8e61bb2b17110ade7a3b86c26a54a70d62acbcc1b93e0737d2ef81a1add17364c54ca56de2aa41cf69b9ba6fd5b624edc333a819d11b7625bdb62373eae008109a7f67ea194f6b69eef8b794c802a9a4469dfefb4bf71ff974dc4094cc6f6d6984c0910bac8a80df22fe4f90f929f6fce3f250d1d9b4a3129e536ce32893f80bd4b73674a,gx-no-cache=1527105611614 HTTP/1.1" 200 297
192.168.10.96 - - [23/May/2018:17:01:15 -0300] "GET /cormun/servlet/solicitudot?9f26dd98bdd7d44ffdb60f5c48fd09e637187049e2687021f6349f9b9dafde4fc1686b4240673395ecfb71a1c1814852,gx-no-cache=1527105483496 HTTP/1.1" 200 30
200.112.233.47 - - [23/May/2018:17:01:15 -0300] "GET /cormun/servlet/solicitudot?5232e49200af2e26ce9112a37b522420a5724c651f738d2cb75e18631cd24b0bb18f099f91f2b3d1eefbb6901e75558ff1dcb2573116d2aea9f50e668d24ef05a9de93a163f9d1dcc51de2412284e0aee438094de7b07ffc72c8f06e0c83957cb9b4a62643d6471f245a36d9bdbb00187d2b3dfd3fe9529cb5a9c5cd54e238e88e3f39a6115518a9824bea462e2f892c4b1198a38f0cf1b59f647a0a75cc7ed28b1a0fedc51ef14956ef666fe0a70250a4207416135ba63348aacc50cddbef54ca1dae454da9cd4287a3ca8935145dd3b80dc61b0860d86afcfa09de20f999bbfc774c3026b37f3278b125f3e39eb8e8a555db91f2c65cbb1ee2db306527b89981bc476b4cad68e760919de6404c24abab6d76a809712b1115b5c3a5b7dc24ed66c88be67adc69c2c9d35fdc383956127c1c628bf90c61ad752297d5764e599b40161bd6752b08dfba78de4d13ce5b49fd9064e4e2a7be610a2cec036714fdf6c9f9a0b8082f1e2f34987bdeaeea41386473c2a912e29eef03dd4f72f836d360a0b3492b0785f4a147c3e6c95b39078d,gx-no-cache=1527105615099 HTTP/1.1" 200 30
200.112.233.47 - - [23/May/2018:17:01:17 -0300] "POST /cormun/servlet/solicitudot?gx-no-cache=1527105617066 HTTP/1.1" 200 30
200.112.233.47 - - [23/May/2018:17:01:19 -0300] "POST /cormun/servlet/solicitudot?gx-no-cache=1527105618773 HTTP/1.1" 200 1363
200.112.233.47 - - [23/May/2018:17:01:19 -0300] "POST /cormun/servlet/solicitudot?gx-no-cache=1527105618823 HTTP/1.1" 200 38
186.103.156.24 - - [23/May/2018:17:01:32 -0300] "GET /cormun/servlet/trpermisosadjuntos?16251369,20180522124400,P, HTTP/1.1" 200 6548
186.103.156.24 - - [23/May/2018:17:01:32 -0300] "GET /cormun/servlet/trpermisosadjuntos?16251369,20180522124400,P, HTTP/1.1" 200 6547
200.112.233.47 - - [23/May/2018:17:01:36 -0300] "GET /cormun/servlet/solicitudot?5232e49200af2e26ce9112a37b5224204bfcb1f2fe4a5125c4537b6c7b7cfa732aa41cf69b9ba6fd5b624edc333a819d11b7625bdb62373eae008109a7f67ea1924f2706e62eae188cb16cd406d3d308,gx-no-cache=1527105636178 HTTP/1.1" 200 29
200.112.233.47 - - [23/May/2018:17:01:36 -0300] "POST /cormun/servlet/solicitudot?gx-no-cache=1527105636221 HTTP/1.1" 200 1350
200.112.233.47 - - [23/May/2018:17:01:37 -0300] "POST /cormun/servlet/solicitudot?gx-no-cache=1527105636280 HTTP/1.1" 200 1246
186.103.156.24 - - [23/May/2018:17:01:37 -0300] "GET /cormun/servlet/permisosadjuntos?INS,16251369,P,20180522124400,, HTTP/1.1" 200 5882
186.103.156.24 - - [23/May/2018:17:01:37 -0300] "GET /cormun/static/about:blank HTTP/1.1" 404 1011
186.103.156.24 - - [23/May/2018:17:01:37 -0300] "GET /cormun/servlet/permisosadjuntos?INS,16251369,P,20180522124400,, HTTP/1.1" 200 5871
200.112.233.47 - - [23/May/2018:17:01:50 -0300] "GET /cormun/servlet/solicitudot?5232e49200af2e26ce9112a37b522420c09f9d0e51f37838a752d00e4eb4202d1b0bbc2e081c8c6b0780a8f5953e7674,gx-no-cache=1527105650261 HTTP/1.1" 200 30
186.103.156.24 - - [23/May/2018:17:01:51 -0300] "POST /cormun/servlet/permisosadjuntos?19266f571d26f93aae247717c16d7df2,INS,16251369,P,20180522124400,, HTTP/1.1" 200 116
186.103.156.24 - - [23/May/2018:17:01:51 -0300] "GET /cormun/servlet/hpexe_return? HTTP/1.1" 200 1037
186.103.156.24 - - [23/May/2018:17:01:51 -0300] "GET /cormun/servlet/trpermisosadjuntos?16251369,20180522124400,P, HTTP/1.1" 200 7072
186.103.156.24 - - [23/May/2018:17:01:52 -0300] "GET /cormun/servlet/trpermisosadjuntos?16251369,20180522124400,P, HTTP/1.1" 200 7069
186.103.156.24 - - [23/May/2018:17:01:54 -0300] "GET /cormun/servlet/permisosadjuntos?INS,16251369,P,20180522124400,, HTTP/1.1" 200 5882
186.103.156.24 - - [23/May/2018:17:01:54 -0300] "GET /cormun/static/about:blank HTTP/1.1" 404 1011
186.103.156.24 - - [23/May/2018:17:01:54 -0300] "GET /cormun/servlet/permisosadjuntos?INS,16251369,P,20180522124400,, HTTP/1.1" 200 5871
200.112.233.47 - - [23/May/2018:17:01:55 -0300] "POST /cormun/servlet/solicitudot?gx-no-cache=1527105655061 HTTP/1.1" 200 30
186.103.156.24 - - [23/May/2018:17:01:58 -0300] "GET /cormun/servlet/trpermisosgoce? HTTP/1.1" 200 13063
186.103.156.24 - - [23/May/2018:17:01:59 -0300] "GET /cormun/servlet/trpermisosgoce? HTTP/1.1" 200 13012
200.112.233.47 - - [23/May/2018:17:02:03 -0300] "POST /cormun/servlet/solicitudot?gx-no-cache=1527105663060 HTTP/1.1" 200 256
200.112.233.47 - - [23/May/2018:17:02:09 -0300] "GET /cormun/servlet/solicitudot?5232e49200af2e26ce9112a37b522420a5724c651f738d2cb75e18631cd24b0b757eb388e2964dbadf0fcfb7903c16bff1dcb2573116d2aea9f50e668d24ef05a9de93a163f9d1dcc51de2412284e0aee438094de7b07ffc72c8f06e0c83957cb9b4a62643d6471f245a36d9bdbb00187d2b3dfd3fe9529cb5a9c5cd54e238e88e3f39a6115518a9824bea462e2f892c4b1198a38f0cf1b59f647a0a75cc7ed28b1a0fedc51ef14956ef666fe0a70250a4207416135ba63348aacc50cddbef54ca1dae454da9cd4287a3ca8935145dd3b80dc61b0860d86afcfa09de20f999bbfc774c3026b37f3278b125f3e39eb8e83ded274025204720231933a775af007581bc476b4cad68e760919de6404c24ab9edeec12ba432a2ab479e0d1b28cf54ebc3d5ab5700bf1c5b58dce4ff7f0c9da084ba5d4e31fa2c6fb928b107256c23a19ca0f2d5b0607fa25f7f77cc535eefa46c9161aa42fcd6b1ba67c535f926804d3299ab36c86e7287539d4138d967afc326ea448077fac429eb3dc981afa38e9,gx-no-cache=1527105668572 HTTP/1.1" 200 30
186.103.156.24 - - [23/May/2018:17:02:21 -0300] "POST /cormun/servlet/trpermisosgoce?19266f571d26f93aae247717c16d7df2,,gx-no-cache=1527105680340 HTTP/1.1" 200 10131
186.103.156.24 - - [23/May/2018:17:02:22 -0300] "GET /cormun/static/Shared/jqueryui/images/ui-bg_highlight-soft_100_c6c2c8_1x100.png HTTP/1.1" 404 1117
186.103.156.24 - - [23/May/2018:17:02:22 -0300] "GET /cormun/static/Shared/jqueryui/images/ui-bg_flat_55_fafafa_40x100.png HTTP/1.1" 404 1097
186.103.156.24 - - [23/May/2018:17:02:22 -0300] "GET /cormun/static/Shared/jqueryui/images/ui-icons_8d78a5_256x240.png HTTP/1.1" 404 1089
186.103.156.24 - - [23/May/2018:17:02:22 -0300] "GET /cormun/static/Shared/jqueryui/images/ui-icons_82798d_256x240.png HTTP/1.1" 404 1089
192.168.10.96 - - [23/May/2018:17:02:34 -0300] "POST /cormun/servlet/solicitudot?9b4ab03b21cec6cd7c6ec17c815d739c,INS,0,0,,gx-no-cache=1527105562107 HTTP/1.1" 200 10420
192.168.10.96 - - [23/May/2018:17:02:34 -0300] "GET /cormun/static/Shared/jqueryui/images/ui-bg_highlight-soft_100_c6c2c8_1x100.png HTTP/1.1" 404 1117
192.168.10.96 - - [23/May/2018:17:02:34 -0300] "GET /cormun/static/Shared/jqueryui/images/ui-icons_8d78a5_256x240.png HTTP/1.1" 404 1089
192.168.10.96 - - [23/May/2018:17:02:34 -0300] "GET /cormun/static/Shared/jqueryui/images/ui-bg_flat_55_fafafa_40x100.png HTTP/1.1" 404 1097
192.168.10.96 - - [23/May/2018:17:02:34 -0300] "GET /cormun/static/Shared/jqueryui/images/ui-icons_82798d_256x240.png HTTP/1.1" 404 1089
192.168.10.96 - - [23/May/2018:17:02:35 -0300] "GET /cormun/servlet/solicitudot?9f26dd98bdd7d44ffdb60f5c48fd09e64c315022cb11143cf057ebdabcfb07cba61a36d7cea5f6a86031341100ba52e783ff9f9e6075b9b28a1d8ca85b28d9c9,gx-no-cache=1527105563268 HTTP/1.1" 200 30
192.168.10.96 - - [23/May/2018:17:02:35 -0300] "GET /cormun/servlet/solicitudot?9f26dd98bdd7d44ffdb60f5c48fd09e6be2e1d77b9592d4c55d8b8376f75c0b8,gx-no-cache=1527105563302 HTTP/1.1" 200 29
192.168.10.96 - - [23/May/2018:17:02:36 -0300] "POST /cormun/servlet/solicitudot?gx-no-cache=1527105564336 HTTP/1.1" 200 255
192.168.10.96 - - [23/May/2018:17:02:38 -0300] "POST /cormun/servlet/solicitudot?gx-no-cache=1527105566470 HTTP/1.1" 200 240
192.168.10.96 - - [23/May/2018:17:02:40 -0300] "GET /cormun/servlet/solicitudot?9f26dd98bdd7d44ffdb60f5c48fd09e659ae107ab967a4c3387b8700980ff06dbaa5297e46f7354eef9b8447decdc7b6352a8e1538ad3d63e8e0c35686764c4cfda099791500eb8791d036827b62fb176b83a8817e6e79cf60e8b816a331a23e84df9fcce8c528f075b82b2f4dd6127c81b96e4accf159f4fc5d05a0a49cfd995ae809d258ced4f92c9dc5489687453c8ef1b05618b81a320b05b511e8e49fd7b0bc1da303e3b98bb1e52cfa08acefb26985f88bcf9f36dfa49c09b4390c1fe7db1eba4ac0de744cf8d579b36ebd4b02103af37145e8065cc37a3a01d7a57261500ee4c835505f085ac6b410909fb408ace3f4260b1cefd6f19cb345f69c5fee3831576ee498e52de28b0f79167e101da1b2696b0142e54cfa7ca85f2322ef67293969a56597e27a590d46e743f525066eb2cbb9e8e284601c542fef29053aacef7073bdb70f1ae971492230c640bf3957644efa6575d456052e9fd45ffebfb5b988c05246647a901f33fe40aeb476325a4bc14f674489b1c821047d6e6b94f9,gx-no-cache=1527105567729 HTTP/1.1" 200 30
192.168.10.96 - - [23/May/2018:17:02:42 -0300] "POST /cormun/servlet/solicitudot?gx-no-cache=1527105569721 HTTP/1.1" 200 30
192.168.10.96 - - [23/May/2018:17:02:44 -0300] "GET /cormun/servlet/prsolicitudot?5443856,,,,,MD,,gxPopupLevel%3D0%3B HTTP/1.1" 200 5882
192.168.10.96 - - [23/May/2018:17:02:44 -0300] "GET /cormun/static/gxcfg.js?2017111422591492 HTTP/1.1" 200 953
192.168.10.96 - - [23/May/2018:17:02:44 -0300] "GET /cormun/static/prsolicitudot.js?2017111422591715 HTTP/1.1" 200 13680
192.168.10.96 - - [23/May/2018:17:02:46 -0300] "POST /cormun/servlet/solicitudot?gx-no-cache=1527105574641 HTTP/1.1" 200 1445
192.168.10.96 - - [23/May/2018:17:02:46 -0300] "GET /cormun/static/Shared/jqueryui/images/ui-bg_flat_55_994d53_40x100.png HTTP/1.1" 404 1097
192.168.10.96 - - [23/May/2018:17:02:46 -0300] "GET /cormun/static/Shared/jqueryui/images/ui-icons_ebccce_256x240.png HTTP/1.1" 404 1089
192.168.10.96 - - [23/May/2018:17:02:46 -0300] "POST /cormun/servlet/solicitudot?gx-no-cache=1527105574684 HTTP/1.1" 200 117
192.168.10.96 - - [23/May/2018:17:02:46 -0300] "GET /cormun/servlet/solicitudot?9f26dd98bdd7d44ffdb60f5c48fd09e662412732f50279ce83096f39d472ab9052e590a224aa3e8c9effcd3b7f1822eb6897a9ab3d442905238f892febfb3d28611981e7bedfb0b522f6c2de6685ac8b5d1abedf43263c988cf69552cc5fb220bd13881627b1d8e74029bf08e6ca384e,gx-no-cache=1527105574710 HTTP/1.1" 200 29
192.168.10.96 - - [23/May/2018:17:02:47 -0300] "GET /cormun/servlet/solicitudot?9f26dd98bdd7d44ffdb60f5c48fd09e660e2e369420cd6bd7195da28192156d22ccdd632786ec7c3d4965f332654dec07bb5c0c157c806d5b6aed8333d984f5fe009716e95ad1d60eb026a66b8b0ba2c088302db42e28554a297067ec17832f6485ba8db8f41de8ca360e7f419dd47f0ee9c9c56e0d3d5157fc800c0a46eb8affe31c4bed229d22457bd51f9661d61a62d2e1f765914919171326dfe9091313addd8d61ad0e7aeb16e3c36cfe04669d360cece93a42f091f4d8a3ef99d9f75d9,gx-no-cache=1527105574739 HTTP/1.1" 200 62
192.168.10.96 - - [23/May/2018:17:02:47 -0300] "GET /cormun/servlet/solicitudot?5dc8467ec0e16f5685df4bdc10b90f444ac1cb8ca2e10d8e08502d02eb7599eb52f65df8122f6669f710b8eac1055dc3878cacc185bbcd3a42ff12aaa70dda542ed2714e201566d735de134b7da9b97b,gx-no-cache=1527105574790 HTTP/1.1" 200 55
192.168.10.96 - - [23/May/2018:17:02:47 -0300] "GET /cormun/servlet/solicitudot?9f26dd98bdd7d44ffdb60f5c48fd09e6fa55bce029ca0b224c17e319f14cde583963286f410c9646dae9c043bad0afe0,gx-no-cache=1527105574815 HTTP/1.1" 200 30
200.112.233.47 - - [23/May/2018:17:02:47 -0300] "GET /cormun/servlet/solicitudot?5232e49200af2e26ce9112a37b52242024a3a85736bda6692019ece68dca7927072f65dae8de7c0fba31b9444efa4ccf,gx-no-cache=1527105706883 HTTP/1.1" 200 30
192.168.10.97 - - [23/May/2018:17:02:50 -0300] "POST /cormun/servlet/trsolicitudgral?1f40a49e1f04392a61d0d09fd114c0cd,,gx-no-cache=1527105578048 HTTP/1.1" 200 5915
200.112.233.47 - - [23/May/2018:17:02:50 -0300] "POST /cormun/servlet/solicitudot?gx-no-cache=1527105709867 HTTP/1.1" 200 297
192.168.10.96 - - [23/May/2018:17:02:52 -0300] "GET /cormun/servlet/prfichaempleado?,MD,,gxPopupLevel%3D0%3B HTTP/1.1" 200 9250
200.112.233.47 - - [23/May/2018:17:02:59 -0300] "GET /cormun/servlet/solicitudot?5232e49200af2e26ce9112a37b522420a5724c651f738d2cb75e18631cd24b0bb18f099f91f2b3d1eefbb6901e75558ff1dcb2573116d2aea9f50e668d24ef05a9de93a163f9d1dcc51de2412284e0aee438094de7b07ffc72c8f06e0c83957cb9b4a62643d6471f245a36d9bdbb00187d2b3dfd3fe9529cb5a9c5cd54e238e88e3f39a6115518a9824bea462e2f892c4b1198a38f0cf1b59f647a0a75cc7ed28b1a0fedc51ef14956ef666fe0a70250a4207416135ba63348aacc50cddbef54ca1dae454da9cd4287a3ca8935145dd3b80dc61b0860d86afcfa09de20f999bbfc774c3026b37f3278b125f3e39eb8e8a555db91f2c65cbb1ee2db306527b89981bc476b4cad68e760919de6404c24abab6d76a809712b1115b5c3a5b7dc24ed66c88be67adc69c2c9d35fdc383956127c1c628bf90c61ad752297d5764e599b40161bd6752b08dfba78de4d13ce5b49fd9064e4e2a7be610a2cec036714fdf6c9f9a0b8082f1e2f34987bdeaeea413894526d5619b329366f2b516c54232204a0b3492b0785f4a147c3e6c95b39078d,gx-no-cache=1527105718988 HTTP/1.1" 200 30
200.112.233.47 - - [23/May/2018:17:02:59 -0300] "POST /cormun/servlet/solicitudot?gx-no-cache=1527105719018 HTTP/1.1" 200 30
200.112.233.47 - - [23/May/2018:17:02:59 -0300] "POST /cormun/servlet/solicitudot?gx-no-cache=1527105719051 HTTP/1.1" 200 1364
200.112.233.47 - - [23/May/2018:17:02:59 -0300] "POST /cormun/servlet/solicitudot?gx-no-cache=1527105719098 HTTP/1.1" 200 41
200.112.233.47 - - [23/May/2018:17:02:59 -0300] "POST /cormun/servlet/solicitudot?gx-no-cache=1527105719127 HTTP/1.1" 200 1351
200.112.233.47 - - [23/May/2018:17:02:59 -0300] "POST /cormun/servlet/solicitudot?gx-no-cache=1527105719171 HTTP/1.1" 200 1248
200.112.233.47 - - [23/May/2018:17:02:59 -0300] "GET /cormun/servlet/solicitudot?5232e49200af2e26ce9112a37b522420c09f9d0e51f37838a752d00e4eb4202d1b0bbc2e081c8c6b0780a8f5953e7674,gx-no-cache=1527105719212 HTTP/1.1" 200 30
200.112.233.47 - - [23/May/2018:17:02:59 -0300] "POST /cormun/servlet/solicitudot?gx-no-cache=1527105719240 HTTP/1.1" 200 30
190.46.88.10 - - [23/May/2018:17:03:00 -0300] "POST /cormun/servlet/licenciaspermisos?f9ba5041dabd8cc1a8c258a0990f128c,INS,0,,,,gx-no-cache=1527105720265 HTTP/1.1" 200 93
190.46.88.10 - - [23/May/2018:17:03:00 -0300] "GET /cormun/servlet/hpexe_return? HTTP/1.1" 200 1010
200.112.233.47 - - [23/May/2018:17:03:00 -0300] "POST /cormun/servlet/solicitudot?1786683aa72099b25ff477090a7def62,INS,0,0,,gx-no-cache=1527105719271 HTTP/1.1" 200 11860
190.46.88.10 - - [23/May/2018:17:03:00 -0300] "GET /cormun/servlet/trlicencias HTTP/1.1" 200 13937
192.168.10.96 - - [23/May/2018:17:03:00 -0300] "POST /cormun/servlet/prfichaempleado?9b4ab03b21cec6cd7c6ec17c815d739c,,MD,,gxPopupLevel%3D0%3B,gx-no-cache=1527105588394 HTTP/1.1" 200 3415
190.46.88.10 - - [23/May/2018:17:03:01 -0300] "GET /cormun/servlet/trlicencias HTTP/1.1" 200 13964
192.168.10.97 - - [23/May/2018:17:03:01 -0300] "POST /cormun/servlet/trsolicitudgral?1f40a49e1f04392a61d0d09fd114c0cd,,gx-no-cache=1527105589566 HTTP/1.1" 200 5918
192.168.10.96 - - [23/May/2018:17:03:02 -0300] "POST /cormun/servlet/solicitudot?gx-no-cache=1527105590036 HTTP/1.1" 200 1368
192.168.10.96 - - [23/May/2018:17:03:03 -0300] "GET /cormun/servlet/prlicenciaspermisos?8448797,L,,MD,,gxPopupLevel%3D0%3B HTTP/1.1" 200 5586
192.168.10.96 - - [23/May/2018:17:03:06 -0300] "POST /cormun/servlet/solicitudot?gx-no-cache=1527105594576 HTTP/1.1" 200 41
192.168.10.97 - - [23/May/2018:17:03:09 -0300] "POST /cormun/servlet/trsolicitudgral?1f40a49e1f04392a61d0d09fd114c0cd,,gx-no-cache=1527105597157 HTTP/1.1" 200 5917
192.168.10.97 - - [23/May/2018:17:03:17 -0300] "POST /cormun/servlet/trsolicitudgral?1f40a49e1f04392a61d0d09fd114c0cd,,gx-no-cache=1527105605061 HTTP/1.1" 200 5916
200.112.233.47 - - [23/May/2018:17:03:26 -0300] "GET /cormun/servlet/prfichaempleado?,MD,,gxPopupLevel%3D0%3B HTTP/1.1" 200 9390
192.168.10.97 - - [23/May/2018:17:03:30 -0300] "POST /cormun/servlet/trsolicitudgral?1f40a49e1f04392a61d0d09fd114c0cd,,gx-no-cache=1527105618516 HTTP/1.1" 200 5916
192.168.10.97 - - [23/May/2018:17:03:37 -0300] "POST /cormun/servlet/trsolicitudgral?1f40a49e1f04392a61d0d09fd114c0cd,,gx-no-cache=1527105625632 HTTP/1.1" 200 5917
200.112.233.47 - - [23/May/2018:17:03:42 -0300] "POST /cormun/servlet/prfichaempleado?1786683aa72099b25ff477090a7def62,,MD,,gxPopupLevel%3D0%3B,gx-no-cache=1527105761750 HTTP/1.1" 200 3429
192.168.10.96 - - [23/May/2018:17:03:43 -0300] "POST /cormun/servlet/solicitudot?gx-no-cache=1527105631403 HTTP/1.1" 200 1351
192.168.10.96 - - [23/May/2018:17:03:43 -0300] "POST /cormun/servlet/solicitudot?gx-no-cache=1527105631485 HTTP/1.1" 200 1249
192.168.10.96 - - [23/May/2018:17:03:49 -0300] "GET /cormun/servlet/solicitudot?9f26dd98bdd7d44ffdb60f5c48fd09e60ea76b6ce006351149ea4f5c3ea88617a01f954455934b465ac8fb81b0f1fcfb,gx-no-cache=1527105637491 HTTP/1.1" 200 30
186.79.65.38 - - [23/May/2018:17:03:50 -0300] "GET /cormun/servlet/trlicenciaspermisosadjuntos?7124117,20180513000000,L, HTTP/1.1" 200 6545
186.79.65.38 - - [23/May/2018:17:03:50 -0300] "GET /cormun/static/gxcfg.js?20177612163414 HTTP/1.1" 200 953
190.46.88.10 - - [23/May/2018:17:03:50 -0300] "GET /cormun/static/trlicenciaspermisosadjuntos.js?20177612163719 HTTP/1.1" 200 21036
190.46.88.10 - - [23/May/2018:17:03:50 -0300] "GET /cormun/servlet/trlicenciaspermisosadjuntos?7124117,20180513000000,L, HTTP/1.1" 200 6545
192.168.10.96 - - [23/May/2018:17:03:52 -0300] "POST /cormun/servlet/solicitudot?gx-no-cache=1527105640539 HTTP/1.1" 200 135
192.168.10.97 - - [23/May/2018:17:03:53 -0300] "POST /cormun/servlet/trsolicitudgral?1f40a49e1f04392a61d0d09fd114c0cd,,gx-no-cache=1527105640805 HTTP/1.1" 200 5917
200.112.233.47 - - [23/May/2018:17:03:54 -0300] "POST /cormun/servlet/solicitudot?gx-no-cache=1527105773496 HTTP/1.1" 200 3449
200.112.233.47 - - [23/May/2018:17:03:59 -0300] "GET /cormun/servlet/solicitudot?5232e49200af2e26ce9112a37b5224200e9fb3640ab73aaac4f54dc378f4311e,gx-no-cache=1527105778579 HTTP/1.1" 200 29
190.46.88.10 - - [23/May/2018:17:03:59 -0300] "POST /cormun/servlet/trlicenciaspermisosadjuntos?f9ba5041dabd8cc1a8c258a0990f128c,7124117,20180513000000,L,,gx-no-cache=1527105779845 HTTP/1.1" 200 90
190.46.88.10 - - [23/May/2018:17:03:59 -0300] "GET /cormun/servlet/hpexe_link HTTP/1.1" 200 981
190.46.88.10 - - [23/May/2018:17:03:59 -0300] "GET /cormun/servlet/trlicencias HTTP/1.1" 200 14031
190.46.88.10 - - [23/May/2018:17:04:00 -0300] "GET /cormun/servlet/trlicencias HTTP/1.1" 200 14029
192.168.10.97 - - [23/May/2018:17:04:00 -0300] "POST /cormun/servlet/trsolicitudgral?1f40a49e1f04392a61d0d09fd114c0cd,,gx-no-cache=1527105648598 HTTP/1.1" 200 5915
200.112.233.47 - - [23/May/2018:17:04:01 -0300] "GET /cormun/servlet/solicitudot?5232e49200af2e26ce9112a37b522420a5724c651f738d2cb75e18631cd24b0bb18f099f91f2b3d1eefbb6901e75558ff1dcb2573116d2aea9f50e668d24ef05a9de93a163f9d1dcc51de2412284e0aee438094de7b07ffc72c8f06e0c83957cb9b4a62643d6471f245a36d9bdbb00187d2b3dfd3fe9529cb5a9c5cd54e238e88e3f39a6115518a9824bea462e2f892c4b1198a38f0cf1b59f647a0a75cc7ed28b1a0fedc51ef14956ef666fe0a70250a4207416135ba63348aacc50cddbef54ca1dae454da9cd4287a3ca8935145dd3b80dc61b0860d86afcfa09de20f999bbfc774c3026b37f3278b125f3e39eb8e8d33cb38a03f9f61e2291b852194d3e0a81bc476b4cad68e760919de6404c24ab809593f3530458f824fedab1bb3a71dc094d788281f3d12e84dac356dfda5efd99ce7ae3afc2b9d49015ad2ec6714a56b4cbc6af9e72e5f317a28f47753d398a,gx-no-cache=1527105781083 HTTP/1.1" 200 30
200.112.233.47 - - [23/May/2018:17:04:02 -0300] "POST /cormun/servlet/solicitudot?gx-no-cache=1527105781722 HTTP/1.1" 200 30
186.79.65.38 - - [23/May/2018:17:04:06 -0300] "GET /cormun/servlet/trlicenciaspermisosadjuntos?17917363,20180523000000,L, HTTP/1.1" 200 6549
186.79.65.38 - - [23/May/2018:17:04:06 -0300] "GET /cormun/servlet/trlicenciaspermisosadjuntos?17917363,20180523000000,L, HTTP/1.1" 200 6549
200.112.233.47 - - [23/May/2018:17:04:08 -0300] "POST /cormun/servlet/solicitudot?gx-no-cache=1527105787802 HTTP/1.1" 200 30
192.168.10.97 - - [23/May/2018:17:04:10 -0300] "POST /cormun/servlet/trsolicitudgral?1f40a49e1f04392a61d0d09fd114c0cd,,gx-no-cache=1527105657821 HTTP/1.1" 200 5912
192.168.10.96 - - [23/May/2018:17:04:11 -0300] "GET /cormun/servlet/prlicenciaspermisos?8448797,L,,MD,,gxPopupLevel%3D0%3B HTTP/1.1" 200 5586
200.112.233.47 - - [23/May/2018:17:04:12 -0300] "POST /cormun/servlet/solicitudot?gx-no-cache=1527105792065 HTTP/1.1" 200 30
192.168.10.97 - - [23/May/2018:17:04:15 -0300] "POST /cormun/servlet/trsolicitudgral?1f40a49e1f04392a61d0d09fd114c0cd,,gx-no-cache=1527105662710 HTTP/1.1" 200 5912
200.112.233.47 - - [23/May/2018:17:04:15 -0300] "POST /cormun/servlet/solicitudot?gx-no-cache=1527105794769 HTTP/1.1" 200 30
192.168.10.96 - - [23/May/2018:17:04:16 -0300] "POST /cormun/servlet/solicitudot?gx-no-cache=1527105664526 HTTP/1.1" 200 41
192.168.10.96 - - [23/May/2018:17:04:16 -0300] "POST /cormun/servlet/solicitudot?gx-no-cache=1527105664566 HTTP/1.1" 200 1351
192.168.10.96 - - [23/May/2018:17:04:16 -0300] "POST /cormun/servlet/solicitudot?gx-no-cache=1527105664630 HTTP/1.1" 200 1249
200.112.233.47 - - [23/May/2018:17:04:17 -0300] "POST /cormun/servlet/solicitudot?gx-no-cache=1527105797260 HTTP/1.1" 200 1369
186.103.132.155 - - [23/May/2018:17:04:17 -0300] "POST /cormun/servlet/trpermisosgoce?cdf923e1915b52a1a542de654c38b32d,gx-no-cache=1527105784150 HTTP/1.1" 440 972
200.112.233.47 - - [23/May/2018:17:04:18 -0300] "POST /cormun/servlet/solicitudot?gx-no-cache=1527105797314 HTTP/1.1" 200 41
200.112.233.47 - - [23/May/2018:17:04:18 -0300] "POST /cormun/servlet/solicitudot?gx-no-cache=1527105797343 HTTP/1.1" 200 1351
200.112.233.47 - - [23/May/2018:17:04:18 -0300] "POST /cormun/servlet/solicitudot?gx-no-cache=1527105797399 HTTP/1.1" 200 1248
200.112.233.47 - - [23/May/2018:17:04:18 -0300] "GET /cormun/servlet/solicitudot?5232e49200af2e26ce9112a37b522420c09f9d0e51f37838a752d00e4eb4202d1b0bbc2e081c8c6b0780a8f5953e7674,gx-no-cache=1527105797443 HTTP/1.1" 200 30
200.112.233.47 - - [23/May/2018:17:04:18 -0300] "POST /cormun/servlet/solicitudot?gx-no-cache=1527105797475 HTTP/1.1" 200 30
200.112.233.47 - - [23/May/2018:17:04:18 -0300] "POST /cormun/servlet/solicitudot?1786683aa72099b25ff477090a7def62,INS,0,0,,gx-no-cache=1527105797506 HTTP/1.1" 200 11920
192.168.10.96 - - [23/May/2018:17:04:19 -0300] "GET /cormun/servlet/solicitudot?9f26dd98bdd7d44ffdb60f5c48fd09e616b8e9a8272265c24a99d19fb506d8abe055ac6763ad01bfcbe5ecd7b4fc2935,gx-no-cache=1527105667674 HTTP/1.1" 200 30
192.168.10.97 - - [23/May/2018:17:04:21 -0300] "POST /cormun/servlet/trsolicitudgral?1f40a49e1f04392a61d0d09fd114c0cd,,gx-no-cache=1527105669141 HTTP/1.1" 200 5914
186.103.132.155 - - [23/May/2018:17:04:21 -0300] "GET /cormun/servlet/trpermisosgoce HTTP/1.1" 200 6092
192.168.10.96 - - [23/May/2018:17:04:21 -0300] "POST /cormun/servlet/solicitudot?gx-no-cache=1527105669567 HTTP/1.1" 200 135
186.103.132.155 - - [23/May/2018:17:04:24 -0300] "GET /cormun/servlet/trpermisosgoce HTTP/1.1" 200 6092
186.103.132.155 - - [23/May/2018:17:04:24 -0300] "GET /cormun/servlet/hlogin HTTP/1.1" 200 1727
192.168.10.96 - - [23/May/2018:17:04:25 -0300] "GET /cormun/servlet/prlicenciaspermisos?8448797,L,,MD,,gxPopupLevel%3D0%3B HTTP/1.1" 200 5586
192.168.10.96 - - [23/May/2018:17:04:29 -0300] "POST /cormun/servlet/solicitudot?gx-no-cache=1527105676710 HTTP/1.1" 200 41
192.168.10.96 - - [23/May/2018:17:04:29 -0300] "POST /cormun/servlet/solicitudot?gx-no-cache=1527105676771 HTTP/1.1" 200 1351
192.168.10.96 - - [23/May/2018:17:04:29 -0300] "POST /cormun/servlet/solicitudot?gx-no-cache=1527105676833 HTTP/1.1" 200 1249
192.168.10.96 - - [23/May/2018:17:04:31 -0300] "GET /cormun/servlet/solicitudot?9f26dd98bdd7d44ffdb60f5c48fd09e616b8e9a8272265c24a99d19fb506d8ab3963286f410c9646dae9c043bad0afe0,gx-no-cache=1527105679426 HTTP/1.1" 200 30
200.112.233.47 - - [23/May/2018:17:04:33 -0300] "POST /cormun/servlet/solicitudot?1786683aa72099b25ff477090a7def62,INS,0,0,,gx-no-cache=1527105812188 HTTP/1.1" 200 93
200.112.233.47 - - [23/May/2018:17:04:33 -0300] "GET /cormun/servlet/hpexe_return? HTTP/1.1" 200 1000
200.112.233.47 - - [23/May/2018:17:04:33 -0300] "GET /cormun/servlet/trsolicitudot HTTP/1.1" 200 7440
200.112.233.47 - - [23/May/2018:17:04:33 -0300] "GET /cormun/servlet/trsolicitudot HTTP/1.1" 200 7437
192.168.10.97 - - [23/May/2018:17:04:34 -0300] "POST /cormun/servlet/trsolicitudgral?1f40a49e1f04392a61d0d09fd114c0cd,,gx-no-cache=1527105682534 HTTP/1.1" 200 5912
192.168.10.96 - - [23/May/2018:17:04:35 -0300] "POST /cormun/servlet/solicitudot?gx-no-cache=1527105682937 HTTP/1.1" 200 135
200.112.233.47 - - [23/May/2018:17:04:35 -0300] "GET /cormun/servlet/solicitudot?INS,0,0, HTTP/1.1" 200 13677
200.112.233.47 - - [23/May/2018:17:04:36 -0300] "GET /cormun/servlet/solicitudot?INS,0,0, HTTP/1.1" 200 13682
186.103.132.155 - - [23/May/2018:17:04:37 -0300] "POST /cormun/servlet/hlogin?abf1d566343ece5d9491c65ed02793f4,gx-no-cache=1527105815424 HTTP/1.1" 200 90
186.103.132.155 - - [23/May/2018:17:04:37 -0300] "GET /cormun/servlet/hpexe_link HTTP/1.1" 200 947
186.103.132.155 - - [23/May/2018:17:04:37 -0300] "GET /cormun/servlet/trpermisosgoce HTTP/1.1" 200 10449
192.168.10.96 - - [23/May/2018:17:04:38 -0300] "GET /cormun/servlet/prlicenciaspermisos?8448797,L,,MD,,gxPopupLevel%3D0%3B HTTP/1.1" 200 5586
200.112.233.47 - - [23/May/2018:17:04:38 -0300] "GET /cormun/servlet/prfichaempleado?,MD,,gxPopupLevel%3D0%3B HTTP/1.1" 200 9390
186.103.132.155 - - [23/May/2018:17:04:40 -0300] "GET /cormun/servlet/trpermisosgoce HTTP/1.1" 200 10447
192.168.10.97 - - [23/May/2018:17:04:41 -0300] "POST /cormun/servlet/trsolicitudgral?1f40a49e1f04392a61d0d09fd114c0cd,,gx-no-cache=1527105688926 HTTP/1.1" 200 5913
192.168.10.97 - - [23/May/2018:17:04:45 -0300] "POST /cormun/servlet/trsolicitudgral?1f40a49e1f04392a61d0d09fd114c0cd,,gx-no-cache=1527105693238 HTTP/1.1" 200 7695
192.168.10.96 - - [23/May/2018:17:04:45 -0300] "POST /cormun/servlet/solicitudot?gx-no-cache=1527105693465 HTTP/1.1" 200 41
192.168.10.96 - - [23/May/2018:17:04:47 -0300] "GET /cormun/servlet/solicitudot?9f26dd98bdd7d44ffdb60f5c48fd09e662412732f50279ce83096f39d472ab9052e590a224aa3e8c9effcd3b7f1822eb6897a9ab3d442905238f892febfb3d28611981e7bedfb0b522f6c2de6685ac8b5d1abedf43263c988cf69552cc5fb220bd13881627b1d8e74029bf08e6ca384e,gx-no-cache=1527105695179 HTTP/1.1" 200 29
192.168.10.96 - - [23/May/2018:17:04:47 -0300] "POST /cormun/servlet/solicitudot?gx-no-cache=1527105695229 HTTP/1.1" 200 1351
192.168.10.96 - - [23/May/2018:17:04:47 -0300] "POST /cormun/servlet/solicitudot?gx-no-cache=1527105695269 HTTP/1.1" 200 1249
200.112.233.47 - - [23/May/2018:17:04:49 -0300] "POST /cormun/servlet/prfichaempleado?1786683aa72099b25ff477090a7def62,,MD,,gxPopupLevel%3D0%3B,gx-no-cache=1527105828646 HTTP/1.1" 200 3429
200.112.233.47 - - [23/May/2018:17:04:52 -0300] "POST /cormun/servlet/solicitudot?gx-no-cache=1527105831658 HTTP/1.1" 200 3442
192.168.10.96 - - [23/May/2018:17:04:52 -0300] "GET /cormun/servlet/solicitudot?9f26dd98bdd7d44ffdb60f5c48fd09e616b8e9a8272265c24a99d19fb506d8abd73b40a94fdcf38cb26c82a74902dba5,gx-no-cache=1527105700524 HTTP/1.1" 200 30
200.112.233.47 - - [23/May/2018:17:04:52 -0300] "GET /cormun/static/Shared/jqueryui/images/ui-icons_82798d_256x240.png HTTP/1.1" 404 1089
200.112.233.47 - - [23/May/2018:17:04:52 -0300] "GET /cormun/static/Shared/jqueryui/images/ui-icons_ebccce_256x240.png HTTP/1.1" 404 1089
200.112.233.47 - - [23/May/2018:17:04:52 -0300] "GET /cormun/static/Shared/jqueryui/images/ui-bg_flat_55_994d53_40x100.png HTTP/1.1" 404 1097
200.112.233.47 - - [23/May/2018:17:04:52 -0300] "GET /cormun/static/Shared/jqueryui/images/ui-bg_highlight-soft_100_c6c2c8_1x100.png HTTP/1.1" 404 1117
192.168.10.96 - - [23/May/2018:17:04:53 -0300] "POST /cormun/servlet/solicitudot?gx-no-cache=1527105701591 HTTP/1.1" 200 135
200.112.233.47 - - [23/May/2018:17:04:55 -0300] "POST /cormun/servlet/solicitudot?gx-no-cache=1527105834730 HTTP/1.1" 200 3442
192.168.10.97 - - [23/May/2018:17:04:56 -0300] "GET /cormun/servlet/solicitudgral2?UPD,2018,11520, HTTP/1.1" 200 13168
192.168.10.97 - - [23/May/2018:17:04:56 -0300] "GET /cormun/servlet/solicitudgral2?UPD,2018,11520, HTTP/1.1" 200 13178
192.168.10.97 - - [23/May/2018:17:04:57 -0300] "POST /cormun/servlet/solicitudgral2?gx-no-cache=1527105704778 HTTP/1.1" 200 3866
192.168.10.97 - - [23/May/2018:17:04:57 -0300] "GET /cormun/servlet/solicitudgral2?1c19a974ca1b1f7d99828801b613bc7b05a22a067b62411d219aee26323d5fd15979eae9331729a76406b8fdcd51f62ad36d09240be28be15430357c7a0a89628d4be856b87af8d413ed81b5dee39bd848106ad0b5b53a89bd705bb4d0aceb269dc21ebe1eef55084307d1a4386a1df77dfe8e9dfdf14bac776232cc99416874db53a6da5990dcc940e0e6e777ef222e6b71597a50ac576f4ebfbd0b2b6190d6180cfb7d9f9da7b4390b955e1bb3fc4208aac20d977082d845503ded270180451d9b5579732439b60631cd14f33aae8968adb918ec1f9020498588a336993ff773121124fad710b468004e810bcbf2858ff9439ce157ee2c88ecdc147a913cf11698cc6e94111b8baa3845d90b5cc36a551ca7981df4f0072e65275fb651a3200892e80c08350481a4accaff518768020af5541b13d06466fe94161427f1aba8d253b3bb103ca5d69cf50995d11c7af9,gx-no-cache=1527105704880 HTTP/1.1" 200 297
192.168.10.97 - - [23/May/2018:17:04:57 -0300] "POST /cormun/servlet/solicitudgral2?gx-no-cache=1527105704904 HTTP/1.1" 200 1429
192.168.10.97 - - [23/May/2018:17:04:57 -0300] "GET /cormun/servlet/solicitudgral2?1c19a974ca1b1f7d99828801b613bc7be1f3924dc22db373dbfb2e78fb8d90a37daa7b9b3cee395fdfc0f677c8fdb5c79206df43f14efdb160d2937728499ca66841722cb37dcdb333fb083694e543ff47e0ef8de064a65a8b634be2b597ae093793e483e0775325be226b849b9d8431,gx-no-cache=1527105704995 HTTP/1.1" 200 41
200.112.233.47 - - [23/May/2018:17:04:57 -0300] "GET /cormun/servlet/solicitudot?5232e49200af2e26ce9112a37b5224203f103597a83b888c882fde9b71a671f52f0370d8cec155b2195e6854daf4cac1,gx-no-cache=1527105836627 HTTP/1.1" 200 111
200.111.122.170 - - [23/May/2018:17:04:59 -0300] "GET /cormun/servlet/permisogoce?DSP,18780014,P,20180523144157, HTTP/1.1" 200 6903
192.168.10.96 - - [23/May/2018:17:05:00 -0300] "POST /cormun/servlet/solicitudot?gx-no-cache=1527105707975 HTTP/1.1" 200 135
200.112.233.47 - - [23/May/2018:17:05:00 -0300] "GET /cormun/servlet/solicitudot?5232e49200af2e26ce9112a37b52242024a3a85736bda6692019ece68dca7927072f65dae8de7c0fba31b9444efa4ccf,gx-no-cache=1527105839715 HTTP/1.1" 200 30
200.111.122.170 - - [23/May/2018:17:05:00 -0300] "GET /cormun/servlet/permisogoce?DSP,18780014,P,20180523144157, HTTP/1.1" 200 6906
186.67.203.186 - - [23/May/2018:17:05:08 -0300] "POST /cormun/servlet/permisogoce?abf1d566343ece5d9491c65ed02793f4,DSP,18780014,P,20180523144157,,gx-no-cache=1527105846438 HTTP/1.1" 200 93
186.67.203.186 - - [23/May/2018:17:05:08 -0300] "GET /cormun/servlet/hpexe_return? HTTP/1.1" 200 1021
186.67.203.186 - - [23/May/2018:17:05:08 -0300] "GET /cormun/servlet/trpermisosgoce HTTP/1.1" 200 10449
192.168.10.97 - - [23/May/2018:17:05:09 -0300] "POST /cormun/servlet/solicitudgral2?1f40a49e1f04392a61d0d09fd114c0cd,UPD,2018,11520,,gx-no-cache=1527105717139 HTTP/1.1" 200 93
192.168.10.97 - - [23/May/2018:17:05:09 -0300] "GET /cormun/servlet/hpexe_return? HTTP/1.1" 200 1016
192.168.10.97 - - [23/May/2018:17:05:09 -0300] "GET /cormun/servlet/trsolicitudgral? HTTP/1.1" 200 10902
192.168.10.97 - - [23/May/2018:17:05:10 -0300] "GET /cormun/servlet/trsolicitudgral? HTTP/1.1" 200 10898
186.67.203.186 - - [23/May/2018:17:05:10 -0300] "GET /cormun/servlet/trpermisosgoce HTTP/1.1" 200 10444
190.151.100.218 - - [23/May/2018:17:05:18 -0300] "POST /cormun/servlet/trpermisosgoce?abf1d566343ece5d9491c65ed02793f4,gx-no-cache=1527105856151 HTTP/1.1" 200 7304
190.151.100.218 - - [23/May/2018:17:05:19 -0300] "POST /cormun/servlet/trpermisosgoce?abf1d566343ece5d9491c65ed02793f4,gx-no-cache=1527105857510 HTTP/1.1" 200 7286
192.168.10.96 - - [23/May/2018:17:05:20 -0300] "POST /cormun/servlet/solicitudot?gx-no-cache=1527105727932 HTTP/1.1" 200 107
192.168.10.96 - - [23/May/2018:17:05:23 -0300] "GET /cormun/servlet/prlicenciaspermisos?8448797,L,,MD,,gxPopupLevel%3D0%3B HTTP/1.1" 200 5586
192.168.10.96 - - [23/May/2018:17:05:29 -0300] "POST /cormun/servlet/solicitudot?gx-no-cache=1527105737661 HTTP/1.1" 200 41
192.168.10.96 - - [23/May/2018:17:05:29 -0300] "POST /cormun/servlet/solicitudot?gx-no-cache=1527105737701 HTTP/1.1" 200 1351
192.168.10.96 - - [23/May/2018:17:05:30 -0300] "POST /cormun/servlet/solicitudot?gx-no-cache=1527105737745 HTTP/1.1" 200 1249
192.168.10.96 - - [23/May/2018:17:05:33 -0300] "GET /cormun/servlet/solicitudot?9f26dd98bdd7d44ffdb60f5c48fd09e616b8e9a8272265c24a99d19fb506d8ab85b7acfa9dcc569fb23dd4485d16c142,gx-no-cache=1527105741166 HTTP/1.1" 200 30
192.168.10.96 - - [23/May/2018:17:05:34 -0300] "POST /cormun/servlet/solicitudot?gx-no-cache=1527105741846 HTTP/1.1" 200 122
192.168.10.96 - - [23/May/2018:17:05:44 -0300] "POST /cormun/servlet/solicitudot?9b4ab03b21cec6cd7c6ec17c815d739c,INS,0,0,,gx-no-cache=1527105752153 HTTP/1.1" 200 11786
192.168.10.96 - - [23/May/2018:17:05:49 -0300] "GET /cormun/servlet/prlicenciaspermisos?8448797,L,,MD,,gxPopupLevel%3D0%3B HTTP/1.1" 200 5586
190.46.88.10 - - [23/May/2018:17:05:51 -0300] "GET /cormun/Manuales/ManualSolicitud.pdf HTTP/1.1" 200 850295
192.168.10.96 - - [23/May/2018:17:05:59 -0300] "POST /cormun/servlet/solicitudot?gx-no-cache=1527105766906 HTTP/1.1" 200 41
192.168.10.96 - - [23/May/2018:17:05:59 -0300] "POST /cormun/servlet/solicitudot?gx-no-cache=1527105766935 HTTP/1.1" 200 1351
192.168.10.96 - - [23/May/2018:17:05:59 -0300] "POST /cormun/servlet/solicitudot?gx-no-cache=1527105766983 HTTP/1.1" 200 1249
192.168.10.96 - - [23/May/2018:17:06:02 -0300] "POST /cormun/servlet/solicitudot?gx-no-cache=1527105770152 HTTP/1.1" 200 146
186.103.161.206 - - [23/May/2018:17:06:09 -0300] "GET /cormun/servlet/permisogoce?INS,0,,, HTTP/1.1" 200 7062
200.112.233.47 - - [23/May/2018:17:06:09 -0300] "GET /cormun/servlet/solicitudot?5232e49200af2e26ce9112a37b52242088f900b4721e395ac0cbc3fb6a1cf719dc0ca7dc6f374e2ad4ab6809fb12a99315dddaa7fb2bebd885113debd9a6e62a,gx-no-cache=1527105909110 HTTP/1.1" 200 30
200.112.233.47 - - [23/May/2018:17:06:09 -0300] "GET /cormun/servlet/solicitudot?5232e49200af2e26ce9112a37b5224200e9fb3640ab73aaac4f54dc378f4311e,gx-no-cache=1527105909145 HTTP/1.1" 200 29
200.112.233.47 - - [23/May/2018:17:06:09 -0300] "GET /cormun/servlet/solicitudot?5232e49200af2e26ce9112a37b522420f4ec2f83a1cdf4e9ec7a13bec9aff276ebd4ceba28d9a6ede3d692df78166cf61441366e22d0dc1435aff7765503a55c874119f6d79f8fbbe5067232acd49707b294664f07cefabb56c5d5fdfd9efea4c3f5255d68fcef68622c439251ee362c397f622bcead1b79c851c900103e75115043ced8a5f9287d491b9b37670fa01f6efa76f30b09a6cc10c423e3af6c12279032d72a57dd081918450de203981dadfaa0277fe590d6d9e32b398080c046af5b3b82fbf96301ce3990d0b8e61bb2b17110ade7a3b86c26a54a70d62acbcc1b93e0737d2ef81a1add17364c54ca56de2aa41cf69b9ba6fd5b624edc333a819d11b7625bdb62373eae008109a7f67ea194f6b69eef8b794c802a9a4469dfefb4bf71ff974dc4094cc6f6d6984c0910bac8a80df22fe4f90f929f6fce3f250d1d9b4a3129e536ce32893f80bd4b73674a,gx-no-cache=1527105909173 HTTP/1.1" 200 297
186.103.161.206 - - [23/May/2018:17:06:10 -0300] "GET /cormun/servlet/permisogoce?INS,0,,, HTTP/1.1" 200 7061
192.168.10.96 - - [23/May/2018:17:06:12 -0300] "GET /cormun/servlet/solicitudot?9f26dd98bdd7d44ffdb60f5c48fd09e6fa55bce029ca0b224c17e319f14cde5846d17e74fd762e361af02c03adfda802,gx-no-cache=1527105780604 HTTP/1.1" 200 30
200.112.233.47 - - [23/May/2018:17:06:13 -0300] "GET /cormun/servlet/solicitudot?5232e49200af2e26ce9112a37b522420a5724c651f738d2cb75e18631cd24b0bb18f099f91f2b3d1eefbb6901e75558ff1dcb2573116d2aea9f50e668d24ef05a9de93a163f9d1dcc51de2412284e0aee438094de7b07ffc72c8f06e0c83957cb9b4a62643d6471f245a36d9bdbb00187d2b3dfd3fe9529cb5a9c5cd54e238e88e3f39a6115518a9824bea462e2f892c4b1198a38f0cf1b59f647a0a75cc7ed28b1a0fedc51ef14956ef666fe0a70250a4207416135ba63348aacc50cddbef54ca1dae454da9cd4287a3ca8935145dd3b80dc61b0860d86afcfa09de20f999bbfc774c3026b37f3278b125f3e39eb8e8a555db91f2c65cbb1ee2db306527b89981bc476b4cad68e760919de6404c24abab6d76a809712b1115b5c3a5b7dc24ed66c88be67adc69c2c9d35fdc383956127c1c628bf90c61ad752297d5764e599b40161bd6752b08dfba78de4d13ce5b49fd9064e4e2a7be610a2cec036714fdf6c9f9a0b8082f1e2f34987bdeaeea41386473c2a912e29eef03dd4f72f836d360a0b3492b0785f4a147c3e6c95b39078d,gx-no-cache=1527105912478 HTTP/1.1" 200 30
192.168.10.97 - - [23/May/2018:17:06:14 -0300] "POST /cormun/servlet/trsolicitudgral?1f40a49e1f04392a61d0d09fd114c0cd,,gx-no-cache=1527105781838 HTTP/1.1" 200 5915
200.112.233.47 - - [23/May/2018:17:06:15 -0300] "POST /cormun/servlet/solicitudot?gx-no-cache=1527105915236 HTTP/1.1" 200 30
200.112.233.47 - - [23/May/2018:17:06:17 -0300] "POST /cormun/servlet/solicitudot?gx-no-cache=1527105916584 HTTP/1.1" 200 1363
200.112.233.47 - - [23/May/2018:17:06:17 -0300] "POST /cormun/servlet/solicitudot?gx-no-cache=1527105916673 HTTP/1.1" 200 38
192.168.10.96 - - [23/May/2018:17:06:18 -0300] "POST /cormun/servlet/solicitudot?gx-no-cache=1527105786674 HTTP/1.1" 200 122
192.168.10.96 - - [23/May/2018:17:06:21 -0300] "GET /cormun/servlet/prlicenciaspermisos?8448797,L,,MD,,gxPopupLevel%3D0%3B HTTP/1.1" 200 5586
192.168.10.97 - - [23/May/2018:17:06:21 -0300] "POST /cormun/servlet/trsolicitudgral?1f40a49e1f04392a61d0d09fd114c0cd,,gx-no-cache=1527105789319 HTTP/1.1" 200 8153
200.112.233.47 - - [23/May/2018:17:06:25 -0300] "GET /cormun/servlet/solicitudot?5232e49200af2e26ce9112a37b5224204bfcb1f2fe4a5125c4537b6c7b7cfa732aa41cf69b9ba6fd5b624edc333a819d11b7625bdb62373eae008109a7f67ea1924f2706e62eae188cb16cd406d3d308,gx-no-cache=1527105924870 HTTP/1.1" 200 29
200.112.233.47 - - [23/May/2018:17:06:25 -0300] "POST /cormun/servlet/solicitudot?gx-no-cache=1527105924906 HTTP/1.1" 200 1350
200.112.233.47 - - [23/May/2018:17:06:25 -0300] "POST /cormun/servlet/solicitudot?gx-no-cache=1527105925262 HTTP/1.1" 200 1246
192.168.10.96 - - [23/May/2018:17:06:34 -0300] "GET /cormun/servlet/prcontratosol?5443856,,,,,MD,,gxPopupLevel%3D0%3B HTTP/1.1" 200 5591
192.168.10.97 - - [23/May/2018:17:06:37 -0300] "POST /cormun/servlet/trsolicitudgral?1f40a49e1f04392a61d0d09fd114c0cd,,gx-no-cache=1527105805282 HTTP/1.1" 200 7720
192.168.10.97 - - [23/May/2018:17:06:37 -0300] "GET /cormun/static/Shared/jqueryui/images/ui-bg_highlight-soft_100_c6c2c8_1x100.png HTTP/1.1" 404 1117
192.168.10.97 - - [23/May/2018:17:06:37 -0300] "GET /cormun/static/Shared/jqueryui/images/ui-icons_8d78a5_256x240.png HTTP/1.1" 404 1089
192.168.10.97 - - [23/May/2018:17:06:37 -0300] "GET /cormun/static/Shared/jqueryui/images/ui-icons_82798d_256x240.png HTTP/1.1" 404 1089
192.168.10.97 - - [23/May/2018:17:06:37 -0300] "GET /cormun/static/Shared/jqueryui/images/ui-bg_flat_55_fafafa_40x100.png HTTP/1.1" 404 1097
200.112.233.47 - - [23/May/2018:17:06:39 -0300] "GET /cormun/servlet/solicitudot?5232e49200af2e26ce9112a37b522420c09f9d0e51f37838a752d00e4eb4202d1b0bbc2e081c8c6b0780a8f5953e7674,gx-no-cache=1527105938455 HTTP/1.1" 200 30
192.168.10.97 - - [23/May/2018:17:06:53 -0300] "POST /cormun/servlet/trsolicitudgral?1f40a49e1f04392a61d0d09fd114c0cd,,gx-no-cache=1527105820934 HTTP/1.1" 200 5914
192.168.10.97 - - [23/May/2018:17:06:55 -0300] "POST /cormun/servlet/trsolicitudgral?1f40a49e1f04392a61d0d09fd114c0cd,,gx-no-cache=1527105822844 HTTP/1.1" 200 5913
200.112.233.47 - - [23/May/2018:17:06:57 -0300] "POST /cormun/servlet/solicitudot?gx-no-cache=1527105956394 HTTP/1.1" 200 30
200.54.18.251 - - [23/May/2018:17:06:58 -0300] "GET /cormun/servlet/prfichaempleado?,MD,,gxPopupLevel%3D0%3B HTTP/1.1" 200 9363
200.112.233.47 - - [23/May/2018:17:07:00 -0300] "POST /cormun/servlet/solicitudot?1786683aa72099b25ff477090a7def62,INS,0,0,,gx-no-cache=1527105958979 HTTP/1.1" 200 11875
200.54.18.251 - - [23/May/2018:17:07:12 -0300] "POST /cormun/servlet/prfichaempleado?abf1d566343ece5d9491c65ed02793f4,,MD,,gxPopupLevel%3D0%3B,gx-no-cache=1527105970754 HTTP/1.1" 200 3426
200.54.18.251 - - [23/May/2018:17:07:19 -0300] "GET /cormun/servlet/permisogoce?5d401e6ef92323b296179820e3f912c7ea1501bfa02efa817822ad48ca7e5d30b88b80036d1d3a1671bbebc7b0b438eac61d9941978c42d2b63c00fc19774db2,gx-no-cache=1527105978143 HTTP/1.1" 200 88
200.54.18.251 - - [23/May/2018:17:07:21 -0300] "GET /cormun/static/menuarrow.gif HTTP/1.1" 404 1015
200.54.18.251 - - [23/May/2018:17:07:30 -0300] "GET /cormun/servlet/permisogoce?5d401e6ef92323b296179820e3f912c7a3f63ca4928a5ebed0d2eb94c791728c2835f37d52ebb5114bba8248120fbdbb8a840c17bfeebd018e55be4e7ea0d392,gx-no-cache=1527105988594 HTTP/1.1" 200 47
200.54.18.251 - - [23/May/2018:17:07:42 -0300] "POST /cormun/servlet/permisogoce?abf1d566343ece5d9491c65ed02793f4,INS,0,,,,gx-no-cache=1527106000281 HTTP/1.1" 200 93
200.54.18.251 - - [23/May/2018:17:07:42 -0300] "GET /cormun/servlet/hpexe_return? HTTP/1.1" 200 1023
200.54.18.251 - - [23/May/2018:17:07:43 -0300] "GET /cormun/servlet/trpermisosgoce?gx-no-cache=1527105857510 HTTP/1.1" 200 10458
200.54.18.251 - - [23/May/2018:17:07:44 -0300] "GET /cormun/servlet/trpermisosgoce?gx-no-cache=1527105857510 HTTP/1.1" 200 10473
186.103.132.155 - - [23/May/2018:17:07:52 -0300] "GET /cormun/servlet/hlogin HTTP/1.1" 200 1728
