186.103.159.46 - - [23/May/2018:17:26:58 -0300] "GET /cormun/static/Shared/jqueryui/images/ui-bg_flat_55_994d53_40x100.png HTTP/1.1" 404 1097
186.103.159.46 - - [23/May/2018:17:26:58 -0300] "GET /cormun/static/Shared/jqueryui/images/ui-icons_ebccce_256x240.png HTTP/1.1" 404 1089
200.54.247.70 - - [23/May/2018:17:26:58 -0300] "GET /cormun/servlet/trlicencias? HTTP/1.1" 200 8536
186.103.159.230 - - [23/May/2018:17:26:59 -0300] "GET /cormun/servlet/solicitudotadjuntos?22dea6342bb8e0125d3e7f1d58180e3817600a5c3c13b91aa094623f15e62e42,gx-no-cache=1527107157479 HTTP/1.1" 200 30
186.103.159.230 - - [23/May/2018:17:26:59 -0300] "GET /cormun/servlet/solicitudotadjuntos?22dea6342bb8e0125d3e7f1d58180e3817600a5c3c13b91aa094623f15e62e42,gx-no-cache=1527107157518 HTTP/1.1" 200 30
186.103.159.230 - - [23/May/2018:17:26:59 -0300] "POST /cormun/servlet/solicitudotadjuntos?2f106d067c6f204be3511ebed7bc1b62,INS,2018,11526,,1, HTTP/1.1" 200 116
186.103.159.230 - - [23/May/2018:17:26:59 -0300] "GET /cormun/servlet/hpexe_return? HTTP/1.1" 200 1019
186.103.159.230 - - [23/May/2018:17:26:59 -0300] "GET /cormun/servlet/trsolicitudadjuntos?2018,11526, HTTP/1.1" 200 8939
186.103.159.230 - - [23/May/2018:17:27:00 -0300] "GET /cormun/servlet/trsolicitudadjuntos?2018,11526, HTTP/1.1" 200 8937
200.54.247.70 - - [23/May/2018:17:27:04 -0300] "GET /cormun/servlet/licenciaspermisos?DSP,13945989,L,20180511000000, HTTP/1.1" 200 7329
200.54.247.70 - - [23/May/2018:17:27:05 -0300] "GET /cormun/servlet/licenciaspermisos?DSP,13945989,L,20180511000000, HTTP/1.1" 200 7329
186.103.159.230 - - [23/May/2018:17:27:07 -0300] "GET /cormun/servlet/solicitudotadjuntos?INS,2018,11526,,1, HTTP/1.1" 200 6210
186.103.159.230 - - [23/May/2018:17:27:07 -0300] "GET /cormun/static/about:blank HTTP/1.1" 404 1011
186.103.159.230 - - [23/May/2018:17:27:07 -0300] "GET /cormun/servlet/solicitudotadjuntos?INS,2018,11526,,1, HTTP/1.1" 200 6203
186.103.159.230 - - [23/May/2018:17:27:08 -0300] "GET /cormun/servlet/solicitudotadjuntos?22dea6342bb8e0125d3e7f1d58180e380366ab448e49e197113a356ffa234ccd39df543ecc4249e7b05d145f5d76bd19,gx-no-cache=1527107166446 HTTP/1.1" 200 30
186.103.159.230 - - [23/May/2018:17:27:08 -0300] "POST /cormun/servlet/solicitudotadjuntos?2f106d067c6f204be3511ebed7bc1b62,INS,2018,11526,,1,,gx-no-cache=1527107166492 HTTP/1.1" 200 3978
186.103.159.230 - - [23/May/2018:17:27:12 -0300] "POST /cormun/servlet/solicitudotadjuntos?gx-no-cache=1527107171043 HTTP/1.1" 200 26
200.54.247.70 - - [23/May/2018:17:27:16 -0300] "GET /cormun/servlet/trlicencias? HTTP/1.1" 200 8537
200.54.247.70 - - [23/May/2018:17:27:16 -0300] "GET /cormun/servlet/trlicencias? HTTP/1.1" 200 8536
186.103.159.230 - - [23/May/2018:17:27:19 -0300] "GET /cormun/servlet/solicitudotadjuntos?22dea6342bb8e0125d3e7f1d58180e3817600a5c3c13b91aa094623f15e62e42,gx-no-cache=1527107177654 HTTP/1.1" 200 30
186.103.159.230 - - [23/May/2018:17:27:19 -0300] "GET /cormun/servlet/solicitudotadjuntos?22dea6342bb8e0125d3e7f1d58180e3817600a5c3c13b91aa094623f15e62e42,gx-no-cache=1527107177689 HTTP/1.1" 200 30
186.103.159.230 - - [23/May/2018:17:27:20 -0300] "POST /cormun/servlet/solicitudotadjuntos?2f106d067c6f204be3511ebed7bc1b62,INS,2018,11526,,1, HTTP/1.1" 200 116
186.103.159.230 - - [23/May/2018:17:27:20 -0300] "GET /cormun/servlet/hpexe_return? HTTP/1.1" 200 1019
186.103.159.230 - - [23/May/2018:17:27:21 -0300] "GET /cormun/servlet/trsolicitudadjuntos?2018,11526, HTTP/1.1" 200 9108
186.103.159.230 - - [23/May/2018:17:27:21 -0300] "GET /cormun/servlet/trsolicitudadjuntos?2018,11526, HTTP/1.1" 200 9106
200.54.247.70 - - [23/May/2018:17:27:22 -0300] "POST /cormun/servlet/trlicencias?2a0399e5e8f4bd9698d31a787e07f019,,gx-no-cache=1527107181979 HTTP/1.1" 200 5750
186.103.159.230 - - [23/May/2018:17:27:26 -0300] "GET /cormun/servlet/solicitudotadjuntos?INS,2018,11526,,1, HTTP/1.1" 200 6210
186.103.159.230 - - [23/May/2018:17:27:26 -0300] "GET /cormun/static/about:blank HTTP/1.1" 404 1011
186.103.159.230 - - [23/May/2018:17:27:26 -0300] "GET /cormun/servlet/solicitudotadjuntos?INS,2018,11526,,1, HTTP/1.1" 200 6203
186.103.159.230 - - [23/May/2018:17:27:27 -0300] "GET /cormun/servlet/solicitudotadjuntos?22dea6342bb8e0125d3e7f1d58180e380366ab448e49e197113a356ffa234ccd39df543ecc4249e7b05d145f5d76bd19,gx-no-cache=1527107185197 HTTP/1.1" 200 30
186.103.159.230 - - [23/May/2018:17:27:27 -0300] "POST /cormun/servlet/solicitudotadjuntos?2f106d067c6f204be3511ebed7bc1b62,INS,2018,11526,,1,,gx-no-cache=1527107185576 HTTP/1.1" 200 3978
200.72.197.82 - - [23/May/2018:17:27:29 -0300] "POST /cormun/servlet/solicitudot?gx-no-cache=1527107186900 HTTP/1.1" 200 3409
200.72.197.82 - - [23/May/2018:17:27:32 -0300] "POST /cormun/servlet/solicitudot?62b300f103ad4901ef38925eea5ec036,INS,0,0,,gx-no-cache=1527107189342 HTTP/1.1" 200 10593
186.103.159.230 - - [23/May/2018:17:27:33 -0300] "POST /cormun/servlet/solicitudotadjuntos?gx-no-cache=1527107191412 HTTP/1.1" 200 26
200.72.197.82 - - [23/May/2018:17:27:33 -0300] "GET /cormun/servlet/solicitudot?10fbca227db3e49d0c0e4c5875df99116e912e5abda07cab326b3c18323c9fb210b37751ca5e1328143a00ed7c166e4e,gx-no-cache=1527107193150 HTTP/1.1" 200 30
186.103.159.230 - - [23/May/2018:17:27:39 -0300] "GET /cormun/servlet/solicitudotadjuntos?22dea6342bb8e0125d3e7f1d58180e3817600a5c3c13b91aa094623f15e62e42,gx-no-cache=1527107197541 HTTP/1.1" 200 30
186.103.159.230 - - [23/May/2018:17:27:39 -0300] "GET /cormun/servlet/solicitudotadjuntos?22dea6342bb8e0125d3e7f1d58180e3817600a5c3c13b91aa094623f15e62e42,gx-no-cache=1527107197562 HTTP/1.1" 200 30
186.103.159.230 - - [23/May/2018:17:27:39 -0300] "POST /cormun/servlet/solicitudotadjuntos?2f106d067c6f204be3511ebed7bc1b62,INS,2018,11526,,1, HTTP/1.1" 200 116
186.103.159.230 - - [23/May/2018:17:27:39 -0300] "GET /cormun/servlet/hpexe_return? HTTP/1.1" 200 1019
186.103.159.230 - - [23/May/2018:17:27:40 -0300] "GET /cormun/servlet/trsolicitudadjuntos?2018,11526, HTTP/1.1" 200 9314
186.103.159.204 - - [23/May/2018:17:27:40 -0300] "GET /cormun/servlet/trsolicitudot HTTP/1.1" 200 6391
186.103.159.230 - - [23/May/2018:17:27:40 -0300] "GET /cormun/servlet/trsolicitudadjuntos?2018,11526, HTTP/1.1" 200 9313
186.103.159.204 - - [23/May/2018:17:27:40 -0300] "GET /cormun/static/gxui/gxui-all.css?120300 HTTP/1.1" 200 2179
186.103.159.204 - - [23/May/2018:17:27:40 -0300] "GET /cormun/static/calendar-system.css?85620 HTTP/1.1" 200 5572
186.103.159.204 - - [23/May/2018:17:27:40 -0300] "GET /cormun/static/SmoothNavMenu/resources/ddsmoothmenu-v.css?1012540 HTTP/1.1" 200 1188
186.103.159.204 - - [23/May/2018:17:27:40 -0300] "GET /cormun/static/SmoothNavMenu/resources/ddsmoothmenu.css?1012540 HTTP/1.1" 200 2223
186.103.159.204 - - [23/May/2018:17:27:40 -0300] "GET /cormun/static/scaMessage/css/jquery.pnotify.default.css?1716380 HTTP/1.1" 200 1707
186.103.159.204 - - [23/May/2018:17:27:40 -0300] "GET /cormun/static/Shared/jqueryui/jquery-ui.min.css?1245370 HTTP/1.1" 200 30288
186.103.159.204 - - [23/May/2018:17:27:40 -0300] "GET /cormun/static/gxtimezone.js?85251 HTTP/1.1" 200 5781
186.103.159.204 - - [23/May/2018:17:27:41 -0300] "GET /cormun/static/gxcfg.js?2017111422585916 HTTP/1.1" 200 953
186.103.159.204 - - [23/May/2018:17:27:41 -0300] "GET /cormun/static/calendar-setup.js?85251 HTTP/1.1" 200 2588
186.103.159.204 - - [23/May/2018:17:27:41 -0300] "GET /cormun/static/calendar.js?85251 HTTP/1.1" 200 26246
186.103.159.204 - - [23/May/2018:17:27:41 -0300] "GET /cormun/static/Resources/Spanish/PXTools.css?1255365 HTTP/1.1" 200 89042
186.103.159.204 - - [23/May/2018:17:27:41 -0300] "GET /cormun/static/calendar-es.js?85251 HTTP/1.1" 200 1901
186.103.159.46 - - [23/May/2018:17:27:41 -0300] "GET /cormun/servlet/prsolicitudot?17506057,,,,,MD,,gxPopupLevel%3D0%3B HTTP/1.1" 200 6107
186.103.159.46 - - [23/May/2018:17:27:41 -0300] "GET /cormun/static/gxcfg.js?2017111422591492 HTTP/1.1" 200 953
186.103.159.204 - - [23/May/2018:17:27:41 -0300] "GET /cormun/static/RunJS/RunJS.js HTTP/1.1" 200 288
186.103.159.46 - - [23/May/2018:17:27:41 -0300] "GET /cormun/static/prsolicitudot.js?2017111422591715 HTTP/1.1" 200 13680
186.103.159.204 - - [23/May/2018:17:27:41 -0300] "GET /cormun/static/PXToolsJavascripts/pexe_autoreload.js HTTP/1.1" 200 1762
186.103.159.204 - - [23/May/2018:17:27:41 -0300] "GET /cormun/static/PXToolsJavascripts/pexe_cookies.js HTTP/1.1" 200 792
186.103.159.204 - - [23/May/2018:17:27:41 -0300] "GET /cormun/static/PXToolsJavascripts/pexe_windows.js HTTP/1.1" 200 15207
186.103.159.204 - - [23/May/2018:17:27:41 -0300] "GET /cormun/static/PXToolsJavascripts/pexe_grid.js HTTP/1.1" 200 7559
186.103.159.204 - - [23/May/2018:17:27:41 -0300] "GET /cormun/static/PXToolsJavascripts/pexe_griddivfix.js HTTP/1.1" 200 6644
186.103.159.204 - - [23/May/2018:17:27:41 -0300] "GET /cormun/static/PXToolsJavascripts/pexe_link.js HTTP/1.1" 200 5671
186.103.159.204 - - [23/May/2018:17:27:41 -0300] "GET /cormun/static/PXToolsJavascripts/pexe_menudivfix.js HTTP/1.1" 200 333
186.103.159.204 - - [23/May/2018:17:27:42 -0300] "GET /cormun/static/PXToolsJavascripts/pexe_menus.js HTTP/1.1" 200 1286
186.103.159.204 - - [23/May/2018:17:27:42 -0300] "GET /cormun/static/PXToolsJavascripts/pexe_layers.js HTTP/1.1" 200 4114
186.103.159.204 - - [23/May/2018:17:27:42 -0300] "GET /cormun/static/gxui/gxui-all.js HTTP/1.1" 200 107772
186.103.159.204 - - [23/May/2018:17:27:42 -0300] "GET /cormun/static/PXToolsJavascripts/pexe_oav.js HTTP/1.1" 200 645
186.103.159.204 - - [23/May/2018:17:27:42 -0300] "GET /cormun/static/PXToolsJavascripts/pexe_oavdivfix.js HTTP/1.1" 200 639
186.103.159.204 - - [23/May/2018:17:27:42 -0300] "GET /cormun/static/PXToolsJavascripts/pexe_picture.js HTTP/1.1" 200 689
186.103.159.204 - - [23/May/2018:17:27:42 -0300] "GET /cormun/static/PXToolsJavascripts/pexe_popup.js HTTP/1.1" 200 13458
186.103.159.204 - - [23/May/2018:17:27:42 -0300] "GET /cormun/static/PXToolsJavascripts/pexe_scrolldiv.js HTTP/1.1" 200 4138
186.103.159.204 - - [23/May/2018:17:27:42 -0300] "GET /cormun/static/PXToolsJavascripts/pexe_tabdivfix.js HTTP/1.1" 200 876
186.103.159.204 - - [23/May/2018:17:27:42 -0300] "GET /cormun/static/PXToolsJavascripts/pexe_upload.js HTTP/1.1" 200 1423
186.103.159.204 - - [23/May/2018:17:27:42 -0300] "GET /cormun/static/PXToolsJavascripts/PXToolsJavascriptsRender.js HTTP/1.1" 200 367
186.103.159.204 - - [23/May/2018:17:27:42 -0300] "GET /cormun/static/Shared/ext/locale/ext-lang-en.js HTTP/1.1" 200 10940
186.103.159.204 - - [23/May/2018:17:27:42 -0300] "GET /cormun/static/PXToolsJavascripts/pexe_tabs.js HTTP/1.1" 200 3748
186.103.159.204 - - [23/May/2018:17:27:42 -0300] "GET /cormun/static/gxdec.js?85251 HTTP/1.1" 200 19579
186.103.159.204 - - [23/May/2018:17:27:43 -0300] "GET /cormun/static/messages.spa.js?85251 HTTP/1.1" 200 30736
186.103.159.204 - - [23/May/2018:17:27:43 -0300] "GET /cormun/static/hpexe_recentlink.js?20177611595044 HTTP/1.1" 200 2144
186.103.159.204 - - [23/May/2018:17:27:43 -0300] "GET /cormun/static/hwchdr01.js?201752511465785 HTTP/1.1" 200 1183
186.103.159.204 - - [23/May/2018:17:27:43 -0300] "GET /cormun/static/trsolicitudot.js?201711142259839 HTTP/1.1" 200 54041
186.103.159.204 - - [23/May/2018:17:27:43 -0300] "GET /cormun/static/hpexe_messagecontroller.js?20177611595012 HTTP/1.1" 200 870
186.103.159.204 - - [23/May/2018:17:27:43 -0300] "GET /cormun/static/hpexe_messagepopupcomponent.js?20161017169425 HTTP/1.1" 200 605
186.103.159.204 - - [23/May/2018:17:27:43 -0300] "GET /cormun/static/hpexe_scripts.js?201752511465715 HTTP/1.1" 200 1544
186.103.159.204 - - [23/May/2018:17:27:43 -0300] "GET /cormun/static/hpexe_messagegenexuscomponent.js?201752511465344 HTTP/1.1" 200 587
186.103.159.204 - - [23/May/2018:17:27:43 -0300] "GET /cormun/static/cmcontrolpreferences.js?201752511465670 HTTP/1.1" 200 1375
186.103.159.204 - - [23/May/2018:17:27:44 -0300] "GET /cormun/static/gxgral.js?85251 HTTP/1.1" 200 384558
186.103.159.204 - - [23/May/2018:17:27:44 -0300] "GET /cormun/static/SmoothNavMenu/resources/ddsmoothmenu.js HTTP/1.1" 200 12712
186.103.159.230 - - [23/May/2018:17:27:44 -0300] "GET /cormun/servlet/solicitudotadjuntos?INS,2018,11526,,1, HTTP/1.1" 200 6210
186.103.159.204 - - [23/May/2018:17:27:44 -0300] "GET /cormun/static/Shared/jquery/jquery-1.4.2.min.js HTTP/1.1" 200 72174
186.103.159.204 - - [23/May/2018:17:27:44 -0300] "GET /cormun/static/Shared/ext/resources/css/ext-all.css?215870 HTTP/1.1" 200 416045
186.103.159.204 - - [23/May/2018:17:27:44 -0300] "GET /cormun/static/SmoothNavMenu/resources/SmoothNavMenuRender.js HTTP/1.1" 200 5951
186.103.159.204 - - [23/May/2018:17:27:45 -0300] "GET /cormun/static/scaMessage/js/jquery.pnotify.min.js HTTP/1.1" 200 13038
186.103.159.204 - - [23/May/2018:17:27:45 -0300] "GET /cormun/static/scaMessage/scaMessageRender.js HTTP/1.1" 200 11977
186.103.159.204 - - [23/May/2018:17:27:45 -0300] "GET /cormun/static/hmpwkw03.js?20177612122668 HTTP/1.1" 200 3965
186.103.159.204 - - [23/May/2018:17:27:47 -0300] "GET /cormun/static/Shared/jqueryui/jquery-ui.min.js HTTP/1.1" 200 240427
186.103.159.204 - - [23/May/2018:17:27:47 -0300] "GET /cormun/static/Shared/jquery/jquery-1.10.2.min.js HTTP/1.1" 200 273199
186.103.159.230 - - [23/May/2018:17:27:48 -0300] "GET /cormun/servlet/solicitudotadjuntos?INS,2018,11526,,1, HTTP/1.1" 200 6210
186.103.159.230 - - [23/May/2018:17:27:49 -0300] "GET /cormun/static/about:blank HTTP/1.1" 404 1011
186.103.159.230 - - [23/May/2018:17:27:49 -0300] "GET /cormun/servlet/solicitudotadjuntos?INS,2018,11526,,1, HTTP/1.1" 200 6203
186.103.159.230 - - [23/May/2018:17:27:49 -0300] "GET /cormun/servlet/solicitudotadjuntos?22dea6342bb8e0125d3e7f1d58180e380366ab448e49e197113a356ffa234ccd39df543ecc4249e7b05d145f5d76bd19,gx-no-cache=1527107207895 HTTP/1.1" 200 30
186.103.159.230 - - [23/May/2018:17:27:49 -0300] "POST /cormun/servlet/solicitudotadjuntos?2f106d067c6f204be3511ebed7bc1b62,INS,2018,11526,,1,,gx-no-cache=1527107207930 HTTP/1.1" 200 3978
186.103.159.204 - - [23/May/2018:17:27:51 -0300] "GET /cormun/static/Shared/ext/ext-all.js HTTP/1.1" 200 1289687
186.103.159.204 - - [23/May/2018:17:27:51 -0300] "GET /cormun/static/Resources/logo4.png HTTP/1.1" 200 6582
186.103.159.204 - - [23/May/2018:17:27:51 -0300] "GET /cormun/static/Resources/PXToolsHeaderHome.png HTTP/1.1" 200 4147
186.103.159.204 - - [23/May/2018:17:27:51 -0300] "GET /cormun/static/Resources/PXToolsHeaderLogin.png HTTP/1.1" 200 4279
186.103.159.204 - - [23/May/2018:17:27:51 -0300] "GET /cormun/static/Resources/PXToolsHeaderPreferences.png HTTP/1.1" 200 4189
186.103.159.204 - - [23/May/2018:17:27:51 -0300] "GET /cormun/static/Resources/PXToolsHeaderSecurity.png HTTP/1.1" 200 4166
186.103.159.204 - - [23/May/2018:17:27:51 -0300] "GET /cormun/static/Resources/PXToolsHeaderActionsLeft.png HTTP/1.1" 200 1118
186.103.159.204 - - [23/May/2018:17:27:51 -0300] "GET /cormun/static/Resources/PXToolsHeaderActionsRight.png HTTP/1.1" 200 1201
186.103.159.204 - - [23/May/2018:17:27:51 -0300] "GET /cormun/static/Resources/PXTools/calendar.png HTTP/1.1" 200 1306
186.103.159.204 - - [23/May/2018:17:27:51 -0300] "GET /cormun/static/Resources/PXToolsGridNew.png HTTP/1.1" 200 2949
186.103.159.204 - - [23/May/2018:17:27:51 -0300] "GET /cormun/static/Resources/PXToolsDataSearch.png HTTP/1.1" 200 419
186.103.159.204 - - [23/May/2018:17:27:51 -0300] "GET /cormun/static/Resources/PXToolsGridFirstDisabled.gif HTTP/1.1" 200 100
186.103.159.204 - - [23/May/2018:17:27:51 -0300] "GET /cormun/static/Resources/PXToolsGridPreviousDisabled.gif HTTP/1.1" 200 90
186.103.159.204 - - [23/May/2018:17:27:51 -0300] "GET /cormun/static/Resources/PXToolsGridNextDisabled.gif HTTP/1.1" 200 90
186.103.159.204 - - [23/May/2018:17:27:52 -0300] "GET /cormun/static/Resources/PXToolsGridLastDisabled.gif HTTP/1.1" 200 98
186.103.159.204 - - [23/May/2018:17:27:52 -0300] "GET /cormun/static/Resources/PXToolsGridPage.gif HTTP/1.1" 200 725
186.103.159.204 - - [23/May/2018:17:27:52 -0300] "GET /cormun/static/Resources/PXToolsActionExcel.png HTTP/1.1" 200 3187
186.103.159.204 - - [23/May/2018:17:27:52 -0300] "GET /cormun/static/Resources/PXToolsFooterBackground2.png HTTP/1.1" 200 1172
186.103.159.204 - - [23/May/2018:17:27:52 -0300] "GET /cormun/static/Resources/PXToolsHeaderBackground2.png HTTP/1.1" 200 1174
186.103.159.204 - - [23/May/2018:17:27:52 -0300] "GET /cormun/static/Resources/PXToolsHeaderActionsBackground.png HTTP/1.1" 200 484
186.103.159.204 - - [23/May/2018:17:27:52 -0300] "GET /cormun/static/Resources/PXToolsDataTitle.png HTTP/1.1" 200 1173
186.103.159.204 - - [23/May/2018:17:27:52 -0300] "GET /cormun/static/Resources/indicator.gif HTTP/1.1" 200 1553
186.103.159.204 - - [23/May/2018:17:27:52 -0300] "GET /cormun/static/Resources/asc.gif HTTP/1.1" 200 67
186.103.159.204 - - [23/May/2018:17:27:52 -0300] "GET /cormun/static/Resources/desc.gif HTTP/1.1" 200 65
186.103.159.204 - - [23/May/2018:17:27:52 -0300] "GET /cormun/servlet/hlogin HTTP/1.1" 200 1736
186.103.159.204 - - [23/May/2018:17:27:52 -0300] "GET /cormun/static/gxtimezone.js?85251 HTTP/1.1" 200 5781
186.103.159.204 - - [23/May/2018:17:27:52 -0300] "GET /cormun/static/gxcfg.js?20175251213516 HTTP/1.1" 200 953
186.103.159.204 - - [23/May/2018:17:27:52 -0300] "GET /cormun/static/hlogin.js?20175251213537 HTTP/1.1" 200 2136
186.103.159.204 - - [23/May/2018:17:27:52 -0300] "GET /cormun/static/messages.spa.js?85251 HTTP/1.1" 200 30736
186.103.159.204 - - [23/May/2018:17:27:52 -0300] "GET /cormun/servlet/trsolicitudot HTTP/1.1" 200 6400
186.103.159.204 - - [23/May/2018:17:27:52 -0300] "GET /cormun/static/Resources/Spanish/PXTools.css?11423723 HTTP/1.1" 200 89042
186.103.159.204 - - [23/May/2018:17:27:54 -0300] "GET /cormun/static/gxgral.js?85251 HTTP/1.1" 200 384558
186.103.159.204 - - [23/May/2018:17:27:54 -0300] "GET /cormun/static/Resources/ComunLogin.png HTTP/1.1" 200 17326
186.103.159.204 - - [23/May/2018:17:27:54 -0300] "GET /cormun/static/Resources/indicator.gif HTTP/1.1" 200 1553
186.103.159.204 - - [23/May/2018:17:27:54 -0300] "GET /cormun/static/Resources/PXToolsLoginTop.png HTTP/1.1" 200 1337
186.103.159.204 - - [23/May/2018:17:27:54 -0300] "GET /cormun/static/Resources/PXToolsLoginBackground.png HTTP/1.1" 200 1164
186.103.159.204 - - [23/May/2018:17:27:54 -0300] "GET /cormun/static/Resources/PXToolsButtonLeft21.png HTTP/1.1" 200 1287
186.103.159.204 - - [23/May/2018:17:27:54 -0300] "GET /cormun/static/Resources/PXToolsButtonRight21.png HTTP/1.1" 200 1283
186.103.159.46 - - [23/May/2018:17:27:54 -0300] "POST /cormun/servlet/solicitudot?gx-no-cache=1527107211933 HTTP/1.1" 200 1368
186.103.159.204 - - [23/May/2018:17:27:54 -0300] "GET /cormun/static/Resources/PXToolsButtonBackground2.png HTTP/1.1" 200 1181
186.103.159.204 - - [23/May/2018:17:27:54 -0300] "GET /cormun/static/Resources/PXToolsLoginBottom.png HTTP/1.1" 200 1389
186.103.159.46 - - [23/May/2018:17:27:54 -0300] "POST /cormun/servlet/solicitudot?gx-no-cache=1527107212120 HTTP/1.1" 200 38
186.103.159.46 - - [23/May/2018:17:27:54 -0300] "POST /cormun/servlet/solicitudot?gx-no-cache=1527107212246 HTTP/1.1" 200 1351
186.103.159.46 - - [23/May/2018:17:27:55 -0300] "POST /cormun/servlet/solicitudot?gx-no-cache=1527107212385 HTTP/1.1" 200 1249
186.103.159.46 - - [23/May/2018:17:27:55 -0300] "GET /cormun/servlet/solicitudot?187ac2ea39fa6d2406bf14b4480ce668ff88e0186e6a6fba0dc825183609f1447a282f9b32b7751bd472afb9dd1f4cf5,gx-no-cache=1527107212481 HTTP/1.1" 200 30
186.103.159.230 - - [23/May/2018:17:27:55 -0300] "POST /cormun/servlet/solicitudotadjuntos?gx-no-cache=1527107213788 HTTP/1.1" 200 26
186.103.159.230 - - [23/May/2018:17:28:01 -0300] "GET /cormun/servlet/solicitudotadjuntos?22dea6342bb8e0125d3e7f1d58180e3817600a5c3c13b91aa094623f15e62e42,gx-no-cache=1527107219893 HTTP/1.1" 200 30
186.103.159.230 - - [23/May/2018:17:28:01 -0300] "GET /cormun/servlet/solicitudotadjuntos?22dea6342bb8e0125d3e7f1d58180e3817600a5c3c13b91aa094623f15e62e42,gx-no-cache=1527107219957 HTTP/1.1" 200 30
186.67.203.186 - - [23/May/2018:17:28:04 -0300] "GET /cormun/servlet/solicitudot?10fbca227db3e49d0c0e4c5875df991142f46819e6d50bbbca0e4fb4d9bf1db3c288eb8b6146d0657e47ad9de0c652ff10b37751ca5e1328143a00ed7c166e4e,gx-no-cache=1527107223568 HTTP/1.1" 200 30
186.67.203.186 - - [23/May/2018:17:28:04 -0300] "GET /cormun/servlet/solicitudot?10fbca227db3e49d0c0e4c5875df99113f7c0ebfcb9757262f1d5f0b48fc5359,gx-no-cache=1527107224197 HTTP/1.1" 200 53
186.103.159.230 - - [23/May/2018:17:28:04 -0300] "POST /cormun/servlet/solicitudotadjuntos?2f106d067c6f204be3511ebed7bc1b62,INS,2018,11526,,1, HTTP/1.1" 200 116
186.103.159.230 - - [23/May/2018:17:28:04 -0300] "GET /cormun/servlet/hpexe_return? HTTP/1.1" 200 1019
186.103.159.230 - - [23/May/2018:17:28:05 -0300] "GET /cormun/servlet/trsolicitudadjuntos?2018,11526, HTTP/1.1" 200 9531
186.103.159.230 - - [23/May/2018:17:28:05 -0300] "GET /cormun/servlet/trsolicitudadjuntos?2018,11526, HTTP/1.1" 200 9530
186.67.203.186 - - [23/May/2018:17:28:07 -0300] "POST /cormun/servlet/solicitudot?gx-no-cache=1527107226988 HTTP/1.1" 200 297
186.67.203.186 - - [23/May/2018:17:28:07 -0300] "GET /cormun/servlet/solicitudot?10fbca227db3e49d0c0e4c5875df99119530c220faa72a11352a904f9b9cf0939fecd11c26b289faa9c0f2c86fd1c864b39c89bb53457b28a5912cebc77d9a899b0af8b030a0892af56e1816270aec47f54634c3cd44f48e1f11291df495e596aba4fbb307a2a26bbe77edb4ac5fe6e453120254d2bf1723a97e8b0c93ffd9b33408ef28eb47b42ede9a69747c2f6d48d1f8cb00de47ead97d4fd538c3cabf5f05b797b18bdd11f5d444e89c2a298b7f54c6a71061d795c1b0d32519cec55363ca8daac6daf87170b000cd0dc5bc937e7bbd6e5268b1428568ed9cde580da2246b1d813a78f0ee2c9067ffc5a0d1b05cec03026b9f213981ff6a83309adb095274ce542aa08b9b797aca7dea7aa059ca3a17b3bebfd42eac49aa487f1b62799cd8c20670c26f5c23c8aa9fca24b37f41330ac7c242026a726c9f5f0feb7fb32b570326f5445b3f9468edf7d0468c69ced5a7e1301a046435d37d25c99b5908cb228317d1e16cc2da8cb0b095600dba7515ab53d24397a9ddaba4205e29ef25eee28468c07456fcc4f828c7460edd8883,gx-no-cache=1527107227162 HTTP/1.1" 200 30
186.103.159.230 - - [23/May/2018:17:28:09 -0300] "GET /cormun/servlet/solicitudotadjuntos?INS,2018,11526,,1, HTTP/1.1" 200 6210
186.67.203.186 - - [23/May/2018:17:28:09 -0300] "POST /cormun/servlet/solicitudot?gx-no-cache=1527107229743 HTTP/1.1" 200 30
186.103.159.230 - - [23/May/2018:17:28:09 -0300] "GET /cormun/static/about:blank HTTP/1.1" 404 1011
186.103.159.230 - - [23/May/2018:17:28:10 -0300] "GET /cormun/servlet/solicitudotadjuntos?INS,2018,11526,,1, HTTP/1.1" 200 6203
186.103.159.230 - - [23/May/2018:17:28:10 -0300] "GET /cormun/servlet/solicitudotadjuntos?22dea6342bb8e0125d3e7f1d58180e380366ab448e49e197113a356ffa234ccd39df543ecc4249e7b05d145f5d76bd19,gx-no-cache=1527107228720 HTTP/1.1" 200 30
186.103.159.230 - - [23/May/2018:17:28:10 -0300] "POST /cormun/servlet/solicitudotadjuntos?2f106d067c6f204be3511ebed7bc1b62,INS,2018,11526,,1,,gx-no-cache=1527107228774 HTTP/1.1" 200 3978
186.103.159.230 - - [23/May/2018:17:28:16 -0300] "POST /cormun/servlet/solicitudotadjuntos?gx-no-cache=1527107234767 HTTP/1.1" 200 26
186.103.159.46 - - [23/May/2018:17:28:20 -0300] "GET /cormun/servlet/prpersonalsolicitud?17506057,,,,,MD,,gxPopupLevel%3D0%3B HTTP/1.1" 200 5661
186.67.203.186 - - [23/May/2018:17:28:20 -0300] "POST /cormun/servlet/solicitudot?gx-no-cache=1527107239776 HTTP/1.1" 200 1368
186.103.159.46 - - [23/May/2018:17:28:20 -0300] "GET /cormun/static/gxcfg.js?20175251253686 HTTP/1.1" 200 953
186.103.159.46 - - [23/May/2018:17:28:20 -0300] "GET /cormun/static/prpersonalsolicitud.js?20175251253921 HTTP/1.1" 200 13873
186.67.203.186 - - [23/May/2018:17:28:23 -0300] "POST /cormun/servlet/solicitudot?gx-no-cache=1527107241063 HTTP/1.1" 200 38
186.103.159.230 - - [23/May/2018:17:28:23 -0300] "GET /cormun/servlet/solicitudotadjuntos?22dea6342bb8e0125d3e7f1d58180e3817600a5c3c13b91aa094623f15e62e42,gx-no-cache=1527107241439 HTTP/1.1" 200 30
186.103.159.230 - - [23/May/2018:17:28:23 -0300] "GET /cormun/servlet/solicitudotadjuntos?22dea6342bb8e0125d3e7f1d58180e3817600a5c3c13b91aa094623f15e62e42,gx-no-cache=1527107241460 HTTP/1.1" 200 30
186.67.203.186 - - [23/May/2018:17:28:23 -0300] "GET /cormun/servlet/solicitudot?10fbca227db3e49d0c0e4c5875df9911bb7dcc91c12d924c9c95d00a25b2876e4bc3d2d466aa9a11812cb601e2dfba098418f32ab9a33a83fa28c9284ddb62d0d2928e3d00c3ea57c08dd04fe935372b245be881a1ecc56bd17d7a935fa0a35edb0dd821c9f2070bfc5f0b093535ea24,gx-no-cache=1527107243091 HTTP/1.1" 200 29
186.103.159.230 - - [23/May/2018:17:28:23 -0300] "POST /cormun/servlet/solicitudotadjuntos?2f106d067c6f204be3511ebed7bc1b62,INS,2018,11526,,1, HTTP/1.1" 200 116
186.103.159.230 - - [23/May/2018:17:28:23 -0300] "GET /cormun/servlet/hpexe_return? HTTP/1.1" 200 1019
186.103.159.230 - - [23/May/2018:17:28:24 -0300] "GET /cormun/servlet/trsolicitudadjuntos?2018,11526, HTTP/1.1" 200 9794
186.67.203.186 - - [23/May/2018:17:28:24 -0300] "POST /cormun/servlet/solicitudot?gx-no-cache=1527107243278 HTTP/1.1" 200 1351
186.67.203.186 - - [23/May/2018:17:28:25 -0300] "POST /cormun/servlet/solicitudot?gx-no-cache=1527107244741 HTTP/1.1" 200 1249
186.103.159.230 - - [23/May/2018:17:28:25 -0300] "GET /cormun/servlet/trsolicitudadjuntos?2018,11526, HTTP/1.1" 200 9790
186.67.203.186 - - [23/May/2018:17:28:32 -0300] "GET /cormun/static/menuarrow.gif HTTP/1.1" 404 1015
186.67.203.186 - - [23/May/2018:17:28:36 -0300] "POST /cormun/servlet/solicitudot?gx-no-cache=1527107253896 HTTP/1.1" 200 1368
186.67.203.186 - - [23/May/2018:17:28:36 -0300] "POST /cormun/servlet/solicitudot?gx-no-cache=1527107256657 HTTP/1.1" 200 38
186.103.159.46 - - [23/May/2018:17:28:38 -0300] "POST /cormun/servlet/solicitudot?gx-no-cache=1527107255348 HTTP/1.1" 200 30
186.67.203.186 - - [23/May/2018:17:28:38 -0300] "POST /cormun/servlet/solicitudot?gx-no-cache=1527107256852 HTTP/1.1" 200 1351
186.67.203.186 - - [23/May/2018:17:28:41 -0300] "POST /cormun/servlet/solicitudot?gx-no-cache=1527107261081 HTTP/1.1" 200 1249
186.67.203.186 - - [23/May/2018:17:28:44 -0300] "GET /cormun/servlet/solicitudot?10fbca227db3e49d0c0e4c5875df9911fd46b81922a72e56270e09a084cc6427f776243085959678cadd4a3a79959810,gx-no-cache=1527107263867 HTTP/1.1" 200 30
186.103.159.46 - - [23/May/2018:17:28:49 -0300] "POST /cormun/servlet/solicitudot?gx-no-cache=1527107266589 HTTP/1.1" 200 1368
186.103.159.46 - - [23/May/2018:17:28:49 -0300] "POST /cormun/servlet/solicitudot?gx-no-cache=1527107266773 HTTP/1.1" 200 41
186.103.159.46 - - [23/May/2018:17:28:50 -0300] "POST /cormun/servlet/solicitudot?gx-no-cache=1527107266890 HTTP/1.1" 200 1351
186.103.159.46 - - [23/May/2018:17:28:50 -0300] "POST /cormun/servlet/solicitudot?gx-no-cache=1527107267452 HTTP/1.1" 200 1249
186.103.159.230 - - [23/May/2018:17:29:06 -0300] "GET /cormun/servlet/trsolicitudot? HTTP/1.1" 200 8695
186.103.159.230 - - [23/May/2018:17:29:07 -0300] "GET /cormun/servlet/trsolicitudot? HTTP/1.1" 200 8689
186.103.159.46 - - [23/May/2018:17:29:07 -0300] "GET /cormun/servlet/solicitudot?187ac2ea39fa6d2406bf14b4480ce668fe4a28d35f6bdc79885eff44a3c99e0a,gx-no-cache=1527107284773 HTTP/1.1" 200 30
186.103.161.206 - - [23/May/2018:17:29:08 -0300] "POST /cormun/servlet/solicitudot?gx-no-cache=1527107285918 HTTP/1.1" 200 1368
186.103.161.206 - - [23/May/2018:17:29:09 -0300] "POST /cormun/servlet/solicitudot?gx-no-cache=1527107289309 HTTP/1.1" 200 41
186.103.161.206 - - [23/May/2018:17:29:10 -0300] "POST /cormun/servlet/solicitudot?gx-no-cache=1527107289643 HTTP/1.1" 200 1351
186.103.161.206 - - [23/May/2018:17:29:10 -0300] "POST /cormun/servlet/solicitudot?gx-no-cache=1527107290076 HTTP/1.1" 200 1249
186.103.161.206 - - [23/May/2018:17:29:10 -0300] "POST /cormun/servlet/solicitudot?gx-no-cache=1527107290213 HTTP/1.1" 200 30
186.103.159.46 - - [23/May/2018:17:29:19 -0300] "GET /cormun/servlet/prcontratosol?17506057,,,,,MD,,gxPopupLevel%3D0%3B HTTP/1.1" 200 7807
186.103.159.230 - - [23/May/2018:17:29:34 -0300] "POST /cormun/servlet/trsolicitudot?2f106d067c6f204be3511ebed7bc1b62,,gx-no-cache=1527107312229 HTTP/1.1" 200 4667
186.103.159.230 - - [23/May/2018:17:29:34 -0300] "GET /cormun/static/Shared/jqueryui/images/ui-bg_highlight-soft_100_c6c2c8_1x100.png HTTP/1.1" 404 1117
186.103.159.230 - - [23/May/2018:17:29:34 -0300] "GET /cormun/static/Shared/jqueryui/images/ui-icons_82798d_256x240.png HTTP/1.1" 404 1089
186.103.159.230 - - [23/May/2018:17:29:34 -0300] "GET /cormun/static/Shared/jqueryui/images/ui-bg_flat_55_fafafa_40x100.png HTTP/1.1" 404 1097
186.103.159.230 - - [23/May/2018:17:29:34 -0300] "GET /cormun/static/Shared/jqueryui/images/ui-icons_8d78a5_256x240.png HTTP/1.1" 404 1089
186.103.159.230 - - [23/May/2018:17:29:34 -0300] "POST /cormun/servlet/trsolicitudot?2f106d067c6f204be3511ebed7bc1b62,,gx-no-cache=1527107312492 HTTP/1.1" 200 4453
186.67.203.186 - - [23/May/2018:17:29:36 -0300] "POST /cormun/servlet/solicitudot?gx-no-cache=1527107311413 HTTP/1.1" 200 1351
186.67.203.186 - - [23/May/2018:17:29:37 -0300] "POST /cormun/servlet/solicitudot?gx-no-cache=1527107316592 HTTP/1.1" 200 1249
186.67.203.186 - - [23/May/2018:17:29:37 -0300] "GET /cormun/servlet/solicitudot?10fbca227db3e49d0c0e4c5875df9911fd46b81922a72e56270e09a084cc6427f776243085959678cadd4a3a79959810,gx-no-cache=1527107317151 HTTP/1.1" 200 30
186.67.203.186 - - [23/May/2018:17:29:37 -0300] "POST /cormun/servlet/solicitudot?gx-no-cache=1527107317472 HTTP/1.1" 200 30
186.103.159.230 - - [23/May/2018:17:29:42 -0300] "GET /cormun/servlet/trautorizarsolicitud? HTTP/1.1" 200 8585
186.103.159.230 - - [23/May/2018:17:29:42 -0300] "GET /cormun/static/gxcfg.js?2017111423403364 HTTP/1.1" 304 -
186.103.159.230 - - [23/May/2018:17:29:42 -0300] "GET /cormun/servlet/trautorizarsolicitud? HTTP/1.1" 200 8584
186.103.159.230 - - [23/May/2018:17:29:55 -0300] "POST /cormun/servlet/trautorizarsolicitud?2f106d067c6f204be3511ebed7bc1b62,,gx-no-cache=1527107333278 HTTP/1.1" 200 4588
186.103.159.230 - - [23/May/2018:17:29:55 -0300] "GET /cormun/static/Shared/jqueryui/images/ui-bg_highlight-soft_100_c6c2c8_1x100.png HTTP/1.1" 404 1117
186.103.159.230 - - [23/May/2018:17:29:55 -0300] "GET /cormun/static/Shared/jqueryui/images/ui-bg_flat_55_fafafa_40x100.png HTTP/1.1" 404 1097
186.103.159.230 - - [23/May/2018:17:29:55 -0300] "GET /cormun/static/Shared/jqueryui/images/ui-icons_8d78a5_256x240.png HTTP/1.1" 404 1089
186.103.159.230 - - [23/May/2018:17:29:55 -0300] "POST /cormun/servlet/trautorizarsolicitud?2f106d067c6f204be3511ebed7bc1b62,,gx-no-cache=1527107333495 HTTP/1.1" 200 4377
186.67.203.186 - - [23/May/2018:17:29:56 -0300] "POST /cormun/servlet/solicitudot?62b300f103ad4901ef38925eea5ec036,INS,0,0,,gx-no-cache=1527107331240 HTTP/1.1" 200 93
186.67.203.186 - - [23/May/2018:17:29:58 -0300] "GET /cormun/servlet/hpexe_return? HTTP/1.1" 200 1010
186.67.203.186 - - [23/May/2018:17:30:00 -0300] "GET /cormun/servlet/trsolicitudot HTTP/1.1" 200 9268
186.67.203.186 - - [23/May/2018:17:30:04 -0300] "GET /cormun/servlet/trsolicitudot HTTP/1.1" 200 9264
186.103.161.206 - - [23/May/2018:17:30:22 -0300] "POST /cormun/servlet/trsolicitudot?62b300f103ad4901ef38925eea5ec036,gx-no-cache=1527107360657 HTTP/1.1" 200 106
186.103.161.206 - - [23/May/2018:17:30:22 -0300] "GET /cormun/servlet/solicitudot?UPD,2018,11525, HTTP/1.1" 200 15459
186.103.159.46 - - [23/May/2018:17:30:24 -0300] "GET /cormun/servlet/prsolicitudot?17506057,,,,,MD,,gxPopupLevel%3D0%3B HTTP/1.1" 200 6107
186.103.161.206 - - [23/May/2018:17:30:25 -0300] "GET /cormun/servlet/solicitudot?UPD,2018,11525, HTTP/1.1" 200 15468
186.67.203.186 - - [23/May/2018:17:30:28 -0300] "POST /cormun/servlet/solicitudot?gx-no-cache=1527107365613 HTTP/1.1" 200 3411
186.103.159.46 - - [23/May/2018:17:30:30 -0300] "POST /cormun/servlet/solicitudot?gx-no-cache=1527107367386 HTTP/1.1" 200 1368
186.103.159.46 - - [23/May/2018:17:30:30 -0300] "POST /cormun/servlet/solicitudot?gx-no-cache=1527107367535 HTTP/1.1" 200 38
186.103.159.46 - - [23/May/2018:17:30:30 -0300] "POST /cormun/servlet/solicitudot?gx-no-cache=1527107367604 HTTP/1.1" 200 1351
186.103.159.46 - - [23/May/2018:17:30:30 -0300] "POST /cormun/servlet/solicitudot?gx-no-cache=1527107367708 HTTP/1.1" 200 1249
186.103.159.46 - - [23/May/2018:17:30:30 -0300] "GET /cormun/servlet/solicitudot?187ac2ea39fa6d2406bf14b4480ce668ff88e0186e6a6fba0dc825183609f1447a282f9b32b7751bd472afb9dd1f4cf5,gx-no-cache=1527107367797 HTTP/1.1" 200 30
186.67.203.186 - - [23/May/2018:17:30:33 -0300] "POST /cormun/servlet/solicitudot?62b300f103ad4901ef38925eea5ec036,UPD,2018,11525,,gx-no-cache=1527107368197 HTTP/1.1" 200 11747
186.67.203.186 - - [23/May/2018:17:30:34 -0300] "GET /cormun/servlet/solicitudot?10fbca227db3e49d0c0e4c5875df991177f8b839df2a546fc8e604d87c3fb03f17b72829a3f8cbc3d3635e3836f4785f,gx-no-cache=1527107374267 HTTP/1.1" 200 30
186.67.203.186 - - [23/May/2018:17:30:35 -0300] "GET /cormun/servlet/solicitudot?10fbca227db3e49d0c0e4c5875df99116af6e0b77b8d4d83e76f536143ed72d96af809a8cec358d23c7b238d308f623cfc3476ac329d52d577454a4cf2dc5780,gx-no-cache=1527107375067 HTTP/1.1" 200 30
186.67.203.186 - - [23/May/2018:17:30:35 -0300] "GET /cormun/servlet/solicitudot?10fbca227db3e49d0c0e4c5875df991144aa1b6ed658735c5c604cbbd07f15e5b0dfc2af5bc5bfd848c4aac0acd0bbf5a420939f776fdbb580c7bd9d46a698dc,gx-no-cache=1527107375361 HTTP/1.1" 200 53
186.67.203.186 - - [23/May/2018:17:30:35 -0300] "POST /cormun/servlet/solicitudot?gx-no-cache=1527107375614 HTTP/1.1" 200 257
186.67.203.186 - - [23/May/2018:17:30:36 -0300] "GET /cormun/servlet/solicitudot?10fbca227db3e49d0c0e4c5875df99119530c220faa72a11352a904f9b9cf09347ae7a612ef7f190cdf4c0dd41b8dc46b39c89bb53457b28a5912cebc77d9a899b0af8b030a0892af56e1816270aec47f54634c3cd44f48e1f11291df495e596aba4fbb307a2a26bbe77edb4ac5fe6e453120254d2bf1723a97e8b0c93ffd9b33408ef28eb47b42ede9a69747c2f6d48d1f8cb00de47ead97d4fd538c3cabf5f05b797b18bdd11f5d444e89c2a298b7f54c6a71061d795c1b0d32519cec55363ca8daac6daf87170b000cd0dc5bc937e7bbd6e5268b1428568ed9cde580da2246b1d813a78f0ee2c9067ffc5a0d1b05c663e335fc1fee12f61c819cd2d1323b674ce542aa08b9b797aca7dea7aa059cab72e3ed8cefffa2ec2623b8f429b502b966aba86e654608b808ec0aa1b9face26ef0df1e5aed29084e0abffa32c3a4643a0b88aba56e6da62c9225153ac73bc5ba9de817e9ea373b1c6e59c93ab6e196fbbe39eb2494900755a96309ad3f892749f679cc28fea3fed3f8b877b952916c,gx-no-cache=1527107376247 HTTP/1.1" 200 30
186.67.203.186 - - [23/May/2018:17:30:37 -0300] "POST /cormun/servlet/solicitudot?gx-no-cache=1527107377352 HTTP/1.1" 200 30
186.67.203.186 - - [23/May/2018:17:30:37 -0300] "POST /cormun/servlet/solicitudot?gx-no-cache=1527107377678 HTTP/1.1" 200 1369
186.67.203.186 - - [23/May/2018:17:30:38 -0300] "POST /cormun/servlet/solicitudot?gx-no-cache=1527107378143 HTTP/1.1" 200 41
186.103.159.46 - - [23/May/2018:17:30:39 -0300] "GET /cormun/servlet/solicitudot?187ac2ea39fa6d2406bf14b4480ce668fe4a28d35f6bdc79885eff44a3c99e0a,gx-no-cache=1527107377033 HTTP/1.1" 200 30
186.103.159.204 - - [23/May/2018:17:31:04 -0300] "GET /cormun/servlet/trfichaempleado? HTTP/1.1" 200 14169
186.67.203.186 - - [23/May/2018:17:31:11 -0300] "POST /cormun/servlet/solicitudot?gx-no-cache=1527107392336 HTTP/1.1" 200 1369
186.67.203.186 - - [23/May/2018:17:31:11 -0300] "POST /cormun/servlet/solicitudot?gx-no-cache=1527107411066 HTTP/1.1" 200 41
186.67.203.186 - - [23/May/2018:17:31:11 -0300] "GET /cormun/servlet/solicitudot?10fbca227db3e49d0c0e4c5875df9911fc2fcc6d26e7c7cfcf9ee13d5c5e63147c81c236944a6d88b9eb1dead78bddc7217efaf212f6f29660d86f417cdb146b435fdfe632a2c1da8c8854ae70abd2b5d17b49b90b498a889d32af0027eb3fd621d12dfc6351d734a1314116ded61de3ee9c46b7c99dccd4efdea77ee060885bef1cefc174829540923f4320c8ce1e53b66b4b65dd0ed350f7ccb5c683e02749,gx-no-cache=1527107411250 HTTP/1.1" 200 29
186.67.203.186 - - [23/May/2018:17:31:12 -0300] "POST /cormun/servlet/solicitudot?gx-no-cache=1527107411332 HTTP/1.1" 200 1351
186.67.203.186 - - [23/May/2018:17:31:12 -0300] "POST /cormun/servlet/solicitudot?gx-no-cache=1527107412175 HTTP/1.1" 200 1249
186.67.203.186 - - [23/May/2018:17:31:12 -0300] "GET /cormun/servlet/solicitudot?10fbca227db3e49d0c0e4c5875df9911fd46b81922a72e56270e09a084cc6427f776243085959678cadd4a3a79959810,gx-no-cache=1527107412486 HTTP/1.1" 200 30
190.46.88.10 - - [23/May/2018:17:31:13 -0300] "GET /cormun/servlet/trfichaempleado? HTTP/1.1" 200 14826
186.67.203.186 - - [23/May/2018:17:31:15 -0300] "POST /cormun/servlet/solicitudot?gx-no-cache=1527107412862 HTTP/1.1" 200 30
186.67.203.186 - - [23/May/2018:17:31:18 -0300] "POST /cormun/servlet/solicitudot?62b300f103ad4901ef38925eea5ec036,UPD,2018,11525,,gx-no-cache=1527107415483 HTTP/1.1" 200 93
186.67.203.186 - - [23/May/2018:17:31:19 -0300] "GET /cormun/servlet/hpexe_return? HTTP/1.1" 200 1016
186.67.203.186 - - [23/May/2018:17:31:20 -0300] "GET /cormun/servlet/trsolicitudot HTTP/1.1" 200 9271
186.67.203.186 - - [23/May/2018:17:31:20 -0300] "GET /cormun/servlet/trsolicitudot HTTP/1.1" 200 9267
200.111.122.170 - - [23/May/2018:17:31:33 -0300] "POST /cormun/servlet/trsolicitudot?62b300f103ad4901ef38925eea5ec036,gx-no-cache=1527107432108 HTTP/1.1" 200 5892
200.111.122.170 - - [23/May/2018:17:31:36 -0300] "GET /cormun/static/Shared/jqueryui/images/ui-bg_highlight-soft_100_c6c2c8_1x100.png HTTP/1.1" 404 1117
200.111.122.170 - - [23/May/2018:17:31:39 -0300] "GET /cormun/static/Shared/jqueryui/images/ui-bg_flat_55_fafafa_40x100.png HTTP/1.1" 404 1097
186.67.203.186 - - [23/May/2018:17:31:39 -0300] "GET /cormun/static/Shared/jqueryui/images/ui-icons_82798d_256x240.png HTTP/1.1" 404 1089
186.103.161.206 - - [23/May/2018:17:31:39 -0300] "GET /cormun/static/Shared/jqueryui/images/ui-icons_8d78a5_256x240.png HTTP/1.1" 404 1089
186.67.203.186 - - [23/May/2018:17:31:45 -0300] "POST /cormun/servlet/trsolicitudot?62b300f103ad4901ef38925eea5ec036,gx-no-cache=1527107436879 HTTP/1.1" 200 5837
186.67.203.186 - - [23/May/2018:17:31:56 -0300] "POST /cormun/servlet/trsolicitudot?62b300f103ad4901ef38925eea5ec036,gx-no-cache=1527107452179 HTTP/1.1" 200 4677
186.67.203.186 - - [23/May/2018:17:31:58 -0300] "POST /cormun/servlet/trsolicitudot?62b300f103ad4901ef38925eea5ec036,gx-no-cache=1527107456875 HTTP/1.1" 200 4451
186.103.159.46 - - [23/May/2018:17:32:22 -0300] "POST /cormun/servlet/solicitudot?gx-no-cache=1527107478946 HTTP/1.1" 200 105
200.111.122.170 - - [23/May/2018:17:32:51 -0300] "GET /cormun/servlet/trautorizarsolicitud? HTTP/1.1" 200 9162
200.111.122.170 - - [23/May/2018:17:32:51 -0300] "GET /cormun/static/gxcfg.js?2017111423403364 HTTP/1.1" 200 953
200.111.122.170 - - [23/May/2018:17:32:52 -0300] "GET /cormun/static/trautorizarsolicitud.js?201711142340425 HTTP/1.1" 200 53910
200.111.122.170 - - [23/May/2018:17:32:53 -0300] "GET /cormun/servlet/trautorizarsolicitud? HTTP/1.1" 200 9162
200.111.122.170 - - [23/May/2018:17:33:05 -0300] "POST /cormun/servlet/trautorizarsolicitud?62b300f103ad4901ef38925eea5ec036,,gx-no-cache=1527107523150 HTTP/1.1" 200 5814
200.111.122.170 - - [23/May/2018:17:33:05 -0300] "GET /cormun/static/Shared/jqueryui/images/ui-bg_highlight-soft_100_c6c2c8_1x100.png HTTP/1.1" 404 1117
200.111.122.170 - - [23/May/2018:17:33:06 -0300] "GET /cormun/static/Shared/jqueryui/images/ui-bg_flat_55_fafafa_40x100.png HTTP/1.1" 404 1097
190.151.100.218 - - [23/May/2018:17:33:06 -0300] "GET /cormun/static/Shared/jqueryui/images/ui-icons_8d78a5_256x240.png HTTP/1.1" 404 1089
186.67.203.186 - - [23/May/2018:17:33:06 -0300] "GET /cormun/static/Shared/jqueryui/images/ui-icons_82798d_256x240.png HTTP/1.1" 404 1089
186.67.203.186 - - [23/May/2018:17:33:06 -0300] "POST /cormun/servlet/trautorizarsolicitud?62b300f103ad4901ef38925eea5ec036,,gx-no-cache=1527107525280 HTTP/1.1" 200 5761
190.151.100.218 - - [23/May/2018:17:33:10 -0300] "POST /cormun/servlet/trautorizarsolicitud?62b300f103ad4901ef38925eea5ec036,,gx-no-cache=1527107528004 HTTP/1.1" 200 4607
190.151.100.218 - - [23/May/2018:17:33:14 -0300] "POST /cormun/servlet/trautorizarsolicitud?62b300f103ad4901ef38925eea5ec036,,gx-no-cache=1527107532725 HTTP/1.1" 200 4385
186.103.159.230 - - [23/May/2018:17:34:26 -0300] "GET /cormun/servlet/trsolicitudot? HTTP/1.1" 200 7380
186.103.159.230 - - [23/May/2018:17:34:27 -0300] "GET /cormun/servlet/trsolicitudot? HTTP/1.1" 200 7379
186.103.159.230 - - [23/May/2018:17:34:30 -0300] "GET /cormun/servlet/solicitudot?INS,0,0, HTTP/1.1" 200 13611
186.103.159.230 - - [23/May/2018:17:34:30 -0300] "GET /cormun/servlet/solicitudot?INS,0,0, HTTP/1.1" 200 13616
186.103.159.230 - - [23/May/2018:17:34:56 -0300] "POST /cormun/servlet/solicitudot?gx-no-cache=1527107634249 HTTP/1.1" 200 3284
186.103.159.230 - - [23/May/2018:17:34:56 -0300] "POST /cormun/servlet/solicitudot?2f106d067c6f204be3511ebed7bc1b62,INS,0,0,,gx-no-cache=1527107634424 HTTP/1.1" 200 10437
186.103.159.230 - - [23/May/2018:17:34:59 -0300] "GET /cormun/servlet/solicitudot?22dea6342bb8e0125d3e7f1d58180e381806db9f14048a83ecbaac9cd64b35616956d32b2399135b0dc96e958ab01d7b,gx-no-cache=1527107637747 HTTP/1.1" 200 30
190.151.100.218 - - [23/May/2018:17:36:18 -0300] "GET /cormun/servlet/permisogoce?INS,0,,, HTTP/1.1" 200 6079
186.67.203.186 - - [23/May/2018:17:36:19 -0300] "GET /cormun/servlet/hlogin HTTP/1.1" 200 1734
190.151.100.218 - - [23/May/2018:17:36:19 -0300] "GET /cormun/servlet/permisogoce?INS,0,,, HTTP/1.1" 200 6073
186.67.203.186 - - [23/May/2018:17:36:21 -0300] "POST /cormun/servlet/hlogin?9a877ae0844d3d2e169e419f194c70fa,gx-no-cache=1527107720914 HTTP/1.1" 200 90
186.67.203.186 - - [23/May/2018:17:36:21 -0300] "GET /cormun/servlet/hpexe_link HTTP/1.1" 200 957
186.67.203.186 - - [23/May/2018:17:36:21 -0300] "GET /cormun/servlet/permisogoce?INS,0,,, HTTP/1.1" 200 6790
186.67.203.186 - - [23/May/2018:17:36:22 -0300] "GET /cormun/servlet/permisogoce?INS,0,,, HTTP/1.1" 200 6789
200.111.122.170 - - [23/May/2018:17:36:26 -0300] "GET /cormun/servlet/trlicencias? HTTP/1.1" 200 9240
200.111.122.170 - - [23/May/2018:17:36:26 -0300] "GET /cormun/servlet/trlicencias? HTTP/1.1" 200 9236
190.151.100.218 - - [23/May/2018:17:36:38 -0300] "POST /cormun/servlet/trlicencias?9a877ae0844d3d2e169e419f194c70fa,,gx-no-cache=1527107737244 HTTP/1.1" 200 6573
190.151.100.218 - - [23/May/2018:17:36:38 -0300] "GET /cormun/static/Shared/jqueryui/images/ui-bg_highlight-soft_100_c6c2c8_1x100.png HTTP/1.1" 404 1117
200.111.122.170 - - [23/May/2018:17:36:38 -0300] "GET /cormun/static/Shared/jqueryui/images/ui-icons_82798d_256x240.png HTTP/1.1" 404 1089
186.103.132.155 - - [23/May/2018:17:36:39 -0300] "GET /cormun/static/Shared/jqueryui/images/ui-icons_8d78a5_256x240.png HTTP/1.1" 404 1089
200.54.18.251 - - [23/May/2018:17:36:39 -0300] "GET /cormun/static/Shared/jqueryui/images/ui-bg_flat_55_fafafa_40x100.png HTTP/1.1" 404 1097
186.103.159.230 - - [23/May/2018:17:37:15 -0300] "GET /cormun/servlet/solicitudot?22dea6342bb8e0125d3e7f1d58180e3865d9e60349b5cb527017b15c28a4815bef57fc44bf6cc978939f0360a2bcdc727f08f6ad4e9a34c6e41b4e7571141fc3,gx-no-cache=1527107773540 HTTP/1.1" 200 30
186.103.159.230 - - [23/May/2018:17:37:15 -0300] "GET /cormun/servlet/solicitudot?22dea6342bb8e0125d3e7f1d58180e38b5da56f53e12d43871dcfc10e93615fa,gx-no-cache=1527107773877 HTTP/1.1" 200 29
190.151.100.218 - - [23/May/2018:17:37:15 -0300] "POST /cormun/servlet/trlicencias?9a877ae0844d3d2e169e419f194c70fa,,gx-no-cache=1527107774855 HTTP/1.1" 200 6543
186.103.159.230 - - [23/May/2018:17:37:26 -0300] "POST /cormun/servlet/solicitudot?gx-no-cache=1527107784636 HTTP/1.1" 200 297
186.103.159.230 - - [23/May/2018:17:37:26 -0300] "GET /cormun/servlet/solicitudot?22dea6342bb8e0125d3e7f1d58180e382c609f85c80db0bc9cec97af986af8da787377105b95dd6ac1cf078400af1bd7006884597a172ad1b81f45563883b82a3e9002823c703856bbafa66418c45351ddc09d6091c2ba1f53fa0a42bf131f04848cf7e4068e058331ad1e91549ecd4d226f63031104fe4cfb0f2836dc4c7451758540f683d90f830700bb13ddc1b1a236606251c90ae6d22f1106ddd7d321e0d0e16269667868243868eebed15e171e33acb50773405c468e144036c0e3fb7b8fad9c513b5eefe4994e12616e3122581b7d7c435447dc7e08f23161a0cc3694ed8dc7cb27ae9c53bb368cdb03ff3886671d1d276f89d73544f9707a5a394823c44d7250e7466350b628005d905fc8de5c6409db98939796b02b6ad0381a71232810e77c511a7e888bd06ba6165dab9477f7526922e18a9f5664d042f3dcf72013395c976984f6489574905454a86ca4ff25288c259be880ca0cf54e50c7bf119e7e3284c73f6ae702b09eb2d376ebf0f214fd3123cab50576eae26bf1c7107a77d257115532362ec423c9ce26954d1b,gx-no-cache=1527107784739 HTTP/1.1" 200 30
186.103.159.230 - - [23/May/2018:17:37:31 -0300] "POST /cormun/servlet/solicitudot?gx-no-cache=1527107789730 HTTP/1.1" 200 30
186.103.159.230 - - [23/May/2018:17:37:34 -0300] "POST /cormun/servlet/solicitudot?gx-no-cache=1527107792492 HTTP/1.1" 200 1366
186.103.159.230 - - [23/May/2018:17:37:34 -0300] "POST /cormun/servlet/solicitudot?gx-no-cache=1527107792614 HTTP/1.1" 200 38
186.103.159.46 - - [23/May/2018:17:37:37 -0300] "GET /cormun/servlet/prsolicitudot?17506057,,,,,MD,,gxPopupLevel%3D0%3B HTTP/1.1" 200 6107
186.103.159.46 - - [23/May/2018:17:37:42 -0300] "POST /cormun/servlet/solicitudot?gx-no-cache=1527107799424 HTTP/1.1" 200 1368
186.103.159.46 - - [23/May/2018:17:37:42 -0300] "POST /cormun/servlet/solicitudot?gx-no-cache=1527107799676 HTTP/1.1" 200 38
186.103.159.46 - - [23/May/2018:17:37:42 -0300] "POST /cormun/servlet/solicitudot?gx-no-cache=1527107799779 HTTP/1.1" 200 1351
186.103.159.46 - - [23/May/2018:17:37:43 -0300] "POST /cormun/servlet/solicitudot?gx-no-cache=1527107799921 HTTP/1.1" 200 1249
186.103.159.46 - - [23/May/2018:17:37:43 -0300] "GET /cormun/servlet/solicitudot?187ac2ea39fa6d2406bf14b4480ce668ff88e0186e6a6fba0dc825183609f1447a282f9b32b7751bd472afb9dd1f4cf5,gx-no-cache=1527107800449 HTTP/1.1" 200 30
190.151.100.218 - - [23/May/2018:17:37:49 -0300] "GET /cormun/servlet/trpermisosgoce? HTTP/1.1" 200 9555
190.151.100.218 - - [23/May/2018:17:37:50 -0300] "GET /cormun/servlet/trpermisosgoce? HTTP/1.1" 200 9546
186.103.159.230 - - [23/May/2018:17:38:03 -0300] "GET /cormun/servlet/solicitudot?22dea6342bb8e0125d3e7f1d58180e386e4c50611eca5319ec5530861a68f675e62e8e87173b924f55f8e52292754124e54089f4fdf17ba7899046d86fe08b3108a30606080f625aebb7bb1df446c10de0aea6b6052984755cb1adb980bd908cae3863c30cd745a67891646942e1602f,gx-no-cache=1527107821560 HTTP/1.1" 200 29
186.103.159.230 - - [23/May/2018:17:38:04 -0300] "POST /cormun/servlet/solicitudot?gx-no-cache=1527107821702 HTTP/1.1" 200 1350
186.103.159.230 - - [23/May/2018:17:38:04 -0300] "POST /cormun/servlet/solicitudot?gx-no-cache=1527107822331 HTTP/1.1" 200 1246
186.103.159.230 - - [23/May/2018:17:38:18 -0300] "GET /cormun/static/menuarrow.gif HTTP/1.1" 404 1015
186.103.159.230 - - [23/May/2018:17:38:23 -0300] "GET /cormun/servlet/solicitudot?22dea6342bb8e0125d3e7f1d58180e3872afc634434ea10d5bfd5f05276cef69917a8960bec87c69b3936c88e9a46529,gx-no-cache=1527107841922 HTTP/1.1" 200 30
186.103.159.46 - - [23/May/2018:17:38:24 -0300] "POST /cormun/servlet/solicitudot?gx-no-cache=1527107841676 HTTP/1.1" 200 33
186.103.159.230 - - [23/May/2018:17:38:31 -0300] "POST /cormun/servlet/solicitudot?gx-no-cache=1527107850108 HTTP/1.1" 200 30
186.103.159.230 - - [23/May/2018:17:38:53 -0300] "POST /cormun/servlet/solicitudot?2f106d067c6f204be3511ebed7bc1b62,INS,0,0,,gx-no-cache=1527107871939 HTTP/1.1" 200 93
186.103.159.230 - - [23/May/2018:17:38:53 -0300] "GET /cormun/servlet/hpexe_return? HTTP/1.1" 200 999
186.103.159.230 - - [23/May/2018:17:38:54 -0300] "GET /cormun/servlet/trsolicitudot HTTP/1.1" 200 8739
186.103.159.230 - - [23/May/2018:17:38:54 -0300] "GET /cormun/servlet/trsolicitudot HTTP/1.1" 200 8735
186.103.159.230 - - [23/May/2018:17:39:18 -0300] "POST /cormun/servlet/trsolicitudot?2f106d067c6f204be3511ebed7bc1b62,gx-no-cache=1527107896354 HTTP/1.1" 200 107
186.103.159.230 - - [23/May/2018:17:40:14 -0300] "GET /cormun/servlet/solicitudot?INS,0,0, HTTP/1.1" 200 13611
186.103.159.230 - - [23/May/2018:17:40:14 -0300] "GET /cormun/servlet/solicitudot?INS,0,0, HTTP/1.1" 200 13616
186.103.159.230 - - [23/May/2018:17:40:35 -0300] "POST /cormun/servlet/solicitudot?gx-no-cache=1527107973365 HTTP/1.1" 200 3284
186.103.159.230 - - [23/May/2018:17:40:59 -0300] "GET /cormun/servlet/trsolicitudot? HTTP/1.1" 200 8736
186.103.159.230 - - [23/May/2018:17:41:19 -0300] "GET /cormun/servlet/trsolicitudot HTTP/1.1" 200 8739
200.111.191.210 - - [23/May/2018:17:41:31 -0300] "GET /cormun/servlet/trpermisosgoce? HTTP/1.1" 200 6106
200.111.191.210 - - [23/May/2018:17:41:32 -0300] "GET /cormun/servlet/trpermisosgoce? HTTP/1.1" 200 6105
200.111.191.210 - - [23/May/2018:17:41:32 -0300] "GET /cormun/servlet/hlogin HTTP/1.1" 200 1737
200.111.191.210 - - [23/May/2018:17:41:37 -0300] "POST /cormun/servlet/hlogin?1b759b6ebd0daeaadcbee82533540c4d,gx-no-cache=1527108086341 HTTP/1.1" 200 90
200.111.191.210 - - [23/May/2018:17:41:37 -0300] "GET /cormun/servlet/hpexe_link HTTP/1.1" 200 958
200.111.191.210 - - [23/May/2018:17:41:37 -0300] "GET /cormun/servlet/trpermisosgoce HTTP/1.1" 200 17369
200.111.191.210 - - [23/May/2018:17:41:38 -0300] "GET /cormun/servlet/trpermisosgoce HTTP/1.1" 200 17389
200.111.191.210 - - [23/May/2018:17:41:40 -0300] "GET /cormun/servlet/permisogoce?INS,0,,, HTTP/1.1" 200 6795
200.111.191.210 - - [23/May/2018:17:41:40 -0300] "GET /cormun/servlet/permisogoce?INS,0,,, HTTP/1.1" 200 6794
200.111.191.210 - - [23/May/2018:17:41:47 -0300] "GET /cormun/servlet/permisogoce?dd2dd59673ab987c9181b6b0850bcc20d4447ed6fd3249a3975b4f502e5be11a0c8e9829cf32b8df68f584807d3e4b3fda33d6f3ca21acd631041cb5aefc4fce,gx-no-cache=1527108096052 HTTP/1.1" 200 88
186.103.159.230 - - [23/May/2018:17:41:49 -0300] "GET /cormun/servlet/hlogin HTTP/1.1" 200 1724
200.111.191.210 - - [23/May/2018:17:41:53 -0300] "GET /cormun/servlet/permisogoce?dd2dd59673ab987c9181b6b0850bcc2046fab1c5ccde211ef06f637b856a196436d6498f75e3f193d62e2961bd250f30955f6b5815ff63aad48c021963506577,gx-no-cache=1527108102497 HTTP/1.1" 200 47
186.103.159.230 - - [23/May/2018:17:41:54 -0300] "GET /cormun/servlet/hlogin HTTP/1.1" 200 1724
186.103.159.230 - - [23/May/2018:17:42:07 -0300] "POST /cormun/servlet/hlogin?7bd3e83a75ef7257e6b7675c446d2c9e,gx-no-cache=1527108065528 HTTP/1.1" 200 90
186.103.159.230 - - [23/May/2018:17:42:07 -0300] "GET /cormun/servlet/hpexe_link HTTP/1.1" 200 954
186.103.159.230 - - [23/May/2018:17:42:07 -0300] "GET /cormun/servlet/hhome HTTP/1.1" 200 4182
186.103.159.230 - - [23/May/2018:17:42:07 -0300] "GET /cormun/servlet/hhome HTTP/1.1" 200 4178
