186.103.156.24 - - [23/May/2018:16:26:53 -0300] "GET /cormun/servlet/trpermisosgoce? HTTP/1.1" 200 13159
200.112.233.47 - - [23/May/2018:16:27:09 -0300] "POST /cormun/servlet/solicitudot?gx-no-cache=1527103568502 HTTP/1.1" 200 3449
200.112.233.47 - - [23/May/2018:16:27:09 -0300] "GET /cormun/servlet/solicitudot?5232e49200af2e26ce9112a37b522420a5724c651f738d2cb75e18631cd24b0bb18f099f91f2b3d1eefbb6901e75558ff1dcb2573116d2aea9f50e668d24ef05a9de93a163f9d1dcc51de2412284e0aee438094de7b07ffc72c8f06e0c83957cb9b4a62643d6471f245a36d9bdbb00187d2b3dfd3fe9529cb5a9c5cd54e238e88e3f39a6115518a9824bea462e2f892c4b1198a38f0cf1b59f647a0a75cc7ed28b1a0fedc51ef14956ef666fe0a70250a4207416135ba63348aacc50cddbef54ca1dae454da9cd4287a3ca8935145dd3b80dc61b0860d86afcfa09de20f999bbfc774c3026b37f3278b125f3e39eb8e8d33cb38a03f9f61e2291b852194d3e0a81bc476b4cad68e760919de6404c24ab809593f3530458f824fedab1bb3a71dc094d788281f3d12e84dac356dfda5efd99ce7ae3afc2b9d49015ad2ec6714a56b4cbc6af9e72e5f317a28f47753d398a,gx-no-cache=1527103568708 HTTP/1.1" 200 30
200.112.233.47 - - [23/May/2018:16:27:09 -0300] "POST /cormun/servlet/solicitudot?gx-no-cache=1527103568754 HTTP/1.1" 200 30
186.103.156.24 - - [23/May/2018:16:27:14 -0300] "POST /cormun/servlet/trpermisosgoce?19266f571d26f93aae247717c16d7df2,,gx-no-cache=1527103571284 HTTP/1.1" 200 10175
186.103.156.24 - - [23/May/2018:16:27:15 -0300] "GET /cormun/static/Shared/jqueryui/images/ui-bg_highlight-soft_100_c6c2c8_1x100.png HTTP/1.1" 404 1117
186.103.156.24 - - [23/May/2018:16:27:15 -0300] "GET /cormun/static/Shared/jqueryui/images/ui-icons_82798d_256x240.png HTTP/1.1" 404 1089
186.103.156.24 - - [23/May/2018:16:27:15 -0300] "GET /cormun/static/Shared/jqueryui/images/ui-bg_flat_55_fafafa_40x100.png HTTP/1.1" 404 1097
186.103.156.24 - - [23/May/2018:16:27:15 -0300] "GET /cormun/static/Shared/jqueryui/images/ui-icons_8d78a5_256x240.png HTTP/1.1" 404 1089
186.103.156.24 - - [23/May/2018:16:27:20 -0300] "GET /cormun/servlet/trpermisosadjuntos?15125077,20180522115427,P, HTTP/1.1" 200 6547
200.112.233.47 - - [23/May/2018:16:27:21 -0300] "POST /cormun/servlet/solicitudot?gx-no-cache=1527103580383 HTTP/1.1" 200 297
200.112.233.47 - - [23/May/2018:16:27:21 -0300] "GET /cormun/servlet/solicitudot?5232e49200af2e26ce9112a37b522420a5724c651f738d2cb75e18631cd24b0bb18f099f91f2b3d1eefbb6901e75558ff1dcb2573116d2aea9f50e668d24ef05a9de93a163f9d1dcc51de2412284e0aee438094de7b07ffc72c8f06e0c83957cb9b4a62643d6471f245a36d9bdbb00187d2b3dfd3fe9529cb5a9c5cd54e238e88e3f39a6115518a9824bea462e2f892c4b1198a38f0cf1b59f647a0a75cc7ed28b1a0fedc51ef14956ef666fe0a70250a4207416135ba63348aacc50cddbef54ca1dae454da9cd4287a3ca8935145dd3b80dc61b0860d86afcfa09de20f999bbfc774c3026b37f3278b125f3e39eb8e8d33cb38a03f9f61e2291b852194d3e0a81bc476b4cad68e760919de6404c24abab6d76a809712b1115b5c3a5b7dc24ed66c88be67adc69c2c9d35fdc383956127c1c628bf90c61ad752297d5764e599b40161bd6752b08dfba78de4d13ce5b49fd9064e4e2a7be610a2cec036714fdf6c9f9a0b8082f1e2f34987bdeaeea413894526d5619b329366f2b516c54232204a0b3492b0785f4a147c3e6c95b39078d,gx-no-cache=1527103580438 HTTP/1.1" 200 30
200.112.233.47 - - [23/May/2018:16:27:21 -0300] "POST /cormun/servlet/solicitudot?gx-no-cache=1527103580480 HTTP/1.1" 200 30
186.103.156.24 - - [23/May/2018:16:27:21 -0300] "GET /cormun/servlet/trpermisosadjuntos?15125077,20180522115427,P, HTTP/1.1" 200 6547
200.112.233.47 - - [23/May/2018:16:27:21 -0300] "POST /cormun/servlet/solicitudot?gx-no-cache=1527103580524 HTTP/1.1" 200 1369
200.112.233.47 - - [23/May/2018:16:27:23 -0300] "POST /cormun/servlet/solicitudot?gx-no-cache=1527103582319 HTTP/1.1" 200 41
186.103.156.24 - - [23/May/2018:16:27:24 -0300] "GET /cormun/servlet/permisosadjuntos?INS,15125077,P,20180522115427,, HTTP/1.1" 200 5879
186.103.156.24 - - [23/May/2018:16:27:24 -0300] "GET /cormun/static/about:blank HTTP/1.1" 404 1011
186.103.156.24 - - [23/May/2018:16:27:24 -0300] "GET /cormun/servlet/permisosadjuntos?INS,15125077,P,20180522115427,, HTTP/1.1" 200 5868
200.112.233.47 - - [23/May/2018:16:27:24 -0300] "POST /cormun/servlet/solicitudot?gx-no-cache=1527103583540 HTTP/1.1" 200 3449
200.112.233.47 - - [23/May/2018:16:27:27 -0300] "POST /cormun/servlet/solicitudot?gx-no-cache=1527103586515 HTTP/1.1" 200 3449
200.112.233.47 - - [23/May/2018:16:27:31 -0300] "POST /cormun/servlet/solicitudot?gx-no-cache=1527103590509 HTTP/1.1" 200 297
200.112.233.47 - - [23/May/2018:16:27:31 -0300] "GET /cormun/servlet/solicitudot?5232e49200af2e26ce9112a37b522420a5724c651f738d2cb75e18631cd24b0bb18f099f91f2b3d1eefbb6901e75558ff1dcb2573116d2aea9f50e668d24ef05a9de93a163f9d1dcc51de2412284e0aee438094de7b07ffc72c8f06e0c83957cb9b4a62643d6471f245a36d9bdbb00187d2b3dfd3fe9529cb5a9c5cd54e238e88e3f39a6115518a9824bea462e2f892c4b1198a38f0cf1b59f647a0a75cc7ed28b1a0fedc51ef14956ef666fe0a70250a4207416135ba63348aacc50cddbef54ca1dae454da9cd4287a3ca8935145dd3b80dc61b0860d86afcfa09de20f999bbfc774c3026b37f3278b125f3e39eb8e8d33cb38a03f9f61e2291b852194d3e0a81bc476b4cad68e760919de6404c24abab6d76a809712b1115b5c3a5b7dc24ed66c88be67adc69c2c9d35fdc383956127c1c628bf90c61ad752297d5764e599b40161bd6752b08dfba78de4d13ce5b49fd9064e4e2a7be610a2cec036714fdf6c9f9a0b8082f1e2f34987bdeaeea413894526d5619b329366f2b516c54232204a0b3492b0785f4a147c3e6c95b39078d,gx-no-cache=1527103590561 HTTP/1.1" 200 30
200.112.233.47 - - [23/May/2018:16:27:31 -0300] "POST /cormun/servlet/solicitudot?gx-no-cache=1527103590608 HTTP/1.1" 200 30
200.112.233.47 - - [23/May/2018:16:27:31 -0300] "POST /cormun/servlet/solicitudot?gx-no-cache=1527103590659 HTTP/1.1" 200 1369
200.112.233.47 - - [23/May/2018:16:27:31 -0300] "POST /cormun/servlet/solicitudot?gx-no-cache=1527103590767 HTTP/1.1" 200 41
200.112.233.47 - - [23/May/2018:16:27:31 -0300] "POST /cormun/servlet/solicitudot?gx-no-cache=1527103590817 HTTP/1.1" 200 1351
200.112.233.47 - - [23/May/2018:16:27:31 -0300] "POST /cormun/servlet/solicitudot?gx-no-cache=1527103590876 HTTP/1.1" 200 1248
200.112.233.47 - - [23/May/2018:16:27:31 -0300] "GET /cormun/servlet/solicitudot?5232e49200af2e26ce9112a37b522420c09f9d0e51f37838a752d00e4eb4202d05c4a4e85d149869a860cdafe6b0ef3f,gx-no-cache=1527103591195 HTTP/1.1" 200 30
200.112.233.47 - - [23/May/2018:16:27:31 -0300] "POST /cormun/servlet/solicitudot?gx-no-cache=1527103591277 HTTP/1.1" 200 34
200.112.233.47 - - [23/May/2018:16:27:33 -0300] "POST /cormun/servlet/solicitudot?1786683aa72099b25ff477090a7def62,INS,0,0,,gx-no-cache=1527103591349 HTTP/1.1" 200 11950
186.103.156.24 - - [23/May/2018:16:27:34 -0300] "POST /cormun/servlet/permisosadjuntos?19266f571d26f93aae247717c16d7df2,INS,15125077,P,20180522115427,, HTTP/1.1" 200 116
186.103.156.24 - - [23/May/2018:16:27:34 -0300] "GET /cormun/servlet/hpexe_return? HTTP/1.1" 200 1039
186.103.156.24 - - [23/May/2018:16:27:34 -0300] "GET /cormun/servlet/trpermisosadjuntos?15125077,20180522115427,P, HTTP/1.1" 200 7061
186.103.156.24 - - [23/May/2018:16:27:35 -0300] "GET /cormun/servlet/trpermisosadjuntos?15125077,20180522115427,P, HTTP/1.1" 200 7057
200.112.233.47 - - [23/May/2018:16:27:36 -0300] "POST /cormun/servlet/solicitudot?gx-no-cache=1527103595185 HTTP/1.1" 200 3449
200.112.233.47 - - [23/May/2018:16:27:37 -0300] "GET /cormun/servlet/prfichaempleado?,MD,,gxPopupLevel%3D0%3B HTTP/1.1" 200 9381
186.103.156.24 - - [23/May/2018:16:27:38 -0300] "GET /cormun/servlet/permisosadjuntos?INS,15125077,P,20180522115427,, HTTP/1.1" 200 5879
186.103.156.24 - - [23/May/2018:16:27:38 -0300] "GET /cormun/static/about:blank HTTP/1.1" 404 1011
186.103.156.24 - - [23/May/2018:16:27:38 -0300] "GET /cormun/servlet/permisosadjuntos?INS,15125077,P,20180522115427,, HTTP/1.1" 200 5868
186.103.156.24 - - [23/May/2018:16:27:44 -0300] "GET /cormun/servlet/trpermisosgoce? HTTP/1.1" 200 13137
186.103.156.24 - - [23/May/2018:16:27:45 -0300] "GET /cormun/servlet/trpermisosgoce? HTTP/1.1" 200 13129
200.112.233.47 - - [23/May/2018:16:27:58 -0300] "POST /cormun/servlet/prfichaempleado?1786683aa72099b25ff477090a7def62,,MD,,gxPopupLevel%3D0%3B,gx-no-cache=1527103616736 HTTP/1.1" 200 3429
200.112.233.47 - - [23/May/2018:16:28:03 -0300] "POST /cormun/servlet/solicitudot?gx-no-cache=1527103623009 HTTP/1.1" 200 3449
200.112.233.47 - - [23/May/2018:16:28:03 -0300] "POST /cormun/servlet/solicitudot?gx-no-cache=1527103623189 HTTP/1.1" 200 297
200.112.233.47 - - [23/May/2018:16:28:04 -0300] "GET /cormun/servlet/solicitudot?5232e49200af2e26ce9112a37b522420a5724c651f738d2cb75e18631cd24b0bb18f099f91f2b3d1eefbb6901e75558ff1dcb2573116d2aea9f50e668d24ef05a9de93a163f9d1dcc51de2412284e0aee438094de7b07ffc72c8f06e0c83957cb9b4a62643d6471f245a36d9bdbb00187d2b3dfd3fe9529cb5a9c5cd54e238e88e3f39a6115518a9824bea462e2f892c4b1198a38f0cf1b59f647a0a75cc7ed28b1a0fedc51ef14956ef666fe0a70250a4207416135ba63348aacc50cddbef54ca1dae454da9cd4287a3ca8935145dd3b80dc61b0860d86afcfa09de20f999bbfc774c3026b37f3278b125f3e39eb8e8d33cb38a03f9f61e2291b852194d3e0a81bc476b4cad68e760919de6404c24abab6d76a809712b1115b5c3a5b7dc24ed66c88be67adc69c2c9d35fdc383956127c1c628bf90c61ad752297d5764e599b40161bd6752b08dfba78de4d13ce5b49fd9064e4e2a7be610a2cec036714fdf6c9f9a0b8082f1e2f34987bdeaeea413894526d5619b329366f2b516c54232204a0b3492b0785f4a147c3e6c95b39078d,gx-no-cache=1527103623507 HTTP/1.1" 200 30
200.112.233.47 - - [23/May/2018:16:28:04 -0300] "POST /cormun/servlet/solicitudot?gx-no-cache=1527103623579 HTTP/1.1" 200 30
200.112.233.47 - - [23/May/2018:16:28:04 -0300] "POST /cormun/servlet/solicitudot?gx-no-cache=1527103623655 HTTP/1.1" 200 1369
200.112.233.47 - - [23/May/2018:16:28:04 -0300] "POST /cormun/servlet/solicitudot?gx-no-cache=1527103623790 HTTP/1.1" 200 41
200.112.233.47 - - [23/May/2018:16:28:04 -0300] "POST /cormun/servlet/solicitudot?gx-no-cache=1527103623874 HTTP/1.1" 200 1351
200.112.233.47 - - [23/May/2018:16:28:04 -0300] "POST /cormun/servlet/solicitudot?gx-no-cache=1527103623980 HTTP/1.1" 200 1248
200.112.233.47 - - [23/May/2018:16:28:04 -0300] "GET /cormun/servlet/solicitudot?5232e49200af2e26ce9112a37b522420c09f9d0e51f37838a752d00e4eb4202d05c4a4e85d149869a860cdafe6b0ef3f,gx-no-cache=1527103624072 HTTP/1.1" 200 30
200.112.233.47 - - [23/May/2018:16:28:04 -0300] "POST /cormun/servlet/solicitudot?gx-no-cache=1527103624158 HTTP/1.1" 200 34
200.112.233.47 - - [23/May/2018:16:28:05 -0300] "POST /cormun/servlet/solicitudot?1786683aa72099b25ff477090a7def62,INS,0,0,,gx-no-cache=1527103624227 HTTP/1.1" 200 12005
186.103.156.24 - - [23/May/2018:16:28:09 -0300] "POST /cormun/servlet/trpermisosgoce?19266f571d26f93aae247717c16d7df2,,gx-no-cache=1527103609524 HTTP/1.1" 200 10228
186.103.156.24 - - [23/May/2018:16:28:09 -0300] "GET /cormun/static/Shared/jqueryui/images/ui-bg_highlight-soft_100_c6c2c8_1x100.png HTTP/1.1" 404 1117
186.103.156.24 - - [23/May/2018:16:28:10 -0300] "GET /cormun/static/Shared/jqueryui/images/ui-icons_82798d_256x240.png HTTP/1.1" 404 1089
186.103.156.24 - - [23/May/2018:16:28:10 -0300] "GET /cormun/static/Shared/jqueryui/images/ui-bg_flat_55_fafafa_40x100.png HTTP/1.1" 404 1097
186.103.156.24 - - [23/May/2018:16:28:10 -0300] "GET /cormun/static/Shared/jqueryui/images/ui-icons_8d78a5_256x240.png HTTP/1.1" 404 1089
200.112.233.47 - - [23/May/2018:16:28:10 -0300] "GET /cormun/static/menuarrow.gif HTTP/1.1" 404 1015
186.103.156.24 - - [23/May/2018:16:28:18 -0300] "GET /cormun/servlet/trpermisosadjuntos?17378428,20180522115833,P, HTTP/1.1" 200 6544
186.103.156.24 - - [23/May/2018:16:28:19 -0300] "GET /cormun/servlet/trpermisosadjuntos?17378428,20180522115833,P, HTTP/1.1" 200 6544
186.103.156.24 - - [23/May/2018:16:28:22 -0300] "GET /cormun/servlet/permisosadjuntos?INS,17378428,P,20180522115833,, HTTP/1.1" 200 5876
186.103.156.24 - - [23/May/2018:16:28:23 -0300] "GET /cormun/static/about:blank HTTP/1.1" 404 1011
186.103.156.24 - - [23/May/2018:16:28:23 -0300] "GET /cormun/servlet/permisosadjuntos?INS,17378428,P,20180522115833,, HTTP/1.1" 200 5866
200.112.6.235 - - [23/May/2018:16:28:27 -0300] "POST /cormun/servlet/trautorizarsolicitud?34131010cfc397ec1ffe053aa15a07d0,,gx-no-cache=1527103647869 HTTP/1.1" 200 6291
200.112.6.235 - - [23/May/2018:16:28:27 -0300] "GET /cormun/static/Shared/jqueryui/images/ui-bg_highlight-soft_100_c6c2c8_1x100.png HTTP/1.1" 404 1117
200.112.6.235 - - [23/May/2018:16:28:27 -0300] "GET /cormun/static/Shared/jqueryui/images/ui-bg_flat_55_fafafa_40x100.png HTTP/1.1" 404 1097
200.112.6.235 - - [23/May/2018:16:28:27 -0300] "GET /cormun/static/Shared/jqueryui/images/ui-icons_8d78a5_256x240.png HTTP/1.1" 404 1089
200.112.6.235 - - [23/May/2018:16:28:27 -0300] "GET /cormun/static/Shared/jqueryui/images/ui-icons_82798d_256x240.png HTTP/1.1" 404 1089
200.112.233.47 - - [23/May/2018:16:28:28 -0300] "POST /cormun/servlet/solicitudot?gx-no-cache=1527103647995 HTTP/1.1" 200 122
200.112.233.47 - - [23/May/2018:16:28:29 -0300] "POST /cormun/servlet/solicitudot?gx-no-cache=1527103648765 HTTP/1.1" 200 1351
200.112.233.47 - - [23/May/2018:16:28:29 -0300] "POST /cormun/servlet/solicitudot?gx-no-cache=1527103649115 HTTP/1.1" 200 1248
200.112.233.47 - - [23/May/2018:16:28:30 -0300] "GET /cormun/servlet/solicitudot?5232e49200af2e26ce9112a37b522420c09f9d0e51f37838a752d00e4eb4202d05c4a4e85d149869a860cdafe6b0ef3f,gx-no-cache=1527103649916 HTTP/1.1" 200 30
200.112.233.47 - - [23/May/2018:16:28:37 -0300] "POST /cormun/servlet/solicitudot?gx-no-cache=1527103656627 HTTP/1.1" 200 120
200.112.233.47 - - [23/May/2018:16:28:38 -0300] "POST /cormun/servlet/solicitudot?1786683aa72099b25ff477090a7def62,INS,0,0,,gx-no-cache=1527103656695 HTTP/1.1" 200 12102
186.103.156.24 - - [23/May/2018:16:28:40 -0300] "POST /cormun/servlet/permisosadjuntos?19266f571d26f93aae247717c16d7df2,INS,17378428,P,20180522115833,, HTTP/1.1" 200 116
186.103.156.24 - - [23/May/2018:16:28:40 -0300] "GET /cormun/servlet/hpexe_return? HTTP/1.1" 200 1039
186.103.156.24 - - [23/May/2018:16:28:41 -0300] "GET /cormun/servlet/trpermisosadjuntos?17378428,20180522115833,P, HTTP/1.1" 200 7059
186.103.156.24 - - [23/May/2018:16:28:41 -0300] "GET /cormun/servlet/trpermisosadjuntos?17378428,20180522115833,P, HTTP/1.1" 200 7056
186.103.156.24 - - [23/May/2018:16:28:44 -0300] "GET /cormun/servlet/permisosadjuntos?INS,17378428,P,20180522115833,, HTTP/1.1" 200 5877
186.103.156.24 - - [23/May/2018:16:28:44 -0300] "GET /cormun/static/about:blank HTTP/1.1" 404 1011
186.103.156.24 - - [23/May/2018:16:28:45 -0300] "GET /cormun/servlet/permisosadjuntos?INS,17378428,P,20180522115833,, HTTP/1.1" 200 5866
186.103.156.24 - - [23/May/2018:16:28:47 -0300] "POST /cormun/servlet/permisosadjuntos?19266f571d26f93aae247717c16d7df2,INS,17378428,P,20180522115833,,,gx-no-cache=1527103666993 HTTP/1.1" 200 93
186.103.156.24 - - [23/May/2018:16:28:47 -0300] "GET /cormun/servlet/hpexe_return? HTTP/1.1" 200 1039
186.103.156.24 - - [23/May/2018:16:28:47 -0300] "GET /cormun/servlet/trpermisosadjuntos?17378428,20180522115833,P, HTTP/1.1" 200 7058
186.103.156.24 - - [23/May/2018:16:28:49 -0300] "GET /cormun/servlet/trpermisosadjuntos?17378428,20180522115833,P, HTTP/1.1" 200 7056
186.103.156.24 - - [23/May/2018:16:28:55 -0300] "GET /cormun/servlet/trpermisosgoce? HTTP/1.1" 200 13119
186.103.156.24 - - [23/May/2018:16:28:55 -0300] "GET /cormun/servlet/trpermisosgoce? HTTP/1.1" 200 13131
186.103.156.24 - - [23/May/2018:16:29:01 -0300] "POST /cormun/servlet/trpermisosgoce?19266f571d26f93aae247717c16d7df2,,gx-no-cache=1527103680580 HTTP/1.1" 200 10226
186.103.156.24 - - [23/May/2018:16:29:01 -0300] "GET /cormun/static/Shared/jqueryui/images/ui-bg_highlight-soft_100_c6c2c8_1x100.png HTTP/1.1" 404 1117
186.103.156.24 - - [23/May/2018:16:29:01 -0300] "GET /cormun/static/Shared/jqueryui/images/ui-icons_82798d_256x240.png HTTP/1.1" 404 1089
186.103.156.24 - - [23/May/2018:16:29:01 -0300] "GET /cormun/static/Shared/jqueryui/images/ui-bg_flat_55_fafafa_40x100.png HTTP/1.1" 404 1097
186.103.156.24 - - [23/May/2018:16:29:01 -0300] "GET /cormun/static/Shared/jqueryui/images/ui-icons_8d78a5_256x240.png HTTP/1.1" 404 1089
200.112.233.47 - - [23/May/2018:16:29:11 -0300] "POST /cormun/servlet/solicitudot?gx-no-cache=1527103690876 HTTP/1.1" 200 30
200.112.233.47 - - [23/May/2018:16:29:16 -0300] "POST /cormun/servlet/solicitudot?gx-no-cache=1527103696127 HTTP/1.1" 200 1369
200.112.233.47 - - [23/May/2018:16:29:16 -0300] "POST /cormun/servlet/solicitudot?gx-no-cache=1527103696268 HTTP/1.1" 200 41
186.103.156.24 - - [23/May/2018:16:29:17 -0300] "GET /cormun/servlet/trpermisosadjuntos?11365314,20180522123250,P, HTTP/1.1" 200 6545
186.103.156.24 - - [23/May/2018:16:29:18 -0300] "GET /cormun/servlet/trpermisosadjuntos?11365314,20180522123250,P, HTTP/1.1" 200 6544
186.103.156.24 - - [23/May/2018:16:29:20 -0300] "GET /cormun/servlet/permisosadjuntos?INS,11365314,P,20180522123250,, HTTP/1.1" 200 5879
186.103.156.24 - - [23/May/2018:16:29:21 -0300] "GET /cormun/servlet/permisosadjuntos?INS,11365314,P,20180522123250,, HTTP/1.1" 200 5868
186.103.156.24 - - [23/May/2018:16:29:21 -0300] "GET /cormun/static/about:blank HTTP/1.1" 404 1011
200.112.233.47 - - [23/May/2018:16:29:22 -0300] "POST /cormun/servlet/solicitudot?gx-no-cache=1527103701373 HTTP/1.1" 200 1351
200.112.233.47 - - [23/May/2018:16:29:22 -0300] "POST /cormun/servlet/solicitudot?gx-no-cache=1527103701760 HTTP/1.1" 200 1248
200.112.233.47 - - [23/May/2018:16:29:22 -0300] "POST /cormun/servlet/solicitudot?gx-no-cache=1527103701842 HTTP/1.1" 200 30
200.112.233.47 - - [23/May/2018:16:29:23 -0300] "POST /cormun/servlet/solicitudot?1786683aa72099b25ff477090a7def62,INS,0,0,,gx-no-cache=1527103701891 HTTP/1.1" 200 12099
186.103.156.24 - - [23/May/2018:16:29:34 -0300] "POST /cormun/servlet/permisosadjuntos?19266f571d26f93aae247717c16d7df2,INS,11365314,P,20180522123250,, HTTP/1.1" 200 116
186.103.156.24 - - [23/May/2018:16:29:34 -0300] "GET /cormun/servlet/hpexe_return? HTTP/1.1" 200 1039
186.103.156.24 - - [23/May/2018:16:29:34 -0300] "GET /cormun/servlet/trpermisosadjuntos?11365314,20180522123250,P, HTTP/1.1" 200 7062
186.103.156.24 - - [23/May/2018:16:29:35 -0300] "GET /cormun/servlet/trpermisosadjuntos?11365314,20180522123250,P, HTTP/1.1" 200 7058
186.103.156.24 - - [23/May/2018:16:29:37 -0300] "GET /cormun/servlet/permisosadjuntos?INS,11365314,P,20180522123250,, HTTP/1.1" 200 5878
186.103.156.24 - - [23/May/2018:16:29:37 -0300] "GET /cormun/static/about:blank HTTP/1.1" 404 1011
186.103.156.24 - - [23/May/2018:16:29:38 -0300] "GET /cormun/servlet/permisosadjuntos?INS,11365314,P,20180522123250,, HTTP/1.1" 200 5867
200.112.233.47 - - [23/May/2018:16:29:38 -0300] "POST /cormun/servlet/solicitudot?1786683aa72099b25ff477090a7def62,INS,0,0,,gx-no-cache=1527103717526 HTTP/1.1" 200 93
200.112.233.47 - - [23/May/2018:16:29:38 -0300] "GET /cormun/servlet/hpexe_return? HTTP/1.1" 200 1000
200.112.233.47 - - [23/May/2018:16:29:38 -0300] "GET /cormun/servlet/trsolicitudot HTTP/1.1" 200 7433
200.112.233.47 - - [23/May/2018:16:29:39 -0300] "GET /cormun/servlet/trsolicitudot HTTP/1.1" 200 7429
186.103.156.24 - - [23/May/2018:16:29:40 -0300] "GET /cormun/servlet/trpermisosgoce? HTTP/1.1" 200 13125
186.103.156.24 - - [23/May/2018:16:29:41 -0300] "GET /cormun/servlet/trpermisosgoce? HTTP/1.1" 200 13106
200.112.233.47 - - [23/May/2018:16:29:42 -0300] "GET /cormun/servlet/solicitudot?INS,0,0, HTTP/1.1" 200 13670
200.112.233.47 - - [23/May/2018:16:29:43 -0300] "GET /cormun/servlet/solicitudot?INS,0,0, HTTP/1.1" 200 13675
200.112.233.47 - - [23/May/2018:16:29:45 -0300] "GET /cormun/servlet/prfichaempleado?,MD,,gxPopupLevel%3D0%3B HTTP/1.1" 200 9381
186.103.156.24 - - [23/May/2018:16:29:46 -0300] "POST /cormun/servlet/trpermisosgoce?19266f571d26f93aae247717c16d7df2,,gx-no-cache=1527103725092 HTTP/1.1" 200 10184
186.103.156.24 - - [23/May/2018:16:29:47 -0300] "GET /cormun/static/Shared/jqueryui/images/ui-bg_highlight-soft_100_c6c2c8_1x100.png HTTP/1.1" 404 1117
186.103.156.24 - - [23/May/2018:16:29:47 -0300] "GET /cormun/static/Shared/jqueryui/images/ui-bg_flat_55_fafafa_40x100.png HTTP/1.1" 404 1097
186.103.156.24 - - [23/May/2018:16:29:47 -0300] "GET /cormun/static/Shared/jqueryui/images/ui-icons_82798d_256x240.png HTTP/1.1" 404 1089
186.103.156.24 - - [23/May/2018:16:29:47 -0300] "GET /cormun/static/Shared/jqueryui/images/ui-icons_8d78a5_256x240.png HTTP/1.1" 404 1089
200.112.233.47 - - [23/May/2018:16:29:56 -0300] "POST /cormun/servlet/prfichaempleado?1786683aa72099b25ff477090a7def62,,MD,,gxPopupLevel%3D0%3B,gx-no-cache=1527103735766 HTTP/1.1" 200 3429
186.103.156.24 - - [23/May/2018:16:29:58 -0300] "GET /cormun/servlet/trpermisosadjuntos?16255094,20180522125020,P, HTTP/1.1" 200 6544
186.103.156.24 - - [23/May/2018:16:29:59 -0300] "GET /cormun/servlet/trpermisosadjuntos?16255094,20180522125020,P, HTTP/1.1" 200 6544
200.112.233.47 - - [23/May/2018:16:30:00 -0300] "POST /cormun/servlet/solicitudot?gx-no-cache=1527103739450 HTTP/1.1" 200 3442
200.112.233.47 - - [23/May/2018:16:30:00 -0300] "GET /cormun/static/Shared/jqueryui/images/ui-bg_highlight-soft_100_c6c2c8_1x100.png HTTP/1.1" 404 1117
200.112.233.47 - - [23/May/2018:16:30:00 -0300] "GET /cormun/static/Shared/jqueryui/images/ui-icons_82798d_256x240.png HTTP/1.1" 404 1089
200.112.233.47 - - [23/May/2018:16:30:00 -0300] "GET /cormun/static/Shared/jqueryui/images/ui-bg_flat_55_994d53_40x100.png HTTP/1.1" 404 1097
200.112.233.47 - - [23/May/2018:16:30:00 -0300] "GET /cormun/static/Shared/jqueryui/images/ui-icons_ebccce_256x240.png HTTP/1.1" 404 1089
186.103.156.24 - - [23/May/2018:16:30:01 -0300] "GET /cormun/servlet/permisosadjuntos?INS,16255094,P,20180522125020,, HTTP/1.1" 200 5877
186.103.156.24 - - [23/May/2018:16:30:01 -0300] "GET /cormun/static/about:blank HTTP/1.1" 404 1011
200.112.233.47 - - [23/May/2018:16:30:02 -0300] "GET /cormun/servlet/solicitudot?5232e49200af2e26ce9112a37b5224203f103597a83b888c882fde9b71a671f52f0370d8cec155b2195e6854daf4cac1,gx-no-cache=1527103741451 HTTP/1.1" 200 111
186.103.156.24 - - [23/May/2018:16:30:02 -0300] "GET /cormun/servlet/permisosadjuntos?INS,16255094,P,20180522125020,, HTTP/1.1" 200 5866
117.102.227.70 - - [23/May/2018:16:30:17 -0300] "GET / HTTP/1.1" 200 11217
200.112.233.47 - - [23/May/2018:16:30:21 -0300] "GET /cormun/servlet/solicitudot?5232e49200af2e26ce9112a37b52242024a3a85736bda6692019ece68dca7927072f65dae8de7c0fba31b9444efa4ccf,gx-no-cache=1527103760347 HTTP/1.1" 200 30
186.103.156.24 - - [23/May/2018:16:30:48 -0300] "GET /cormun/servlet/trpermisosgoce? HTTP/1.1" 200 13130
186.103.156.24 - - [23/May/2018:16:30:49 -0300] "GET /cormun/servlet/trpermisosgoce? HTTP/1.1" 200 13117
186.103.156.24 - - [23/May/2018:16:30:58 -0300] "GET /cormun/servlet/trpermisosadjuntos?16246362,20180522121112,P, HTTP/1.1" 200 6544
186.103.156.24 - - [23/May/2018:16:31:01 -0300] "GET /cormun/servlet/trpermisosadjuntos?16246362,20180522121112,P, HTTP/1.1" 200 6544
186.103.156.24 - - [23/May/2018:16:31:03 -0300] "GET /cormun/servlet/permisosadjuntos?INS,16246362,P,20180522121112,, HTTP/1.1" 200 5875
186.103.156.24 - - [23/May/2018:16:31:03 -0300] "GET /cormun/static/about:blank HTTP/1.1" 404 1011
186.103.156.24 - - [23/May/2018:16:31:03 -0300] "GET /cormun/servlet/permisosadjuntos?INS,16246362,P,20180522121112,, HTTP/1.1" 200 5864
186.103.156.24 - - [23/May/2018:16:31:27 -0300] "POST /cormun/servlet/permisosadjuntos?19266f571d26f93aae247717c16d7df2,INS,16246362,P,20180522121112,, HTTP/1.1" 200 116
186.103.156.24 - - [23/May/2018:16:31:27 -0300] "GET /cormun/servlet/hpexe_return? HTTP/1.1" 200 1038
186.103.156.24 - - [23/May/2018:16:31:27 -0300] "GET /cormun/servlet/trpermisosadjuntos?16246362,20180522121112,P, HTTP/1.1" 200 7062
186.103.156.24 - - [23/May/2018:16:31:29 -0300] "GET /cormun/servlet/trpermisosadjuntos?16246362,20180522121112,P, HTTP/1.1" 200 7059
186.103.156.24 - - [23/May/2018:16:31:32 -0300] "GET /cormun/servlet/permisosadjuntos?INS,16246362,P,20180522121112,, HTTP/1.1" 200 5875
186.103.156.24 - - [23/May/2018:16:31:33 -0300] "GET /cormun/static/about:blank HTTP/1.1" 404 1011
186.103.156.24 - - [23/May/2018:16:31:33 -0300] "GET /cormun/servlet/permisosadjuntos?INS,16246362,P,20180522121112,, HTTP/1.1" 200 5864
186.103.156.24 - - [23/May/2018:16:31:37 -0300] "GET /cormun/servlet/trpermisosgoce? HTTP/1.1" 200 13177
186.103.156.24 - - [23/May/2018:16:31:38 -0300] "GET /cormun/servlet/trpermisosgoce? HTTP/1.1" 200 13136
186.103.156.24 - - [23/May/2018:16:31:48 -0300] "POST /cormun/servlet/trpermisosgoce?19266f571d26f93aae247717c16d7df2,,gx-no-cache=1527103847014 HTTP/1.1" 200 10192
186.103.156.24 - - [23/May/2018:16:31:48 -0300] "GET /cormun/static/Shared/jqueryui/images/ui-bg_highlight-soft_100_c6c2c8_1x100.png HTTP/1.1" 404 1117
186.103.156.24 - - [23/May/2018:16:31:48 -0300] "GET /cormun/static/Shared/jqueryui/images/ui-icons_82798d_256x240.png HTTP/1.1" 404 1089
186.103.156.24 - - [23/May/2018:16:31:48 -0300] "GET /cormun/static/Shared/jqueryui/images/ui-bg_flat_55_fafafa_40x100.png HTTP/1.1" 404 1097
186.103.156.24 - - [23/May/2018:16:31:48 -0300] "GET /cormun/static/Shared/jqueryui/images/ui-icons_8d78a5_256x240.png HTTP/1.1" 404 1089
200.112.233.47 - - [23/May/2018:16:31:54 -0300] "GET /cormun/servlet/solicitudot?5232e49200af2e26ce9112a37b52242088f900b4721e395ac0cbc3fb6a1cf719dc0ca7dc6f374e2ad4ab6809fb12a99315dddaa7fb2bebd885113debd9a6e62a,gx-no-cache=1527103854110 HTTP/1.1" 200 30
200.112.233.47 - - [23/May/2018:16:31:56 -0300] "GET /cormun/servlet/solicitudot?5232e49200af2e26ce9112a37b5224200e9fb3640ab73aaac4f54dc378f4311e,gx-no-cache=1527103855357 HTTP/1.1" 200 29
200.112.233.47 - - [23/May/2018:16:31:58 -0300] "GET /cormun/servlet/solicitudot?5232e49200af2e26ce9112a37b522420f4ec2f83a1cdf4e9ec7a13bec9aff276ebd4ceba28d9a6ede3d692df78166cf61441366e22d0dc1435aff7765503a55c874119f6d79f8fbbe5067232acd49707b294664f07cefabb56c5d5fdfd9efea4c3f5255d68fcef68622c439251ee362c397f622bcead1b79c851c900103e75115043ced8a5f9287d491b9b37670fa01f6efa76f30b09a6cc10c423e3af6c12279032d72a57dd081918450de203981dadfaa0277fe590d6d9e32b398080c046af5b3b82fbf96301ce3990d0b8e61bb2b17110ade7a3b86c26a54a70d62acbcc1b93e0737d2ef81a1add17364c54ca56de2aa41cf69b9ba6fd5b624edc333a819d11b7625bdb62373eae008109a7f67ea194f6b69eef8b794c802a9a4469dfefb4bf71ff974dc4094cc6f6d6984c0910bac8a80df22fe4f90f929f6fce3f250d1d9b4a3129e536ce32893f80bd4b73674a,gx-no-cache=1527103857935 HTTP/1.1" 200 297
186.103.156.24 - - [23/May/2018:16:31:58 -0300] "GET /cormun/servlet/trpermisosadjuntos?15102490,20180522122246,P, HTTP/1.1" 200 6551
186.103.156.24 - - [23/May/2018:16:31:59 -0300] "GET /cormun/servlet/trpermisosadjuntos?15102490,20180522122246,P, HTTP/1.1" 200 6551
200.112.233.47 - - [23/May/2018:16:32:01 -0300] "GET /cormun/servlet/solicitudot?5232e49200af2e26ce9112a37b522420a5724c651f738d2cb75e18631cd24b0bb18f099f91f2b3d1eefbb6901e75558ff1dcb2573116d2aea9f50e668d24ef05a9de93a163f9d1dcc51de2412284e0aee438094de7b07ffc72c8f06e0c83957cb9b4a62643d6471f245a36d9bdbb00187d2b3dfd3fe9529cb5a9c5cd54e238e88e3f39a6115518a9824bea462e2f892c4b1198a38f0cf1b59f647a0a75cc7ed28b1a0fedc51ef14956ef666fe0a70250a4207416135ba63348aacc50cddbef54ca1dae454da9cd4287a3ca8935145dd3b80dc61b0860d86afcfa09de20f999bbfc774c3026b37f3278b125f3e39eb8e8a555db91f2c65cbb1ee2db306527b89981bc476b4cad68e760919de6404c24abab6d76a809712b1115b5c3a5b7dc24ed66c88be67adc69c2c9d35fdc383956127c1c628bf90c61ad752297d5764e599b40161bd6752b08dfba78de4d13ce5b49fd9064e4e2a7be610a2cec036714fdf6c9f9a0b8082f1e2f34987bdeaeea41386473c2a912e29eef03dd4f72f836d360a0b3492b0785f4a147c3e6c95b39078d,gx-no-cache=1527103861182 HTTP/1.1" 200 30
186.103.156.24 - - [23/May/2018:16:32:03 -0300] "GET /cormun/servlet/permisosadjuntos?INS,15102490,P,20180522122246,, HTTP/1.1" 200 5881
186.103.156.24 - - [23/May/2018:16:32:04 -0300] "GET /cormun/servlet/permisosadjuntos?INS,15102490,P,20180522122246,, HTTP/1.1" 200 5871
200.112.233.47 - - [23/May/2018:16:32:05 -0300] "POST /cormun/servlet/solicitudot?gx-no-cache=1527103864828 HTTP/1.1" 200 30
186.103.156.24 - - [23/May/2018:16:32:05 -0300] "GET /cormun/static/about:blank HTTP/1.1" 404 1011
200.112.233.47 - - [23/May/2018:16:32:06 -0300] "POST /cormun/servlet/solicitudot?gx-no-cache=1527103865439 HTTP/1.1" 200 1363
200.112.233.47 - - [23/May/2018:16:32:06 -0300] "POST /cormun/servlet/solicitudot?gx-no-cache=1527103865511 HTTP/1.1" 200 38
186.103.156.24 - - [23/May/2018:16:32:31 -0300] "POST /cormun/servlet/permisosadjuntos?19266f571d26f93aae247717c16d7df2,INS,15102490,P,20180522122246,, HTTP/1.1" 200 116
186.103.156.24 - - [23/May/2018:16:32:32 -0300] "GET /cormun/servlet/hpexe_return? HTTP/1.1" 200 1039
186.103.156.24 - - [23/May/2018:16:32:33 -0300] "GET /cormun/servlet/trpermisosadjuntos?15102490,20180522122246,P, HTTP/1.1" 200 7067
186.103.156.24 - - [23/May/2018:16:32:34 -0300] "GET /cormun/servlet/trpermisosadjuntos?15102490,20180522122246,P, HTTP/1.1" 200 7063
186.103.156.24 - - [23/May/2018:16:32:37 -0300] "GET /cormun/servlet/permisosadjuntos?INS,15102490,P,20180522122246,, HTTP/1.1" 200 5881
186.103.156.24 - - [23/May/2018:16:32:37 -0300] "GET /cormun/static/about:blank HTTP/1.1" 404 1011
186.103.156.24 - - [23/May/2018:16:32:38 -0300] "GET /cormun/servlet/permisosadjuntos?INS,15102490,P,20180522122246,, HTTP/1.1" 200 5871
186.103.156.24 - - [23/May/2018:16:32:40 -0300] "GET /cormun/servlet/trpermisosgoce? HTTP/1.1" 200 13136
186.103.156.24 - - [23/May/2018:16:32:41 -0300] "GET /cormun/servlet/trpermisosgoce? HTTP/1.1" 200 13130
200.112.233.47 - - [23/May/2018:16:32:46 -0300] "GET /cormun/servlet/solicitudot?5232e49200af2e26ce9112a37b5224204bfcb1f2fe4a5125c4537b6c7b7cfa732aa41cf69b9ba6fd5b624edc333a819d11b7625bdb62373eae008109a7f67ea1924f2706e62eae188cb16cd406d3d308,gx-no-cache=1527103905333 HTTP/1.1" 200 29
200.112.233.47 - - [23/May/2018:16:32:46 -0300] "POST /cormun/servlet/solicitudot?gx-no-cache=1527103905402 HTTP/1.1" 200 1350
200.112.233.47 - - [23/May/2018:16:32:46 -0300] "POST /cormun/servlet/solicitudot?gx-no-cache=1527103905462 HTTP/1.1" 200 1246
200.112.233.47 - - [23/May/2018:16:33:14 -0300] "GET /cormun/servlet/solicitudot?5232e49200af2e26ce9112a37b522420c09f9d0e51f37838a752d00e4eb4202d1b0bbc2e081c8c6b0780a8f5953e7674,gx-no-cache=1527103933367 HTTP/1.1" 200 30
186.103.156.24 - - [23/May/2018:16:33:18 -0300] "POST /cormun/servlet/trpermisosgoce?19266f571d26f93aae247717c16d7df2,,gx-no-cache=1527103927014 HTTP/1.1" 200 10234
186.103.156.24 - - [23/May/2018:16:33:27 -0300] "GET /cormun/static/Shared/jqueryui/images/ui-bg_highlight-soft_100_c6c2c8_1x100.png HTTP/1.1" 404 1117
186.103.156.24 - - [23/May/2018:16:33:27 -0300] "GET /cormun/static/Shared/jqueryui/images/ui-icons_82798d_256x240.png HTTP/1.1" 404 1089
186.103.156.24 - - [23/May/2018:16:33:27 -0300] "GET /cormun/static/Shared/jqueryui/images/ui-bg_flat_55_fafafa_40x100.png HTTP/1.1" 404 1097
186.103.156.24 - - [23/May/2018:16:33:27 -0300] "GET /cormun/static/Shared/jqueryui/images/ui-icons_8d78a5_256x240.png HTTP/1.1" 404 1089
200.112.233.47 - - [23/May/2018:16:33:30 -0300] "POST /cormun/servlet/solicitudot?gx-no-cache=1527103949486 HTTP/1.1" 200 30
186.103.156.24 - - [23/May/2018:16:33:33 -0300] "GET /cormun/servlet/trpermisosadjuntos?11638014,20180522115709,P, HTTP/1.1" 200 6543
186.103.156.24 - - [23/May/2018:16:33:34 -0300] "GET /cormun/servlet/trpermisosadjuntos?11638014,20180522115709,P, HTTP/1.1" 200 6543
186.103.156.24 - - [23/May/2018:16:33:38 -0300] "GET /cormun/servlet/permisosadjuntos?INS,11638014,P,20180522115709,, HTTP/1.1" 200 5875
186.103.156.24 - - [23/May/2018:16:33:39 -0300] "GET /cormun/static/about:blank HTTP/1.1" 404 1011
186.103.156.24 - - [23/May/2018:16:33:43 -0300] "GET /cormun/servlet/permisosadjuntos?INS,11638014,P,20180522115709,, HTTP/1.1" 200 5865
186.103.156.24 - - [23/May/2018:16:34:02 -0300] "POST /cormun/servlet/permisosadjuntos?19266f571d26f93aae247717c16d7df2,INS,11638014,P,20180522115709,, HTTP/1.1" 200 116
186.103.156.24 - - [23/May/2018:16:34:02 -0300] "GET /cormun/servlet/hpexe_return? HTTP/1.1" 200 1039
186.103.156.24 - - [23/May/2018:16:34:03 -0300] "GET /cormun/servlet/trpermisosadjuntos?11638014,20180522115709,P, HTTP/1.1" 200 7062
186.103.156.24 - - [23/May/2018:16:34:03 -0300] "GET /cormun/servlet/trpermisosadjuntos?11638014,20180522115709,P, HTTP/1.1" 200 7057
200.112.233.47 - - [23/May/2018:16:34:06 -0300] "POST /cormun/servlet/solicitudot?1786683aa72099b25ff477090a7def62,INS,0,0,,gx-no-cache=1527103985350 HTTP/1.1" 200 11863
200.112.233.47 - - [23/May/2018:16:34:32 -0300] "POST /cormun/servlet/solicitudot?gx-no-cache=1527104010708 HTTP/1.1" 200 30
200.112.233.47 - - [23/May/2018:16:34:32 -0300] "POST /cormun/servlet/solicitudot?gx-no-cache=1527104012076 HTTP/1.1" 200 1369
200.112.233.47 - - [23/May/2018:16:34:33 -0300] "POST /cormun/servlet/solicitudot?gx-no-cache=1527104012592 HTTP/1.1" 200 41
200.112.233.47 - - [23/May/2018:16:34:33 -0300] "POST /cormun/servlet/solicitudot?gx-no-cache=1527104012688 HTTP/1.1" 200 1351
200.112.233.47 - - [23/May/2018:16:34:33 -0300] "POST /cormun/servlet/solicitudot?gx-no-cache=1527104013076 HTTP/1.1" 200 1248
200.112.233.47 - - [23/May/2018:16:34:33 -0300] "GET /cormun/servlet/solicitudot?5232e49200af2e26ce9112a37b522420c09f9d0e51f37838a752d00e4eb4202d1b0bbc2e081c8c6b0780a8f5953e7674,gx-no-cache=1527104013167 HTTP/1.1" 200 30
200.112.233.47 - - [23/May/2018:16:34:33 -0300] "POST /cormun/servlet/solicitudot?gx-no-cache=1527104013260 HTTP/1.1" 200 30
200.112.233.47 - - [23/May/2018:16:34:51 -0300] "POST /cormun/servlet/solicitudot?1786683aa72099b25ff477090a7def62,INS,0,0,,gx-no-cache=1527104014100 HTTP/1.1" 200 11920
200.112.233.47 - - [23/May/2018:16:35:14 -0300] "POST /cormun/servlet/solicitudot?gx-no-cache=1527104052953 HTTP/1.1" 200 3449
200.112.233.47 - - [23/May/2018:16:35:14 -0300] "GET /cormun/servlet/solicitudot?5232e49200af2e26ce9112a37b522420a5724c651f738d2cb75e18631cd24b0bb18f099f91f2b3d1eefbb6901e75558ff1dcb2573116d2aea9f50e668d24ef05a9de93a163f9d1dcc51de2412284e0aee438094de7b07ffc72c8f06e0c83957cb9b4a62643d6471f245a36d9bdbb00187d2b3dfd3fe9529cb5a9c5cd54e238e88e3f39a6115518a9824bea462e2f892c4b1198a38f0cf1b59f647a0a75cc7ed28b1a0fedc51ef14956ef666fe0a70250a4207416135ba63348aacc50cddbef54ca1dae454da9cd4287a3ca8935145dd3b80dc61b0860d86afcfa09de20f999bbfc774c3026b37f3278b125f3e39eb8e8d33cb38a03f9f61e2291b852194d3e0a81bc476b4cad68e760919de6404c24ab809593f3530458f824fedab1bb3a71dc094d788281f3d12e84dac356dfda5efd99ce7ae3afc2b9d49015ad2ec6714a56b4cbc6af9e72e5f317a28f47753d398a,gx-no-cache=1527104053491 HTTP/1.1" 200 30
200.112.233.47 - - [23/May/2018:16:35:14 -0300] "POST /cormun/servlet/solicitudot?gx-no-cache=1527104053783 HTTP/1.1" 200 30
200.112.233.47 - - [23/May/2018:16:35:14 -0300] "POST /cormun/servlet/solicitudot?gx-no-cache=1527104053836 HTTP/1.1" 200 1369
200.112.233.47 - - [23/May/2018:16:35:14 -0300] "POST /cormun/servlet/solicitudot?gx-no-cache=1527104053927 HTTP/1.1" 200 41
200.112.233.47 - - [23/May/2018:16:35:14 -0300] "POST /cormun/servlet/solicitudot?gx-no-cache=1527104054000 HTTP/1.1" 200 1351
200.112.233.47 - - [23/May/2018:16:35:14 -0300] "POST /cormun/servlet/solicitudot?gx-no-cache=1527104054089 HTTP/1.1" 200 1248
200.112.233.47 - - [23/May/2018:16:35:15 -0300] "GET /cormun/servlet/solicitudot?5232e49200af2e26ce9112a37b522420c09f9d0e51f37838a752d00e4eb4202d1b0bbc2e081c8c6b0780a8f5953e7674,gx-no-cache=1527104054441 HTTP/1.1" 200 30
200.112.233.47 - - [23/May/2018:16:35:15 -0300] "POST /cormun/servlet/solicitudot?gx-no-cache=1527104054520 HTTP/1.1" 200 30
200.112.233.47 - - [23/May/2018:16:35:15 -0300] "POST /cormun/servlet/solicitudot?1786683aa72099b25ff477090a7def62,INS,0,0,,gx-no-cache=1527104054588 HTTP/1.1" 200 11976
200.112.233.47 - - [23/May/2018:16:35:16 -0300] "POST /cormun/servlet/solicitudot?1786683aa72099b25ff477090a7def62,INS,0,0,,gx-no-cache=1527104055144 HTTP/1.1" 200 12020
200.112.233.47 - - [23/May/2018:16:35:18 -0300] "POST /cormun/servlet/solicitudot?1786683aa72099b25ff477090a7def62,INS,0,0,,gx-no-cache=1527104057413 HTTP/1.1" 200 12088
186.103.159.230 - - [23/May/2018:16:37:28 -0300] "GET /cormun/servlet/hlogin HTTP/1.1" 200 1717
186.103.159.230 - - [23/May/2018:16:37:28 -0300] "GET /cormun/static/gxcfg.js?20175251213516 HTTP/1.1" 304 -
186.103.159.230 - - [23/May/2018:16:37:32 -0300] "GET /cormun/servlet/hlogin HTTP/1.1" 200 1717
186.103.159.230 - - [23/May/2018:16:37:55 -0300] "POST /cormun/servlet/hlogin?3473bf153ee2ecda4b0fe953e46e0fcb,gx-no-cache=1527104213963 HTTP/1.1" 200 90
186.103.159.230 - - [23/May/2018:16:37:55 -0300] "GET /cormun/servlet/hpexe_link HTTP/1.1" 200 948
186.103.159.230 - - [23/May/2018:16:37:55 -0300] "GET /cormun/static/gxcfg.js?20177612121792 HTTP/1.1" 304 -
186.103.159.230 - - [23/May/2018:16:37:55 -0300] "GET /cormun/servlet/hhome HTTP/1.1" 200 4175
186.103.159.230 - - [23/May/2018:16:37:55 -0300] "GET /cormun/static/gxcfg.js?20175251212442 HTTP/1.1" 304 -
186.103.159.230 - - [23/May/2018:16:37:56 -0300] "GET /cormun/servlet/hhome HTTP/1.1" 200 4171
186.103.159.230 - - [23/May/2018:16:37:59 -0300] "GET /cormun/servlet/trsolicitudot? HTTP/1.1" 200 7385
186.103.159.230 - - [23/May/2018:16:37:59 -0300] "GET /cormun/static/gxcfg.js?2017111422585916 HTTP/1.1" 304 -
186.103.159.230 - - [23/May/2018:16:38:00 -0300] "GET /cormun/servlet/trsolicitudot? HTTP/1.1" 200 7384
186.103.159.230 - - [23/May/2018:16:38:03 -0300] "GET /cormun/servlet/solicitudot?INS,0,0, HTTP/1.1" 200 13616
186.103.159.230 - - [23/May/2018:16:38:03 -0300] "GET /cormun/static/gxcfg.js?201812313224582 HTTP/1.1" 304 -
186.103.159.230 - - [23/May/2018:16:38:03 -0300] "GET /cormun/servlet/solicitudot?INS,0,0, HTTP/1.1" 200 13621
186.103.159.230 - - [23/May/2018:16:38:46 -0300] "POST /cormun/servlet/solicitudot?gx-no-cache=1527104264249 HTTP/1.1" 200 3284
186.103.159.230 - - [23/May/2018:16:38:46 -0300] "POST /cormun/servlet/solicitudot?3473bf153ee2ecda4b0fe953e46e0fcb,INS,0,0,,gx-no-cache=1527104264504 HTTP/1.1" 200 10443
186.103.159.230 - - [23/May/2018:16:38:50 -0300] "GET /cormun/servlet/solicitudot?2f1c9ae9f35192157f6084d870460b3d76a821928503049d562dff85a452dba10b2f97b0755a98624b64f6bb556428bf,gx-no-cache=1527104268267 HTTP/1.1" 200 30
186.103.156.24 - - [23/May/2018:16:41:24 -0300] "GET /cormun/servlet/permisosadjuntos?INS,11638014,P,20180522115709,, HTTP/1.1" 200 5854
186.103.156.24 - - [23/May/2018:16:41:25 -0300] "GET /cormun/static/about:blank HTTP/1.1" 404 1011
186.103.156.24 - - [23/May/2018:16:41:25 -0300] "GET /cormun/servlet/permisosadjuntos?INS,11638014,P,20180522115709,, HTTP/1.1" 200 5865
186.103.156.24 - - [23/May/2018:16:41:34 -0300] "GET /cormun/servlet/trpermisosgoce? HTTP/1.1" 200 13141
186.103.156.24 - - [23/May/2018:16:41:34 -0300] "GET /cormun/servlet/trpermisosgoce? HTTP/1.1" 200 13144
186.103.156.24 - - [23/May/2018:16:41:47 -0300] "POST /cormun/servlet/trpermisosgoce?19266f571d26f93aae247717c16d7df2,,gx-no-cache=1527104445485 HTTP/1.1" 200 10206
186.103.156.24 - - [23/May/2018:16:41:48 -0300] "GET /cormun/static/Shared/jqueryui/images/ui-bg_highlight-soft_100_c6c2c8_1x100.png HTTP/1.1" 404 1117
186.103.156.24 - - [23/May/2018:16:41:48 -0300] "GET /cormun/static/Shared/jqueryui/images/ui-icons_82798d_256x240.png HTTP/1.1" 404 1089
186.103.156.24 - - [23/May/2018:16:41:48 -0300] "GET /cormun/static/Shared/jqueryui/images/ui-bg_flat_55_fafafa_40x100.png HTTP/1.1" 404 1097
186.103.156.24 - - [23/May/2018:16:41:48 -0300] "GET /cormun/static/Shared/jqueryui/images/ui-icons_8d78a5_256x240.png HTTP/1.1" 404 1089
186.103.156.24 - - [23/May/2018:16:41:55 -0300] "GET /cormun/servlet/trpermisosadjuntos?16981270,20180522120718,P, HTTP/1.1" 200 6545
186.103.156.24 - - [23/May/2018:16:41:56 -0300] "GET /cormun/servlet/trpermisosadjuntos?16981270,20180522120718,P, HTTP/1.1" 200 6546
186.103.156.24 - - [23/May/2018:16:41:58 -0300] "GET /cormun/servlet/permisosadjuntos?INS,16981270,P,20180522120718,, HTTP/1.1" 200 5876
186.103.156.24 - - [23/May/2018:16:41:58 -0300] "GET /cormun/static/about:blank HTTP/1.1" 404 1011
186.103.156.24 - - [23/May/2018:16:41:59 -0300] "GET /cormun/servlet/permisosadjuntos?INS,16981270,P,20180522120718,, HTTP/1.1" 200 5866
186.103.156.24 - - [23/May/2018:16:42:11 -0300] "POST /cormun/servlet/permisosadjuntos?19266f571d26f93aae247717c16d7df2,INS,16981270,P,20180522120718,, HTTP/1.1" 200 116
186.103.156.24 - - [23/May/2018:16:42:11 -0300] "GET /cormun/servlet/hpexe_return? HTTP/1.1" 200 1038
186.103.156.24 - - [23/May/2018:16:42:11 -0300] "GET /cormun/servlet/trpermisosadjuntos?16981270,20180522120718,P, HTTP/1.1" 200 7058
186.103.156.24 - - [23/May/2018:16:42:12 -0300] "GET /cormun/servlet/trpermisosadjuntos?16981270,20180522120718,P, HTTP/1.1" 200 7055
200.112.6.235 - - [23/May/2018:16:42:12 -0300] "GET /cormun/servlet/hlogin HTTP/1.1" 200 1721
200.112.6.235 - - [23/May/2018:16:42:14 -0300] "POST /cormun/servlet/hlogin?d6335d12c6b94ddb12667ea92deda81f,gx-no-cache=1527104474808 HTTP/1.1" 200 90
200.112.6.235 - - [23/May/2018:16:42:14 -0300] "GET /cormun/servlet/hpexe_link HTTP/1.1" 200 951
200.112.6.235 - - [23/May/2018:16:42:14 -0300] "GET /cormun/servlet/hhome HTTP/1.1" 200 4212
200.112.6.235 - - [23/May/2018:16:42:15 -0300] "GET /cormun/servlet/hhome HTTP/1.1" 200 4208
186.103.156.24 - - [23/May/2018:16:42:16 -0300] "GET /cormun/servlet/permisosadjuntos?INS,16981270,P,20180522120718,, HTTP/1.1" 200 5877
186.103.156.24 - - [23/May/2018:16:42:16 -0300] "GET /cormun/servlet/permisosadjuntos?INS,16981270,P,20180522120718,, HTTP/1.1" 200 5866
186.103.156.24 - - [23/May/2018:16:42:16 -0300] "GET /cormun/static/about:blank HTTP/1.1" 404 1011
200.112.6.235 - - [23/May/2018:16:42:18 -0300] "GET /cormun/servlet/trlicencias? HTTP/1.1" 200 9589
200.112.6.235 - - [23/May/2018:16:42:19 -0300] "GET /cormun/servlet/trlicencias? HTTP/1.1" 200 9587
186.103.156.24 - - [23/May/2018:16:42:22 -0300] "GET /cormun/servlet/trpermisosgoce? HTTP/1.1" 200 13123
186.103.156.24 - - [23/May/2018:16:42:23 -0300] "GET /cormun/servlet/trpermisosgoce? HTTP/1.1" 200 13124
200.112.6.235 - - [23/May/2018:16:42:28 -0300] "GET /cormun/servlet/alicenciaprn?15739045,L,20180523000000,PU HTTP/1.1" 200 1549
200.112.233.47 - - [23/May/2018:16:42:28 -0300] "POST /cormun/servlet/solicitudot?1786683aa72099b25ff477090a7def62,INS,0,0,,gx-no-cache=1527104488061 HTTP/1.1" 200 12138
186.103.156.24 - - [23/May/2018:16:42:31 -0300] "POST /cormun/servlet/trpermisosgoce?19266f571d26f93aae247717c16d7df2,,gx-no-cache=1527104490139 HTTP/1.1" 200 10208
186.103.156.24 - - [23/May/2018:16:42:31 -0300] "GET /cormun/static/Shared/jqueryui/images/ui-bg_highlight-soft_100_c6c2c8_1x100.png HTTP/1.1" 404 1117
186.103.156.24 - - [23/May/2018:16:42:31 -0300] "GET /cormun/static/Shared/jqueryui/images/ui-icons_82798d_256x240.png HTTP/1.1" 404 1089
186.103.156.24 - - [23/May/2018:16:42:31 -0300] "GET /cormun/static/Shared/jqueryui/images/ui-bg_flat_55_fafafa_40x100.png HTTP/1.1" 404 1097
186.103.156.24 - - [23/May/2018:16:42:31 -0300] "GET /cormun/static/Shared/jqueryui/images/ui-icons_8d78a5_256x240.png HTTP/1.1" 404 1089
186.103.156.24 - - [23/May/2018:16:42:41 -0300] "GET /cormun/servlet/trpermisosadjuntos?16879478,20180522120423,P, HTTP/1.1" 200 6546
186.103.156.24 - - [23/May/2018:16:42:42 -0300] "GET /cormun/servlet/trpermisosadjuntos?16879478,20180522120423,P, HTTP/1.1" 200 6546
186.103.156.24 - - [23/May/2018:16:42:45 -0300] "GET /cormun/servlet/permisosadjuntos?INS,16879478,P,20180522120423,, HTTP/1.1" 200 5878
186.103.156.24 - - [23/May/2018:16:42:45 -0300] "GET /cormun/static/about:blank HTTP/1.1" 404 1011
186.103.156.24 - - [23/May/2018:16:42:45 -0300] "GET /cormun/servlet/permisosadjuntos?INS,16879478,P,20180522120423,, HTTP/1.1" 200 5867
186.103.156.24 - - [23/May/2018:16:42:55 -0300] "POST /cormun/servlet/permisosadjuntos?19266f571d26f93aae247717c16d7df2,INS,16879478,P,20180522120423,, HTTP/1.1" 200 116
186.103.156.24 - - [23/May/2018:16:42:56 -0300] "GET /cormun/servlet/hpexe_return? HTTP/1.1" 200 1038
186.103.156.24 - - [23/May/2018:16:42:56 -0300] "GET /cormun/servlet/trpermisosadjuntos?16879478,20180522120423,P, HTTP/1.1" 200 7062
186.103.156.24 - - [23/May/2018:16:42:56 -0300] "GET /cormun/servlet/trpermisosadjuntos?16879478,20180522120423,P, HTTP/1.1" 200 7060
186.103.156.24 - - [23/May/2018:16:42:58 -0300] "GET /cormun/servlet/permisosadjuntos?INS,16879478,P,20180522120423,, HTTP/1.1" 200 5877
186.103.156.24 - - [23/May/2018:16:42:59 -0300] "GET /cormun/static/about:blank HTTP/1.1" 404 1011
186.103.156.24 - - [23/May/2018:16:42:59 -0300] "GET /cormun/servlet/permisosadjuntos?INS,16879478,P,20180522120423,, HTTP/1.1" 200 5867
186.103.156.24 - - [23/May/2018:16:43:05 -0300] "GET /cormun/servlet/trpermisosgoce? HTTP/1.1" 200 13114
186.103.156.24 - - [23/May/2018:16:43:06 -0300] "GET /cormun/servlet/trpermisosgoce? HTTP/1.1" 200 13127
186.103.156.24 - - [23/May/2018:16:43:35 -0300] "POST /cormun/servlet/trpermisosgoce?19266f571d26f93aae247717c16d7df2,,gx-no-cache=1527104553348 HTTP/1.1" 200 10185
186.103.156.24 - - [23/May/2018:16:43:35 -0300] "GET /cormun/static/Shared/jqueryui/images/ui-bg_highlight-soft_100_c6c2c8_1x100.png HTTP/1.1" 404 1117
186.103.156.24 - - [23/May/2018:16:43:35 -0300] "GET /cormun/static/Shared/jqueryui/images/ui-icons_82798d_256x240.png HTTP/1.1" 404 1089
186.103.156.24 - - [23/May/2018:16:43:35 -0300] "GET /cormun/static/Shared/jqueryui/images/ui-bg_flat_55_fafafa_40x100.png HTTP/1.1" 404 1097
186.103.156.24 - - [23/May/2018:16:43:35 -0300] "GET /cormun/static/Shared/jqueryui/images/ui-icons_8d78a5_256x240.png HTTP/1.1" 404 1089
186.103.156.24 - - [23/May/2018:16:43:48 -0300] "GET /cormun/servlet/trpermisosadjuntos?14204502,20180522120554,P, HTTP/1.1" 200 6545
186.103.156.24 - - [23/May/2018:16:43:48 -0300] "GET /cormun/servlet/trpermisosadjuntos?14204502,20180522120554,P, HTTP/1.1" 200 6545
186.103.156.24 - - [23/May/2018:16:43:50 -0300] "GET /cormun/servlet/permisosadjuntos?INS,14204502,P,20180522120554,, HTTP/1.1" 200 5877
186.103.156.24 - - [23/May/2018:16:43:50 -0300] "GET /cormun/static/about:blank HTTP/1.1" 404 1011
186.103.156.24 - - [23/May/2018:16:43:51 -0300] "GET /cormun/servlet/permisosadjuntos?INS,14204502,P,20180522120554,, HTTP/1.1" 200 5866
190.100.93.40 - - [23/May/2018:16:44:20 -0300] "POST /cormun/servlet/hlogin?bb46e29a1a033e33f40ee84426702daf,gx-no-cache=1527104599269 HTTP/1.1" 440 972
186.103.156.24 - - [23/May/2018:16:44:27 -0300] "GET /cormun/servlet/trpermisosgoce? HTTP/1.1" 200 13094
186.103.156.24 - - [23/May/2018:16:44:27 -0300] "GET /cormun/servlet/trpermisosgoce? HTTP/1.1" 200 13119
190.100.93.40 - - [23/May/2018:16:44:35 -0300] "GET /cormun/servlet/hlogin HTTP/1.1" 200 1731
186.103.156.24 - - [23/May/2018:16:44:35 -0300] "GET /cormun/servlet/trpermisosadjuntos?8276560,20180522125222,P, HTTP/1.1" 200 7056
186.103.156.24 - - [23/May/2018:16:44:36 -0300] "GET /cormun/servlet/trpermisosadjuntos?8276560,20180522125222,P, HTTP/1.1" 200 7058
186.103.156.24 - - [23/May/2018:16:44:39 -0300] "GET /cormun/servlet/permisosadjuntos?INS,8276560,P,20180522125222,, HTTP/1.1" 200 5879
186.103.156.24 - - [23/May/2018:16:44:39 -0300] "GET /cormun/static/about:blank HTTP/1.1" 404 1011
186.103.156.24 - - [23/May/2018:16:44:40 -0300] "GET /cormun/servlet/permisosadjuntos?INS,8276560,P,20180522125222,, HTTP/1.1" 200 5869
186.103.156.24 - - [23/May/2018:16:44:44 -0300] "GET /cormun/servlet/trpermisosgoce? HTTP/1.1" 200 13108
186.103.156.24 - - [23/May/2018:16:44:47 -0300] "GET /cormun/servlet/trpermisosgoce? HTTP/1.1" 200 13125
190.100.93.40 - - [23/May/2018:16:45:02 -0300] "POST /cormun/servlet/hlogin?cca057a231f05056759c17280a66af79,gx-no-cache=1527104641878 HTTP/1.1" 200 90
190.100.93.40 - - [23/May/2018:16:45:03 -0300] "GET /cormun/servlet/hpexe_link HTTP/1.1" 200 950
190.100.93.40 - - [23/May/2018:16:45:03 -0300] "GET /cormun/servlet/hhome HTTP/1.1" 200 4348
190.100.93.40 - - [23/May/2018:16:45:04 -0300] "GET /cormun/servlet/hhome HTTP/1.1" 200 4345
186.103.156.24 - - [23/May/2018:16:45:05 -0300] "POST /cormun/servlet/trpermisosgoce?19266f571d26f93aae247717c16d7df2,,gx-no-cache=1527104642068 HTTP/1.1" 200 10169
186.103.156.24 - - [23/May/2018:16:45:05 -0300] "GET /cormun/static/Shared/jqueryui/images/ui-bg_highlight-soft_100_c6c2c8_1x100.png HTTP/1.1" 404 1117
186.103.156.24 - - [23/May/2018:16:45:05 -0300] "GET /cormun/static/Shared/jqueryui/images/ui-icons_82798d_256x240.png HTTP/1.1" 404 1089
186.103.156.24 - - [23/May/2018:16:45:05 -0300] "GET /cormun/static/Shared/jqueryui/images/ui-bg_flat_55_fafafa_40x100.png HTTP/1.1" 404 1097
186.103.156.24 - - [23/May/2018:16:45:05 -0300] "GET /cormun/static/Shared/jqueryui/images/ui-icons_8d78a5_256x240.png HTTP/1.1" 404 1089
190.46.88.10 - - [23/May/2018:16:45:19 -0300] "GET /cormun/servlet/hlogin HTTP/1.1" 200 1717
186.103.156.24 - - [23/May/2018:16:45:37 -0300] "GET /cormun/servlet/trpermisosadjuntos?7948527,20180522115114,P, HTTP/1.1" 200 6540
186.103.156.24 - - [23/May/2018:16:45:38 -0300] "GET /cormun/servlet/trpermisosadjuntos?7948527,20180522115114,P, HTTP/1.1" 200 6540
186.103.156.24 - - [23/May/2018:16:45:40 -0300] "GET /cormun/servlet/permisosadjuntos?INS,7948527,P,20180522115114,, HTTP/1.1" 200 5871
186.103.156.24 - - [23/May/2018:16:45:41 -0300] "GET /cormun/static/about:blank HTTP/1.1" 404 1011
186.103.156.24 - - [23/May/2018:16:45:41 -0300] "GET /cormun/servlet/permisosadjuntos?INS,7948527,P,20180522115114,, HTTP/1.1" 200 5861
186.103.156.24 - - [23/May/2018:16:45:56 -0300] "POST /cormun/servlet/permisosadjuntos?19266f571d26f93aae247717c16d7df2,INS,7948527,P,20180522115114,, HTTP/1.1" 200 116
186.103.156.24 - - [23/May/2018:16:45:56 -0300] "GET /cormun/servlet/hpexe_return? HTTP/1.1" 200 1037
186.103.156.24 - - [23/May/2018:16:45:56 -0300] "GET /cormun/servlet/trpermisosadjuntos?7948527,20180522115114,P, HTTP/1.1" 200 7052
186.103.156.24 - - [23/May/2018:16:45:57 -0300] "GET /cormun/servlet/trpermisosadjuntos?7948527,20180522115114,P, HTTP/1.1" 200 7049
186.103.156.24 - - [23/May/2018:16:45:59 -0300] "GET /cormun/servlet/permisosadjuntos?INS,7948527,P,20180522115114,, HTTP/1.1" 200 5871
186.103.156.24 - - [23/May/2018:16:45:59 -0300] "GET /cormun/static/about:blank HTTP/1.1" 404 1011
186.103.156.24 - - [23/May/2018:16:46:00 -0300] "GET /cormun/servlet/permisosadjuntos?INS,7948527,P,20180522115114,, HTTP/1.1" 200 5861
