186.103.159.230 - - [23/May/2018:17:20:10 -0300] "GET /cormun/servlet/solicitudot?2f1c9ae9f35192157f6084d870460b3d3055a6e69b7c96c52c6f24330318d988678ab40f172c702403783caaa8a60e5164a7b8cf5181a520f9c62149a1c71b5981a914f7a96d9f5b574e646f038f9b550039768580f6e2050c090681a5014cc2b00153b6cd4225739c7449e66c103adb071b3371430e6a30f3620b4706372f072c7123cdb6266138767c2c33e5eccde5db140bd43553bbe6a32536f75682495ce7877b147b4033014ceee46cd9dbca220f19c6b526a56383aefee8fcde3793e090adf66b3781a40844e4275e600c772fee17221f85be31414ba9177c1e3c68cddef0fd62a14f303b92e211a09d84bd96302cae37050efb532372d1425df017c1b3d03ca70d7a512a71e63932960b6a9d9a4eacbdb1c2d163003e9846472a09859070f3778e050278ba0d43396390272f1f304291ca6592708908e69d488c6cb0a4bf906746245707982810775d791610079163507581cae7459186c4e610aa364086354270b265e52fe9dc5c4153542a0ef02c6f08ea182d05551f56f599e352,gx-no-cache=1527106748382 HTTP/1.1" 200 30
186.103.159.230 - - [23/May/2018:17:20:10 -0300] "POST /cormun/servlet/solicitudot?gx-no-cache=1527106748713 HTTP/1.1" 200 30
186.103.159.230 - - [23/May/2018:17:20:10 -0300] "POST /cormun/servlet/solicitudot?gx-no-cache=1527106748758 HTTP/1.1" 200 75
186.103.159.230 - - [23/May/2018:17:20:10 -0300] "POST /cormun/servlet/solicitudot?gx-no-cache=1527106748809 HTTP/1.1" 200 38
200.111.122.170 - - [23/May/2018:17:20:12 -0300] "POST /cormun/servlet/solicitudot?62b300f103ad4901ef38925eea5ec036,INS,0,0,,gx-no-cache=1527106750930 HTTP/1.1" 200 10579
200.111.122.170 - - [23/May/2018:17:20:13 -0300] "GET /cormun/servlet/solicitudot?10fbca227db3e49d0c0e4c5875df991177f8b839df2a546fc8e604d87c3fb03f10b37751ca5e1328143a00ed7c166e4e,gx-no-cache=1527106753214 HTTP/1.1" 200 30
200.111.122.170 - - [23/May/2018:17:20:20 -0300] "GET /cormun/servlet/solicitudot?10fbca227db3e49d0c0e4c5875df99116af6e0b77b8d4d83e76f536143ed72d96af809a8cec358d23c7b238d308f623c2a2f38a60494f07ef46addc25bfa8a4b,gx-no-cache=1527106759459 HTTP/1.1" 200 30
186.103.159.230 - - [23/May/2018:17:20:20 -0300] "POST /cormun/servlet/solicitudot?gx-no-cache=1527106758999 HTTP/1.1" 200 297
200.111.122.170 - - [23/May/2018:17:20:20 -0300] "GET /cormun/servlet/solicitudot?10fbca227db3e49d0c0e4c5875df99113f7c0ebfcb9757262f1d5f0b48fc5359,gx-no-cache=1527106760765 HTTP/1.1" 200 53
186.103.159.230 - - [23/May/2018:17:20:23 -0300] "GET /cormun/servlet/solicitudot?2f1c9ae9f35192157f6084d870460b3d3055a6e69b7c96c52c6f24330318d988ab6d5007fe09701b8d4d78060760472364a7b8cf5181a520f9c62149a1c71b5981a914f7a96d9f5b574e646f038f9b550039768580f6e2050c090681a5014cc2b00153b6cd4225739c7449e66c103adb071b3371430e6a30f3620b4706372f072c7123cdb6266138767c2c33e5eccde5db140bd43553bbe6a32536f75682495ce7877b147b4033014ceee46cd9dbca220f19c6b526a56383aefee8fcde3793e090adf66b3781a40844e4275e600c772fee17221f85be31414ba9177c1e3c68cddef0fd62a14f303b92e211a09d84bd96302cae37050efb532372d1425df017c1b3d03ca70d7a512a71e63932960b6a9d9a4eacbdb1c2d163003e9846472a09859070f3778e050278ba0d43396390272f1f304291ca6592708908e69d488c6cb08fff0833896dd33047d973a20df40cd384641dc0253880a1240beecf034bc412f3aa0cb1d849d104a17e97815411f9cb8f4583c823ea4ff2aef9f021275aefe55fd9d76930ce94869ad57c9d302a05e4,gx-no-cache=1527106761314 HTTP/1.1" 200 30
186.103.159.230 - - [23/May/2018:17:20:23 -0300] "POST /cormun/servlet/solicitudot?gx-no-cache=1527106761645 HTTP/1.1" 200 30
186.103.159.230 - - [23/May/2018:17:20:23 -0300] "POST /cormun/servlet/solicitudot?gx-no-cache=1527106761691 HTTP/1.1" 200 75
186.103.159.230 - - [23/May/2018:17:20:23 -0300] "POST /cormun/servlet/solicitudot?gx-no-cache=1527106761736 HTTP/1.1" 200 38
200.111.122.170 - - [23/May/2018:17:20:23 -0300] "POST /cormun/servlet/solicitudot?gx-no-cache=1527106762007 HTTP/1.1" 200 255
200.111.122.170 - - [23/May/2018:17:20:24 -0300] "GET /cormun/servlet/solicitudot?10fbca227db3e49d0c0e4c5875df99119530c220faa72a11352a904f9b9cf09347ae7a612ef7f190cdf4c0dd41b8dc46b39c89bb53457b28a5912cebc77d9a899b0af8b030a0892af56e1816270aec47f54634c3cd44f48e1f11291df495e596aba4fbb307a2a26bbe77edb4ac5fe6e453120254d2bf1723a97e8b0c93ffd9b33408ef28eb47b42ede9a69747c2f6d48d1f8cb00de47ead97d4fd538c3cabf5f05b797b18bdd11f5d444e89c2a298b7f54c6a71061d795c1b0d32519cec55363ca8daac6daf87170b000cd0dc5bc937e7bbd6e5268b1428568ed9cde580da2246b1d813a78f0ee2c9067ffc5a0d1b05c663e335fc1fee12f61c819cd2d1323b674ce542aa08b9b797aca7dea7aa059cab72e3ed8cefffa2ec2623b8f429b502b966aba86e654608b808ec0aa1b9face26ef0df1e5aed29084e0abffa32c3a4643a0b88aba56e6da62c9225153ac73bc5ba9de817e9ea373b1c6e59c93ab6e196fbbe39eb2494900755a96309ad3f8927ad0ebeab8f0cc0af683eebcbe00a38cd,gx-no-cache=1527106764090 HTTP/1.1" 200 30
200.111.122.170 - - [23/May/2018:17:20:26 -0300] "POST /cormun/servlet/solicitudot?gx-no-cache=1527106766658 HTTP/1.1" 200 30
200.111.122.170 - - [23/May/2018:17:20:37 -0300] "POST /cormun/servlet/solicitudot?gx-no-cache=1527106777250 HTTP/1.1" 200 1369
200.111.122.170 - - [23/May/2018:17:20:40 -0300] "POST /cormun/servlet/solicitudot?gx-no-cache=1527106780366 HTTP/1.1" 200 38
200.111.122.170 - - [23/May/2018:17:20:41 -0300] "GET /cormun/servlet/solicitudot?10fbca227db3e49d0c0e4c5875df9911bb7dcc91c12d924c9c95d00a25b2876e4bc3d2d466aa9a11812cb601e2dfba09652065a0daff9b8a15e2780923a10afb08ce1d587c265913a41da38b2907896b14e086e1bba949875b8e4063a6171028d99f9530cc0a0c1a7cb33e89616a991ca5c90088356a98a03708d3a2b65fff3be9c9af1b03e763d71ab54a66097feca73435d7b33d6bfb5ca7d5eed27dae31aa,gx-no-cache=1527106780827 HTTP/1.1" 200 29
186.103.159.230 - - [23/May/2018:17:20:41 -0300] "GET /cormun/servlet/solicitudot?2f1c9ae9f35192157f6084d870460b3dc1467346fee75d1bb99aab14f67e29d1ec80592160e4bb9afd3b8e3967db1bb11322d430c0022eb68518e2d375b306bdbb24b89250dd36c91e700eee9421c4fa5248ef9d31e3ad7510a1ce87c8cdfd93e00d60cc43cb99faf6d55377ad629b10,gx-no-cache=1527106779450 HTTP/1.1" 200 29
186.103.159.230 - - [23/May/2018:17:20:41 -0300] "GET /cormun/servlet/solicitudot?2f1c9ae9f35192157f6084d870460b3dc3e77148831af851cb702a0879d3e1088d001dd40aefeb17f3fec4f8613ca88254053d81a427804e0d636f7f787850fe1f1e1b71c15b17d70f0832221cecb0baf394c6ca58ec06c664bc2dd2f9f1b2ec6341f598628ff5a3de87230ca18f72e8cf2535c116b82c8bad3a10ce5b13c59927c920c3fb91afd982882812cec80649eb8c133fdd9fd521ab2f13d2d22ce6aa51bd03addcfa39604f8090253d008a6517303cba3d29e472a78ead11d06e5a55,gx-no-cache=1527106779505 HTTP/1.1" 200 62
186.103.159.230 - - [23/May/2018:17:20:41 -0300] "GET /cormun/servlet/solicitudot?7a93ca49772dabf0d0257d87c062ab4af8a37c9526d2b2ad2f77ce51c7aa4980913582ba6cd0183785b656db8966fcb1711d0bcf500701883963ecf894cbfd43427bfa2522714004397d734b2b43b188,gx-no-cache=1527106779589 HTTP/1.1" 200 55
200.111.122.170 - - [23/May/2018:17:20:41 -0300] "POST /cormun/servlet/solicitudot?gx-no-cache=1527106781246 HTTP/1.1" 200 1351
200.111.122.170 - - [23/May/2018:17:20:42 -0300] "POST /cormun/servlet/solicitudot?gx-no-cache=1527106781964 HTTP/1.1" 200 1249
186.103.159.230 - - [23/May/2018:17:20:45 -0300] "GET /cormun/static/menuarrow.gif HTTP/1.1" 404 1015
200.111.122.170 - - [23/May/2018:17:20:49 -0300] "POST /cormun/servlet/solicitudot?gx-no-cache=1527106788995 HTTP/1.1" 200 1351
200.111.122.170 - - [23/May/2018:17:20:52 -0300] "POST /cormun/servlet/solicitudot?gx-no-cache=1527106792468 HTTP/1.1" 200 1249
200.111.122.170 - - [23/May/2018:17:20:52 -0300] "GET /cormun/static/menuarrow.gif HTTP/1.1" 404 1015
200.111.122.170 - - [23/May/2018:17:20:56 -0300] "POST /cormun/servlet/solicitudot?gx-no-cache=1527106796319 HTTP/1.1" 200 1369
200.111.122.170 - - [23/May/2018:17:20:56 -0300] "POST /cormun/servlet/solicitudot?gx-no-cache=1527106796696 HTTP/1.1" 200 38
200.111.122.170 - - [23/May/2018:17:20:59 -0300] "POST /cormun/servlet/solicitudot?gx-no-cache=1527106797087 HTTP/1.1" 200 1351
200.111.122.170 - - [23/May/2018:17:20:59 -0300] "POST /cormun/servlet/solicitudot?gx-no-cache=1527106799354 HTTP/1.1" 200 1249
200.111.122.170 - - [23/May/2018:17:21:02 -0300] "GET /cormun/servlet/solicitudot?10fbca227db3e49d0c0e4c5875df9911fd46b81922a72e56270e09a084cc6427f776243085959678cadd4a3a79959810,gx-no-cache=1527106802106 HTTP/1.1" 200 30
186.103.159.204 - - [23/May/2018:17:21:04 -0300] "GET /cormun/servlet/trsolicitudot HTTP/1.1" 200 25459
186.103.159.204 - - [23/May/2018:17:21:04 -0300] "GET /cormun/static/Shared/ext/resources/css/ext-all.css?215870 HTTP/1.1" 304 -
186.103.159.204 - - [23/May/2018:17:21:04 -0300] "GET /cormun/static/gxui/gxui-all.css?120300 HTTP/1.1" 304 -
186.103.159.204 - - [23/May/2018:17:21:04 -0300] "GET /cormun/static/calendar-system.css?85620 HTTP/1.1" 304 -
186.103.159.204 - - [23/May/2018:17:21:04 -0300] "GET /cormun/static/Shared/jqueryui/jquery-ui.min.css?1245370 HTTP/1.1" 304 -
186.103.159.204 - - [23/May/2018:17:21:04 -0300] "GET /cormun/static/Resources/Spanish/PXTools.css?1255365 HTTP/1.1" 304 -
186.103.159.204 - - [23/May/2018:17:21:04 -0300] "GET /cormun/static/SmoothNavMenu/resources/ddsmoothmenu.css?1012540 HTTP/1.1" 304 -
186.103.159.204 - - [23/May/2018:17:21:04 -0300] "GET /cormun/static/SmoothNavMenu/resources/ddsmoothmenu-v.css?1012540 HTTP/1.1" 304 -
186.103.159.204 - - [23/May/2018:17:21:04 -0300] "GET /cormun/static/scaMessage/css/jquery.pnotify.default.css?1716380 HTTP/1.1" 304 -
186.103.159.204 - - [23/May/2018:17:21:04 -0300] "GET /cormun/static/gxtimezone.js?85251 HTTP/1.1" 304 -
186.103.159.204 - - [23/May/2018:17:21:04 -0300] "GET /cormun/static/gxgral.js?85251 HTTP/1.1" 304 -
186.103.159.204 - - [23/May/2018:17:21:04 -0300] "GET /cormun/static/gxcfg.js?2017111422585916 HTTP/1.1" 304 -
186.103.159.204 - - [23/May/2018:17:21:04 -0300] "GET /cormun/static/calendar.js?85251 HTTP/1.1" 304 -
186.103.159.204 - - [23/May/2018:17:21:04 -0300] "GET /cormun/static/calendar-setup.js?85251 HTTP/1.1" 304 -
186.103.159.204 - - [23/May/2018:17:21:04 -0300] "GET /cormun/static/calendar-es.js?85251 HTTP/1.1" 304 -
186.103.159.204 - - [23/May/2018:17:21:04 -0300] "GET /cormun/static/Shared/ext/ext-all.js HTTP/1.1" 304 -
186.103.159.204 - - [23/May/2018:17:21:04 -0300] "GET /cormun/static/gxui/gxui-all.js HTTP/1.1" 304 -
186.103.159.204 - - [23/May/2018:17:21:04 -0300] "GET /cormun/static/RunJS/RunJS.js HTTP/1.1" 304 -
186.103.159.204 - - [23/May/2018:17:21:04 -0300] "GET /cormun/static/PXToolsJavascripts/pexe_autoreload.js HTTP/1.1" 304 -
186.103.159.204 - - [23/May/2018:17:21:04 -0300] "GET /cormun/static/PXToolsJavascripts/pexe_cookies.js HTTP/1.1" 304 -
186.103.159.204 - - [23/May/2018:17:21:04 -0300] "GET /cormun/static/PXToolsJavascripts/pexe_windows.js HTTP/1.1" 304 -
186.103.159.204 - - [23/May/2018:17:21:04 -0300] "GET /cormun/static/PXToolsJavascripts/pexe_grid.js HTTP/1.1" 304 -
186.103.159.204 - - [23/May/2018:17:21:04 -0300] "GET /cormun/static/PXToolsJavascripts/pexe_griddivfix.js HTTP/1.1" 304 -
186.103.159.204 - - [23/May/2018:17:21:04 -0300] "GET /cormun/static/PXToolsJavascripts/pexe_link.js HTTP/1.1" 304 -
186.103.159.204 - - [23/May/2018:17:21:04 -0300] "GET /cormun/static/PXToolsJavascripts/pexe_menudivfix.js HTTP/1.1" 304 -
186.103.159.204 - - [23/May/2018:17:21:04 -0300] "GET /cormun/static/PXToolsJavascripts/pexe_menus.js HTTP/1.1" 304 -
186.103.159.204 - - [23/May/2018:17:21:04 -0300] "GET /cormun/static/PXToolsJavascripts/pexe_layers.js HTTP/1.1" 304 -
186.103.159.204 - - [23/May/2018:17:21:04 -0300] "GET /cormun/static/PXToolsJavascripts/pexe_oav.js HTTP/1.1" 304 -
186.103.159.204 - - [23/May/2018:17:21:04 -0300] "GET /cormun/static/PXToolsJavascripts/pexe_oavdivfix.js HTTP/1.1" 304 -
186.103.159.204 - - [23/May/2018:17:21:04 -0300] "GET /cormun/static/PXToolsJavascripts/pexe_picture.js HTTP/1.1" 304 -
186.103.159.204 - - [23/May/2018:17:21:04 -0300] "GET /cormun/static/PXToolsJavascripts/pexe_popup.js HTTP/1.1" 304 -
186.103.159.204 - - [23/May/2018:17:21:04 -0300] "GET /cormun/static/PXToolsJavascripts/pexe_scrolldiv.js HTTP/1.1" 304 -
186.103.159.204 - - [23/May/2018:17:21:04 -0300] "GET /cormun/static/PXToolsJavascripts/pexe_tabs.js HTTP/1.1" 304 -
186.103.159.204 - - [23/May/2018:17:21:04 -0300] "GET /cormun/static/PXToolsJavascripts/pexe_tabdivfix.js HTTP/1.1" 304 -
186.103.159.204 - - [23/May/2018:17:21:04 -0300] "GET /cormun/static/PXToolsJavascripts/pexe_upload.js HTTP/1.1" 304 -
186.103.159.204 - - [23/May/2018:17:21:04 -0300] "GET /cormun/static/PXToolsJavascripts/PXToolsJavascriptsRender.js HTTP/1.1" 304 -
186.103.159.204 - - [23/May/2018:17:21:04 -0300] "GET /cormun/static/Shared/ext/locale/ext-lang-en.js HTTP/1.1" 304 -
186.103.159.204 - - [23/May/2018:17:21:04 -0300] "GET /cormun/static/messages.spa.js?85251 HTTP/1.1" 304 -
186.103.159.204 - - [23/May/2018:17:21:04 -0300] "GET /cormun/static/gxdec.js?85251 HTTP/1.1" 304 -
186.103.159.204 - - [23/May/2018:17:21:04 -0300] "GET /cormun/static/trsolicitudot.js?201711142259839 HTTP/1.1" 304 -
186.103.159.204 - - [23/May/2018:17:21:04 -0300] "GET /cormun/static/hwchdr01.js?201752511465785 HTTP/1.1" 304 -
186.103.159.204 - - [23/May/2018:17:21:04 -0300] "GET /cormun/static/hpexe_recentlink.js?20177611595044 HTTP/1.1" 304 -
186.103.159.204 - - [23/May/2018:17:21:04 -0300] "GET /cormun/static/hpexe_scripts.js?201752511465715 HTTP/1.1" 304 -
186.103.159.204 - - [23/May/2018:17:21:04 -0300] "GET /cormun/static/hpexe_messagecontroller.js?20177611595012 HTTP/1.1" 304 -
186.103.159.204 - - [23/May/2018:17:21:04 -0300] "GET /cormun/static/hpexe_messagepopupcomponent.js?20161017169425 HTTP/1.1" 304 -
186.103.159.204 - - [23/May/2018:17:21:04 -0300] "GET /cormun/static/hpexe_messagegenexuscomponent.js?201752511465344 HTTP/1.1" 304 -
186.103.159.204 - - [23/May/2018:17:21:04 -0300] "GET /cormun/static/cmcontrolpreferences.js?201752511465670 HTTP/1.1" 304 -
186.103.159.204 - - [23/May/2018:17:21:04 -0300] "GET /cormun/static/Shared/jquery/jquery-1.4.2.min.js HTTP/1.1" 304 -
186.103.159.204 - - [23/May/2018:17:21:04 -0300] "GET /cormun/static/Shared/jquery/jquery-1.10.2.min.js HTTP/1.1" 304 -
186.103.159.204 - - [23/May/2018:17:21:04 -0300] "GET /cormun/static/Shared/jqueryui/jquery-ui.min.js HTTP/1.1" 304 -
186.103.159.204 - - [23/May/2018:17:21:04 -0300] "GET /cormun/static/SmoothNavMenu/resources/ddsmoothmenu.js HTTP/1.1" 304 -
186.103.159.204 - - [23/May/2018:17:21:04 -0300] "GET /cormun/static/SmoothNavMenu/resources/SmoothNavMenuRender.js HTTP/1.1" 304 -
186.103.159.204 - - [23/May/2018:17:21:04 -0300] "GET /cormun/static/scaMessage/js/jquery.pnotify.min.js HTTP/1.1" 304 -
186.103.159.204 - - [23/May/2018:17:21:04 -0300] "GET /cormun/static/scaMessage/scaMessageRender.js HTTP/1.1" 304 -
186.103.159.204 - - [23/May/2018:17:21:04 -0300] "GET /cormun/static/hmpwkw03.js?20177612122668 HTTP/1.1" 304 -
186.103.159.204 - - [23/May/2018:17:21:04 -0300] "GET /cormun/static/Resources/logo4.png HTTP/1.1" 304 -
186.103.159.204 - - [23/May/2018:17:21:04 -0300] "GET /cormun/static/Resources/PXToolsHeaderActionsLeft.png HTTP/1.1" 304 -
186.103.159.204 - - [23/May/2018:17:21:04 -0300] "GET /cormun/static/Resources/PXToolsHeaderHome.png HTTP/1.1" 304 -
186.103.159.204 - - [23/May/2018:17:21:04 -0300] "GET /cormun/static/Resources/PXToolsHeaderLogin.png HTTP/1.1" 304 -
186.103.159.204 - - [23/May/2018:17:21:04 -0300] "GET /cormun/static/Resources/PXToolsHeaderPreferences.png HTTP/1.1" 304 -
186.103.159.204 - - [23/May/2018:17:21:04 -0300] "GET /cormun/static/Resources/PXToolsHeaderSecurity.png HTTP/1.1" 304 -
186.103.159.204 - - [23/May/2018:17:21:04 -0300] "GET /cormun/static/Resources/PXToolsHeaderActionsRight.png HTTP/1.1" 304 -
186.103.159.204 - - [23/May/2018:17:21:04 -0300] "GET /cormun/static/Resources/PXTools/calendar.png HTTP/1.1" 304 -
186.103.159.204 - - [23/May/2018:17:21:04 -0300] "GET /cormun/static/Resources/PXToolsDataSearch.png HTTP/1.1" 304 -
186.103.159.204 - - [23/May/2018:17:21:04 -0300] "GET /cormun/static/Resources/PXToolsGridFirstDisabled.gif HTTP/1.1" 304 -
186.103.159.204 - - [23/May/2018:17:21:04 -0300] "GET /cormun/static/Resources/PXToolsGridPreviousDisabled.gif HTTP/1.1" 304 -
186.103.159.204 - - [23/May/2018:17:21:04 -0300] "GET /cormun/static/Resources/PXToolsGridNextDisabled.gif HTTP/1.1" 304 -
186.103.159.204 - - [23/May/2018:17:21:04 -0300] "GET /cormun/static/Resources/PXToolsGridLastDisabled.gif HTTP/1.1" 304 -
186.103.159.204 - - [23/May/2018:17:21:04 -0300] "GET /cormun/static/Resources/PXToolsGridPage.gif HTTP/1.1" 304 -
186.103.159.204 - - [23/May/2018:17:21:04 -0300] "GET /cormun/static/Resources/PXToolsActionExcel.png HTTP/1.1" 304 -
186.103.159.204 - - [23/May/2018:17:21:04 -0300] "GET /cormun/static/Resources/PXToolsGridNew.png HTTP/1.1" 304 -
186.103.159.204 - - [23/May/2018:17:21:04 -0300] "GET /cormun/static/Resources/PXToolsFooterBackground2.png HTTP/1.1" 304 -
186.103.159.204 - - [23/May/2018:17:21:04 -0300] "GET /cormun/static/Resources/PXToolsHeaderBackground2.png HTTP/1.1" 304 -
186.103.159.204 - - [23/May/2018:17:21:04 -0300] "GET /cormun/static/Resources/PXToolsHeaderActionsBackground.png HTTP/1.1" 304 -
186.103.159.204 - - [23/May/2018:17:21:04 -0300] "GET /cormun/static/Resources/PXToolsDataTitle.png HTTP/1.1" 304 -
186.103.159.204 - - [23/May/2018:17:21:04 -0300] "GET /cormun/static/Resources/indicator.gif HTTP/1.1" 304 -
186.103.159.204 - - [23/May/2018:17:21:05 -0300] "GET /cormun/static/Resources/asc.gif HTTP/1.1" 304 -
186.103.159.204 - - [23/May/2018:17:21:05 -0300] "GET /cormun/static/Resources/desc.gif HTTP/1.1" 304 -
186.103.159.204 - - [23/May/2018:17:21:05 -0300] "GET /cormun//static/Resources/PXToolsGridUpdate.png HTTP/1.1" 304 -
186.103.159.204 - - [23/May/2018:17:21:05 -0300] "GET /cormun//static/Resources/PXToolsGridDelete.png HTTP/1.1" 304 -
186.103.159.204 - - [23/May/2018:17:21:05 -0300] "GET /cormun//static/Resources/PXToolsActionView.png HTTP/1.1" 304 -
186.103.159.204 - - [23/May/2018:17:21:05 -0300] "GET /cormun//static/Resources/PXTools/ActionInsert.png HTTP/1.1" 304 -
186.103.159.204 - - [23/May/2018:17:21:05 -0300] "GET /cormun/static/SmoothNavMenu/resources/images/down.gif HTTP/1.1" 304 -
186.103.159.204 - - [23/May/2018:17:21:05 -0300] "GET /cormun/static/SmoothNavMenu/resources/images/right.gif HTTP/1.1" 304 -
186.103.159.204 - - [23/May/2018:17:21:05 -0300] "GET /cormun//static/Resources/PXToolsRemoveAllAction.png HTTP/1.1" 304 -
186.103.159.204 - - [23/May/2018:17:21:05 -0300] "GET /cormun/static/Shared/ext/resources/themes/images/default/panel/bg-headersPanel.png HTTP/1.1" 304 -
186.103.159.204 - - [23/May/2018:17:21:05 -0300] "GET /cormun/static/Shared/ext/resources/themes/images/default/tools/tool-sprites.gif HTTP/1.1" 304 -
186.103.159.204 - - [23/May/2018:17:21:05 -0300] "GET /cormun/servlet/trsolicitudot HTTP/1.1" 200 25459
200.111.122.170 - - [23/May/2018:17:21:09 -0300] "POST /cormun/servlet/solicitudot?gx-no-cache=1527106809693 HTTP/1.1" 200 30
200.111.122.170 - - [23/May/2018:17:21:41 -0300] "POST /cormun/servlet/solicitudot?gx-no-cache=1527106840494 HTTP/1.1" 200 1351
200.111.122.170 - - [23/May/2018:17:21:48 -0300] "POST /cormun/servlet/solicitudot?gx-no-cache=1527106847037 HTTP/1.1" 200 1249
200.111.122.170 - - [23/May/2018:17:21:49 -0300] "GET /cormun/servlet/solicitudot?10fbca227db3e49d0c0e4c5875df9911fd46b81922a72e56270e09a084cc6427f776243085959678cadd4a3a79959810,gx-no-cache=1527106849130 HTTP/1.1" 200 30
200.111.122.170 - - [23/May/2018:17:21:49 -0300] "POST /cormun/servlet/solicitudot?gx-no-cache=1527106849426 HTTP/1.1" 200 30
200.111.122.170 - - [23/May/2018:17:21:52 -0300] "POST /cormun/servlet/solicitudot?62b300f103ad4901ef38925eea5ec036,INS,0,0,,gx-no-cache=1527106849633 HTTP/1.1" 200 93
186.103.159.230 - - [23/May/2018:17:21:53 -0300] "GET /cormun/servlet/solicitudot?2f1c9ae9f35192157f6084d870460b3d3055a6e69b7c96c52c6f24330318d988ab6d5007fe09701b8d4d78060760472364a7b8cf5181a520f9c62149a1c71b5981a914f7a96d9f5b574e646f038f9b550039768580f6e2050c090681a5014cc2b00153b6cd4225739c7449e66c103adb071b3371430e6a30f3620b4706372f072c7123cdb6266138767c2c33e5eccde5db140bd43553bbe6a32536f75682495ce7877b147b4033014ceee46cd9dbca220f19c6b526a56383aefee8fcde3793e090adf66b3781a40844e4275e600c772fee17221f85be31414ba9177c1e3c68cddef0fd62a14f303b92e211a09d84bd96302cae37050efb532372d1425df017c1b3d03ca70d7a512a71e63932960b6a9d9a4eacbdb1c2d163003e9846472a09859070f3778e050278ba0d43396390272f1f304291ca6592708908e69d488c6cb08fff0833896dd33047d973a20df40cd384641dc0253880a1240beecf034bc412f3aa0cb1d849d104a17e97815411f9cb8f4583c823ea4ff2aef9f021275aefe55fd9d76930ce94869ad57c9d302a05e4,gx-no-cache=1527106851193 HTTP/1.1" 200 30
186.103.159.230 - - [23/May/2018:17:21:53 -0300] "POST /cormun/servlet/solicitudot?gx-no-cache=1527106851578 HTTP/1.1" 200 30
186.103.159.230 - - [23/May/2018:17:21:53 -0300] "POST /cormun/servlet/solicitudot?gx-no-cache=1527106851659 HTTP/1.1" 200 75
186.103.159.230 - - [23/May/2018:17:21:53 -0300] "POST /cormun/servlet/solicitudot?gx-no-cache=1527106851719 HTTP/1.1" 200 38
186.103.159.230 - - [23/May/2018:17:21:53 -0300] "GET /cormun/servlet/solicitudot?2f1c9ae9f35192157f6084d870460b3dc3e77148831af851cb702a0879d3e1088d001dd40aefeb17f3fec4f8613ca88254053d81a427804e0d636f7f787850fe1f1e1b71c15b17d70f0832221cecb0baf394c6ca58ec06c664bc2dd2f9f1b2ec6341f598628ff5a3de87230ca18f72e8cf2535c116b82c8bad3a10ce5b13c59927c920c3fb91afd982882812cec80649eb8c133fdd9fd521ab2f13d2d22ce6aa51bd03addcfa39604f8090253d008a6517303cba3d29e472a78ead11d06e5a55,gx-no-cache=1527106851769 HTTP/1.1" 200 62
186.103.159.230 - - [23/May/2018:17:21:53 -0300] "GET /cormun/servlet/solicitudot?7a93ca49772dabf0d0257d87c062ab4af8a37c9526d2b2ad2f77ce51c7aa4980913582ba6cd0183785b656db8966fcb1711d0bcf500701883963ecf894cbfd43427bfa2522714004397d734b2b43b188,gx-no-cache=1527106851819 HTTP/1.1" 200 55
200.111.122.170 - - [23/May/2018:17:21:55 -0300] "GET /cormun/servlet/hpexe_return? HTTP/1.1" 200 1010
190.151.100.218 - - [23/May/2018:17:21:57 -0300] "GET /cormun/static/gxcfg.js?2016101716175148 HTTP/1.1" 200 953
190.151.100.218 - - [23/May/2018:17:21:58 -0300] "GET /cormun/static/hpexe_return.js?2016101716175153 HTTP/1.1" 200 1633
186.103.159.230 - - [23/May/2018:17:21:59 -0300] "GET /cormun/servlet/solicitudot?2f1c9ae9f35192157f6084d870460b3d3055a6e69b7c96c52c6f24330318d988ab6d5007fe09701b8d4d78060760472364a7b8cf5181a520f9c62149a1c71b5981a914f7a96d9f5b574e646f038f9b550039768580f6e2050c090681a5014cc2b00153b6cd4225739c7449e66c103adb071b3371430e6a30f3620b4706372f072c7123cdb6266138767c2c33e5eccde5db140bd43553bbe6a32536f75682495ce7877b147b4033014ceee46cd9dbca220f19c6b526a56383aefee8fcde3793e090adf66b3781a40844e4275e600c772fee17221f85be31414ba9177c1e3c68cddef0fd62a14f303b92e211a09d84bd96302cae37050efb532372d1425df017c1b3d03ca70d7a512a71e63932960b6a9d9a4eacbdb1c2d163003e9846472a09859070f3778e050278ba0d43396390272f1f304291ca6592708908e69d488c6cb08fff0833896dd33047d973a20df40cd384641dc0253880a1240beecf034bc412f3aa0cb1d849d104a17e97815411f9cb8f4583c823ea4ff2aef9f021275aefe55fd9d76930ce94869ad57c9d302a05e4,gx-no-cache=1527106857467 HTTP/1.1" 200 30
186.103.159.230 - - [23/May/2018:17:21:59 -0300] "POST /cormun/servlet/solicitudot?gx-no-cache=1527106857800 HTTP/1.1" 200 30
186.103.159.230 - - [23/May/2018:17:21:59 -0300] "POST /cormun/servlet/solicitudot?gx-no-cache=1527106857848 HTTP/1.1" 200 75
186.103.159.230 - - [23/May/2018:17:21:59 -0300] "POST /cormun/servlet/solicitudot?gx-no-cache=1527106857898 HTTP/1.1" 200 38
186.103.159.230 - - [23/May/2018:17:21:59 -0300] "GET /cormun/servlet/solicitudot?2f1c9ae9f35192157f6084d870460b3dc3e77148831af851cb702a0879d3e1088d001dd40aefeb17f3fec4f8613ca88254053d81a427804e0d636f7f787850fe1f1e1b71c15b17d70f0832221cecb0baf394c6ca58ec06c664bc2dd2f9f1b2ec6341f598628ff5a3de87230ca18f72e8cf2535c116b82c8bad3a10ce5b13c59927c920c3fb91afd982882812cec80649eb8c133fdd9fd521ab2f13d2d22ce6aa51bd03addcfa39604f8090253d008a6517303cba3d29e472a78ead11d06e5a55,gx-no-cache=1527106857945 HTTP/1.1" 200 62
186.103.159.230 - - [23/May/2018:17:21:59 -0300] "GET /cormun/servlet/solicitudot?7a93ca49772dabf0d0257d87c062ab4af8a37c9526d2b2ad2f77ce51c7aa4980913582ba6cd0183785b656db8966fcb1711d0bcf500701883963ecf894cbfd43427bfa2522714004397d734b2b43b188,gx-no-cache=1527106857994 HTTP/1.1" 200 55
186.103.159.230 - - [23/May/2018:17:22:01 -0300] "GET /cormun/servlet/solicitudot?2f1c9ae9f35192157f6084d870460b3d67238fdc43114fc032b74b4a7786ac034fc37e0865fb9a269e5d3837b0dc27c1,gx-no-cache=1527106859656 HTTP/1.1" 200 30
200.111.122.170 - - [23/May/2018:17:22:02 -0300] "GET /cormun/static/Resources/Spanish/PXTools.css?167811 HTTP/1.1" 200 89042
200.111.122.170 - - [23/May/2018:17:22:03 -0300] "GET /cormun/servlet/trsolicitudot HTTP/1.1" 200 8790
200.111.122.170 - - [23/May/2018:17:22:03 -0300] "GET /cormun/servlet/trsolicitudot HTTP/1.1" 200 8786
190.151.100.218 - - [23/May/2018:17:22:03 -0300] "GET /cormun//static/Resources/PXToolsActionView.png HTTP/1.1" 200 2995
190.151.100.218 - - [23/May/2018:17:22:03 -0300] "GET /cormun//static/Resources/PXToolsGridUpdate.png HTTP/1.1" 200 2984
200.111.122.170 - - [23/May/2018:17:22:04 -0300] "GET /cormun//static/Resources/PXToolsGridDelete.png HTTP/1.1" 200 357
190.151.100.218 - - [23/May/2018:17:22:04 -0300] "GET /cormun//static/Resources/PXTools/ActionInsert.png HTTP/1.1" 200 1482
190.151.100.218 - - [23/May/2018:17:22:04 -0300] "GET /cormun//static/Resources/PXToolsRemoveAllAction.png HTTP/1.1" 200 3558
190.151.100.218 - - [23/May/2018:17:22:11 -0300] "GET /cormun/servlet/solicitudot?INS,0,0, HTTP/1.1" 200 13643
186.103.159.230 - - [23/May/2018:17:22:11 -0300] "POST /cormun/servlet/solicitudot?gx-no-cache=1527106869617 HTTP/1.1" 200 30
190.151.100.218 - - [23/May/2018:17:22:11 -0300] "GET /cormun/servlet/solicitudot?INS,0,0, HTTP/1.1" 200 13648
190.46.88.10 - - [23/May/2018:17:22:32 -0300] "GET /cormun/servlet/hlogin HTTP/1.1" 200 1722
190.46.88.10 - - [23/May/2018:17:22:32 -0300] "GET /cormun/servlet/hlogin HTTP/1.1" 200 1728
190.46.88.10 - - [23/May/2018:17:22:45 -0300] "POST /cormun/servlet/hlogin?1ad88764619fa4e3227c6133235dfa81,gx-no-cache=1527106904952 HTTP/1.1" 200 90
190.46.88.10 - - [23/May/2018:17:22:45 -0300] "GET /cormun/servlet/hpexe_link HTTP/1.1" 200 949
190.46.88.10 - - [23/May/2018:17:22:45 -0300] "GET /cormun/servlet/hhome HTTP/1.1" 200 4230
190.46.88.10 - - [23/May/2018:17:22:46 -0300] "GET /cormun/servlet/hhome HTTP/1.1" 200 4226
186.103.159.230 - - [23/May/2018:17:23:16 -0300] "GET /cormun/servlet/solicitudot?2f1c9ae9f35192157f6084d870460b3dc3e77148831af851cb702a0879d3e1088d001dd40aefeb17f3fec4f8613ca88254053d81a427804e0d636f7f787850fe1f1e1b71c15b17d70f0832221cecb0baf394c6ca58ec06c664bc2dd2f9f1b2ec6341f598628ff5a3de87230ca18f72e8cf2535c116b82c8bad3a10ce5b13c59927c920c3fb91afd982882812cec80649eb8c133fdd9fd521ab2f13d2d22ce6aa51bd03addcfa39604f8090253d008a6517303cba3d29e472a78ead11d06e5a55,gx-no-cache=1527106934293 HTTP/1.1" 200 62
186.103.159.230 - - [23/May/2018:17:23:16 -0300] "GET /cormun/servlet/solicitudot?7a93ca49772dabf0d0257d87c062ab4af8a37c9526d2b2ad2f77ce51c7aa4980913582ba6cd0183785b656db8966fcb1711d0bcf500701883963ecf894cbfd43427bfa2522714004397d734b2b43b188,gx-no-cache=1527106934352 HTTP/1.1" 200 55
186.103.159.230 - - [23/May/2018:17:23:16 -0300] "GET /cormun/servlet/solicitudot?2f1c9ae9f35192157f6084d870460b3d67238fdc43114fc032b74b4a7786ac034fc37e0865fb9a269e5d3837b0dc27c1,gx-no-cache=1527106934383 HTTP/1.1" 200 30
186.103.159.230 - - [23/May/2018:17:23:16 -0300] "POST /cormun/servlet/solicitudot?gx-no-cache=1527106934417 HTTP/1.1" 200 30
190.46.88.10 - - [23/May/2018:17:23:19 -0300] "GET /cormun/servlet/trautorizarsolicitud? HTTP/1.1" 200 7336
186.103.159.46 - - [23/May/2018:17:23:19 -0300] "POST /cormun/servlet/solicitudot?gx-no-cache=1527106936708 HTTP/1.1" 200 3423
190.46.88.10 - - [23/May/2018:17:23:19 -0300] "GET /cormun/servlet/trautorizarsolicitud? HTTP/1.1" 200 7335
186.103.159.46 - - [23/May/2018:17:23:19 -0300] "POST /cormun/servlet/solicitudot?4795050d5cebc92e73967b9d2b30e4b1,INS,0,0,,gx-no-cache=1527106937117 HTTP/1.1" 200 10382
190.151.100.218 - - [23/May/2018:17:23:20 -0300] "POST /cormun/servlet/solicitudot?gx-no-cache=1527106907842 HTTP/1.1" 200 3409
190.46.88.10 - - [23/May/2018:17:23:33 -0300] "GET /cormun/servlet/trlicencias? HTTP/1.1" 200 14029
190.46.88.10 - - [23/May/2018:17:23:34 -0300] "GET /cormun/servlet/trlicencias? HTTP/1.1" 200 13953
186.103.159.46 - - [23/May/2018:17:23:38 -0300] "GET /cormun/servlet/solicitudot?187ac2ea39fa6d2406bf14b4480ce6687bf27fc0ae3ce575f6bb369cb171d4972746b20c1e09afc9557bb13db2ed6fe7,gx-no-cache=1527106955724 HTTP/1.1" 200 30
186.103.159.230 - - [23/May/2018:17:23:41 -0300] "POST /cormun/servlet/solicitudot?gx-no-cache=1527106959473 HTTP/1.1" 200 257
186.103.159.230 - - [23/May/2018:17:23:43 -0300] "GET /cormun/servlet/solicitudot?2f1c9ae9f35192157f6084d870460b3d3055a6e69b7c96c52c6f24330318d988678ab40f172c702403783caaa8a60e5164a7b8cf5181a520f9c62149a1c71b5981a914f7a96d9f5b574e646f038f9b550039768580f6e2050c090681a5014cc2b00153b6cd4225739c7449e66c103adb071b3371430e6a30f3620b4706372f072c7123cdb6266138767c2c33e5eccde5db140bd43553bbe6a32536f75682495ce7877b147b4033014ceee46cd9dbca220f19c6b526a56383aefee8fcde3793e090adf66b3781a40844e4275e600c772fee17221f85be31414ba9177c1e3c68cddef0fd62a14f303b92e211a09d84bd96302cae37050efb532372d1425df017c1b3d03ca70d7a512a71e63932960b6a9d9a4eacbdb1c2d163003e9846472a09859070f3778e050278ba0d43396390272f1f304291ca6592708908e69d488c6cb0a4bf906746245707982810775d791610079163507581cae7459186c4e610aa364086354270b265e52fe9dc5c4153542a0ef02c6f08ea182d05551f56f599e352,gx-no-cache=1527106961651 HTTP/1.1" 200 30
186.103.159.230 - - [23/May/2018:17:23:43 -0300] "POST /cormun/servlet/solicitudot?gx-no-cache=1527106961998 HTTP/1.1" 200 30
186.103.159.230 - - [23/May/2018:17:23:43 -0300] "POST /cormun/servlet/solicitudot?gx-no-cache=1527106962052 HTTP/1.1" 200 75
186.103.159.230 - - [23/May/2018:17:23:43 -0300] "POST /cormun/servlet/solicitudot?gx-no-cache=1527106962114 HTTP/1.1" 200 41
190.151.100.218 - - [23/May/2018:17:23:47 -0300] "POST /cormun/servlet/solicitudot?62b300f103ad4901ef38925eea5ec036,INS,0,0,,gx-no-cache=1527106944116 HTTP/1.1" 200 10591
186.103.159.230 - - [23/May/2018:17:23:51 -0300] "GET /cormun/servlet/solicitudot?2f1c9ae9f35192157f6084d870460b3dc3e77148831af851cb702a0879d3e1088d001dd40aefeb17f3fec4f8613ca88254053d81a427804e0d636f7f787850fe1f1e1b71c15b17d70f0832221cecb0baf394c6ca58ec06c664bc2dd2f9f1b2ec6341f598628ff5a3de87230ca18f72e8cf2535c116b82c8bad3a10ce5b13c59927c920c3fb91afd982882812cec80649eb8c133fdd9fd521ab2f13d2d22ce6aa51bd03addcfa39604f8090253d008a6517303cba3d29e472a78ead11d06e5a55,gx-no-cache=1527106970093 HTTP/1.1" 200 62
186.103.159.230 - - [23/May/2018:17:23:51 -0300] "GET /cormun/servlet/solicitudot?7a93ca49772dabf0d0257d87c062ab4af8a37c9526d2b2ad2f77ce51c7aa4980913582ba6cd0183785b656db8966fcb1711d0bcf500701883963ecf894cbfd43427bfa2522714004397d734b2b43b188,gx-no-cache=1527106970136 HTTP/1.1" 200 55
186.103.159.230 - - [23/May/2018:17:23:51 -0300] "GET /cormun/servlet/solicitudot?2f1c9ae9f35192157f6084d870460b3d67238fdc43114fc032b74b4a7786ac034fc37e0865fb9a269e5d3837b0dc27c1,gx-no-cache=1527106970171 HTTP/1.1" 200 30
186.103.159.230 - - [23/May/2018:17:23:51 -0300] "POST /cormun/servlet/solicitudot?gx-no-cache=1527106970212 HTTP/1.1" 200 30
186.103.159.230 - - [23/May/2018:17:23:52 -0300] "POST /cormun/servlet/solicitudot?3473bf153ee2ecda4b0fe953e46e0fcb,INS,0,0,,gx-no-cache=1527106970258 HTTP/1.1" 200 93
186.103.159.230 - - [23/May/2018:17:23:52 -0300] "GET /cormun/servlet/hpexe_return? HTTP/1.1" 200 1005
186.103.159.230 - - [23/May/2018:17:23:52 -0300] "GET /cormun/static/gxcfg.js?2016101716175148 HTTP/1.1" 304 -
186.103.159.230 - - [23/May/2018:17:23:52 -0300] "GET /cormun/servlet/trsolicitudot HTTP/1.1" 200 8700
186.103.159.230 - - [23/May/2018:17:23:52 -0300] "GET /cormun/servlet/trsolicitudot HTTP/1.1" 200 8698
186.103.159.230 - - [23/May/2018:17:23:56 -0300] "POST /cormun/servlet/trsolicitudot?3473bf153ee2ecda4b0fe953e46e0fcb,gx-no-cache=1527106974703 HTTP/1.1" 200 107
186.103.159.230 - - [23/May/2018:17:23:56 -0300] "GET /cormun/servlet/trsolicitudadjuntos?2018,11526, HTTP/1.1" 200 6269
186.103.159.230 - - [23/May/2018:17:23:56 -0300] "GET /cormun/static/gxcfg.js?20177612135366 HTTP/1.1" 200 953
186.103.159.230 - - [23/May/2018:17:23:57 -0300] "GET /cormun/servlet/trsolicitudadjuntos?2018,11526, HTTP/1.1" 200 6269
186.103.159.230 - - [23/May/2018:17:24:02 -0300] "GET /cormun/servlet/solicitudotadjuntos?INS,2018,11526,,1, HTTP/1.1" 200 6216
186.103.159.230 - - [23/May/2018:17:24:02 -0300] "GET /cormun/static/gxcfg.js?2017761244068 HTTP/1.1" 304 -
186.103.159.230 - - [23/May/2018:17:24:02 -0300] "GET /cormun/static/about:blank HTTP/1.1" 404 1011
186.103.159.230 - - [23/May/2018:17:24:02 -0300] "GET /cormun/servlet/solicitudotadjuntos?INS,2018,11526,,1, HTTP/1.1" 200 6210
186.103.159.230 - - [23/May/2018:17:24:03 -0300] "GET /cormun/servlet/solicitudotadjuntos?2f1c9ae9f35192157f6084d870460b3d5df39921b8bea001b55fb82a006fa999bb76ae91420f648f9bb140ac3451d2a3,gx-no-cache=1527106981318 HTTP/1.1" 200 30
186.103.159.230 - - [23/May/2018:17:24:03 -0300] "POST /cormun/servlet/solicitudotadjuntos?3473bf153ee2ecda4b0fe953e46e0fcb,INS,2018,11526,,1,,gx-no-cache=1527106981365 HTTP/1.1" 200 3983
186.103.159.204 - - [23/May/2018:17:24:11 -0300] "GET /cormun/servlet/trautorizarpermisogoce? HTTP/1.1" 200 6978
186.103.159.204 - - [23/May/2018:17:24:11 -0300] "GET /cormun/servlet/trautorizarpermisogoce? HTTP/1.1" 200 6978
186.103.159.204 - - [23/May/2018:17:24:11 -0300] "GET /cormun/servlet/trautorizarpermisogoce? HTTP/1.1" 200 6914
186.103.159.204 - - [23/May/2018:17:24:11 -0300] "GET /cormun/servlet/trautorizarpermisogoce? HTTP/1.1" 200 6914
186.103.159.204 - - [23/May/2018:17:24:11 -0300] "GET /cormun/servlet/trautorizarpermisogoce? HTTP/1.1" 200 6978
186.103.159.204 - - [23/May/2018:17:24:11 -0300] "GET /cormun/servlet/trautorizarpermisogoce? HTTP/1.1" 200 6914
186.103.159.204 - - [23/May/2018:17:24:11 -0300] "GET /cormun/servlet/trautorizarpermisogoce? HTTP/1.1" 200 6914
186.103.159.204 - - [23/May/2018:17:24:11 -0300] "GET /cormun/servlet/trautorizarpermisogoce? HTTP/1.1" 200 6914
186.103.159.204 - - [23/May/2018:17:24:11 -0300] "GET /cormun/servlet/trautorizarpermisogoce? HTTP/1.1" 200 6914
186.103.159.204 - - [23/May/2018:17:24:11 -0300] "GET /cormun/servlet/trautorizarpermisogoce? HTTP/1.1" 200 6978
186.103.159.204 - - [23/May/2018:17:24:11 -0300] "GET /cormun/servlet/trautorizarpermisogoce? HTTP/1.1" 200 6914
186.103.159.204 - - [23/May/2018:17:24:12 -0300] "GET /cormun/servlet/trautorizarpermisogoce? HTTP/1.1" 200 6914
186.103.159.204 - - [23/May/2018:17:24:12 -0300] "GET /cormun/servlet/trautorizarpermisogoce? HTTP/1.1" 200 6978
186.103.159.204 - - [23/May/2018:17:24:12 -0300] "GET /cormun/servlet/trautorizarpermisogoce? HTTP/1.1" 200 6914
186.103.159.204 - - [23/May/2018:17:24:12 -0300] "GET /cormun/servlet/trautorizarpermisogoce? HTTP/1.1" 200 6914
186.103.159.204 - - [23/May/2018:17:24:12 -0300] "GET /cormun/servlet/trautorizarpermisogoce? HTTP/1.1" 200 6978
186.103.159.204 - - [23/May/2018:17:24:12 -0300] "GET /cormun/servlet/trautorizarpermisogoce? HTTP/1.1" 200 6978
186.103.159.204 - - [23/May/2018:17:24:12 -0300] "GET /cormun/servlet/trautorizarpermisogoce? HTTP/1.1" 200 6978
186.103.159.204 - - [23/May/2018:17:24:12 -0300] "GET /cormun/servlet/trautorizarpermisogoce? HTTP/1.1" 200 6978
186.103.159.204 - - [23/May/2018:17:24:12 -0300] "GET /cormun/servlet/trautorizarpermisogoce? HTTP/1.1" 200 6978
186.103.159.204 - - [23/May/2018:17:24:12 -0300] "GET /cormun/servlet/trautorizarpermisogoce? HTTP/1.1" 200 6978
186.103.159.204 - - [23/May/2018:17:24:12 -0300] "GET /cormun/servlet/trautorizarpermisogoce? HTTP/1.1" 200 6978
186.103.159.204 - - [23/May/2018:17:24:12 -0300] "GET /cormun/servlet/trautorizarpermisogoce? HTTP/1.1" 200 6978
186.103.159.204 - - [23/May/2018:17:24:12 -0300] "GET /cormun/servlet/trautorizarpermisogoce? HTTP/1.1" 200 6978
186.103.159.204 - - [23/May/2018:17:24:12 -0300] "GET /cormun/servlet/trautorizarpermisogoce? HTTP/1.1" 200 6978
186.103.159.204 - - [23/May/2018:17:24:12 -0300] "GET /cormun/static/gxcfg.js?20177612165975 HTTP/1.1" 200 953
186.103.159.204 - - [23/May/2018:17:24:12 -0300] "GET /cormun/static/trautorizarpermisogoce.js?2017761217384 HTTP/1.1" 304 -
186.103.159.204 - - [23/May/2018:17:24:13 -0300] "GET /cormun/servlet/trautorizarpermisogoce? HTTP/1.1" 200 6978
186.103.159.204 - - [23/May/2018:17:24:24 -0300] "POST /cormun/servlet/trautorizarpermisogoce?c3304f1840aeeb62879d3fcdfaca2933,,gx-no-cache=1527107001587 HTTP/1.1" 200 9806
186.103.159.204 - - [23/May/2018:17:24:24 -0300] "GET /cormun//static/Resources/PXToolsGridDisplay.png HTTP/1.1" 200 362
186.103.159.204 - - [23/May/2018:17:24:24 -0300] "GET /cormun//static/Resources/PXToolsHeaderFavorites.png HTTP/1.1" 200 2744
186.103.159.204 - - [23/May/2018:17:24:24 -0300] "GET /cormun//static/Resources/PXToolsActionDisabled.gif HTTP/1.1" 200 53
186.103.159.204 - - [23/May/2018:17:24:24 -0300] "GET /cormun//static/Resources/PXToolsHeaderHelp.png HTTP/1.1" 200 4055
186.103.159.204 - - [23/May/2018:17:24:24 -0300] "GET /cormun//static/Resources/PXToolsActionPrint.png HTTP/1.1" 200 3317
186.103.159.230 - - [23/May/2018:17:24:38 -0300] "POST /cormun/servlet/solicitudotadjuntos?gx-no-cache=1527107017002 HTTP/1.1" 200 26
190.46.88.10 - - [23/May/2018:17:24:42 -0300] "GET /cormun/servlet/trinasistenciaautorizar? HTTP/1.1" 200 6977
190.46.88.10 - - [23/May/2018:17:24:42 -0300] "GET /cormun/static/gxcfg.js?2017761218286 HTTP/1.1" 200 953
190.46.88.10 - - [23/May/2018:17:24:43 -0300] "GET /cormun/static/trinasistenciaautorizar.js?20177612183222 HTTP/1.1" 200 32528
186.103.159.46 - - [23/May/2018:17:24:43 -0300] "GET /cormun/servlet/solicitudot?187ac2ea39fa6d2406bf14b4480ce668827d9aa088e818212788efc8c0b37652f7ca40559a01e6e9d51ab0fb698666b46fc2d1525edd7703250dee61fa4c9f86,gx-no-cache=1527107020580 HTTP/1.1" 200 30
190.46.88.10 - - [23/May/2018:17:24:43 -0300] "GET /cormun/servlet/trinasistenciaautorizar? HTTP/1.1" 200 6977
186.103.159.46 - - [23/May/2018:17:24:43 -0300] "GET /cormun/servlet/solicitudot?187ac2ea39fa6d2406bf14b4480ce66810d3769ff72f7d5934ac72c1e579b196,gx-no-cache=1527107020774 HTTP/1.1" 200 53
186.103.159.46 - - [23/May/2018:17:24:43 -0300] "POST /cormun/servlet/solicitudot?gx-no-cache=1527107020858 HTTP/1.1" 200 255
186.103.159.46 - - [23/May/2018:17:24:43 -0300] "GET /cormun/servlet/solicitudot?187ac2ea39fa6d2406bf14b4480ce6686ac5a855ae804ddc7c65144e3070c9e0a3612c6b024f04879c205cc0a10f7c4a844591bd8aa71cf654482b29a74f8af12e8c8e449bbbaf626c883fe339301855f06ff04e1c28660e38521085aaf2f15246e9b8e9154db9ecf6ea011eb6a4864a5a11fce0890b6ce79af8c47b2022cafdb96a33310f2662cbc6004b66e770a5f0d986862ff98ddb0e096fb8e8e77074c2b58827586be18a9ac647290e25a413d06f49f82cecd6ef309c8cda7930b371263da964911f5c7cbbf9d981de553a659ce4dc29bfde04728b1d8f4717afdcd6d2f620ec86112f1728a02dcc3f4919500d974f7eb8ca6370f2b9cc11f7262fd354cc50275a793d7ed6723173934d268231890c472164247ff4d2198250dd6a304ad1b539f6550b8594fc78afdfee538dd2eaf20b3ecbf592d14ec1c1fa02f4f2e953fb2881893e6b896bc8065426be5278820e155eec2c408dde12b06e72d73c388e7a27c9a64cc5d23e29e4b74424bc528a031eb599aed0d0d4703ddecd470672,gx-no-cache=1527107020977 HTTP/1.1" 200 30
190.46.88.10 - - [23/May/2018:17:24:47 -0300] "GET /cormun/servlet/hlogin HTTP/1.1" 200 1721
186.103.159.46 - - [23/May/2018:17:24:47 -0300] "POST /cormun/servlet/solicitudot?gx-no-cache=1527107024656 HTTP/1.1" 200 30
190.46.88.10 - - [23/May/2018:17:24:47 -0300] "GET /cormun/servlet/trlicencias? HTTP/1.1" 200 14048
190.46.88.10 - - [23/May/2018:17:24:48 -0300] "GET /cormun/servlet/trlicencias? HTTP/1.1" 200 13953
186.103.159.204 - - [23/May/2018:17:24:56 -0300] "POST /cormun/servlet/trautorizarpermisogoce?c3304f1840aeeb62879d3fcdfaca2933,,gx-no-cache=1527107033967 HTTP/1.1" 200 8609
190.46.88.10 - - [23/May/2018:17:25:01 -0300] "POST /cormun/servlet/hlogin?33ac94887d0e1fdef250c51bb4d4c779,gx-no-cache=1527107042185 HTTP/1.1" 200 430
200.54.247.70 - - [23/May/2018:17:25:09 -0300] "GET /cormun/servlet/hlogin HTTP/1.1" 200 1723
186.103.159.46 - - [23/May/2018:17:25:09 -0300] "POST /cormun/servlet/solicitudot?gx-no-cache=1527107047098 HTTP/1.1" 200 1368
186.103.159.46 - - [23/May/2018:17:25:10 -0300] "POST /cormun/servlet/solicitudot?gx-no-cache=1527107047345 HTTP/1.1" 200 38
190.46.88.10 - - [23/May/2018:17:25:11 -0300] "POST /cormun/servlet/hlogin?33ac94887d0e1fdef250c51bb4d4c779,gx-no-cache=1527107051910 HTTP/1.1" 200 90
190.46.88.10 - - [23/May/2018:17:25:11 -0300] "GET /cormun/servlet/hpexe_link HTTP/1.1" 200 951
190.46.88.10 - - [23/May/2018:17:25:11 -0300] "GET /cormun/servlet/hhome HTTP/1.1" 200 4231
190.46.88.10 - - [23/May/2018:17:25:12 -0300] "GET /cormun/servlet/hhome HTTP/1.1" 200 4227
200.54.247.70 - - [23/May/2018:17:25:17 -0300] "POST /cormun/servlet/hlogin?2a0399e5e8f4bd9698d31a787e07f019,gx-no-cache=1527107056977 HTTP/1.1" 200 90
200.54.247.70 - - [23/May/2018:17:25:17 -0300] "GET /cormun/servlet/hpexe_link HTTP/1.1" 200 950
200.54.247.70 - - [23/May/2018:17:25:18 -0300] "GET /cormun/servlet/hhome HTTP/1.1" 200 4231
186.103.159.230 - - [23/May/2018:17:25:18 -0300] "GET /cormun/servlet/solicitudotadjuntos?2f1c9ae9f35192157f6084d870460b3db49707536d279b9060e42d3442fca357,gx-no-cache=1527107057128 HTTP/1.1" 200 30
186.103.159.230 - - [23/May/2018:17:25:18 -0300] "GET /cormun/servlet/solicitudotadjuntos?2f1c9ae9f35192157f6084d870460b3db49707536d279b9060e42d3442fca357,gx-no-cache=1527107057168 HTTP/1.1" 200 30
190.46.88.10 - - [23/May/2018:17:25:19 -0300] "GET /cormun/servlet/trcontratounov2? HTTP/1.1" 200 17623
200.54.247.70 - - [23/May/2018:17:25:19 -0300] "GET /cormun/servlet/hhome HTTP/1.1" 200 4230
190.46.88.10 - - [23/May/2018:17:25:19 -0300] "GET /cormun/servlet/trcontratounov2? HTTP/1.1" 200 17570
186.103.159.230 - - [23/May/2018:17:25:20 -0300] "POST /cormun/servlet/solicitudotadjuntos?3473bf153ee2ecda4b0fe953e46e0fcb,INS,2018,11526,,1, HTTP/1.1" 200 116
186.103.159.230 - - [23/May/2018:17:25:20 -0300] "GET /cormun/servlet/hpexe_return? HTTP/1.1" 200 1024
186.103.159.230 - - [23/May/2018:17:25:20 -0300] "GET /cormun/servlet/trsolicitudadjuntos?2018,11526, HTTP/1.1" 200 8713
186.103.159.230 - - [23/May/2018:17:25:21 -0300] "GET /cormun/servlet/trsolicitudadjuntos?2018,11526, HTTP/1.1" 200 8708
200.54.247.70 - - [23/May/2018:17:25:21 -0300] "GET /cormun/servlet/trlicencias? HTTP/1.1" 200 14520
200.54.247.70 - - [23/May/2018:17:25:22 -0300] "GET /cormun/servlet/trlicencias? HTTP/1.1" 200 14517
186.103.159.46 - - [23/May/2018:17:25:24 -0300] "GET /cormun/servlet/solicitudot?187ac2ea39fa6d2406bf14b4480ce668ee11d28143a8f1cd9e467c90f21f54d7df668b0d420f2c8d91aed186c3702458f4887db73f2d3ec15cb288a16cd20ac55fde8ff7dae60d0c55d76bb09b28766a155d9ea2183779da7272833db8aa92f3366bab1a43da2b853d47d6bff2ffcc0649cd4d4d2e1da196d226063c6103524815f0caa3b1380acdbc0dcfc6d7389f63afd7181bc07005734d8b3a10899e50c4,gx-no-cache=1527107061610 HTTP/1.1" 200 29
186.103.159.46 - - [23/May/2018:17:25:24 -0300] "POST /cormun/servlet/solicitudot?gx-no-cache=1527107061718 HTTP/1.1" 200 1351
186.103.159.46 - - [23/May/2018:17:25:24 -0300] "POST /cormun/servlet/solicitudot?gx-no-cache=1527107061826 HTTP/1.1" 200 1249
186.103.159.230 - - [23/May/2018:17:25:31 -0300] "GET /cormun/PublicTempStorage/rut2431627.pdf HTTP/1.1" 200 713048
200.54.247.70 - - [23/May/2018:17:25:33 -0300] "POST /cormun/servlet/trlicencias?2a0399e5e8f4bd9698d31a787e07f019,,gx-no-cache=1527107072693 HTTP/1.1" 200 5550
190.46.88.10 - - [23/May/2018:17:25:44 -0300] "POST /cormun/servlet/trcontratounov2?33ac94887d0e1fdef250c51bb4d4c779,,gx-no-cache=1527107083292 HTTP/1.1" 200 17534
186.103.159.204 - - [23/May/2018:17:25:45 -0300] "POST /cormun/servlet/trautorizarpermisogoce?c3304f1840aeeb62879d3fcdfaca2933,,gx-no-cache=1527107082323 HTTP/1.1" 200 4266
186.103.159.204 - - [23/May/2018:17:25:46 -0300] "POST /cormun/servlet/trautorizarpermisogoce?c3304f1840aeeb62879d3fcdfaca2933,,gx-no-cache=1527107083340 HTTP/1.1" 200 4266
186.103.159.204 - - [23/May/2018:17:25:46 -0300] "POST /cormun/servlet/trautorizarpermisogoce?c3304f1840aeeb62879d3fcdfaca2933,,gx-no-cache=1527107083696 HTTP/1.1" 200 4266
186.103.161.206 - - [23/May/2018:17:25:53 -0300] "GET /cormun/servlet/hlogin HTTP/1.1" 200 1728
186.103.159.204 - - [23/May/2018:17:25:53 -0300] "POST /cormun/servlet/trautorizarpermisogoce?c3304f1840aeeb62879d3fcdfaca2933,,gx-no-cache=1527107091026 HTTP/1.1" 200 6146
186.103.159.46 - - [23/May/2018:17:25:55 -0300] "GET /cormun/static/Resources/resize.gif HTTP/1.1" 200 77
186.103.159.46 - - [23/May/2018:17:25:55 -0300] "GET /cormun/servlet/prcontratosol?17506057,,,,,MD,,gxPopupLevel%3D0%3B HTTP/1.1" 200 7807
186.103.159.46 - - [23/May/2018:17:25:55 -0300] "GET /cormun/static/gxcfg.js?201761413223964 HTTP/1.1" 200 953
186.103.159.46 - - [23/May/2018:17:25:55 -0300] "GET /cormun/static/prcontratosol.js?201761413224174 HTTP/1.1" 200 15806
186.103.159.204 - - [23/May/2018:17:25:57 -0300] "POST /cormun/servlet/trautorizarpermisogoce?c3304f1840aeeb62879d3fcdfaca2933,,gx-no-cache=1527107094680 HTTP/1.1" 200 6146
186.103.159.204 - - [23/May/2018:17:25:59 -0300] "POST /cormun/servlet/trautorizarpermisogoce?c3304f1840aeeb62879d3fcdfaca2933,,gx-no-cache=1527107096424 HTTP/1.1" 200 6146
186.103.159.204 - - [23/May/2018:17:26:03 -0300] "POST /cormun/servlet/trautorizarpermisogoce?c3304f1840aeeb62879d3fcdfaca2933,,gx-no-cache=1527107100514 HTTP/1.1" 200 4266
186.103.159.204 - - [23/May/2018:17:26:04 -0300] "POST /cormun/servlet/trautorizarpermisogoce?c3304f1840aeeb62879d3fcdfaca2933,,gx-no-cache=1527107101575 HTTP/1.1" 200 4267
186.103.159.230 - - [23/May/2018:17:26:05 -0300] "GET /cormun/servlet/hlogin HTTP/1.1" 200 1711
200.54.247.70 - - [23/May/2018:17:26:15 -0300] "POST /cormun/servlet/trlicencias?2a0399e5e8f4bd9698d31a787e07f019,,gx-no-cache=1527107114964 HTTP/1.1" 200 12169
186.103.159.230 - - [23/May/2018:17:26:19 -0300] "POST /cormun/servlet/hlogin?2f106d067c6f204be3511ebed7bc1b62,gx-no-cache=1527107118079 HTTP/1.1" 200 422
190.46.88.10 - - [23/May/2018:17:26:25 -0300] "GET /cormun/servlet/hlogin HTTP/1.1" 200 1739
186.103.159.204 - - [23/May/2018:17:26:26 -0300] "GET /cormun/Manuales/ManualSolicitud.pdf HTTP/1.1" 200 850295
186.103.159.204 - - [23/May/2018:17:26:26 -0300] "GET /cormun/Manuales/ManualSolicitud.pdf HTTP/1.1" 206 65536
186.103.159.204 - - [23/May/2018:17:26:26 -0300] "GET /cormun/Manuales/ManualSolicitud.pdf HTTP/1.1" 206 63863
186.103.159.230 - - [23/May/2018:17:26:28 -0300] "POST /cormun/servlet/hlogin?2f106d067c6f204be3511ebed7bc1b62,gx-no-cache=1527107126927 HTTP/1.1" 200 90
186.103.159.230 - - [23/May/2018:17:26:28 -0300] "GET /cormun/servlet/hpexe_link HTTP/1.1" 200 943
186.103.159.230 - - [23/May/2018:17:26:28 -0300] "GET /cormun/servlet/hhome HTTP/1.1" 200 4171
186.103.159.230 - - [23/May/2018:17:26:29 -0300] "GET /cormun/servlet/hhome HTTP/1.1" 200 4167
200.54.18.251 - - [23/May/2018:17:26:31 -0300] "POST /cormun/servlet/hlogin?62b300f103ad4901ef38925eea5ec036,gx-no-cache=1527107130362 HTTP/1.1" 200 90
200.54.18.251 - - [23/May/2018:17:26:31 -0300] "GET /cormun/servlet/hpexe_link HTTP/1.1" 200 966
200.54.18.251 - - [23/May/2018:17:26:32 -0300] "GET /cormun/servlet/solicitudot?INS,0,0, HTTP/1.1" 200 13647
200.54.18.251 - - [23/May/2018:17:26:33 -0300] "GET /cormun/servlet/solicitudot?INS,0,0, HTTP/1.1" 200 13651
186.103.159.230 - - [23/May/2018:17:26:34 -0300] "GET /cormun/servlet/trsolicitudot? HTTP/1.1" 200 8690
200.54.247.70 - - [23/May/2018:17:26:35 -0300] "POST /cormun/servlet/trlicencias?2a0399e5e8f4bd9698d31a787e07f019,,gx-no-cache=1527107134204 HTTP/1.1" 200 5774
186.103.159.230 - - [23/May/2018:17:26:35 -0300] "GET /cormun/servlet/trsolicitudot? HTTP/1.1" 200 8689
186.103.159.230 - - [23/May/2018:17:26:38 -0300] "POST /cormun/servlet/trsolicitudot?2f106d067c6f204be3511ebed7bc1b62,,gx-no-cache=1527107136964 HTTP/1.1" 200 107
186.103.159.230 - - [23/May/2018:17:26:38 -0300] "GET /cormun/servlet/trsolicitudadjuntos?2018,11526, HTTP/1.1" 200 8707
186.103.159.230 - - [23/May/2018:17:26:39 -0300] "GET /cormun/servlet/trsolicitudadjuntos?2018,11526, HTTP/1.1" 200 8706
186.103.159.230 - - [23/May/2018:17:26:42 -0300] "GET /cormun/servlet/solicitudotadjuntos?INS,2018,11526,,1, HTTP/1.1" 200 6210
186.103.159.230 - - [23/May/2018:17:26:42 -0300] "GET /cormun/static/about:blank HTTP/1.1" 404 1011
186.103.159.230 - - [23/May/2018:17:26:42 -0300] "GET /cormun/servlet/solicitudotadjuntos?INS,2018,11526,,1, HTTP/1.1" 200 6203
186.103.159.204 - - [23/May/2018:17:26:43 -0300] "GET /cormun/servlet/trautorizarpermisogoce? HTTP/1.1" 200 6979
186.103.159.230 - - [23/May/2018:17:26:43 -0300] "GET /cormun/servlet/solicitudotadjuntos?22dea6342bb8e0125d3e7f1d58180e380366ab448e49e197113a356ffa234ccd39df543ecc4249e7b05d145f5d76bd19,gx-no-cache=1527107141683 HTTP/1.1" 200 30
186.103.159.230 - - [23/May/2018:17:26:43 -0300] "POST /cormun/servlet/solicitudotadjuntos?2f106d067c6f204be3511ebed7bc1b62,INS,2018,11526,,1,,gx-no-cache=1527107141724 HTTP/1.1" 200 3978
186.103.159.204 - - [23/May/2018:17:26:43 -0300] "GET /cormun/servlet/trautorizarpermisogoce? HTTP/1.1" 200 6978
200.54.247.70 - - [23/May/2018:17:26:45 -0300] "GET /cormun/servlet/licenciaspermisos?DSP,13945989,L,20180501000000, HTTP/1.1" 200 7293
200.54.247.70 - - [23/May/2018:17:26:46 -0300] "GET /cormun/servlet/licenciaspermisos?DSP,13945989,L,20180501000000, HTTP/1.1" 200 7293
186.103.159.230 - - [23/May/2018:17:26:47 -0300] "POST /cormun/servlet/solicitudotadjuntos?gx-no-cache=1527107145453 HTTP/1.1" 200 26
186.103.159.46 - - [23/May/2018:17:26:53 -0300] "GET /cormun/servlet/solicitudot?187ac2ea39fa6d2406bf14b4480ce668fe4a28d35f6bdc79885eff44a3c99e0a,gx-no-cache=1527107150467 HTTP/1.1" 200 30
200.54.247.70 - - [23/May/2018:17:26:58 -0300] "GET /cormun/servlet/trlicencias? HTTP/1.1" 200 8537
186.103.159.46 - - [23/May/2018:17:26:58 -0300] "POST /cormun/servlet/solicitudot?gx-no-cache=1527107155671 HTTP/1.1" 200 105
186.103.159.46 - - [23/May/2018:17:26:58 -0300] "GET /cormun/static/Shared/jqueryui/images/ui-bg_highlight-soft_100_c6c2c8_1x100.png HTTP/1.1" 404 1117
186.103.159.46 - - [23/May/2018:17:26:58 -0300] "GET /cormun/static/Shared/jqueryui/images/ui-icons_82798d_256x240.png HTTP/1.1" 404 1089
