192.168.10.89 - - [23/May/2018:12:48:53 -0300] "GET /cormun//static/Resources/PXToolsGridUpdate.png HTTP/1.1" 200 2984
192.168.10.89 - - [23/May/2018:12:48:53 -0300] "GET /cormun//static/Resources/PXToolsActionView.png HTTP/1.1" 200 2995
192.168.10.89 - - [23/May/2018:12:48:56 -0300] "GET /cormun/servlet/solicitudot?INS,0,0, HTTP/1.1" 200 13456
192.168.10.89 - - [23/May/2018:12:49:00 -0300] "GET /cormun/servlet/prfichaempleado?,MD,,gxPopupLevel%3D0%3B HTTP/1.1" 200 9355
192.168.10.89 - - [23/May/2018:12:49:00 -0300] "GET /cormun/static/gxcfg.js?20177612134814 HTTP/1.1" 200 953
192.168.10.89 - - [23/May/2018:12:49:00 -0300] "GET /cormun/static/prfichaempleado.js?20177612134999 HTTP/1.1" 200 16006
186.103.159.182 - - [23/May/2018:12:49:24 -0300] "POST /cormun/servlet/trsolicitudot?c20d146df86f0d3979a94902cd62de6d,,gx-no-cache=1527090499206 HTTP/1.1" 200 5893
186.103.159.189 - - [23/May/2018:12:49:43 -0300] "GET /cormun/servlet/permisogoce?INS,0,,, HTTP/1.1" 200 6820
186.103.159.189 - - [23/May/2018:12:49:45 -0300] "GET /cormun/servlet/permisogoce?INS,0,,, HTTP/1.1" 200 6819
186.103.159.182 - - [23/May/2018:12:49:46 -0300] "GET /cormun/servlet/trcontratosolicitud? HTTP/1.1" 200 14668
186.103.159.182 - - [23/May/2018:12:49:46 -0300] "GET /cormun/static/calendar-system.css?75620 HTTP/1.1" 200 5572
186.103.159.182 - - [23/May/2018:12:49:47 -0300] "GET /cormun/static/gxcfg.js?20177612214014 HTTP/1.1" 200 953
186.103.159.182 - - [23/May/2018:12:49:47 -0300] "GET /cormun/static/gxui/gxui-all.css?110300 HTTP/1.1" 200 2179
186.103.159.182 - - [23/May/2018:12:49:47 -0300] "GET /cormun/static/trcontratosolicitud.js?20177612214349 HTTP/1.1" 200 28237
186.103.159.182 - - [23/May/2018:12:49:47 -0300] "GET /cormun/static/Shared/ext/resources/css/ext-all.css?205870 HTTP/1.1" 200 416045
192.168.10.89 - - [23/May/2018:12:49:47 -0300] "GET /cormun/servlet/prfichaempleado?,MD,,gxPopupLevel%3D0%3B HTTP/1.1" 200 9355
186.103.159.182 - - [23/May/2018:12:49:49 -0300] "GET /cormun//static/Resources/PXToolsActionDisabled.gif HTTP/1.1" 200 53
186.103.159.182 - - [23/May/2018:12:49:49 -0300] "GET /cormun//static/Resources/PXToolsGridNew.png HTTP/1.1" 200 2949
186.103.159.182 - - [23/May/2018:12:49:49 -0300] "GET /cormun/servlet/trcontratosolicitud? HTTP/1.1" 200 14657
186.103.159.182 - - [23/May/2018:12:49:56 -0300] "POST /cormun/servlet/trcontratosolicitud?c20d146df86f0d3979a94902cd62de6d,,gx-no-cache=1527090533726 HTTP/1.1" 200 4137
192.168.10.89 - - [23/May/2018:12:49:57 -0300] "POST /cormun/servlet/prfichaempleado?edc5c1c93d64e6582c09056f05fe55fc,,MD,,gxPopupLevel%3D0%3B,gx-no-cache=1527090408693 HTTP/1.1" 200 3192
192.168.10.89 - - [23/May/2018:12:49:58 -0300] "POST /cormun/servlet/prfichaempleado?edc5c1c93d64e6582c09056f05fe55fc,,MD,,gxPopupLevel%3D0%3B,gx-no-cache=1527090409610 HTTP/1.1" 200 3192
192.168.10.89 - - [23/May/2018:12:49:58 -0300] "POST /cormun/servlet/prfichaempleado?edc5c1c93d64e6582c09056f05fe55fc,,MD,,gxPopupLevel%3D0%3B,gx-no-cache=1527090409824 HTTP/1.1" 200 3192
186.103.159.182 - - [23/May/2018:12:50:01 -0300] "POST /cormun/servlet/trcontratosolicitud?c20d146df86f0d3979a94902cd62de6d,,gx-no-cache=1527090538634 HTTP/1.1" 200 12342
186.103.159.189 - - [23/May/2018:12:50:06 -0300] "GET /cormun/servlet/prfichaempleado?,MD,,gxPopupLevel%3D0%3B HTTP/1.1" 200 9330
192.168.10.89 - - [23/May/2018:12:50:18 -0300] "POST /cormun/servlet/solicitudot?gx-no-cache=1527090429386 HTTP/1.1" 200 3284
192.168.10.89 - - [23/May/2018:12:50:18 -0300] "POST /cormun/servlet/solicitudot?edc5c1c93d64e6582c09056f05fe55fc,INS,0,0,,gx-no-cache=1527090429571 HTTP/1.1" 200 10251
186.103.159.189 - - [23/May/2018:12:50:19 -0300] "POST /cormun/servlet/prfichaempleado?a52a99a7de29e12766104b3a71df46c8,,MD,,gxPopupLevel%3D0%3B,gx-no-cache=1527090558682 HTTP/1.1" 200 3175
186.103.159.189 - - [23/May/2018:12:50:23 -0300] "POST /cormun/servlet/prfichaempleado?a52a99a7de29e12766104b3a71df46c8,,MD,,gxPopupLevel%3D0%3B,gx-no-cache=1527090563026 HTTP/1.1" 200 3175
186.103.159.182 - - [23/May/2018:12:50:25 -0300] "POST /cormun/servlet/trcontratosolicitud?c20d146df86f0d3979a94902cd62de6d,,gx-no-cache=1527090561673 HTTP/1.1" 200 5483
192.168.10.89 - - [23/May/2018:12:50:27 -0300] "GET /cormun/servlet/solicitudot?c6d7e272e5576bb75405b3987c27fac3f0d86dbee7d53aae7bc05c9a0de8a7b804fedaac710aaa3d1b97b1e750c69a7c,gx-no-cache=1527090438742 HTTP/1.1" 200 30
186.103.159.182 - - [23/May/2018:12:50:46 -0300] "POST /cormun/servlet/trcontratosolicitud?c20d146df86f0d3979a94902cd62de6d,,gx-no-cache=1527090583613 HTTP/1.1" 200 4137
186.103.159.182 - - [23/May/2018:12:50:59 -0300] "POST /cormun/servlet/trcontratosolicitud?c20d146df86f0d3979a94902cd62de6d,,gx-no-cache=1527090596559 HTTP/1.1" 200 4144
186.103.159.182 - - [23/May/2018:12:51:05 -0300] "POST /cormun/servlet/trcontratosolicitud?c20d146df86f0d3979a94902cd62de6d,,gx-no-cache=1527090601924 HTTP/1.1" 200 5148
186.103.159.182 - - [23/May/2018:12:51:18 -0300] "GET /cormun/servlet/trsolicitudot? HTTP/1.1" 200 8910
192.168.10.89 - - [23/May/2018:12:51:19 -0300] "POST /cormun/servlet/solicitudot?edc5c1c93d64e6582c09056f05fe55fc,INS,0,0,,gx-no-cache=1527090490496 HTTP/1.1" 200 10581
192.168.10.89 - - [23/May/2018:12:51:19 -0300] "GET /cormun/static/Shared/jqueryui/images/ui-icons_82798d_256x240.png HTTP/1.1" 404 1089
192.168.10.89 - - [23/May/2018:12:51:19 -0300] "GET /cormun/static/Shared/jqueryui/images/ui-icons_ebccce_256x240.png HTTP/1.1" 404 1089
192.168.10.89 - - [23/May/2018:12:51:19 -0300] "GET /cormun/static/Shared/jqueryui/images/ui-bg_highlight-soft_100_c6c2c8_1x100.png HTTP/1.1" 404 1117
192.168.10.89 - - [23/May/2018:12:51:19 -0300] "GET /cormun/static/Shared/jqueryui/images/ui-bg_flat_55_994d53_40x100.png HTTP/1.1" 404 1097
186.103.159.182 - - [23/May/2018:12:51:19 -0300] "GET /cormun/servlet/trsolicitudot? HTTP/1.1" 200 8910
192.168.10.89 - - [23/May/2018:12:52:09 -0300] "POST /cormun/servlet/solicitudot?edc5c1c93d64e6582c09056f05fe55fc,INS,0,0,,gx-no-cache=1527090540826 HTTP/1.1" 200 10483
192.168.10.89 - - [23/May/2018:12:52:09 -0300] "GET /cormun/static/Shared/jqueryui/images/ui-icons_8d78a5_256x240.png HTTP/1.1" 404 1089
192.168.10.89 - - [23/May/2018:12:52:09 -0300] "GET /cormun/static/Shared/jqueryui/images/ui-bg_flat_55_fafafa_40x100.png HTTP/1.1" 404 1097
192.168.10.89 - - [23/May/2018:12:52:11 -0300] "GET /cormun/servlet/solicitudot?c6d7e272e5576bb75405b3987c27fac3fc2679d115a7057b9c4eb8b2d89df7e4fb6e6bff608083b090d16f888a279a9ca503f37ae5f0d309a6f8e2bb58523fb8,gx-no-cache=1527090542877 HTTP/1.1" 200 30
192.168.10.89 - - [23/May/2018:12:52:11 -0300] "GET /cormun/servlet/solicitudot?c6d7e272e5576bb75405b3987c27fac3b7b813e5d987379f6fd0bf8a5a0b8d64,gx-no-cache=1527090542903 HTTP/1.1" 200 29
192.168.10.89 - - [23/May/2018:12:52:12 -0300] "POST /cormun/servlet/solicitudot?gx-no-cache=1527090543990 HTTP/1.1" 200 255
192.168.10.89 - - [23/May/2018:12:52:14 -0300] "GET /cormun/servlet/solicitudot?c6d7e272e5576bb75405b3987c27fac35d8299a2fd86a3f1ae0bf1b6b23867269438ea3b7b53812f888a5ee20a890db24a339bd1b96d248a8358c0747d3782422a331e40e2913de234a0f37759439cfff6ab0ebec42bfd78ca1654d9c6ece1cb3025d581a1ceec16c29024ff2c2925aa3bc580c41e5188385081fc5ab0e5ac0549ea8c4e02ec83d6f9124d4e21d59d76a7fbc2a8cfbe46d97ae8656dc0731273776e656ede74e2550bc0b958a8fa696debc080c7bca5a6d2d0d5b3e809414393f6b411e03c084f73911ffc2841b80fce7c375085deed8c647aecf07e191cd5c44cdc4c0242bfad3d71c392e5d5a2c61bb8ecff0aa2613b2fcf2550ee7c4e2d64843609985b39357ec31ac8d8bfba96679b334351df30a5fa65754c0f6c0ec9069d4c119d05f28cc5b047d254f2597e5cd68699e0d344c46078046c6cfc885559a484144e3336d725a10d61ae27d1519ed5f540eb29cc493458f635c2cb4f296eb88742bd19f4f622edb704a58d3e02c577b51602703eb8fc2bfda8570d7d0b96,gx-no-cache=1527090545383 HTTP/1.1" 200 30
192.168.10.89 - - [23/May/2018:12:52:16 -0300] "POST /cormun/servlet/solicitudot?gx-no-cache=1527090547606 HTTP/1.1" 200 30
192.168.10.89 - - [23/May/2018:12:52:17 -0300] "GET /cormun/servlet/prsolicitudot?15805535,,,,,MD,,gxPopupLevel%3D0%3B HTTP/1.1" 200 5998
192.168.10.89 - - [23/May/2018:12:52:17 -0300] "GET /cormun/static/gxcfg.js?2017111422591492 HTTP/1.1" 200 953
192.168.10.89 - - [23/May/2018:12:52:17 -0300] "GET /cormun/static/prsolicitudot.js?2017111422591715 HTTP/1.1" 200 13680
192.168.10.89 - - [23/May/2018:12:52:19 -0300] "POST /cormun/servlet/solicitudot?gx-no-cache=1527090550320 HTTP/1.1" 200 1366
192.168.10.89 - - [23/May/2018:12:52:19 -0300] "POST /cormun/servlet/solicitudot?gx-no-cache=1527090550425 HTTP/1.1" 200 38
192.168.10.89 - - [23/May/2018:12:52:19 -0300] "GET /cormun/servlet/solicitudot?c6d7e272e5576bb75405b3987c27fac3e51d8058d10e78e6ba9de8343570063717c55cfff1ffda69dece4a1880aa7ec06e1f056334daac438d56d8cc19aeaa5ef4558ff63e3efa944a9d18ca49a3486868885616ac613bc48bdfe9a98420a8ba65ed42a45747923c6ff49105581bc5f2,gx-no-cache=1527090550448 HTTP/1.1" 200 29
192.168.10.89 - - [23/May/2018:12:52:19 -0300] "POST /cormun/servlet/solicitudot?gx-no-cache=1527090550470 HTTP/1.1" 200 1350
192.168.10.89 - - [23/May/2018:12:52:19 -0300] "POST /cormun/servlet/solicitudot?gx-no-cache=1527090550515 HTTP/1.1" 200 1246
192.168.10.89 - - [23/May/2018:12:52:19 -0300] "GET /cormun/servlet/solicitudot?c6d7e272e5576bb75405b3987c27fac3fc9fe6ff82251d18ac37d0aba25683b3d5cf7062bd68d1ffe3544ebd676a312d,gx-no-cache=1527090550548 HTTP/1.1" 200 30
192.168.10.89 - - [23/May/2018:12:52:41 -0300] "POST /cormun/servlet/solicitudot?gx-no-cache=1527090572832 HTTP/1.1" 200 1350
192.168.10.89 - - [23/May/2018:12:52:41 -0300] "POST /cormun/servlet/solicitudot?gx-no-cache=1527090572876 HTTP/1.1" 200 1246
192.168.10.89 - - [23/May/2018:12:52:57 -0300] "GET /cormun/servlet/solicitudot?c6d7e272e5576bb75405b3987c27fac398c2ed4e03baf2bdd6d6b27b2439d8b60ab94e2a21ffba195817a13b397a8007,gx-no-cache=1527090589131 HTTP/1.1" 200 30
192.168.10.89 - - [23/May/2018:12:52:57 -0300] "POST /cormun/servlet/solicitudot?gx-no-cache=1527090589160 HTTP/1.1" 200 33
192.168.10.89 - - [23/May/2018:12:53:07 -0300] "POST /cormun/servlet/solicitudot?edc5c1c93d64e6582c09056f05fe55fc,INS,0,0,,gx-no-cache=1527090598516 HTTP/1.1" 200 93
192.168.10.89 - - [23/May/2018:12:53:07 -0300] "GET /cormun/servlet/hpexe_return? HTTP/1.1" 200 1008
192.168.10.89 - - [23/May/2018:12:53:07 -0300] "GET /cormun/servlet/trsolicitudot HTTP/1.1" 200 9054
192.168.10.89 - - [23/May/2018:12:53:09 -0300] "POST /cormun/servlet/trsolicitudot?edc5c1c93d64e6582c09056f05fe55fc,gx-no-cache=1527090600989 HTTP/1.1" 200 5708
192.168.10.89 - - [23/May/2018:12:53:10 -0300] "POST /cormun/servlet/trsolicitudot?edc5c1c93d64e6582c09056f05fe55fc,gx-no-cache=1527090601251 HTTP/1.1" 200 5651
192.168.10.89 - - [23/May/2018:12:53:10 -0300] "GET /cormun/static/Shared/jqueryui/images/ui-icons_8d78a5_256x240.png HTTP/1.1" 404 1089
192.168.10.89 - - [23/May/2018:12:53:10 -0300] "GET /cormun/static/Shared/jqueryui/images/ui-bg_flat_55_fafafa_40x100.png HTTP/1.1" 404 1097
192.168.10.89 - - [23/May/2018:12:53:10 -0300] "GET /cormun/static/Shared/jqueryui/images/ui-icons_82798d_256x240.png HTTP/1.1" 404 1089
192.168.10.89 - - [23/May/2018:12:53:10 -0300] "GET /cormun/static/Shared/jqueryui/images/ui-bg_highlight-soft_100_c6c2c8_1x100.png HTTP/1.1" 404 1117
192.168.10.89 - - [23/May/2018:12:53:11 -0300] "POST /cormun/servlet/trsolicitudot?edc5c1c93d64e6582c09056f05fe55fc,gx-no-cache=1527090602170 HTTP/1.1" 200 4485
192.168.10.89 - - [23/May/2018:12:53:11 -0300] "POST /cormun/servlet/trsolicitudot?edc5c1c93d64e6582c09056f05fe55fc,gx-no-cache=1527090602490 HTTP/1.1" 200 4254
186.67.164.142 - - [23/May/2018:12:53:26 -0300] "GET /cormun/servlet/hlogin HTTP/1.1" 200 1721
186.67.164.142 - - [23/May/2018:12:53:26 -0300] "GET /cormun/servlet/hlogin HTTP/1.1" 200 1732
200.112.6.235 - - [23/May/2018:12:53:30 -0300] "GET /cormun/servlet/hlogin HTTP/1.1" 200 1735
200.112.6.235 - - [23/May/2018:12:53:37 -0300] "POST /cormun/servlet/hlogin?f4eb67e4759cddce527d11d8c850cbc0,gx-no-cache=1527090756799 HTTP/1.1" 200 90
200.112.6.235 - - [23/May/2018:12:53:37 -0300] "GET /cormun/servlet/hpexe_link HTTP/1.1" 200 953
200.112.6.235 - - [23/May/2018:12:53:37 -0300] "GET /cormun/servlet/trsolicitudot HTTP/1.1" 200 7251
200.112.6.235 - - [23/May/2018:12:53:37 -0300] "GET /cormun/servlet/trsolicitudot HTTP/1.1" 200 7249
200.112.6.235 - - [23/May/2018:12:53:44 -0300] "GET /cormun/servlet/trautorizarsolicitud? HTTP/1.1" 200 10429
200.112.6.235 - - [23/May/2018:12:53:44 -0300] "GET /cormun/static/gxcfg.js?2017111423403364 HTTP/1.1" 200 953
200.112.6.235 - - [23/May/2018:12:53:45 -0300] "GET /cormun/static/trautorizarsolicitud.js?201711142340425 HTTP/1.1" 200 53910
200.112.6.235 - - [23/May/2018:12:53:45 -0300] "GET /cormun/servlet/trautorizarsolicitud? HTTP/1.1" 200 10431
186.67.164.142 - - [23/May/2018:12:53:55 -0300] "POST /cormun/servlet/hlogin?56c94e9e415758f411538040b797f43c,gx-no-cache=1527090776565 HTTP/1.1" 200 90
186.67.164.142 - - [23/May/2018:12:53:55 -0300] "GET /cormun/servlet/hpexe_link HTTP/1.1" 200 953
186.67.164.142 - - [23/May/2018:12:53:55 -0300] "GET /cormun/servlet/hhome HTTP/1.1" 200 4170
186.67.164.142 - - [23/May/2018:12:53:55 -0300] "GET /cormun/static/gxcfg.js?20175251212442 HTTP/1.1" 200 953
186.67.164.142 - - [23/May/2018:12:53:56 -0300] "GET /cormun/static/hhome.js?20175251212450 HTTP/1.1" 200 777
186.67.164.142 - - [23/May/2018:12:53:56 -0300] "GET /cormun/servlet/hhome HTTP/1.1" 200 4166
186.67.164.142 - - [23/May/2018:12:54:03 -0300] "GET /cormun/servlet/trautorizarsolicitud? HTTP/1.1" 200 8632
186.67.164.142 - - [23/May/2018:12:54:04 -0300] "GET /cormun/servlet/trautorizarsolicitud? HTTP/1.1" 200 8630
200.112.6.235 - - [23/May/2018:12:54:07 -0300] "POST /cormun/servlet/trautorizarsolicitud?f4eb67e4759cddce527d11d8c850cbc0,,gx-no-cache=1527090787882 HTTP/1.1" 200 7186
200.112.6.235 - - [23/May/2018:12:54:08 -0300] "GET /cormun/static/Shared/jqueryui/images/ui-bg_highlight-soft_100_c6c2c8_1x100.png HTTP/1.1" 404 1117
200.112.6.235 - - [23/May/2018:12:54:08 -0300] "GET /cormun/static/Shared/jqueryui/images/ui-icons_82798d_256x240.png HTTP/1.1" 404 1089
200.112.6.235 - - [23/May/2018:12:54:08 -0300] "GET /cormun/static/Shared/jqueryui/images/ui-bg_flat_55_fafafa_40x100.png HTTP/1.1" 404 1097
200.112.6.235 - - [23/May/2018:12:54:08 -0300] "GET /cormun/static/Shared/jqueryui/images/ui-icons_8d78a5_256x240.png HTTP/1.1" 404 1089
186.67.164.142 - - [23/May/2018:12:54:08 -0300] "POST /cormun/servlet/trautorizarsolicitud?56c94e9e415758f411538040b797f43c,,gx-no-cache=1527090789008 HTTP/1.1" 200 4618
186.67.164.142 - - [23/May/2018:12:54:08 -0300] "GET /cormun/static/Shared/jqueryui/images/ui-bg_highlight-soft_100_c6c2c8_1x100.png HTTP/1.1" 404 1117
200.112.6.235 - - [23/May/2018:12:54:08 -0300] "POST /cormun/servlet/trautorizarsolicitud?f4eb67e4759cddce527d11d8c850cbc0,,gx-no-cache=1527090788699 HTTP/1.1" 200 7131
186.67.164.142 - - [23/May/2018:12:54:08 -0300] "GET /cormun/static/Shared/jqueryui/images/ui-bg_flat_55_fafafa_40x100.png HTTP/1.1" 404 1097
186.67.164.142 - - [23/May/2018:12:54:08 -0300] "POST /cormun/servlet/trautorizarsolicitud?56c94e9e415758f411538040b797f43c,,gx-no-cache=1527090789777 HTTP/1.1" 200 4394
186.67.164.142 - - [23/May/2018:12:54:08 -0300] "GET /cormun/static/Shared/jqueryui/images/ui-icons_82798d_256x240.png HTTP/1.1" 404 1089
186.67.164.142 - - [23/May/2018:12:54:08 -0300] "GET /cormun/static/Shared/jqueryui/images/ui-icons_8d78a5_256x240.png HTTP/1.1" 404 1089
200.112.6.235 - - [23/May/2018:12:54:13 -0300] "POST /cormun/servlet/trautorizarsolicitud?f4eb67e4759cddce527d11d8c850cbc0,,gx-no-cache=1527090792440 HTTP/1.1" 200 6746
200.112.6.235 - - [23/May/2018:12:54:13 -0300] "POST /cormun/servlet/trautorizarsolicitud?f4eb67e4759cddce527d11d8c850cbc0,,gx-no-cache=1527090793826 HTTP/1.1" 200 6692
192.168.10.89 - - [23/May/2018:12:54:15 -0300] "GET /cormun/servlet/hlogin HTTP/1.1" 200 1738
192.168.10.89 - - [23/May/2018:12:54:22 -0300] "POST /cormun/servlet/hlogin?edc5c1c93d64e6582c09056f05fe55fc,gx-no-cache=1527090674024 HTTP/1.1" 200 90
192.168.10.89 - - [23/May/2018:12:54:22 -0300] "GET /cormun/servlet/hpexe_link HTTP/1.1" 200 952
192.168.10.89 - - [23/May/2018:12:54:22 -0300] "GET /cormun/servlet/hhome HTTP/1.1" 200 4713
192.168.10.89 - - [23/May/2018:12:54:23 -0300] "GET /cormun/static/SmoothNavMenu/resources/images/right.gif HTTP/1.1" 200 860
192.168.10.89 - - [23/May/2018:12:54:28 -0300] "GET /cormun/servlet/trsolicitudgral? HTTP/1.1" 200 27959
192.168.10.89 - - [23/May/2018:12:54:28 -0300] "GET /cormun/static/gxcfg.js?201813119461163 HTTP/1.1" 200 953
192.168.10.89 - - [23/May/2018:12:54:28 -0300] "GET /cormun/static/Resources/PXToolsAddAllStandardAction.png HTTP/1.1" 200 628
192.168.10.89 - - [23/May/2018:12:54:28 -0300] "GET /cormun/static/Resources/PXToolsRemoveAllStandardAction.png HTTP/1.1" 200 495
192.168.10.89 - - [23/May/2018:12:54:28 -0300] "GET /cormun/static/trsolicitudgral.js?201813119462015 HTTP/1.1" 200 55173
192.168.10.89 - - [23/May/2018:12:54:48 -0300] "POST /cormun/servlet/trsolicitudgral?edc5c1c93d64e6582c09056f05fe55fc,,gx-no-cache=1527090699555 HTTP/1.1" 200 7732
186.103.159.182 - - [23/May/2018:12:54:59 -0300] "GET /cormun/servlet/hlogin HTTP/1.1" 200 1720
192.168.10.89 - - [23/May/2018:12:55:01 -0300] "POST /cormun/servlet/trsolicitudgral?edc5c1c93d64e6582c09056f05fe55fc,,gx-no-cache=1527090713088 HTTP/1.1" 200 5935
200.111.191.210 - - [23/May/2018:12:55:02 -0300] "GET /cormun/servlet/trlicencias? HTTP/1.1" 200 6119
200.111.191.210 - - [23/May/2018:12:55:02 -0300] "GET /cormun/servlet/hlogin HTTP/1.1" 200 1735
200.111.191.210 - - [23/May/2018:12:55:02 -0300] "GET /cormun/servlet/trlicencias? HTTP/1.1" 200 6119
192.168.10.89 - - [23/May/2018:12:55:06 -0300] "POST /cormun/servlet/trsolicitudgral?edc5c1c93d64e6582c09056f05fe55fc,,gx-no-cache=1527090717252 HTTP/1.1" 200 7293
200.111.191.210 - - [23/May/2018:12:55:07 -0300] "POST /cormun/servlet/hlogin?eb1e9a31ef783d235fa5137737f3bf4a,gx-no-cache=1527090896149 HTTP/1.1" 200 90
200.111.191.210 - - [23/May/2018:12:55:07 -0300] "GET /cormun/servlet/hpexe_link HTTP/1.1" 200 956
200.111.191.210 - - [23/May/2018:12:55:08 -0300] "GET /cormun/servlet/trlicencias HTTP/1.1" 200 14459
200.111.191.210 - - [23/May/2018:12:55:08 -0300] "GET /cormun/servlet/trlicencias HTTP/1.1" 200 14453
200.111.191.210 - - [23/May/2018:12:55:19 -0300] "GET /cormun/servlet/licenciaspermisos?INS,0,,, HTTP/1.1" 200 7489
200.111.191.210 - - [23/May/2018:12:55:20 -0300] "GET /cormun/servlet/licenciaspermisos?INS,0,,, HTTP/1.1" 200 7488
200.111.191.210 - - [23/May/2018:12:55:28 -0300] "GET /cormun/servlet/licenciaspermisos?007cdcb733148dc85e55cd3230ebefcd63549b0fe9b7b8a08a234f7ba17b21ad4fc7b985ffa78a7a04cfcf6c7c1f5bd5,gx-no-cache=1527090916764 HTTP/1.1" 200 96
200.111.191.210 - - [23/May/2018:12:55:28 -0300] "POST /cormun/servlet/licenciaspermisos?eb1e9a31ef783d235fa5137737f3bf4a,INS,0,,,,gx-no-cache=1527090916840 HTTP/1.1" 200 4676
192.168.10.89 - - [23/May/2018:12:55:28 -0300] "POST /cormun/servlet/trsolicitudgral?edc5c1c93d64e6582c09056f05fe55fc,,gx-no-cache=1527090739884 HTTP/1.1" 200 5935
200.112.6.235 - - [23/May/2018:12:55:28 -0300] "POST /cormun/servlet/trautorizarsolicitud?f4eb67e4759cddce527d11d8c850cbc0,,gx-no-cache=1527090868711 HTTP/1.1" 200 6303
200.112.6.235 - - [23/May/2018:12:55:29 -0300] "POST /cormun/servlet/trautorizarsolicitud?f4eb67e4759cddce527d11d8c850cbc0,,gx-no-cache=1527090869548 HTTP/1.1" 200 6246
192.168.10.89 - - [23/May/2018:12:55:29 -0300] "POST /cormun/servlet/trsolicitudgral?edc5c1c93d64e6582c09056f05fe55fc,,gx-no-cache=1527090740858 HTTP/1.1" 200 7290
192.168.10.89 - - [23/May/2018:12:55:30 -0300] "POST /cormun/servlet/trsolicitudgral?edc5c1c93d64e6582c09056f05fe55fc,,gx-no-cache=1527090741209 HTTP/1.1" 200 7290
192.168.10.89 - - [23/May/2018:12:55:30 -0300] "POST /cormun/servlet/trsolicitudgral?edc5c1c93d64e6582c09056f05fe55fc,,gx-no-cache=1527090741604 HTTP/1.1" 200 7289
186.103.156.166 - - [23/May/2018:12:55:38 -0300] "GET /cormun/servlet/alicenciaprn?6941302,L,20180522000000,PU HTTP/1.1" 200 1553
186.103.156.166 - - [23/May/2018:12:55:39 -0300] "GET /cormun/servlet/alicenciaprn?6941302,L,20180522000000,PU HTTP/1.1" 200 1555
192.168.10.89 - - [23/May/2018:12:55:50 -0300] "GET /cormun/servlet/hlogin HTTP/1.1" 200 1740
200.111.191.210 - - [23/May/2018:12:56:19 -0300] "GET /cormun/servlet/licenciaspermisos?007cdcb733148dc85e55cd3230ebefcd169b25de4f7b536e12774ebe76eae1670daee2a7013d9d1c175fda2100dd9411a27dbc1074f4d69ae91f4d50876a54dfcce2140d0bdb87cc45ee174573575d3ee8e33fefcdf51500ecae0fffe5eaf81218007f51f977d530776bf37bef32335fab5a4bdd95d9ceae643010a3162b7c3d723730049b6f2254dca143e05bb8152136d2c281929d41bf78d8d5aa937a717ae07f7c5b191e63ff6d4f4e12d8bd4a4c,gx-no-cache=1527090967659 HTTP/1.1" 200 30
200.111.191.210 - - [23/May/2018:12:56:19 -0300] "GET /cormun/servlet/licenciaspermisos?007cdcb733148dc85e55cd3230ebefcd83ee45a204c1769898b5f9c00a772d4ada661eeb9e6e78fb61f46638192bd0ff9a3606380a03d885f635aa659c1d045f4b482da314eee18f77ac7f43a61634fc8b6b5c4bad2eee68ca13edcedf6c0ab66a8fafc13bbd50b42e5e372bf302d8895feb250e9ff48d1bae3e90d266e8bf99ae10d8c712e834211ab67816051869bc9fb53da34cd932f53a8126807889e059c7567d5423cfa2645714fe679ba027a6,gx-no-cache=1527090967762 HTTP/1.1" 200 29
200.111.191.210 - - [23/May/2018:12:56:19 -0300] "POST /cormun/servlet/licenciaspermisos?eb1e9a31ef783d235fa5137737f3bf4a,INS,0,,,,gx-no-cache=1527090967840 HTTP/1.1" 200 93
200.111.191.210 - - [23/May/2018:12:56:19 -0300] "GET /cormun/servlet/hpexe_return? HTTP/1.1" 200 1012
200.111.191.210 - - [23/May/2018:12:56:19 -0300] "GET /cormun/servlet/trlicencias HTTP/1.1" 200 14808
200.111.191.210 - - [23/May/2018:12:56:20 -0300] "GET /cormun/servlet/trlicencias HTTP/1.1" 200 14799
200.111.191.210 - - [23/May/2018:12:56:22 -0300] "GET /cormun/servlet/alicenciaprn?10180683,L,20180523000000,PU HTTP/1.1" 200 1536
186.103.158.250 - - [23/May/2018:12:56:56 -0300] "GET /cormun/servlet/hlogin HTTP/1.1" 200 1716
186.103.158.250 - - [23/May/2018:12:57:02 -0300] "GET /cormun/static/gxtimezone.js?85251 HTTP/1.1" 304 -
186.103.158.250 - - [23/May/2018:12:57:02 -0300] "GET /cormun/static/gxcfg.js?20175251213516 HTTP/1.1" 304 -
186.103.158.250 - - [23/May/2018:12:57:04 -0300] "GET /cormun/static/messages.spa.js?85251 HTTP/1.1" 304 -
186.103.158.250 - - [23/May/2018:12:57:04 -0300] "GET /cormun/static/Resources/PXToolsLoginBottom.png HTTP/1.1" 200 1389
186.103.158.250 - - [23/May/2018:12:57:04 -0300] "GET /cormun/static/Resources/PXToolsLoginBackground.png HTTP/1.1" 200 1164
186.103.158.250 - - [23/May/2018:12:57:04 -0300] "GET /cormun/static/Resources/PXToolsButtonLeft21.png HTTP/1.1" 200 1287
186.103.158.250 - - [23/May/2018:12:57:04 -0300] "GET /cormun/static/Resources/PXToolsButtonBackground2.png HTTP/1.1" 200 1181
186.103.158.250 - - [23/May/2018:12:57:04 -0300] "GET /cormun/static/Resources/PXToolsButtonRight21.png HTTP/1.1" 200 1283
186.103.158.250 - - [23/May/2018:12:57:07 -0300] "GET /cormun/static/Resources/PXToolsLoginTop.png HTTP/1.1" 200 1337
186.103.158.250 - - [23/May/2018:12:57:20 -0300] "GET /cormun/servlet/hlogin HTTP/1.1" 200 1726
186.103.158.250 - - [23/May/2018:12:57:32 -0300] "GET /favicon.ico HTTP/1.1" 200 21630
192.168.10.89 - - [23/May/2018:12:57:40 -0300] "POST /cormun/servlet/hlogin?edc5c1c93d64e6582c09056f05fe55fc,gx-no-cache=1527090871360 HTTP/1.1" 200 90
192.168.10.89 - - [23/May/2018:12:57:40 -0300] "GET /cormun/servlet/hpexe_link HTTP/1.1" 200 952
192.168.10.89 - - [23/May/2018:12:57:40 -0300] "GET /cormun/servlet/hhome HTTP/1.1" 200 4000
192.168.10.89 - - [23/May/2018:12:57:42 -0300] "GET /cormun/servlet/trlicencias? HTTP/1.1" 200 9008
192.168.10.89 - - [23/May/2018:12:57:42 -0300] "GET /cormun/static/Resources/Spanish/PXTools.css?17315867 HTTP/1.1" 200 89042
192.168.10.89 - - [23/May/2018:12:57:42 -0300] "GET /cormun/static/gxcfg.js?20176272054169 HTTP/1.1" 200 953
192.168.10.89 - - [23/May/2018:12:57:42 -0300] "GET /cormun/static/trlicencias.js?20176272054837 HTTP/1.1" 200 41883
192.168.10.89 - - [23/May/2018:12:57:43 -0300] "GET /cormun//static/Resources/PXToolsActionDisabled.gif HTTP/1.1" 200 53
192.168.10.89 - - [23/May/2018:12:57:43 -0300] "GET /cormun//static/Resources/PXToolsGridDisplay.png HTTP/1.1" 200 362
192.168.10.89 - - [23/May/2018:12:57:43 -0300] "GET /cormun//static/Resources/PXToolsHeaderFavorites.png HTTP/1.1" 200 2744
192.168.10.89 - - [23/May/2018:12:57:43 -0300] "GET /cormun//static/Resources/PXToolsActionPrint.png HTTP/1.1" 200 3317
192.168.10.89 - - [23/May/2018:12:57:48 -0300] "GET /cormun/servlet/licenciaspermisos?INS,0,,, HTTP/1.1" 200 7535
192.168.10.89 - - [23/May/2018:12:57:48 -0300] "GET /cormun/static/gxcfg.js?201762917281167 HTTP/1.1" 200 953
192.168.10.89 - - [23/May/2018:12:57:48 -0300] "GET /cormun/static/licenciaspermisos.js?201762917281260 HTTP/1.1" 200 37491
186.103.159.182 - - [23/May/2018:12:57:50 -0300] "POST /cormun/servlet/hlogin?c20d146df86f0d3979a94902cd62de6d,gx-no-cache=1527091008281 HTTP/1.1" 200 432
192.168.10.89 - - [23/May/2018:12:57:57 -0300] "GET /cormun/servlet/licenciaspermisos?99ac9d26f008c5e64aa798ddc1c4ce5902734701e1f57684e28655a90927925bb4ca4d793e5b3b57ced9f310174946c2,gx-no-cache=1527090888329 HTTP/1.1" 200 96
192.168.10.89 - - [23/May/2018:12:57:57 -0300] "POST /cormun/servlet/licenciaspermisos?edc5c1c93d64e6582c09056f05fe55fc,INS,0,,,,gx-no-cache=1527090888365 HTTP/1.1" 200 4705
186.103.159.182 - - [23/May/2018:12:57:58 -0300] "POST /cormun/servlet/hlogin?c20d146df86f0d3979a94902cd62de6d,gx-no-cache=1527091015838 HTTP/1.1" 200 430
200.112.6.235 - - [23/May/2018:12:58:05 -0300] "GET /cormun/servlet/trlicencias? HTTP/1.1" 200 9209
200.112.6.235 - - [23/May/2018:12:58:05 -0300] "GET /cormun/servlet/trlicencias? HTTP/1.1" 200 9208
192.168.10.89 - - [23/May/2018:12:58:06 -0300] "GET /cormun/servlet/trlicencias? HTTP/1.1" 200 9007
186.103.159.182 - - [23/May/2018:12:58:07 -0300] "POST /cormun/servlet/hlogin?c20d146df86f0d3979a94902cd62de6d,gx-no-cache=1527091024887 HTTP/1.1" 200 432
200.112.6.235 - - [23/May/2018:12:58:14 -0300] "GET /cormun/servlet/licenciaspermisos?INS,0,,, HTTP/1.1" 200 7749
200.112.6.235 - - [23/May/2018:12:58:14 -0300] "GET /cormun/static/gxcfg.js?201762917281167 HTTP/1.1" 200 953
200.112.6.235 - - [23/May/2018:12:58:15 -0300] "GET /cormun/servlet/licenciaspermisos?INS,0,,, HTTP/1.1" 200 7756
192.168.10.89 - - [23/May/2018:12:58:16 -0300] "GET /cormun/servlet/licenciaspermisos?INS,0,,, HTTP/1.1" 200 7535
186.103.159.182 - - [23/May/2018:12:58:21 -0300] "POST /cormun/servlet/hlogin?c20d146df86f0d3979a94902cd62de6d,gx-no-cache=1527091038748 HTTP/1.1" 200 432
192.168.10.89 - - [23/May/2018:12:58:47 -0300] "GET /cormun/servlet/licenciaspermisos?99ac9d26f008c5e64aa798ddc1c4ce5993b8fafe9b285868f8b2dbb6819a7cc4850e757f24b2e096e812c231c1bab874,gx-no-cache=1527090938273 HTTP/1.1" 200 180
192.168.10.89 - - [23/May/2018:12:58:47 -0300] "GET /cormun/static/Shared/jqueryui/images/ui-icons_82798d_256x240.png HTTP/1.1" 404 1089
192.168.10.89 - - [23/May/2018:12:58:47 -0300] "GET /cormun/static/Shared/jqueryui/images/ui-icons_ebccce_256x240.png HTTP/1.1" 404 1089
192.168.10.89 - - [23/May/2018:12:58:47 -0300] "GET /cormun/static/Shared/jqueryui/images/ui-bg_flat_55_994d53_40x100.png HTTP/1.1" 404 1097
192.168.10.89 - - [23/May/2018:12:58:47 -0300] "GET /cormun/static/Shared/jqueryui/images/ui-bg_highlight-soft_100_c6c2c8_1x100.png HTTP/1.1" 404 1117
200.112.6.235 - - [23/May/2018:12:58:50 -0300] "GET /cormun/servlet/licenciaspermisos?9de76fb221d8ce7a01ac79e09c941f84ee96ab0d3e9f864e83d76aee6e2096a284a48a5b9e4d877d3c195e4009031110,gx-no-cache=1527091070684 HTTP/1.1" 200 96
200.112.6.235 - - [23/May/2018:12:58:51 -0300] "POST /cormun/servlet/licenciaspermisos?f4eb67e4759cddce527d11d8c850cbc0,INS,0,,,,gx-no-cache=1527091070933 HTTP/1.1" 200 4904
192.168.10.89 - - [23/May/2018:12:58:58 -0300] "GET /cormun/servlet/trlicencias? HTTP/1.1" 200 9007
192.168.10.89 - - [23/May/2018:12:59:08 -0300] "GET /cormun/servlet/trlicencias? HTTP/1.1" 200 9006
192.168.10.89 - - [23/May/2018:12:59:10 -0300] "GET /cormun/servlet/licenciaspermisos?INS,0,,, HTTP/1.1" 200 7535
192.168.10.89 - - [23/May/2018:12:59:18 -0300] "GET /cormun/servlet/licenciaspermisos?99ac9d26f008c5e64aa798ddc1c4ce5993b8fafe9b285868f8b2dbb6819a7cc4850e757f24b2e096e812c231c1bab874,gx-no-cache=1527090968620 HTTP/1.1" 200 180
192.168.10.89 - - [23/May/2018:12:59:18 -0300] "GET /cormun/static/Shared/jqueryui/images/ui-bg_flat_55_994d53_40x100.png HTTP/1.1" 404 1097
192.168.10.89 - - [23/May/2018:12:59:18 -0300] "GET /cormun/static/Shared/jqueryui/images/ui-bg_highlight-soft_100_c6c2c8_1x100.png HTTP/1.1" 404 1117
192.168.10.89 - - [23/May/2018:12:59:18 -0300] "GET /cormun/static/Shared/jqueryui/images/ui-icons_ebccce_256x240.png HTTP/1.1" 404 1089
192.168.10.89 - - [23/May/2018:12:59:18 -0300] "GET /cormun/static/Shared/jqueryui/images/ui-icons_82798d_256x240.png HTTP/1.1" 404 1089
192.168.10.89 - - [23/May/2018:12:59:21 -0300] "POST /cormun/servlet/licenciaspermisos?edc5c1c93d64e6582c09056f05fe55fc,INS,0,,,,gx-no-cache=1527090971381 HTTP/1.1" 200 90
192.168.10.89 - - [23/May/2018:12:59:21 -0300] "GET /cormun/servlet/hpexe_link HTTP/1.1" 200 969
192.168.10.89 - - [23/May/2018:12:59:21 -0300] "GET /cormun/servlet/trlicencias HTTP/1.1" 200 9007
186.103.159.182 - - [23/May/2018:12:59:45 -0300] "GET /cormun/servlet/hlogin HTTP/1.1" 200 1721
186.103.159.182 - - [23/May/2018:12:59:48 -0300] "POST /cormun/servlet/hlogin?2a9d1884884b9799f04f36f3e5047011,gx-no-cache=1527087503224 HTTP/1.1" 200 90
186.103.159.182 - - [23/May/2018:12:59:48 -0300] "GET /cormun/servlet/hpexe_link HTTP/1.1" 200 950
186.103.159.182 - - [23/May/2018:12:59:49 -0300] "GET /cormun/servlet/hhome HTTP/1.1" 200 4261
186.103.159.182 - - [23/May/2018:12:59:50 -0300] "GET /cormun/servlet/hhome HTTP/1.1" 200 4257
186.103.159.182 - - [23/May/2018:12:59:54 -0300] "GET /cormun/servlet/trlicencias? HTTP/1.1" 200 11416
186.103.159.182 - - [23/May/2018:12:59:56 -0300] "GET /cormun/servlet/trlicencias? HTTP/1.1" 200 11413
192.168.10.89 - - [23/May/2018:12:59:58 -0300] "GET /cormun/servlet/hlogin HTTP/1.1" 200 1736
200.112.6.235 - - [23/May/2018:12:59:59 -0300] "GET /cormun/static/menuarrow.gif HTTP/1.1" 404 1015
186.67.203.186 - - [23/May/2018:13:01:08 -0300] "GET /cormun/servlet/hlogin HTTP/1.1" 200 1726
186.67.203.186 - - [23/May/2018:13:01:08 -0300] "GET /cormun/static/gxcfg.js?20175251213516 HTTP/1.1" 304 -
186.67.203.186 - - [23/May/2018:13:01:09 -0300] "GET /cormun/servlet/hlogin HTTP/1.1" 200 1728
186.67.203.186 - - [23/May/2018:13:01:10 -0300] "POST /cormun/servlet/hlogin?a9906cc49bc262b5aa9ee003fc6eb6a8,gx-no-cache=1527091210161 HTTP/1.1" 200 90
186.67.203.186 - - [23/May/2018:13:01:11 -0300] "GET /cormun/servlet/hpexe_link HTTP/1.1" 200 948
186.67.203.186 - - [23/May/2018:13:01:11 -0300] "GET /cormun/static/gxcfg.js?20177612121792 HTTP/1.1" 304 -
186.67.203.186 - - [23/May/2018:13:01:11 -0300] "GET /cormun/servlet/hhome HTTP/1.1" 200 4127
186.67.203.186 - - [23/May/2018:13:01:11 -0300] "GET /cormun/static/gxcfg.js?20175251212442 HTTP/1.1" 304 -
186.67.203.186 - - [23/May/2018:13:01:12 -0300] "GET /cormun/servlet/hhome HTTP/1.1" 200 4123
200.112.6.235 - - [23/May/2018:13:01:13 -0300] "GET /cormun/servlet/licenciaspermisos?9de76fb221d8ce7a01ac79e09c941f8408fc4c0e012a70017b74f52d5b8a4aed8e8be58e9357d8fdf7e226e262646dd1a710dab22cc133c865c8cd20ef15e1f9c54b259e100bc81b417a61e42b61fae7ca520db5fcf387cfac1987221eb7c5dd91592748e174d8b85a3abf6d587faf1460d2a1d976a2176bbb768605d0f4468075f145a5eb9b07be5bdc6f6390c08e79791ec3f7334e684664540f8dc53b1ff8fc049019931989fa6b8679c1b107b2eed424c5e4fe8854db8be9f4b720ddd69408f669d06ffa167e8ebabde47cd3048d0aad67b51abd5b7767b020430b288846,gx-no-cache=1527091214001 HTTP/1.1" 200 30
200.112.6.235 - - [23/May/2018:13:01:13 -0300] "GET /cormun/servlet/licenciaspermisos?9de76fb221d8ce7a01ac79e09c941f844df465b3a3c4e018ce556db7247b8ff7cd8f0d47e5caf3b0a230885de3cf96218f67db82e6ece243f2dd4b7b0e4ab4df1965349c46a0c82c9c8e7ad88157a956e88813f37c38c94daa9b9a6c867ae66b2c29c61e0491f3b952828a47dac2ddbae67a6a9a219881df2c8a97d754d2ccaa6ebb8631092332fd17a588998088a301d5a8e1e60626e942e2cb0a886d02d509ca85aead8f7b7c5daf5cbdc79b3146ff5ca6548efaba6a740ef1d5ea1ba16c3aa64421910398c52d91e2b0238a0a5761a6f6ac5070cbad2ee3312f138e9afac2,gx-no-cache=1527091214473 HTTP/1.1" 200 29
200.112.6.235 - - [23/May/2018:13:01:14 -0300] "POST /cormun/servlet/licenciaspermisos?f4eb67e4759cddce527d11d8c850cbc0,INS,0,,,,gx-no-cache=1527091214591 HTTP/1.1" 200 5046
200.112.6.235 - - [23/May/2018:13:01:14 -0300] "GET /cormun/static/Shared/jqueryui/images/ui-bg_highlight-soft_100_c6c2c8_1x100.png HTTP/1.1" 404 1117
200.112.6.235 - - [23/May/2018:13:01:14 -0300] "GET /cormun/static/Shared/jqueryui/images/ui-icons_82798d_256x240.png HTTP/1.1" 404 1089
200.112.6.235 - - [23/May/2018:13:01:14 -0300] "GET /cormun/static/Shared/jqueryui/images/ui-bg_flat_55_994d53_40x100.png HTTP/1.1" 404 1097
200.112.6.235 - - [23/May/2018:13:01:14 -0300] "GET /cormun/static/Shared/jqueryui/images/ui-icons_ebccce_256x240.png HTTP/1.1" 404 1089
186.67.203.186 - - [23/May/2018:13:01:18 -0300] "GET /cormun/servlet/trpermisosgoce? HTTP/1.1" 200 9076
186.67.203.186 - - [23/May/2018:13:01:19 -0300] "GET /cormun/servlet/trpermisosgoce? HTTP/1.1" 200 9075
200.112.6.235 - - [23/May/2018:13:01:24 -0300] "GET /cormun/servlet/licenciaspermisos?9de76fb221d8ce7a01ac79e09c941f8408fc4c0e012a70017b74f52d5b8a4aed8e8be58e9357d8fdf7e226e262646dd1a710dab22cc133c865c8cd20ef15e1f9c54b259e100bc81b417a61e42b61fae7ca520db5fcf387cfac1987221eb7c5dd91592748e174d8b85a3abf6d587faf1460d2a1d976a2176bbb768605d0f4468075f145a5eb9b07be5bdc6f6390c08e79791ec3f7334e684664540f8dc53b1ff8fc049019931989fa6b8679c1b107b2eed424c5e4fe8854db8be9f4b720ddd69408f669d06ffa167e8ebabde47cd3048d0aad67b51abd5b7767b020430b288846,gx-no-cache=1527091225053 HTTP/1.1" 200 30
200.112.6.235 - - [23/May/2018:13:01:24 -0300] "GET /cormun/servlet/licenciaspermisos?9de76fb221d8ce7a01ac79e09c941f844df465b3a3c4e018ce556db7247b8ff7cd8f0d47e5caf3b0a230885de3cf96218f67db82e6ece243f2dd4b7b0e4ab4df1965349c46a0c82c9c8e7ad88157a956e88813f37c38c94daa9b9a6c867ae66b2c29c61e0491f3b952828a47dac2ddbae67a6a9a219881df2c8a97d754d2ccaa6ebb8631092332fd17a588998088a301d5a8e1e60626e942e2cb0a886d02d509ca85aead8f7b7c5daf5cbdc79b3146ff5ca6548efaba6a740ef1d5ea1ba16c3aa64421910398c52d91e2b0238a0a5761a6f6ac5070cbad2ee3312f138e9afac2,gx-no-cache=1527091225164 HTTP/1.1" 200 29
200.112.6.235 - - [23/May/2018:13:01:25 -0300] "POST /cormun/servlet/licenciaspermisos?f4eb67e4759cddce527d11d8c850cbc0,INS,0,,,,gx-no-cache=1527091225297 HTTP/1.1" 200 93
200.112.6.235 - - [23/May/2018:13:01:25 -0300] "GET /cormun/servlet/hpexe_return? HTTP/1.1" 200 1010
186.67.203.186 - - [23/May/2018:13:01:25 -0300] "GET /cormun/servlet/permisogoce?INS,0,,, HTTP/1.1" 200 6968
200.112.6.235 - - [23/May/2018:13:01:25 -0300] "GET /cormun/servlet/trlicencias HTTP/1.1" 200 9593
186.67.203.186 - - [23/May/2018:13:01:26 -0300] "GET /cormun/servlet/permisogoce?INS,0,,, HTTP/1.1" 200 6968
200.112.6.235 - - [23/May/2018:13:01:26 -0300] "GET /cormun/servlet/trlicencias HTTP/1.1" 200 9588
190.151.100.218 - - [23/May/2018:13:02:01 -0300] "GET /cormun/servlet/permisogoce?18284d67f6cd8e3b846e58b6ff83091b348449302cb85ce177e8823487cb31c466c3932b934fe7e4060e61a9b7eaefcf086120c8794df6c54fd97902166d36d6,gx-no-cache=1527091260626 HTTP/1.1" 200 77
190.151.100.218 - - [23/May/2018:13:02:01 -0300] "GET /cormun/static/menuarrow.gif HTTP/1.1" 404 1015
200.112.6.235 - - [23/May/2018:13:02:04 -0300] "GET /cormun/servlet/licenciaspermisos?DSP,15739045,L,20180523000000, HTTP/1.1" 200 7334
200.112.6.235 - - [23/May/2018:13:02:04 -0300] "GET /cormun/servlet/licenciaspermisos?DSP,15739045,L,20180523000000, HTTP/1.1" 200 7333
200.112.6.235 - - [23/May/2018:13:02:15 -0300] "POST /cormun/servlet/licenciaspermisos?f4eb67e4759cddce527d11d8c850cbc0,DSP,15739045,L,20180523000000,,gx-no-cache=1527091275525 HTTP/1.1" 200 93
200.112.6.235 - - [23/May/2018:13:02:15 -0300] "GET /cormun/servlet/hpexe_return? HTTP/1.1" 200 1028
200.112.6.235 - - [23/May/2018:13:02:15 -0300] "GET /cormun/servlet/trlicencias HTTP/1.1" 200 9593
200.112.6.235 - - [23/May/2018:13:02:16 -0300] "GET /cormun/servlet/trlicencias HTTP/1.1" 200 9588
190.151.100.218 - - [23/May/2018:13:02:18 -0300] "GET /cormun/servlet/permisogoce?18284d67f6cd8e3b846e58b6ff83091b693fb72d53da868e97d72f9ceed957127ead10bb152aa3cba710f1c8909399168e02f5275adb0338dc466ce7a19cdfa3,gx-no-cache=1527091277728 HTTP/1.1" 200 47
200.112.6.235 - - [23/May/2018:13:02:20 -0300] "GET /cormun/servlet/trlicenciaspermisosadjuntos?15739045,20180523000000,L, HTTP/1.1" 200 6560
200.112.6.235 - - [23/May/2018:13:02:20 -0300] "GET /cormun/static/gxcfg.js?20177612163414 HTTP/1.1" 200 953
200.112.6.235 - - [23/May/2018:13:02:20 -0300] "GET /cormun/servlet/trlicenciaspermisosadjuntos?15739045,20180523000000,L, HTTP/1.1" 200 6561
190.151.100.218 - - [23/May/2018:13:02:25 -0300] "POST /cormun/servlet/permisogoce?a9906cc49bc262b5aa9ee003fc6eb6a8,INS,0,,,,gx-no-cache=1527091284667 HTTP/1.1" 200 93
190.151.100.218 - - [23/May/2018:13:02:25 -0300] "GET /cormun/servlet/hpexe_return? HTTP/1.1" 200 1009
190.151.100.218 - - [23/May/2018:13:02:25 -0300] "GET /cormun/static/gxcfg.js?2016101716175148 HTTP/1.1" 304 -
190.151.100.218 - - [23/May/2018:13:02:26 -0300] "GET /cormun/servlet/trpermisosgoce HTTP/1.1" 200 9360
190.151.100.218 - - [23/May/2018:13:02:26 -0300] "GET /cormun/servlet/trpermisosgoce HTTP/1.1" 200 9355
200.112.6.235 - - [23/May/2018:13:02:27 -0300] "GET /cormun/servlet/licenciaspermisosadjuntos?INS,15739045,L,20180523000000,, HTTP/1.1" 200 5860
200.112.6.235 - - [23/May/2018:13:02:27 -0300] "GET /cormun/static/gxcfg.js?2017761263592 HTTP/1.1" 200 953
200.112.6.235 - - [23/May/2018:13:02:27 -0300] "GET /cormun/static/about:blank HTTP/1.1" 404 1011
200.112.6.235 - - [23/May/2018:13:02:28 -0300] "GET /cormun/servlet/licenciaspermisosadjuntos?INS,15739045,L,20180523000000,, HTTP/1.1" 200 5850
186.103.161.206 - - [23/May/2018:13:02:33 -0300] "GET /cormun/servlet/apermisogoceprn?12694048,P,20180523115813,PU HTTP/1.1" 200 1665
186.103.159.182 - - [23/May/2018:13:02:36 -0300] "GET /cormun/servlet/licenciaspermisos?INS,0,,, HTTP/1.1" 200 7801
186.103.159.182 - - [23/May/2018:13:02:40 -0300] "GET /cormun/servlet/licenciaspermisos?INS,0,,, HTTP/1.1" 200 7809
186.103.159.182 - - [23/May/2018:13:02:58 -0300] "GET /cormun/servlet/prfichaempleado?,MD,,gxPopupLevel%3D0%3B HTTP/1.1" 200 9438
186.103.159.182 - - [23/May/2018:13:03:09 -0300] "POST /cormun/servlet/prfichaempleado?2a9d1884884b9799f04f36f3e5047011,,MD,,gxPopupLevel%3D0%3B,gx-no-cache=1527087703346 HTTP/1.1" 200 3823
186.103.159.182 - - [23/May/2018:13:03:18 -0300] "GET /cormun/servlet/licenciaspermisos?8e0fa8fdfd5e1d2afafe09a8735824e95e80d5f85aa6cbb6239641afbb1d02ea3307b4ef938394df780d382726f73801,gx-no-cache=1527087712121 HTTP/1.1" 200 76
186.103.159.182 - - [23/May/2018:13:03:18 -0300] "POST /cormun/servlet/licenciaspermisos?2a9d1884884b9799f04f36f3e5047011,INS,0,,,,gx-no-cache=1527087712593 HTTP/1.1" 200 4871
186.103.159.182 - - [23/May/2018:13:03:37 -0300] "GET /cormun/static/menuarrow.gif HTTP/1.1" 404 1015
192.168.10.89 - - [23/May/2018:13:03:49 -0300] "POST /cormun/servlet/hlogin?edc5c1c93d64e6582c09056f05fe55fc,gx-no-cache=1527091237277 HTTP/1.1" 200 90
192.168.10.89 - - [23/May/2018:13:03:49 -0300] "GET /cormun/servlet/hpexe_link HTTP/1.1" 200 952
192.168.10.89 - - [23/May/2018:13:03:49 -0300] "GET /cormun/servlet/hhome HTTP/1.1" 200 4923
192.168.10.89 - - [23/May/2018:13:03:53 -0300] "GET /cormun/servlet/trsolicitudgral? HTTP/1.1" 200 10803
192.168.10.89 - - [23/May/2018:13:04:00 -0300] "GET /cormun/servlet/trsecurityrole? HTTP/1.1" 200 10778
192.168.10.89 - - [23/May/2018:13:04:00 -0300] "GET /cormun/static/gxcfg.js?20175251224777 HTTP/1.1" 200 953
192.168.10.89 - - [23/May/2018:13:04:00 -0300] "GET /cormun/static/trsecurityrole.js?20175251225115 HTTP/1.1" 200 15964
192.168.10.89 - - [23/May/2018:13:04:01 -0300] "GET /cormun//static/Resources/PXToolsHeaderPreferences.png HTTP/1.1" 200 4189
186.103.158.250 - - [23/May/2018:13:04:08 -0300] "POST /cormun/servlet/hlogin?cee11d347b4aa70d6eb50338239ef757,gx-no-cache=1527087782072 HTTP/1.1" 200 90
186.103.158.250 - - [23/May/2018:13:04:14 -0300] "GET /cormun/servlet/hpexe_link HTTP/1.1" 200 945
186.103.158.250 - - [23/May/2018:13:04:22 -0300] "GET /cormun/servlet/hhome HTTP/1.1" 200 3953
186.103.158.250 - - [23/May/2018:13:04:25 -0300] "GET /cormun/static/gxcfg.js?20175251212442 HTTP/1.1" 200 953
192.168.10.96 - - [23/May/2018:13:04:28 -0300] "GET /cormun/servlet/hlogin HTTP/1.1" 200 1714
192.168.10.96 - - [23/May/2018:13:04:28 -0300] "GET /cormun/servlet/hlogin HTTP/1.1" 200 1725
192.168.10.96 - - [23/May/2018:13:04:29 -0300] "GET /cormun/static/gxtimezone.js?85251 HTTP/1.1" 304 -
192.168.10.96 - - [23/May/2018:13:04:29 -0300] "GET /cormun/static/messages.spa.js?85251 HTTP/1.1" 304 -
186.103.158.250 - - [23/May/2018:13:04:30 -0300] "GET /cormun/static/PXToolsJavascripts/pexe_cookies.js HTTP/1.1" 200 792
186.103.158.250 - - [23/May/2018:13:04:30 -0300] "GET /cormun/static/PXToolsJavascripts/pexe_menudivfix.js HTTP/1.1" 200 333
186.103.158.250 - - [23/May/2018:13:04:30 -0300] "GET /cormun/static/PXToolsJavascripts/pexe_oav.js HTTP/1.1" 200 645
186.103.158.250 - - [23/May/2018:13:04:30 -0300] "GET /cormun/static/PXToolsJavascripts/pexe_oavdivfix.js HTTP/1.1" 200 639
192.168.10.96 - - [23/May/2018:13:04:31 -0300] "GET /cormun/servlet/hlogin HTTP/1.1" 200 1735
186.103.158.250 - - [23/May/2018:13:04:36 -0300] "GET /cormun/static/PXToolsJavascripts/pexe_picture.js HTTP/1.1" 200 689
186.103.158.250 - - [23/May/2018:13:04:36 -0300] "GET /cormun/static/PXToolsJavascripts/pexe_tabdivfix.js HTTP/1.1" 200 876
192.168.10.89 - - [23/May/2018:13:04:41 -0300] "GET /cormun/servlet/trsecurityuser01? HTTP/1.1" 200 12364
192.168.10.89 - - [23/May/2018:13:04:42 -0300] "GET /cormun/static/gxcfg.js?201762721181157 HTTP/1.1" 200 953
192.168.10.89 - - [23/May/2018:13:04:42 -0300] "GET /cormun/static/trsecurityuser01.js?201762721181494 HTTP/1.1" 200 19558
192.168.10.89 - - [23/May/2018:13:04:42 -0300] "GET /cormun//static/Resources/PXToolsAddAllAction.png HTTP/1.1" 200 3624
192.168.10.96 - - [23/May/2018:13:04:43 -0300] "POST /cormun/servlet/hlogin?e8f6318085cb5fd6d9948a789337729e,gx-no-cache=1527091295378 HTTP/1.1" 200 90
192.168.10.96 - - [23/May/2018:13:04:43 -0300] "GET /cormun/servlet/hpexe_link HTTP/1.1" 200 952
192.168.10.96 - - [23/May/2018:13:04:43 -0300] "GET /cormun/servlet/hhome HTTP/1.1" 200 4711
192.168.10.96 - - [23/May/2018:13:04:44 -0300] "GET /cormun/servlet/hhome HTTP/1.1" 200 4709
186.103.159.189 - - [23/May/2018:13:04:46 -0300] "GET /cormun/servlet/hlogin HTTP/1.1" 200 1727
192.168.10.89 - - [23/May/2018:13:04:53 -0300] "GET /cormun/servlet/securityusers?INS,0, HTTP/1.1" 200 7871
192.168.10.89 - - [23/May/2018:13:04:53 -0300] "GET /cormun/static/gxcfg.js?20176272118832 HTTP/1.1" 200 953
192.168.10.89 - - [23/May/2018:13:04:53 -0300] "GET /cormun/static/securityusers.js?20176272118873 HTTP/1.1" 200 21417
192.168.10.96 - - [23/May/2018:13:04:53 -0300] "GET /cormun/servlet/trsolicitudgral? HTTP/1.1" 200 27957
192.168.10.96 - - [23/May/2018:13:04:53 -0300] "GET /cormun/static/calendar-es.js?85251 HTTP/1.1" 304 -
192.168.10.96 - - [23/May/2018:13:04:53 -0300] "GET /cormun/static/calendar.js?85251 HTTP/1.1" 304 -
192.168.10.96 - - [23/May/2018:13:04:53 -0300] "GET /cormun/static/calendar-setup.js?85251 HTTP/1.1" 304 -
192.168.10.96 - - [23/May/2018:13:04:54 -0300] "GET /cormun/static/gxdec.js?85251 HTTP/1.1" 304 -
192.168.10.96 - - [23/May/2018:13:04:56 -0300] "GET /cormun/servlet/trsolicitudgral? HTTP/1.1" 200 27956
186.103.159.189 - - [23/May/2018:13:04:58 -0300] "POST /cormun/servlet/hlogin?6067d5f02514148dc0c9c443d0530423,gx-no-cache=1527091437207 HTTP/1.1" 200 90
186.103.159.189 - - [23/May/2018:13:04:58 -0300] "GET /cormun/servlet/hpexe_link HTTP/1.1" 200 983
186.103.159.189 - - [23/May/2018:13:04:59 -0300] "GET /cormun/servlet/trpermisosgoce?gx-no-cache=1527090410538 HTTP/1.1" 200 12152
186.103.159.189 - - [23/May/2018:13:05:02 -0300] "GET /cormun/servlet/trpermisosgoce?gx-no-cache=1527090410538 HTTP/1.1" 200 12165
192.168.10.96 - - [23/May/2018:13:05:08 -0300] "POST /cormun/servlet/trsolicitudgral?e8f6318085cb5fd6d9948a789337729e,,gx-no-cache=1527091319977 HTTP/1.1" 200 10165
186.103.159.189 - - [23/May/2018:13:05:09 -0300] "GET /cormun/servlet/trsolicitudot? HTTP/1.1" 200 8563
186.103.159.189 - - [23/May/2018:13:05:10 -0300] "GET /cormun/static/gxui/gxui-all.css?120300 HTTP/1.1" 200 2179
186.103.159.189 - - [23/May/2018:13:05:10 -0300] "GET /cormun/static/calendar-system.css?85620 HTTP/1.1" 200 5572
186.103.159.189 - - [23/May/2018:13:05:10 -0300] "GET /cormun/static/gxcfg.js?2017111422585916 HTTP/1.1" 200 953
186.103.159.189 - - [23/May/2018:13:05:10 -0300] "GET /cormun/static/Resources/Spanish/PXTools.css?1255365 HTTP/1.1" 200 89042
186.103.159.189 - - [23/May/2018:13:05:10 -0300] "GET /cormun/static/trsolicitudot.js?201711142259839 HTTP/1.1" 200 54041
186.103.159.189 - - [23/May/2018:13:05:10 -0300] "GET /cormun/static/Shared/ext/resources/css/ext-all.css?215870 HTTP/1.1" 200 416045
186.103.159.189 - - [23/May/2018:13:05:12 -0300] "GET /cormun/servlet/trsolicitudot? HTTP/1.1" 200 8542
186.103.159.189 - - [23/May/2018:13:05:12 -0300] "GET /cormun//static/Resources/PXToolsRemoveAllAction.png HTTP/1.1" 200 3558
186.103.159.189 - - [23/May/2018:13:05:12 -0300] "GET /cormun//static/Resources/PXToolsActionView.png HTTP/1.1" 200 2995
192.168.10.96 - - [23/May/2018:13:05:20 -0300] "POST /cormun/servlet/trsolicitudgral?e8f6318085cb5fd6d9948a789337729e,,gx-no-cache=1527091332454 HTTP/1.1" 200 10166
192.168.10.96 - - [23/May/2018:13:05:20 -0300] "POST /cormun/servlet/trsolicitudgral?e8f6318085cb5fd6d9948a789337729e,,gx-no-cache=1527091332785 HTTP/1.1" 200 10166
186.103.158.250 - - [23/May/2018:13:05:26 -0300] "GET /cormun/static/RunJS/RunJS.js HTTP/1.1" 200 288
186.103.158.250 - - [23/May/2018:13:05:26 -0300] "GET /cormun/static/PXToolsJavascripts/PXToolsJavascriptsRender.js HTTP/1.1" 200 367
186.103.158.250 - - [23/May/2018:13:05:27 -0300] "GET /cormun/static/hhome.js?20175251212450 HTTP/1.1" 200 777
186.103.158.250 - - [23/May/2018:13:05:27 -0300] "GET /cormun/static/Resources/PXToolsHeaderActionsLeft.png HTTP/1.1" 200 1118
186.103.159.189 - - [23/May/2018:13:05:28 -0300] "POST /cormun/servlet/trsolicitudot?6067d5f02514148dc0c9c443d0530423,,gx-no-cache=1527091467332 HTTP/1.1" 200 107
186.103.159.189 - - [23/May/2018:13:05:28 -0300] "GET /cormun/servlet/trsolicitudadjuntos?2018,11502, HTTP/1.1" 200 6087
186.103.159.189 - - [23/May/2018:13:05:29 -0300] "GET /cormun/static/gxcfg.js?20177612135366 HTTP/1.1" 200 953
186.103.159.189 - - [23/May/2018:13:05:29 -0300] "GET /cormun/static/trsolicitudadjuntos.js?20177612135632 HTTP/1.1" 200 17922
186.103.158.250 - - [23/May/2018:13:05:29 -0300] "GET /cormun/static/Resources/PXToolsHeaderLogin.png HTTP/1.1" 200 4279
186.103.158.250 - - [23/May/2018:13:05:29 -0300] "GET /cormun/static/Resources/PXToolsDataTitle.png HTTP/1.1" 200 1173
186.103.158.250 - - [23/May/2018:13:05:29 -0300] "GET /cormun/static/Resources/PXToolsHeaderBackground2.png HTTP/1.1" 200 1174
186.103.158.250 - - [23/May/2018:13:05:29 -0300] "GET /cormun/static/Resources/PXToolsFooterBackground2.png HTTP/1.1" 200 1172
186.103.158.250 - - [23/May/2018:13:05:29 -0300] "GET /cormun/static/Resources/PXToolsHeaderSecurity.png HTTP/1.1" 200 4166
186.103.158.250 - - [23/May/2018:13:05:29 -0300] "GET /cormun/static/Resources/PXToolsHeaderActionsRight.png HTTP/1.1" 200 1201
186.103.159.189 - - [23/May/2018:13:05:32 -0300] "GET /cormun/servlet/trsolicitudadjuntos?2018,11502, HTTP/1.1" 200 6087
192.168.10.96 - - [23/May/2018:13:05:39 -0300] "POST /cormun/servlet/trsolicitudgral?e8f6318085cb5fd6d9948a789337729e,,gx-no-cache=1527091351213 HTTP/1.1" 200 5932
192.168.10.96 - - [23/May/2018:13:05:40 -0300] "POST /cormun/servlet/trsolicitudgral?e8f6318085cb5fd6d9948a789337729e,,gx-no-cache=1527091352259 HTTP/1.1" 200 5932
186.103.158.250 - - [23/May/2018:13:05:41 -0300] "GET /cormun/static/Resources/logo4.png HTTP/1.1" 200 6582
186.103.158.250 - - [23/May/2018:13:05:41 -0300] "GET /cormun/static/Resources/PXToolsHeaderHome.png HTTP/1.1" 200 4147
186.103.158.250 - - [23/May/2018:13:05:41 -0300] "GET /cormun/static/Resources/PXToolsHeaderPreferences.png HTTP/1.1" 200 4189
186.103.158.250 - - [23/May/2018:13:05:41 -0300] "GET /cormun/static/Resources/PXToolsHeaderActionsBackground.png HTTP/1.1" 200 484
186.103.158.250 - - [23/May/2018:13:05:41 -0300] "GET /cormun/static/hpexe_messagecontroller.js?20177611595012 HTTP/1.1" 200 870
186.103.158.250 - - [23/May/2018:13:05:43 -0300] "GET /cormun/static/hpexe_messagepopupcomponent.js?20161017169425 HTTP/1.1" 200 605
186.103.158.250 - - [23/May/2018:13:05:46 -0300] "GET /cormun/static/hpexe_messagegenexuscomponent.js?201752511465344 HTTP/1.1" 200 587
192.168.10.96 - - [23/May/2018:13:05:46 -0300] "POST /cormun/servlet/trsolicitudgral?e8f6318085cb5fd6d9948a789337729e,,gx-no-cache=1527091358924 HTTP/1.1" 200 5932
186.103.158.250 - - [23/May/2018:13:05:47 -0300] "GET /cormun/static/SmoothNavMenu/resources/images/down.gif HTTP/1.1" 200 854
186.103.158.250 - - [23/May/2018:13:05:47 -0300] "GET /cormun/servlet/hhome HTTP/1.1" 200 3950
192.168.10.96 - - [23/May/2018:13:05:47 -0300] "POST /cormun/servlet/trsolicitudgral?e8f6318085cb5fd6d9948a789337729e,,gx-no-cache=1527091359618 HTTP/1.1" 200 5930
192.168.10.96 - - [23/May/2018:13:05:47 -0300] "POST /cormun/servlet/trsolicitudgral?e8f6318085cb5fd6d9948a789337729e,,gx-no-cache=1527091359812 HTTP/1.1" 200 5932
192.168.10.96 - - [23/May/2018:13:05:47 -0300] "POST /cormun/servlet/trsolicitudgral?e8f6318085cb5fd6d9948a789337729e,,gx-no-cache=1527091359987 HTTP/1.1" 200 5932
192.168.10.96 - - [23/May/2018:13:05:48 -0300] "POST /cormun/servlet/trsolicitudgral?e8f6318085cb5fd6d9948a789337729e,,gx-no-cache=1527091360148 HTTP/1.1" 200 5932
