186.103.159.189 - - [23/May/2018:13:06:04 -0300] "GET /cormun/servlet/solicitudotadjuntos?INS,2018,11502,,1, HTTP/1.1" 200 6033
186.103.159.189 - - [23/May/2018:13:06:04 -0300] "GET /cormun/static/gxcfg.js?2017761244068 HTTP/1.1" 200 953
186.103.159.189 - - [23/May/2018:13:06:04 -0300] "GET /cormun/static/solicitudotadjuntos.js?2017761244086 HTTP/1.1" 200 11771
186.103.159.189 - - [23/May/2018:13:06:05 -0300] "GET /cormun/static/about:blank HTTP/1.1" 404 1011
186.103.159.189 - - [23/May/2018:13:06:06 -0300] "GET /cormun/servlet/solicitudotadjuntos?INS,2018,11502,,1, HTTP/1.1" 200 6026
186.103.159.189 - - [23/May/2018:13:06:06 -0300] "GET /cormun/servlet/solicitudotadjuntos?5e172df8010fcb45a077abdba2f12d72c72cdf224a74113abb4ae3b8dcc4118e296eeac36a9cbdc9c2f0977fd07bc555,gx-no-cache=1527091505523 HTTP/1.1" 200 30
186.103.159.189 - - [23/May/2018:13:06:07 -0300] "POST /cormun/servlet/solicitudotadjuntos?6067d5f02514148dc0c9c443d0530423,INS,2018,11502,,1,,gx-no-cache=1527091505631 HTTP/1.1" 200 3792
186.103.159.189 - - [23/May/2018:13:06:18 -0300] "POST /cormun/servlet/solicitudotadjuntos?gx-no-cache=1527091516915 HTTP/1.1" 200 26
200.112.6.235 - - [23/May/2018:13:06:34 -0300] "POST /cormun/servlet/licenciaspermisosadjuntos?f4eb67e4759cddce527d11d8c850cbc0,INS,15739045,L,20180523000000,, HTTP/1.1" 200 6446
200.112.6.235 - - [23/May/2018:13:06:34 -0300] "GET /cormun/static/Shared/jqueryui/images/ui-bg_highlight-soft_100_c6c2c8_1x100.png HTTP/1.1" 404 1117
200.112.6.235 - - [23/May/2018:13:06:34 -0300] "GET /cormun/static/Shared/jqueryui/images/ui-icons_82798d_256x240.png HTTP/1.1" 404 1089
200.112.6.235 - - [23/May/2018:13:06:34 -0300] "GET /cormun/static/Shared/jqueryui/images/ui-bg_flat_55_994d53_40x100.png HTTP/1.1" 404 1097
200.112.6.235 - - [23/May/2018:13:06:34 -0300] "GET /cormun/static/Shared/jqueryui/images/ui-icons_ebccce_256x240.png HTTP/1.1" 404 1089
200.112.6.235 - - [23/May/2018:13:06:35 -0300] "GET /cormun/PrivateTempStorage/upload_00038795.jpg HTTP/1.1" 200 696636
192.168.10.96 - - [23/May/2018:13:06:47 -0300] "POST /cormun/servlet/trsolicitudgral?e8f6318085cb5fd6d9948a789337729e,,gx-no-cache=1527091419627 HTTP/1.1" 200 15938
186.103.159.182 - - [23/May/2018:13:06:56 -0300] "GET /cormun/servlet/licenciaspermisos?8e0fa8fdfd5e1d2afafe09a8735824e99593daee158f581640f6d287cf1248b482eb6f58f35f8efac6a505fafa5f2728c79bf9e0246891002664d0604539a429f831380d3ef7551836c3ce54f4eab307d0a3682a313d2a7ab96932b79bbe6615b2c4fb2db080ab034f56160b87e0b0bb4fc54801c830f998374d3b46dcabcc1d6dbc4549142bc2441f5deb98122581761c98fb5bb3159dfe4cdc2964e5ecdc6b79733450da4179a3f02ff6dd268f4170,gx-no-cache=1527087930989 HTTP/1.1" 200 30
186.103.159.182 - - [23/May/2018:13:06:56 -0300] "GET /cormun/servlet/licenciaspermisos?8e0fa8fdfd5e1d2afafe09a8735824e9d28dac1a51a97f1577eb78c3f312253524059cd06b8659570dd014529dc92bf2129b75fc1cd3f8cf5cebfc760f366d0044763ce4f9c4ba53014a6e94db1ef851f97458af05ac3e1602aaaad1a3afa608ae4be5695f73590f003c98fd0c4449473767dd3805312f2ee046716e29e32d259034cfaa8ddb664fc5ebeba8dc9e082b76e8b2ca9c84228502978dc8d3da31a7e52fd7915dae9fd23af9b1b03d35e631,gx-no-cache=1527087931144 HTTP/1.1" 200 29
186.103.159.182 - - [23/May/2018:13:06:56 -0300] "POST /cormun/servlet/licenciaspermisos?2a9d1884884b9799f04f36f3e5047011,INS,0,,,,gx-no-cache=1527087931236 HTTP/1.1" 200 5056
186.103.159.182 - - [23/May/2018:13:06:57 -0300] "GET /cormun/static/Shared/jqueryui/images/ui-bg_highlight-soft_100_c6c2c8_1x100.png HTTP/1.1" 404 1117
186.103.159.182 - - [23/May/2018:13:06:57 -0300] "GET /cormun/static/Shared/jqueryui/images/ui-icons_82798d_256x240.png HTTP/1.1" 404 1089
186.103.159.182 - - [23/May/2018:13:06:57 -0300] "GET /cormun/static/Shared/jqueryui/images/ui-icons_ebccce_256x240.png HTTP/1.1" 404 1089
186.103.159.182 - - [23/May/2018:13:06:57 -0300] "GET /cormun/static/Shared/jqueryui/images/ui-bg_flat_55_994d53_40x100.png HTTP/1.1" 404 1097
200.112.6.235 - - [23/May/2018:13:07:05 -0300] "GET /cormun/servlet/hlogin HTTP/1.1" 200 1718
200.112.6.235 - - [23/May/2018:13:07:06 -0300] "POST /cormun/servlet/hlogin?f4eb67e4759cddce527d11d8c850cbc0,gx-no-cache=1527091567359 HTTP/1.1" 200 90
200.112.6.235 - - [23/May/2018:13:07:06 -0300] "GET /cormun/servlet/hpexe_link HTTP/1.1" 200 989
200.112.6.235 - - [23/May/2018:13:07:07 -0300] "GET /cormun/servlet/licenciaspermisosadjuntos?INS,15739045,L,20180523000000,, HTTP/1.1" 200 5851
200.112.6.235 - - [23/May/2018:13:07:07 -0300] "GET /cormun/static/about:blank HTTP/1.1" 404 1011
200.112.6.235 - - [23/May/2018:13:07:07 -0300] "GET /cormun/servlet/licenciaspermisosadjuntos?INS,15739045,L,20180523000000,, HTTP/1.1" 200 5850
186.103.159.182 - - [23/May/2018:13:07:08 -0300] "GET /cormun/servlet/licenciaspermisos?8e0fa8fdfd5e1d2afafe09a8735824e99593daee158f581640f6d287cf1248b482eb6f58f35f8efac6a505fafa5f2728c79bf9e0246891002664d0604539a429f831380d3ef7551836c3ce54f4eab307d0a3682a313d2a7ab96932b79bbe66157a2d3fb5035f7540e1c3adba066415ff4fc54801c830f998374d3b46dcabcc1dcf9ad49a7c55720c130760f04520c6dec3818e8a7edb80fcc90ac617e7de822d9ac77cc0d5ba64d5123da767bbe6d36eb71b013e79147a71aa4520ff1005766a50ea383d9e1ee26c8322fbe0dd2d58bc4f1ae3062fd085a64a2be9f09cd0ec7a,gx-no-cache=1527087942915 HTTP/1.1" 200 30
186.103.159.182 - - [23/May/2018:13:07:08 -0300] "GET /cormun/servlet/licenciaspermisos?8e0fa8fdfd5e1d2afafe09a8735824e9d28dac1a51a97f1577eb78c3f312253524059cd06b8659570dd014529dc92bf2129b75fc1cd3f8cf5cebfc760f366d0044763ce4f9c4ba53014a6e94db1ef851f97458af05ac3e1602aaaad1a3afa6088c22776780ac1a31f1ead7479b9350e23767dd3805312f2ee046716e29e32d25533225a76011bd2045cb73942cfc969d376111da8f294f0c402b340fa081f69f1aa468b2b8604ba53a863dd543985202057077fbf5b85f7666f6a8b826ebdf0350247b4e6094fd3909927ec67f611ce5701fb71deafd71eb6278ec06725e0ecb,gx-no-cache=1527087942967 HTTP/1.1" 200 29
186.103.159.182 - - [23/May/2018:13:07:08 -0300] "POST /cormun/servlet/licenciaspermisos?2a9d1884884b9799f04f36f3e5047011,INS,0,,,,gx-no-cache=1527087943018 HTTP/1.1" 200 5040
186.103.159.189 - - [23/May/2018:13:07:08 -0300] "GET /cormun/servlet/solicitudotadjuntos?5e172df8010fcb45a077abdba2f12d725e26a6ae30a554f1ced003a9e48ec6a8,gx-no-cache=1527091567617 HTTP/1.1" 200 30
186.103.159.189 - - [23/May/2018:13:07:08 -0300] "GET /cormun/servlet/solicitudotadjuntos?5e172df8010fcb45a077abdba2f12d725e26a6ae30a554f1ced003a9e48ec6a8,gx-no-cache=1527091567685 HTTP/1.1" 200 30
186.103.159.189 - - [23/May/2018:13:07:10 -0300] "POST /cormun/servlet/solicitudotadjuntos?6067d5f02514148dc0c9c443d0530423,INS,2018,11502,,1, HTTP/1.1" 200 116
186.103.159.189 - - [23/May/2018:13:07:10 -0300] "GET /cormun/servlet/hpexe_return? HTTP/1.1" 200 1032
186.103.159.189 - - [23/May/2018:13:07:11 -0300] "GET /cormun/servlet/trsolicitudadjuntos?2018,11502, HTTP/1.1" 200 8543
186.103.159.189 - - [23/May/2018:13:07:13 -0300] "GET /cormun/servlet/trsolicitudadjuntos?2018,11502, HTTP/1.1" 200 8538
186.103.159.189 - - [23/May/2018:13:07:16 -0300] "GET /cormun/servlet/solicitudotadjuntos?INS,2018,11502,,1, HTTP/1.1" 200 6034
186.103.159.189 - - [23/May/2018:13:07:17 -0300] "GET /cormun/static/about:blank HTTP/1.1" 404 1011
186.103.159.189 - - [23/May/2018:13:07:18 -0300] "GET /cormun/servlet/solicitudotadjuntos?INS,2018,11502,,1, HTTP/1.1" 200 6028
186.103.159.189 - - [23/May/2018:13:07:18 -0300] "GET /cormun/servlet/solicitudotadjuntos?5e172df8010fcb45a077abdba2f12d72c72cdf224a74113abb4ae3b8dcc4118e296eeac36a9cbdc9c2f0977fd07bc555,gx-no-cache=1527091577433 HTTP/1.1" 200 30
186.103.159.189 - - [23/May/2018:13:07:18 -0300] "POST /cormun/servlet/solicitudotadjuntos?6067d5f02514148dc0c9c443d0530423,INS,2018,11502,,1,,gx-no-cache=1527091577542 HTTP/1.1" 200 3793
186.103.159.189 - - [23/May/2018:13:07:22 -0300] "POST /cormun/servlet/solicitudotadjuntos?gx-no-cache=1527091581475 HTTP/1.1" 200 26
186.103.159.182 - - [23/May/2018:13:07:24 -0300] "GET /cormun/servlet/licenciaspermisos?8e0fa8fdfd5e1d2afafe09a8735824e99593daee158f581640f6d287cf1248b482eb6f58f35f8efac6a505fafa5f2728c79bf9e0246891002664d0604539a429f831380d3ef7551836c3ce54f4eab307d0a3682a313d2a7ab96932b79bbe66157a2d3fb5035f7540e1c3adba066415ff4fc54801c830f998374d3b46dcabcc1dcf9ad49a7c55720c130760f04520c6dec3818e8a7edb80fcc90ac617e7de822d9ac77cc0d5ba64d5123da767bbe6d36eb71b013e79147a71aa4520ff1005766a50ea383d9e1ee26c8322fbe0dd2d58bc4f1ae3062fd085a64a2be9f09cd0ec7a,gx-no-cache=1527087958458 HTTP/1.1" 200 30
186.103.159.182 - - [23/May/2018:13:07:24 -0300] "GET /cormun/servlet/licenciaspermisos?8e0fa8fdfd5e1d2afafe09a8735824e9d28dac1a51a97f1577eb78c3f312253524059cd06b8659570dd014529dc92bf2129b75fc1cd3f8cf5cebfc760f366d0044763ce4f9c4ba53014a6e94db1ef851f97458af05ac3e1602aaaad1a3afa6088c22776780ac1a31f1ead7479b9350e23767dd3805312f2ee046716e29e32d25533225a76011bd2045cb73942cfc969d376111da8f294f0c402b340fa081f69f1aa468b2b8604ba53a863dd543985202057077fbf5b85f7666f6a8b826ebdf0350247b4e6094fd3909927ec67f611ce5701fb71deafd71eb6278ec06725e0ecb,gx-no-cache=1527087958554 HTTP/1.1" 200 29
186.103.159.182 - - [23/May/2018:13:07:24 -0300] "POST /cormun/servlet/licenciaspermisos?2a9d1884884b9799f04f36f3e5047011,INS,0,,,,gx-no-cache=1527087958616 HTTP/1.1" 200 93
186.103.159.182 - - [23/May/2018:13:07:24 -0300] "GET /cormun/servlet/hpexe_return? HTTP/1.1" 200 1012
186.103.159.182 - - [23/May/2018:13:07:24 -0300] "GET /cormun/servlet/trlicencias HTTP/1.1" 200 11877
186.103.159.182 - - [23/May/2018:13:07:26 -0300] "GET /cormun/servlet/trlicencias HTTP/1.1" 200 11872
186.103.159.189 - - [23/May/2018:13:07:29 -0300] "GET /cormun/servlet/solicitudotadjuntos?5e172df8010fcb45a077abdba2f12d725e26a6ae30a554f1ced003a9e48ec6a8,gx-no-cache=1527091587838 HTTP/1.1" 200 30
186.103.159.189 - - [23/May/2018:13:07:29 -0300] "GET /cormun/servlet/solicitudotadjuntos?5e172df8010fcb45a077abdba2f12d725e26a6ae30a554f1ced003a9e48ec6a8,gx-no-cache=1527091587913 HTTP/1.1" 200 30
186.103.159.189 - - [23/May/2018:13:07:29 -0300] "POST /cormun/servlet/solicitudotadjuntos?6067d5f02514148dc0c9c443d0530423,INS,2018,11502,,1, HTTP/1.1" 200 116
186.103.159.189 - - [23/May/2018:13:07:30 -0300] "GET /cormun/servlet/hpexe_return? HTTP/1.1" 200 1032
186.103.159.189 - - [23/May/2018:13:07:30 -0300] "GET /cormun/servlet/trsolicitudadjuntos?2018,11502, HTTP/1.1" 200 8771
186.103.159.189 - - [23/May/2018:13:07:32 -0300] "GET /cormun/servlet/trsolicitudadjuntos?2018,11502, HTTP/1.1" 200 8772
186.103.159.182 - - [23/May/2018:13:07:32 -0300] "GET /cormun/servlet/trlicenciaspermisosadjuntos?9521772,20180523000000,L, HTTP/1.1" 200 6609
192.168.10.89 - - [23/May/2018:13:07:33 -0300] "POST /cormun/servlet/securityusers?edc5c1c93d64e6582c09056f05fe55fc,INS,0,,gx-no-cache=1527091461310 HTTP/1.1" 500 10
186.103.159.182 - - [23/May/2018:13:07:34 -0300] "GET /cormun/servlet/trlicenciaspermisosadjuntos?9521772,20180523000000,L, HTTP/1.1" 200 6609
200.112.6.235 - - [23/May/2018:13:07:35 -0300] "POST /cormun/servlet/licenciaspermisosadjuntos?f4eb67e4759cddce527d11d8c850cbc0,INS,15739045,L,20180523000000,, HTTP/1.1" 200 6439
200.112.6.235 - - [23/May/2018:13:07:35 -0300] "GET /cormun/static/Shared/jqueryui/images/ui-bg_highlight-soft_100_c6c2c8_1x100.png HTTP/1.1" 404 1117
200.112.6.235 - - [23/May/2018:13:07:35 -0300] "GET /cormun/static/Shared/jqueryui/images/ui-icons_82798d_256x240.png HTTP/1.1" 404 1089
200.112.6.235 - - [23/May/2018:13:07:35 -0300] "GET /cormun/static/Shared/jqueryui/images/ui-bg_flat_55_994d53_40x100.png HTTP/1.1" 404 1097
200.112.6.235 - - [23/May/2018:13:07:35 -0300] "GET /cormun/static/Shared/jqueryui/images/ui-icons_ebccce_256x240.png HTTP/1.1" 404 1089
200.112.6.235 - - [23/May/2018:13:07:36 -0300] "GET /cormun/PrivateTempStorage/upload_00038812.jpg HTTP/1.1" 200 696636
186.103.159.182 - - [23/May/2018:13:07:36 -0300] "GET /cormun/servlet/licenciaspermisosadjuntos?INS,9521772,L,20180523000000,, HTTP/1.1" 200 5906
186.103.159.182 - - [23/May/2018:13:07:37 -0300] "GET /cormun/static/about:blank HTTP/1.1" 404 1011
186.103.159.189 - - [23/May/2018:13:07:38 -0300] "GET /cormun/servlet/solicitudotadjuntos?INS,2018,11502,,1, HTTP/1.1" 200 6034
186.103.159.182 - - [23/May/2018:13:07:38 -0300] "GET /cormun/servlet/licenciaspermisosadjuntos?INS,9521772,L,20180523000000,, HTTP/1.1" 200 5895
186.103.159.189 - - [23/May/2018:13:07:39 -0300] "GET /cormun/static/about:blank HTTP/1.1" 404 1011
186.103.159.189 - - [23/May/2018:13:07:39 -0300] "GET /cormun/servlet/solicitudotadjuntos?INS,2018,11502,,1, HTTP/1.1" 200 6028
186.103.159.189 - - [23/May/2018:13:07:40 -0300] "GET /cormun/servlet/solicitudotadjuntos?5e172df8010fcb45a077abdba2f12d72c72cdf224a74113abb4ae3b8dcc4118e296eeac36a9cbdc9c2f0977fd07bc555,gx-no-cache=1527091599095 HTTP/1.1" 200 30
186.103.159.189 - - [23/May/2018:13:07:40 -0300] "POST /cormun/servlet/solicitudotadjuntos?6067d5f02514148dc0c9c443d0530423,INS,2018,11502,,1,,gx-no-cache=1527091599165 HTTP/1.1" 200 3793
186.103.159.189 - - [23/May/2018:13:07:44 -0300] "POST /cormun/servlet/solicitudotadjuntos?gx-no-cache=1527091603427 HTTP/1.1" 200 26
186.103.159.182 - - [23/May/2018:13:07:52 -0300] "POST /cormun/servlet/licenciaspermisosadjuntos?2a9d1884884b9799f04f36f3e5047011,INS,9521772,L,20180523000000,, HTTP/1.1" 200 116
186.103.159.182 - - [23/May/2018:13:07:53 -0300] "GET /cormun/servlet/hpexe_return? HTTP/1.1" 200 1042
186.103.159.182 - - [23/May/2018:13:07:53 -0300] "GET /cormun/servlet/trlicenciaspermisosadjuntos?9521772,20180523000000,L, HTTP/1.1" 200 7125
186.103.159.189 - - [23/May/2018:13:07:54 -0300] "GET /cormun/servlet/solicitudotadjuntos?5e172df8010fcb45a077abdba2f12d725e26a6ae30a554f1ced003a9e48ec6a8,gx-no-cache=1527091612950 HTTP/1.1" 200 30
186.103.159.189 - - [23/May/2018:13:07:54 -0300] "GET /cormun/servlet/solicitudotadjuntos?5e172df8010fcb45a077abdba2f12d725e26a6ae30a554f1ced003a9e48ec6a8,gx-no-cache=1527091613026 HTTP/1.1" 200 30
186.103.159.189 - - [23/May/2018:13:07:55 -0300] "POST /cormun/servlet/solicitudotadjuntos?6067d5f02514148dc0c9c443d0530423,INS,2018,11502,,1, HTTP/1.1" 200 116
186.103.159.189 - - [23/May/2018:13:07:55 -0300] "GET /cormun/servlet/hpexe_return? HTTP/1.1" 200 1032
186.103.159.182 - - [23/May/2018:13:07:55 -0300] "GET /cormun/servlet/trlicenciaspermisosadjuntos?9521772,20180523000000,L, HTTP/1.1" 200 7122
186.103.159.189 - - [23/May/2018:13:07:55 -0300] "GET /cormun/servlet/trsolicitudadjuntos?2018,11502, HTTP/1.1" 200 8950
186.103.159.189 - - [23/May/2018:13:07:57 -0300] "GET /cormun/servlet/trsolicitudadjuntos?2018,11502, HTTP/1.1" 200 8948
186.103.159.189 - - [23/May/2018:13:08:01 -0300] "GET /cormun/servlet/solicitudotadjuntos?INS,2018,11502,,1, HTTP/1.1" 200 6034
186.103.159.189 - - [23/May/2018:13:08:01 -0300] "GET /cormun/static/about:blank HTTP/1.1" 404 1011
186.103.159.189 - - [23/May/2018:13:08:03 -0300] "GET /cormun/servlet/solicitudotadjuntos?INS,2018,11502,,1, HTTP/1.1" 200 6028
186.103.159.189 - - [23/May/2018:13:08:03 -0300] "GET /cormun/servlet/solicitudotadjuntos?5e172df8010fcb45a077abdba2f12d72c72cdf224a74113abb4ae3b8dcc4118e296eeac36a9cbdc9c2f0977fd07bc555,gx-no-cache=1527091622302 HTTP/1.1" 200 30
186.103.159.189 - - [23/May/2018:13:08:03 -0300] "POST /cormun/servlet/solicitudotadjuntos?6067d5f02514148dc0c9c443d0530423,INS,2018,11502,,1,,gx-no-cache=1527091622356 HTTP/1.1" 200 3793
186.103.159.189 - - [23/May/2018:13:08:07 -0300] "POST /cormun/servlet/solicitudotadjuntos?gx-no-cache=1527091626621 HTTP/1.1" 200 26
186.103.156.166 - - [23/May/2018:13:08:10 -0300] "GET /cormun/servlet/alicenciaprn?17080289,L,20180502000000,PU HTTP/1.1" 200 1549
186.103.156.166 - - [23/May/2018:13:08:10 -0300] "GET /cormun/servlet/alicenciaprn?17080289,L,20180502000000,PU HTTP/1.1" 200 1550
200.112.6.235 - - [23/May/2018:13:08:12 -0300] "POST /cormun/servlet/licenciaspermisosadjuntos?f4eb67e4759cddce527d11d8c850cbc0,INS,15739045,L,20180523000000,, HTTP/1.1" 200 6440
200.112.6.235 - - [23/May/2018:13:08:13 -0300] "GET /cormun/PrivateTempStorage/upload_00038846.jpg HTTP/1.1" 200 696636
186.103.159.189 - - [23/May/2018:13:08:14 -0300] "GET /cormun/servlet/solicitudotadjuntos?5e172df8010fcb45a077abdba2f12d725e26a6ae30a554f1ced003a9e48ec6a8,gx-no-cache=1527091633076 HTTP/1.1" 200 30
186.103.159.189 - - [23/May/2018:13:08:14 -0300] "GET /cormun/servlet/solicitudotadjuntos?5e172df8010fcb45a077abdba2f12d725e26a6ae30a554f1ced003a9e48ec6a8,gx-no-cache=1527091633145 HTTP/1.1" 200 30
186.103.159.189 - - [23/May/2018:13:08:15 -0300] "POST /cormun/servlet/solicitudotadjuntos?6067d5f02514148dc0c9c443d0530423,INS,2018,11502,,1, HTTP/1.1" 200 116
186.103.159.189 - - [23/May/2018:13:08:15 -0300] "GET /cormun/servlet/hpexe_return? HTTP/1.1" 200 1032
186.103.159.189 - - [23/May/2018:13:08:15 -0300] "GET /cormun/servlet/trsolicitudadjuntos?2018,11502, HTTP/1.1" 200 9143
186.103.159.189 - - [23/May/2018:13:08:17 -0300] "GET /cormun/servlet/trsolicitudadjuntos?2018,11502, HTTP/1.1" 200 9146
186.103.159.182 - - [23/May/2018:13:08:19 -0300] "GET /cormun/servlet/trlicencias? HTTP/1.1" 200 11873
186.103.159.189 - - [23/May/2018:13:08:20 -0300] "GET /cormun/servlet/solicitudotadjuntos?INS,2018,11502,,1, HTTP/1.1" 200 6034
186.103.159.182 - - [23/May/2018:13:08:21 -0300] "GET /cormun/servlet/trlicencias? HTTP/1.1" 200 11872
186.103.159.189 - - [23/May/2018:13:08:22 -0300] "GET /cormun/static/about:blank HTTP/1.1" 404 1011
186.103.159.189 - - [23/May/2018:13:08:22 -0300] "GET /cormun/servlet/solicitudotadjuntos?INS,2018,11502,,1, HTTP/1.1" 200 6028
186.103.159.189 - - [23/May/2018:13:08:23 -0300] "GET /cormun/servlet/solicitudotadjuntos?5e172df8010fcb45a077abdba2f12d72c72cdf224a74113abb4ae3b8dcc4118e296eeac36a9cbdc9c2f0977fd07bc555,gx-no-cache=1527091642007 HTTP/1.1" 200 30
186.103.159.189 - - [23/May/2018:13:08:23 -0300] "POST /cormun/servlet/solicitudotadjuntos?6067d5f02514148dc0c9c443d0530423,INS,2018,11502,,1,,gx-no-cache=1527091642085 HTTP/1.1" 200 3794
186.103.159.189 - - [23/May/2018:13:08:29 -0300] "POST /cormun/servlet/solicitudotadjuntos?gx-no-cache=1527091648130 HTTP/1.1" 200 26
200.112.6.235 - - [23/May/2018:13:08:32 -0300] "POST /cormun/servlet/licenciaspermisosadjuntos?f4eb67e4759cddce527d11d8c850cbc0,INS,15739045,L,20180523000000,, HTTP/1.1" 200 6439
200.112.6.235 - - [23/May/2018:13:08:33 -0300] "GET /cormun/PrivateTempStorage/upload_00038863.jpg HTTP/1.1" 200 696636
186.103.159.189 - - [23/May/2018:13:08:36 -0300] "GET /cormun/servlet/solicitudotadjuntos?5e172df8010fcb45a077abdba2f12d725e26a6ae30a554f1ced003a9e48ec6a8,gx-no-cache=1527091655662 HTTP/1.1" 200 30
186.103.159.189 - - [23/May/2018:13:08:36 -0300] "GET /cormun/servlet/solicitudotadjuntos?5e172df8010fcb45a077abdba2f12d725e26a6ae30a554f1ced003a9e48ec6a8,gx-no-cache=1527091655763 HTTP/1.1" 200 30
186.103.159.189 - - [23/May/2018:13:08:38 -0300] "POST /cormun/servlet/solicitudotadjuntos?6067d5f02514148dc0c9c443d0530423,INS,2018,11502,,1, HTTP/1.1" 200 116
186.103.159.189 - - [23/May/2018:13:08:38 -0300] "GET /cormun/servlet/hpexe_return? HTTP/1.1" 200 1032
186.103.159.189 - - [23/May/2018:13:08:38 -0300] "GET /cormun/servlet/trsolicitudadjuntos?2018,11502, HTTP/1.1" 200 9386
186.103.159.189 - - [23/May/2018:13:08:41 -0300] "GET /cormun/servlet/trsolicitudadjuntos?2018,11502, HTTP/1.1" 200 9384
186.103.159.182 - - [23/May/2018:13:08:55 -0300] "GET /cormun/servlet/alicenciaprn?9521772,L,20180523000000,PU HTTP/1.1" 200 1531
192.168.10.96 - - [23/May/2018:13:09:57 -0300] "GET /cormun/servlet/trsecurityuser01? HTTP/1.1" 200 12169
192.168.10.96 - - [23/May/2018:13:09:59 -0300] "GET /cormun/servlet/trsecurityuser01? HTTP/1.1" 200 12169
192.168.10.96 - - [23/May/2018:13:10:01 -0300] "GET /cormun/servlet/securityusers?INS,0, HTTP/1.1" 200 7654
192.168.10.96 - - [23/May/2018:13:10:01 -0300] "GET /cormun/static/gxcfg.js?20176272118832 HTTP/1.1" 200 953
192.168.10.96 - - [23/May/2018:13:10:01 -0300] "GET /cormun/static/securityusers.js?20176272118873 HTTP/1.1" 200 21417
192.168.10.96 - - [23/May/2018:13:10:02 -0300] "GET /cormun/servlet/securityusers?INS,0, HTTP/1.1" 200 7654
192.168.10.96 - - [23/May/2018:13:10:14 -0300] "GET /cormun/servlet/trsecurityrole? HTTP/1.1" 200 10550
192.168.10.96 - - [23/May/2018:13:10:14 -0300] "GET /cormun/static/gxcfg.js?20175251224777 HTTP/1.1" 200 953
192.168.10.96 - - [23/May/2018:13:10:14 -0300] "GET /cormun/static/trsecurityrole.js?20175251225115 HTTP/1.1" 200 15964
192.168.10.96 - - [23/May/2018:13:10:15 -0300] "GET /cormun//static/Resources/PXToolsGridDisplay.png HTTP/1.1" 200 362
192.168.10.96 - - [23/May/2018:13:10:15 -0300] "GET /cormun/servlet/trsecurityrole? HTTP/1.1" 200 10542
192.168.10.96 - - [23/May/2018:13:10:18 -0300] "GET /cormun/servlet/trsecurityuser01? HTTP/1.1" 200 12169
192.168.10.96 - - [23/May/2018:13:10:18 -0300] "GET /cormun/servlet/trsecurityuser01? HTTP/1.1" 200 12169
192.168.10.96 - - [23/May/2018:13:10:26 -0300] "POST /cormun/servlet/trsecurityuser01?e8f6318085cb5fd6d9948a789337729e,,gx-no-cache=1527091638149 HTTP/1.1" 200 4449
192.168.10.96 - - [23/May/2018:13:10:32 -0300] "POST /cormun/servlet/trsecurityuser01?e8f6318085cb5fd6d9948a789337729e,,gx-no-cache=1527091644030 HTTP/1.1" 200 4448
192.168.10.96 - - [23/May/2018:13:10:34 -0300] "POST /cormun/servlet/trsecurityuser01?e8f6318085cb5fd6d9948a789337729e,,gx-no-cache=1527091646027 HTTP/1.1" 200 4449
200.111.191.210 - - [23/May/2018:13:10:50 -0300] "GET /cormun/servlet/trpermisosgoce? HTTP/1.1" 200 16700
200.111.191.210 - - [23/May/2018:13:10:50 -0300] "GET /cormun/servlet/trpermisosgoce? HTTP/1.1" 200 16700
200.112.6.235 - - [23/May/2018:13:10:56 -0300] "POST /cormun/servlet/licenciaspermisosadjuntos?f4eb67e4759cddce527d11d8c850cbc0,INS,15739045,L,20180523000000,, HTTP/1.1" 200 6438
200.112.6.235 - - [23/May/2018:13:10:57 -0300] "GET /cormun/PrivateTempStorage/upload_00038880.jpg HTTP/1.1" 200 696636
200.111.191.210 - - [23/May/2018:13:11:05 -0300] "GET /cormun/servlet/permisogoce?INS,0,,, HTTP/1.1" 200 6794
200.111.191.210 - - [23/May/2018:13:11:05 -0300] "GET /cormun/servlet/permisogoce?INS,0,,, HTTP/1.1" 200 6794
200.111.191.210 - - [23/May/2018:13:11:14 -0300] "GET /cormun/servlet/permisogoce?007cdcb733148dc85e55cd3230ebefcd75513064eac76ef203124bd12f10ac54779bf97e42f34f19daf946d1c92d3120e07f7c5b191e63ff6d4f4e12d8bd4a4c,gx-no-cache=1527091862477 HTTP/1.1" 200 81
200.111.191.210 - - [23/May/2018:13:11:19 -0300] "GET /cormun/servlet/permisogoce?007cdcb733148dc85e55cd3230ebefcdf1bd23493f54502bed8dafe635b89478e3701e83e5c13dd4e970c7c730541fe958ce324ead9a03b66b7e2ddf5590436f,gx-no-cache=1527091867552 HTTP/1.1" 200 47
200.112.6.235 - - [23/May/2018:13:11:24 -0300] "POST /cormun/servlet/licenciaspermisosadjuntos?f4eb67e4759cddce527d11d8c850cbc0,INS,15739045,L,20180523000000,, HTTP/1.1" 200 6439
200.112.6.235 - - [23/May/2018:13:11:25 -0300] "GET /cormun/PrivateTempStorage/upload_00038885.jpg HTTP/1.1" 200 696636
200.112.6.235 - - [23/May/2018:13:11:41 -0300] "POST /cormun/servlet/licenciaspermisosadjuntos?f4eb67e4759cddce527d11d8c850cbc0,INS,15739045,L,20180523000000,, HTTP/1.1" 200 116
200.112.6.235 - - [23/May/2018:13:11:41 -0300] "GET /cormun/servlet/hpexe_return? HTTP/1.1" 200 1041
200.112.6.235 - - [23/May/2018:13:11:41 -0300] "GET /cormun/servlet/trlicenciaspermisosadjuntos?15739045,20180523000000,L, HTTP/1.1" 200 6564
200.112.6.235 - - [23/May/2018:13:11:41 -0300] "GET /cormun/servlet/trlicenciaspermisosadjuntos?15739045,20180523000000,L, HTTP/1.1" 200 6561
200.112.6.235 - - [23/May/2018:13:11:49 -0300] "GET /cormun/servlet/licenciaspermisosadjuntos?INS,15739045,L,20180523000000,, HTTP/1.1" 200 5861
200.112.6.235 - - [23/May/2018:13:11:49 -0300] "GET /cormun/static/about:blank HTTP/1.1" 404 1011
200.112.6.235 - - [23/May/2018:13:11:50 -0300] "GET /cormun/servlet/licenciaspermisosadjuntos?INS,15739045,L,20180523000000,, HTTP/1.1" 200 5850
200.112.6.235 - - [23/May/2018:13:12:10 -0300] "POST /cormun/servlet/licenciaspermisosadjuntos?f4eb67e4759cddce527d11d8c850cbc0,INS,15739045,L,20180523000000,, HTTP/1.1" 200 6447
200.112.6.235 - - [23/May/2018:13:12:10 -0300] "GET /cormun/static/Shared/jqueryui/images/ui-bg_highlight-soft_100_c6c2c8_1x100.png HTTP/1.1" 404 1117
200.112.6.235 - - [23/May/2018:13:12:10 -0300] "GET /cormun/static/Shared/jqueryui/images/ui-icons_82798d_256x240.png HTTP/1.1" 404 1089
200.112.6.235 - - [23/May/2018:13:12:10 -0300] "GET /cormun/static/Shared/jqueryui/images/ui-bg_flat_55_994d53_40x100.png HTTP/1.1" 404 1097
200.112.6.235 - - [23/May/2018:13:12:10 -0300] "GET /cormun/static/Shared/jqueryui/images/ui-icons_ebccce_256x240.png HTTP/1.1" 404 1089
200.112.6.235 - - [23/May/2018:13:12:11 -0300] "GET /cormun/PrivateTempStorage/upload_00038895.jpg HTTP/1.1" 200 696636
200.111.191.210 - - [23/May/2018:13:12:14 -0300] "POST /cormun/servlet/permisogoce?eb1e9a31ef783d235fa5137737f3bf4a,INS,0,,,,gx-no-cache=1527091922469 HTTP/1.1" 200 93
200.111.191.210 - - [23/May/2018:13:12:14 -0300] "GET /cormun/servlet/hpexe_return? HTTP/1.1" 200 1010
200.111.191.210 - - [23/May/2018:13:12:14 -0300] "GET /cormun/servlet/trpermisosgoce HTTP/1.1" 200 17089
200.111.191.210 - - [23/May/2018:13:12:15 -0300] "GET /cormun/servlet/trpermisosgoce HTTP/1.1" 200 17079
200.111.191.210 - - [23/May/2018:13:12:16 -0300] "GET /cormun/servlet/apermisogoceprn?16845945,P,20180523120753,PU HTTP/1.1" 200 1683
186.103.156.166 - - [23/May/2018:13:12:58 -0300] "GET /cormun/servlet/hlogin HTTP/1.1" 200 1730
200.112.6.235 - - [23/May/2018:13:12:59 -0300] "POST /cormun/servlet/licenciaspermisosadjuntos?f4eb67e4759cddce527d11d8c850cbc0,INS,15739045,L,20180523000000,, HTTP/1.1" 200 6446
200.112.6.235 - - [23/May/2018:13:13:00 -0300] "GET /cormun/PrivateTempStorage/upload_00038900.jpg HTTP/1.1" 200 696636
200.112.6.235 - - [23/May/2018:13:13:25 -0300] "POST /cormun/servlet/licenciaspermisosadjuntos?f4eb67e4759cddce527d11d8c850cbc0,INS,15739045,L,20180523000000,, HTTP/1.1" 200 116
200.112.6.235 - - [23/May/2018:13:13:25 -0300] "GET /cormun/servlet/hpexe_return? HTTP/1.1" 200 1041
200.112.6.235 - - [23/May/2018:13:13:26 -0300] "GET /cormun/servlet/trlicenciaspermisosadjuntos?15739045,20180523000000,L, HTTP/1.1" 200 6564
200.112.6.235 - - [23/May/2018:13:13:33 -0300] "GET /cormun/servlet/trlicencias? HTTP/1.1" 200 9589
200.112.6.235 - - [23/May/2018:13:13:34 -0300] "GET /cormun/servlet/trlicencias? HTTP/1.1" 200 9588
192.168.10.89 - - [23/May/2018:13:13:40 -0300] "GET /cormun/servlet/hlogin HTTP/1.1" 200 1719
200.112.6.235 - - [23/May/2018:13:13:43 -0300] "GET /cormun/servlet/licenciaspermisos?UPD,15739045,L,20180523000000, HTTP/1.1" 200 7926
200.112.6.235 - - [23/May/2018:13:13:43 -0300] "GET /cormun/servlet/licenciaspermisos?UPD,15739045,L,20180523000000, HTTP/1.1" 200 7944
200.112.6.235 - - [23/May/2018:13:13:44 -0300] "GET /cormun/servlet/licenciaspermisos?9de76fb221d8ce7a01ac79e09c941f84ee96ab0d3e9f864e83d76aee6e2096a28f3c3b8d4272d9cdc06c86da32d64db0280c347148ff437b8633b2377bc200cb75a097fbc4e930cd9e4023d409cfef1080e9545f4a3f73b34319d5de772948a1,gx-no-cache=1527091964763 HTTP/1.1" 200 96
200.112.6.235 - - [23/May/2018:13:13:47 -0300] "GET /cormun/servlet/licenciaspermisos?9de76fb221d8ce7a01ac79e09c941f844f7bff62fcfaeec7e1cc7252de38eace8e8be58e9357d8fdf7e226e262646dd1a710dab22cc133c865c8cd20ef15e1f9c54b259e100bc81b417a61e42b61fae7ca520db5fcf387cfac1987221eb7c5dd91592748e174d8b85a3abf6d587faf1460d2a1d976a2176bbb768605d0f4468075f145a5eb9b07be5bdc6f6390c08e79791ec3f7334e684664540f8dc53b1ff8fc049019931989fa6b8679c1b107b2eed424c5e4fe8854db8be9f4b720ddd69408f669d06ffa167e8ebabde47cd3048d0aad67b51abd5b7767b020430b288846,gx-no-cache=1527091968123 HTTP/1.1" 200 30
200.112.6.235 - - [23/May/2018:13:13:48 -0300] "GET /cormun/servlet/licenciaspermisos?9de76fb221d8ce7a01ac79e09c941f844df465b3a3c4e018ce556db7247b8ff7cd8f0d47e5caf3b0a230885de3cf96218f67db82e6ece243f2dd4b7b0e4ab4df1965349c46a0c82c9c8e7ad88157a956e88813f37c38c94daa9b9a6c867ae66b2c29c61e0491f3b952828a47dac2ddbae67a6a9a219881df2c8a97d754d2ccaa6ebb8631092332fd17a588998088a301d5a8e1e60626e942e2cb0a886d02d509ca85aead8f7b7c5daf5cbdc79b3146ff5ca6548efaba6a740ef1d5ea1ba16c3aa64421910398c52d91e2b0238a0a5761a6f6ac5070cbad2ee3312f138e9afac2,gx-no-cache=1527091968338 HTTP/1.1" 200 29
200.112.6.235 - - [23/May/2018:13:13:49 -0300] "POST /cormun/servlet/licenciaspermisos?f4eb67e4759cddce527d11d8c850cbc0,UPD,15739045,L,20180523000000,,gx-no-cache=1527091968747 HTTP/1.1" 200 93
200.112.6.235 - - [23/May/2018:13:13:49 -0300] "GET /cormun/servlet/hpexe_return? HTTP/1.1" 200 1028
200.112.6.235 - - [23/May/2018:13:13:49 -0300] "GET /cormun/servlet/trlicencias HTTP/1.1" 200 9593
200.112.6.235 - - [23/May/2018:13:13:50 -0300] "GET /cormun/servlet/trlicencias HTTP/1.1" 200 9588
192.168.10.89 - - [23/May/2018:13:13:50 -0300] "POST /cormun/servlet/hlogin?eba1a844efc1112dc53368fb39d1637d,gx-no-cache=1527091838143 HTTP/1.1" 200 90
192.168.10.89 - - [23/May/2018:13:13:50 -0300] "GET /cormun/servlet/hpexe_link HTTP/1.1" 200 949
192.168.10.89 - - [23/May/2018:13:13:50 -0300] "GET /cormun/servlet/hhome HTTP/1.1" 200 4917
192.168.10.89 - - [23/May/2018:13:13:54 -0300] "GET /cormun/servlet/trsolicitudgral? HTTP/1.1" 200 28164
192.168.10.89 - - [23/May/2018:13:14:32 -0300] "GET /cormun/servlet/trsecurityuser01? HTTP/1.1" 200 12369
192.168.10.89 - - [23/May/2018:13:14:38 -0300] "POST /cormun/servlet/trsecurityuser01?eba1a844efc1112dc53368fb39d1637d,,gx-no-cache=1527091886078 HTTP/1.1" 200 4444
186.103.159.182 - - [23/May/2018:13:15:07 -0300] "POST /cormun/servlet/trlicencias?2a9d1884884b9799f04f36f3e5047011,,gx-no-cache=1527088421245 HTTP/1.1" 200 9130
186.103.159.182 - - [23/May/2018:13:15:07 -0300] "GET /cormun/static/Shared/jqueryui/images/ui-bg_highlight-soft_100_c6c2c8_1x100.png HTTP/1.1" 404 1117
186.103.159.182 - - [23/May/2018:13:15:07 -0300] "GET /cormun/static/Shared/jqueryui/images/ui-icons_82798d_256x240.png HTTP/1.1" 404 1089
186.103.159.182 - - [23/May/2018:13:15:07 -0300] "GET /cormun/static/Shared/jqueryui/images/ui-bg_flat_55_fafafa_40x100.png HTTP/1.1" 404 1097
186.103.159.182 - - [23/May/2018:13:15:07 -0300] "GET /cormun/static/Shared/jqueryui/images/ui-icons_8d78a5_256x240.png HTTP/1.1" 404 1089
200.112.6.235 - - [23/May/2018:13:15:29 -0300] "GET /cormun/servlet/trlicenciaspermisosadjuntos?15739045,20180523000000,L, HTTP/1.1" 200 6560
200.112.6.235 - - [23/May/2018:13:15:30 -0300] "GET /cormun/servlet/trlicenciaspermisosadjuntos?15739045,20180523000000,L, HTTP/1.1" 200 6561
200.112.6.235 - - [23/May/2018:13:15:33 -0300] "POST /cormun/servlet/trlicenciaspermisosadjuntos?f4eb67e4759cddce527d11d8c850cbc0,15739045,20180523000000,L,,gx-no-cache=1527092072729 HTTP/1.1" 200 4217
200.112.6.235 - - [23/May/2018:13:15:40 -0300] "GET /cormun/servlet/licenciaspermisosadjuntos?INS,15739045,L,20180523000000,, HTTP/1.1" 200 5860
200.112.6.235 - - [23/May/2018:13:15:40 -0300] "GET /cormun/static/about:blank HTTP/1.1" 404 1011
200.112.6.235 - - [23/May/2018:13:15:41 -0300] "GET /cormun/servlet/licenciaspermisosadjuntos?INS,15739045,L,20180523000000,, HTTP/1.1" 200 5849
200.112.6.235 - - [23/May/2018:13:15:58 -0300] "POST /cormun/servlet/licenciaspermisosadjuntos?f4eb67e4759cddce527d11d8c850cbc0,INS,15739045,L,20180523000000,, HTTP/1.1" 200 6448
200.112.6.235 - - [23/May/2018:13:15:59 -0300] "GET /cormun/static/Shared/jqueryui/images/ui-bg_highlight-soft_100_c6c2c8_1x100.png HTTP/1.1" 404 1117
200.112.6.235 - - [23/May/2018:13:15:59 -0300] "GET /cormun/static/Shared/jqueryui/images/ui-icons_82798d_256x240.png HTTP/1.1" 404 1089
200.112.6.235 - - [23/May/2018:13:15:59 -0300] "GET /cormun/static/Shared/jqueryui/images/ui-bg_flat_55_994d53_40x100.png HTTP/1.1" 404 1097
200.112.6.235 - - [23/May/2018:13:15:59 -0300] "GET /cormun/static/Shared/jqueryui/images/ui-icons_ebccce_256x240.png HTTP/1.1" 404 1089
200.112.6.235 - - [23/May/2018:13:15:59 -0300] "GET /cormun/PrivateTempStorage/upload_00038910.jpg HTTP/1.1" 200 696636
192.168.10.98 - - [23/May/2018:13:16:13 -0300] "GET /cormun/servlet/hlogin HTTP/1.1" 200 1719
192.168.10.98 - - [23/May/2018:13:16:13 -0300] "GET /cormun/static/Resources/Spanish/PXTools.css?11423723 HTTP/1.1" 200 89042
192.168.10.98 - - [23/May/2018:13:16:13 -0300] "GET /cormun/static/gxtimezone.js?85251 HTTP/1.1" 200 5781
192.168.10.98 - - [23/May/2018:13:16:13 -0300] "GET /cormun/static/gxcfg.js?20175251213516 HTTP/1.1" 200 953
192.168.10.98 - - [23/May/2018:13:16:13 -0300] "GET /cormun/static/Resources/ComunLogin.png HTTP/1.1" 200 17326
192.168.10.98 - - [23/May/2018:13:16:13 -0300] "GET /cormun/static/hlogin.js?20175251213537 HTTP/1.1" 200 2136
192.168.10.98 - - [23/May/2018:13:16:13 -0300] "GET /cormun/static/gxgral.js?85251 HTTP/1.1" 200 384558
192.168.10.98 - - [23/May/2018:13:16:13 -0300] "GET /cormun/static/messages.spa.js?85251 HTTP/1.1" 200 30736
192.168.10.98 - - [23/May/2018:13:16:13 -0300] "GET /cormun/static/Resources/indicator.gif HTTP/1.1" 200 1553
192.168.10.98 - - [23/May/2018:13:16:13 -0300] "GET /cormun/servlet/hlogin HTTP/1.1" 200 1729
192.168.10.98 - - [23/May/2018:13:16:13 -0300] "GET /cormun/static/Resources/PXToolsLoginBackground.png HTTP/1.1" 200 1164
192.168.10.98 - - [23/May/2018:13:16:13 -0300] "GET /cormun/static/Resources/PXToolsButtonLeft21.png HTTP/1.1" 200 1287
192.168.10.98 - - [23/May/2018:13:16:13 -0300] "GET /cormun/static/Resources/PXToolsButtonRight21.png HTTP/1.1" 200 1283
192.168.10.98 - - [23/May/2018:13:16:13 -0300] "GET /cormun/static/Resources/PXToolsButtonBackground2.png HTTP/1.1" 200 1181
192.168.10.98 - - [23/May/2018:13:16:13 -0300] "GET /cormun/static/Resources/PXToolsLoginTop.png HTTP/1.1" 200 1337
192.168.10.98 - - [23/May/2018:13:16:14 -0300] "GET /cormun/static/Resources/PXToolsLoginBottom.png HTTP/1.1" 200 1389
192.168.10.98 - - [23/May/2018:13:16:14 -0300] "GET /cormun/static/Resources/PXToolsLoginTop.png HTTP/1.1" 200 1337
192.168.10.98 - - [23/May/2018:13:16:14 -0300] "GET /favicon.ico HTTP/1.1" 200 21630
192.168.10.98 - - [23/May/2018:13:16:14 -0300] "GET /cormun/static/Resources/PXToolsButtonRight21.png HTTP/1.1" 206 51
192.168.10.98 - - [23/May/2018:13:16:14 -0300] "GET /cormun/static/Resources/PXToolsButtonBackground2.png HTTP/1.1" 200 1181
192.168.10.98 - - [23/May/2018:13:16:14 -0300] "GET /cormun/static/Resources/PXToolsLoginBottom.png HTTP/1.1" 200 1389
192.168.10.98 - - [23/May/2018:13:16:21 -0300] "POST /cormun/servlet/hlogin?d732a75d3d0100ed50be26a50a6b75c0,gx-no-cache=1527091989699 HTTP/1.1" 200 90
192.168.10.98 - - [23/May/2018:13:16:22 -0300] "GET /cormun/servlet/hpexe_link HTTP/1.1" 200 951
192.168.10.98 - - [23/May/2018:13:16:22 -0300] "GET /cormun/static/Resources/Spanish/PXTools.css?1155365 HTTP/1.1" 200 89042
192.168.10.98 - - [23/May/2018:13:16:22 -0300] "GET /cormun/static/gxcfg.js?20177612121792 HTTP/1.1" 200 953
192.168.10.98 - - [23/May/2018:13:16:22 -0300] "GET /cormun/static/hpexe_link.js?20177612121795 HTTP/1.1" 200 625
192.168.10.98 - - [23/May/2018:13:16:22 -0300] "GET /cormun/servlet/hhome HTTP/1.1" 200 4922
192.168.10.98 - - [23/May/2018:13:16:22 -0300] "GET /cormun/static/Shared/jqueryui/jquery-ui.min.css?1245370 HTTP/1.1" 200 30288
192.168.10.98 - - [23/May/2018:13:16:22 -0300] "GET /cormun/static/SmoothNavMenu/resources/ddsmoothmenu.css?1012540 HTTP/1.1" 200 2223
192.168.10.98 - - [23/May/2018:13:16:22 -0300] "GET /cormun/static/SmoothNavMenu/resources/ddsmoothmenu-v.css?1012540 HTTP/1.1" 200 1188
192.168.10.98 - - [23/May/2018:13:16:22 -0300] "GET /cormun/static/scaMessage/css/jquery.pnotify.default.css?1716380 HTTP/1.1" 200 1707
192.168.10.98 - - [23/May/2018:13:16:22 -0300] "GET /cormun/static/gxcfg.js?20175251212442 HTTP/1.1" 200 953
192.168.10.98 - - [23/May/2018:13:16:22 -0300] "GET /cormun/static/PXToolsJavascripts/pexe_autoreload.js HTTP/1.1" 200 1762
192.168.10.98 - - [23/May/2018:13:16:22 -0300] "GET /cormun/static/PXToolsJavascripts/pexe_cookies.js HTTP/1.1" 200 792
192.168.10.98 - - [23/May/2018:13:16:22 -0300] "GET /cormun/static/PXToolsJavascripts/pexe_grid.js HTTP/1.1" 200 7559
192.168.10.98 - - [23/May/2018:13:16:22 -0300] "GET /cormun/static/PXToolsJavascripts/pexe_griddivfix.js HTTP/1.1" 200 6644
192.168.10.98 - - [23/May/2018:13:16:22 -0300] "GET /cormun/static/PXToolsJavascripts/pexe_link.js HTTP/1.1" 200 5671
192.168.10.98 - - [23/May/2018:13:16:22 -0300] "GET /cormun/static/PXToolsJavascripts/pexe_windows.js HTTP/1.1" 200 15207
192.168.10.98 - - [23/May/2018:13:16:22 -0300] "GET /cormun/static/PXToolsJavascripts/pexe_menudivfix.js HTTP/1.1" 200 333
192.168.10.98 - - [23/May/2018:13:16:22 -0300] "GET /cormun/static/PXToolsJavascripts/pexe_menus.js HTTP/1.1" 200 1286
192.168.10.98 - - [23/May/2018:13:16:22 -0300] "GET /cormun/static/PXToolsJavascripts/pexe_layers.js HTTP/1.1" 200 4114
192.168.10.98 - - [23/May/2018:13:16:22 -0300] "GET /cormun/static/PXToolsJavascripts/pexe_oav.js HTTP/1.1" 200 645
192.168.10.98 - - [23/May/2018:13:16:22 -0300] "GET /cormun/static/PXToolsJavascripts/pexe_picture.js HTTP/1.1" 200 689
192.168.10.98 - - [23/May/2018:13:16:22 -0300] "GET /cormun/static/PXToolsJavascripts/pexe_oavdivfix.js HTTP/1.1" 200 639
192.168.10.98 - - [23/May/2018:13:16:22 -0300] "GET /cormun/static/PXToolsJavascripts/pexe_popup.js HTTP/1.1" 200 13458
192.168.10.98 - - [23/May/2018:13:16:22 -0300] "GET /cormun/static/PXToolsJavascripts/pexe_tabdivfix.js HTTP/1.1" 200 876
192.168.10.98 - - [23/May/2018:13:16:22 -0300] "GET /cormun/static/PXToolsJavascripts/pexe_scrolldiv.js HTTP/1.1" 200 4138
192.168.10.98 - - [23/May/2018:13:16:22 -0300] "GET /cormun/static/PXToolsJavascripts/pexe_tabs.js HTTP/1.1" 200 3748
192.168.10.98 - - [23/May/2018:13:16:22 -0300] "GET /cormun/static/PXToolsJavascripts/PXToolsJavascriptsRender.js HTTP/1.1" 200 367
192.168.10.98 - - [23/May/2018:13:16:22 -0300] "GET /cormun/static/PXToolsJavascripts/pexe_upload.js HTTP/1.1" 200 1423
192.168.10.98 - - [23/May/2018:13:16:22 -0300] "GET /cormun/static/RunJS/RunJS.js HTTP/1.1" 200 288
192.168.10.98 - - [23/May/2018:13:16:22 -0300] "GET /cormun/static/Shared/ext/locale/ext-lang-en.js HTTP/1.1" 200 10940
192.168.10.98 - - [23/May/2018:13:16:22 -0300] "GET /cormun/static/hhome.js?20175251212450 HTTP/1.1" 200 777
192.168.10.98 - - [23/May/2018:13:16:22 -0300] "GET /cormun/static/hwchdr01.js?201752511465785 HTTP/1.1" 200 1183
192.168.10.98 - - [23/May/2018:13:16:22 -0300] "GET /cormun/static/hpexe_recentlink.js?20177611595044 HTTP/1.1" 200 2144
192.168.10.98 - - [23/May/2018:13:16:22 -0300] "GET /cormun/static/gxui/gxui-all.js HTTP/1.1" 200 107772
192.168.10.98 - - [23/May/2018:13:16:22 -0300] "GET /cormun/static/hpexe_scripts.js?201752511465715 HTTP/1.1" 200 1544
192.168.10.98 - - [23/May/2018:13:16:22 -0300] "GET /cormun/static/hpexe_messagepopupcomponent.js?20161017169425 HTTP/1.1" 200 605
192.168.10.98 - - [23/May/2018:13:16:22 -0300] "GET /cormun/static/hpexe_messagecontroller.js?20177611595012 HTTP/1.1" 200 870
192.168.10.98 - - [23/May/2018:13:16:22 -0300] "GET /cormun/static/hpexe_messagegenexuscomponent.js?201752511465344 HTTP/1.1" 200 587
192.168.10.98 - - [23/May/2018:13:16:22 -0300] "GET /cormun/static/cmcontrolpreferences.js?201752511465670 HTTP/1.1" 200 1375
192.168.10.98 - - [23/May/2018:13:16:22 -0300] "GET /cormun/static/SmoothNavMenu/resources/ddsmoothmenu.js HTTP/1.1" 200 12712
192.168.10.98 - - [23/May/2018:13:16:22 -0300] "GET /cormun/static/SmoothNavMenu/resources/SmoothNavMenuRender.js HTTP/1.1" 200 5951
192.168.10.98 - - [23/May/2018:13:16:22 -0300] "GET /cormun/static/Shared/ext/ext-all.js HTTP/1.1" 200 1289687
192.168.10.98 - - [23/May/2018:13:16:22 -0300] "GET /cormun/static/Shared/jquery/jquery-1.4.2.min.js HTTP/1.1" 200 72174
192.168.10.98 - - [23/May/2018:13:16:22 -0300] "GET /cormun/static/scaMessage/js/jquery.pnotify.min.js HTTP/1.1" 200 13038
192.168.10.98 - - [23/May/2018:13:16:22 -0300] "GET /cormun/static/Shared/jquery/jquery-1.10.2.min.js HTTP/1.1" 200 273199
192.168.10.98 - - [23/May/2018:13:16:22 -0300] "GET /cormun/static/scaMessage/scaMessageRender.js HTTP/1.1" 200 11977
192.168.10.98 - - [23/May/2018:13:16:22 -0300] "GET /cormun/static/Resources/PXToolsHeaderActionsBackground.png HTTP/1.1" 200 484
192.168.10.98 - - [23/May/2018:13:16:22 -0300] "GET /cormun/static/Resources/PXToolsFooterBackground2.png HTTP/1.1" 200 1172
192.168.10.98 - - [23/May/2018:13:16:22 -0300] "GET /cormun/static/Resources/PXToolsDataTitle.png HTTP/1.1" 200 1173
192.168.10.98 - - [23/May/2018:13:16:22 -0300] "GET /cormun/static/Shared/jqueryui/jquery-ui.min.js HTTP/1.1" 200 240427
192.168.10.98 - - [23/May/2018:13:16:22 -0300] "GET /cormun/static/Resources/PXToolsHeaderBackground2.png HTTP/1.1" 200 1174
192.168.10.98 - - [23/May/2018:13:16:22 -0300] "GET /cormun/static/hmpwkw03.js?20177612122668 HTTP/1.1" 200 3965
192.168.10.98 - - [23/May/2018:13:16:22 -0300] "GET /cormun/static/Resources/logo4.png HTTP/1.1" 200 6582
192.168.10.98 - - [23/May/2018:13:16:22 -0300] "GET /cormun/static/Resources/PXToolsHeaderActionsLeft.png HTTP/1.1" 200 1118
192.168.10.98 - - [23/May/2018:13:16:22 -0300] "GET /cormun/static/Resources/PXToolsHeaderHome.png HTTP/1.1" 200 4147
192.168.10.98 - - [23/May/2018:13:16:22 -0300] "GET /cormun/static/Resources/PXToolsHeaderLogin.png HTTP/1.1" 200 4279
192.168.10.98 - - [23/May/2018:13:16:22 -0300] "GET /cormun/static/Resources/PXToolsHeaderPreferences.png HTTP/1.1" 200 4189
192.168.10.98 - - [23/May/2018:13:16:22 -0300] "GET /cormun/static/Resources/PXToolsHeaderSecurity.png HTTP/1.1" 200 4166
192.168.10.98 - - [23/May/2018:13:16:22 -0300] "GET /cormun/static/Resources/PXToolsHeaderActionsRight.png HTTP/1.1" 200 1201
192.168.10.98 - - [23/May/2018:13:16:22 -0300] "GET /cormun/static/SmoothNavMenu/resources/images/down.gif HTTP/1.1" 200 854
192.168.10.98 - - [23/May/2018:13:16:22 -0300] "GET /cormun/static/SmoothNavMenu/resources/images/right.gif HTTP/1.1" 200 860
192.168.10.98 - - [23/May/2018:13:16:26 -0300] "GET /cormun/servlet/trsecurityuser01? HTTP/1.1" 200 12366
192.168.10.98 - - [23/May/2018:13:16:26 -0300] "GET /cormun/static/Shared/ext/resources/css/ext-all.css?205870 HTTP/1.1" 200 416045
192.168.10.98 - - [23/May/2018:13:16:26 -0300] "GET /cormun/static/gxui/gxui-all.css?110300 HTTP/1.1" 200 2179
192.168.10.98 - - [23/May/2018:13:16:26 -0300] "GET /cormun/static/Resources/Spanish/PXTools.css?17315867 HTTP/1.1" 200 89042
192.168.10.98 - - [23/May/2018:13:16:26 -0300] "GET /cormun/static/gxcfg.js?201762721181157 HTTP/1.1" 200 953
192.168.10.98 - - [23/May/2018:13:16:26 -0300] "GET /cormun/static/Resources/PXToolsDataSearch.png HTTP/1.1" 200 419
192.168.10.98 - - [23/May/2018:13:16:26 -0300] "GET /cormun/static/Resources/PXToolsGridFirstDisabled.gif HTTP/1.1" 200 100
192.168.10.98 - - [23/May/2018:13:16:26 -0300] "GET /cormun/static/Resources/PXToolsGridPreviousDisabled.gif HTTP/1.1" 200 90
192.168.10.98 - - [23/May/2018:13:16:26 -0300] "GET /cormun/static/Resources/PXToolsGridNextDisabled.gif HTTP/1.1" 200 90
192.168.10.98 - - [23/May/2018:13:16:26 -0300] "GET /cormun/static/Resources/PXToolsGridLastDisabled.gif HTTP/1.1" 200 98
192.168.10.98 - - [23/May/2018:13:16:26 -0300] "GET /cormun/static/Resources/PXToolsGridPage.gif HTTP/1.1" 200 725
192.168.10.98 - - [23/May/2018:13:16:26 -0300] "GET /cormun/static/Resources/PXToolsActionExcel.png HTTP/1.1" 200 3187
192.168.10.98 - - [23/May/2018:13:16:26 -0300] "GET /cormun/static/Resources/PXToolsGridNew.png HTTP/1.1" 200 2949
192.168.10.98 - - [23/May/2018:13:16:26 -0300] "GET /cormun/static/trsecurityuser01.js?201762721181494 HTTP/1.1" 200 19558
192.168.10.98 - - [23/May/2018:13:16:27 -0300] "GET /cormun/static/Resources/asc.gif HTTP/1.1" 200 67
192.168.10.98 - - [23/May/2018:13:16:27 -0300] "GET /cormun/static/Resources/desc.gif HTTP/1.1" 200 65
192.168.10.98 - - [23/May/2018:13:16:27 -0300] "GET /cormun//static/Resources/PXToolsGridUpdate.png HTTP/1.1" 200 2984
192.168.10.98 - - [23/May/2018:13:16:27 -0300] "GET /cormun//static/Resources/PXToolsGridDelete.png HTTP/1.1" 200 357
192.168.10.98 - - [23/May/2018:13:16:27 -0300] "GET /cormun//static/Resources/PXToolsHeaderPreferences.png HTTP/1.1" 200 4189
192.168.10.98 - - [23/May/2018:13:16:27 -0300] "GET /cormun//static/Resources/PXToolsAddAllAction.png HTTP/1.1" 200 3624
192.168.10.98 - - [23/May/2018:13:16:27 -0300] "GET /cormun/static/Shared/ext/resources/themes/images/default/tools/tool-sprites.gif HTTP/1.1" 200 5434
192.168.10.98 - - [23/May/2018:13:16:27 -0300] "GET /cormun/static/Shared/ext/resources/themes/images/default/panel/bg-headersPanel.png HTTP/1.1" 200 255
192.168.10.98 - - [23/May/2018:13:16:34 -0300] "POST /cormun/servlet/trsecurityuser01?d732a75d3d0100ed50be26a50a6b75c0,,gx-no-cache=1527092001751 HTTP/1.1" 200 4441
192.168.10.98 - - [23/May/2018:13:16:38 -0300] "POST /cormun/servlet/trsecurityuser01?d732a75d3d0100ed50be26a50a6b75c0,,gx-no-cache=1527092005942 HTTP/1.1" 200 10005
192.168.10.98 - - [23/May/2018:13:16:38 -0300] "GET /cormun/static/Resources/PXToolsGridNext.gif HTTP/1.1" 200 369
192.168.10.98 - - [23/May/2018:13:16:38 -0300] "GET /cormun/static/Resources/PXToolsGridLast.gif HTTP/1.1" 200 370
192.168.10.98 - - [23/May/2018:13:16:40 -0300] "POST /cormun/servlet/trsecurityuser01?d732a75d3d0100ed50be26a50a6b75c0,,gx-no-cache=1527092007853 HTTP/1.1" 200 10005
192.168.10.98 - - [23/May/2018:13:16:42 -0300] "GET /cormun/servlet/securityusers?INS,0, HTTP/1.1" 200 7867
192.168.10.98 - - [23/May/2018:13:16:42 -0300] "GET /cormun/static/gxcfg.js?20176272118832 HTTP/1.1" 200 953
192.168.10.98 - - [23/May/2018:13:16:42 -0300] "GET /cormun/static/securityusers.js?20176272118873 HTTP/1.1" 200 21417
200.112.6.235 - - [23/May/2018:13:17:34 -0300] "POST /cormun/servlet/licenciaspermisosadjuntos?f4eb67e4759cddce527d11d8c850cbc0,INS,15739045,L,20180523000000,, HTTP/1.1" 200 6447
200.112.6.235 - - [23/May/2018:13:17:35 -0300] "GET /cormun/PrivateTempStorage/upload_00038915.jpg HTTP/1.1" 200 696636
192.168.10.98 - - [23/May/2018:13:17:36 -0300] "POST /cormun/servlet/securityusers?d732a75d3d0100ed50be26a50a6b75c0,INS,0,,gx-no-cache=1527092063838 HTTP/1.1" 500 10
200.112.6.235 - - [23/May/2018:13:17:50 -0300] "GET /cormun/Manuales/ManualSolicitud.pdf HTTP/1.1" 200 850295
200.111.191.210 - - [23/May/2018:13:18:03 -0300] "GET /cormun/servlet/trsolicitudot? HTTP/1.1" 200 7170
200.111.191.210 - - [23/May/2018:13:18:03 -0300] "GET /cormun/servlet/trsolicitudot? HTTP/1.1" 200 7170
200.111.191.210 - - [23/May/2018:13:18:08 -0300] "GET /cormun/static/menuarrow.gif HTTP/1.1" 404 1015
192.168.10.96 - - [23/May/2018:13:18:11 -0300] "GET /cormun/servlet/trsolicitudgral? HTTP/1.1" 200 18967
192.168.10.96 - - [23/May/2018:13:18:12 -0300] "GET /cormun/servlet/trsolicitudgral? HTTP/1.1" 200 18967
200.111.191.210 - - [23/May/2018:13:18:14 -0300] "POST /cormun/servlet/trsolicitudot?eb1e9a31ef783d235fa5137737f3bf4a,,gx-no-cache=1527092282706 HTTP/1.1" 200 5981
192.168.10.96 - - [23/May/2018:13:18:20 -0300] "POST /cormun/servlet/trsolicitudgral?e8f6318085cb5fd6d9948a789337729e,,gx-no-cache=1527092110830 HTTP/1.1" 200 5935
192.168.10.96 - - [23/May/2018:13:18:21 -0300] "POST /cormun/servlet/trsolicitudgral?e8f6318085cb5fd6d9948a789337729e,,gx-no-cache=1527092111548 HTTP/1.1" 200 5935
192.168.10.96 - - [23/May/2018:13:18:21 -0300] "POST /cormun/servlet/trsolicitudgral?e8f6318085cb5fd6d9948a789337729e,,gx-no-cache=1527092111738 HTTP/1.1" 200 5935
192.168.10.96 - - [23/May/2018:13:18:21 -0300] "POST /cormun/servlet/trsolicitudgral?e8f6318085cb5fd6d9948a789337729e,,gx-no-cache=1527092111949 HTTP/1.1" 200 5935
186.103.158.250 - - [23/May/2018:13:18:21 -0300] "GET /cormun/servlet/trlicencias? HTTP/1.1" 200 11282
192.168.10.96 - - [23/May/2018:13:18:21 -0300] "POST /cormun/servlet/trsolicitudgral?e8f6318085cb5fd6d9948a789337729e,,gx-no-cache=1527092112105 HTTP/1.1" 200 5935
192.168.10.96 - - [23/May/2018:13:18:22 -0300] "POST /cormun/servlet/trsolicitudgral?e8f6318085cb5fd6d9948a789337729e,,gx-no-cache=1527092112354 HTTP/1.1" 200 5935
186.103.158.250 - - [23/May/2018:13:18:22 -0300] "GET /cormun/static/Resources/PXTools/calendar.png HTTP/1.1" 200 1306
192.168.10.96 - - [23/May/2018:13:18:22 -0300] "POST /cormun/servlet/trsolicitudgral?e8f6318085cb5fd6d9948a789337729e,,gx-no-cache=1527092112546 HTTP/1.1" 200 5935
200.112.6.235 - - [23/May/2018:13:18:22 -0300] "GET /cormun/servlet/licenciaspermisosadjuntos?INS,15739045,L,20180523000000,, HTTP/1.1" 200 5859
186.103.158.250 - - [23/May/2018:13:18:22 -0300] "GET /cormun/static/Resources/PXToolsGridFirstDisabled.gif HTTP/1.1" 200 100
192.168.10.96 - - [23/May/2018:13:18:22 -0300] "POST /cormun/servlet/trsolicitudgral?e8f6318085cb5fd6d9948a789337729e,,gx-no-cache=1527092112737 HTTP/1.1" 200 5935
200.112.6.235 - - [23/May/2018:13:18:22 -0300] "GET /cormun/static/about:blank HTTP/1.1" 404 1011
200.112.6.235 - - [23/May/2018:13:18:23 -0300] "GET /cormun/servlet/licenciaspermisosadjuntos?INS,15739045,L,20180523000000,, HTTP/1.1" 200 5849
186.103.158.250 - - [23/May/2018:13:18:27 -0300] "GET /cormun/static/Shared/ext/resources/themes/images/default/panel/bg-headersPanel.png HTTP/1.1" 200 255
186.103.158.250 - - [23/May/2018:13:18:27 -0300] "GET /cormun/static/Resources/PXToolsGridPreviousDisabled.gif HTTP/1.1" 200 90
186.103.158.250 - - [23/May/2018:13:18:27 -0300] "GET /cormun/static/Resources/PXToolsGridLastDisabled.gif HTTP/1.1" 200 98
186.103.158.250 - - [23/May/2018:13:18:27 -0300] "GET /cormun/servlet/trlicencias? HTTP/1.1" 200 11250
186.103.158.250 - - [23/May/2018:13:18:27 -0300] "GET /cormun/static/Resources/PXToolsGridPage.gif HTTP/1.1" 200 725
186.103.158.250 - - [23/May/2018:13:18:29 -0300] "GET /cormun/static/Resources/PXToolsGridNextDisabled.gif HTTP/1.1" 200 90
192.168.10.98 - - [23/May/2018:13:18:29 -0300] "GET /cormun/servlet/hlogin HTTP/1.1" 200 1719
192.168.10.98 - - [23/May/2018:13:18:29 -0300] "GET /cormun/static/Resources/Spanish/PXTools.css?11423723 HTTP/1.1" 304 -
192.168.10.98 - - [23/May/2018:13:18:29 -0300] "GET /cormun/static/gxtimezone.js?85251 HTTP/1.1" 304 -
192.168.10.98 - - [23/May/2018:13:18:29 -0300] "GET /cormun/static/gxgral.js?85251 HTTP/1.1" 304 -
192.168.10.98 - - [23/May/2018:13:18:29 -0300] "GET /cormun/static/gxcfg.js?20175251213516 HTTP/1.1" 304 -
192.168.10.98 - - [23/May/2018:13:18:29 -0300] "GET /cormun/static/Resources/ComunLogin.png HTTP/1.1" 304 -
