186.103.159.230 - - [23/May/2018:17:42:14 -0300] "GET /cormun/servlet/trsolicitudot? HTTP/1.1" 200 8748
186.103.159.230 - - [23/May/2018:17:42:14 -0300] "GET /cormun/servlet/trsolicitudot? HTTP/1.1" 200 8746
186.103.159.230 - - [23/May/2018:17:42:18 -0300] "GET /cormun/servlet/hpexe_return? HTTP/1.1" 200 981
186.103.159.230 - - [23/May/2018:17:42:18 -0300] "GET /cormun/static/gxcfg.js?2016101716175148 HTTP/1.1" 200 953
186.103.159.230 - - [23/May/2018:17:42:18 -0300] "GET /cormun/static/RunJS/RunJS.js HTTP/1.1" 200 288
186.103.159.230 - - [23/May/2018:17:42:18 -0300] "GET /cormun/static/messages.spa.js?85251 HTTP/1.1" 200 30736
186.103.159.230 - - [23/May/2018:17:42:18 -0300] "GET /cormun/static/hpexe_return.js?2016101716175153 HTTP/1.1" 200 1633
186.103.159.230 - - [23/May/2018:17:42:18 -0300] "GET /cormun/static/Resources/Spanish/PXTools.css?167811 HTTP/1.1" 200 89042
186.103.159.230 - - [23/May/2018:17:42:18 -0300] "GET /cormun/static/gxtimezone.js?85251 HTTP/1.1" 200 5781
186.103.159.230 - - [23/May/2018:17:42:19 -0300] "GET /cormun/static/gxgral.js?85251 HTTP/1.1" 200 384558
186.103.159.230 - - [23/May/2018:17:42:19 -0300] "GET /cormun/static/Resources/indicator.gif HTTP/1.1" 200 1553
186.103.159.230 - - [23/May/2018:17:42:19 -0300] "GET /cormun/servlet/hhome HTTP/1.1" 200 3418
186.103.159.230 - - [23/May/2018:17:42:19 -0300] "GET /cormun/static/Shared/jqueryui/jquery-ui.min.css?1245370 HTTP/1.1" 200 30288
186.103.159.230 - - [23/May/2018:17:42:19 -0300] "GET /cormun/static/SmoothNavMenu/resources/ddsmoothmenu.css?1012540 HTTP/1.1" 200 2223
186.103.159.230 - - [23/May/2018:17:42:19 -0300] "GET /cormun/static/gxcfg.js?20175251212442 HTTP/1.1" 200 953
186.103.159.230 - - [23/May/2018:17:42:19 -0300] "GET /cormun/static/SmoothNavMenu/resources/ddsmoothmenu-v.css?1012540 HTTP/1.1" 200 1188
186.103.159.230 - - [23/May/2018:17:42:19 -0300] "GET /cormun/static/scaMessage/css/jquery.pnotify.default.css?1716380 HTTP/1.1" 200 1707
186.103.159.230 - - [23/May/2018:17:42:19 -0300] "GET /cormun/static/PXToolsJavascripts/pexe_autoreload.js HTTP/1.1" 200 1762
186.103.159.230 - - [23/May/2018:17:42:19 -0300] "GET /cormun/static/PXToolsJavascripts/pexe_cookies.js HTTP/1.1" 200 792
186.103.159.230 - - [23/May/2018:17:42:19 -0300] "GET /cormun/static/PXToolsJavascripts/pexe_windows.js HTTP/1.1" 200 15207
186.103.159.230 - - [23/May/2018:17:42:19 -0300] "GET /cormun/static/PXToolsJavascripts/pexe_griddivfix.js HTTP/1.1" 200 6644
186.103.159.230 - - [23/May/2018:17:42:19 -0300] "GET /cormun/static/PXToolsJavascripts/pexe_link.js HTTP/1.1" 200 5671
186.103.159.230 - - [23/May/2018:17:42:19 -0300] "GET /cormun/static/PXToolsJavascripts/pexe_grid.js HTTP/1.1" 200 7559
186.103.159.230 - - [23/May/2018:17:42:19 -0300] "GET /cormun/static/Resources/Spanish/PXTools.css?11423723 HTTP/1.1" 200 89042
186.103.159.230 - - [23/May/2018:17:42:19 -0300] "GET /cormun/static/PXToolsJavascripts/pexe_menudivfix.js HTTP/1.1" 200 333
186.103.159.230 - - [23/May/2018:17:42:19 -0300] "GET /cormun/static/PXToolsJavascripts/pexe_menus.js HTTP/1.1" 200 1286
186.103.159.230 - - [23/May/2018:17:42:19 -0300] "GET /cormun/static/PXToolsJavascripts/pexe_layers.js HTTP/1.1" 200 4114
186.103.159.230 - - [23/May/2018:17:42:19 -0300] "GET /cormun/static/PXToolsJavascripts/pexe_oav.js HTTP/1.1" 200 645
186.103.159.230 - - [23/May/2018:17:42:19 -0300] "GET /cormun/static/PXToolsJavascripts/pexe_oavdivfix.js HTTP/1.1" 200 639
186.103.159.230 - - [23/May/2018:17:42:19 -0300] "GET /cormun/static/PXToolsJavascripts/pexe_picture.js HTTP/1.1" 200 689
186.103.159.230 - - [23/May/2018:17:42:19 -0300] "GET /cormun/static/PXToolsJavascripts/pexe_popup.js HTTP/1.1" 200 13458
186.103.159.230 - - [23/May/2018:17:42:19 -0300] "GET /cormun/static/PXToolsJavascripts/pexe_scrolldiv.js HTTP/1.1" 200 4138
186.103.159.230 - - [23/May/2018:17:42:19 -0300] "GET /cormun/static/PXToolsJavascripts/pexe_tabdivfix.js HTTP/1.1" 200 876
186.103.159.230 - - [23/May/2018:17:42:19 -0300] "GET /cormun/static/PXToolsJavascripts/pexe_tabs.js HTTP/1.1" 200 3748
186.103.159.230 - - [23/May/2018:17:42:19 -0300] "GET /cormun/static/PXToolsJavascripts/pexe_upload.js HTTP/1.1" 200 1423
186.103.159.230 - - [23/May/2018:17:42:19 -0300] "GET /cormun/static/PXToolsJavascripts/PXToolsJavascriptsRender.js HTTP/1.1" 200 367
186.103.159.230 - - [23/May/2018:17:42:19 -0300] "GET /cormun/static/hhome.js?20175251212450 HTTP/1.1" 200 777
186.103.159.230 - - [23/May/2018:17:42:19 -0300] "GET /cormun/static/Shared/ext/locale/ext-lang-en.js HTTP/1.1" 200 10940
186.103.159.230 - - [23/May/2018:17:42:19 -0300] "GET /cormun/static/hwchdr01.js?201752511465785 HTTP/1.1" 200 1183
186.103.159.230 - - [23/May/2018:17:42:19 -0300] "GET /cormun/static/hpexe_recentlink.js?20177611595044 HTTP/1.1" 200 2144
186.103.159.230 - - [23/May/2018:17:42:19 -0300] "GET /cormun/static/Resources/PXToolsFooterBackground2.png HTTP/1.1" 200 1172
186.103.159.230 - - [23/May/2018:17:42:19 -0300] "GET /cormun/static/Resources/PXToolsHeaderActionsBackground.png HTTP/1.1" 200 484
186.103.159.230 - - [23/May/2018:17:42:19 -0300] "GET /cormun/static/Resources/PXToolsHeaderBackground2.png HTTP/1.1" 200 1174
186.103.159.230 - - [23/May/2018:17:42:19 -0300] "GET /cormun/static/Resources/PXToolsDataTitle.png HTTP/1.1" 200 1173
186.103.159.230 - - [23/May/2018:17:42:19 -0300] "GET /cormun/static/Resources/PXToolsHeaderSecurity.png HTTP/1.1" 200 4166
186.103.159.230 - - [23/May/2018:17:42:19 -0300] "GET /cormun/static/Resources/logo4.png HTTP/1.1" 200 6582
186.103.159.230 - - [23/May/2018:17:42:19 -0300] "GET /cormun/static/Resources/PXToolsHeaderActionsLeft.png HTTP/1.1" 200 1118
186.103.159.230 - - [23/May/2018:17:42:19 -0300] "GET /cormun/static/Resources/PXToolsHeaderHome.png HTTP/1.1" 200 4147
186.103.159.230 - - [23/May/2018:17:42:19 -0300] "GET /cormun/static/Resources/PXToolsHeaderActionsRight.png HTTP/1.1" 200 1201
186.103.159.230 - - [23/May/2018:17:42:19 -0300] "GET /cormun/static/gxui/gxui-all.js HTTP/1.1" 200 107772
186.103.159.230 - - [23/May/2018:17:42:19 -0300] "GET /cormun/static/Resources/PXToolsHeaderPreferences.png HTTP/1.1" 200 4189
186.103.159.230 - - [23/May/2018:17:42:19 -0300] "GET /cormun/static/Resources/PXToolsHeaderLogin.png HTTP/1.1" 200 4279
186.103.159.230 - - [23/May/2018:17:42:19 -0300] "GET /cormun/static/hpexe_scripts.js?201752511465715 HTTP/1.1" 200 1544
186.103.159.230 - - [23/May/2018:17:42:19 -0300] "GET /cormun/static/hpexe_messagecontroller.js?20177611595012 HTTP/1.1" 200 870
186.103.159.230 - - [23/May/2018:17:42:19 -0300] "GET /cormun/static/hpexe_messagepopupcomponent.js?20161017169425 HTTP/1.1" 200 605
186.103.159.230 - - [23/May/2018:17:42:19 -0300] "GET /cormun/static/hpexe_messagegenexuscomponent.js?201752511465344 HTTP/1.1" 200 587
186.103.159.230 - - [23/May/2018:17:42:19 -0300] "GET /cormun/static/cmcontrolpreferences.js?201752511465670 HTTP/1.1" 200 1375
186.103.159.230 - - [23/May/2018:17:42:19 -0300] "GET /cormun/static/SmoothNavMenu/resources/ddsmoothmenu.js HTTP/1.1" 200 12712
186.103.159.230 - - [23/May/2018:17:42:19 -0300] "GET /cormun/static/SmoothNavMenu/resources/SmoothNavMenuRender.js HTTP/1.1" 200 5951
186.103.159.230 - - [23/May/2018:17:42:20 -0300] "GET /cormun/static/scaMessage/js/jquery.pnotify.min.js HTTP/1.1" 200 13038
186.103.159.230 - - [23/May/2018:17:42:20 -0300] "GET /cormun/static/Shared/jquery/jquery-1.4.2.min.js HTTP/1.1" 200 72174
186.103.159.230 - - [23/May/2018:17:42:20 -0300] "GET /cormun/static/Shared/jquery/jquery-1.10.2.min.js HTTP/1.1" 200 273199
186.103.159.230 - - [23/May/2018:17:42:20 -0300] "GET /cormun/static/scaMessage/scaMessageRender.js HTTP/1.1" 200 11977
186.103.159.230 - - [23/May/2018:17:42:20 -0300] "GET /cormun/static/hmpwkw03.js?20177612122668 HTTP/1.1" 200 3965
186.103.159.230 - - [23/May/2018:17:42:20 -0300] "GET /cormun/static/Shared/jqueryui/jquery-ui.min.js HTTP/1.1" 200 240427
186.103.159.230 - - [23/May/2018:17:42:20 -0300] "GET /cormun/static/Shared/ext/ext-all.js HTTP/1.1" 200 1289687
186.103.159.230 - - [23/May/2018:17:42:21 -0300] "GET /cormun/servlet/hlogin HTTP/1.1" 200 1730
186.103.159.230 - - [23/May/2018:17:42:21 -0300] "GET /cormun/servlet/hhome HTTP/1.1" 200 3414
186.103.159.230 - - [23/May/2018:17:42:21 -0300] "GET /cormun/static/gxcfg.js?20175251213516 HTTP/1.1" 200 953
186.103.159.230 - - [23/May/2018:17:42:21 -0300] "GET /cormun/static/Resources/ComunLogin.png HTTP/1.1" 200 17326
186.103.159.230 - - [23/May/2018:17:42:21 -0300] "GET /cormun/static/hlogin.js?20175251213537 HTTP/1.1" 200 2136
186.103.159.230 - - [23/May/2018:17:42:21 -0300] "GET /cormun/static/Resources/PXToolsLoginBottom.png HTTP/1.1" 200 1389
186.103.159.230 - - [23/May/2018:17:42:21 -0300] "GET /cormun/static/Resources/PXToolsLoginBackground.png HTTP/1.1" 200 1164
186.103.159.230 - - [23/May/2018:17:42:21 -0300] "GET /cormun/static/Resources/PXToolsButtonLeft21.png HTTP/1.1" 200 1287
186.103.159.230 - - [23/May/2018:17:42:21 -0300] "GET /cormun/static/Resources/PXToolsButtonRight21.png HTTP/1.1" 200 1283
186.103.159.230 - - [23/May/2018:17:42:21 -0300] "GET /cormun/static/Resources/PXToolsLoginTop.png HTTP/1.1" 200 1337
186.103.159.230 - - [23/May/2018:17:42:21 -0300] "GET /cormun/static/Resources/PXToolsButtonBackground2.png HTTP/1.1" 200 1181
200.111.191.210 - - [23/May/2018:17:42:22 -0300] "POST /cormun/servlet/permisogoce?1b759b6ebd0daeaadcbee82533540c4d,INS,0,,,,gx-no-cache=1527108130466 HTTP/1.1" 200 93
200.111.191.210 - - [23/May/2018:17:42:22 -0300] "GET /cormun/servlet/hpexe_return? HTTP/1.1" 200 1012
200.111.191.210 - - [23/May/2018:17:42:22 -0300] "GET /cormun/servlet/trpermisosgoce HTTP/1.1" 200 17669
200.111.191.210 - - [23/May/2018:17:42:22 -0300] "GET /cormun/servlet/trpermisosgoce HTTP/1.1" 200 17672
200.111.191.210 - - [23/May/2018:17:42:24 -0300] "GET /cormun/servlet/apermisogoceprn?17137508,P,20180523163827,PU HTTP/1.1" 200 1691
186.103.159.230 - - [23/May/2018:17:42:46 -0300] "POST /cormun/servlet/hlogin?6b96db134d9c595589c77c76c13de6f2,gx-no-cache=1527108108546 HTTP/1.1" 200 90
186.103.159.230 - - [23/May/2018:17:42:46 -0300] "GET /cormun/servlet/hpexe_link HTTP/1.1" 200 947
186.103.159.230 - - [23/May/2018:17:42:46 -0300] "GET /cormun/static/hpexe_link.js?20177612121795 HTTP/1.1" 200 625
186.103.159.230 - - [23/May/2018:17:42:46 -0300] "GET /cormun/static/gxcfg.js?20177612121792 HTTP/1.1" 200 953
186.103.159.230 - - [23/May/2018:17:42:46 -0300] "GET /cormun/static/Resources/Spanish/PXTools.css?1155365 HTTP/1.1" 200 89042
186.103.159.230 - - [23/May/2018:17:42:47 -0300] "GET /cormun/servlet/hhome HTTP/1.1" 200 4175
186.103.159.230 - - [23/May/2018:17:42:47 -0300] "GET /cormun/servlet/hhome HTTP/1.1" 200 4171
186.103.159.230 - - [23/May/2018:17:42:47 -0300] "GET /cormun/static/SmoothNavMenu/resources/images/down.gif HTTP/1.1" 200 854
186.103.159.230 - - [23/May/2018:17:42:47 -0300] "GET /cormun/static/SmoothNavMenu/resources/images/right.gif HTTP/1.1" 200 860
186.103.159.230 - - [23/May/2018:17:42:52 -0300] "GET /cormun/servlet/trpermisosgoce? HTTP/1.1" 200 10907
186.103.159.230 - - [23/May/2018:17:42:52 -0300] "GET /cormun/static/gxui/gxui-all.css?110300 HTTP/1.1" 200 2179
186.103.159.230 - - [23/May/2018:17:42:52 -0300] "GET /cormun/static/calendar-system.css?75620 HTTP/1.1" 200 5572
186.103.159.230 - - [23/May/2018:17:42:52 -0300] "GET /cormun/static/calendar-setup.js?85251 HTTP/1.1" 200 2588
186.103.159.230 - - [23/May/2018:17:42:52 -0300] "GET /cormun/static/gxcfg.js?20177612163875 HTTP/1.1" 200 953
186.103.159.230 - - [23/May/2018:17:42:52 -0300] "GET /cormun/static/calendar-es.js?85251 HTTP/1.1" 200 1901
186.103.159.230 - - [23/May/2018:17:42:52 -0300] "GET /cormun/static/calendar.js?85251 HTTP/1.1" 200 26246
186.103.159.230 - - [23/May/2018:17:42:52 -0300] "GET /cormun/static/gxdec.js?85251 HTTP/1.1" 200 19579
186.103.159.230 - - [23/May/2018:17:42:53 -0300] "GET /cormun/static/trpermisosgoce.js?20177612164335 HTTP/1.1" 200 35904
186.103.159.230 - - [23/May/2018:17:42:53 -0300] "GET /cormun/static/Resources/PXTools/calendar.png HTTP/1.1" 200 1306
186.103.159.230 - - [23/May/2018:17:42:53 -0300] "GET /cormun/static/Resources/PXToolsDataSearch.png HTTP/1.1" 200 419
186.103.159.230 - - [23/May/2018:17:42:53 -0300] "GET /cormun/static/Resources/PXToolsGridFirstDisabled.gif HTTP/1.1" 200 100
186.103.159.230 - - [23/May/2018:17:42:53 -0300] "GET /cormun/static/Resources/PXToolsGridPreviousDisabled.gif HTTP/1.1" 200 90
186.103.159.230 - - [23/May/2018:17:42:53 -0300] "GET /cormun/static/Resources/PXToolsGridNextDisabled.gif HTTP/1.1" 200 90
186.103.159.230 - - [23/May/2018:17:42:53 -0300] "POST /cormun/servlet/trsolicitudot?7bd3e83a75ef7257e6b7675c446d2c9e,,gx-no-cache=1527108111357 HTTP/1.1" 200 107
186.103.159.230 - - [23/May/2018:17:42:53 -0300] "GET /cormun/static/Resources/PXToolsGridLastDisabled.gif HTTP/1.1" 200 98
186.103.159.230 - - [23/May/2018:17:42:53 -0300] "GET /cormun/static/Resources/PXToolsGridPage.gif HTTP/1.1" 200 725
186.103.159.230 - - [23/May/2018:17:42:53 -0300] "GET /cormun/static/Resources/PXToolsActionExcel.png HTTP/1.1" 200 3187
186.103.159.230 - - [23/May/2018:17:42:53 -0300] "GET /cormun/servlet/trsolicitudadjuntos?2018,11528, HTTP/1.1" 200 6275
186.103.159.230 - - [23/May/2018:17:42:53 -0300] "GET /cormun/static/Resources/PXToolsGridNew.png HTTP/1.1" 200 2949
186.103.159.230 - - [23/May/2018:17:42:53 -0300] "GET /cormun/static/Shared/ext/resources/css/ext-all.css?205870 HTTP/1.1" 200 416045
186.103.159.230 - - [23/May/2018:17:42:53 -0300] "GET /cormun/servlet/trsolicitudadjuntos?2018,11528, HTTP/1.1" 200 6275
186.103.159.230 - - [23/May/2018:17:42:54 -0300] "GET /cormun/static/Resources/asc.gif HTTP/1.1" 200 67
186.103.159.230 - - [23/May/2018:17:42:54 -0300] "GET /cormun//static/Resources/PXTools/ActionInsert.png HTTP/1.1" 200 1482
186.103.159.230 - - [23/May/2018:17:42:54 -0300] "GET /cormun//static/Resources/PXToolsGridDisplay.png HTTP/1.1" 200 362
186.103.159.230 - - [23/May/2018:17:42:54 -0300] "GET /cormun//static/Resources/PXToolsGridUpdate.png HTTP/1.1" 200 2984
186.103.159.230 - - [23/May/2018:17:42:54 -0300] "GET /cormun//static/Resources/PXToolsHeaderHelp.png HTTP/1.1" 200 4055
186.103.159.230 - - [23/May/2018:17:42:54 -0300] "GET /cormun//static/Resources/PXToolsGridDelete.png HTTP/1.1" 200 357
186.103.159.230 - - [23/May/2018:17:42:54 -0300] "GET /cormun//static/Resources/PXToolsActionPrint.png HTTP/1.1" 200 3317
186.103.159.230 - - [23/May/2018:17:42:54 -0300] "GET /cormun//static/Resources/PXToolsHeaderFavorites.png HTTP/1.1" 200 2744
186.103.159.230 - - [23/May/2018:17:42:54 -0300] "GET /cormun/servlet/trpermisosgoce? HTTP/1.1" 200 10945
186.103.159.230 - - [23/May/2018:17:42:54 -0300] "GET /cormun/static/Shared/ext/resources/themes/images/default/panel/bg-headersPanel.png HTTP/1.1" 200 255
186.103.159.230 - - [23/May/2018:17:42:54 -0300] "GET /cormun/static/Shared/ext/resources/themes/images/default/tools/tool-sprites.gif HTTP/1.1" 200 5434
186.103.159.230 - - [23/May/2018:17:42:54 -0300] "GET /cormun/static/Resources/desc.gif HTTP/1.1" 200 65
186.103.159.230 - - [23/May/2018:17:42:57 -0300] "GET /cormun/servlet/solicitudotadjuntos?INS,2018,11528,,1, HTTP/1.1" 200 6222
186.103.159.230 - - [23/May/2018:17:42:57 -0300] "GET /cormun/static/about:blank HTTP/1.1" 404 1011
186.103.159.230 - - [23/May/2018:17:42:57 -0300] "GET /cormun/servlet/solicitudotadjuntos?INS,2018,11528,,1, HTTP/1.1" 200 6215
186.103.159.230 - - [23/May/2018:17:42:58 -0300] "GET /cormun/servlet/solicitudotadjuntos?099ed94a4d30a9455d0a19d939bd15cd6ea03478a9bf13707767c08e384aaa48b897f9fea8d7bce9cd49716732091c87,gx-no-cache=1527108116567 HTTP/1.1" 200 30
186.103.159.230 - - [23/May/2018:17:42:58 -0300] "POST /cormun/servlet/solicitudotadjuntos?7bd3e83a75ef7257e6b7675c446d2c9e,INS,2018,11528,,1,,gx-no-cache=1527108116609 HTTP/1.1" 200 3984
186.103.159.230 - - [23/May/2018:17:42:58 -0300] "GET /cormun/servlet/permisogoce?INS,0,,, HTTP/1.1" 200 7013
186.103.159.230 - - [23/May/2018:17:42:58 -0300] "GET /cormun/static/gxcfg.js?201776126440 HTTP/1.1" 200 953
186.103.159.230 - - [23/May/2018:17:42:58 -0300] "GET /cormun/static/permisogoce.js?2017761264459 HTTP/1.1" 200 27897
186.103.159.230 - - [23/May/2018:17:42:58 -0300] "GET /cormun/static/Resources/prompt.gif HTTP/1.1" 200 902
186.103.159.230 - - [23/May/2018:17:42:59 -0300] "GET /cormun/servlet/permisogoce?INS,0,,, HTTP/1.1" 200 7013
186.103.159.230 - - [23/May/2018:17:43:01 -0300] "GET /cormun/static/Resources/resize.gif HTTP/1.1" 200 77
186.103.159.230 - - [23/May/2018:17:43:02 -0300] "GET /cormun/servlet/prfichaempleado?,MD,,gxPopupLevel%3D0%3B HTTP/1.1" 200 9336
186.103.159.230 - - [23/May/2018:17:43:02 -0300] "GET /cormun/static/gxcfg.js?20177612134814 HTTP/1.1" 200 953
186.103.159.230 - - [23/May/2018:17:43:02 -0300] "GET /cormun/static/prfichaempleado.js?20177612134999 HTTP/1.1" 200 16006
186.103.159.230 - - [23/May/2018:17:43:02 -0300] "GET /cormun/static/hmpwkw011.js?20177612121862 HTTP/1.1" 200 1968
186.103.159.230 - - [23/May/2018:17:43:02 -0300] "GET /cormun/static/menusearch.js?201610171694467 HTTP/1.1" 200 1424
186.103.159.230 - - [23/May/2018:17:43:02 -0300] "GET /cormun/static/Resources/PXToolsMenuSearch.png HTTP/1.1" 200 2914
186.103.159.230 - - [23/May/2018:17:43:02 -0300] "GET /cormun/static/Resources/PXToolsMenuSearchCancel.png HTTP/1.1" 200 2972
186.103.159.230 - - [23/May/2018:17:43:15 -0300] "POST /cormun/servlet/prfichaempleado?6b96db134d9c595589c77c76c13de6f2,,MD,,gxPopupLevel%3D0%3B,gx-no-cache=1527108137785 HTTP/1.1" 200 3414
186.103.159.230 - - [23/May/2018:17:43:21 -0300] "GET /cormun/servlet/permisogoce?2a4c08df377719ced975afd33d68c9424bb5ab0e72ccd7294b2f0acbe5bd74305dbe0e46b2568a29fa9f42660c88eda4760bfe4440967ed0df470751fea687e1,gx-no-cache=1527108143554 HTTP/1.1" 200 80
186.103.159.230 - - [23/May/2018:17:43:23 -0300] "POST /cormun/servlet/solicitudotadjuntos?gx-no-cache=1527108141282 HTTP/1.1" 200 26
186.103.159.46 - - [23/May/2018:17:43:55 -0300] "GET /cormun/static/menuarrow.gif HTTP/1.1" 404 1015
186.67.203.186 - - [23/May/2018:17:43:59 -0300] "GET /cormun/servlet/trpermisosadjuntos?12694048,20180523115813,P, HTTP/1.1" 200 6424
186.67.203.186 - - [23/May/2018:17:44:00 -0300] "GET /cormun/servlet/trpermisosadjuntos?12694048,20180523115813,P, HTTP/1.1" 200 6423
186.67.203.186 - - [23/May/2018:17:44:02 -0300] "GET /cormun/servlet/permisosadjuntos?INS,12694048,P,20180523115813,, HTTP/1.1" 200 5754
186.67.203.186 - - [23/May/2018:17:44:02 -0300] "GET /cormun/static/about:blank HTTP/1.1" 404 1011
186.67.203.186 - - [23/May/2018:17:44:02 -0300] "GET /cormun/servlet/permisosadjuntos?INS,12694048,P,20180523115813,, HTTP/1.1" 200 5743
186.103.159.46 - - [23/May/2018:17:44:03 -0300] "GET /cormun/servlet/solicitudot?187ac2ea39fa6d2406bf14b4480ce6683cecfa685636fcaaeac9fa9e359baece29bbbabee954183b4c48223566e88d24,gx-no-cache=1527108180501 HTTP/1.1" 200 30
186.103.159.46 - - [23/May/2018:17:44:19 -0300] "POST /cormun/servlet/solicitudot?gx-no-cache=1527108196341 HTTP/1.1" 200 33
186.103.159.46 - - [23/May/2018:17:44:19 -0300] "POST /cormun/servlet/solicitudot?4795050d5cebc92e73967b9d2b30e4b1,INS,0,0,,gx-no-cache=1527108196467 HTTP/1.1" 200 93
186.103.159.46 - - [23/May/2018:17:44:19 -0300] "GET /cormun/servlet/hpexe_return? HTTP/1.1" 200 1001
186.103.159.46 - - [23/May/2018:17:44:19 -0300] "GET /cormun/static/gxcfg.js?2016101716175148 HTTP/1.1" 304 -
186.103.159.46 - - [23/May/2018:17:44:20 -0300] "GET /cormun/servlet/trsolicitudot HTTP/1.1" 200 8566
186.67.164.142 - - [23/May/2018:17:44:21 -0300] "GET /cormun/servlet/hlogin HTTP/1.1" 200 1720
186.103.159.46 - - [23/May/2018:17:44:21 -0300] "GET /cormun/servlet/trsolicitudot HTTP/1.1" 200 8562
186.103.159.230 - - [23/May/2018:17:44:25 -0300] "GET /cormun/servlet/solicitudotadjuntos?099ed94a4d30a9455d0a19d939bd15cdf48253a295851b8da37c42a46cf12e1a,gx-no-cache=1527108203398 HTTP/1.1" 200 30
186.103.159.46 - - [23/May/2018:17:44:26 -0300] "POST /cormun/servlet/trsolicitudot?4795050d5cebc92e73967b9d2b30e4b1,gx-no-cache=1527108203238 HTTP/1.1" 200 106
186.103.159.230 - - [23/May/2018:17:44:26 -0300] "GET /cormun/servlet/permisogoce?2a4c08df377719ced975afd33d68c9429aa6e45cd1f56cc921b999690ca9e8f5c612e73a368207c98f993f898051f3985f017997de5125950a3758b4ec28c23b,gx-no-cache=1527108208020 HTTP/1.1" 200 48
186.103.159.46 - - [23/May/2018:17:44:26 -0300] "GET /cormun/servlet/solicitudot?UPD,2018,11529, HTTP/1.1" 200 15252
186.67.164.142 - - [23/May/2018:17:44:27 -0300] "POST /cormun/servlet/hlogin?fb9fa909095392610755ab24e3e6121b,gx-no-cache=1527108206268 HTTP/1.1" 200 90
186.67.164.142 - - [23/May/2018:17:44:27 -0300] "GET /cormun/servlet/hpexe_link HTTP/1.1" 200 951
186.67.164.142 - - [23/May/2018:17:44:27 -0300] "GET /cormun/servlet/hhome HTTP/1.1" 200 3981
186.67.164.142 - - [23/May/2018:17:44:27 -0300] "GET /cormun/servlet/hhome HTTP/1.1" 200 3977
186.103.159.46 - - [23/May/2018:17:44:28 -0300] "GET /cormun/servlet/solicitudot?UPD,2018,11529, HTTP/1.1" 200 15261
186.103.159.46 - - [23/May/2018:17:44:28 -0300] "POST /cormun/servlet/solicitudot?gx-no-cache=1527108205981 HTTP/1.1" 200 3439
186.103.159.46 - - [23/May/2018:17:44:29 -0300] "POST /cormun/servlet/solicitudot?4795050d5cebc92e73967b9d2b30e4b1,UPD,2018,11529,,gx-no-cache=1527108206360 HTTP/1.1" 200 11556
186.103.159.46 - - [23/May/2018:17:44:29 -0300] "GET /cormun/servlet/solicitudot?187ac2ea39fa6d2406bf14b4480ce6687bf27fc0ae3ce575f6bb369cb171d497f706dc71f5a2b2505f19301f60558297,gx-no-cache=1527108206837 HTTP/1.1" 200 30
186.103.159.46 - - [23/May/2018:17:44:29 -0300] "GET /cormun/servlet/solicitudot?187ac2ea39fa6d2406bf14b4480ce668827d9aa088e818212788efc8c0b37652f7ca40559a01e6e9d51ab0fb698666b491b62605e5e5eb2eae8611664ac518a4,gx-no-cache=1527108206958 HTTP/1.1" 200 30
186.103.159.46 - - [23/May/2018:17:44:29 -0300] "GET /cormun/servlet/solicitudot?187ac2ea39fa6d2406bf14b4480ce668b42a073a35481a1b76ed054bc1f019c5383f37c49b4cc14206a536355ab4c21b6550ac48aab646bcb911f0897e0e7f21,gx-no-cache=1527108207024 HTTP/1.1" 200 53
186.103.159.46 - - [23/May/2018:17:44:29 -0300] "POST /cormun/servlet/solicitudot?gx-no-cache=1527108207107 HTTP/1.1" 200 256
186.103.159.46 - - [23/May/2018:17:44:30 -0300] "GET /cormun/servlet/solicitudot?187ac2ea39fa6d2406bf14b4480ce6686ac5a855ae804ddc7c65144e3070c9e0a3612c6b024f04879c205cc0a10f7c4a844591bd8aa71cf654482b29a74f8af12e8c8e449bbbaf626c883fe339301855f06ff04e1c28660e38521085aaf2f15246e9b8e9154db9ecf6ea011eb6a4864a5a11fce0890b6ce79af8c47b2022cafdb96a33310f2662cbc6004b66e770a5f0d986862ff98ddb0e096fb8e8e77074c2b58827586be18a9ac647290e25a413d06f49f82cecd6ef309c8cda7930b371263da964911f5c7cbbf9d981de553a659ce4dc29bfde04728b1d8f4717afdcd6d2f620ec86112f1728a02dcc3f4919500d974f7eb8ca6370f2b9cc11f7262fd354cc50275a793d7ed6723173934d268231890c472164247ff4d2198250dd6a304ad1b539f6550b8594fc78afdfee538dd2eaf20b3ecbf592d14ec1c1fa02f4f2e953fb2881893e6b896bc8065426be5278820e155eec2c408dde12b06e72d73c388e7a27c9a64cc5d23e29e4b74424bc52fc0383b1bebf000ef1fac589c25dc93a,gx-no-cache=1527108207190 HTTP/1.1" 200 30
186.103.159.46 - - [23/May/2018:17:44:30 -0300] "POST /cormun/servlet/solicitudot?gx-no-cache=1527108207566 HTTP/1.1" 200 30
186.103.159.46 - - [23/May/2018:17:44:30 -0300] "POST /cormun/servlet/solicitudot?gx-no-cache=1527108207649 HTTP/1.1" 200 1368
186.103.159.46 - - [23/May/2018:17:44:30 -0300] "POST /cormun/servlet/solicitudot?gx-no-cache=1527108207789 HTTP/1.1" 200 41
186.67.164.142 - - [23/May/2018:17:44:30 -0300] "GET /cormun/servlet/trsolicitudot? HTTP/1.1" 200 7193
186.67.164.142 - - [23/May/2018:17:44:31 -0300] "GET /cormun/servlet/trsolicitudot? HTTP/1.1" 200 7192
186.67.164.142 - - [23/May/2018:17:44:34 -0300] "GET /cormun/static/menuarrow.gif HTTP/1.1" 404 1015
186.103.159.46 - - [23/May/2018:17:44:36 -0300] "GET /cormun/servlet/solicitudot?187ac2ea39fa6d2406bf14b4480ce66821c5f8b9ea28a9c7152c91559c25784c8e51c337ce78a2efc61be0b762c01d611d18b03796559ef89cca96c11adf1798aeb671762e474bcc71b311a01abf187d706cfe4817e110c34b632df3d0ca9bfc7a974b016ac0d95861787a65491f54b9c59873f74ca3d8374762118cd8ab4a47a343ee50ea90a3a5c64811b299301ad439b14fa38878f4612eba35027c1697cf,gx-no-cache=1527108213922 HTTP/1.1" 200 29
186.103.159.46 - - [23/May/2018:17:44:36 -0300] "POST /cormun/servlet/solicitudot?gx-no-cache=1527108213988 HTTP/1.1" 200 1351
186.103.159.46 - - [23/May/2018:17:44:36 -0300] "POST /cormun/servlet/solicitudot?gx-no-cache=1527108214126 HTTP/1.1" 200 1249
186.67.164.142 - - [23/May/2018:17:44:42 -0300] "POST /cormun/servlet/trsolicitudot?fb9fa909095392610755ab24e3e6121b,,gx-no-cache=1527108220969 HTTP/1.1" 200 23704
186.103.132.155 - - [23/May/2018:17:44:53 -0300] "GET /cormun/servlet/trpermisosadjuntos?12694048,20180523115813,P, HTTP/1.1" 200 6424
186.103.132.155 - - [23/May/2018:17:44:53 -0300] "GET /cormun/servlet/trpermisosadjuntos?12694048,20180523115813,P, HTTP/1.1" 200 6423
186.103.132.155 - - [23/May/2018:17:44:54 -0300] "GET /cormun/servlet/trpermisosgoce? HTTP/1.1" 200 9546
186.103.132.155 - - [23/May/2018:17:44:55 -0300] "GET /cormun/servlet/trpermisosgoce? HTTP/1.1" 200 9546
186.67.203.186 - - [23/May/2018:17:44:59 -0300] "GET /cormun/servlet/trpermisosadjuntos?17524997,20180523141808,P, HTTP/1.1" 200 6428
186.67.203.186 - - [23/May/2018:17:45:00 -0300] "GET /cormun/servlet/trpermisosadjuntos?17524997,20180523141808,P, HTTP/1.1" 200 6427
186.67.203.186 - - [23/May/2018:17:45:02 -0300] "GET /cormun/servlet/permisosadjuntos?INS,17524997,P,20180523141808,, HTTP/1.1" 200 5760
186.67.164.142 - - [23/May/2018:17:45:02 -0300] "POST /cormun/servlet/trsolicitudot?fb9fa909095392610755ab24e3e6121b,,gx-no-cache=1527108240609 HTTP/1.1" 200 23350
186.67.203.186 - - [23/May/2018:17:45:02 -0300] "GET /cormun/static/about:blank HTTP/1.1" 404 1011
186.67.203.186 - - [23/May/2018:17:45:02 -0300] "GET /cormun/servlet/permisosadjuntos?INS,17524997,P,20180523141808,, HTTP/1.1" 200 5749
186.103.159.230 - - [23/May/2018:17:45:02 -0300] "POST /cormun/servlet/permisogoce?6b96db134d9c595589c77c76c13de6f2,INS,0,,,,gx-no-cache=1527108244438 HTTP/1.1" 200 93
186.103.159.230 - - [23/May/2018:17:45:02 -0300] "GET /cormun/servlet/hpexe_return? HTTP/1.1" 200 1007
186.103.159.46 - - [23/May/2018:17:45:03 -0300] "GET /cormun/servlet/solicitudot?187ac2ea39fa6d2406bf14b4480ce6683cecfa685636fcaaeac9fa9e359baece29bbbabee954183b4c48223566e88d24,gx-no-cache=1527108240366 HTTP/1.1" 200 30
186.103.159.230 - - [23/May/2018:17:45:03 -0300] "GET /cormun/servlet/trpermisosgoce HTTP/1.1" 200 11183
186.103.159.46 - - [23/May/2018:17:45:03 -0300] "POST /cormun/servlet/solicitudot?gx-no-cache=1527108240513 HTTP/1.1" 200 33
186.67.164.142 - - [23/May/2018:17:45:03 -0300] "GET /cormun/static/Resources/PXToolsGridFirst.gif HTTP/1.1" 200 379
186.67.164.142 - - [23/May/2018:17:45:03 -0300] "GET /cormun/static/Resources/PXToolsGridPrevious.gif HTTP/1.1" 200 369
186.103.159.46 - - [23/May/2018:17:45:03 -0300] "POST /cormun/servlet/solicitudot?4795050d5cebc92e73967b9d2b30e4b1,UPD,2018,11529,,gx-no-cache=1527108240652 HTTP/1.1" 200 93
186.103.159.230 - - [23/May/2018:17:45:03 -0300] "GET /cormun/servlet/trpermisosgoce HTTP/1.1" 200 11175
186.103.159.46 - - [23/May/2018:17:45:03 -0300] "GET /cormun/servlet/hpexe_return? HTTP/1.1" 200 1009
186.103.159.46 - - [23/May/2018:17:45:04 -0300] "GET /cormun/servlet/trsolicitudot HTTP/1.1" 200 8587
186.103.159.46 - - [23/May/2018:17:45:05 -0300] "GET /cormun/servlet/trsolicitudot HTTP/1.1" 200 8583
186.103.159.46 - - [23/May/2018:17:45:08 -0300] "POST /cormun/servlet/trsolicitudot?4795050d5cebc92e73967b9d2b30e4b1,gx-no-cache=1527108246102 HTTP/1.1" 200 106
186.103.159.46 - - [23/May/2018:17:45:09 -0300] "GET /cormun/servlet/solicitudot?UPD,2018,11529, HTTP/1.1" 200 15241
186.103.159.46 - - [23/May/2018:17:45:11 -0300] "GET /cormun/servlet/solicitudot?UPD,2018,11529, HTTP/1.1" 200 15250
186.103.159.46 - - [23/May/2018:17:45:12 -0300] "POST /cormun/servlet/solicitudot?gx-no-cache=1527108248804 HTTP/1.1" 200 3439
186.103.159.46 - - [23/May/2018:17:45:13 -0300] "POST /cormun/servlet/solicitudot?4795050d5cebc92e73967b9d2b30e4b1,UPD,2018,11529,,gx-no-cache=1527108250084 HTTP/1.1" 200 11552
186.103.159.46 - - [23/May/2018:17:45:13 -0300] "GET /cormun/servlet/solicitudot?187ac2ea39fa6d2406bf14b4480ce6687bf27fc0ae3ce575f6bb369cb171d497f706dc71f5a2b2505f19301f60558297,gx-no-cache=1527108250614 HTTP/1.1" 200 30
186.103.159.46 - - [23/May/2018:17:45:13 -0300] "GET /cormun/servlet/solicitudot?187ac2ea39fa6d2406bf14b4480ce668827d9aa088e818212788efc8c0b37652f7ca40559a01e6e9d51ab0fb698666b491b62605e5e5eb2eae8611664ac518a4,gx-no-cache=1527108250764 HTTP/1.1" 200 30
186.103.159.46 - - [23/May/2018:17:45:13 -0300] "GET /cormun/servlet/solicitudot?187ac2ea39fa6d2406bf14b4480ce668b42a073a35481a1b76ed054bc1f019c5383f37c49b4cc14206a536355ab4c21b6550ac48aab646bcb911f0897e0e7f21,gx-no-cache=1527108250865 HTTP/1.1" 200 53
186.103.159.46 - - [23/May/2018:17:45:13 -0300] "POST /cormun/servlet/solicitudot?gx-no-cache=1527108250979 HTTP/1.1" 200 256
186.103.159.46 - - [23/May/2018:17:45:14 -0300] "GET /cormun/servlet/solicitudot?187ac2ea39fa6d2406bf14b4480ce6686ac5a855ae804ddc7c65144e3070c9e0a3612c6b024f04879c205cc0a10f7c4a844591bd8aa71cf654482b29a74f8af12e8c8e449bbbaf626c883fe339301855f06ff04e1c28660e38521085aaf2f15246e9b8e9154db9ecf6ea011eb6a4864a5a11fce0890b6ce79af8c47b2022cafdb96a33310f2662cbc6004b66e770a5f0d986862ff98ddb0e096fb8e8e77074c2b58827586be18a9ac647290e25a413d06f49f82cecd6ef309c8cda7930b371263da964911f5c7cbbf9d981de553a659ce4dc29bfde04728b1d8f4717afdcd6d2f620ec86112f1728a02dcc3f4919500d974f7eb8ca6370f2b9cc11f7262fd354cc50275a793d7ed6723173934d268231890c472164247ff4d2198250dd6a304ad1b539f6550b8594fc78afdfee538dd2eaf20b3ecbf592d14ec1c1fa02f4f2e953fb2881893e6b896bc8065426be5278820e155eec2c408dde12b06e72d73c388e7a27c9a64cc5d23e29e4b74424bc52fc0383b1bebf000ef1fac589c25dc93a,gx-no-cache=1527108251104 HTTP/1.1" 200 30
186.103.159.46 - - [23/May/2018:17:45:14 -0300] "POST /cormun/servlet/solicitudot?gx-no-cache=1527108251509 HTTP/1.1" 200 30
186.103.159.46 - - [23/May/2018:17:45:14 -0300] "POST /cormun/servlet/solicitudot?gx-no-cache=1527108251641 HTTP/1.1" 200 1368
186.103.159.46 - - [23/May/2018:17:45:14 -0300] "POST /cormun/servlet/solicitudot?gx-no-cache=1527108251846 HTTP/1.1" 200 41
186.67.203.186 - - [23/May/2018:17:45:24 -0300] "POST /cormun/servlet/permisosadjuntos?9a877ae0844d3d2e169e419f194c70fa,INS,17524997,P,20180523141808,, HTTP/1.1" 200 116
186.67.203.186 - - [23/May/2018:17:45:24 -0300] "GET /cormun/servlet/hpexe_return? HTTP/1.1" 200 1029
186.67.203.186 - - [23/May/2018:17:45:25 -0300] "GET /cormun/servlet/trpermisosadjuntos?17524997,20180523141808,P, HTTP/1.1" 200 6908
186.67.203.186 - - [23/May/2018:17:45:25 -0300] "GET /cormun/servlet/trpermisosadjuntos?17524997,20180523141808,P, HTTP/1.1" 200 6909
186.67.203.186 - - [23/May/2018:17:45:29 -0300] "GET /cormun/servlet/permisosadjuntos?INS,17524997,P,20180523141808,, HTTP/1.1" 200 5760
186.67.203.186 - - [23/May/2018:17:45:29 -0300] "GET /cormun/servlet/permisosadjuntos?INS,17524997,P,20180523141808,, HTTP/1.1" 200 5750
186.67.203.186 - - [23/May/2018:17:45:30 -0300] "GET /cormun/servlet/trpermisosadjuntos?17524997,20180523141808,P, HTTP/1.1" 200 6903
186.67.203.186 - - [23/May/2018:17:45:30 -0300] "GET /cormun/servlet/trpermisosadjuntos?17524997,20180523141808,P, HTTP/1.1" 200 6909
200.54.18.251 - - [23/May/2018:17:45:31 -0300] "GET /cormun/servlet/trpermisosgoce? HTTP/1.1" 200 9555
200.54.18.251 - - [23/May/2018:17:45:32 -0300] "GET /cormun/servlet/trpermisosgoce? HTTP/1.1" 200 9555
200.54.18.251 - - [23/May/2018:17:45:37 -0300] "POST /cormun/servlet/trpermisosgoce?9a877ae0844d3d2e169e419f194c70fa,,gx-no-cache=1527108275613 HTTP/1.1" 200 6807
200.54.18.251 - - [23/May/2018:17:45:37 -0300] "GET /cormun/static/Shared/jqueryui/images/ui-bg_highlight-soft_100_c6c2c8_1x100.png HTTP/1.1" 404 1117
186.103.161.206 - - [23/May/2018:17:45:37 -0300] "GET /cormun/static/Shared/jqueryui/images/ui-icons_82798d_256x240.png HTTP/1.1" 404 1089
200.54.18.251 - - [23/May/2018:17:45:37 -0300] "GET /cormun/static/Shared/jqueryui/images/ui-bg_flat_55_fafafa_40x100.png HTTP/1.1" 404 1097
200.72.197.82 - - [23/May/2018:17:45:37 -0300] "GET /cormun/static/Shared/jqueryui/images/ui-icons_8d78a5_256x240.png HTTP/1.1" 404 1089
186.67.164.142 - - [23/May/2018:17:45:48 -0300] "POST /cormun/servlet/trsolicitudot?fb9fa909095392610755ab24e3e6121b,,gx-no-cache=1527108285733 HTTP/1.1" 200 22201
186.103.159.46 - - [23/May/2018:17:46:03 -0300] "POST /cormun/servlet/solicitudot?gx-no-cache=1527108300274 HTTP/1.1" 200 256
186.103.159.46 - - [23/May/2018:17:46:03 -0300] "GET /cormun/servlet/solicitudot?187ac2ea39fa6d2406bf14b4480ce6686ac5a855ae804ddc7c65144e3070c9e0a3612c6b024f04879c205cc0a10f7c4a844591bd8aa71cf654482b29a74f8af12e8c8e449bbbaf626c883fe339301855f06ff04e1c28660e38521085aaf2f15246e9b8e9154db9ecf6ea011eb6a4864a5a11fce0890b6ce79af8c47b2022cafdb96a33310f2662cbc6004b66e770a5f0d986862ff98ddb0e096fb8e8e77074c2b58827586be18a9ac647290e25a413d06f49f82cecd6ef309c8cda7930b371263da964911f5c7cbbf9d981de553a659ce4dc29bfde04728b1d8f4717afdcd6d2f620ec86112f1728a02dcc3f4919500d974f7eb8ca6370f2b9cc11f7262fd354cc50275a793d7ed6723173934d268231890c472164247ff4d2198250dd6a304ad1b539f6550b8594fc78afdfee538dd2eaf20b3ecbf592d14ec1c1fa02f4f2e953fb2881893e6b896bc8065426be5278820e155eec2c408dde12b06e72d73c388e7a27c9a64cc5d23e29e4b74424bc52fc0383b1bebf000ef1fac589c25dc93a,gx-no-cache=1527108300807 HTTP/1.1" 200 30
186.103.159.46 - - [23/May/2018:17:46:03 -0300] "POST /cormun/servlet/solicitudot?gx-no-cache=1527108301200 HTTP/1.1" 200 30
186.103.159.46 - - [23/May/2018:17:46:04 -0300] "POST /cormun/servlet/solicitudot?gx-no-cache=1527108301299 HTTP/1.1" 200 1368
186.103.159.46 - - [23/May/2018:17:46:04 -0300] "POST /cormun/servlet/solicitudot?gx-no-cache=1527108301463 HTTP/1.1" 200 41
186.103.159.46 - - [23/May/2018:17:46:04 -0300] "GET /cormun/servlet/solicitudot?187ac2ea39fa6d2406bf14b4480ce66821c5f8b9ea28a9c7152c91559c25784c8e51c337ce78a2efc61be0b762c01d611d18b03796559ef89cca96c11adf1798aeb671762e474bcc71b311a01abf187d706cfe4817e110c34b632df3d0ca9bfc7a974b016ac0d95861787a65491f54b9c59873f74ca3d8374762118cd8ab4a47a343ee50ea90a3a5c64811b299301ad439b14fa38878f4612eba35027c1697cf,gx-no-cache=1527108301545 HTTP/1.1" 200 29
186.103.159.46 - - [23/May/2018:17:46:04 -0300] "POST /cormun/servlet/solicitudot?gx-no-cache=1527108301631 HTTP/1.1" 200 1350
186.103.159.46 - - [23/May/2018:17:46:04 -0300] "POST /cormun/servlet/solicitudot?gx-no-cache=1527108301766 HTTP/1.1" 200 1248
186.103.159.46 - - [23/May/2018:17:46:05 -0300] "GET /cormun/servlet/solicitudot?187ac2ea39fa6d2406bf14b4480ce6683cecfa685636fcaaeac9fa9e359baece29bbbabee954183b4c48223566e88d24,gx-no-cache=1527108301891 HTTP/1.1" 200 30
186.103.159.46 - - [23/May/2018:17:46:05 -0300] "POST /cormun/servlet/solicitudot?gx-no-cache=1527108302380 HTTP/1.1" 200 33
186.103.159.46 - - [23/May/2018:17:46:05 -0300] "POST /cormun/servlet/solicitudot?4795050d5cebc92e73967b9d2b30e4b1,UPD,2018,11529,,gx-no-cache=1527108302627 HTTP/1.1" 200 93
186.103.159.46 - - [23/May/2018:17:46:05 -0300] "GET /cormun/servlet/hpexe_return? HTTP/1.1" 200 1009
186.103.159.46 - - [23/May/2018:17:46:06 -0300] "GET /cormun/servlet/trsolicitudot HTTP/1.1" 200 8590
186.103.159.46 - - [23/May/2018:17:46:08 -0300] "GET /cormun/servlet/trsolicitudot HTTP/1.1" 200 8586
186.67.164.142 - - [23/May/2018:17:46:12 -0300] "POST /cormun/servlet/trsolicitudot?fb9fa909095392610755ab24e3e6121b,,gx-no-cache=1527108309657 HTTP/1.1" 200 21983
186.103.159.46 - - [23/May/2018:17:46:13 -0300] "POST /cormun/servlet/trsolicitudot?4795050d5cebc92e73967b9d2b30e4b1,gx-no-cache=1527108310293 HTTP/1.1" 200 106
186.103.159.46 - - [23/May/2018:17:46:13 -0300] "GET /cormun/servlet/solicitudot?UPD,2018,11529, HTTP/1.1" 200 15221
186.103.159.46 - - [23/May/2018:17:46:15 -0300] "GET /cormun/servlet/solicitudot?UPD,2018,11529, HTTP/1.1" 200 15229
186.103.159.46 - - [23/May/2018:17:46:16 -0300] "POST /cormun/servlet/solicitudot?gx-no-cache=1527108313421 HTTP/1.1" 200 3456
186.103.159.46 - - [23/May/2018:17:46:16 -0300] "POST /cormun/servlet/solicitudot?4795050d5cebc92e73967b9d2b30e4b1,UPD,2018,11529,,gx-no-cache=1527108313870 HTTP/1.1" 200 11568
186.103.159.46 - - [23/May/2018:17:46:17 -0300] "GET /cormun/servlet/solicitudot?187ac2ea39fa6d2406bf14b4480ce6687bf27fc0ae3ce575f6bb369cb171d497f706dc71f5a2b2505f19301f60558297,gx-no-cache=1527108314552 HTTP/1.1" 200 30
186.103.159.46 - - [23/May/2018:17:46:17 -0300] "GET /cormun/servlet/solicitudot?187ac2ea39fa6d2406bf14b4480ce668827d9aa088e818212788efc8c0b37652f7ca40559a01e6e9d51ab0fb698666b491b62605e5e5eb2eae8611664ac518a4,gx-no-cache=1527108314705 HTTP/1.1" 200 30
186.103.159.46 - - [23/May/2018:17:46:17 -0300] "GET /cormun/servlet/solicitudot?187ac2ea39fa6d2406bf14b4480ce668b42a073a35481a1b76ed054bc1f019c5383f37c49b4cc14206a536355ab4c21b6550ac48aab646bcb911f0897e0e7f21,gx-no-cache=1527108314827 HTTP/1.1" 200 53
186.103.159.46 - - [23/May/2018:17:46:17 -0300] "POST /cormun/servlet/solicitudot?gx-no-cache=1527108314950 HTTP/1.1" 200 256
186.103.159.46 - - [23/May/2018:17:46:18 -0300] "GET /cormun/servlet/solicitudot?187ac2ea39fa6d2406bf14b4480ce6686ac5a855ae804ddc7c65144e3070c9e0a3612c6b024f04879c205cc0a10f7c4a844591bd8aa71cf654482b29a74f8af12e8c8e449bbbaf626c883fe339301855f06ff04e1c28660e38521085aaf2f15246e9b8e9154db9ecf6ea011eb6a4864a5a11fce0890b6ce79af8c47b2022cafdb96a33310f2662cbc6004b66e770a5f0d986862ff98ddb0e096fb8e8e77074c2b58827586be18a9ac647290e25a413d06f49f82cecd6ef309c8cda7930b371263da964911f5c7cbbf9d981de553a659ce4dc29bfde04728b1d8f4717afdcd6d2f620ec86112f1728a02dcc3f4919500d974f7eb8ca6370f2b9cc11f7262fd354cc50275a793d7ed6723173934d268231890c472164247ff4d2198250dd6a304ad1b539f6550b8594fc78afdfee538dd2eaf20b3ecbf592d14ec1c1fa02f4f2e953fb2881893e6b896bc8065426be5278820e155eec2c408dde12b06e72d73c388e7a27c9a64cc5d23e29e4b74424bc52fc0383b1bebf000ef1fac589c25dc93a,gx-no-cache=1527108315061 HTTP/1.1" 200 30
186.103.159.46 - - [23/May/2018:17:46:18 -0300] "POST /cormun/servlet/solicitudot?gx-no-cache=1527108315465 HTTP/1.1" 200 30
186.103.159.46 - - [23/May/2018:17:46:18 -0300] "POST /cormun/servlet/solicitudot?gx-no-cache=1527108315592 HTTP/1.1" 200 1368
186.103.159.46 - - [23/May/2018:17:46:18 -0300] "POST /cormun/servlet/solicitudot?gx-no-cache=1527108315775 HTTP/1.1" 200 41
186.103.159.46 - - [23/May/2018:17:46:33 -0300] "GET /cormun/servlet/solicitudot?187ac2ea39fa6d2406bf14b4480ce66821c5f8b9ea28a9c7152c91559c25784c8e51c337ce78a2efc61be0b762c01d611d18b03796559ef89cca96c11adf1798aeb671762e474bcc71b311a01abf187d706cfe4817e110c34b632df3d0ca9bfc7a974b016ac0d95861787a65491f54b9c59873f74ca3d8374762118cd8ab4a47a343ee50ea90a3a5c64811b299301ad439b14fa38878f4612eba35027c1697cf,gx-no-cache=1527108330615 HTTP/1.1" 200 29
186.103.159.46 - - [23/May/2018:17:46:33 -0300] "POST /cormun/servlet/solicitudot?gx-no-cache=1527108330679 HTTP/1.1" 200 1350
186.103.159.46 - - [23/May/2018:17:46:33 -0300] "POST /cormun/servlet/solicitudot?gx-no-cache=1527108330793 HTTP/1.1" 200 1248
186.103.159.46 - - [23/May/2018:17:46:33 -0300] "GET /cormun/servlet/solicitudot?187ac2ea39fa6d2406bf14b4480ce6683cecfa685636fcaaeac9fa9e359baece29bbbabee954183b4c48223566e88d24,gx-no-cache=1527108330876 HTTP/1.1" 200 30
186.103.159.46 - - [23/May/2018:17:46:33 -0300] "POST /cormun/servlet/solicitudot?gx-no-cache=1527108330931 HTTP/1.1" 200 33
186.103.159.46 - - [23/May/2018:17:46:34 -0300] "POST /cormun/servlet/solicitudot?4795050d5cebc92e73967b9d2b30e4b1,UPD,2018,11529,,gx-no-cache=1527108331045 HTTP/1.1" 200 93
186.103.159.46 - - [23/May/2018:17:46:34 -0300] "GET /cormun/servlet/hpexe_return? HTTP/1.1" 200 1009
186.103.159.46 - - [23/May/2018:17:46:34 -0300] "GET /cormun/servlet/trsolicitudot HTTP/1.1" 200 8590
186.103.159.230 - - [23/May/2018:17:46:36 -0300] "GET /cormun/servlet/hlogin HTTP/1.1" 200 1710
186.103.159.46 - - [23/May/2018:17:46:36 -0300] "GET /cormun/servlet/trsolicitudot HTTP/1.1" 200 8586
186.103.159.230 - - [23/May/2018:17:46:40 -0300] "GET /cormun/servlet/hlogin HTTP/1.1" 200 1710
186.103.159.46 - - [23/May/2018:17:46:41 -0300] "POST /cormun/servlet/trsolicitudot?4795050d5cebc92e73967b9d2b30e4b1,gx-no-cache=1527108338840 HTTP/1.1" 200 4489
186.103.159.46 - - [23/May/2018:17:46:41 -0300] "GET /cormun/static/Shared/jqueryui/images/ui-bg_flat_55_fafafa_40x100.png HTTP/1.1" 404 1097
186.103.159.46 - - [23/May/2018:17:46:42 -0300] "GET /cormun/static/Shared/jqueryui/images/ui-icons_8d78a5_256x240.png HTTP/1.1" 404 1089
186.103.159.46 - - [23/May/2018:17:46:42 -0300] "GET /cormun/static/Shared/jqueryui/images/ui-bg_highlight-soft_100_c6c2c8_1x100.png HTTP/1.1" 404 1117
186.103.159.46 - - [23/May/2018:17:46:42 -0300] "GET /cormun/static/Shared/jqueryui/images/ui-icons_82798d_256x240.png HTTP/1.1" 404 1089
186.103.159.46 - - [23/May/2018:17:46:42 -0300] "POST /cormun/servlet/trsolicitudot?4795050d5cebc92e73967b9d2b30e4b1,gx-no-cache=1527108339452 HTTP/1.1" 200 4244
186.67.164.142 - - [23/May/2018:17:46:45 -0300] "POST /cormun/servlet/trsolicitudot?fb9fa909095392610755ab24e3e6121b,,gx-no-cache=1527108343003 HTTP/1.1" 200 11200
186.103.132.155 - - [23/May/2018:17:46:48 -0300] "GET /cormun/servlet/trpermisosadjuntos?12694048,20180523115813,P, HTTP/1.1" 200 6424
186.103.132.155 - - [23/May/2018:17:46:48 -0300] "GET /cormun/servlet/trpermisosadjuntos?12694048,20180523115813,P, HTTP/1.1" 200 6423
186.103.132.155 - - [23/May/2018:17:46:50 -0300] "GET /cormun/servlet/permisosadjuntos?INS,12694048,P,20180523115813,, HTTP/1.1" 200 5754
186.103.132.155 - - [23/May/2018:17:46:50 -0300] "GET /cormun/static/about:blank HTTP/1.1" 404 1011
186.103.132.155 - - [23/May/2018:17:46:50 -0300] "GET /cormun/servlet/permisosadjuntos?INS,12694048,P,20180523115813,, HTTP/1.1" 200 5744
186.103.159.230 - - [23/May/2018:17:46:53 -0300] "POST /cormun/servlet/hlogin?8444e8ec58288114340c34b759291a2c,gx-no-cache=1527108351518 HTTP/1.1" 200 90
186.103.159.230 - - [23/May/2018:17:46:53 -0300] "GET /cormun/servlet/hpexe_link HTTP/1.1" 200 944
186.103.159.230 - - [23/May/2018:17:46:53 -0300] "GET /cormun/servlet/hhome HTTP/1.1" 200 4170
186.103.159.230 - - [23/May/2018:17:46:53 -0300] "GET /cormun/servlet/hhome HTTP/1.1" 200 4166
186.103.159.230 - - [23/May/2018:17:46:59 -0300] "GET /cormun/servlet/trsolicitudot? HTTP/1.1" 200 8736
186.103.159.230 - - [23/May/2018:17:46:59 -0300] "GET /cormun/servlet/trsolicitudot? HTTP/1.1" 200 8734
186.103.159.230 - - [23/May/2018:17:47:02 -0300] "POST /cormun/servlet/trsolicitudot?8444e8ec58288114340c34b759291a2c,,gx-no-cache=1527108360590 HTTP/1.1" 200 107
186.103.159.230 - - [23/May/2018:17:47:02 -0300] "GET /cormun/servlet/trsolicitudadjuntos?2018,11528, HTTP/1.1" 200 6262
186.103.159.230 - - [23/May/2018:17:47:02 -0300] "GET /cormun/servlet/trsolicitudadjuntos?2018,11528, HTTP/1.1" 200 6262
186.103.159.230 - - [23/May/2018:17:47:05 -0300] "GET /cormun/servlet/solicitudotadjuntos?INS,2018,11528,,1, HTTP/1.1" 200 6208
186.103.159.230 - - [23/May/2018:17:47:05 -0300] "GET /cormun/static/about:blank HTTP/1.1" 404 1011
186.103.159.230 - - [23/May/2018:17:47:05 -0300] "GET /cormun/servlet/solicitudotadjuntos?INS,2018,11528,,1, HTTP/1.1" 200 6202
186.103.159.230 - - [23/May/2018:17:47:06 -0300] "GET /cormun/servlet/solicitudotadjuntos?ee098141c4273da548a15fe3b5d88e51f9540e4327ee424467fe03d0ba4bc5422e01835cd55bc109810eddd3e6a38a28,gx-no-cache=1527108364570 HTTP/1.1" 200 30
186.103.159.230 - - [23/May/2018:17:47:07 -0300] "POST /cormun/servlet/solicitudotadjuntos?8444e8ec58288114340c34b759291a2c,INS,2018,11528,,1,,gx-no-cache=1527108364618 HTTP/1.1" 200 3973
200.111.122.170 - - [23/May/2018:17:47:13 -0300] "POST /cormun/servlet/permisosadjuntos?9a877ae0844d3d2e169e419f194c70fa,INS,12694048,P,20180523115813,, HTTP/1.1" 200 116
200.111.122.170 - - [23/May/2018:17:47:13 -0300] "GET /cormun/servlet/hpexe_return? HTTP/1.1" 200 1030
200.111.122.170 - - [23/May/2018:17:47:13 -0300] "GET /cormun/servlet/trpermisosadjuntos?12694048,20180523115813,P, HTTP/1.1" 200 6901
186.103.159.230 - - [23/May/2018:17:47:13 -0300] "POST /cormun/servlet/solicitudotadjuntos?gx-no-cache=1527108371816 HTTP/1.1" 200 26
200.111.122.170 - - [23/May/2018:17:47:13 -0300] "GET /cormun/servlet/trpermisosadjuntos?12694048,20180523115813,P, HTTP/1.1" 200 6903
186.103.159.230 - - [23/May/2018:17:47:19 -0300] "GET /cormun/servlet/solicitudotadjuntos?ee098141c4273da548a15fe3b5d88e51af00ef0f58e5ff3f095df075598e1e5c,gx-no-cache=1527108378119 HTTP/1.1" 200 30
186.103.159.230 - - [23/May/2018:17:47:19 -0300] "GET /cormun/servlet/solicitudotadjuntos?ee098141c4273da548a15fe3b5d88e51af00ef0f58e5ff3f095df075598e1e5c,gx-no-cache=1527108378193 HTTP/1.1" 200 30
200.111.122.170 - - [23/May/2018:17:47:20 -0300] "GET /cormun/servlet/permisosadjuntos?INS,12694048,P,20180523115813,, HTTP/1.1" 200 5754
200.111.122.170 - - [23/May/2018:17:47:20 -0300] "GET /cormun/servlet/permisosadjuntos?INS,12694048,P,20180523115813,, HTTP/1.1" 200 5744
186.103.159.230 - - [23/May/2018:17:47:23 -0300] "POST /cormun/servlet/solicitudotadjuntos?8444e8ec58288114340c34b759291a2c,INS,2018,11528,,1, HTTP/1.1" 200 116
186.103.159.230 - - [23/May/2018:17:47:23 -0300] "GET /cormun/servlet/hpexe_return? HTTP/1.1" 200 1018
200.111.122.170 - - [23/May/2018:17:47:23 -0300] "GET /cormun/servlet/trpermisosadjuntos?12694048,20180523115813,P, HTTP/1.1" 200 6898
186.103.159.230 - - [23/May/2018:17:47:23 -0300] "GET /cormun/servlet/trsolicitudadjuntos?2018,11528, HTTP/1.1" 200 8707
200.111.122.170 - - [23/May/2018:17:47:23 -0300] "GET /cormun/servlet/trpermisosadjuntos?12694048,20180523115813,P, HTTP/1.1" 200 6903
186.103.159.230 - - [23/May/2018:17:47:23 -0300] "GET /cormun/servlet/trsolicitudadjuntos?2018,11528, HTTP/1.1" 200 8704
186.67.203.186 - - [23/May/2018:17:47:24 -0300] "GET /cormun/servlet/trpermisosgoce? HTTP/1.1" 200 9536
186.67.203.186 - - [23/May/2018:17:47:25 -0300] "GET /cormun/servlet/trpermisosgoce? HTTP/1.1" 200 9555
186.103.159.230 - - [23/May/2018:17:47:28 -0300] "GET /cormun/servlet/solicitudotadjuntos?INS,2018,11528,,1, HTTP/1.1" 200 6208
186.103.159.230 - - [23/May/2018:17:47:28 -0300] "GET /cormun/static/about:blank HTTP/1.1" 404 1011
186.103.159.230 - - [23/May/2018:17:47:28 -0300] "GET /cormun/servlet/solicitudotadjuntos?INS,2018,11528,,1, HTTP/1.1" 200 6202
186.103.159.230 - - [23/May/2018:17:47:28 -0300] "GET /cormun/servlet/solicitudotadjuntos?ee098141c4273da548a15fe3b5d88e51f9540e4327ee424467fe03d0ba4bc5422e01835cd55bc109810eddd3e6a38a28,gx-no-cache=1527108387151 HTTP/1.1" 200 30
186.103.159.230 - - [23/May/2018:17:47:28 -0300] "POST /cormun/servlet/solicitudotadjuntos?8444e8ec58288114340c34b759291a2c,INS,2018,11528,,1,,gx-no-cache=1527108387190 HTTP/1.1" 200 3973
200.72.197.82 - - [23/May/2018:17:47:31 -0300] "POST /cormun/servlet/trpermisosgoce?9a877ae0844d3d2e169e419f194c70fa,,gx-no-cache=1527108390701 HTTP/1.1" 200 6771
200.72.197.82 - - [23/May/2018:17:47:32 -0300] "GET /cormun/static/Shared/jqueryui/images/ui-bg_highlight-soft_100_c6c2c8_1x100.png HTTP/1.1" 404 1117
186.103.159.230 - - [23/May/2018:17:47:32 -0300] "POST /cormun/servlet/solicitudotadjuntos?gx-no-cache=1527108390365 HTTP/1.1" 200 26
200.72.197.82 - - [23/May/2018:17:47:32 -0300] "GET /cormun/static/Shared/jqueryui/images/ui-icons_82798d_256x240.png HTTP/1.1" 404 1089
186.103.161.206 - - [23/May/2018:17:47:32 -0300] "GET /cormun/static/Shared/jqueryui/images/ui-icons_8d78a5_256x240.png HTTP/1.1" 404 1089
200.72.197.82 - - [23/May/2018:17:47:32 -0300] "GET /cormun/static/Shared/jqueryui/images/ui-bg_flat_55_fafafa_40x100.png HTTP/1.1" 404 1097
186.103.159.230 - - [23/May/2018:17:47:44 -0300] "GET /cormun/servlet/solicitudotadjuntos?ee098141c4273da548a15fe3b5d88e51af00ef0f58e5ff3f095df075598e1e5c,gx-no-cache=1527108403123 HTTP/1.1" 200 30
186.103.159.230 - - [23/May/2018:17:47:44 -0300] "GET /cormun/servlet/solicitudotadjuntos?ee098141c4273da548a15fe3b5d88e51af00ef0f58e5ff3f095df075598e1e5c,gx-no-cache=1527108403186 HTTP/1.1" 200 30
186.103.159.230 - - [23/May/2018:17:47:46 -0300] "POST /cormun/servlet/solicitudotadjuntos?8444e8ec58288114340c34b759291a2c,INS,2018,11528,,1, HTTP/1.1" 200 116
186.103.159.230 - - [23/May/2018:17:47:46 -0300] "GET /cormun/servlet/hpexe_return? HTTP/1.1" 200 1018
186.103.159.230 - - [23/May/2018:17:47:46 -0300] "GET /cormun/servlet/trsolicitudadjuntos?2018,11528, HTTP/1.1" 200 8929
186.103.159.230 - - [23/May/2018:17:47:47 -0300] "GET /cormun/servlet/trsolicitudadjuntos?2018,11528, HTTP/1.1" 200 8929
186.103.159.230 - - [23/May/2018:17:47:51 -0300] "GET /cormun/PublicTempStorage/rut854798.pdf HTTP/1.1" 200 713048
186.103.157.39 - - [23/May/2018:17:47:57 -0300] "GET /cormun/servlet/hlogin HTTP/1.1" 200 1716
186.103.157.39 - - [23/May/2018:17:47:57 -0300] "GET /cormun/servlet/hlogin HTTP/1.1" 200 1726
186.103.159.230 - - [23/May/2018:17:48:10 -0300] "GET /cormun/servlet/hlogin HTTP/1.1" 200 1723
186.103.159.230 - - [23/May/2018:17:48:14 -0300] "GET /cormun/servlet/hlogin HTTP/1.1" 200 1723
186.103.159.204 - - [23/May/2018:17:48:15 -0300] "GET /cormun/servlet/permisogoce?INS,0,,, HTTP/1.1" 200 6088
186.103.159.204 - - [23/May/2018:17:48:16 -0300] "GET /cormun/servlet/hlogin HTTP/1.1" 200 1744
186.103.159.204 - - [23/May/2018:17:48:16 -0300] "GET /cormun/servlet/permisogoce?INS,0,,, HTTP/1.1" 200 6083
186.103.159.230 - - [23/May/2018:17:48:26 -0300] "POST /cormun/servlet/hlogin?826ed81d7bfe3b5779802bf1263d8c25,gx-no-cache=1527108444917 HTTP/1.1" 200 90
186.103.159.230 - - [23/May/2018:17:48:26 -0300] "GET /cormun/servlet/hpexe_link HTTP/1.1" 200 953
186.103.159.230 - - [23/May/2018:17:48:26 -0300] "GET /cormun/servlet/hhome HTTP/1.1" 200 4177
186.103.159.230 - - [23/May/2018:17:48:27 -0300] "GET /cormun/servlet/hhome HTTP/1.1" 200 4175
186.103.159.204 - - [23/May/2018:17:48:27 -0300] "POST /cormun/servlet/hlogin?e1d937838535a190a099188882f59b68,gx-no-cache=1527108445281 HTTP/1.1" 200 456
186.103.159.204 - - [23/May/2018:17:48:33 -0300] "POST /cormun/servlet/hlogin?e1d937838535a190a099188882f59b68,gx-no-cache=1527108450861 HTTP/1.1" 200 90
