186.103.159.187 - - [23/May/2018:14:47:56 -0300] "POST /cormun/servlet/trautorizarsolicitud?0ce7f4da60a0282c14776f18101c7c5c,,gx-no-cache=1527097681808 HTTP/1.1" 200 4405
186.103.159.187 - - [23/May/2018:14:47:57 -0300] "POST /cormun/servlet/trautorizarsolicitud?0ce7f4da60a0282c14776f18101c7c5c,,gx-no-cache=1527097682953 HTTP/1.1" 200 4405
186.103.159.187 - - [23/May/2018:14:48:02 -0300] "POST /cormun/servlet/trautorizarsolicitud?0ce7f4da60a0282c14776f18101c7c5c,,gx-no-cache=1527097687945 HTTP/1.1" 200 5744
186.103.159.187 - - [23/May/2018:14:48:08 -0300] "POST /cormun/servlet/trautorizarsolicitud?0ce7f4da60a0282c14776f18101c7c5c,,gx-no-cache=1527097693462 HTTP/1.1" 200 4405
186.103.159.187 - - [23/May/2018:14:48:11 -0300] "POST /cormun/servlet/trautorizarsolicitud?0ce7f4da60a0282c14776f18101c7c5c,,gx-no-cache=1527097697297 HTTP/1.1" 200 4405
186.103.159.204 - - [23/May/2018:14:48:18 -0300] "GET /cormun/servlet/trsolicitudot? HTTP/1.1" 200 6392
186.103.159.204 - - [23/May/2018:14:48:18 -0300] "GET /cormun/static/gxui/gxui-all.css?120300 HTTP/1.1" 200 2179
186.103.159.204 - - [23/May/2018:14:48:18 -0300] "GET /cormun/static/calendar-system.css?85620 HTTP/1.1" 200 5572
186.103.159.204 - - [23/May/2018:14:48:18 -0300] "GET /cormun/static/SmoothNavMenu/resources/ddsmoothmenu-v.css?1012540 HTTP/1.1" 200 1188
186.103.159.204 - - [23/May/2018:14:48:18 -0300] "GET /cormun/static/SmoothNavMenu/resources/ddsmoothmenu.css?1012540 HTTP/1.1" 200 2223
186.103.159.204 - - [23/May/2018:14:48:18 -0300] "GET /cormun/static/Resources/Spanish/PXTools.css?1255365 HTTP/1.1" 200 89042
186.103.159.204 - - [23/May/2018:14:48:18 -0300] "GET /cormun/static/Shared/jqueryui/jquery-ui.min.css?1245370 HTTP/1.1" 200 30288
186.103.159.204 - - [23/May/2018:14:48:19 -0300] "GET /cormun/static/gxcfg.js?2017111422585916 HTTP/1.1" 200 953
186.103.159.204 - - [23/May/2018:14:48:19 -0300] "GET /cormun/static/scaMessage/css/jquery.pnotify.default.css?1716380 HTTP/1.1" 200 1707
186.103.159.204 - - [23/May/2018:14:48:19 -0300] "GET /cormun/static/RunJS/RunJS.js HTTP/1.1" 200 288
186.103.159.204 - - [23/May/2018:14:48:19 -0300] "GET /cormun/static/PXToolsJavascripts/pexe_cookies.js HTTP/1.1" 200 792
186.103.159.204 - - [23/May/2018:14:48:19 -0300] "GET /cormun/static/PXToolsJavascripts/pexe_menudivfix.js HTTP/1.1" 200 333
186.103.159.204 - - [23/May/2018:14:48:19 -0300] "GET /cormun/static/PXToolsJavascripts/pexe_oav.js HTTP/1.1" 200 645
186.103.159.204 - - [23/May/2018:14:48:19 -0300] "GET /cormun/static/hpexe_messagepopupcomponent.js?20161017169425 HTTP/1.1" 200 605
186.103.159.204 - - [23/May/2018:14:48:19 -0300] "GET /cormun/static/Resources/PXToolsHeaderActionsLeft.png HTTP/1.1" 200 1118
186.103.159.204 - - [23/May/2018:14:48:19 -0300] "GET /cormun/static/hpexe_messagecontroller.js?20177611595012 HTTP/1.1" 200 870
186.103.159.204 - - [23/May/2018:14:48:19 -0300] "GET /cormun/static/PXToolsJavascripts/pexe_oavdivfix.js HTTP/1.1" 200 639
186.103.159.204 - - [23/May/2018:14:48:19 -0300] "GET /cormun/static/hpexe_messagegenexuscomponent.js?201752511465344 HTTP/1.1" 200 587
186.103.159.204 - - [23/May/2018:14:48:19 -0300] "GET /cormun/static/Resources/PXToolsGridPreviousDisabled.gif HTTP/1.1" 200 90
186.103.159.204 - - [23/May/2018:14:48:19 -0300] "GET /cormun/static/Resources/PXToolsGridNextDisabled.gif HTTP/1.1" 200 90
186.103.159.204 - - [23/May/2018:14:48:19 -0300] "GET /cormun/static/Resources/PXToolsGridLastDisabled.gif HTTP/1.1" 200 98
186.103.159.204 - - [23/May/2018:14:48:19 -0300] "GET /cormun/static/Resources/PXToolsGridPage.gif HTTP/1.1" 200 725
186.103.159.204 - - [23/May/2018:14:48:19 -0300] "GET /cormun/static/Resources/PXToolsActionExcel.png HTTP/1.1" 200 3187
186.103.159.204 - - [23/May/2018:14:48:19 -0300] "GET /cormun/static/Resources/PXToolsFooterBackground2.png HTTP/1.1" 200 1172
186.103.159.204 - - [23/May/2018:14:48:19 -0300] "GET /cormun/static/Resources/PXToolsHeaderActionsBackground.png HTTP/1.1" 200 484
186.103.159.204 - - [23/May/2018:14:48:19 -0300] "GET /cormun/static/Resources/PXToolsHeaderBackground2.png HTTP/1.1" 200 1174
186.103.159.204 - - [23/May/2018:14:48:19 -0300] "GET /cormun/static/Resources/PXToolsDataTitle.png HTTP/1.1" 200 1173
186.103.159.204 - - [23/May/2018:14:48:20 -0300] "GET /cormun/static/Resources/indicator.gif HTTP/1.1" 200 1553
186.103.159.204 - - [23/May/2018:14:48:20 -0300] "GET /cormun/static/Resources/asc.gif HTTP/1.1" 200 67
186.103.159.204 - - [23/May/2018:14:48:20 -0300] "GET /cormun/servlet/hlogin HTTP/1.1" 200 1738
186.103.159.204 - - [23/May/2018:14:48:20 -0300] "GET /cormun/static/Resources/desc.gif HTTP/1.1" 200 65
186.103.159.204 - - [23/May/2018:14:48:20 -0300] "GET /cormun/servlet/trsolicitudot? HTTP/1.1" 200 6401
186.103.159.204 - - [23/May/2018:14:48:20 -0300] "GET /cormun/static/Resources/Spanish/PXTools.css?11423723 HTTP/1.1" 200 40960
186.103.159.204 - - [23/May/2018:14:48:20 -0300] "GET /cormun/static/gxcfg.js?20175251213516 HTTP/1.1" 200 953
186.103.159.204 - - [23/May/2018:14:48:20 -0300] "GET /cormun/static/Resources/ComunLogin.png HTTP/1.1" 200 17326
186.103.159.204 - - [23/May/2018:14:48:20 -0300] "GET /cormun/static/Resources/PXToolsLoginTop.png HTTP/1.1" 200 1337
186.103.159.204 - - [23/May/2018:14:48:21 -0300] "GET /cormun/static/Resources/PXToolsLoginBackground.png HTTP/1.1" 200 1164
186.103.159.204 - - [23/May/2018:14:48:21 -0300] "GET /cormun/static/Resources/PXToolsButtonLeft21.png HTTP/1.1" 200 1287
186.103.159.204 - - [23/May/2018:14:48:21 -0300] "GET /cormun/static/Resources/PXToolsButtonRight21.png HTTP/1.1" 200 1283
186.103.159.204 - - [23/May/2018:14:48:21 -0300] "GET /cormun/static/Resources/PXToolsLoginBottom.png HTTP/1.1" 200 1389
186.103.159.204 - - [23/May/2018:14:48:21 -0300] "GET /cormun/static/Resources/PXToolsButtonBackground2.png HTTP/1.1" 200 1181
186.103.159.204 - - [23/May/2018:14:48:21 -0300] "GET /favicon.ico HTTP/1.1" 200 21630
186.103.159.187 - - [23/May/2018:14:49:29 -0300] "GET /cormun/servlet/trcontratosolicitud? HTTP/1.1" 200 14806
186.103.159.187 - - [23/May/2018:14:49:30 -0300] "GET /cormun/servlet/trcontratosolicitud? HTTP/1.1" 200 14779
186.103.159.187 - - [23/May/2018:14:49:49 -0300] "POST /cormun/servlet/trcontratosolicitud?0ce7f4da60a0282c14776f18101c7c5c,,gx-no-cache=1527097794309 HTTP/1.1" 200 12500
186.103.159.187 - - [23/May/2018:14:49:51 -0300] "POST /cormun/servlet/trcontratosolicitud?0ce7f4da60a0282c14776f18101c7c5c,,gx-no-cache=1527097796792 HTTP/1.1" 200 12504
186.67.164.142 - - [23/May/2018:14:49:51 -0300] "GET /cormun/servlet/solicitudot?INS,0,0, HTTP/1.1" 200 13428
186.67.164.142 - - [23/May/2018:14:49:52 -0300] "GET /cormun/servlet/solicitudot?INS,0,0, HTTP/1.1" 200 13433
186.103.159.187 - - [23/May/2018:14:49:53 -0300] "POST /cormun/servlet/trcontratosolicitud?0ce7f4da60a0282c14776f18101c7c5c,,gx-no-cache=1527097798761 HTTP/1.1" 200 12497
186.103.159.187 - - [23/May/2018:14:49:56 -0300] "POST /cormun/servlet/trcontratosolicitud?0ce7f4da60a0282c14776f18101c7c5c,,gx-no-cache=1527097801320 HTTP/1.1" 200 7508
186.103.159.187 - - [23/May/2018:14:49:56 -0300] "GET /cormun/static/Resources/PXToolsGridFirst.gif HTTP/1.1" 200 379
186.103.159.187 - - [23/May/2018:14:49:56 -0300] "GET /cormun/static/Resources/PXToolsGridPrevious.gif HTTP/1.1" 200 369
186.67.164.142 - - [23/May/2018:14:49:59 -0300] "POST /cormun/servlet/solicitudot?gx-no-cache=1527097738592 HTTP/1.1" 200 3291
186.67.164.142 - - [23/May/2018:14:50:00 -0300] "POST /cormun/servlet/solicitudot?a0c228d1b44beab1c47427fa7bb4e44b,INS,0,0,,gx-no-cache=1527097738763 HTTP/1.1" 200 10249
192.168.10.97 - - [23/May/2018:14:50:15 -0300] "GET /cormun/servlet/hlogin HTTP/1.1" 200 1728
192.168.10.97 - - [23/May/2018:14:50:17 -0300] "POST /cormun/servlet/hlogin?45f0248ac56e43567fcc8293e047f6fb,gx-no-cache=1527097625548 HTTP/1.1" 200 90
192.168.10.97 - - [23/May/2018:14:50:17 -0300] "GET /cormun/servlet/hpexe_link HTTP/1.1" 200 954
192.168.10.97 - - [23/May/2018:14:50:17 -0300] "GET /cormun/servlet/hhome HTTP/1.1" 200 4658
192.168.10.97 - - [23/May/2018:14:50:18 -0300] "GET /cormun/servlet/hhome HTTP/1.1" 200 4654
186.103.159.187 - - [23/May/2018:14:50:18 -0300] "POST /cormun/servlet/trcontratosolicitud?0ce7f4da60a0282c14776f18101c7c5c,,gx-no-cache=1527097824107 HTTP/1.1" 200 12474
192.168.10.97 - - [23/May/2018:14:50:21 -0300] "GET /cormun/servlet/trsolicitudgral? HTTP/1.1" 200 24253
192.168.10.97 - - [23/May/2018:14:50:22 -0300] "GET /cormun/servlet/trsolicitudgral? HTTP/1.1" 200 24250
186.103.159.187 - - [23/May/2018:14:50:24 -0300] "GET /cormun/servlet/trautorizarsolicitud? HTTP/1.1" 200 7262
186.103.159.187 - - [23/May/2018:14:50:26 -0300] "GET /cormun/servlet/trautorizarsolicitud? HTTP/1.1" 200 7261
186.67.164.142 - - [23/May/2018:14:50:26 -0300] "POST /cormun/servlet/solicitudot?gx-no-cache=1527097765859 HTTP/1.1" 200 3291
186.67.164.142 - - [23/May/2018:14:50:26 -0300] "POST /cormun/servlet/solicitudot?a0c228d1b44beab1c47427fa7bb4e44b,INS,0,0,,gx-no-cache=1527097766010 HTTP/1.1" 200 10302
186.67.164.142 - - [23/May/2018:14:50:28 -0300] "GET /cormun/servlet/solicitudot?b0a8d2bc72844c4125074178aea1db583a66dc2792444441e664cf7e551a7bd47d4fb3fc74c8010f971f4893f07c9535,gx-no-cache=1527097767888 HTTP/1.1" 200 30
192.168.10.97 - - [23/May/2018:14:50:32 -0300] "POST /cormun/servlet/trsolicitudgral?45f0248ac56e43567fcc8293e047f6fb,,gx-no-cache=1527097640058 HTTP/1.1" 200 5917
186.103.159.187 - - [23/May/2018:14:50:34 -0300] "POST /cormun/servlet/trautorizarsolicitud?0ce7f4da60a0282c14776f18101c7c5c,,gx-no-cache=1527097840175 HTTP/1.1" 200 5738
192.168.10.97 - - [23/May/2018:14:50:47 -0300] "POST /cormun/servlet/trsolicitudgral?45f0248ac56e43567fcc8293e047f6fb,,gx-no-cache=1527097654790 HTTP/1.1" 200 7289
192.168.10.97 - - [23/May/2018:14:50:55 -0300] "POST /cormun/servlet/trsolicitudgral?45f0248ac56e43567fcc8293e047f6fb,,gx-no-cache=1527097662846 HTTP/1.1" 200 116
192.168.10.97 - - [23/May/2018:14:50:55 -0300] "GET /cormun/servlet/solicitudotlog?INS,2018,11498,0,REC, HTTP/1.1" 200 6464
192.168.10.97 - - [23/May/2018:14:50:55 -0300] "GET /cormun/static/calendar-system.css?75620 HTTP/1.1" 200 5572
192.168.10.97 - - [23/May/2018:14:50:55 -0300] "GET /cormun/static/gxcfg.js?2017761245646 HTTP/1.1" 200 953
192.168.10.97 - - [23/May/2018:14:50:55 -0300] "GET /cormun/static/solicitudotlog.js?2017761245655 HTTP/1.1" 200 8934
192.168.10.97 - - [23/May/2018:14:50:55 -0300] "GET /cormun/servlet/solicitudotlog?INS,2018,11498,0,REC, HTTP/1.1" 200 6464
192.168.10.97 - - [23/May/2018:14:50:56 -0300] "GET /cormun/servlet/solicitudotlog?8887c8daa61cc41a691aecf8d847737b067a192f233582a57d6252d1230c67f39b70aeb71cafec2d5bd8768e1dfb5ebb6e436e933bef01347a9cdec7fcc16a3d49ff12777099d7c31f9a00d1edd58bbcb9fe65081c59ce9192a2dfb10fa7642a3696ea4aad48b7caff6652697eee84cab8f0947290e1337104f8d7e6163b232d4595f145d447a02c03d64b295cc066a09eff16279020247b9cfa313443edf55a,gx-no-cache=1527097663793 HTTP/1.1" 200 94
186.103.159.187 - - [23/May/2018:14:50:56 -0300] "GET /cormun/servlet/trcontratounov2? HTTP/1.1" 200 6978
186.103.159.187 - - [23/May/2018:14:50:57 -0300] "GET /cormun/servlet/trcontratounov2? HTTP/1.1" 200 6977
186.103.159.187 - - [23/May/2018:14:51:01 -0300] "POST /cormun/servlet/trcontratounov2?0ce7f4da60a0282c14776f18101c7c5c,,gx-no-cache=1527097866504 HTTP/1.1" 200 4215
186.103.159.187 - - [23/May/2018:14:51:06 -0300] "POST /cormun/servlet/trcontratounov2?0ce7f4da60a0282c14776f18101c7c5c,,gx-no-cache=1527097871802 HTTP/1.1" 200 4205
186.103.159.187 - - [23/May/2018:14:51:09 -0300] "POST /cormun/servlet/trcontratounov2?0ce7f4da60a0282c14776f18101c7c5c,,gx-no-cache=1527097874201 HTTP/1.1" 200 105
186.103.159.187 - - [23/May/2018:14:51:09 -0300] "GET /cormun/ContratoUnoV3-3001.xls HTTP/1.1" 200 4096
186.103.159.204 - - [23/May/2018:14:51:25 -0300] "GET /cormun/servlet/hlogin HTTP/1.1" 200 1718
186.103.159.204 - - [23/May/2018:14:51:26 -0300] "GET /cormun/static/gxtimezone.js?85251 HTTP/1.1" 200 5781
186.103.159.204 - - [23/May/2018:14:51:26 -0300] "GET /cormun/static/gxcfg.js?20175251213516 HTTP/1.1" 200 953
186.103.159.204 - - [23/May/2018:14:51:26 -0300] "GET /cormun/static/Resources/Spanish/PXTools.css?11423723 HTTP/1.1" 200 89042
186.103.159.204 - - [23/May/2018:14:51:26 -0300] "GET /cormun/static/messages.spa.js?85251 HTTP/1.1" 200 30736
186.103.159.204 - - [23/May/2018:14:51:26 -0300] "GET /cormun/static/hlogin.js?20175251213537 HTTP/1.1" 200 2136
186.103.159.204 - - [23/May/2018:14:51:26 -0300] "GET /cormun/static/Resources/ComunLogin.png HTTP/1.1" 200 17326
186.103.159.204 - - [23/May/2018:14:51:26 -0300] "GET /cormun/static/gxgral.js?85251 HTTP/1.1" 200 384558
186.103.159.204 - - [23/May/2018:14:51:26 -0300] "GET /cormun/static/Resources/PXToolsLoginTop.png HTTP/1.1" 200 1337
186.103.159.204 - - [23/May/2018:14:51:26 -0300] "GET /cormun/static/Resources/PXToolsLoginBackground.png HTTP/1.1" 200 1164
186.103.159.204 - - [23/May/2018:14:51:26 -0300] "GET /cormun/static/Resources/PXToolsButtonLeft21.png HTTP/1.1" 200 1287
186.103.159.204 - - [23/May/2018:14:51:26 -0300] "GET /cormun/static/Resources/PXToolsButtonBackground2.png HTTP/1.1" 200 1181
186.103.159.204 - - [23/May/2018:14:51:26 -0300] "GET /cormun/static/Resources/PXToolsButtonRight21.png HTTP/1.1" 200 1283
186.103.159.204 - - [23/May/2018:14:51:26 -0300] "GET /cormun/static/Resources/PXToolsLoginBottom.png HTTP/1.1" 200 1389
186.103.159.204 - - [23/May/2018:14:51:26 -0300] "GET /cormun/static/Resources/indicator.gif HTTP/1.1" 200 1553
186.103.159.204 - - [23/May/2018:14:51:26 -0300] "GET /cormun/servlet/hlogin HTTP/1.1" 200 1729
186.103.159.204 - - [23/May/2018:14:51:26 -0300] "GET /favicon.ico HTTP/1.1" 200 21630
186.103.159.204 - - [23/May/2018:14:51:37 -0300] "POST /cormun/servlet/hlogin?d122fa35845175c3b1979db20eb4a65e,gx-no-cache=1527097838697 HTTP/1.1" 200 90
186.103.159.204 - - [23/May/2018:14:51:37 -0300] "GET /cormun/servlet/hpexe_link HTTP/1.1" 200 951
186.103.159.204 - - [23/May/2018:14:51:37 -0300] "GET /cormun/static/gxcfg.js?20177612121792 HTTP/1.1" 200 953
186.103.159.204 - - [23/May/2018:14:51:37 -0300] "GET /cormun/static/hpexe_link.js?20177612121795 HTTP/1.1" 200 625
186.103.159.204 - - [23/May/2018:14:51:37 -0300] "GET /cormun/static/Resources/Spanish/PXTools.css?1155365 HTTP/1.1" 200 89042
186.103.159.204 - - [23/May/2018:14:51:38 -0300] "GET /cormun/servlet/hhome HTTP/1.1" 200 4150
186.103.159.204 - - [23/May/2018:14:51:38 -0300] "GET /cormun/static/SmoothNavMenu/resources/ddsmoothmenu-v.css?1012540 HTTP/1.1" 200 1188
186.103.159.204 - - [23/May/2018:14:51:38 -0300] "GET /cormun/static/SmoothNavMenu/resources/ddsmoothmenu.css?1012540 HTTP/1.1" 200 2223
186.103.159.204 - - [23/May/2018:14:51:38 -0300] "GET /cormun/static/scaMessage/css/jquery.pnotify.default.css?1716380 HTTP/1.1" 200 1707
186.103.159.204 - - [23/May/2018:14:51:38 -0300] "GET /cormun/static/Shared/jqueryui/jquery-ui.min.css?1245370 HTTP/1.1" 200 30288
186.103.159.204 - - [23/May/2018:14:51:38 -0300] "GET /cormun/static/gxcfg.js?20175251212442 HTTP/1.1" 200 953
186.103.159.204 - - [23/May/2018:14:51:38 -0300] "GET /cormun/static/PXToolsJavascripts/pexe_autoreload.js HTTP/1.1" 200 1762
186.103.159.204 - - [23/May/2018:14:51:38 -0300] "GET /cormun/static/PXToolsJavascripts/pexe_cookies.js HTTP/1.1" 200 792
186.103.159.204 - - [23/May/2018:14:51:38 -0300] "GET /cormun/static/PXToolsJavascripts/pexe_windows.js HTTP/1.1" 200 15207
186.103.159.204 - - [23/May/2018:14:51:38 -0300] "GET /cormun/static/PXToolsJavascripts/pexe_grid.js HTTP/1.1" 200 7559
186.103.159.204 - - [23/May/2018:14:51:38 -0300] "GET /cormun/static/PXToolsJavascripts/pexe_griddivfix.js HTTP/1.1" 200 6644
186.103.159.204 - - [23/May/2018:14:51:38 -0300] "GET /cormun/static/PXToolsJavascripts/pexe_link.js HTTP/1.1" 200 5671
186.103.159.204 - - [23/May/2018:14:51:38 -0300] "GET /cormun/static/PXToolsJavascripts/pexe_menudivfix.js HTTP/1.1" 200 333
186.103.159.204 - - [23/May/2018:14:51:38 -0300] "GET /cormun/static/PXToolsJavascripts/pexe_menus.js HTTP/1.1" 200 1286
186.103.159.204 - - [23/May/2018:14:51:38 -0300] "GET /cormun/static/PXToolsJavascripts/pexe_layers.js HTTP/1.1" 200 4114
186.103.159.204 - - [23/May/2018:14:51:38 -0300] "GET /cormun/static/PXToolsJavascripts/pexe_oav.js HTTP/1.1" 200 645
186.103.159.204 - - [23/May/2018:14:51:38 -0300] "GET /cormun/static/PXToolsJavascripts/pexe_oavdivfix.js HTTP/1.1" 200 639
186.103.159.204 - - [23/May/2018:14:51:38 -0300] "GET /cormun/static/PXToolsJavascripts/pexe_picture.js HTTP/1.1" 200 689
186.103.159.204 - - [23/May/2018:14:51:38 -0300] "GET /cormun/static/PXToolsJavascripts/pexe_popup.js HTTP/1.1" 200 13458
186.103.159.204 - - [23/May/2018:14:51:38 -0300] "GET /cormun/static/PXToolsJavascripts/pexe_scrolldiv.js HTTP/1.1" 200 4138
186.103.159.204 - - [23/May/2018:14:51:38 -0300] "GET /cormun/static/PXToolsJavascripts/pexe_tabdivfix.js HTTP/1.1" 200 876
186.103.159.204 - - [23/May/2018:14:51:38 -0300] "GET /cormun/static/PXToolsJavascripts/pexe_tabs.js HTTP/1.1" 200 3748
186.103.159.204 - - [23/May/2018:14:51:38 -0300] "GET /cormun/static/PXToolsJavascripts/pexe_upload.js HTTP/1.1" 200 1423
186.103.159.204 - - [23/May/2018:14:51:38 -0300] "GET /cormun/static/PXToolsJavascripts/PXToolsJavascriptsRender.js HTTP/1.1" 200 367
186.103.159.204 - - [23/May/2018:14:51:38 -0300] "GET /cormun/static/RunJS/RunJS.js HTTP/1.1" 200 288
186.103.159.204 - - [23/May/2018:14:51:38 -0300] "GET /cormun/static/hwchdr01.js?201752511465785 HTTP/1.1" 200 1183
186.103.159.204 - - [23/May/2018:14:51:38 -0300] "GET /cormun/static/hhome.js?20175251212450 HTTP/1.1" 200 777
186.103.159.204 - - [23/May/2018:14:51:38 -0300] "GET /cormun/static/Shared/ext/locale/ext-lang-en.js HTTP/1.1" 200 10940
186.103.159.204 - - [23/May/2018:14:51:38 -0300] "GET /cormun/static/hpexe_recentlink.js?20177611595044 HTTP/1.1" 200 2144
186.103.159.204 - - [23/May/2018:14:51:38 -0300] "GET /cormun/static/hpexe_scripts.js?201752511465715 HTTP/1.1" 200 1544
186.103.159.204 - - [23/May/2018:14:51:38 -0300] "GET /cormun/static/hpexe_messagecontroller.js?20177611595012 HTTP/1.1" 200 870
186.103.159.204 - - [23/May/2018:14:51:38 -0300] "GET /cormun/static/hpexe_messagepopupcomponent.js?20161017169425 HTTP/1.1" 200 605
186.103.159.204 - - [23/May/2018:14:51:38 -0300] "GET /cormun/static/hpexe_messagegenexuscomponent.js?201752511465344 HTTP/1.1" 200 587
186.103.159.204 - - [23/May/2018:14:51:38 -0300] "GET /cormun/static/Resources/PXToolsFooterBackground2.png HTTP/1.1" 200 1172
186.103.159.204 - - [23/May/2018:14:51:38 -0300] "GET /cormun/static/gxui/gxui-all.js HTTP/1.1" 200 107772
186.103.159.204 - - [23/May/2018:14:51:38 -0300] "GET /cormun/static/Resources/PXToolsHeaderBackground2.png HTTP/1.1" 200 1174
186.103.159.204 - - [23/May/2018:14:51:38 -0300] "GET /cormun/static/Resources/PXToolsDataTitle.png HTTP/1.1" 200 1173
186.103.159.204 - - [23/May/2018:14:51:38 -0300] "GET /cormun/static/Resources/PXToolsHeaderActionsBackground.png HTTP/1.1" 200 484
186.103.159.204 - - [23/May/2018:14:51:38 -0300] "GET /cormun/static/Resources/PXToolsHeaderActionsLeft.png HTTP/1.1" 200 1118
186.103.159.204 - - [23/May/2018:14:51:38 -0300] "GET /cormun/static/Resources/logo4.png HTTP/1.1" 200 6582
186.103.159.204 - - [23/May/2018:14:51:38 -0300] "GET /cormun/static/Resources/PXToolsHeaderLogin.png HTTP/1.1" 200 4279
186.103.159.204 - - [23/May/2018:14:51:38 -0300] "GET /cormun/static/Resources/PXToolsHeaderHome.png HTTP/1.1" 200 4147
186.103.159.204 - - [23/May/2018:14:51:38 -0300] "GET /cormun/static/Resources/PXToolsHeaderSecurity.png HTTP/1.1" 200 4166
186.103.159.204 - - [23/May/2018:14:51:38 -0300] "GET /cormun/static/Resources/PXToolsHeaderActionsRight.png HTTP/1.1" 200 1201
186.103.159.204 - - [23/May/2018:14:51:38 -0300] "GET /cormun/static/Resources/PXToolsHeaderPreferences.png HTTP/1.1" 200 4189
186.103.159.204 - - [23/May/2018:14:51:38 -0300] "GET /cormun/static/cmcontrolpreferences.js?201752511465670 HTTP/1.1" 200 1375
186.103.159.204 - - [23/May/2018:14:51:38 -0300] "GET /cormun/static/Shared/jquery/jquery-1.4.2.min.js HTTP/1.1" 200 72174
186.103.159.204 - - [23/May/2018:14:51:38 -0300] "GET /cormun/static/SmoothNavMenu/resources/ddsmoothmenu.js HTTP/1.1" 200 12712
186.103.159.204 - - [23/May/2018:14:51:38 -0300] "GET /cormun/static/SmoothNavMenu/resources/SmoothNavMenuRender.js HTTP/1.1" 200 5951
186.103.159.204 - - [23/May/2018:14:51:38 -0300] "GET /cormun/static/Shared/jquery/jquery-1.10.2.min.js HTTP/1.1" 200 273199
186.103.159.204 - - [23/May/2018:14:51:38 -0300] "GET /cormun/static/scaMessage/js/jquery.pnotify.min.js HTTP/1.1" 200 13038
186.103.159.204 - - [23/May/2018:14:51:38 -0300] "GET /cormun/static/Shared/jqueryui/jquery-ui.min.js HTTP/1.1" 200 240427
186.103.159.204 - - [23/May/2018:14:51:38 -0300] "GET /cormun/static/scaMessage/scaMessageRender.js HTTP/1.1" 200 11977
186.103.159.204 - - [23/May/2018:14:51:38 -0300] "GET /cormun/static/hmpwkw03.js?20177612122668 HTTP/1.1" 200 3965
186.103.159.204 - - [23/May/2018:14:51:39 -0300] "GET /cormun/static/Shared/ext/ext-all.js HTTP/1.1" 200 1289687
186.103.159.204 - - [23/May/2018:14:51:39 -0300] "GET /cormun/servlet/hhome HTTP/1.1" 200 4146
186.103.159.204 - - [23/May/2018:14:51:39 -0300] "GET /cormun/static/SmoothNavMenu/resources/images/right.gif HTTP/1.1" 200 860
186.103.159.204 - - [23/May/2018:14:51:39 -0300] "GET /cormun/static/SmoothNavMenu/resources/images/down.gif HTTP/1.1" 200 854
186.103.159.204 - - [23/May/2018:14:51:49 -0300] "GET /cormun/servlet/trpermisosgoce? HTTP/1.1" 200 12244
186.103.159.204 - - [23/May/2018:14:51:49 -0300] "GET /cormun/static/gxui/gxui-all.css?110300 HTTP/1.1" 200 2179
186.103.159.204 - - [23/May/2018:14:51:49 -0300] "GET /cormun/static/calendar-setup.js?85251 HTTP/1.1" 200 2588
186.103.159.204 - - [23/May/2018:14:51:49 -0300] "GET /cormun/static/calendar.js?85251 HTTP/1.1" 200 26246
192.168.10.97 - - [23/May/2018:14:51:49 -0300] "POST /cormun/servlet/solicitudotlog?45f0248ac56e43567fcc8293e047f6fb,INS,2018,11498,0,REC,,gx-no-cache=1527097717150 HTTP/1.1" 200 93
192.168.10.97 - - [23/May/2018:14:51:49 -0300] "GET /cormun/servlet/hpexe_return? HTTP/1.1" 200 1027
192.168.10.97 - - [23/May/2018:14:51:49 -0300] "GET /cormun/servlet/trsolicitudgral? HTTP/1.1" 200 9164
186.103.159.204 - - [23/May/2018:14:51:49 -0300] "GET /cormun/static/calendar-system.css?75620 HTTP/1.1" 200 5572
186.103.159.204 - - [23/May/2018:14:51:49 -0300] "GET /cormun/static/Shared/ext/resources/css/ext-all.css?205870 HTTP/1.1" 200 416045
186.103.159.204 - - [23/May/2018:14:51:49 -0300] "GET /cormun/static/gxcfg.js?20177612163875 HTTP/1.1" 200 953
186.103.159.204 - - [23/May/2018:14:51:49 -0300] "GET /cormun/static/gxdec.js?85251 HTTP/1.1" 200 19579
186.103.159.204 - - [23/May/2018:14:51:49 -0300] "GET /cormun/static/calendar-es.js?85251 HTTP/1.1" 200 1901
186.103.159.204 - - [23/May/2018:14:51:49 -0300] "GET /cormun/static/trpermisosgoce.js?20177612164335 HTTP/1.1" 200 35904
186.103.159.204 - - [23/May/2018:14:51:49 -0300] "GET /cormun/static/Resources/PXTools/calendar.png HTTP/1.1" 200 1306
186.103.159.204 - - [23/May/2018:14:51:49 -0300] "GET /cormun/static/Resources/PXToolsDataSearch.png HTTP/1.1" 200 419
186.103.159.204 - - [23/May/2018:14:51:49 -0300] "GET /cormun/static/Resources/PXToolsGridFirstDisabled.gif HTTP/1.1" 200 100
186.103.159.204 - - [23/May/2018:14:51:50 -0300] "GET /cormun/static/Resources/PXToolsGridPreviousDisabled.gif HTTP/1.1" 200 90
186.103.159.204 - - [23/May/2018:14:51:50 -0300] "GET /cormun/static/Resources/PXToolsGridNextDisabled.gif HTTP/1.1" 200 90
186.103.159.204 - - [23/May/2018:14:51:50 -0300] "GET /cormun/static/Resources/PXToolsGridLastDisabled.gif HTTP/1.1" 200 98
186.103.159.204 - - [23/May/2018:14:51:50 -0300] "GET /cormun/static/Resources/PXToolsGridPage.gif HTTP/1.1" 200 725
192.168.10.97 - - [23/May/2018:14:51:50 -0300] "GET /cormun/servlet/trsolicitudgral? HTTP/1.1" 200 9160
186.103.159.204 - - [23/May/2018:14:51:50 -0300] "GET /cormun/static/Resources/PXToolsActionExcel.png HTTP/1.1" 200 3187
186.103.159.204 - - [23/May/2018:14:51:50 -0300] "GET /cormun/static/Resources/PXToolsGridNew.png HTTP/1.1" 200 2949
186.103.159.204 - - [23/May/2018:14:51:50 -0300] "GET /cormun/static/Resources/desc.gif HTTP/1.1" 200 65
186.103.159.204 - - [23/May/2018:14:51:50 -0300] "GET /cormun/static/Resources/asc.gif HTTP/1.1" 200 67
186.103.159.204 - - [23/May/2018:14:51:50 -0300] "GET /cormun//static/Resources/PXToolsGridDisplay.png HTTP/1.1" 200 362
186.103.159.204 - - [23/May/2018:14:51:50 -0300] "GET /cormun//static/Resources/PXToolsGridUpdate.png HTTP/1.1" 200 2984
186.103.159.204 - - [23/May/2018:14:51:50 -0300] "GET /cormun//static/Resources/PXToolsActionPrint.png HTTP/1.1" 200 3317
186.103.159.204 - - [23/May/2018:14:51:50 -0300] "GET /cormun//static/Resources/PXTools/ActionInsert.png HTTP/1.1" 200 1482
186.103.159.204 - - [23/May/2018:14:51:50 -0300] "GET /cormun//static/Resources/PXToolsHeaderHelp.png HTTP/1.1" 200 4055
186.103.159.204 - - [23/May/2018:14:51:50 -0300] "GET /cormun//static/Resources/PXToolsActionDisabled.gif HTTP/1.1" 200 53
186.103.159.204 - - [23/May/2018:14:51:50 -0300] "GET /cormun//static/Resources/PXToolsGridDelete.png HTTP/1.1" 200 357
186.103.159.204 - - [23/May/2018:14:51:50 -0300] "GET /cormun//static/Resources/PXToolsHeaderFavorites.png HTTP/1.1" 200 2744
186.103.159.204 - - [23/May/2018:14:51:50 -0300] "GET /cormun/servlet/trpermisosgoce? HTTP/1.1" 200 12229
186.103.159.204 - - [23/May/2018:14:51:50 -0300] "GET /cormun/static/Shared/ext/resources/themes/images/default/panel/bg-headersPanel.png HTTP/1.1" 200 255
186.103.159.204 - - [23/May/2018:14:51:50 -0300] "GET /cormun/static/Shared/ext/resources/themes/images/default/tools/tool-sprites.gif HTTP/1.1" 200 5434
186.103.159.187 - - [23/May/2018:14:52:06 -0300] "POST /cormun/servlet/trcontratounov2?0ce7f4da60a0282c14776f18101c7c5c,,gx-no-cache=1527097932131 HTTP/1.1" 200 4224
186.103.159.187 - - [23/May/2018:14:52:12 -0300] "GET /cormun/servlet/trcontratounov2? HTTP/1.1" 200 6977
186.103.159.187 - - [23/May/2018:14:52:14 -0300] "GET /cormun/servlet/trcontratounov2? HTTP/1.1" 200 6977
186.67.164.142 - - [23/May/2018:14:52:17 -0300] "GET /cormun/servlet/solicitudot?b0a8d2bc72844c4125074178aea1db5887b50106f00e99248964d94b6161639170c1903fa7eecc1e5b11e98b85cf6b9c6fc1f40b1cca5830529a78177c936f56,gx-no-cache=1527097877042 HTTP/1.1" 200 30
186.67.164.142 - - [23/May/2018:14:52:17 -0300] "GET /cormun/servlet/solicitudot?b0a8d2bc72844c4125074178aea1db584144730b6f26c4eaae0769c99a9a7b41,gx-no-cache=1527097877094 HTTP/1.1" 200 29
186.67.164.142 - - [23/May/2018:14:52:20 -0300] "POST /cormun/servlet/solicitudot?gx-no-cache=1527097879391 HTTP/1.1" 200 297
186.67.164.142 - - [23/May/2018:14:52:20 -0300] "GET /cormun/servlet/solicitudot?b0a8d2bc72844c4125074178aea1db58bcf02217f77ad85e10b543fbbe2457a5fd6454e484514f580a63d310823cbfc8fbfc2263c066cdab045e4239cc568a6efb537dad506b70d96dc6c039bc999347947df41df816ac1f97512e8ebf9669a57286b963c2cf07d135a25871762038ed2d291b8529f2a1c3e173de8c6270bb39d787fc4cb909bac2f3f18b5ed90c39f2b7de7b34de3fe79c07b56969db0839fc0ca2c9d79f5e7ada12d1c817bec9ea8fb3d983c838dbc9302bbbaaa48322aab57ed03abd2bf0ec9f1709a8b25ac29d775bb22c1f679f6ab79f6c353e39b98d8c789ba1e8954745407e6ad8bb6ffceb0d74651518795ccd59ccb6d81436867191f0c542d905e45b4657ffaf16571f0cfb9ba5822cf4dace0c8564aeb84d4db92ab0babb99ec46566e29212e7fe0232d87a4e18713a28fbea5002138cd0ef68cd9c75ea75f13e87981e1dc96e793b020cb5438adef152bd55e3d26021db12d6eb68430863be915ff800e9533ec82ae4593fbfb5418025a3f7c8219c1d6370bca2a8d6058bef097020d5906537f6f53b96f,gx-no-cache=1527097879479 HTTP/1.1" 200 30
192.168.10.97 - - [23/May/2018:14:52:23 -0300] "POST /cormun/servlet/trsolicitudgral?45f0248ac56e43567fcc8293e047f6fb,,gx-no-cache=1527097750757 HTTP/1.1" 200 5924
186.103.159.187 - - [23/May/2018:14:52:26 -0300] "GET /cormun/servlet/trcontratoobservaciondir? HTTP/1.1" 200 6372
186.103.159.187 - - [23/May/2018:14:52:27 -0300] "GET /cormun/servlet/trcontratoobservaciondir? HTTP/1.1" 200 6372
192.168.10.97 - - [23/May/2018:14:52:28 -0300] "POST /cormun/servlet/trsolicitudgral?45f0248ac56e43567fcc8293e047f6fb,,gx-no-cache=1527097756140 HTTP/1.1" 200 7263
186.67.164.142 - - [23/May/2018:14:52:29 -0300] "POST /cormun/servlet/solicitudot?gx-no-cache=1527097888815 HTTP/1.1" 200 30
192.168.10.97 - - [23/May/2018:14:52:34 -0300] "GET /cormun/servlet/solicitudgral?UPD,2018,11347, HTTP/1.1" 200 13068
192.168.10.97 - - [23/May/2018:14:52:34 -0300] "GET /cormun/servlet/solicitudgral?UPD,2018,11347, HTTP/1.1" 200 13077
192.168.10.97 - - [23/May/2018:14:52:35 -0300] "POST /cormun/servlet/solicitudgral?gx-no-cache=1527097762677 HTTP/1.1" 200 3840
192.168.10.97 - - [23/May/2018:14:52:35 -0300] "GET /cormun/servlet/solicitudgral?8887c8daa61cc41a691aecf8d847737bd474a75012d68054a6ecf6512a1fbc6f9c520a28b0a852dab914e70d896663fbb8ab0a8b6f2296cf5411b7019786f83283a8cf68596aa5a781bfb2cfd33a7b039b32bd4d1abdaf282fe89a3435720076aeb66abece6be3b77fe9ff3d5af1917c567d75fe52f647f98c262e5c5f305acfc4b20bd7d24ea44723de8e728036785656f616a3fb93e525ce5a4d69c59c0dde6097f06f8bf936cb8dd8901179faf85d8b2a07185b947cd5a83b63e5973436f91c4dac04fe01d5147bda77db9b5e93abf5b46db7d83958adb72704c780c31a823c714006285dc4aab9d3ca2f420a6efe2d4fbc7eee687ca67b18c9f5536c683671660da86144188f512890af1f713494adeb0f2d8403317a1889ca067552da723c728664e6c873215244c6677b4cc524230ac6cead4194a4adb78fc864877ddd281da25c22bd6f548e6c3655d8cc8fcc,gx-no-cache=1527097762831 HTTP/1.1" 200 255
186.103.159.187 - - [23/May/2018:14:52:35 -0300] "POST /cormun/servlet/trcontratoobservaciondir?0ce7f4da60a0282c14776f18101c7c5c,,gx-no-cache=1527097960510 HTTP/1.1" 200 3972
192.168.10.97 - - [23/May/2018:14:52:46 -0300] "GET /cormun/servlet/solicitudgral?8887c8daa61cc41a691aecf8d847737b0efd69fa3a7bbdec98011ef1258fd1b5daf4b7317d1cbbb455fc059b2875987a71660da86144188f512890af1f713494dbad76aad2dabbf9d6c00f0d4fac81bbf4d9d101eb9a9b6900684d224e1d5998c673d017aeede711650f269c33fdea8d9262bf01ea41a174d835850b1f61a25cc954a18c3fffde66c8acc117e5a83a74fad6e25ef637de9cfc32626caece0e054f233282d0d4f1796b775aeec6531209efc635a637274646e6f9678de6147ef1f3dd750c1aab4a176274182b63b29a3ef6454c6aee9292d917d1eace38ced0c7d1e85f43c251ac511a289f3eaef8a8f6f114f968be4e10be8c429334910ab08f47ce169ce0f3cc8b6dac4094e23a9f2f4ad1b2e2c0b39673599f6ffde27b7af7d4753fb7a308036076e1647db16351e1d25a081c25c4370ab759caba7919e53851bf2f9339f2df80cf25a2917a8ca30ac7e64cf5c11584c95f415407f8aacdc547ce169ce0f3cc8b6dac4094e23a9f2f61f77423b08f0a3dbd4a8a7376479acd4c50993304278bf606c38c38b00a3a31d8cf492254fb1c1b53edeccc5948ef52715d58205f6b2fdb68dc5a99c257d7b3,gx-no-cache=1527097774594 HTTP/1.1" 200 48
192.168.10.97 - - [23/May/2018:14:52:46 -0300] "POST /cormun/servlet/solicitudgral?45f0248ac56e43567fcc8293e047f6fb,UPD,2018,11347,,gx-no-cache=1527097774617 HTTP/1.1" 200 11806
192.168.10.97 - - [23/May/2018:14:52:47 -0300] "GET /cormun/servlet/solicitudgral?8887c8daa61cc41a691aecf8d847737b685aba074d87050f9f48835720fd56b99b70aeb71cafec2d5bd8768e1dfb5ebb7202723efe566a89d7e1c281f6f32621b3ef15c9b737b8a22d051313984cede1cbed797bc1f38964b27ba998563b21d804742d024b74f0969cb193d3fc5833213c0ac3033e900fb033c386d4fde064349fdaf45e8ca53a03a296aab909b8232fb39d9ed1fc8425682dad5a848017c802,gx-no-cache=1527097774767 HTTP/1.1" 200 29
192.168.10.97 - - [23/May/2018:14:52:47 -0300] "POST /cormun/servlet/solicitudgral?gx-no-cache=1527097774786 HTTP/1.1" 200 1327
192.168.10.97 - - [23/May/2018:14:52:47 -0300] "POST /cormun/servlet/solicitudgral?gx-no-cache=1527097774815 HTTP/1.1" 200 1249
192.168.10.97 - - [23/May/2018:14:52:47 -0300] "POST /cormun/servlet/solicitudgral?45f0248ac56e43567fcc8293e047f6fb,UPD,2018,11347,,gx-no-cache=1527097774846 HTTP/1.1" 200 93
192.168.10.97 - - [23/May/2018:14:52:47 -0300] "GET /cormun/servlet/hpexe_return? HTTP/1.1" 200 1017
192.168.10.97 - - [23/May/2018:14:52:47 -0300] "GET /cormun/servlet/trsolicitudgral? HTTP/1.1" 200 10497
192.168.10.97 - - [23/May/2018:14:52:47 -0300] "GET /cormun/servlet/trsolicitudgral? HTTP/1.1" 200 10493
192.168.10.97 - - [23/May/2018:14:52:54 -0300] "POST /cormun/servlet/trsolicitudgral?45f0248ac56e43567fcc8293e047f6fb,,gx-no-cache=1527097782449 HTTP/1.1" 200 6118
192.168.10.97 - - [23/May/2018:14:52:54 -0300] "GET /cormun/static/Shared/jqueryui/images/ui-icons_82798d_256x240.png HTTP/1.1" 404 1089
192.168.10.97 - - [23/May/2018:14:52:54 -0300] "GET /cormun/static/Shared/jqueryui/images/ui-bg_highlight-soft_100_c6c2c8_1x100.png HTTP/1.1" 404 1117
192.168.10.97 - - [23/May/2018:14:52:54 -0300] "GET /cormun/static/Shared/jqueryui/images/ui-icons_8d78a5_256x240.png HTTP/1.1" 404 1089
192.168.10.97 - - [23/May/2018:14:52:54 -0300] "GET /cormun/static/Shared/jqueryui/images/ui-bg_flat_55_fafafa_40x100.png HTTP/1.1" 404 1097
186.103.159.187 - - [23/May/2018:14:52:56 -0300] "GET /cormun/servlet/trcontratosolicitud? HTTP/1.1" 200 14806
186.67.164.142 - - [23/May/2018:14:52:57 -0300] "POST /cormun/servlet/solicitudot?gx-no-cache=1527097916968 HTTP/1.1" 200 1369
186.67.164.142 - - [23/May/2018:14:52:57 -0300] "POST /cormun/servlet/solicitudot?gx-no-cache=1527097917122 HTTP/1.1" 200 38
186.103.159.187 - - [23/May/2018:14:52:58 -0300] "GET /cormun/servlet/trcontratosolicitud? HTTP/1.1" 200 14807
192.168.10.97 - - [23/May/2018:14:53:10 -0300] "GET /cormun/servlet/trcoordinadores? HTTP/1.1" 200 7724
192.168.10.97 - - [23/May/2018:14:53:11 -0300] "GET /cormun/servlet/trcoordinadores? HTTP/1.1" 200 7724
186.67.164.142 - - [23/May/2018:14:53:15 -0300] "GET /cormun/servlet/solicitudot?b0a8d2bc72844c4125074178aea1db58ae2aad1bf973186c3ac76659e63030908a662e42728877c66b92e7c6978a701738d8685c7b92d657e115e89c189b96f128dd0c59e77d5a332305537cdf5a7c6131229fde60e999bf1ba43a3f4a3ad288b3dba7bdd1c84257c11b9928308fe326,gx-no-cache=1527097934750 HTTP/1.1" 200 29
186.67.164.142 - - [23/May/2018:14:53:15 -0300] "POST /cormun/servlet/solicitudot?gx-no-cache=1527097934836 HTTP/1.1" 200 1350
186.67.164.142 - - [23/May/2018:14:53:15 -0300] "POST /cormun/servlet/solicitudot?gx-no-cache=1527097934907 HTTP/1.1" 200 1248
186.67.164.142 - - [23/May/2018:14:53:15 -0300] "GET /cormun/static/menuarrow.gif HTTP/1.1" 404 1015
186.67.164.142 - - [23/May/2018:14:53:17 -0300] "POST /cormun/servlet/solicitudot?gx-no-cache=1527097936407 HTTP/1.1" 200 1350
186.67.164.142 - - [23/May/2018:14:53:17 -0300] "POST /cormun/servlet/solicitudot?gx-no-cache=1527097936452 HTTP/1.1" 200 1248
186.67.164.142 - - [23/May/2018:14:53:19 -0300] "GET /cormun/servlet/solicitudot?b0a8d2bc72844c4125074178aea1db5838996726fc8aeb217c85a531fb61de0fce861ede666e7d5e63ee493079d58391,gx-no-cache=1527097938895 HTTP/1.1" 200 30
192.168.10.97 - - [23/May/2018:14:53:23 -0300] "GET /cormun/servlet/trsolicitudgral? HTTP/1.1" 200 9158
192.168.10.97 - - [23/May/2018:14:53:23 -0300] "GET /cormun/servlet/trsolicitudgral? HTTP/1.1" 200 9158
186.67.164.142 - - [23/May/2018:14:53:26 -0300] "POST /cormun/servlet/solicitudot?gx-no-cache=1527097945375 HTTP/1.1" 200 30
186.67.164.142 - - [23/May/2018:14:53:35 -0300] "POST /cormun/servlet/solicitudot?a0c228d1b44beab1c47427fa7bb4e44b,INS,0,0,,gx-no-cache=1527097954199 HTTP/1.1" 200 93
186.67.164.142 - - [23/May/2018:14:53:35 -0300] "GET /cormun/servlet/hpexe_return? HTTP/1.1" 200 1005
186.67.164.142 - - [23/May/2018:14:53:36 -0300] "GET /cormun/servlet/trsolicitudot HTTP/1.1" 200 26194
186.67.164.142 - - [23/May/2018:14:53:38 -0300] "GET /cormun/servlet/trsolicitudot HTTP/1.1" 200 26190
186.103.159.187 - - [23/May/2018:14:53:42 -0300] "POST /cormun/servlet/trcontratosolicitud?0ce7f4da60a0282c14776f18101c7c5c,,gx-no-cache=1527098027607 HTTP/1.1" 200 12502
192.168.10.97 - - [23/May/2018:14:53:42 -0300] "POST /cormun/servlet/trsolicitudgral?45f0248ac56e43567fcc8293e047f6fb,,gx-no-cache=1527097830444 HTTP/1.1" 200 8160
186.67.164.142 - - [23/May/2018:14:53:43 -0300] "GET /cormun/servlet/solicitudot?INS,0,0, HTTP/1.1" 200 13426
186.67.164.142 - - [23/May/2018:14:53:43 -0300] "GET /cormun/servlet/solicitudot?INS,0,0, HTTP/1.1" 200 13431
186.103.159.187 - - [23/May/2018:14:53:48 -0300] "POST /cormun/servlet/trcontratosolicitud?0ce7f4da60a0282c14776f18101c7c5c,,gx-no-cache=1527098033487 HTTP/1.1" 200 12512
186.103.159.187 - - [23/May/2018:14:53:52 -0300] "POST /cormun/servlet/trcontratosolicitud?0ce7f4da60a0282c14776f18101c7c5c,,gx-no-cache=1527098037677 HTTP/1.1" 200 7520
186.67.164.142 - - [23/May/2018:14:53:53 -0300] "POST /cormun/servlet/solicitudot?gx-no-cache=1527097972239 HTTP/1.1" 200 3412
186.67.164.142 - - [23/May/2018:14:53:53 -0300] "POST /cormun/servlet/solicitudot?a0c228d1b44beab1c47427fa7bb4e44b,INS,0,0,,gx-no-cache=1527097972444 HTTP/1.1" 200 10388
186.67.164.142 - - [23/May/2018:14:53:55 -0300] "GET /cormun/servlet/solicitudot?b0a8d2bc72844c4125074178aea1db586b0435a4f0f4e042609784115874f45b7d4fb3fc74c8010f971f4893f07c9535,gx-no-cache=1527097974478 HTTP/1.1" 200 30
186.67.164.142 - - [23/May/2018:14:53:55 -0300] "GET /cormun/servlet/solicitudot?b0a8d2bc72844c4125074178aea1db58d86c719e58bcfa7c2698efe402fe8783047284a7433021d336e8b0203499ae34bb9e483736fdfd4fd977cac4fd78002a,gx-no-cache=1527097974538 HTTP/1.1" 200 30
186.67.164.142 - - [23/May/2018:14:53:55 -0300] "GET /cormun/servlet/solicitudot?b0a8d2bc72844c4125074178aea1db58dc9538c41b0fa0ef73b3c5de332200f9,gx-no-cache=1527097974565 HTTP/1.1" 200 53
186.67.164.142 - - [23/May/2018:14:53:55 -0300] "POST /cormun/servlet/solicitudot?gx-no-cache=1527097974597 HTTP/1.1" 200 297
186.67.164.142 - - [23/May/2018:14:53:55 -0300] "GET /cormun/servlet/solicitudot?b0a8d2bc72844c4125074178aea1db58bcf02217f77ad85e10b543fbbe2457a5fd6454e484514f580a63d310823cbfc8fbfc2263c066cdab045e4239cc568a6efb537dad506b70d96dc6c039bc999347947df41df816ac1f97512e8ebf9669a57286b963c2cf07d135a25871762038ed2d291b8529f2a1c3e173de8c6270bb39d787fc4cb909bac2f3f18b5ed90c39f2b7de7b34de3fe79c07b56969db0839fc0ca2c9d79f5e7ada12d1c817bec9ea8fb3d983c838dbc9302bbbaaa48322aab57ed03abd2bf0ec9f1709a8b25ac29d775bb22c1f679f6ab79f6c353e39b98d8c789ba1e8954745407e6ad8bb6ffceb0d74651518795ccd59ccb6d81436867191f0c542d905e45b4657ffaf16571f0cfb9ba5822cf4dace0c8564aeb84d4db92ab0babb99ec46566e29212e7fe0232d87a4e18713a28fbea5002138cd0ef68cd9c75ea75f13e87981e1dc96e793b020cb5438adef152bd55e3d26021db12d6eb68430863be915ff800e9533ec82ae4593fbfb5418025a3f7c8219c1d6370bca2a8d6058bef097020d5906537f6f53b96f,gx-no-cache=1527097974640 HTTP/1.1" 200 30
192.168.10.97 - - [23/May/2018:14:54:00 -0300] "GET /cormun/servlet/solicitudgral3?UPD,2018,11514, HTTP/1.1" 200 13888
192.168.10.97 - - [23/May/2018:14:54:00 -0300] "GET /cormun/servlet/solicitudgral3?UPD,2018,11514, HTTP/1.1" 200 13898
192.168.10.97 - - [23/May/2018:14:54:01 -0300] "POST /cormun/servlet/solicitudgral3?gx-no-cache=1527097848996 HTTP/1.1" 200 4072
192.168.10.97 - - [23/May/2018:14:54:01 -0300] "GET /cormun/servlet/solicitudgral3?8887c8daa61cc41a691aecf8d847737bd474a75012d68054a6ecf6512a1fbc6f9c520a28b0a852dab914e70d896663fbb8ab0a8b6f2296cf5411b7019786f83283a8cf68596aa5a781bfb2cfd33a7b039b32bd4d1abdaf282fe89a3435720076aeb66abece6be3b77fe9ff3d5af1917c567d75fe52f647f98c262e5c5f305acfc4b20bd7d24ea44723de8e728036785656f616a3fb93e525ce5a4d69c59c0dde6097f06f8bf936cb8dd8901179faf85d8b2a07185b947cd5a83b63e5973436f91c4dac04fe01d5147bda77db9b5e93abf5b46db7d83958adb72704c780c31a823c714006285dc4aab9d3ca2f420a6efe2d4fbc7eee687ca67b18c9f5536c683671660da86144188f512890af1f713494adeb0f2d8403317a1889ca067552da723c728664e6c873215244c6677b4cc524230ac6cead4194a4adb78fc864877ddd281da25c22bd6f548e6c3655d8cc8fcc,gx-no-cache=1527097849137 HTTP/1.1" 200 255
192.168.10.97 - - [23/May/2018:14:54:01 -0300] "POST /cormun/servlet/solicitudgral3?gx-no-cache=1527097849163 HTTP/1.1" 200 1430
192.168.10.97 - - [23/May/2018:14:54:01 -0300] "GET /cormun/servlet/solicitudgral3?8887c8daa61cc41a691aecf8d847737b1b0749443b82ebe3426daafcade0a3171ca67eb157089cd1a17e7d35daa1b6a3c11527b22dfeedd1044c26c8f16e7abb3cca60c2e10441de9213433af68e845796f863f802bab5ce683a114bc0830c8f502d2bf2c168fce0a5e225cb49b1873326ef42cd0b53482027cbfc89664ebe39,gx-no-cache=1527097849256 HTTP/1.1" 200 41
186.103.159.187 - - [23/May/2018:14:54:06 -0300] "POST /cormun/servlet/trcontratosolicitud?0ce7f4da60a0282c14776f18101c7c5c,,gx-no-cache=1527098052072 HTTP/1.1" 200 12496
192.168.10.97 - - [23/May/2018:14:54:09 -0300] "POST /cormun/servlet/solicitudgral3?45f0248ac56e43567fcc8293e047f6fb,UPD,2018,11514,,gx-no-cache=1527097857530 HTTP/1.1" 200 12327
192.168.10.97 - - [23/May/2018:14:54:09 -0300] "GET /cormun/servlet/solicitudgral3?8887c8daa61cc41a691aecf8d847737b85c01d605c2ad4754d12959d3d8bab929b70aeb71cafec2d5bd8768e1dfb5ebb3fcb87e8e86b6db0fd5c91be3be6f11ab3ef15c9b737b8a22d051313984cede1cbed797bc1f38964b27ba998563b21d804742d024b74f0969cb193d3fc5833213c0ac3033e900fb033c386d4fde064349fdaf45e8ca53a03a296aab909b8232fb39d9ed1fc8425682dad5a848017c802,gx-no-cache=1527097857687 HTTP/1.1" 200 29
192.168.10.97 - - [23/May/2018:14:54:09 -0300] "POST /cormun/servlet/solicitudgral3?gx-no-cache=1527097857704 HTTP/1.1" 200 1326
192.168.10.97 - - [23/May/2018:14:54:09 -0300] "POST /cormun/servlet/solicitudgral3?gx-no-cache=1527097857734 HTTP/1.1" 200 1249
192.168.10.97 - - [23/May/2018:14:54:10 -0300] "GET /cormun/servlet/solicitudgral3?8887c8daa61cc41a691aecf8d847737b5fc4d828a8f5aa0766de0680c6e01d73e7921da3abecf30ebbea8e3319b4241d75581b01a15288c338e283fb12ce760ab8ab0a8b6f2296cf5411b7019786f832b1d4387eb77d31da0c3449e2accec0c63662f929ab0855e903205c4632b72a0b745f86258cedb59e8f5be290fef9deb0,gx-no-cache=1527097857765 HTTP/1.1" 200 30
192.168.10.97 - - [23/May/2018:14:54:10 -0300] "POST /cormun/servlet/solicitudgral3?45f0248ac56e43567fcc8293e047f6fb,UPD,2018,11514,,gx-no-cache=1527097857783 HTTP/1.1" 200 93
192.168.10.97 - - [23/May/2018:14:54:10 -0300] "GET /cormun/servlet/hpexe_return? HTTP/1.1" 200 1019
192.168.10.97 - - [23/May/2018:14:54:10 -0300] "GET /cormun/servlet/trsolicitudgral? HTTP/1.1" 200 11395
192.168.10.97 - - [23/May/2018:14:54:10 -0300] "GET /cormun/servlet/trsolicitudgral? HTTP/1.1" 200 11390
192.168.10.97 - - [23/May/2018:14:54:13 -0300] "GET /cormun/servlet/solicitudgral2?UPD,2018,11453, HTTP/1.1" 200 13173
192.168.10.97 - - [23/May/2018:14:54:14 -0300] "GET /cormun/servlet/solicitudgral2?UPD,2018,11453, HTTP/1.1" 200 13183
192.168.10.97 - - [23/May/2018:14:54:14 -0300] "POST /cormun/servlet/solicitudgral2?gx-no-cache=1527097862203 HTTP/1.1" 200 3887
192.168.10.97 - - [23/May/2018:14:54:14 -0300] "GET /cormun/servlet/solicitudgral2?8887c8daa61cc41a691aecf8d847737bd474a75012d68054a6ecf6512a1fbc6f9c520a28b0a852dab914e70d896663fbb8ab0a8b6f2296cf5411b7019786f83283a8cf68596aa5a781bfb2cfd33a7b039b32bd4d1abdaf282fe89a3435720076aeb66abece6be3b77fe9ff3d5af1917c567d75fe52f647f98c262e5c5f305acfc4b20bd7d24ea44723de8e728036785656f616a3fb93e525ce5a4d69c59c0dde6097f06f8bf936cb8dd8901179faf85d8b2a07185b947cd5a83b63e5973436f91c4dac04fe01d5147bda77db9b5e93abf5b46db7d83958adb72704c780c31a823c714006285dc4aab9d3ca2f420a6efe2d4fbc7eee687ca67b18c9f5536c683671660da86144188f512890af1f713494adeb0f2d8403317a1889ca067552da723c728664e6c873215244c6677b4cc524230ac6cead4194a4adb78fc864877ddd281da25c22bd6f548e6c3655d8cc8fcc,gx-no-cache=1527097862330 HTTP/1.1" 200 255
192.168.10.97 - - [23/May/2018:14:54:14 -0300] "POST /cormun/servlet/solicitudgral2?gx-no-cache=1527097862368 HTTP/1.1" 200 1428
192.168.10.97 - - [23/May/2018:14:54:14 -0300] "GET /cormun/servlet/solicitudgral2?8887c8daa61cc41a691aecf8d847737b1b0749443b82ebe3426daafcade0a3171ca67eb157089cd1a17e7d35daa1b6a3c11527b22dfeedd1044c26c8f16e7abb3cca60c2e10441de9213433af68e8457fe6d6876ba83ff982171ac2b15af99392de74a78bd629fcaa1fe3816543d34f6,gx-no-cache=1527097862409 HTTP/1.1" 200 41
186.103.159.187 - - [23/May/2018:14:54:17 -0300] "GET /cormun/servlet/trcontratosolicitud? HTTP/1.1" 200 14811
186.103.159.187 - - [23/May/2018:14:54:19 -0300] "GET /cormun/servlet/trcontratosolicitud? HTTP/1.1" 200 14806
186.103.159.187 - - [23/May/2018:14:54:23 -0300] "GET /cormun/servlet/trcontratounov2? HTTP/1.1" 200 6978
186.103.159.187 - - [23/May/2018:14:54:24 -0300] "GET /cormun/servlet/trcontratounov2? HTTP/1.1" 200 6977
186.103.159.187 - - [23/May/2018:14:54:30 -0300] "POST /cormun/servlet/trcontratounov2?0ce7f4da60a0282c14776f18101c7c5c,,gx-no-cache=1527098075688 HTTP/1.1" 200 4216
192.168.10.97 - - [23/May/2018:14:54:31 -0300] "POST /cormun/servlet/solicitudgral2?45f0248ac56e43567fcc8293e047f6fb,UPD,2018,11453,,gx-no-cache=1527097878808 HTTP/1.1" 200 93
192.168.10.97 - - [23/May/2018:14:54:31 -0300] "GET /cormun/servlet/hpexe_return? HTTP/1.1" 200 1018
192.168.10.97 - - [23/May/2018:14:54:31 -0300] "GET /cormun/servlet/trsolicitudgral HTTP/1.1" 200 11395
192.168.10.97 - - [23/May/2018:14:54:31 -0300] "GET /cormun/servlet/trsolicitudgral HTTP/1.1" 200 11390
186.103.159.187 - - [23/May/2018:14:54:33 -0300] "POST /cormun/servlet/trcontratounov2?0ce7f4da60a0282c14776f18101c7c5c,,gx-no-cache=1527098078697 HTTP/1.1" 200 105
186.103.159.187 - - [23/May/2018:14:54:33 -0300] "POST /cormun/servlet/trcontratounov2?0ce7f4da60a0282c14776f18101c7c5c,,gx-no-cache=1527098078833 HTTP/1.1" 200 4197
186.103.159.187 - - [23/May/2018:14:54:33 -0300] "GET /cormun/ContratoUnoV3-1700.xls HTTP/1.1" 200 4096
186.67.164.142 - - [23/May/2018:14:54:35 -0300] "POST /cormun/servlet/solicitudot?gx-no-cache=1527098014721 HTTP/1.1" 200 30
192.168.10.97 - - [23/May/2018:14:54:39 -0300] "GET /cormun/servlet/solicitudgral2?UPD,2018,11295, HTTP/1.1" 200 13176
192.168.10.97 - - [23/May/2018:14:54:39 -0300] "GET /cormun/servlet/solicitudgral2?UPD,2018,11295, HTTP/1.1" 200 13187
192.168.10.97 - - [23/May/2018:14:54:39 -0300] "POST /cormun/servlet/solicitudgral2?gx-no-cache=1527097887551 HTTP/1.1" 200 3902
192.168.10.97 - - [23/May/2018:14:54:39 -0300] "GET /cormun/servlet/solicitudgral2?8887c8daa61cc41a691aecf8d847737bd474a75012d68054a6ecf6512a1fbc6f9c520a28b0a852dab914e70d896663fbb8ab0a8b6f2296cf5411b7019786f83283a8cf68596aa5a781bfb2cfd33a7b039b32bd4d1abdaf282fe89a3435720076aeb66abece6be3b77fe9ff3d5af1917c567d75fe52f647f98c262e5c5f305acfc4b20bd7d24ea44723de8e728036785656f616a3fb93e525ce5a4d69c59c0dde6097f06f8bf936cb8dd8901179faf85d8b2a07185b947cd5a83b63e5973436f91c4dac04fe01d5147bda77db9b5e93abf5b46db7d83958adb72704c780c31a823c714006285dc4aab9d3ca2f420a6efe2d4fbc7eee687ca67b18c9f5536c683671660da86144188f512890af1f713494adeb0f2d8403317a1889ca067552da723c728664e6c873215244c6677b4cc524230ac6cead4194a4adb78fc864877ddd281da25c22bd6f548e6c3655d8cc8fcc,gx-no-cache=1527097887681 HTTP/1.1" 200 255
192.168.10.97 - - [23/May/2018:14:54:39 -0300] "POST /cormun/servlet/solicitudgral2?gx-no-cache=1527097887706 HTTP/1.1" 200 1428
192.168.10.97 - - [23/May/2018:14:54:39 -0300] "GET /cormun/servlet/solicitudgral2?8887c8daa61cc41a691aecf8d847737b1b0749443b82ebe3426daafcade0a3171ca67eb157089cd1a17e7d35daa1b6a3c11527b22dfeedd1044c26c8f16e7abb3cca60c2e10441de9213433af68e8457fe6d6876ba83ff982171ac2b15af993915ad36967eee04188524f8e0db8bcfe8,gx-no-cache=1527097887740 HTTP/1.1" 200 41
213.184.251.36 - - [23/May/2018:14:54:47 -0300] "GET / HTTP/1.1" 200 11217
186.67.164.142 - - [23/May/2018:14:54:48 -0300] "POST /cormun/servlet/solicitudot?gx-no-cache=1527098027481 HTTP/1.1" 200 1369
186.67.164.142 - - [23/May/2018:14:54:48 -0300] "POST /cormun/servlet/solicitudot?gx-no-cache=1527098027570 HTTP/1.1" 200 38
186.103.159.187 - - [23/May/2018:14:54:48 -0300] "GET /cormun/servlet/trcontratoobservaciondir? HTTP/1.1" 200 6372
186.103.159.187 - - [23/May/2018:14:54:50 -0300] "GET /cormun/servlet/trcontratoobservaciondir? HTTP/1.1" 200 6372
186.103.159.187 - - [23/May/2018:14:54:59 -0300] "POST /cormun/servlet/trcontratoobservaciondir?0ce7f4da60a0282c14776f18101c7c5c,,gx-no-cache=1527098104623 HTTP/1.1" 200 3976
186.67.164.142 - - [23/May/2018:14:55:00 -0300] "GET /cormun/servlet/solicitudot?b0a8d2bc72844c4125074178aea1db58ae2aad1bf973186c3ac76659e63030908a662e42728877c66b92e7c6978a701738d8685c7b92d657e115e89c189b96f128dd0c59e77d5a332305537cdf5a7c6131229fde60e999bf1ba43a3f4a3ad288b3dba7bdd1c84257c11b9928308fe326,gx-no-cache=1527098039961 HTTP/1.1" 200 29
186.67.164.142 - - [23/May/2018:14:55:00 -0300] "POST /cormun/servlet/solicitudot?gx-no-cache=1527098040007 HTTP/1.1" 200 1349
186.67.164.142 - - [23/May/2018:14:55:00 -0300] "POST /cormun/servlet/solicitudot?gx-no-cache=1527098040065 HTTP/1.1" 200 1248
186.67.164.142 - - [23/May/2018:14:55:00 -0300] "GET /cormun/static/menuarrow.gif HTTP/1.1" 404 1015
186.67.164.142 - - [23/May/2018:14:55:02 -0300] "POST /cormun/servlet/solicitudot?gx-no-cache=1527098041380 HTTP/1.1" 200 1349
186.67.164.142 - - [23/May/2018:14:55:02 -0300] "POST /cormun/servlet/solicitudot?gx-no-cache=1527098041451 HTTP/1.1" 200 1248
186.67.164.142 - - [23/May/2018:14:55:04 -0300] "GET /cormun/servlet/solicitudot?b0a8d2bc72844c4125074178aea1db5838996726fc8aeb217c85a531fb61de0fce861ede666e7d5e63ee493079d58391,gx-no-cache=1527098043810 HTTP/1.1" 200 30
186.67.164.142 - - [23/May/2018:14:55:09 -0300] "POST /cormun/servlet/solicitudot?gx-no-cache=1527098048544 HTTP/1.1" 200 30
186.67.164.142 - - [23/May/2018:14:55:18 -0300] "POST /cormun/servlet/solicitudot?a0c228d1b44beab1c47427fa7bb4e44b,INS,0,0,,gx-no-cache=1527098056889 HTTP/1.1" 200 93
186.67.164.142 - - [23/May/2018:14:55:18 -0300] "GET /cormun/servlet/hpexe_return? HTTP/1.1" 200 1005
192.168.10.97 - - [23/May/2018:14:55:18 -0300] "POST /cormun/servlet/solicitudgral2?45f0248ac56e43567fcc8293e047f6fb,UPD,2018,11295,,gx-no-cache=1527097926247 HTTP/1.1" 200 93
192.168.10.97 - - [23/May/2018:14:55:18 -0300] "GET /cormun/servlet/hpexe_return? HTTP/1.1" 200 1018
192.168.10.97 - - [23/May/2018:14:55:18 -0300] "GET /cormun/servlet/trsolicitudgral HTTP/1.1" 200 11395
192.168.10.97 - - [23/May/2018:14:55:19 -0300] "GET /cormun/servlet/trsolicitudgral HTTP/1.1" 200 11390
186.67.164.142 - - [23/May/2018:14:55:20 -0300] "GET /cormun/servlet/trsolicitudot HTTP/1.1" 200 26164
186.67.164.142 - - [23/May/2018:14:55:23 -0300] "GET /cormun/servlet/trsolicitudot HTTP/1.1" 200 26160
192.168.10.97 - - [23/May/2018:14:55:25 -0300] "GET /cormun/servlet/solicitudgral3?UPD,2018,11514, HTTP/1.1" 200 13891
