186.103.157.246 - - [23/May/2018:10:36:53 -0300] "GET /cormun/static/Shared/jqueryui/images/ui-bg_flat_55_994d53_40x100.png HTTP/1.1" 404 1097
186.103.159.189 - - [23/May/2018:10:36:53 -0300] "POST /cormun/servlet/solicitudot?gx-no-cache=1527082553377 HTTP/1.1" 200 30
186.103.159.189 - - [23/May/2018:10:36:55 -0300] "POST /cormun/servlet/solicitudot?gx-no-cache=1527082554503 HTTP/1.1" 200 1369
186.103.157.246 - - [23/May/2018:10:36:55 -0300] "GET /cormun/servlet/licenciaspermisos?d23aa6d573455ad55307cced957986e39ab3a6bc03d1053f96d14a49342f37504dead48e1bd08f400e0276a91640c955661ff63ac28aecc16634633b24d86117daaf1bb50d5bcf56ea84d32e75de2d99bfec2bbeb16e859b68a358885ebbbba8419973be72cf4049af00f8ee14abb0f0661ff63ac28aecc16634633b24d861179e45ad2c5da9f514a0ab7647e704c6da2967c00d1ea786d4b1b9c19f4a1b2ac0abf59605c16bd9cc54bf1f694a056dad490005a63ceaf6518ae8a0c5c90e2ad7866a99291b1ef2148520c5309c2c9da3,gx-no-cache=1527082554315 HTTP/1.1" 200 108
186.103.159.189 - - [23/May/2018:10:36:55 -0300] "POST /cormun/servlet/solicitudot?gx-no-cache=1527082554678 HTTP/1.1" 200 38
186.103.159.189 - - [23/May/2018:10:36:58 -0300] "GET /cormun/servlet/solicitudot?12bd84c67a2e1582f18930d5164cd7aedd0fb43fe1f61d61a4b00dd5d01e01e18c895fa1396f8054239a87118f51736a63fb38152a8c64215fbcf2a241bc9a027c1b13e2256ed7250421c790a8559881b478dee86be919e8fd87c505e3bb76cf5ca20a66a322f8acf0b5285dcfcad6d0,gx-no-cache=1527082558439 HTTP/1.1" 200 29
186.103.159.189 - - [23/May/2018:10:36:59 -0300] "POST /cormun/servlet/solicitudot?gx-no-cache=1527082558846 HTTP/1.1" 200 1351
186.103.159.189 - - [23/May/2018:10:36:59 -0300] "POST /cormun/servlet/solicitudot?gx-no-cache=1527082558987 HTTP/1.1" 200 1249
186.103.157.246 - - [23/May/2018:10:36:59 -0300] "POST /cormun/servlet/licenciaspermisos?568f15045acf2d8c8a1fe0de0f802433,INS,0,,,,gx-no-cache=1527082554950 HTTP/1.1" 200 4628
186.103.159.189 - - [23/May/2018:10:36:59 -0300] "GET /cormun/static/menuarrow.gif HTTP/1.1" 404 1015
186.103.159.189 - - [23/May/2018:10:37:04 -0300] "POST /cormun/servlet/solicitudot?gx-no-cache=1527082560829 HTTP/1.1" 200 1351
186.103.159.189 - - [23/May/2018:10:37:08 -0300] "POST /cormun/servlet/solicitudot?gx-no-cache=1527082564490 HTTP/1.1" 200 1249
186.103.159.189 - - [23/May/2018:10:37:13 -0300] "GET /cormun/servlet/solicitudot?12bd84c67a2e1582f18930d5164cd7ae416ab231f7a41836e1c40d67734b8643b8d2c5e952cccdd41516594418b80fd6,gx-no-cache=1527082572569 HTTP/1.1" 200 30
192.168.4.251 - - [23/May/2018:10:37:22 -0300] "POST /cormun/servlet/trsolicitudgral?4b224af6ec82a4848715c13ed8880557,,gx-no-cache=1527082560364 HTTP/1.1" 200 26409
186.103.159.189 - - [23/May/2018:10:37:54 -0300] "POST /cormun/servlet/solicitudot?gx-no-cache=1527082613975 HTTP/1.1" 200 30
192.168.4.251 - - [23/May/2018:10:38:05 -0300] "POST /cormun/servlet/trsolicitudgral?4b224af6ec82a4848715c13ed8880557,,gx-no-cache=1527082622662 HTTP/1.1" 200 26409
186.103.157.246 - - [23/May/2018:10:38:22 -0300] "GET /cormun/static/menuarrow.gif HTTP/1.1" 404 1015
186.103.159.189 - - [23/May/2018:10:38:36 -0300] "POST /cormun/servlet/solicitudot?gx-no-cache=1527082655861 HTTP/1.1" 200 1351
186.103.159.189 - - [23/May/2018:10:38:36 -0300] "POST /cormun/servlet/solicitudot?gx-no-cache=1527082656368 HTTP/1.1" 200 1249
186.103.159.189 - - [23/May/2018:10:38:37 -0300] "GET /cormun/servlet/solicitudot?12bd84c67a2e1582f18930d5164cd7ae416ab231f7a41836e1c40d67734b8643b8d2c5e952cccdd41516594418b80fd6,gx-no-cache=1527082656491 HTTP/1.1" 200 30
186.103.159.189 - - [23/May/2018:10:38:37 -0300] "POST /cormun/servlet/solicitudot?gx-no-cache=1527082656565 HTTP/1.1" 200 30
186.103.159.189 - - [23/May/2018:10:39:02 -0300] "POST /cormun/servlet/solicitudot?ed690933be7684c13123b16ca5d61326,INS,0,0,,gx-no-cache=1527082681986 HTTP/1.1" 200 11831
192.168.4.251 - - [23/May/2018:10:39:05 -0300] "POST /cormun/servlet/trsolicitudgral?4b224af6ec82a4848715c13ed8880557,,gx-no-cache=1527082691541 HTTP/1.1" 200 105
192.168.4.251 - - [23/May/2018:10:39:05 -0300] "GET /cormun/SolicitudGral-9596.xls HTTP/1.1" 200 30720
192.168.10.110 - - [23/May/2018:10:39:46 -0300] "POST /cormun/servlet/trsolicitudgral?0320fa2b25474c45c89c6ccb513dbe29,,gx-no-cache=1527082726162 HTTP/1.1" 200 26408
186.103.159.189 - - [23/May/2018:10:40:06 -0300] "POST /cormun/servlet/solicitudot?ed690933be7684c13123b16ca5d61326,INS,0,0,,gx-no-cache=1527082744588 HTTP/1.1" 200 11882
192.168.10.110 - - [23/May/2018:10:40:16 -0300] "POST /cormun/servlet/trsolicitudgral?0320fa2b25474c45c89c6ccb513dbe29,,gx-no-cache=1527082756049 HTTP/1.1" 200 5931
192.168.10.110 - - [23/May/2018:10:40:23 -0300] "POST /cormun/servlet/trsolicitudgral?0320fa2b25474c45c89c6ccb513dbe29,,gx-no-cache=1527082762778 HTTP/1.1" 200 5933
192.168.10.110 - - [23/May/2018:10:40:31 -0300] "POST /cormun/servlet/trsolicitudgral?0320fa2b25474c45c89c6ccb513dbe29,,gx-no-cache=1527082770799 HTTP/1.1" 200 9641
109.94.224.166 - - [23/May/2018:10:41:26 -0300] "GET / HTTP/1.1" 200 11217
186.103.157.246 - - [23/May/2018:10:42:50 -0300] "GET /cormun/servlet/licenciaspermisos?d23aa6d573455ad55307cced957986e3effd80a0951bc2c06ed3389afa5c164538c2588461a526cb80a3d67b7fac1ffb51736bfcf257f6dbb39f16b106ce8f86483589d351f5af78df1d5f64515fa273c9eec969cd5e47869da6ccb849f03c633f1951e36da4508b089e88cf6962717b306dbc96f56ebfb9e5ad3fa7052cdcedb7df01d1658542687f4c44fb52cfed3c7f24a3b72f5095988ae6b11dfc7df113885723c47e8cd2d801e8e83dfa0a1ce0,gx-no-cache=1527082909638 HTTP/1.1" 200 30
186.103.157.246 - - [23/May/2018:10:42:52 -0300] "POST /cormun/servlet/licenciaspermisos?568f15045acf2d8c8a1fe0de0f802433,INS,0,,,,gx-no-cache=1527082910884 HTTP/1.1" 200 4717
186.103.157.246 - - [23/May/2018:10:43:16 -0300] "POST /cormun/servlet/licenciaspermisos?568f15045acf2d8c8a1fe0de0f802433,INS,0,,,,gx-no-cache=1527082933196 HTTP/1.1" 200 93
186.103.157.246 - - [23/May/2018:10:43:17 -0300] "GET /cormun/servlet/hpexe_return? HTTP/1.1" 200 1014
186.103.157.246 - - [23/May/2018:10:43:18 -0300] "GET /cormun/servlet/hhome HTTP/1.1" 200 4142
186.103.157.246 - - [23/May/2018:10:43:19 -0300] "GET /cormun/servlet/hhome HTTP/1.1" 200 4137
186.103.157.246 - - [23/May/2018:10:43:34 -0300] "GET /cormun/servlet/trlicencias? HTTP/1.1" 200 13913
186.103.157.246 - - [23/May/2018:10:43:39 -0300] "GET /cormun/servlet/trlicencias? HTTP/1.1" 200 13910
192.168.4.251 - - [23/May/2018:10:44:38 -0300] "GET /cormun/servlet/trsolicitudgral? HTTP/1.1" 500 10
192.168.10.110 - - [23/May/2018:10:44:41 -0300] "POST /cormun/servlet/trsolicitudgral?0320fa2b25474c45c89c6ccb513dbe29,,gx-no-cache=1527083020584 HTTP/1.1" 200 26215
192.168.4.251 - - [23/May/2018:10:44:41 -0300] "GET /cormun/servlet/hlogin HTTP/1.1" 200 1715
192.168.4.251 - - [23/May/2018:10:44:44 -0300] "POST /cormun/servlet/hlogin?3ae63616f78f15c2bd02e00a07815b6f,gx-no-cache=1527083262748 HTTP/1.1" 200 90
192.168.4.251 - - [23/May/2018:10:44:44 -0300] "GET /cormun/servlet/hpexe_link HTTP/1.1" 200 944
192.168.4.251 - - [23/May/2018:10:44:44 -0300] "GET /cormun/servlet/hhome HTTP/1.1" 200 4505
192.168.4.251 - - [23/May/2018:10:44:46 -0300] "GET /cormun/servlet/hhome HTTP/1.1" 200 4501
192.168.4.251 - - [23/May/2018:10:44:50 -0300] "GET /cormun/servlet/trsolicitudgral? HTTP/1.1" 200 27657
192.168.4.251 - - [23/May/2018:10:44:52 -0300] "GET /cormun/servlet/trsolicitudgral? HTTP/1.1" 200 27656
192.168.4.251 - - [23/May/2018:10:44:54 -0300] "GET /cormun/static/menuarrow.gif HTTP/1.1" 404 1015
192.168.4.251 - - [23/May/2018:10:45:02 -0300] "POST /cormun/servlet/trsolicitudgral?3ae63616f78f15c2bd02e00a07815b6f,,gx-no-cache=1527083280663 HTTP/1.1" 200 26206
200.112.6.235 - - [23/May/2018:10:45:11 -0300] "GET /cormun/servlet/trsolicitudot? HTTP/1.1" 200 6401
200.112.6.235 - - [23/May/2018:10:45:12 -0300] "GET /cormun/servlet/trsolicitudot? HTTP/1.1" 200 6400
200.112.6.235 - - [23/May/2018:10:45:12 -0300] "GET /cormun/servlet/hlogin HTTP/1.1" 200 1735
200.112.6.235 - - [23/May/2018:10:45:14 -0300] "POST /cormun/servlet/hlogin?b768d114e182ee8d1b1987ff004339ba,gx-no-cache=1527083054751 HTTP/1.1" 200 90
200.112.6.235 - - [23/May/2018:10:45:14 -0300] "GET /cormun/servlet/hpexe_link HTTP/1.1" 200 955
200.112.6.235 - - [23/May/2018:10:45:14 -0300] "GET /cormun/servlet/trsolicitudot HTTP/1.1" 200 7251
200.112.6.235 - - [23/May/2018:10:45:15 -0300] "GET /cormun/servlet/trsolicitudot HTTP/1.1" 200 7249
200.112.6.235 - - [23/May/2018:10:45:17 -0300] "GET /cormun/servlet/trsolicitudot? HTTP/1.1" 200 7249
200.112.6.235 - - [23/May/2018:10:45:18 -0300] "GET /cormun/servlet/trsolicitudot? HTTP/1.1" 200 7249
200.112.6.235 - - [23/May/2018:10:45:27 -0300] "GET /cormun/servlet/solicitudot?INS,0,0, HTTP/1.1" 200 13656
200.112.6.235 - - [23/May/2018:10:45:27 -0300] "GET /cormun/static/gxcfg.js?201812313224582 HTTP/1.1" 200 953
200.112.6.235 - - [23/May/2018:10:45:28 -0300] "GET /cormun/servlet/solicitudot?INS,0,0, HTTP/1.1" 200 13661
200.112.6.235 - - [23/May/2018:10:45:38 -0300] "POST /cormun/servlet/solicitudot?gx-no-cache=1527083079091 HTTP/1.1" 200 3341
200.112.6.235 - - [23/May/2018:10:45:38 -0300] "GET /cormun/static/Shared/jqueryui/images/ui-bg_highlight-soft_100_c6c2c8_1x100.png HTTP/1.1" 404 1117
200.112.6.235 - - [23/May/2018:10:45:38 -0300] "GET /cormun/servlet/solicitudot?8c18e155b61b1976688aefcb98172af32ca7bce65765b4bf25355184135cb041,gx-no-cache=1527083079486 HTTP/1.1" 200 111
200.112.6.235 - - [23/May/2018:10:45:38 -0300] "GET /cormun/static/Shared/jqueryui/images/ui-icons_82798d_256x240.png HTTP/1.1" 404 1089
200.112.6.235 - - [23/May/2018:10:45:38 -0300] "GET /cormun/static/Shared/jqueryui/images/ui-bg_flat_55_994d53_40x100.png HTTP/1.1" 404 1097
200.112.6.235 - - [23/May/2018:10:45:38 -0300] "GET /cormun/static/Shared/jqueryui/images/ui-icons_ebccce_256x240.png HTTP/1.1" 404 1089
200.54.247.70 - - [23/May/2018:10:45:48 -0300] "GET /cormun/servlet/hlogin HTTP/1.1" 200 1721
200.54.247.70 - - [23/May/2018:10:45:49 -0300] "GET /cormun/static/gxcfg.js?20175251213516 HTTP/1.1" 200 953
200.54.247.70 - - [23/May/2018:10:45:49 -0300] "GET /cormun/static/gxtimezone.js?85251 HTTP/1.1" 200 5781
200.54.247.70 - - [23/May/2018:10:45:50 -0300] "GET /cormun/static/Resources/Spanish/PXTools.css?11423723 HTTP/1.1" 200 89042
200.54.247.70 - - [23/May/2018:10:45:51 -0300] "GET /cormun/static/messages.spa.js?85251 HTTP/1.1" 200 30736
200.54.247.70 - - [23/May/2018:10:45:52 -0300] "GET /cormun/static/hlogin.js?20175251213537 HTTP/1.1" 200 2136
200.54.247.70 - - [23/May/2018:10:45:52 -0300] "GET /cormun/static/Resources/ComunLogin.png HTTP/1.1" 200 17326
200.54.247.70 - - [23/May/2018:10:46:07 -0300] "GET /cormun/static/gxgral.js?85251 HTTP/1.1" 200 384558
200.54.247.70 - - [23/May/2018:10:46:09 -0300] "GET /cormun/static/Resources/PXToolsLoginBottom.png HTTP/1.1" 200 1389
200.54.247.70 - - [23/May/2018:10:46:09 -0300] "GET /cormun/static/Resources/PXToolsButtonLeft21.png HTTP/1.1" 200 1287
200.54.247.70 - - [23/May/2018:10:46:09 -0300] "GET /cormun/static/Resources/PXToolsLoginBackground.png HTTP/1.1" 200 1164
200.54.247.70 - - [23/May/2018:10:46:09 -0300] "GET /cormun/static/Resources/PXToolsButtonRight21.png HTTP/1.1" 200 1283
200.54.247.70 - - [23/May/2018:10:46:09 -0300] "GET /cormun/static/Resources/PXToolsButtonBackground2.png HTTP/1.1" 200 1181
200.54.247.70 - - [23/May/2018:10:46:09 -0300] "GET /cormun/static/Resources/PXToolsLoginTop.png HTTP/1.1" 200 1337
200.54.247.70 - - [23/May/2018:10:46:09 -0300] "GET /cormun/static/Resources/indicator.gif HTTP/1.1" 200 1553
200.54.247.70 - - [23/May/2018:10:46:09 -0300] "GET /cormun/servlet/hlogin HTTP/1.1" 200 1727
200.54.247.70 - - [23/May/2018:10:46:09 -0300] "GET /cormun/static/Resources/PXToolsButtonBackground2.png HTTP/1.1" 206 1
200.54.247.70 - - [23/May/2018:10:46:09 -0300] "GET /cormun/static/Resources/PXToolsLoginTop.png HTTP/1.1" 200 1337
200.54.247.70 - - [23/May/2018:10:46:10 -0300] "GET /cormun/static/Resources/PXToolsButtonBackground2.png HTTP/1.1" 206 9
200.54.247.70 - - [23/May/2018:10:46:10 -0300] "GET /favicon.ico HTTP/1.1" 200 21630
186.103.157.246 - - [23/May/2018:10:46:10 -0300] "GET /cormun/servlet/trlicenciaspermisosadjuntos?8898068,20180523000000,L, HTTP/1.1" 200 6491
186.103.157.246 - - [23/May/2018:10:46:18 -0300] "GET /cormun/servlet/trlicenciaspermisosadjuntos?8898068,20180523000000,L, HTTP/1.1" 200 6491
186.103.157.246 - - [23/May/2018:10:46:19 -0300] "GET /cormun/static/trlicenciaspermisosadjuntos.js?20177612163719 HTTP/1.1" 304 -
186.103.157.246 - - [23/May/2018:10:46:20 -0300] "GET /cormun/servlet/trlicenciaspermisosadjuntos?8898068,20180523000000,L, HTTP/1.1" 200 6491
186.103.157.246 - - [23/May/2018:10:46:23 -0300] "GET /cormun/servlet/licenciaspermisosadjuntos?INS,8898068,L,20180523000000,, HTTP/1.1" 200 5789
186.103.157.246 - - [23/May/2018:10:46:23 -0300] "GET /cormun/static/licenciaspermisosadjuntos.js?201776126362 HTTP/1.1" 304 -
186.103.157.246 - - [23/May/2018:10:46:23 -0300] "GET /cormun/static/about:blank HTTP/1.1" 404 1011
186.103.157.246 - - [23/May/2018:10:46:24 -0300] "GET /cormun/servlet/licenciaspermisosadjuntos?INS,8898068,L,20180523000000,, HTTP/1.1" 200 5779
200.54.247.70 - - [23/May/2018:10:46:36 -0300] "POST /cormun/servlet/hlogin?0f54c41082d8bc54fde62812ad49ca4a,gx-no-cache=1527083135166 HTTP/1.1" 200 90
200.54.247.70 - - [23/May/2018:10:46:36 -0300] "GET /cormun/servlet/hpexe_link HTTP/1.1" 200 948
200.54.247.70 - - [23/May/2018:10:46:36 -0300] "GET /cormun/static/gxcfg.js?20177612121792 HTTP/1.1" 200 953
200.54.247.70 - - [23/May/2018:10:46:37 -0300] "GET /cormun/static/hpexe_link.js?20177612121795 HTTP/1.1" 200 625
200.54.247.70 - - [23/May/2018:10:46:37 -0300] "GET /cormun/static/Resources/Spanish/PXTools.css?1155365 HTTP/1.1" 200 89042
200.54.247.70 - - [23/May/2018:10:46:37 -0300] "GET /cormun/servlet/hhome HTTP/1.1" 200 4232
200.54.247.70 - - [23/May/2018:10:46:37 -0300] "GET /cormun/static/SmoothNavMenu/resources/ddsmoothmenu.css?1012540 HTTP/1.1" 200 2223
200.54.247.70 - - [23/May/2018:10:46:37 -0300] "GET /cormun/static/SmoothNavMenu/resources/ddsmoothmenu-v.css?1012540 HTTP/1.1" 200 1188
200.54.247.70 - - [23/May/2018:10:46:37 -0300] "GET /cormun/static/scaMessage/css/jquery.pnotify.default.css?1716380 HTTP/1.1" 200 1707
200.54.247.70 - - [23/May/2018:10:46:37 -0300] "GET /cormun/static/gxcfg.js?20175251212442 HTTP/1.1" 200 953
200.54.247.70 - - [23/May/2018:10:46:37 -0300] "GET /cormun/static/PXToolsJavascripts/pexe_autoreload.js HTTP/1.1" 200 1762
200.54.247.70 - - [23/May/2018:10:46:37 -0300] "GET /cormun/static/PXToolsJavascripts/pexe_cookies.js HTTP/1.1" 200 792
200.54.247.70 - - [23/May/2018:10:46:37 -0300] "GET /cormun/static/PXToolsJavascripts/pexe_windows.js HTTP/1.1" 200 15207
200.54.247.70 - - [23/May/2018:10:46:37 -0300] "GET /cormun/static/PXToolsJavascripts/pexe_grid.js HTTP/1.1" 200 7559
200.54.247.70 - - [23/May/2018:10:46:38 -0300] "GET /cormun/static/Shared/jqueryui/jquery-ui.min.css?1245370 HTTP/1.1" 200 30288
200.54.247.70 - - [23/May/2018:10:46:38 -0300] "GET /cormun/static/PXToolsJavascripts/pexe_griddivfix.js HTTP/1.1" 200 6644
200.54.247.70 - - [23/May/2018:10:46:38 -0300] "GET /cormun/static/PXToolsJavascripts/pexe_link.js HTTP/1.1" 200 5671
200.54.247.70 - - [23/May/2018:10:46:38 -0300] "GET /cormun/static/PXToolsJavascripts/pexe_menudivfix.js HTTP/1.1" 200 333
200.54.247.70 - - [23/May/2018:10:46:38 -0300] "GET /cormun/static/PXToolsJavascripts/pexe_menus.js HTTP/1.1" 200 1286
200.54.247.70 - - [23/May/2018:10:46:38 -0300] "GET /cormun/static/PXToolsJavascripts/pexe_layers.js HTTP/1.1" 200 4114
200.54.247.70 - - [23/May/2018:10:46:38 -0300] "GET /cormun/static/PXToolsJavascripts/pexe_oav.js HTTP/1.1" 200 645
200.54.247.70 - - [23/May/2018:10:46:38 -0300] "GET /cormun/static/PXToolsJavascripts/pexe_oavdivfix.js HTTP/1.1" 200 639
200.54.247.70 - - [23/May/2018:10:46:38 -0300] "GET /cormun/static/PXToolsJavascripts/pexe_picture.js HTTP/1.1" 200 689
200.54.247.70 - - [23/May/2018:10:46:38 -0300] "GET /cormun/static/PXToolsJavascripts/pexe_popup.js HTTP/1.1" 200 13458
200.54.247.70 - - [23/May/2018:10:46:38 -0300] "GET /cormun/static/PXToolsJavascripts/pexe_scrolldiv.js HTTP/1.1" 200 4138
200.54.247.70 - - [23/May/2018:10:46:38 -0300] "GET /cormun/static/PXToolsJavascripts/pexe_tabdivfix.js HTTP/1.1" 200 876
200.54.247.70 - - [23/May/2018:10:46:38 -0300] "GET /cormun/static/PXToolsJavascripts/pexe_tabs.js HTTP/1.1" 200 3748
200.54.247.70 - - [23/May/2018:10:46:38 -0300] "GET /cormun/static/PXToolsJavascripts/pexe_upload.js HTTP/1.1" 200 1423
200.54.247.70 - - [23/May/2018:10:46:38 -0300] "GET /cormun/static/PXToolsJavascripts/PXToolsJavascriptsRender.js HTTP/1.1" 200 367
200.54.247.70 - - [23/May/2018:10:46:39 -0300] "GET /cormun/static/RunJS/RunJS.js HTTP/1.1" 200 288
200.54.247.70 - - [23/May/2018:10:46:39 -0300] "GET /cormun/static/hhome.js?20175251212450 HTTP/1.1" 200 777
200.54.247.70 - - [23/May/2018:10:46:39 -0300] "GET /cormun/static/Shared/ext/locale/ext-lang-en.js HTTP/1.1" 200 10940
200.54.247.70 - - [23/May/2018:10:46:39 -0300] "GET /cormun/static/hwchdr01.js?201752511465785 HTTP/1.1" 200 1183
200.54.247.70 - - [23/May/2018:10:46:39 -0300] "GET /cormun/static/hpexe_recentlink.js?20177611595044 HTTP/1.1" 200 2144
200.54.247.70 - - [23/May/2018:10:46:39 -0300] "GET /cormun/static/hpexe_scripts.js?201752511465715 HTTP/1.1" 200 1544
200.54.247.70 - - [23/May/2018:10:46:39 -0300] "GET /cormun/static/hpexe_messagecontroller.js?20177611595012 HTTP/1.1" 200 870
200.54.247.70 - - [23/May/2018:10:46:39 -0300] "GET /cormun/static/hpexe_messagepopupcomponent.js?20161017169425 HTTP/1.1" 200 605
200.54.247.70 - - [23/May/2018:10:46:39 -0300] "GET /cormun/static/hpexe_messagegenexuscomponent.js?201752511465344 HTTP/1.1" 200 587
200.54.247.70 - - [23/May/2018:10:46:39 -0300] "GET /cormun/static/cmcontrolpreferences.js?201752511465670 HTTP/1.1" 200 1375
200.54.247.70 - - [23/May/2018:10:46:40 -0300] "GET /cormun/static/Shared/jquery/jquery-1.4.2.min.js HTTP/1.1" 200 72174
186.103.157.246 - - [23/May/2018:10:46:40 -0300] "POST /cormun/servlet/licenciaspermisosadjuntos?568f15045acf2d8c8a1fe0de0f802433,INS,8898068,L,20180523000000,, HTTP/1.1" 200 116
200.54.247.70 - - [23/May/2018:10:46:40 -0300] "GET /cormun/static/SmoothNavMenu/resources/ddsmoothmenu.js HTTP/1.1" 200 12712
186.103.157.246 - - [23/May/2018:10:46:40 -0300] "GET /cormun/servlet/hpexe_return? HTTP/1.1" 200 1044
186.103.157.246 - - [23/May/2018:10:46:41 -0300] "GET /cormun/servlet/trlicenciaspermisosadjuntos?8898068,20180523000000,L, HTTP/1.1" 200 6984
200.54.247.70 - - [23/May/2018:10:46:41 -0300] "GET /cormun/static/gxui/gxui-all.js HTTP/1.1" 200 107772
200.54.247.70 - - [23/May/2018:10:46:41 -0300] "GET /cormun/static/SmoothNavMenu/resources/SmoothNavMenuRender.js HTTP/1.1" 200 5951
200.54.247.70 - - [23/May/2018:10:46:41 -0300] "GET /cormun/static/scaMessage/js/jquery.pnotify.min.js HTTP/1.1" 200 13038
186.103.157.246 - - [23/May/2018:10:46:42 -0300] "GET /cormun/servlet/trlicenciaspermisosadjuntos?8898068,20180523000000,L, HTTP/1.1" 200 6980
200.54.247.70 - - [23/May/2018:10:46:42 -0300] "GET /cormun/static/scaMessage/scaMessageRender.js HTTP/1.1" 200 11977
200.54.247.70 - - [23/May/2018:10:46:42 -0300] "GET /cormun/static/hmpwkw03.js?20177612122668 HTTP/1.1" 200 3965
200.54.247.70 - - [23/May/2018:10:46:42 -0300] "GET /cormun/static/Resources/logo4.png HTTP/1.1" 200 6582
200.54.247.70 - - [23/May/2018:10:46:42 -0300] "GET /cormun/static/Resources/PXToolsHeaderActionsLeft.png HTTP/1.1" 200 1118
200.54.247.70 - - [23/May/2018:10:46:42 -0300] "GET /cormun/static/Resources/PXToolsHeaderHome.png HTTP/1.1" 200 4147
200.54.247.70 - - [23/May/2018:10:46:42 -0300] "GET /cormun/static/Shared/jqueryui/jquery-ui.min.js HTTP/1.1" 200 240427
200.54.247.70 - - [23/May/2018:10:46:43 -0300] "GET /cormun/static/Resources/PXToolsHeaderLogin.png HTTP/1.1" 200 4279
200.54.247.70 - - [23/May/2018:10:46:43 -0300] "GET /cormun/static/Resources/PXToolsHeaderPreferences.png HTTP/1.1" 200 4189
200.54.247.70 - - [23/May/2018:10:46:43 -0300] "GET /cormun/static/Resources/PXToolsHeaderSecurity.png HTTP/1.1" 200 4166
200.54.247.70 - - [23/May/2018:10:46:43 -0300] "GET /cormun/static/Resources/PXToolsHeaderActionsRight.png HTTP/1.1" 200 1201
200.54.247.70 - - [23/May/2018:10:46:43 -0300] "GET /cormun/static/Shared/jquery/jquery-1.10.2.min.js HTTP/1.1" 200 273199
200.112.6.235 - - [23/May/2018:10:46:45 -0300] "POST /cormun/servlet/solicitudot?gx-no-cache=1527083145740 HTTP/1.1" 200 3359
200.112.6.235 - - [23/May/2018:10:46:45 -0300] "GET /cormun/servlet/solicitudot?8c18e155b61b1976688aefcb98172af32ca7bce65765b4bf25355184135cb041,gx-no-cache=1527083146137 HTTP/1.1" 200 111
200.112.6.235 - - [23/May/2018:10:47:02 -0300] "GET /cormun/servlet/trsolicitudot? HTTP/1.1" 200 7249
200.112.6.235 - - [23/May/2018:10:47:03 -0300] "GET /cormun/servlet/trsolicitudot? HTTP/1.1" 200 7249
200.54.247.70 - - [23/May/2018:10:47:04 -0300] "GET /cormun/static/Resources/PXToolsDataTitle.png HTTP/1.1" 200 1173
200.54.247.70 - - [23/May/2018:10:47:04 -0300] "GET /cormun/static/Resources/PXToolsFooterBackground2.png HTTP/1.1" 200 1172
200.54.247.70 - - [23/May/2018:10:47:04 -0300] "GET /cormun/static/Resources/PXToolsHeaderBackground2.png HTTP/1.1" 200 1174
200.54.247.70 - - [23/May/2018:10:47:04 -0300] "GET /cormun/static/Resources/PXToolsHeaderActionsBackground.png HTTP/1.1" 200 484
200.112.6.235 - - [23/May/2018:10:47:09 -0300] "GET /cormun/servlet/trlicencias? HTTP/1.1" 200 9216
200.112.6.235 - - [23/May/2018:10:47:10 -0300] "GET /cormun/servlet/trlicencias? HTTP/1.1" 200 9215
192.168.10.110 - - [23/May/2018:10:47:18 -0300] "POST /cormun/servlet/trsolicitudgral?0320fa2b25474c45c89c6ccb513dbe29,,gx-no-cache=1527083178341 HTTP/1.1" 200 7272
192.168.10.110 - - [23/May/2018:10:47:24 -0300] "GET /cormun/servlet/vesolicitudgral?2018,11347,, HTTP/1.1" 200 9499
192.168.10.110 - - [23/May/2018:10:47:25 -0300] "GET /cormun/pexe_scrolldiv.js HTTP/1.1" 404 1009
192.168.10.110 - - [23/May/2018:10:47:41 -0300] "POST /cormun/servlet/vesolicitudgral?0320fa2b25474c45c89c6ccb513dbe29,2018,11347,,,gx-no-cache=1527083201466 HTTP/1.1" 200 93
192.168.10.110 - - [23/May/2018:10:47:41 -0300] "GET /cormun/servlet/hpexe_return? HTTP/1.1" 200 1017
192.168.10.110 - - [23/May/2018:10:47:42 -0300] "GET /cormun/servlet/trsolicitudgral? HTTP/1.1" 200 10774
200.54.247.70 - - [23/May/2018:10:47:45 -0300] "GET /cormun/static/Shared/ext/ext-all.js HTTP/1.1" 200 1289687
186.103.157.42 - - [23/May/2018:10:47:55 -0300] "GET /cormun/servlet/trsolicitudadjuntos?2017,6996, HTTP/1.1" 200 8848
186.103.157.42 - - [23/May/2018:10:47:56 -0300] "GET /cormun/static/gxcfg.js?20177612135366 HTTP/1.1" 304 -
186.103.157.42 - - [23/May/2018:10:47:56 -0300] "GET /cormun/servlet/trsolicitudadjuntos?2017,6996, HTTP/1.1" 200 8851
186.103.157.42 - - [23/May/2018:10:47:59 -0300] "GET /cormun/servlet/hlogin HTTP/1.1" 200 1742
186.103.157.42 - - [23/May/2018:10:47:59 -0300] "GET /cormun/servlet/trsolicitudadjuntos?2017,6996, HTTP/1.1" 200 8870
186.103.157.42 - - [23/May/2018:10:47:59 -0300] "GET /cormun/static/gxcfg.js?20175251213516 HTTP/1.1" 304 -
200.54.247.70 - - [23/May/2018:10:48:00 -0300] "GET /cormun/servlet/hhome HTTP/1.1" 200 4228
200.54.247.70 - - [23/May/2018:10:48:00 -0300] "GET /cormun/static/SmoothNavMenu/resources/images/down.gif HTTP/1.1" 200 854
200.54.247.70 - - [23/May/2018:10:48:00 -0300] "GET /cormun/static/SmoothNavMenu/resources/images/right.gif HTTP/1.1" 200 860
186.103.157.42 - - [23/May/2018:10:48:02 -0300] "POST /cormun/servlet/hlogin?c5aa87d46e1ea46519f640b0d3256466,gx-no-cache=1527083223372 HTTP/1.1" 200 90
186.103.157.42 - - [23/May/2018:10:48:02 -0300] "GET /cormun/servlet/hpexe_link HTTP/1.1" 200 962
186.103.157.42 - - [23/May/2018:10:48:02 -0300] "GET /cormun/static/gxcfg.js?20177612121792 HTTP/1.1" 304 -
186.103.157.42 - - [23/May/2018:10:48:02 -0300] "GET /cormun/servlet/trsolicitudadjuntos?2017,6996, HTTP/1.1" 200 9715
186.103.157.42 - - [23/May/2018:10:48:03 -0300] "GET /cormun/servlet/trsolicitudadjuntos?2017,6996, HTTP/1.1" 200 9721
192.168.4.251 - - [23/May/2018:10:48:08 -0300] "POST /cormun/servlet/trsolicitudgral?4b224af6ec82a4848715c13ed8880557,,gx-no-cache=1527083234741 HTTP/1.1" 200 5927
200.54.247.70 - - [23/May/2018:10:48:09 -0300] "GET /cormun/static/gxui/gxui-all.css?110300 HTTP/1.1" 200 2179
200.54.247.70 - - [23/May/2018:10:48:09 -0300] "GET /cormun/static/calendar-system.css?75620 HTTP/1.1" 200 5572
200.54.247.70 - - [23/May/2018:10:48:09 -0300] "GET /cormun/static/gxcfg.js?201752512124396 HTTP/1.1" 200 953
200.54.247.70 - - [23/May/2018:10:48:09 -0300] "GET /cormun/servlet/trcontratounov2? HTTP/1.1" 200 17414
200.54.247.70 - - [23/May/2018:10:48:09 -0300] "GET /cormun/static/calendar-setup.js?85251 HTTP/1.1" 200 2588
200.54.247.70 - - [23/May/2018:10:48:09 -0300] "GET /cormun/static/calendar-es.js?85251 HTTP/1.1" 200 1901
200.54.247.70 - - [23/May/2018:10:48:09 -0300] "GET /cormun/static/calendar.js?85251 HTTP/1.1" 200 26246
186.103.157.42 - - [23/May/2018:10:48:09 -0300] "GET /cormun/servlet/trsolicitudot? HTTP/1.1" 200 9754
186.103.157.42 - - [23/May/2018:10:48:09 -0300] "GET /cormun/static/Resources/Spanish/PXTools.css?1255365 HTTP/1.1" 304 -
186.103.157.42 - - [23/May/2018:10:48:09 -0300] "GET /cormun/static/gxcfg.js?2017111422585916 HTTP/1.1" 304 -
186.103.157.42 - - [23/May/2018:10:48:10 -0300] "GET /cormun/servlet/trsolicitudot? HTTP/1.1" 200 9742
186.103.157.246 - - [23/May/2018:10:48:10 -0300] "GET /cormun/servlet/trlicencias? HTTP/1.1" 200 13910
186.103.157.246 - - [23/May/2018:10:48:11 -0300] "GET /cormun/servlet/trlicencias? HTTP/1.1" 200 13910
200.54.247.70 - - [23/May/2018:10:48:12 -0300] "GET /cormun/static/gxdec.js?85251 HTTP/1.1" 200 19579
200.54.247.70 - - [23/May/2018:10:48:14 -0300] "GET /cormun/static/trcontratounov2.js?201752512125146 HTTP/1.1" 200 38486
192.168.4.251 - - [23/May/2018:10:48:14 -0300] "POST /cormun/servlet/trsolicitudgral?4b224af6ec82a4848715c13ed8880557,,gx-no-cache=1527083241576 HTTP/1.1" 200 5927
200.54.247.70 - - [23/May/2018:10:48:15 -0300] "GET /cormun/static/Resources/PXToolsDataSearch.png HTTP/1.1" 200 419
200.54.247.70 - - [23/May/2018:10:48:15 -0300] "GET /cormun/static/Resources/PXToolsGridFirstDisabled.gif HTTP/1.1" 200 100
200.54.247.70 - - [23/May/2018:10:48:15 -0300] "GET /cormun/static/Resources/PXToolsGridPreviousDisabled.gif HTTP/1.1" 200 90
200.54.247.70 - - [23/May/2018:10:48:15 -0300] "GET /cormun/static/Resources/PXToolsGridNextDisabled.gif HTTP/1.1" 200 90
200.54.247.70 - - [23/May/2018:10:48:15 -0300] "GET /cormun/static/Resources/PXToolsGridLastDisabled.gif HTTP/1.1" 200 98
200.54.247.70 - - [23/May/2018:10:48:15 -0300] "GET /cormun/static/Resources/PXToolsGridPage.gif HTTP/1.1" 200 725
200.54.247.70 - - [23/May/2018:10:48:16 -0300] "GET /cormun/static/Shared/ext/resources/css/ext-all.css?205870 HTTP/1.1" 200 416045
200.54.247.70 - - [23/May/2018:10:48:16 -0300] "GET /cormun/static/Resources/PXToolsActionExcel.png HTTP/1.1" 200 3187
200.54.247.70 - - [23/May/2018:10:48:16 -0300] "GET /cormun/static/Resources/PXToolsGridNew.png HTTP/1.1" 200 2949
200.54.247.70 - - [23/May/2018:10:48:16 -0300] "GET /cormun/static/Resources/PXToolsAddSelectedAction.png HTTP/1.1" 200 3660
186.103.157.42 - - [23/May/2018:10:48:16 -0300] "GET /cormun/servlet/trlicencias? HTTP/1.1" 200 9876
186.103.157.42 - - [23/May/2018:10:48:17 -0300] "GET /cormun/static/gxcfg.js?20176272054169 HTTP/1.1" 304 -
186.103.157.42 - - [23/May/2018:10:48:17 -0300] "GET /cormun/static/Resources/Spanish/PXTools.css?17315867 HTTP/1.1" 304 -
186.103.157.42 - - [23/May/2018:10:48:17 -0300] "GET /cormun/static/trlicencias.js?20176272054837 HTTP/1.1" 304 -
200.54.247.70 - - [23/May/2018:10:48:17 -0300] "GET /cormun/static/Resources/asc.gif HTTP/1.1" 200 67
200.54.247.70 - - [23/May/2018:10:48:17 -0300] "GET /cormun/static/Resources/desc.gif HTTP/1.1" 200 65
200.54.247.70 - - [23/May/2018:10:48:17 -0300] "GET /cormun//static/Resources/PXToolsActionDisabled.gif HTTP/1.1" 200 53
200.54.247.70 - - [23/May/2018:10:48:17 -0300] "GET /cormun/servlet/trcontratounov2? HTTP/1.1" 200 17431
200.54.247.70 - - [23/May/2018:10:48:18 -0300] "GET /cormun/static/Shared/ext/resources/themes/images/default/panel/bg-headersPanel.png HTTP/1.1" 200 255
200.54.247.70 - - [23/May/2018:10:48:18 -0300] "GET /cormun/static/Shared/ext/resources/themes/images/default/tools/tool-sprites.gif HTTP/1.1" 200 5434
186.103.157.42 - - [23/May/2018:10:48:19 -0300] "GET /cormun/servlet/trlicencias? HTTP/1.1" 200 9875
186.103.157.246 - - [23/May/2018:10:48:19 -0300] "POST /cormun/servlet/trlicencias?568f15045acf2d8c8a1fe0de0f802433,,gx-no-cache=1527083237833 HTTP/1.1" 200 11506
186.103.157.246 - - [23/May/2018:10:48:20 -0300] "GET /cormun/static/Shared/jqueryui/images/ui-icons_82798d_256x240.png HTTP/1.1" 404 1089
186.103.157.246 - - [23/May/2018:10:48:20 -0300] "GET /cormun/static/Shared/jqueryui/images/ui-bg_highlight-soft_100_c6c2c8_1x100.png HTTP/1.1" 404 1117
186.103.157.246 - - [23/May/2018:10:48:20 -0300] "GET /cormun/static/Shared/jqueryui/images/ui-bg_flat_55_fafafa_40x100.png HTTP/1.1" 404 1097
186.103.157.246 - - [23/May/2018:10:48:20 -0300] "GET /cormun/static/Shared/jqueryui/images/ui-icons_8d78a5_256x240.png HTTP/1.1" 404 1089
186.103.157.42 - - [23/May/2018:10:48:22 -0300] "GET /cormun/servlet/licenciaspermisos?INS,0,,, HTTP/1.1" 200 7778
186.103.157.42 - - [23/May/2018:10:48:22 -0300] "GET /cormun/static/gxcfg.js?201762917281167 HTTP/1.1" 200 953
186.103.157.42 - - [23/May/2018:10:48:23 -0300] "GET /cormun/static/licenciaspermisos.js?201762917281260 HTTP/1.1" 200 37491
186.103.157.42 - - [23/May/2018:10:48:24 -0300] "GET /cormun/servlet/licenciaspermisos?INS,0,,, HTTP/1.1" 200 7786
186.103.157.42 - - [23/May/2018:10:48:32 -0300] "GET /cormun/servlet/licenciaspermisos?a738b1b50456970f8901acb07b97032585b816ea274c73ee6e2685f7bed845c8ad65e7f283e365f35b734adab63ff8b4,gx-no-cache=1527083253555 HTTP/1.1" 200 105
186.103.157.42 - - [23/May/2018:10:48:32 -0300] "POST /cormun/servlet/licenciaspermisos?c5aa87d46e1ea46519f640b0d3256466,INS,0,,,,gx-no-cache=1527083253638 HTTP/1.1" 200 4889
200.54.247.70 - - [23/May/2018:10:48:37 -0300] "GET /cormun/servlet/trsolicitudot? HTTP/1.1" 200 8807
200.54.247.70 - - [23/May/2018:10:48:37 -0300] "GET /cormun/static/gxui/gxui-all.css?120300 HTTP/1.1" 200 2179
200.54.247.70 - - [23/May/2018:10:48:37 -0300] "GET /cormun/static/calendar-system.css?85620 HTTP/1.1" 200 5572
200.54.247.70 - - [23/May/2018:10:48:38 -0300] "GET /cormun/static/gxcfg.js?2017111422585916 HTTP/1.1" 200 953
200.54.247.70 - - [23/May/2018:10:48:38 -0300] "GET /cormun/static/Resources/Spanish/PXTools.css?1255365 HTTP/1.1" 200 89042
200.54.247.70 - - [23/May/2018:10:48:40 -0300] "GET /cormun/static/trsolicitudot.js?201711142259839 HTTP/1.1" 200 54041
200.54.247.70 - - [23/May/2018:10:48:40 -0300] "GET /cormun/static/Resources/PXTools/calendar.png HTTP/1.1" 200 1306
200.54.247.70 - - [23/May/2018:10:48:49 -0300] "GET /cormun/static/Shared/ext/resources/css/ext-all.css?215870 HTTP/1.1" 200 416045
200.54.247.70 - - [23/May/2018:10:48:50 -0300] "GET /cormun//static/Resources/PXToolsActionView.png HTTP/1.1" 200 2995
200.54.247.70 - - [23/May/2018:10:48:50 -0300] "GET /cormun//static/Resources/PXToolsGridUpdate.png HTTP/1.1" 200 2984
200.54.247.70 - - [23/May/2018:10:48:50 -0300] "GET /cormun//static/Resources/PXToolsGridDelete.png HTTP/1.1" 200 357
200.54.247.70 - - [23/May/2018:10:48:50 -0300] "GET /cormun//static/Resources/PXToolsRemoveAllAction.png HTTP/1.1" 200 3558
200.54.247.70 - - [23/May/2018:10:48:50 -0300] "GET /cormun//static/Resources/PXTools/ActionInsert.png HTTP/1.1" 200 1482
200.54.247.70 - - [23/May/2018:10:48:50 -0300] "GET /cormun/servlet/trsolicitudot? HTTP/1.1" 200 8806
186.103.157.42 - - [23/May/2018:10:48:56 -0300] "GET /cormun/static/menuarrow.gif HTTP/1.1" 404 1015
200.54.247.70 - - [23/May/2018:10:49:12 -0300] "GET /cormun/servlet/trsolicitudot? HTTP/1.1" 200 8806
200.54.247.70 - - [23/May/2018:10:49:12 -0300] "GET /cormun/servlet/trsolicitudot? HTTP/1.1" 200 8806
186.103.157.246 - - [23/May/2018:10:49:15 -0300] "GET /cormun/servlet/licenciaspermisos?INS,0,,, HTTP/1.1" 200 7676
200.54.247.70 - - [23/May/2018:10:49:15 -0300] "GET /cormun/servlet/solicitudot?INS,0,0, HTTP/1.1" 200 13677
200.54.247.70 - - [23/May/2018:10:49:15 -0300] "GET /cormun/static/gxcfg.js?201812313224582 HTTP/1.1" 200 953
200.54.247.70 - - [23/May/2018:10:49:15 -0300] "GET /cormun/static/Resources/prompt.gif HTTP/1.1" 200 902
186.103.157.246 - - [23/May/2018:10:49:16 -0300] "GET /cormun/servlet/licenciaspermisos?INS,0,,, HTTP/1.1" 200 7684
200.54.247.70 - - [23/May/2018:10:49:16 -0300] "GET /cormun/static/solicitudot.js?201812313224831 HTTP/1.1" 200 72336
200.54.247.70 - - [23/May/2018:10:49:17 -0300] "GET /cormun/servlet/solicitudot?INS,0,0, HTTP/1.1" 200 13682
200.54.247.70 - - [23/May/2018:10:49:20 -0300] "GET /cormun/static/Resources/resize.gif HTTP/1.1" 200 77
200.54.247.70 - - [23/May/2018:10:49:20 -0300] "GET /cormun/servlet/prfichaempleado?,MD,,gxPopupLevel%3D0%3B HTTP/1.1" 200 9397
200.54.247.70 - - [23/May/2018:10:49:20 -0300] "GET /cormun/static/gxcfg.js?20177612134814 HTTP/1.1" 200 953
200.54.247.70 - - [23/May/2018:10:49:21 -0300] "GET /cormun/static/Resources/PXToolsMenuSearch.png HTTP/1.1" 200 2914
200.54.247.70 - - [23/May/2018:10:49:21 -0300] "GET /cormun/static/Resources/PXToolsMenuSearchCancel.png HTTP/1.1" 200 2972
200.54.247.70 - - [23/May/2018:10:49:21 -0300] "GET /cormun/static/prfichaempleado.js?20177612134999 HTTP/1.1" 200 16006
200.54.247.70 - - [23/May/2018:10:49:21 -0300] "GET /cormun/static/menusearch.js?201610171694467 HTTP/1.1" 200 1424
200.54.247.70 - - [23/May/2018:10:49:21 -0300] "GET /cormun/static/hmpwkw011.js?20177612121862 HTTP/1.1" 200 1968
200.54.247.70 - - [23/May/2018:10:49:27 -0300] "POST /cormun/servlet/prfichaempleado?0f54c41082d8bc54fde62812ad49ca4a,,MD,,gxPopupLevel%3D0%3B,gx-no-cache=1527083305545 HTTP/1.1" 200 3411
186.103.157.246 - - [23/May/2018:10:49:38 -0300] "POST /cormun/servlet/licenciaspermisos?568f15045acf2d8c8a1fe0de0f802433,INS,0,,,,gx-no-cache=1527083316947 HTTP/1.1" 200 5099
186.103.157.246 - - [23/May/2018:10:49:39 -0300] "GET /cormun/static/Shared/jqueryui/images/ui-bg_highlight-soft_100_c6c2c8_1x100.png HTTP/1.1" 404 1117
186.103.157.246 - - [23/May/2018:10:49:39 -0300] "GET /cormun/static/Shared/jqueryui/images/ui-icons_ebccce_256x240.png HTTP/1.1" 404 1089
186.103.157.246 - - [23/May/2018:10:49:41 -0300] "GET /cormun/static/Shared/jqueryui/images/ui-bg_flat_55_994d53_40x100.png HTTP/1.1" 404 1097
186.103.157.246 - - [23/May/2018:10:49:41 -0300] "GET /cormun/static/Shared/jqueryui/images/ui-icons_82798d_256x240.png HTTP/1.1" 404 1089
186.103.157.246 - - [23/May/2018:10:49:41 -0300] "GET /cormun/servlet/licenciaspermisos?d23aa6d573455ad55307cced957986e38e3db8b1a853274d69640b2bc45048b9a036aef4750a3e907359118b467384b5419973be72cf4049af00f8ee14abb0f0661ff63ac28aecc16634633b24d86117c9a5a4acde7d22ff37f46877f6dd9d1d661ff63ac28aecc16634633b24d86117daaf1bb50d5bcf56ea84d32e75de2d994f8483315da6845915a9f2e8d74a9b94dd2e3da909305dd5f7bb6d64eb71e29c1b7bfd5ac34c5c53fb6752f225dae475,gx-no-cache=1527083321119 HTTP/1.1" 200 72
186.103.157.246 - - [23/May/2018:10:49:41 -0300] "POST /cormun/servlet/licenciaspermisos?568f15045acf2d8c8a1fe0de0f802433,INS,0,,,,gx-no-cache=1527083321247 HTTP/1.1" 200 4879
200.54.247.70 - - [23/May/2018:10:49:45 -0300] "GET /cormun/servlet/prfichaempleado?,MD,,gxPopupLevel%3D0%3B HTTP/1.1" 200 9397
200.54.247.70 - - [23/May/2018:10:50:02 -0300] "POST /cormun/servlet/prfichaempleado?0f54c41082d8bc54fde62812ad49ca4a,,MD,,gxPopupLevel%3D0%3B,gx-no-cache=1527083341039 HTTP/1.1" 200 3411
186.103.157.246 - - [23/May/2018:10:50:07 -0300] "GET /cormun/static/menuarrow.gif HTTP/1.1" 404 1015
200.112.6.235 - - [23/May/2018:10:50:10 -0300] "GET /cormun/static/menuarrow.gif HTTP/1.1" 404 1015
200.54.247.70 - - [23/May/2018:10:50:11 -0300] "POST /cormun/servlet/solicitudot?gx-no-cache=1527083350209 HTTP/1.1" 200 3389
200.54.247.70 - - [23/May/2018:10:50:12 -0300] "POST /cormun/servlet/solicitudot?0f54c41082d8bc54fde62812ad49ca4a,INS,0,0,,gx-no-cache=1527083350592 HTTP/1.1" 200 10559
200.54.247.70 - - [23/May/2018:10:50:22 -0300] "GET /cormun/servlet/solicitudot?8e226130e374e848f8b93d005a53d9ef8c7eb6116fcdfd8444b344c2662331a6c277bfb5866bbf7504cdc6b371915a66,gx-no-cache=1527083360734 HTTP/1.1" 200 30
200.54.247.70 - - [23/May/2018:10:50:22 -0300] "GET /cormun/servlet/solicitudot?8e226130e374e848f8b93d005a53d9ef3acbf896929e35d9dd971e272069cfd4fa97fa0eded44e3715b0d740aec6e0d60589badd17b3378cb15218905a728c81,gx-no-cache=1527083360777 HTTP/1.1" 200 30
200.54.247.70 - - [23/May/2018:10:50:22 -0300] "GET /cormun/servlet/solicitudot?8e226130e374e848f8b93d005a53d9efa06416f29c3d9b1d6e5d7d7685d1bd20,gx-no-cache=1527083360809 HTTP/1.1" 200 51
200.54.247.70 - - [23/May/2018:10:50:22 -0300] "POST /cormun/servlet/solicitudot?gx-no-cache=1527083360841 HTTP/1.1" 200 255
200.54.247.70 - - [23/May/2018:10:50:22 -0300] "GET /cormun/servlet/solicitudot?8e226130e374e848f8b93d005a53d9ef2aa84ad9849d24d165d7ea3ca5459067537b70bac1aa139cb9a18ad143bcfca6180e57ad4beb521cbc2c5686be43502df53d90d8537f9605754cddb7886c83456b14d2fcd6ec617aab258fcbf4a2357d698d8ab05996a487393c88e227d9d676f581ff10f2087d4156fcf077a23ad3458c8ebb747bcb77cf9ffe1b977c1dbf5e824c886e6c6a2a0e43d16419d9416e56b2935fc529083381e8e98a1386b795690724a5964ece2eb7deae290e871204d6157b05da89f1befec48f46714b94c37db8bdd581fd64a8db44682fd4120fd5949a1d7a94226b07cdd1ac8d510e12bb5c20d30f5f2705d4068aff0e769de5e4f1e777c773cb9184caf3450f129649275589748ce3c366ab45201dc885c13bec0e90ffd760913dc32b020f2b43d6d07d4cf6489fa8545159558910c8a02768cdf06df2160b935b12ab8be95217167a2f8ac13bcfa2ba394ee31a1466a7c136ae8fc34748698c5c5fb991bf35fece9c6479e36c5ba63a07d0411d37d1c749df4d86,gx-no-cache=1527083360879 HTTP/1.1" 200 30
200.73.230.197 - - [23/May/2018:10:50:46 -0300] "GET /cormun/servlet/hlogin HTTP/1.1" 200 1723
200.73.230.197 - - [23/May/2018:10:50:47 -0300] "GET /cormun/servlet/hlogin HTTP/1.1" 200 1733
200.54.247.70 - - [23/May/2018:10:50:49 -0300] "GET /cormun/servlet/trsolicitudot? HTTP/1.1" 200 8806
200.54.247.70 - - [23/May/2018:10:50:49 -0300] "GET /cormun/servlet/trsolicitudot? HTTP/1.1" 200 8806
200.112.6.235 - - [23/May/2018:10:50:50 -0300] "GET /cormun/servlet/licenciaspermisos?INS,0,,, HTTP/1.1" 200 7748
200.112.6.235 - - [23/May/2018:10:50:50 -0300] "GET /cormun/static/gxcfg.js?201762917281167 HTTP/1.1" 200 953
190.100.93.40 - - [23/May/2018:10:50:50 -0300] "GET /cormun/servlet/hlogin HTTP/1.1" 200 1714
200.112.6.235 - - [23/May/2018:10:50:50 -0300] "GET /cormun/servlet/licenciaspermisos?INS,0,,, HTTP/1.1" 200 7756
200.54.247.70 - - [23/May/2018:10:50:52 -0300] "GET /cormun/servlet/solicitudot?INS,0,0, HTTP/1.1" 200 13677
190.100.93.40 - - [23/May/2018:10:50:52 -0300] "POST /cormun/servlet/hlogin?8136af119f61849079ab5590b7a6308e,gx-no-cache=1527083391311 HTTP/1.1" 200 90
190.100.93.40 - - [23/May/2018:10:50:52 -0300] "GET /cormun/servlet/hpexe_link HTTP/1.1" 200 946
190.100.93.40 - - [23/May/2018:10:50:52 -0300] "GET /cormun/servlet/hhome HTTP/1.1" 200 4343
200.54.247.70 - - [23/May/2018:10:50:52 -0300] "GET /cormun/servlet/solicitudot?INS,0,0, HTTP/1.1" 200 13682
190.100.93.40 - - [23/May/2018:10:50:53 -0300] "GET /cormun/servlet/hhome HTTP/1.1" 200 4339
200.73.230.197 - - [23/May/2018:10:50:55 -0300] "POST /cormun/servlet/hlogin?c4e81ec36a9bdb6b918007b4103f7879,gx-no-cache=1527083394365 HTTP/1.1" 200 90
200.73.230.197 - - [23/May/2018:10:50:55 -0300] "GET /cormun/servlet/hpexe_link HTTP/1.1" 200 955
200.73.230.197 - - [23/May/2018:10:50:55 -0300] "GET /cormun/servlet/hhome HTTP/1.1" 200 3958
190.100.93.40 - - [23/May/2018:10:50:56 -0300] "GET /cormun/servlet/trlicencias? HTTP/1.1" 200 11799
190.100.93.40 - - [23/May/2018:10:50:57 -0300] "GET /cormun/servlet/trlicencias? HTTP/1.1" 200 11797
200.73.230.197 - - [23/May/2018:10:50:59 -0300] "GET /cormun/servlet/hhome HTTP/1.1" 200 3955
200.73.230.197 - - [23/May/2018:10:51:02 -0300] "GET /cormun/servlet/trlicencias? HTTP/1.1" 200 9813
200.54.247.70 - - [23/May/2018:10:51:03 -0300] "GET /cormun/servlet/prfichaempleado?,MD,,gxPopupLevel%3D0%3B HTTP/1.1" 200 9397
200.73.230.197 - - [23/May/2018:10:51:03 -0300] "GET /cormun/servlet/trlicencias? HTTP/1.1" 200 9810
200.54.247.70 - - [23/May/2018:10:51:08 -0300] "POST /cormun/servlet/prfichaempleado?0f54c41082d8bc54fde62812ad49ca4a,,MD,,gxPopupLevel%3D0%3B,gx-no-cache=1527083406840 HTTP/1.1" 200 3411
200.73.230.197 - - [23/May/2018:10:51:09 -0300] "GET /cormun/servlet/licenciaspermisos?INS,0,,, HTTP/1.1" 200 7480
200.73.230.197 - - [23/May/2018:10:51:09 -0300] "GET /cormun/static/gxcfg.js?201762917281167 HTTP/1.1" 200 953
200.73.230.197 - - [23/May/2018:10:51:10 -0300] "GET /cormun/servlet/licenciaspermisos?INS,0,,, HTTP/1.1" 200 7480
200.54.247.70 - - [23/May/2018:10:51:14 -0300] "POST /cormun/servlet/solicitudot?gx-no-cache=1527083412847 HTTP/1.1" 200 3389
200.54.247.70 - - [23/May/2018:10:51:14 -0300] "POST /cormun/servlet/solicitudot?0f54c41082d8bc54fde62812ad49ca4a,INS,0,0,,gx-no-cache=1527083413077 HTTP/1.1" 200 10560
200.54.247.70 - - [23/May/2018:10:51:14 -0300] "GET /cormun/servlet/solicitudot?8e226130e374e848f8b93d005a53d9ef8c7eb6116fcdfd8444b344c2662331a6c277bfb5866bbf7504cdc6b371915a66,gx-no-cache=1527083413408 HTTP/1.1" 200 30
200.112.6.235 - - [23/May/2018:10:51:23 -0300] "GET /cormun/servlet/licenciaspermisos?5587ef06716bea3ea2a8e0abd18b9ba87cd37b9f87dd3d06367f8c2042483e77cda3ebb94e312fc080e530a5da239c4d,gx-no-cache=1527083423626 HTTP/1.1" 200 96
200.54.247.70 - - [23/May/2018:10:51:23 -0300] "GET /cormun/servlet/solicitudot?8e226130e374e848f8b93d005a53d9ef3acbf896929e35d9dd971e272069cfd4fa97fa0eded44e3715b0d740aec6e0d60589badd17b3378cb15218905a728c81,gx-no-cache=1527083421826 HTTP/1.1" 200 30
200.54.247.70 - - [23/May/2018:10:51:23 -0300] "GET /cormun/servlet/solicitudot?8e226130e374e848f8b93d005a53d9efa06416f29c3d9b1d6e5d7d7685d1bd20,gx-no-cache=1527083421871 HTTP/1.1" 200 51
200.54.247.70 - - [23/May/2018:10:51:23 -0300] "POST /cormun/servlet/solicitudot?gx-no-cache=1527083422162 HTTP/1.1" 200 255
200.54.247.70 - - [23/May/2018:10:51:23 -0300] "GET /cormun/servlet/solicitudot?8e226130e374e848f8b93d005a53d9ef2aa84ad9849d24d165d7ea3ca5459067537b70bac1aa139cb9a18ad143bcfca6180e57ad4beb521cbc2c5686be43502df53d90d8537f9605754cddb7886c83456b14d2fcd6ec617aab258fcbf4a2357d698d8ab05996a487393c88e227d9d676f581ff10f2087d4156fcf077a23ad3458c8ebb747bcb77cf9ffe1b977c1dbf5e824c886e6c6a2a0e43d16419d9416e56b2935fc529083381e8e98a1386b795690724a5964ece2eb7deae290e871204d6157b05da89f1befec48f46714b94c37db8bdd581fd64a8db44682fd4120fd5949a1d7a94226b07cdd1ac8d510e12bb5c20d30f5f2705d4068aff0e769de5e4f1e777c773cb9184caf3450f129649275589748ce3c366ab45201dc885c13bec0e90ffd760913dc32b020f2b43d6d07d4cf6489fa8545159558910c8a02768cdf06df2160b935b12ab8be95217167a2f8ac13bcfa2ba394ee31a1466a7c136ae8fc34748698c5c5fb991bf35fece9c6479e36c5ba63a07d0411d37d1c749df4d86,gx-no-cache=1527083422237 HTTP/1.1" 200 30
200.54.247.70 - - [23/May/2018:10:51:23 -0300] "POST /cormun/servlet/solicitudot?gx-no-cache=1527083422294 HTTP/1.1" 200 30
200.54.247.70 - - [23/May/2018:10:51:23 -0300] "POST /cormun/servlet/solicitudot?gx-no-cache=1527083422363 HTTP/1.1" 200 1369
200.54.247.70 - - [23/May/2018:10:51:23 -0300] "POST /cormun/servlet/solicitudot?gx-no-cache=1527083422459 HTTP/1.1" 200 38
200.73.230.197 - - [23/May/2018:10:51:29 -0300] "GET /cormun/servlet/licenciaspermisos?8220f434669152b8dcf4d91d446c5447f198f9eae3f8bf6d3747c60b504f9f5fc4ca723a5c1d6ed0cb04523277a50409,gx-no-cache=1527083429050 HTTP/1.1" 200 90
200.73.230.197 - - [23/May/2018:10:51:30 -0300] "POST /cormun/servlet/licenciaspermisos?c4e81ec36a9bdb6b918007b4103f7879,INS,0,,,,gx-no-cache=1527083429146 HTTP/1.1" 200 4676
190.100.93.40 - - [23/May/2018:10:51:46 -0300] "GET /cormun/servlet/trlicencias? HTTP/1.1" 200 11799
190.100.93.40 - - [23/May/2018:10:51:46 -0300] "GET /cormun/servlet/trlicencias? HTTP/1.1" 200 11797
190.100.93.40 - - [23/May/2018:10:51:46 -0300] "GET /favicon.ico HTTP/1.1" 200 21630
200.112.6.235 - - [23/May/2018:10:51:46 -0300] "GET /cormun/servlet/licenciaspermisos?5587ef06716bea3ea2a8e0abd18b9ba87cd37b9f87dd3d06367f8c2042483e774a9fc8fc0477379fa43e4797e90871ebaa2e3eedc321c70bda73fa9ed9ffcb0b0ffc7013f3d4035f5edf7117a069f7432d297a972170c5104cbd682790031221c100ccb79f8f19c7dce620070f38e39290b3df53e32cf6ae16acc94b9118992a,gx-no-cache=1527083447541 HTTP/1.1" 200 96
200.111.191.210 - - [23/May/2018:10:51:55 -0300] "GET /cormun/servlet/trsolicitudot? HTTP/1.1" 200 6418
200.111.191.210 - - [23/May/2018:10:51:55 -0300] "GET /cormun/servlet/hlogin HTTP/1.1" 200 1734
200.111.191.210 - - [23/May/2018:10:51:55 -0300] "GET /cormun/servlet/trsolicitudot? HTTP/1.1" 200 6401
200.112.6.235 - - [23/May/2018:10:52:04 -0300] "GET /cormun/static/menuarrow.gif HTTP/1.1" 404 1015
200.54.247.70 - - [23/May/2018:10:52:13 -0300] "POST /cormun/servlet/solicitudot?gx-no-cache=1527083471505 HTTP/1.1" 200 30
200.54.247.70 - - [23/May/2018:10:52:22 -0300] "POST /cormun/servlet/solicitudot?gx-no-cache=1527083481084 HTTP/1.1" 200 1369
200.54.247.70 - - [23/May/2018:10:52:22 -0300] "POST /cormun/servlet/solicitudot?gx-no-cache=1527083481154 HTTP/1.1" 200 38
200.54.247.70 - - [23/May/2018:10:52:32 -0300] "GET /cormun/servlet/solicitudot?8e226130e374e848f8b93d005a53d9efc1ec4bd1f83ec71677d044dcd08108b29e9f593802209a0e44b6f4b03cdc3c40b9ad13303e5d3c3398ba1db1f919cd71f408ef6bf7d24ab05281405ec225b7bd57a743b296fef959b74b0421b965333c9d04557443fe42f02f15ae352d8783bb1bd7d541e4297da9ec93e20fece097ca829a779210237b6d63e61fa184509e1bb879e53488c918b830580a7de6fb3e57,gx-no-cache=1527083490629 HTTP/1.1" 200 29
200.54.247.70 - - [23/May/2018:10:52:32 -0300] "POST /cormun/servlet/solicitudot?gx-no-cache=1527083490691 HTTP/1.1" 200 1351
200.54.247.70 - - [23/May/2018:10:52:32 -0300] "POST /cormun/servlet/solicitudot?gx-no-cache=1527083490741 HTTP/1.1" 200 1249
200.54.247.70 - - [23/May/2018:10:52:32 -0300] "GET /cormun/static/menuarrow.gif HTTP/1.1" 404 1015
200.54.247.70 - - [23/May/2018:10:52:35 -0300] "GET /cormun/servlet/solicitudot?8e226130e374e848f8b93d005a53d9ef4e529a02d2167d2f323e78c6dce01d4f03c3fa2d527525920d70e68c9abb0a62,gx-no-cache=1527083494192 HTTP/1.1" 200 30
200.54.247.70 - - [23/May/2018:10:52:50 -0300] "POST /cormun/servlet/solicitudot?gx-no-cache=1527083509424 HTTP/1.1" 200 30
200.73.230.197 - - [23/May/2018:10:53:11 -0300] "GET /cormun/static/menuarrow.gif HTTP/1.1" 404 1015
200.73.230.197 - - [23/May/2018:10:54:09 -0300] "GET /cormun/servlet/licenciaspermisos?8220f434669152b8dcf4d91d446c5447943b17d2835f55dc5f24c7b7dff4783da334892196a2991137d9183b04b798d55056ad4792dbccb5621eedb873adfe843264c284c28b67e7ea5b2a9b8b32d77c4cfee97a3216f72c2ff9f41cf0497fd1780e3326945831b73f3af5343ba0cd33475ba9f76669989f85ae33deef9271c474e4e4573bcdbe846b5f908b3586a44f719569cb5ebc3ff745166c5230a402b9b81e69eb53ea965234946638d535b597,gx-no-cache=1527083588337 HTTP/1.1" 200 30
200.73.230.197 - - [23/May/2018:10:54:09 -0300] "GET /cormun/servlet/licenciaspermisos?8220f434669152b8dcf4d91d446c544749eb3dad4f18905aa4ad0fe7190aca9979c917da22c8f7b9498eed2fac3e12d36274883dea1836761e1faf4afa0deaf4fb93882a769f2968f0e50b14038a6d35d0fa67d9abeb42bc476a81cdfb3422ff126262d1021e958898d2873cad06112e330901a109d255807e725888d5da19691f78ecdcd960296639656b89a4f03c5d03705bfd52560ee67da6a69b95532c910b2b8fb788a62a55e90cfb9dd0c92889,gx-no-cache=1527083588437 HTTP/1.1" 200 29
200.73.230.197 - - [23/May/2018:10:54:09 -0300] "POST /cormun/servlet/licenciaspermisos?c4e81ec36a9bdb6b918007b4103f7879,INS,0,,,,gx-no-cache=1527083588521 HTTP/1.1" 200 93
200.73.230.197 - - [23/May/2018:10:54:09 -0300] "GET /cormun/servlet/hpexe_return? HTTP/1.1" 200 1016
200.73.230.197 - - [23/May/2018:10:54:10 -0300] "GET /cormun/servlet/trlicencias HTTP/1.1" 200 10210
200.73.230.197 - - [23/May/2018:10:54:11 -0300] "GET /cormun/servlet/trlicencias HTTP/1.1" 200 10205
200.73.230.197 - - [23/May/2018:10:54:17 -0300] "GET /cormun/servlet/trlicenciaspermisosadjuntos?11672116,20180523000000,L, HTTP/1.1" 200 6302
200.73.230.197 - - [23/May/2018:10:54:18 -0300] "GET /cormun/static/gxcfg.js?20177612163414 HTTP/1.1" 200 953
200.73.230.197 - - [23/May/2018:10:54:19 -0300] "GET /cormun/servlet/trlicenciaspermisosadjuntos?11672116,20180523000000,L, HTTP/1.1" 200 6303
200.73.230.197 - - [23/May/2018:10:54:21 -0300] "GET /cormun/servlet/licenciaspermisosadjuntos?INS,11672116,L,20180523000000,, HTTP/1.1" 200 5599
200.73.230.197 - - [23/May/2018:10:54:21 -0300] "GET /cormun/static/gxcfg.js?2017761263592 HTTP/1.1" 200 953
200.73.230.197 - - [23/May/2018:10:54:22 -0300] "GET /cormun/static/about:blank HTTP/1.1" 404 1011
200.73.230.197 - - [23/May/2018:10:54:22 -0300] "GET /cormun/servlet/licenciaspermisosadjuntos?INS,11672116,L,20180523000000,, HTTP/1.1" 200 5587
200.73.230.197 - - [23/May/2018:10:54:42 -0300] "POST /cormun/servlet/licenciaspermisosadjuntos?c4e81ec36a9bdb6b918007b4103f7879,INS,11672116,L,20180523000000,, HTTP/1.1" 200 116
200.73.230.197 - - [23/May/2018:10:54:42 -0300] "GET /cormun/servlet/hpexe_return? HTTP/1.1" 200 1045
200.73.230.197 - - [23/May/2018:10:54:43 -0300] "GET /cormun/servlet/trlicenciaspermisosadjuntos?11672116,20180523000000,L, HTTP/1.1" 200 6770
200.73.230.197 - - [23/May/2018:10:54:44 -0300] "GET /cormun/servlet/trlicenciaspermisosadjuntos?11672116,20180523000000,L, HTTP/1.1" 200 6766
200.73.230.197 - - [23/May/2018:10:54:52 -0300] "GET /cormun/servlet/trlicencias? HTTP/1.1" 200 10214
200.73.230.197 - - [23/May/2018:10:54:53 -0300] "GET /cormun/servlet/trlicencias? HTTP/1.1" 200 10205
190.46.88.10 - - [23/May/2018:10:55:15 -0300] "GET /cormun/servlet/hlogin HTTP/1.1" 200 1718
190.46.88.10 - - [23/May/2018:10:55:28 -0300] "POST /cormun/servlet/hlogin?200cb0cb6c2008219ef1b1d5ca4b9713,gx-no-cache=1527083668306 HTTP/1.1" 200 90
190.46.88.10 - - [23/May/2018:10:55:28 -0300] "GET /cormun/servlet/hpexe_link HTTP/1.1" 200 945
190.46.88.10 - - [23/May/2018:10:55:28 -0300] "GET /cormun/servlet/hhome HTTP/1.1" 200 4221
