201.215.248.160 - - [22/May/2018:14:12:53 -0300] "GET /cormun/servlet/hpexe_return? HTTP/1.1" 200 1011
201.215.248.160 - - [22/May/2018:14:12:54 -0300] "GET /cormun/servlet/trlicencias HTTP/1.1" 200 12981
201.215.248.160 - - [22/May/2018:14:12:55 -0300] "GET /cormun/servlet/trlicencias HTTP/1.1" 200 12976
186.103.156.166 - - [22/May/2018:14:13:18 -0300] "GET /cormun/servlet/licenciaspermisos?c5246f8c390645a7d8a073889773ed5c3df4fe33c1ac06e194fc75d3616f7662e1486bea336c229abade036fd9983429,gx-no-cache=1527009132901 HTTP/1.1" 200 185
186.103.156.166 - - [22/May/2018:14:13:18 -0300] "GET /cormun/static/Shared/jqueryui/images/ui-bg_highlight-soft_100_c6c2c8_1x100.png HTTP/1.1" 404 1117
186.103.156.166 - - [22/May/2018:14:13:18 -0300] "GET /cormun/static/Shared/jqueryui/images/ui-icons_82798d_256x240.png HTTP/1.1" 404 1089
186.103.156.166 - - [22/May/2018:14:13:18 -0300] "GET /cormun/static/Shared/jqueryui/images/ui-bg_flat_55_994d53_40x100.png HTTP/1.1" 404 1097
186.103.156.166 - - [22/May/2018:14:13:18 -0300] "GET /cormun/static/Shared/jqueryui/images/ui-icons_ebccce_256x240.png HTTP/1.1" 404 1089
186.103.156.166 - - [22/May/2018:14:13:46 -0300] "GET /cormun/static/Resources/resize.gif HTTP/1.1" 200 77
186.103.156.166 - - [22/May/2018:14:13:46 -0300] "GET /cormun/servlet/prfichaempleado?,MD,,gxPopupLevel%3D0%3B HTTP/1.1" 200 9228
186.103.156.166 - - [22/May/2018:14:13:46 -0300] "GET /cormun/static/gxcfg.js?20177612134814 HTTP/1.1" 200 953
186.103.156.166 - - [22/May/2018:14:13:46 -0300] "GET /cormun/static/Resources/PXToolsMenuSearch.png HTTP/1.1" 200 2914
186.103.156.166 - - [22/May/2018:14:13:46 -0300] "GET /cormun/static/hmpwkw011.js?20177612121862 HTTP/1.1" 200 1968
186.103.156.166 - - [22/May/2018:14:13:46 -0300] "GET /cormun/static/menusearch.js?201610171694467 HTTP/1.1" 200 1424
186.103.156.166 - - [22/May/2018:14:13:46 -0300] "GET /cormun/static/Resources/PXToolsMenuSearchCancel.png HTTP/1.1" 200 2972
186.103.156.166 - - [22/May/2018:14:13:46 -0300] "GET /cormun/static/prfichaempleado.js?20177612134999 HTTP/1.1" 200 16006
186.103.156.166 - - [22/May/2018:14:13:55 -0300] "GET /cormun/servlet/licenciaspermisos?c5246f8c390645a7d8a073889773ed5c58b122c14a77271696b125e376409367e1486bea336c229abade036fd9983429,gx-no-cache=1527009170085 HTTP/1.1" 200 98
186.103.156.166 - - [22/May/2018:14:13:55 -0300] "POST /cormun/servlet/licenciaspermisos?85341d76964b44e32b42604cfb02aef5,INS,0,,,,gx-no-cache=1527009170239 HTTP/1.1" 200 4698
201.215.248.160 - - [22/May/2018:14:14:21 -0300] "GET /cormun/servlet/alicenciaprn?18995017,L,20180522000000,PU HTTP/1.1" 200 1566
186.103.156.166 - - [22/May/2018:14:14:40 -0300] "GET /cormun/static/menuarrow.gif HTTP/1.1" 404 1015
186.103.157.39 - - [22/May/2018:14:14:48 -0300] "GET /cormun/servlet/hlogin HTTP/1.1" 200 1719
186.103.157.39 - - [22/May/2018:14:15:01 -0300] "POST /cormun/servlet/hlogin?c54c9ef64df6bd8d6127ede476d032c0,gx-no-cache=1527009241067 HTTP/1.1" 200 90
186.103.157.39 - - [22/May/2018:14:15:01 -0300] "GET /cormun/servlet/hpexe_link HTTP/1.1" 200 951
186.103.157.39 - - [22/May/2018:14:15:01 -0300] "GET /cormun/servlet/hhome HTTP/1.1" 200 3943
186.103.157.39 - - [22/May/2018:14:15:01 -0300] "GET /cormun/static/Shared/ext/ext-all.js HTTP/1.1" 206 1
186.103.157.39 - - [22/May/2018:14:15:07 -0300] "GET /cormun/static/Shared/ext/ext-all.js HTTP/1.1" 206 995334
186.103.157.39 - - [22/May/2018:14:15:08 -0300] "GET /cormun/servlet/hhome HTTP/1.1" 200 3940
186.103.157.39 - - [22/May/2018:14:15:08 -0300] "GET /cormun/static/SmoothNavMenu/resources/images/down.gif HTTP/1.1" 200 854
201.215.248.160 - - [22/May/2018:14:15:13 -0300] "GET /cormun/servlet/trpermisosgoce? HTTP/1.1" 200 15756
186.103.159.183 - - [22/May/2018:14:15:14 -0300] "GET /cormun/servlet/solicitudot?INS,0,0, HTTP/1.1" 200 13640
186.103.157.39 - - [22/May/2018:14:15:14 -0300] "GET /cormun/servlet/trsolicitudot? HTTP/1.1" 200 7151
186.103.157.39 - - [22/May/2018:14:15:14 -0300] "GET /cormun/static/gxui/gxui-all.css?120300 HTTP/1.1" 200 2179
186.103.157.39 - - [22/May/2018:14:15:14 -0300] "GET /cormun/static/calendar-system.css?85620 HTTP/1.1" 200 5572
186.103.157.39 - - [22/May/2018:14:15:14 -0300] "GET /cormun/static/gxcfg.js?2017111422585916 HTTP/1.1" 200 953
186.103.157.39 - - [22/May/2018:14:15:14 -0300] "GET /cormun/static/calendar-setup.js?85251 HTTP/1.1" 200 2588
186.103.157.39 - - [22/May/2018:14:15:14 -0300] "GET /cormun/static/calendar-es.js?85251 HTTP/1.1" 200 1901
186.103.157.39 - - [22/May/2018:14:15:14 -0300] "GET /cormun/static/calendar.js?85251 HTTP/1.1" 200 26246
186.103.159.183 - - [22/May/2018:14:15:14 -0300] "GET /cormun/static/Shared/ext/ext-all.js HTTP/1.1" 200 1289687
201.215.248.160 - - [22/May/2018:14:15:14 -0300] "GET /cormun/servlet/trpermisosgoce? HTTP/1.1" 200 15791
186.103.159.183 - - [22/May/2018:14:15:15 -0300] "GET /cormun/servlet/solicitudot?INS,0,0, HTTP/1.1" 200 13644
201.215.248.160 - - [22/May/2018:14:15:21 -0300] "GET /cormun/servlet/apermisogoceprn?11150723,P,20180522125516,PU HTTP/1.1" 200 1651
186.103.159.183 - - [22/May/2018:14:15:26 -0300] "POST /cormun/servlet/solicitudot?gx-no-cache=1527009265159 HTTP/1.1" 200 3399
186.103.159.183 - - [22/May/2018:14:15:27 -0300] "POST /cormun/servlet/solicitudot?bc1d409006ce165c2d7925d85eae9c50,INS,0,0,,gx-no-cache=1527009265840 HTTP/1.1" 200 10567
201.215.248.160 - - [22/May/2018:14:15:44 -0300] "GET /cormun/servlet/apermisogoceprn?9148656,P,20180522130006,PU HTTP/1.1" 200 1654
186.103.159.183 - - [22/May/2018:14:16:05 -0300] "GET /cormun/servlet/solicitudot?20c3dec12acd0a0ed6569e3dde04de57620236683adf8efa409891d38f1c789d8161b8d86abb5626352af0ead0e9fc3f,gx-no-cache=1527009304261 HTTP/1.1" 200 30
186.103.159.183 - - [22/May/2018:14:16:05 -0300] "GET /cormun/servlet/solicitudot?20c3dec12acd0a0ed6569e3dde04de570211d85430515a870cbde5b9332cb91fbd1c40274122343617cb19d736a57cb39fac7fede181e27f5ec04822fcc6c5a8,gx-no-cache=1527009304327 HTTP/1.1" 200 30
186.103.159.183 - - [22/May/2018:14:16:05 -0300] "GET /cormun/servlet/solicitudot?20c3dec12acd0a0ed6569e3dde04de57e0d949de4e1b9a735ce24e3f467d1c94,gx-no-cache=1527009304354 HTTP/1.1" 200 51
186.103.159.183 - - [22/May/2018:14:16:11 -0300] "POST /cormun/servlet/solicitudot?gx-no-cache=1527009310332 HTTP/1.1" 200 255
186.103.159.183 - - [22/May/2018:14:16:11 -0300] "GET /cormun/servlet/solicitudot?20c3dec12acd0a0ed6569e3dde04de577e2bba66966861540d707201876359e42c032a95dbb9f3f07b908cabd040cd64a5a8c71daf7b0ae72a283270311d150a067006967321043321bbf1f885e62648c055b00096fd81c9a0a9ea80e513d98c28fd38e8793c4d45f2bac23185d7e6bfefa49555694b2492f8d1dee761d9ef2726e0eb679dcca5560027de350845f7dffa179e26b8ddc31dd8b40734a88dc2165885bfb01c30121b9c8edde4d422cf5bc8e59e523a7c4ae0e0192a0d301a79eff0e75a6c0ee7d734832552c1891124e51f8756cd5d0d8a18cd5d041cbaa1b364837d413fb50272604c8a245ba963159a0d3bed63b105f1802ee63c8fa0d7bd3c7cb4225d871a445554cdf6a0fe2a2876a82a1b69fd05b04ed78c89fb06a29462eb86c69206d4fd7de6d37aa93400d23c57cbba505f7688524d2059f27c47ffa32dcf3d3517ecf44891f9692d4d9fb1be5927afa1a4c7e5f90bc698e1b03e6a0c56c8a27c5dd592b45b65b0bbdb1b0d1eddcede09701e4098988782b5fbb849bf,gx-no-cache=1527009310473 HTTP/1.1" 200 30
186.103.159.183 - - [22/May/2018:14:16:14 -0300] "POST /cormun/servlet/solicitudot?gx-no-cache=1527009313386 HTTP/1.1" 200 30
186.103.159.183 - - [22/May/2018:14:16:28 -0300] "POST /cormun/servlet/solicitudot?gx-no-cache=1527009327925 HTTP/1.1" 200 1369
186.103.159.183 - - [22/May/2018:14:16:29 -0300] "POST /cormun/servlet/solicitudot?gx-no-cache=1527009328056 HTTP/1.1" 200 38
186.103.157.39 - - [22/May/2018:14:16:29 -0300] "GET /cormun/static/Resources/Spanish/PXTools.css?1255365 HTTP/1.1" 200 24576
186.103.157.39 - - [22/May/2018:14:16:31 -0300] "GET /cormun/static/Shared/ext/resources/css/ext-all.css?215870 HTTP/1.1" 200 49152
186.103.159.183 - - [22/May/2018:14:16:36 -0300] "GET /cormun/servlet/solicitudot?20c3dec12acd0a0ed6569e3dde04de57801cb245cc69ca5285174ebcf168a1b7f2e8bd61dbf19fb7ece613f4917ef5ca3e00b0f0a080ddc9041171a4f13f24c580ababa0879665124964c21beb66e43eed4e3b2d4106591290d37cb74838b9f3d6f2a62c158a40a7f42c3ce5cb779aacdfe4ac43f80a6a37bacd69163bfe44e59a0c4644e766b24c2467eda27f29c28dbca855540cb1aa042151e8dbdaf9cc03,gx-no-cache=1527009335900 HTTP/1.1" 200 29
186.103.159.183 - - [22/May/2018:14:16:36 -0300] "POST /cormun/servlet/solicitudot?gx-no-cache=1527009335970 HTTP/1.1" 200 1351
186.103.159.183 - - [22/May/2018:14:16:37 -0300] "POST /cormun/servlet/solicitudot?gx-no-cache=1527009336055 HTTP/1.1" 200 1249
186.103.159.183 - - [22/May/2018:14:16:37 -0300] "GET /cormun/static/menuarrow.gif HTTP/1.1" 404 1015
186.103.159.183 - - [22/May/2018:14:16:38 -0300] "POST /cormun/servlet/solicitudot?gx-no-cache=1527009337552 HTTP/1.1" 200 1351
186.103.159.183 - - [22/May/2018:14:16:38 -0300] "POST /cormun/servlet/solicitudot?gx-no-cache=1527009337700 HTTP/1.1" 200 1249
186.103.159.183 - - [22/May/2018:14:16:40 -0300] "GET /cormun/servlet/solicitudot?20c3dec12acd0a0ed6569e3dde04de57856c365e35d229f02790c7e8c70837921b28a6784960525917acf7adf1fb0def,gx-no-cache=1527009339721 HTTP/1.1" 200 30
186.103.159.183 - - [22/May/2018:14:16:46 -0300] "POST /cormun/servlet/solicitudot?gx-no-cache=1527009345828 HTTP/1.1" 200 30
186.103.156.24 - - [22/May/2018:14:16:57 -0300] "GET /cormun/servlet/trlicencias? HTTP/1.1" 200 12003
186.103.156.24 - - [22/May/2018:14:16:57 -0300] "GET /cormun/static/gxcfg.js?20176272054169 HTTP/1.1" 200 953
186.103.156.24 - - [22/May/2018:14:16:57 -0300] "GET /cormun/static/Resources/Spanish/PXTools.css?17315867 HTTP/1.1" 200 89042
186.103.156.24 - - [22/May/2018:14:16:57 -0300] "GET /cormun/static/trlicencias.js?20176272054837 HTTP/1.1" 200 41883
186.103.156.24 - - [22/May/2018:14:16:58 -0300] "GET /cormun//static/Resources/PXToolsActionDisabled.gif HTTP/1.1" 200 53
186.103.156.24 - - [22/May/2018:14:16:58 -0300] "GET /cormun/servlet/trlicencias? HTTP/1.1" 200 11998
186.103.159.183 - - [22/May/2018:14:17:19 -0300] "POST /cormun/servlet/solicitudot?bc1d409006ce165c2d7925d85eae9c50,INS,0,0,,gx-no-cache=1527009377883 HTTP/1.1" 200 93
186.103.159.183 - - [22/May/2018:14:17:19 -0300] "GET /cormun/servlet/hpexe_return? HTTP/1.1" 200 1006
186.103.159.183 - - [22/May/2018:14:17:19 -0300] "GET /cormun/servlet/trsolicitudot HTTP/1.1" 200 8812
186.103.159.183 - - [22/May/2018:14:17:20 -0300] "GET /cormun/static/Shared/ext/ext-all.js HTTP/1.1" 200 1289687
186.103.159.183 - - [22/May/2018:14:17:20 -0300] "GET /cormun/servlet/trsolicitudot HTTP/1.1" 200 8808
186.103.157.39 - - [22/May/2018:14:17:21 -0300] "GET /cormun/servlet/hlogin HTTP/1.1" 200 1719
186.103.159.183 - - [22/May/2018:14:17:22 -0300] "GET /cormun/servlet/solicitudot?INS,0,0, HTTP/1.1" 200 13640
186.103.159.183 - - [22/May/2018:14:17:23 -0300] "GET /cormun/static/Shared/ext/ext-all.js HTTP/1.1" 200 1289687
186.103.159.183 - - [22/May/2018:14:17:23 -0300] "GET /cormun/servlet/solicitudot?INS,0,0, HTTP/1.1" 200 13645
186.103.156.166 - - [22/May/2018:14:17:28 -0300] "GET /cormun/servlet/licenciaspermisos?c5246f8c390645a7d8a073889773ed5cd6d553530ca005cc07682209b1b61969367a17f94c6ea528c6859e3991c492c5ba1bab2bd66573fff442af54fc73249074498302c307e72c26732de9b45177c7c8e1443adcd247f5d032c38d8a651d65400227329c0b4dbb5c11b84386926edb75340902d4f88da16008b7c7b940f1490b6f626639b2f0a3fcbe247a1dbb6ddd10b8f3503ad7198bd7214a4d73ccd55b008a5b83d4871981f035c0d5bb3e8ab855d5e773a9b035d251b75c2a67f7a229b0d383cff26259ded832c07494051fcffde69afdc0e1ab2baee0a32be36db400,gx-no-cache=1527009382633 HTTP/1.1" 200 30
186.103.156.166 - - [22/May/2018:14:17:28 -0300] "POST /cormun/servlet/licenciaspermisos?85341d76964b44e32b42604cfb02aef5,INS,0,,,,gx-no-cache=1527009382728 HTTP/1.1" 200 4771
186.103.157.39 - - [22/May/2018:14:17:36 -0300] "POST /cormun/servlet/hlogin?c4fd552b03364b0ad29773fdc3634526,gx-no-cache=1527009396297 HTTP/1.1" 200 90
186.103.157.39 - - [22/May/2018:14:17:36 -0300] "GET /cormun/servlet/hpexe_link HTTP/1.1" 200 949
186.103.157.39 - - [22/May/2018:14:17:36 -0300] "GET /cormun/servlet/hhome HTTP/1.1" 200 3939
186.103.157.39 - - [22/May/2018:14:17:38 -0300] "GET /cormun/servlet/hhome HTTP/1.1" 200 3935
186.103.157.39 - - [22/May/2018:14:17:43 -0300] "GET /cormun/servlet/trsolicitudot? HTTP/1.1" 200 7150
186.103.157.39 - - [22/May/2018:14:17:43 -0300] "GET /cormun/static/Shared/ext/resources/css/ext-all.css?215870 HTTP/1.1" 206 1
186.103.157.39 - - [22/May/2018:14:17:43 -0300] "GET /cormun/static/Resources/Spanish/PXTools.css?1255365 HTTP/1.1" 206 1
186.103.157.39 - - [22/May/2018:14:17:43 -0300] "GET /cormun/static/calendar.js?85251 HTTP/1.1" 206 1
186.103.157.39 - - [22/May/2018:14:17:43 -0300] "GET /cormun/static/calendar.js?85251 HTTP/1.1" 206 17489
186.103.157.39 - - [22/May/2018:14:17:43 -0300] "GET /cormun/static/Resources/Spanish/PXTools.css?1255365 HTTP/1.1" 206 83671
186.103.157.39 - - [22/May/2018:14:17:43 -0300] "GET /cormun/static/gxdec.js?85251 HTTP/1.1" 200 19579
186.103.157.39 - - [22/May/2018:14:17:43 -0300] "GET /cormun/static/trsolicitudot.js?201711142259839 HTTP/1.1" 200 54041
186.103.157.39 - - [22/May/2018:14:17:44 -0300] "GET /cormun/static/Shared/ext/resources/css/ext-all.css?215870 HTTP/1.1" 206 412076
186.103.157.39 - - [22/May/2018:14:17:44 -0300] "GET /cormun/static/Resources/PXTools/calendar.png HTTP/1.1" 200 1306
186.103.157.39 - - [22/May/2018:14:17:44 -0300] "GET /cormun/static/Resources/PXToolsDataSearch.png HTTP/1.1" 200 419
186.103.157.39 - - [22/May/2018:14:17:44 -0300] "GET /cormun/static/Resources/PXToolsGridFirstDisabled.gif HTTP/1.1" 200 100
186.103.157.39 - - [22/May/2018:14:17:44 -0300] "GET /cormun/static/Resources/PXToolsGridPreviousDisabled.gif HTTP/1.1" 200 90
186.103.157.39 - - [22/May/2018:14:17:44 -0300] "GET /cormun/static/Resources/PXToolsGridNextDisabled.gif HTTP/1.1" 200 90
186.103.157.39 - - [22/May/2018:14:17:44 -0300] "GET /cormun/static/Resources/PXToolsGridLastDisabled.gif HTTP/1.1" 200 98
186.103.157.39 - - [22/May/2018:14:17:44 -0300] "GET /cormun/static/Resources/PXToolsGridPage.gif HTTP/1.1" 200 725
186.103.157.39 - - [22/May/2018:14:17:44 -0300] "GET /cormun/static/Resources/PXToolsActionExcel.png HTTP/1.1" 200 3187
186.103.157.39 - - [22/May/2018:14:17:44 -0300] "GET /cormun/static/Resources/PXToolsGridNew.png HTTP/1.1" 200 2949
186.103.157.39 - - [22/May/2018:14:17:45 -0300] "GET /cormun/static/Resources/asc.gif HTTP/1.1" 200 67
186.103.157.39 - - [22/May/2018:14:17:45 -0300] "GET /cormun/static/Resources/desc.gif HTTP/1.1" 200 65
186.103.157.39 - - [22/May/2018:14:17:45 -0300] "GET /cormun/servlet/trsolicitudot? HTTP/1.1" 200 7149
186.103.157.39 - - [22/May/2018:14:17:45 -0300] "GET /cormun/static/Shared/ext/resources/themes/images/default/panel/bg-headersPanel.png HTTP/1.1" 200 255
186.103.157.39 - - [22/May/2018:14:17:45 -0300] "GET /cormun/static/Shared/ext/resources/themes/images/default/tools/tool-sprites.gif HTTP/1.1" 200 5434
186.103.157.39 - - [22/May/2018:14:17:54 -0300] "GET /cormun/servlet/solicitudot?INS,0,0, HTTP/1.1" 200 13379
186.103.157.39 - - [22/May/2018:14:17:54 -0300] "GET /cormun/static/gxcfg.js?201812313224582 HTTP/1.1" 200 953
186.103.157.39 - - [22/May/2018:14:17:54 -0300] "GET /cormun/static/Resources/prompt.gif HTTP/1.1" 200 902
186.103.157.39 - - [22/May/2018:14:17:54 -0300] "GET /cormun/static/solicitudot.js?201812313224831 HTTP/1.1" 200 72336
186.103.157.39 - - [22/May/2018:14:17:55 -0300] "GET /cormun/servlet/solicitudot?INS,0,0, HTTP/1.1" 200 13384
186.103.159.183 - - [22/May/2018:14:17:57 -0300] "POST /cormun/servlet/solicitudot?gx-no-cache=1527009415618 HTTP/1.1" 200 3399
186.103.159.183 - - [22/May/2018:14:17:58 -0300] "POST /cormun/servlet/solicitudot?bc1d409006ce165c2d7925d85eae9c50,INS,0,0,,gx-no-cache=1527009416441 HTTP/1.1" 200 10566
186.103.159.183 - - [22/May/2018:14:18:00 -0300] "GET /cormun/servlet/solicitudot?20c3dec12acd0a0ed6569e3dde04de57620236683adf8efa409891d38f1c789d8161b8d86abb5626352af0ead0e9fc3f,gx-no-cache=1527009419106 HTTP/1.1" 200 30
186.103.159.183 - - [22/May/2018:14:18:00 -0300] "GET /cormun/servlet/solicitudot?20c3dec12acd0a0ed6569e3dde04de570211d85430515a870cbde5b9332cb91fbd1c40274122343617cb19d736a57cb39fac7fede181e27f5ec04822fcc6c5a8,gx-no-cache=1527009419207 HTTP/1.1" 200 30
186.103.159.183 - - [22/May/2018:14:18:00 -0300] "GET /cormun/servlet/solicitudot?20c3dec12acd0a0ed6569e3dde04de57e0d949de4e1b9a735ce24e3f467d1c94,gx-no-cache=1527009419234 HTTP/1.1" 200 51
186.103.159.183 - - [22/May/2018:14:18:00 -0300] "POST /cormun/servlet/solicitudot?gx-no-cache=1527009419265 HTTP/1.1" 200 255
186.103.159.183 - - [22/May/2018:14:18:00 -0300] "GET /cormun/servlet/solicitudot?20c3dec12acd0a0ed6569e3dde04de577e2bba66966861540d707201876359e42c032a95dbb9f3f07b908cabd040cd64a5a8c71daf7b0ae72a283270311d150a067006967321043321bbf1f885e62648c055b00096fd81c9a0a9ea80e513d98c28fd38e8793c4d45f2bac23185d7e6bfefa49555694b2492f8d1dee761d9ef2726e0eb679dcca5560027de350845f7dffa179e26b8ddc31dd8b40734a88dc2165885bfb01c30121b9c8edde4d422cf5bc8e59e523a7c4ae0e0192a0d301a79eff0e75a6c0ee7d734832552c1891124e51f8756cd5d0d8a18cd5d041cbaa1b364837d413fb50272604c8a245ba963159a0d3bed63b105f1802ee63c8fa0d7bd3c7cb4225d871a445554cdf6a0fe2a2876a82a1b69fd05b04ed78c89fb06a29462eb86c69206d4fd7de6d37aa93400d23c57cbba505f7688524d2059f27c47ffa32dcf3d3517ecf44891f9692d4d9fb1be5927afa1a4c7e5f90bc698e1b03e6a0c56c8a27c5dd592b45b65b0bbdb1b0d1eddcede09701e4098988782b5fbb849bf,gx-no-cache=1527009419317 HTTP/1.1" 200 30
186.103.159.183 - - [22/May/2018:14:18:03 -0300] "POST /cormun/servlet/solicitudot?gx-no-cache=1527009422456 HTTP/1.1" 200 30
186.103.156.166 - - [22/May/2018:14:18:11 -0300] "GET /cormun/servlet/licenciaspermisos?c5246f8c390645a7d8a073889773ed5cdbfb2fd76d1d12c4ac061e5485b63269a2ae89413f57a7868a19578026ebdddd509f3c533d872885323c0fb0b7e505fe15e797d7fbd94239447489e8c921aea1ff7c5dbc1a10ef47a09984a70f2be9dda9c06974964336271f79fb1ed87d5c4a17836de1fa4fede9680227b40b4ea57bfbabda72d6284ac22c9fc8bf9ecba6b93b996695effab92f863c083333969e67482e88ef0039ad7489475fda37e24923c1cb071f6f33ba3b4572a4b64485c8d0abcb74a5a07b6907181076fe9ab4e750f17afff30d1b0d7ceda4ba898f97ecfe9de2cce85ec450ebd0f2f4c1ea1f233f,gx-no-cache=1527009425933 HTTP/1.1" 200 61
186.103.159.183 - - [22/May/2018:14:18:19 -0300] "POST /cormun/servlet/solicitudot?gx-no-cache=1527009438372 HTTP/1.1" 200 1369
186.103.159.183 - - [22/May/2018:14:18:19 -0300] "POST /cormun/servlet/solicitudot?gx-no-cache=1527009438551 HTTP/1.1" 200 38
186.103.157.39 - - [22/May/2018:14:18:22 -0300] "POST /cormun/servlet/solicitudot?gx-no-cache=1527009441822 HTTP/1.1" 200 3284
186.103.157.39 - - [22/May/2018:14:18:22 -0300] "POST /cormun/servlet/solicitudot?c4fd552b03364b0ad29773fdc3634526,INS,0,0,,gx-no-cache=1527009442328 HTTP/1.1" 200 10251
186.103.159.183 - - [22/May/2018:14:18:24 -0300] "GET /cormun/servlet/solicitudot?20c3dec12acd0a0ed6569e3dde04de57801cb245cc69ca5285174ebcf168a1b7f2e8bd61dbf19fb7ece613f4917ef5ca3e00b0f0a080ddc9041171a4f13f24c580ababa0879665124964c21beb66e43eed4e3b2d4106591290d37cb74838b9f3d6f2a62c158a40a7f42c3ce5cb779aacdfe4ac43f80a6a37bacd69163bfe44e59a0c4644e766b24c2467eda27f29c28dbca855540cb1aa042151e8dbdaf9cc03,gx-no-cache=1527009443590 HTTP/1.1" 200 29
186.103.159.183 - - [22/May/2018:14:18:24 -0300] "POST /cormun/servlet/solicitudot?gx-no-cache=1527009443634 HTTP/1.1" 200 1350
186.103.159.183 - - [22/May/2018:14:18:24 -0300] "POST /cormun/servlet/solicitudot?gx-no-cache=1527009443716 HTTP/1.1" 200 1249
186.103.159.183 - - [22/May/2018:14:18:25 -0300] "GET /cormun/static/menuarrow.gif HTTP/1.1" 404 1015
186.103.159.183 - - [22/May/2018:14:18:26 -0300] "POST /cormun/servlet/solicitudot?gx-no-cache=1527009445050 HTTP/1.1" 200 1350
186.103.159.183 - - [22/May/2018:14:18:26 -0300] "POST /cormun/servlet/solicitudot?gx-no-cache=1527009445122 HTTP/1.1" 200 1249
186.103.159.183 - - [22/May/2018:14:18:27 -0300] "GET /cormun/servlet/solicitudot?20c3dec12acd0a0ed6569e3dde04de57856c365e35d229f02790c7e8c70837921b28a6784960525917acf7adf1fb0def,gx-no-cache=1527009446774 HTTP/1.1" 200 30
186.103.159.183 - - [22/May/2018:14:18:34 -0300] "POST /cormun/servlet/solicitudot?gx-no-cache=1527009453980 HTTP/1.1" 200 30
186.103.157.39 - - [22/May/2018:14:18:55 -0300] "POST /cormun/servlet/solicitudot?gx-no-cache=1527009474556 HTTP/1.1" 200 3409
186.103.157.39 - - [22/May/2018:14:18:55 -0300] "POST /cormun/servlet/solicitudot?c4fd552b03364b0ad29773fdc3634526,INS,0,0,,gx-no-cache=1527009475067 HTTP/1.1" 200 10449
186.103.157.39 - - [22/May/2018:14:19:06 -0300] "GET /cormun/servlet/solicitudot?aca83e4d125ff0a8107ce99c1e3c85e82b9c32a64435e2aca352b487d78bb9bd84d07c6611084c911690da400a9834f9,gx-no-cache=1527009485885 HTTP/1.1" 200 30
186.103.157.39 - - [22/May/2018:14:19:06 -0300] "GET /cormun/servlet/solicitudot?aca83e4d125ff0a8107ce99c1e3c85e8a7683a4a7a1541d94e9de2571720572a708623aab53dc7aca995acb3b058dbc39b842b37e387632bfbc11309c105d1fa,gx-no-cache=1527009486027 HTTP/1.1" 200 30
186.103.157.39 - - [22/May/2018:14:19:06 -0300] "GET /cormun/servlet/solicitudot?aca83e4d125ff0a8107ce99c1e3c85e8c27a06dfb5d3ae7021482f2266aabc98,gx-no-cache=1527009486255 HTTP/1.1" 200 60
186.103.157.39 - - [22/May/2018:14:19:06 -0300] "POST /cormun/servlet/solicitudot?gx-no-cache=1527009486375 HTTP/1.1" 200 255
186.103.157.39 - - [22/May/2018:14:19:07 -0300] "GET /cormun/servlet/solicitudot?aca83e4d125ff0a8107ce99c1e3c85e8f4bef7dc6397591317ea7773514a45df90f4f74c1a82861c2acca43610ad3982282c8fe252f69f11be94f5e970ab5073623d76c4741107d5989133b6ba191f4e36953c61ed9fc63dec24bbb6761578d3d30f49fa25de83abaf04af0b02baec9d5e8466774500617a3ff495a5f7718d7628ce2191619fb39f5ba107074331ac7e5f1a1532c2fd57fb9f71343da104b914a9095de7a8330cc7382bc968cbbdc9bdb48446c1b9cb3acd77f12a9cf7f0c270509862b4ba13082ea8349d32ac74b47983dfe32f4be101ebc7f079fc4c1820cbeb7a568a06a2aa0b81e8a85a8880b007966fcfe442a84e3b13ab3ebd192d3cac397883e2402fbae5f9e0cf3944c704e56c71e03e15de9b722471369f0f93777fce12500045239c2f4e13dfea6c06ff9a2ee34ebacbcc7da7776243c49032f6311c707f92896e84f77d9cdbe659cf9043c6eb73b1f29e165d235c9a9575997894d0588a3eabcbad7278b480b73b6fd2a8a9ef78005b9e3f4cbc8f77c10843f0eb,gx-no-cache=1527009486717 HTTP/1.1" 200 30
186.103.159.183 - - [22/May/2018:14:19:08 -0300] "POST /cormun/servlet/solicitudot?bc1d409006ce165c2d7925d85eae9c50,INS,0,0,,gx-no-cache=1527009487707 HTTP/1.1" 200 93
186.103.159.183 - - [22/May/2018:14:19:09 -0300] "GET /cormun/servlet/hpexe_return? HTTP/1.1" 200 1006
186.103.159.183 - - [22/May/2018:14:19:09 -0300] "GET /cormun/servlet/trsolicitudot HTTP/1.1" 200 9157
186.103.159.183 - - [22/May/2018:14:19:09 -0300] "GET /cormun/static/Shared/ext/ext-all.js HTTP/1.1" 200 1289687
186.103.159.183 - - [22/May/2018:14:19:10 -0300] "GET /cormun/servlet/trsolicitudot HTTP/1.1" 200 9154
186.103.157.39 - - [22/May/2018:14:19:10 -0300] "POST /cormun/servlet/solicitudot?gx-no-cache=1527009490675 HTTP/1.1" 200 30
186.103.159.183 - - [22/May/2018:14:19:14 -0300] "POST /cormun/servlet/trsolicitudot?bc1d409006ce165c2d7925d85eae9c50,gx-no-cache=1527009493559 HTTP/1.1" 200 5923
186.103.159.183 - - [22/May/2018:14:19:14 -0300] "GET /cormun/static/Shared/jqueryui/images/ui-bg_highlight-soft_100_c6c2c8_1x100.png HTTP/1.1" 404 1117
186.103.159.183 - - [22/May/2018:14:19:14 -0300] "GET /cormun/static/Shared/jqueryui/images/ui-bg_flat_55_fafafa_40x100.png HTTP/1.1" 404 1097
186.103.159.183 - - [22/May/2018:14:19:14 -0300] "GET /cormun/static/Shared/jqueryui/images/ui-icons_82798d_256x240.png HTTP/1.1" 404 1089
186.103.159.183 - - [22/May/2018:14:19:14 -0300] "GET /cormun/static/Shared/jqueryui/images/ui-icons_8d78a5_256x240.png HTTP/1.1" 404 1089
186.103.159.183 - - [22/May/2018:14:19:15 -0300] "POST /cormun/servlet/trsolicitudot?bc1d409006ce165c2d7925d85eae9c50,gx-no-cache=1527009493836 HTTP/1.1" 200 5867
186.103.157.39 - - [22/May/2018:14:19:15 -0300] "GET /cormun/static/Resources/resize.gif HTTP/1.1" 200 77
186.103.157.39 - - [22/May/2018:14:19:16 -0300] "GET /cormun/servlet/prcontratosol?12517743,,,,,MD,,gxPopupLevel%3D0%3B HTTP/1.1" 200 8068
186.103.157.39 - - [22/May/2018:14:19:16 -0300] "GET /cormun/static/gxui/gxui-all.css?110300 HTTP/1.1" 200 2179
186.103.157.39 - - [22/May/2018:14:19:16 -0300] "GET /cormun/static/calendar-system.css?75620 HTTP/1.1" 200 5572
186.103.159.183 - - [22/May/2018:14:19:16 -0300] "POST /cormun/servlet/trsolicitudot?bc1d409006ce165c2d7925d85eae9c50,gx-no-cache=1527009495908 HTTP/1.1" 200 4703
186.103.157.39 - - [22/May/2018:14:19:17 -0300] "GET /cormun/static/menusearch.js?201610171694467 HTTP/1.1" 200 1424
186.103.157.39 - - [22/May/2018:14:19:17 -0300] "GET /cormun/static/gxcfg.js?201761413223964 HTTP/1.1" 200 953
186.103.159.183 - - [22/May/2018:14:19:17 -0300] "POST /cormun/servlet/trsolicitudot?bc1d409006ce165c2d7925d85eae9c50,gx-no-cache=1527009496123 HTTP/1.1" 200 4449
186.103.157.39 - - [22/May/2018:14:19:17 -0300] "GET /cormun/static/hmpwkw011.js?20177612121862 HTTP/1.1" 200 1968
186.103.157.39 - - [22/May/2018:14:19:17 -0300] "GET /cormun/static/Resources/PXToolsMenuSearch.png HTTP/1.1" 200 2914
186.103.157.39 - - [22/May/2018:14:19:17 -0300] "GET /cormun/static/prcontratosol.js?201761413224174 HTTP/1.1" 200 15806
186.103.157.39 - - [22/May/2018:14:19:17 -0300] "GET /cormun/static/Resources/PXToolsMenuSearchCancel.png HTTP/1.1" 200 2972
186.103.157.39 - - [22/May/2018:14:19:18 -0300] "GET /cormun/static/Shared/ext/resources/css/ext-all.css?205870 HTTP/1.1" 200 416045
186.103.159.183 - - [22/May/2018:14:19:19 -0300] "GET /cormun/servlet/trautorizarsolicitud? HTTP/1.1" 200 9049
186.103.159.183 - - [22/May/2018:14:19:20 -0300] "GET /cormun/static/Shared/ext/ext-all.js HTTP/1.1" 200 1289687
186.103.159.183 - - [22/May/2018:14:19:21 -0300] "GET /cormun/servlet/trautorizarsolicitud? HTTP/1.1" 200 9048
186.67.164.142 - - [22/May/2018:14:19:22 -0300] "GET /cormun/servlet/hpexe_link HTTP/1.1" 200 941
186.103.157.39 - - [22/May/2018:14:19:24 -0300] "POST /cormun/servlet/solicitudot?gx-no-cache=1527009504363 HTTP/1.1" 200 1369
186.103.157.39 - - [22/May/2018:14:19:24 -0300] "POST /cormun/servlet/solicitudot?gx-no-cache=1527009504528 HTTP/1.1" 200 38
186.103.157.39 - - [22/May/2018:14:19:24 -0300] "GET /cormun/servlet/solicitudot?aca83e4d125ff0a8107ce99c1e3c85e86a795f74db361e0df419a68eda52a3c0269562da5cdd322d1011f28a89930505b949da9c03f9ad9fb9e0cd13f7aa7be26c3c8cae3024a34570c9ae2959fb2ef5226dcc695fa47d3bf11693ba465a2f6c206121b52336bef4f13642b68ba6011cb971843863e048b8dc8fca88b2dba3ebf557fed6a3af46d1797c5068b7f5f1f5a251e4bef5b6082927a3b5bd4e28cc06bc4dca19665117879cf9816b0cbf05258ac93510054fb65f52fa48cf80e85f3a2781cbdd79dcae3dea11365a898484b8,gx-no-cache=1527009504615 HTTP/1.1" 200 29
186.103.157.39 - - [22/May/2018:14:19:24 -0300] "POST /cormun/servlet/solicitudot?gx-no-cache=1527009504747 HTTP/1.1" 200 1351
186.103.157.39 - - [22/May/2018:14:19:25 -0300] "POST /cormun/servlet/solicitudot?gx-no-cache=1527009504833 HTTP/1.1" 200 1249
186.103.157.39 - - [22/May/2018:14:19:25 -0300] "GET /cormun/servlet/solicitudot?aca83e4d125ff0a8107ce99c1e3c85e8fe53eb1ab1cbc4272183db2d92d2b99c75845784fbb8609edc5240e965352e01,gx-no-cache=1527009505012 HTTP/1.1" 200 134
186.103.157.39 - - [22/May/2018:14:19:25 -0300] "GET /cormun/static/Shared/jqueryui/images/ui-icons_82798d_256x240.png HTTP/1.1" 404 1089
186.103.157.39 - - [22/May/2018:14:19:25 -0300] "GET /cormun/static/Shared/jqueryui/images/ui-bg_highlight-soft_100_c6c2c8_1x100.png HTTP/1.1" 404 1117
186.103.157.39 - - [22/May/2018:14:19:25 -0300] "GET /cormun/static/Shared/jqueryui/images/ui-icons_ebccce_256x240.png HTTP/1.1" 404 1089
186.67.164.142 - - [22/May/2018:14:19:25 -0300] "GET /cormun/static/gxtimezone.js?85251 HTTP/1.1" 200 5781
186.67.164.142 - - [22/May/2018:14:19:25 -0300] "GET /cormun/static/gxcfg.js?20177612121792 HTTP/1.1" 200 953
186.67.164.142 - - [22/May/2018:14:19:25 -0300] "GET /cormun/static/hpexe_link.js?20177612121795 HTTP/1.1" 200 625
186.67.164.142 - - [22/May/2018:14:19:25 -0300] "GET /cormun/static/messages.spa.js?85251 HTTP/1.1" 200 30736
186.67.164.142 - - [22/May/2018:14:19:25 -0300] "GET /cormun/static/Resources/Spanish/PXTools.css?1155365 HTTP/1.1" 200 89042
186.67.164.142 - - [22/May/2018:14:19:26 -0300] "GET /cormun/static/gxgral.js?85251 HTTP/1.1" 200 384558
186.103.157.39 - - [22/May/2018:14:19:26 -0300] "GET /cormun/static/Shared/jqueryui/images/ui-bg_flat_55_994d53_40x100.png HTTP/1.1" 404 1097
186.67.164.142 - - [22/May/2018:14:19:29 -0300] "GET /cormun/static/Resources/indicator.gif HTTP/1.1" 200 1553
186.67.164.142 - - [22/May/2018:14:19:29 -0300] "GET /cormun/servlet/hpexe_link HTTP/1.1" 200 946
186.103.159.183 - - [22/May/2018:14:19:31 -0300] "POST /cormun/servlet/trautorizarsolicitud?bc1d409006ce165c2d7925d85eae9c50,,gx-no-cache=1527009510295 HTTP/1.1" 200 5845
186.103.159.183 - - [22/May/2018:14:19:31 -0300] "GET /cormun/static/Shared/jqueryui/images/ui-icons_82798d_256x240.png HTTP/1.1" 404 1089
186.103.159.183 - - [22/May/2018:14:19:31 -0300] "GET /cormun/static/Shared/jqueryui/images/ui-bg_highlight-soft_100_c6c2c8_1x100.png HTTP/1.1" 404 1117
186.103.159.183 - - [22/May/2018:14:19:31 -0300] "GET /cormun/static/Shared/jqueryui/images/ui-bg_flat_55_fafafa_40x100.png HTTP/1.1" 404 1097
186.103.159.183 - - [22/May/2018:14:19:31 -0300] "GET /cormun/static/Shared/jqueryui/images/ui-icons_8d78a5_256x240.png HTTP/1.1" 404 1089
186.103.156.166 - - [22/May/2018:14:19:31 -0300] "GET /cormun/servlet/licenciaspermisos?c5246f8c390645a7d8a073889773ed5cd6d553530ca005cc07682209b1b61969367a17f94c6ea528c6859e3991c492c5ba1bab2bd66573fff442af54fc73249074498302c307e72c26732de9b45177c7c8e1443adcd247f5d032c38d8a651d65400227329c0b4dbb5c11b84386926edb75340902d4f88da16008b7c7b940f1490b6f626639b2f0a3fcbe247a1dbb6ddd10b8f3503ad7198bd7214a4d73ccd55b008a5b83d4871981f035c0d5bb3e8ab855d5e773a9b035d251b75c2a67f7a229b0d383cff26259ded832c07494051fcffde69afdc0e1ab2baee0a32be36db400,gx-no-cache=1527009505982 HTTP/1.1" 200 30
186.103.159.183 - - [22/May/2018:14:19:31 -0300] "POST /cormun/servlet/trautorizarsolicitud?bc1d409006ce165c2d7925d85eae9c50,,gx-no-cache=1527009510575 HTTP/1.1" 200 5791
186.103.156.166 - - [22/May/2018:14:19:31 -0300] "GET /cormun/servlet/licenciaspermisos?c5246f8c390645a7d8a073889773ed5cdbfb2fd76d1d12c4ac061e5485b63269a2ae89413f57a7868a19578026ebdddd509f3c533d872885323c0fb0b7e505fe15e797d7fbd94239447489e8c921aea1ff7c5dbc1a10ef47a09984a70f2be9dda9c06974964336271f79fb1ed87d5c4a17836de1fa4fede9680227b40b4ea57bfbabda72d6284ac22c9fc8bf9ecba6b93b996695effab92f863c083333969e67482e88ef0039ad7489475fda37e24923c1cb071f6f33ba3b4572a4b64485c8d0abcb74a5a07b6907181076fe9ab4e750f17afff30d1b0d7ceda4ba898f97ecfeed40934d108a19eca1a9a3cedbe27c711d9ae70a13dd17b6ea0e219cbf2c03afb1eaa3d53913a1fb321071b4f5cdbb6d,gx-no-cache=1527009506093 HTTP/1.1" 200 61
186.103.156.166 - - [22/May/2018:14:19:32 -0300] "POST /cormun/servlet/licenciaspermisos?85341d76964b44e32b42604cfb02aef5,INS,0,,,,gx-no-cache=1527009506452 HTTP/1.1" 200 93
186.103.156.166 - - [22/May/2018:14:19:32 -0300] "GET /cormun/servlet/hpexe_return? HTTP/1.1" 200 1012
186.103.156.166 - - [22/May/2018:14:19:32 -0300] "GET /cormun/servlet/trlicencias HTTP/1.1" 200 9091
186.103.156.166 - - [22/May/2018:14:19:33 -0300] "GET /cormun/servlet/trlicencias HTTP/1.1" 200 9079
186.103.159.183 - - [22/May/2018:14:19:33 -0300] "POST /cormun/servlet/trautorizarsolicitud?bc1d409006ce165c2d7925d85eae9c50,,gx-no-cache=1527009512665 HTTP/1.1" 200 4636
186.103.159.183 - - [22/May/2018:14:19:34 -0300] "POST /cormun/servlet/trautorizarsolicitud?bc1d409006ce165c2d7925d85eae9c50,,gx-no-cache=1527009512962 HTTP/1.1" 200 4383
186.103.159.183 - - [22/May/2018:14:19:50 -0300] "GET /cormun/servlet/trsolicitudot? HTTP/1.1" 200 7409
186.103.159.183 - - [22/May/2018:14:19:51 -0300] "GET /cormun/static/Shared/ext/ext-all.js HTTP/1.1" 200 1289687
186.103.159.183 - - [22/May/2018:14:19:51 -0300] "GET /cormun/servlet/trsolicitudot? HTTP/1.1" 200 7409
186.103.159.183 - - [22/May/2018:14:19:53 -0300] "GET /cormun/servlet/solicitudot?INS,0,0, HTTP/1.1" 200 13640
186.103.159.183 - - [22/May/2018:14:19:54 -0300] "GET /cormun/static/Shared/ext/ext-all.js HTTP/1.1" 200 1289687
186.103.159.183 - - [22/May/2018:14:19:54 -0300] "GET /cormun/servlet/solicitudot?INS,0,0, HTTP/1.1" 200 13645
186.103.156.166 - - [22/May/2018:14:19:56 -0300] "GET /cormun/servlet/alicenciaprn?13500483,L,20180522000000,PU HTTP/1.1" 200 1609
186.103.159.183 - - [22/May/2018:14:20:07 -0300] "POST /cormun/servlet/solicitudot?gx-no-cache=1527009546462 HTTP/1.1" 200 3391
186.103.159.183 - - [22/May/2018:14:20:07 -0300] "POST /cormun/servlet/solicitudot?bc1d409006ce165c2d7925d85eae9c50,INS,0,0,,gx-no-cache=1527009546697 HTTP/1.1" 200 10556
186.103.159.183 - - [22/May/2018:14:20:15 -0300] "GET /cormun/servlet/solicitudot?20c3dec12acd0a0ed6569e3dde04de577a6ff5b45944a2e1908ff8d0727f723f8161b8d86abb5626352af0ead0e9fc3f,gx-no-cache=1527009554329 HTTP/1.1" 200 30
186.103.159.183 - - [22/May/2018:14:20:15 -0300] "GET /cormun/servlet/solicitudot?20c3dec12acd0a0ed6569e3dde04de570d5d1f5da472b3652cc7ba07d589c8b1dc99fe715aa4ffd095a4737a88f06576f38161f45f9253222bbd31f37869e127,gx-no-cache=1527009554449 HTTP/1.1" 200 30
186.103.159.183 - - [22/May/2018:14:20:15 -0300] "GET /cormun/servlet/solicitudot?20c3dec12acd0a0ed6569e3dde04de57fbd1a83e2903fd80bb7ffaf6b18397f5,gx-no-cache=1527009554499 HTTP/1.1" 200 53
186.103.159.183 - - [22/May/2018:14:20:15 -0300] "POST /cormun/servlet/solicitudot?gx-no-cache=1527009554590 HTTP/1.1" 200 255
186.103.159.183 - - [22/May/2018:14:20:15 -0300] "GET /cormun/servlet/solicitudot?20c3dec12acd0a0ed6569e3dde04de577e2bba66966861540d707201876359e42c032a95dbb9f3f07b908cabd040cd64a5a8c71daf7b0ae72a283270311d150a067006967321043321bbf1f885e62648c055b00096fd81c9a0a9ea80e513d98c28fd38e8793c4d45f2bac23185d7e6bfefa49555694b2492f8d1dee761d9ef2726e0eb679dcca5560027de350845f7dffa179e26b8ddc31dd8b40734a88dc2165885bfb01c30121b9c8edde4d422cf5bc8e59e523a7c4ae0e0192a0d301a79eff0e75a6c0ee7d734832552c1891124e51f8756cd5d0d8a18cd5d041cbaa1b364837d413fb50272604c8a245ba963159a0d3bed63b105f1802ee63c8fa0d7bd3c7cb4225d871a445554cdf6a0fe2a2876a82a1b69fd05b04ed78c89fb06a29462eb86c69206d4fd7de6d37aa93400d23c57cbba505f7688524d2059f27c47ffa32dcf3d3517ecf44891f9692d4d9fb1be5927afa1a4c7e5f90bc698e1b03e6a0c56c8a27c5dd592b45b65b0bbdb1b0d1eddcede09701e4098988782b5fbb849bf,gx-no-cache=1527009554690 HTTP/1.1" 200 30
186.103.159.183 - - [22/May/2018:14:20:18 -0300] "POST /cormun/servlet/solicitudot?gx-no-cache=1527009557819 HTTP/1.1" 200 30
186.103.159.183 - - [22/May/2018:14:20:33 -0300] "POST /cormun/servlet/solicitudot?gx-no-cache=1527009572768 HTTP/1.1" 200 1369
186.103.159.183 - - [22/May/2018:14:20:33 -0300] "POST /cormun/servlet/solicitudot?gx-no-cache=1527009572910 HTTP/1.1" 200 38
186.103.159.183 - - [22/May/2018:14:20:43 -0300] "GET /cormun/servlet/solicitudot?20c3dec12acd0a0ed6569e3dde04de57801cb245cc69ca5285174ebcf168a1b7f2e8bd61dbf19fb7ece613f4917ef5ca3e00b0f0a080ddc9041171a4f13f24c580ababa0879665124964c21beb66e43eed4e3b2d4106591290d37cb74838b9f3d6f2a62c158a40a7f42c3ce5cb779aacdfe4ac43f80a6a37bacd69163bfe44e59a0c4644e766b24c2467eda27f29c28dbca855540cb1aa042151e8dbdaf9cc03,gx-no-cache=1527009582761 HTTP/1.1" 200 29
186.103.159.183 - - [22/May/2018:14:20:43 -0300] "POST /cormun/servlet/solicitudot?gx-no-cache=1527009582818 HTTP/1.1" 200 1351
186.103.159.183 - - [22/May/2018:14:20:43 -0300] "POST /cormun/servlet/solicitudot?gx-no-cache=1527009582891 HTTP/1.1" 200 1249
186.103.159.183 - - [22/May/2018:14:20:43 -0300] "GET /cormun/static/menuarrow.gif HTTP/1.1" 404 1015
186.103.159.183 - - [22/May/2018:14:20:45 -0300] "POST /cormun/servlet/solicitudot?gx-no-cache=1527009584123 HTTP/1.1" 200 1351
186.103.159.183 - - [22/May/2018:14:20:45 -0300] "POST /cormun/servlet/solicitudot?gx-no-cache=1527009584187 HTTP/1.1" 200 1249
186.103.159.183 - - [22/May/2018:14:20:46 -0300] "GET /cormun/servlet/solicitudot?20c3dec12acd0a0ed6569e3dde04de57856c365e35d229f02790c7e8c70837921b28a6784960525917acf7adf1fb0def,gx-no-cache=1527009585741 HTTP/1.1" 200 30
186.103.159.183 - - [22/May/2018:14:20:52 -0300] "POST /cormun/servlet/solicitudot?gx-no-cache=1527009591298 HTTP/1.1" 200 30
190.46.88.10 - - [22/May/2018:14:20:57 -0300] "GET /cormun/servlet/hlogin HTTP/1.1" 200 1726
186.103.159.183 - - [22/May/2018:14:21:04 -0300] "POST /cormun/servlet/solicitudot?bc1d409006ce165c2d7925d85eae9c50,INS,0,0,,gx-no-cache=1527009602704 HTTP/1.1" 200 93
186.103.159.183 - - [22/May/2018:14:21:04 -0300] "GET /cormun/servlet/hpexe_return? HTTP/1.1" 200 1006
186.103.159.183 - - [22/May/2018:14:21:04 -0300] "GET /cormun/servlet/trsolicitudot HTTP/1.1" 200 8799
186.103.159.183 - - [22/May/2018:14:21:04 -0300] "GET /cormun/static/Shared/ext/ext-all.js HTTP/1.1" 200 1289687
186.103.159.183 - - [22/May/2018:14:21:05 -0300] "GET /cormun/servlet/trsolicitudot HTTP/1.1" 200 8795
186.103.159.183 - - [22/May/2018:14:21:07 -0300] "GET /cormun/servlet/solicitudot?INS,0,0, HTTP/1.1" 200 13640
186.103.159.183 - - [22/May/2018:14:21:07 -0300] "GET /cormun/static/Shared/ext/ext-all.js HTTP/1.1" 200 1289687
186.103.159.183 - - [22/May/2018:14:21:08 -0300] "GET /cormun/servlet/solicitudot?INS,0,0, HTTP/1.1" 200 13645
190.46.88.10 - - [22/May/2018:14:21:09 -0300] "POST /cormun/servlet/hlogin?3fe7ae3779ce6136724b06c53c4d88cf,gx-no-cache=1527009608882 HTTP/1.1" 200 90
190.46.88.10 - - [22/May/2018:14:21:09 -0300] "GET /cormun/servlet/hpexe_link HTTP/1.1" 200 953
190.46.88.10 - - [22/May/2018:14:21:09 -0300] "GET /cormun/servlet/hhome HTTP/1.1" 200 4234
190.46.88.10 - - [22/May/2018:14:21:10 -0300] "GET /cormun/servlet/hhome HTTP/1.1" 200 4230
186.103.159.183 - - [22/May/2018:14:21:15 -0300] "POST /cormun/servlet/solicitudot?gx-no-cache=1527009614795 HTTP/1.1" 200 3391
186.103.159.183 - - [22/May/2018:14:21:16 -0300] "POST /cormun/servlet/solicitudot?bc1d409006ce165c2d7925d85eae9c50,INS,0,0,,gx-no-cache=1527009615077 HTTP/1.1" 200 10554
186.103.159.183 - - [22/May/2018:14:21:17 -0300] "GET /cormun/servlet/solicitudot?20c3dec12acd0a0ed6569e3dde04de577a6ff5b45944a2e1908ff8d0727f723f8161b8d86abb5626352af0ead0e9fc3f,gx-no-cache=1527009616824 HTTP/1.1" 200 30
186.103.159.183 - - [22/May/2018:14:21:17 -0300] "GET /cormun/servlet/solicitudot?20c3dec12acd0a0ed6569e3dde04de570d5d1f5da472b3652cc7ba07d589c8b1dc99fe715aa4ffd095a4737a88f06576f38161f45f9253222bbd31f37869e127,gx-no-cache=1527009616895 HTTP/1.1" 200 30
186.103.159.183 - - [22/May/2018:14:21:17 -0300] "GET /cormun/servlet/solicitudot?20c3dec12acd0a0ed6569e3dde04de57fbd1a83e2903fd80bb7ffaf6b18397f5,gx-no-cache=1527009616920 HTTP/1.1" 200 53
186.103.159.183 - - [22/May/2018:14:21:17 -0300] "POST /cormun/servlet/solicitudot?gx-no-cache=1527009616949 HTTP/1.1" 200 255
186.103.159.183 - - [22/May/2018:14:21:17 -0300] "GET /cormun/servlet/solicitudot?20c3dec12acd0a0ed6569e3dde04de577e2bba66966861540d707201876359e42c032a95dbb9f3f07b908cabd040cd64a5a8c71daf7b0ae72a283270311d150a067006967321043321bbf1f885e62648c055b00096fd81c9a0a9ea80e513d98c28fd38e8793c4d45f2bac23185d7e6bfefa49555694b2492f8d1dee761d9ef2726e0eb679dcca5560027de350845f7dffa179e26b8ddc31dd8b40734a88dc2165885bfb01c30121b9c8edde4d422cf5bc8e59e523a7c4ae0e0192a0d301a79eff0e75a6c0ee7d734832552c1891124e51f8756cd5d0d8a18cd5d041cbaa1b364837d413fb50272604c8a245ba963159a0d3bed63b105f1802ee63c8fa0d7bd3c7cb4225d871a445554cdf6a0fe2a2876a82a1b69fd05b04ed78c89fb06a29462eb86c69206d4fd7de6d37aa93400d23c57cbba505f7688524d2059f27c47ffa32dcf3d3517ecf44891f9692d4d9fb1be5927afa1a4c7e5f90bc698e1b03e6a0c56c8a27c5dd592b45b65b0bbdb1b0d1eddcede09701e4098988782b5fbb849bf,gx-no-cache=1527009616986 HTTP/1.1" 200 30
190.46.88.10 - - [22/May/2018:14:21:18 -0300] "GET /cormun/servlet/trlicencias? HTTP/1.1" 200 13567
190.46.88.10 - - [22/May/2018:14:21:19 -0300] "GET /cormun/servlet/trlicencias? HTTP/1.1" 200 13560
186.103.159.183 - - [22/May/2018:14:21:19 -0300] "POST /cormun/servlet/solicitudot?gx-no-cache=1527009619014 HTTP/1.1" 200 30
186.103.156.166 - - [22/May/2018:14:21:36 -0300] "GET /cormun/servlet/trlicenciaspermisosadjuntos?13500483,20180522000000,L, HTTP/1.1" 200 6239
186.103.156.166 - - [22/May/2018:14:21:36 -0300] "GET /cormun/static/gxcfg.js?20177612163414 HTTP/1.1" 200 953
186.103.156.166 - - [22/May/2018:14:21:36 -0300] "GET /cormun/static/trlicenciaspermisosadjuntos.js?20177612163719 HTTP/1.1" 200 21036
186.103.156.166 - - [22/May/2018:14:21:36 -0300] "GET /cormun/servlet/trlicenciaspermisosadjuntos?13500483,20180522000000,L, HTTP/1.1" 200 6240
186.103.159.183 - - [22/May/2018:14:21:37 -0300] "POST /cormun/servlet/solicitudot?gx-no-cache=1527009636463 HTTP/1.1" 200 1369
186.103.159.183 - - [22/May/2018:14:21:37 -0300] "POST /cormun/servlet/solicitudot?gx-no-cache=1527009636556 HTTP/1.1" 200 38
186.103.156.166 - - [22/May/2018:14:21:39 -0300] "GET /cormun/servlet/licenciaspermisosadjuntos?INS,13500483,L,20180522000000,, HTTP/1.1" 200 5539
186.103.156.166 - - [22/May/2018:14:21:39 -0300] "GET /cormun/static/gxcfg.js?2017761263592 HTTP/1.1" 200 953
186.103.156.166 - - [22/May/2018:14:21:39 -0300] "GET /cormun/static/licenciaspermisosadjuntos.js?201776126362 HTTP/1.1" 200 8760
186.103.156.166 - - [22/May/2018:14:21:39 -0300] "GET /cormun/static/about:blank HTTP/1.1" 404 1011
186.103.156.166 - - [22/May/2018:14:21:39 -0300] "GET /cormun/servlet/licenciaspermisosadjuntos?INS,13500483,L,20180522000000,, HTTP/1.1" 200 5529
186.103.159.183 - - [22/May/2018:14:21:45 -0300] "GET /cormun/servlet/solicitudot?20c3dec12acd0a0ed6569e3dde04de57801cb245cc69ca5285174ebcf168a1b7f2e8bd61dbf19fb7ece613f4917ef5ca3e00b0f0a080ddc9041171a4f13f24c580ababa0879665124964c21beb66e43eed4e3b2d4106591290d37cb74838b9f3d6f2a62c158a40a7f42c3ce5cb779aacdfe4ac43f80a6a37bacd69163bfe44e59a0c4644e766b24c2467eda27f29c28dbca855540cb1aa042151e8dbdaf9cc03,gx-no-cache=1527009644905 HTTP/1.1" 200 29
186.103.159.183 - - [22/May/2018:14:21:45 -0300] "POST /cormun/servlet/solicitudot?gx-no-cache=1527009644973 HTTP/1.1" 200 1351
186.103.159.183 - - [22/May/2018:14:21:46 -0300] "POST /cormun/servlet/solicitudot?gx-no-cache=1527009645077 HTTP/1.1" 200 1249
186.103.159.183 - - [22/May/2018:14:21:46 -0300] "GET /cormun/static/menuarrow.gif HTTP/1.1" 404 1015
186.103.159.183 - - [22/May/2018:14:21:47 -0300] "POST /cormun/servlet/solicitudot?gx-no-cache=1527009646307 HTTP/1.1" 200 1351
186.103.159.183 - - [22/May/2018:14:21:47 -0300] "POST /cormun/servlet/solicitudot?gx-no-cache=1527009646371 HTTP/1.1" 200 1249
186.103.159.183 - - [22/May/2018:14:21:50 -0300] "GET /cormun/servlet/solicitudot?20c3dec12acd0a0ed6569e3dde04de57856c365e35d229f02790c7e8c70837921b28a6784960525917acf7adf1fb0def,gx-no-cache=1527009649716 HTTP/1.1" 200 30
186.79.65.38 - - [22/May/2018:14:21:53 -0300] "GET /cormun/servlet/trcontratosolicitud? HTTP/1.1" 200 14580
186.103.159.183 - - [22/May/2018:14:21:56 -0300] "POST /cormun/servlet/solicitudot?gx-no-cache=1527009655905 HTTP/1.1" 200 30
186.79.65.38 - - [22/May/2018:14:21:57 -0300] "GET /cormun/static/gxcfg.js?20177612214014 HTTP/1.1" 304 -
186.79.65.38 - - [22/May/2018:14:21:58 -0300] "GET /cormun/servlet/trcontratosolicitud? HTTP/1.1" 200 14589
186.103.156.166 - - [22/May/2018:14:22:23 -0300] "POST /cormun/servlet/licenciaspermisosadjuntos?85341d76964b44e32b42604cfb02aef5,INS,13500483,L,20180522000000,, HTTP/1.1" 200 116
186.103.156.166 - - [22/May/2018:14:22:23 -0300] "GET /cormun/servlet/hpexe_return? HTTP/1.1" 200 1043
186.103.156.166 - - [22/May/2018:14:22:23 -0300] "GET /cormun/servlet/trlicenciaspermisosadjuntos?13500483,20180522000000,L, HTTP/1.1" 200 6711
186.103.156.166 - - [22/May/2018:14:22:24 -0300] "GET /cormun/servlet/trlicenciaspermisosadjuntos?13500483,20180522000000,L, HTTP/1.1" 200 6709
186.103.156.166 - - [22/May/2018:14:22:32 -0300] "POST /cormun/servlet/trlicenciaspermisosadjuntos?85341d76964b44e32b42604cfb02aef5,13500483,20180522000000,L,,gx-no-cache=1527009686926 HTTP/1.1" 200 90
186.103.156.166 - - [22/May/2018:14:22:32 -0300] "GET /cormun/servlet/hpexe_link HTTP/1.1" 200 985
186.103.156.166 - - [22/May/2018:14:22:33 -0300] "GET /cormun/servlet/trlicencias HTTP/1.1" 200 9088
186.103.156.166 - - [22/May/2018:14:22:33 -0300] "GET /cormun/servlet/trlicencias HTTP/1.1" 200 9086
186.79.65.38 - - [22/May/2018:14:22:40 -0300] "POST /cormun/servlet/trcontratosolicitud?3fe7ae3779ce6136724b06c53c4d88cf,,gx-no-cache=1527009698005 HTTP/1.1" 200 12572
186.103.156.166 - - [22/May/2018:14:22:43 -0300] "POST /cormun/servlet/trlicencias?85341d76964b44e32b42604cfb02aef5,gx-no-cache=1527009698181 HTTP/1.1" 200 6448
186.103.156.166 - - [22/May/2018:14:22:44 -0300] "GET /cormun/static/Shared/jqueryui/images/ui-bg_highlight-soft_100_c6c2c8_1x100.png HTTP/1.1" 404 1117
186.103.156.166 - - [22/May/2018:14:22:44 -0300] "GET /cormun/static/Shared/jqueryui/images/ui-icons_82798d_256x240.png HTTP/1.1" 404 1089
186.103.156.166 - - [22/May/2018:14:22:44 -0300] "GET /cormun/static/Shared/jqueryui/images/ui-bg_flat_55_fafafa_40x100.png HTTP/1.1" 404 1097
186.103.156.166 - - [22/May/2018:14:22:44 -0300] "GET /cormun/static/Shared/jqueryui/images/ui-icons_8d78a5_256x240.png HTTP/1.1" 404 1089
186.79.65.38 - - [22/May/2018:14:23:35 -0300] "POST /cormun/servlet/trcontratosolicitud?3fe7ae3779ce6136724b06c53c4d88cf,,gx-no-cache=1527009753084 HTTP/1.1" 200 12215
186.103.156.166 - - [22/May/2018:14:23:37 -0300] "GET /cormun/servlet/hlogin HTTP/1.1" 200 1736
186.103.157.39 - - [22/May/2018:14:23:37 -0300] "POST /cormun/servlet/solicitudot?gx-no-cache=1527009757539 HTTP/1.1" 200 1351
186.103.157.39 - - [22/May/2018:14:23:37 -0300] "POST /cormun/servlet/solicitudot?gx-no-cache=1527009757690 HTTP/1.1" 200 1249
186.103.157.39 - - [22/May/2018:14:23:38 -0300] "GET /cormun/static/menuarrow.gif HTTP/1.1" 404 1015
186.103.157.39 - - [22/May/2018:14:23:40 -0300] "POST /cormun/servlet/solicitudot?gx-no-cache=1527009759969 HTTP/1.1" 200 1351
186.103.157.39 - - [22/May/2018:14:23:40 -0300] "POST /cormun/servlet/solicitudot?gx-no-cache=1527009760126 HTTP/1.1" 200 1249
186.103.157.39 - - [22/May/2018:14:23:49 -0300] "GET /cormun/servlet/solicitudot?aca83e4d125ff0a8107ce99c1e3c85e89e7e4267caea7610b30c3bf78552e9e775845784fbb8609edc5240e965352e01,gx-no-cache=1527009769472 HTTP/1.1" 200 30
186.103.157.39 - - [22/May/2018:14:23:59 -0300] "POST /cormun/servlet/solicitudot?gx-no-cache=1527009779523 HTTP/1.1" 200 30
186.103.156.166 - - [22/May/2018:14:24:02 -0300] "POST /cormun/servlet/hlogin?85341d76964b44e32b42604cfb02aef5,gx-no-cache=1527009777428 HTTP/1.1" 200 90
186.103.156.166 - - [22/May/2018:14:24:02 -0300] "GET /cormun/servlet/hpexe_link HTTP/1.1" 200 951
186.103.156.166 - - [22/May/2018:14:24:03 -0300] "GET /cormun/servlet/hhome HTTP/1.1" 200 4180
186.103.156.166 - - [22/May/2018:14:24:03 -0300] "GET /cormun/servlet/hhome HTTP/1.1" 200 4176
186.103.156.166 - - [22/May/2018:14:24:10 -0300] "GET /cormun/servlet/trlicencias? HTTP/1.1" 200 9291
186.103.156.166 - - [22/May/2018:14:24:11 -0300] "GET /cormun/servlet/trlicencias? HTTP/1.1" 200 9291
186.103.156.166 - - [22/May/2018:14:24:11 -0300] "GET /cormun/servlet/trlicencias? HTTP/1.1" 200 9289
186.103.157.39 - - [22/May/2018:14:24:29 -0300] "POST /cormun/servlet/solicitudot?c4fd552b03364b0ad29773fdc3634526,INS,0,0,,gx-no-cache=1527009808998 HTTP/1.1" 200 93
186.103.157.39 - - [22/May/2018:14:24:29 -0300] "GET /cormun/servlet/hpexe_return? HTTP/1.1" 200 1004
186.103.157.39 - - [22/May/2018:14:24:29 -0300] "GET /cormun/static/gxcfg.js?2016101716175148 HTTP/1.1" 200 953
186.103.157.39 - - [22/May/2018:14:24:29 -0300] "GET /cormun/static/hpexe_return.js?2016101716175153 HTTP/1.1" 200 1633
186.103.157.39 - - [22/May/2018:14:24:29 -0300] "GET /cormun/static/Resources/Spanish/PXTools.css?167811 HTTP/1.1" 200 89042
186.103.157.39 - - [22/May/2018:14:24:30 -0300] "GET /cormun/servlet/trsolicitudot HTTP/1.1" 200 8564
186.103.157.39 - - [22/May/2018:14:24:31 -0300] "GET /cormun/servlet/trsolicitudot HTTP/1.1" 200 8560
186.103.157.39 - - [22/May/2018:14:24:31 -0300] "GET /cormun//static/Resources/PXToolsActionView.png HTTP/1.1" 200 2995
186.103.157.39 - - [22/May/2018:14:24:31 -0300] "GET /cormun//static/Resources/PXToolsGridUpdate.png HTTP/1.1" 200 2984
186.103.157.39 - - [22/May/2018:14:24:31 -0300] "GET /cormun//static/Resources/PXToolsGridDelete.png HTTP/1.1" 200 357
186.103.157.39 - - [22/May/2018:14:24:31 -0300] "GET /cormun//static/Resources/PXTools/ActionInsert.png HTTP/1.1" 200 1482
186.103.157.39 - - [22/May/2018:14:24:31 -0300] "GET /cormun//static/Resources/PXToolsRemoveAllAction.png HTTP/1.1" 200 3558
186.103.156.166 - - [22/May/2018:14:24:48 -0300] "POST /cormun/servlet/trlicencias?85341d76964b44e32b42604cfb02aef5,,gx-no-cache=1527009823328 HTTP/1.1" 200 90
186.103.156.166 - - [22/May/2018:14:24:48 -0300] "GET /cormun/servlet/hpexe_link HTTP/1.1" 200 955
186.103.156.166 - - [22/May/2018:14:24:49 -0300] "GET /cormun/servlet/hhome HTTP/1.1" 200 4180
186.103.156.166 - - [22/May/2018:14:24:49 -0300] "GET /cormun/servlet/hhome HTTP/1.1" 200 4176
186.103.156.166 - - [22/May/2018:14:24:53 -0300] "GET /cormun/servlet/trlicencias? HTTP/1.1" 200 9291
186.103.156.166 - - [22/May/2018:14:24:53 -0300] "GET /cormun/servlet/trlicencias? HTTP/1.1" 200 9289
186.103.156.166 - - [22/May/2018:14:25:02 -0300] "GET /cormun/servlet/trautorizarpermisogoce? HTTP/1.1" 200 6996
186.103.156.166 - - [22/May/2018:14:25:03 -0300] "GET /cormun/servlet/trautorizarpermisogoce? HTTP/1.1" 200 6996
186.103.156.166 - - [22/May/2018:14:25:06 -0300] "GET /cormun/servlet/trlicencias? HTTP/1.1" 200 9301
186.103.157.39 - - [22/May/2018:14:25:07 -0300] "POST /cormun/servlet/trsolicitudot?c4fd552b03364b0ad29773fdc3634526,gx-no-cache=1527009846888 HTTP/1.1" 200 4446
186.103.156.166 - - [22/May/2018:14:25:07 -0300] "GET /cormun/servlet/trlicencias? HTTP/1.1" 200 9300
186.103.157.39 - - [22/May/2018:14:25:07 -0300] "POST /cormun/servlet/trsolicitudot?c4fd552b03364b0ad29773fdc3634526,gx-no-cache=1527009847302 HTTP/1.1" 200 4247
186.103.157.39 - - [22/May/2018:14:25:21 -0300] "GET /cormun/servlet/trsolicitudot? HTTP/1.1" 200 7149
186.103.157.39 - - [22/May/2018:14:25:23 -0300] "GET /cormun/servlet/trsolicitudot? HTTP/1.1" 200 7149
