186.67.172.234 - - [22/May/2018:10:51:51 -0300] "GET /cormun/servlet/trlicencias HTTP/1.1" 200 16262
186.103.159.188 - - [22/May/2018:10:51:54 -0300] "GET /cormun/servlet/trsolicitudot? HTTP/1.1" 200 7160
186.103.159.188 - - [22/May/2018:10:51:55 -0300] "GET /cormun/servlet/trsolicitudot? HTTP/1.1" 200 7160
186.67.172.234 - - [22/May/2018:10:51:56 -0300] "GET /cormun/servlet/trlicenciaspermisosadjuntos?9698725,20180522000000,L, HTTP/1.1" 200 6587
186.67.172.234 - - [22/May/2018:10:51:56 -0300] "GET /cormun/servlet/trlicenciaspermisosadjuntos?9698725,20180522000000,L, HTTP/1.1" 200 6587
186.103.159.188 - - [22/May/2018:10:51:57 -0300] "GET /cormun/servlet/solicitudot?INS,0,0, HTTP/1.1" 200 13399
186.103.159.188 - - [22/May/2018:10:51:57 -0300] "GET /cormun/servlet/solicitudot?INS,0,0, HTTP/1.1" 200 13404
186.67.172.234 - - [22/May/2018:10:51:58 -0300] "GET /cormun/servlet/licenciaspermisosadjuntos?INS,9698725,L,20180522000000,, HTTP/1.1" 200 5885
186.67.172.234 - - [22/May/2018:10:51:58 -0300] "GET /cormun/static/about:blank HTTP/1.1" 404 1011
186.67.172.234 - - [22/May/2018:10:51:58 -0300] "GET /cormun/servlet/licenciaspermisosadjuntos?INS,9698725,L,20180522000000,, HTTP/1.1" 200 5874
186.103.159.188 - - [22/May/2018:10:52:06 -0300] "POST /cormun/servlet/solicitudot?gx-no-cache=1526997070394 HTTP/1.1" 200 3284
186.103.159.188 - - [22/May/2018:10:52:06 -0300] "POST /cormun/servlet/solicitudot?76d9afb88aace21cb7698088a80fc8b4,INS,0,0,,gx-no-cache=1526997071161 HTTP/1.1" 200 10250
186.103.159.188 - - [22/May/2018:10:52:10 -0300] "GET /cormun/servlet/solicitudot?4f29359fa04d3942023f99169af791ea915080ac8df2d753246cf2fc36c93792f1df10b6f668df577c69f5384b165a14,gx-no-cache=1526997075127 HTTP/1.1" 200 30
186.67.172.234 - - [22/May/2018:10:52:41 -0300] "POST /cormun/servlet/licenciaspermisosadjuntos?62ba193d55c6508d8b23755b67d9f472,INS,9698725,L,20180522000000,, HTTP/1.1" 200 116
186.67.172.234 - - [22/May/2018:10:52:41 -0300] "GET /cormun/servlet/hpexe_return? HTTP/1.1" 200 1039
186.67.172.234 - - [22/May/2018:10:52:42 -0300] "GET /cormun/servlet/trlicenciaspermisosadjuntos?9698725,20180522000000,L, HTTP/1.1" 200 7097
186.67.172.234 - - [22/May/2018:10:52:43 -0300] "GET /cormun/servlet/trlicenciaspermisosadjuntos?9698725,20180522000000,L, HTTP/1.1" 200 7094
186.67.172.234 - - [22/May/2018:10:52:47 -0300] "POST /cormun/servlet/trlicenciaspermisosadjuntos?62ba193d55c6508d8b23755b67d9f472,9698725,20180522000000,L,,gx-no-cache=1526997106314 HTTP/1.1" 200 90
186.67.172.234 - - [22/May/2018:10:52:47 -0300] "GET /cormun/servlet/hpexe_link HTTP/1.1" 200 982
186.67.172.234 - - [22/May/2018:10:52:47 -0300] "GET /cormun/servlet/trlicencias HTTP/1.1" 200 16267
186.67.172.234 - - [22/May/2018:10:52:48 -0300] "GET /cormun/servlet/trlicencias HTTP/1.1" 200 16262
186.67.172.234 - - [22/May/2018:10:52:55 -0300] "GET /cormun/servlet/alicenciaprn?9698725,L,20180522000000,PU HTTP/1.1" 200 1564
186.67.172.234 - - [22/May/2018:10:53:46 -0300] "POST /cormun/servlet/trlicencias?62ba193d55c6508d8b23755b67d9f472,gx-no-cache=1526997165102 HTTP/1.1" 200 13945
186.67.172.234 - - [22/May/2018:10:53:52 -0300] "POST /cormun/servlet/trlicencias?62ba193d55c6508d8b23755b67d9f472,gx-no-cache=1526997170827 HTTP/1.1" 200 13940
186.67.172.234 - - [22/May/2018:10:53:52 -0300] "GET /cormun/static/Shared/jqueryui/images/ui-bg_highlight-soft_100_c6c2c8_1x100.png HTTP/1.1" 404 1117
186.67.172.234 - - [22/May/2018:10:53:52 -0300] "GET /cormun/static/Shared/jqueryui/images/ui-bg_flat_55_fafafa_40x100.png HTTP/1.1" 404 1097
186.67.172.234 - - [22/May/2018:10:53:52 -0300] "GET /cormun/static/Shared/jqueryui/images/ui-icons_8d78a5_256x240.png HTTP/1.1" 404 1089
186.67.172.234 - - [22/May/2018:10:53:53 -0300] "GET /cormun/static/Shared/jqueryui/images/ui-icons_82798d_256x240.png HTTP/1.1" 404 1089
186.103.159.188 - - [22/May/2018:10:54:23 -0300] "GET /cormun/servlet/solicitudot?4f29359fa04d3942023f99169af791eabcb05ede9b8769d45a165b089fb4b7b4,gx-no-cache=1526997208114 HTTP/1.1" 200 94
186.103.159.188 - - [22/May/2018:10:54:23 -0300] "GET /cormun/static/Shared/jqueryui/images/ui-bg_highlight-soft_100_c6c2c8_1x100.png HTTP/1.1" 404 1117
186.103.159.188 - - [22/May/2018:10:54:23 -0300] "GET /cormun/static/Shared/jqueryui/images/ui-icons_82798d_256x240.png HTTP/1.1" 404 1089
186.103.159.188 - - [22/May/2018:10:54:23 -0300] "GET /cormun/static/Shared/jqueryui/images/ui-icons_ebccce_256x240.png HTTP/1.1" 404 1089
186.103.159.188 - - [22/May/2018:10:54:23 -0300] "GET /cormun/static/Shared/jqueryui/images/ui-bg_flat_55_994d53_40x100.png HTTP/1.1" 404 1097
186.103.159.188 - - [22/May/2018:10:54:24 -0300] "GET /cormun/servlet/prbanco?,MD,,gxPopupLevel%3D0%3B HTTP/1.1" 200 6571
186.103.159.188 - - [22/May/2018:10:54:28 -0300] "GET /cormun/servlet/solicitudot?4f29359fa04d3942023f99169af791ea8fdafcec7ea027c5f8cc4818f602c49c,gx-no-cache=1526997213752 HTTP/1.1" 200 53
186.103.159.188 - - [22/May/2018:10:54:48 -0300] "POST /cormun/servlet/solicitudot?76d9afb88aace21cb7698088a80fc8b4,INS,0,0,,gx-no-cache=1526997232553 HTTP/1.1" 200 10437
186.103.159.188 - - [22/May/2018:10:54:48 -0300] "GET /cormun/static/Shared/jqueryui/images/ui-bg_flat_55_fafafa_40x100.png HTTP/1.1" 404 1097
186.103.159.188 - - [22/May/2018:10:54:48 -0300] "GET /cormun/static/Shared/jqueryui/images/ui-icons_8d78a5_256x240.png HTTP/1.1" 404 1089
186.103.157.98 - - [22/May/2018:10:58:35 -0300] "GET /cormun/servlet/hlogin HTTP/1.1" 200 1725
186.103.157.98 - - [22/May/2018:10:58:35 -0300] "GET /cormun/servlet/hlogin HTTP/1.1" 200 1728
186.103.157.98 - - [22/May/2018:10:58:57 -0300] "POST /cormun/servlet/hlogin?98128d77e624b252b516819af77764dd,gx-no-cache=1526997479932 HTTP/1.1" 200 446
186.103.157.98 - - [22/May/2018:10:59:02 -0300] "POST /cormun/servlet/hlogin?98128d77e624b252b516819af77764dd,gx-no-cache=1526997485137 HTTP/1.1" 200 90
186.103.157.98 - - [22/May/2018:10:59:03 -0300] "GET /cormun/servlet/hpexe_link HTTP/1.1" 200 950
186.103.157.98 - - [22/May/2018:10:59:03 -0300] "GET /cormun/servlet/hhome HTTP/1.1" 200 4252
186.103.157.98 - - [22/May/2018:10:59:04 -0300] "GET /cormun/servlet/hhome HTTP/1.1" 200 4248
186.103.157.98 - - [22/May/2018:10:59:10 -0300] "GET /cormun/servlet/trpermisosgoce? HTTP/1.1" 200 7174
186.103.157.98 - - [22/May/2018:10:59:10 -0300] "GET /cormun/static/gxcfg.js?20177612163875 HTTP/1.1" 200 953
186.103.157.98 - - [22/May/2018:10:59:10 -0300] "GET /cormun/static/trpermisosgoce.js?20177612164335 HTTP/1.1" 200 35904
186.103.157.98 - - [22/May/2018:10:59:11 -0300] "GET /cormun/servlet/trpermisosgoce? HTTP/1.1" 200 7173
186.103.157.98 - - [22/May/2018:10:59:19 -0300] "GET /cormun/servlet/permisogoce?INS,0,,, HTTP/1.1" 200 7117
186.103.157.98 - - [22/May/2018:10:59:20 -0300] "GET /cormun/static/gxcfg.js?201776126440 HTTP/1.1" 200 953
186.103.157.98 - - [22/May/2018:10:59:20 -0300] "GET /cormun/static/permisogoce.js?2017761264459 HTTP/1.1" 200 27897
186.103.157.98 - - [22/May/2018:10:59:20 -0300] "GET /cormun/servlet/permisogoce?INS,0,,, HTTP/1.1" 200 7119
200.73.230.197 - - [22/May/2018:11:00:06 -0300] "GET /cormun/servlet/solicitudot?42adcdf8d8c7d0e18b8dce02bc22f34967cbff4a0f24f5cb99fc1ac14b3f7dac274e44e4d17a4183abccbfaf971182ca,gx-no-cache=1526997545582 HTTP/1.1" 200 30
186.103.157.98 - - [22/May/2018:11:01:02 -0300] "GET /cormun/servlet/prfichaempleado?,MD,,gxPopupLevel%3D0%3B HTTP/1.1" 200 9424
186.103.157.98 - - [22/May/2018:11:01:14 -0300] "GET /cormun/servlet/puconsultapgoce?17527755,MD,gxPopupLevel%3D0%3B HTTP/1.1" 200 3779
186.103.157.98 - - [22/May/2018:11:01:14 -0300] "GET /cormun/static/Resources/Spanish/PXTools.css?17315867 HTTP/1.1" 304 -
186.103.157.98 - - [22/May/2018:11:01:14 -0300] "GET /cormun/static/gxcfg.js?20176272064833 HTTP/1.1" 200 953
186.103.157.98 - - [22/May/2018:11:01:14 -0300] "GET /cormun/pexe_windows.js HTTP/1.1" 404 1005
186.103.157.98 - - [22/May/2018:11:01:14 -0300] "GET /cormun/pexe_cookies.js HTTP/1.1" 404 1005
186.103.157.98 - - [22/May/2018:11:01:14 -0300] "GET /cormun/pexe_layers.js HTTP/1.1" 404 1003
186.103.157.98 - - [22/May/2018:11:01:14 -0300] "GET /cormun/pexe_link.js HTTP/1.1" 404 999
186.103.157.98 - - [22/May/2018:11:01:14 -0300] "GET /cormun/pexe_menus.js HTTP/1.1" 404 1001
186.103.157.98 - - [22/May/2018:11:01:14 -0300] "GET /cormun/pexe_grid.js HTTP/1.1" 404 999
186.103.157.98 - - [22/May/2018:11:01:14 -0300] "GET /cormun/pexe_griddivfix.js HTTP/1.1" 404 1011
186.103.157.98 - - [22/May/2018:11:01:14 -0300] "GET /cormun/pexe_treedivfix.js HTTP/1.1" 404 1011
186.103.157.98 - - [22/May/2018:11:01:14 -0300] "GET /cormun/pexe_menudivfix.js HTTP/1.1" 404 1011
186.103.157.98 - - [22/May/2018:11:01:14 -0300] "GET /cormun/pexe_autoreload.js HTTP/1.1" 404 1011
186.103.157.98 - - [22/May/2018:11:01:14 -0300] "GET /cormun/pexe_picture.js HTTP/1.1" 404 1005
186.103.157.98 - - [22/May/2018:11:01:14 -0300] "GET /cormun/pexe_tabdivfix.js HTTP/1.1" 404 1009
186.103.157.98 - - [22/May/2018:11:01:14 -0300] "GET /cormun/static/mpprompt.js?201762717531384 HTTP/1.1" 200 940
186.103.157.98 - - [22/May/2018:11:01:14 -0300] "GET /cormun/static/puconsultapgoce.js?2017627206511 HTTP/1.1" 200 22470
186.103.157.98 - - [22/May/2018:11:01:14 -0300] "GET /cormun/pexe_layers.js HTTP/1.1" 404 1003
186.103.157.98 - - [22/May/2018:11:01:14 -0300] "GET /cormun/pexe_windows.js HTTP/1.1" 404 1005
186.103.157.98 - - [22/May/2018:11:01:14 -0300] "GET /cormun/pexe_link.js HTTP/1.1" 404 999
186.103.157.98 - - [22/May/2018:11:01:14 -0300] "GET /cormun/pexe_cookies.js HTTP/1.1" 404 1005
186.103.157.98 - - [22/May/2018:11:01:15 -0300] "GET /cormun/pexe_grid.js HTTP/1.1" 404 999
186.103.157.98 - - [22/May/2018:11:01:15 -0300] "GET /cormun/pexe_griddivfix.js HTTP/1.1" 404 1011
186.103.157.98 - - [22/May/2018:11:01:15 -0300] "GET /cormun/pexe_picture.js HTTP/1.1" 404 1005
186.103.157.98 - - [22/May/2018:11:01:15 -0300] "GET /cormun/pexe_treedivfix.js HTTP/1.1" 404 1011
186.103.157.98 - - [22/May/2018:11:01:15 -0300] "GET /cormun/pexe_autoreload.js HTTP/1.1" 404 1011
186.103.157.98 - - [22/May/2018:11:01:15 -0300] "GET /cormun/pexe_menudivfix.js HTTP/1.1" 404 1011
186.103.157.98 - - [22/May/2018:11:01:15 -0300] "GET /cormun/pexe_tabdivfix.js HTTP/1.1" 404 1009
186.103.157.98 - - [22/May/2018:11:01:21 -0300] "POST /cormun/servlet/puconsultapgoce?98128d77e624b252b516819af77764dd,17527755,MD,gxPopupLevel%3D0%3B,gx-no-cache=1526997624073 HTTP/1.1" 200 60
186.103.157.98 - - [22/May/2018:11:01:24 -0300] "GET /cormun/servlet/permisogoce?2a19d7322e77495e4927852687c3a5dd71eb69291066af10dcbbeaa3e9a04d7d2477bd0fdac451e4cdcf5377eb9bea94966750c4a49137390bad225d68bdb557,gx-no-cache=1526997626854 HTTP/1.1" 200 78
186.103.157.98 - - [22/May/2018:11:01:24 -0300] "GET /cormun/static/menuarrow.gif HTTP/1.1" 404 1015
200.111.122.170 - - [22/May/2018:11:01:42 -0300] "GET /cormun/servlet/trpermisosgoce? HTTP/1.1" 200 10623
200.111.122.170 - - [22/May/2018:11:01:43 -0300] "GET /cormun/servlet/trpermisosgoce? HTTP/1.1" 200 10617
186.103.161.206 - - [22/May/2018:11:01:57 -0300] "GET /cormun/servlet/trpermisosadjuntos?17136362,20180518083320,P, HTTP/1.1" 200 6532
200.54.18.251 - - [22/May/2018:11:01:57 -0300] "GET /cormun/static/gxcfg.js?201762817193957 HTTP/1.1" 200 953
186.103.161.206 - - [22/May/2018:11:01:57 -0300] "GET /cormun/static/Resources/Spanish/PXTools.css?17315867 HTTP/1.1" 200 89042
200.54.18.251 - - [22/May/2018:11:01:57 -0300] "GET /cormun/static/trpermisosadjuntos.js?201762817194366 HTTP/1.1" 200 20158
200.54.18.251 - - [22/May/2018:11:01:57 -0300] "GET /cormun/servlet/trpermisosadjuntos?17136362,20180518083320,P, HTTP/1.1" 200 6532
200.54.18.251 - - [22/May/2018:11:01:59 -0300] "GET /cormun/servlet/permisosadjuntos?INS,17136362,P,20180518083320,, HTTP/1.1" 200 5867
200.54.18.251 - - [22/May/2018:11:01:59 -0300] "GET /cormun/static/gxcfg.js?201762717441171 HTTP/1.1" 200 953
186.103.161.206 - - [22/May/2018:11:01:59 -0300] "GET /cormun/static/permisosadjuntos.js?201762717441184 HTTP/1.1" 200 8724
200.54.18.251 - - [22/May/2018:11:02:00 -0300] "GET /cormun/servlet/permisosadjuntos?INS,17136362,P,20180518083320,, HTTP/1.1" 200 5857
186.103.161.206 - - [22/May/2018:11:02:00 -0300] "GET /cormun/static/about:blank HTTP/1.1" 404 1011
190.151.100.218 - - [22/May/2018:11:02:10 -0300] "POST /cormun/servlet/permisosadjuntos?b2bdef4d6c1af0fddb1b9fe6f16580a7,INS,17136362,P,20180518083320,, HTTP/1.1" 200 116
190.151.100.218 - - [22/May/2018:11:02:10 -0300] "GET /cormun/servlet/hpexe_return? HTTP/1.1" 200 1043
190.151.100.218 - - [22/May/2018:11:02:11 -0300] "GET /cormun/servlet/trpermisosadjuntos?17136362,20180518083320,P, HTTP/1.1" 200 7027
190.151.100.218 - - [22/May/2018:11:02:11 -0300] "GET /cormun/servlet/trpermisosadjuntos?17136362,20180518083320,P, HTTP/1.1" 200 7023
186.103.161.206 - - [22/May/2018:11:02:19 -0300] "GET /cormun/servlet/trpermisosgoce? HTTP/1.1" 200 10634
186.103.161.206 - - [22/May/2018:11:02:20 -0300] "GET /cormun/servlet/trpermisosgoce? HTTP/1.1" 200 10633
186.103.161.206 - - [22/May/2018:11:02:26 -0300] "POST /cormun/servlet/trpermisosgoce?b2bdef4d6c1af0fddb1b9fe6f16580a7,,gx-no-cache=1526997683966 HTTP/1.1" 200 7803
186.103.161.206 - - [22/May/2018:11:02:27 -0300] "GET /cormun/static/Shared/jqueryui/images/ui-bg_highlight-soft_100_c6c2c8_1x100.png HTTP/1.1" 404 1117
200.111.122.170 - - [22/May/2018:11:02:27 -0300] "GET /cormun/static/Shared/jqueryui/images/ui-bg_flat_55_fafafa_40x100.png HTTP/1.1" 404 1097
190.151.100.218 - - [22/May/2018:11:02:27 -0300] "GET /cormun/static/Shared/jqueryui/images/ui-icons_82798d_256x240.png HTTP/1.1" 404 1089
186.103.161.206 - - [22/May/2018:11:02:27 -0300] "GET /cormun/static/Shared/jqueryui/images/ui-icons_8d78a5_256x240.png HTTP/1.1" 404 1089
190.151.100.218 - - [22/May/2018:11:02:31 -0300] "GET /cormun/servlet/trautorizarpermisogoce? HTTP/1.1" 200 7891
190.151.100.218 - - [22/May/2018:11:02:31 -0300] "GET /cormun/static/gxcfg.js?20177612165975 HTTP/1.1" 200 953
186.103.161.206 - - [22/May/2018:11:02:31 -0300] "GET /cormun/static/trautorizarpermisogoce.js?2017761217384 HTTP/1.1" 200 34948
186.103.161.206 - - [22/May/2018:11:02:32 -0300] "GET /cormun/servlet/trautorizarpermisogoce? HTTP/1.1" 200 7891
186.67.203.186 - - [22/May/2018:11:02:39 -0300] "POST /cormun/servlet/trautorizarpermisogoce?b2bdef4d6c1af0fddb1b9fe6f16580a7,,gx-no-cache=1526997696864 HTTP/1.1" 200 4357
186.67.203.186 - - [22/May/2018:11:02:39 -0300] "GET /cormun/static/Shared/jqueryui/images/ui-bg_highlight-soft_100_c6c2c8_1x100.png HTTP/1.1" 404 1117
190.151.100.218 - - [22/May/2018:11:02:39 -0300] "GET /cormun/static/Shared/jqueryui/images/ui-bg_flat_55_fafafa_40x100.png HTTP/1.1" 404 1097
186.103.132.155 - - [22/May/2018:11:02:39 -0300] "GET /cormun/static/Shared/jqueryui/images/ui-icons_8d78a5_256x240.png HTTP/1.1" 404 1089
186.103.161.206 - - [22/May/2018:11:02:39 -0300] "GET /cormun/static/Shared/jqueryui/images/ui-icons_82798d_256x240.png HTTP/1.1" 404 1089
186.103.157.98 - - [22/May/2018:11:02:40 -0300] "GET /cormun/servlet/permisogoce?2a19d7322e77495e4927852687c3a5ddabc1059f254bda664f420ae8462b8a24069a1d15473727997b2ea09596507f1933593f059f6734f242d6798841527313,gx-no-cache=1526997702831 HTTP/1.1" 200 47
186.103.161.206 - - [22/May/2018:11:02:44 -0300] "GET /cormun/servlet/trpermisosgoce? HTTP/1.1" 200 10612
186.103.161.206 - - [22/May/2018:11:02:44 -0300] "GET /cormun/servlet/trpermisosgoce? HTTP/1.1" 200 10612
200.73.230.197 - - [22/May/2018:11:02:46 -0300] "POST /cormun/servlet/solicitudot?gx-no-cache=1526997705297 HTTP/1.1" 200 33
186.103.157.98 - - [22/May/2018:11:02:46 -0300] "POST /cormun/servlet/permisogoce?98128d77e624b252b516819af77764dd,INS,0,,,,gx-no-cache=1526997708243 HTTP/1.1" 200 93
186.103.157.98 - - [22/May/2018:11:02:46 -0300] "GET /cormun/servlet/hpexe_return? HTTP/1.1" 200 1010
186.103.157.98 - - [22/May/2018:11:02:47 -0300] "GET /cormun/servlet/trpermisosgoce HTTP/1.1" 200 8044
186.103.157.98 - - [22/May/2018:11:02:47 -0300] "GET /cormun/servlet/trpermisosgoce HTTP/1.1" 200 8041
190.151.100.218 - - [22/May/2018:11:02:48 -0300] "GET /cormun/servlet/permisogoce?INS,0,,, HTTP/1.1" 200 7084
190.151.100.218 - - [22/May/2018:11:02:49 -0300] "GET /cormun/servlet/permisogoce?INS,0,,, HTTP/1.1" 200 7084
186.103.157.98 - - [22/May/2018:11:03:00 -0300] "GET /cormun/servlet/trpermisosadjuntos?17527755,20180522095608,P, HTTP/1.1" 200 6563
186.103.157.98 - - [22/May/2018:11:03:00 -0300] "GET /cormun/static/gxcfg.js?201762817193957 HTTP/1.1" 200 953
186.103.157.98 - - [22/May/2018:11:03:00 -0300] "GET /cormun/static/trpermisosadjuntos.js?201762817194366 HTTP/1.1" 200 20158
186.103.157.98 - - [22/May/2018:11:03:01 -0300] "GET /cormun/servlet/trpermisosadjuntos?17527755,20180522095608,P, HTTP/1.1" 200 6563
200.73.230.197 - - [22/May/2018:11:03:01 -0300] "POST /cormun/servlet/solicitudot?gx-no-cache=1526997720272 HTTP/1.1" 200 1351
200.73.230.197 - - [22/May/2018:11:03:01 -0300] "POST /cormun/servlet/solicitudot?gx-no-cache=1526997720462 HTTP/1.1" 200 1249
200.73.230.197 - - [22/May/2018:11:03:01 -0300] "GET /cormun/servlet/solicitudot?42adcdf8d8c7d0e18b8dce02bc22f34967cbff4a0f24f5cb99fc1ac14b3f7dac274e44e4d17a4183abccbfaf971182ca,gx-no-cache=1526997720581 HTTP/1.1" 200 30
200.73.230.197 - - [22/May/2018:11:03:01 -0300] "POST /cormun/servlet/solicitudot?gx-no-cache=1526997720690 HTTP/1.1" 200 33
200.73.230.197 - - [22/May/2018:11:03:02 -0300] "POST /cormun/servlet/solicitudot?2f4afb2e8e15c976da44974c3e10b3ad,INS,0,0,,gx-no-cache=1526997720849 HTTP/1.1" 200 11774
186.103.157.98 - - [22/May/2018:11:03:04 -0300] "GET /cormun/servlet/permisosadjuntos?INS,17527755,P,20180522095608,, HTTP/1.1" 200 5892
186.103.157.98 - - [22/May/2018:11:03:04 -0300] "GET /cormun/static/gxcfg.js?201762717441171 HTTP/1.1" 200 953
186.103.157.98 - - [22/May/2018:11:03:04 -0300] "GET /cormun/static/permisosadjuntos.js?201762717441184 HTTP/1.1" 200 8724
186.103.157.98 - - [22/May/2018:11:03:04 -0300] "GET /cormun/static/about:blank HTTP/1.1" 404 1011
186.103.157.98 - - [22/May/2018:11:03:05 -0300] "GET /cormun/servlet/permisosadjuntos?INS,17527755,P,20180522095608,, HTTP/1.1" 200 5882
186.103.161.206 - - [22/May/2018:11:03:15 -0300] "GET /cormun/servlet/permisogoce?2c2f224208046d75c30f21f90c45b181e3814aa738cf749024ccd498bd164de314e1b52e96d07376424856480313f5416c56f57ecaf1b595ea97d89c0caf7af3,gx-no-cache=1526997732996 HTTP/1.1" 200 89
186.103.157.98 - - [22/May/2018:11:03:33 -0300] "POST /cormun/servlet/permisosadjuntos?98128d77e624b252b516819af77764dd,INS,17527755,P,20180522095608,, HTTP/1.1" 200 116
186.103.157.98 - - [22/May/2018:11:03:33 -0300] "GET /cormun/servlet/hpexe_return? HTTP/1.1" 200 1038
186.103.157.98 - - [22/May/2018:11:03:33 -0300] "GET /cormun/servlet/trpermisosadjuntos?17527755,20180522095608,P, HTTP/1.1" 200 7065
186.103.157.98 - - [22/May/2018:11:03:34 -0300] "GET /cormun/servlet/trpermisosadjuntos?17527755,20180522095608,P, HTTP/1.1" 200 7062
200.73.230.197 - - [22/May/2018:11:03:39 -0300] "POST /cormun/servlet/solicitudot?gx-no-cache=1526997758263 HTTP/1.1" 200 1351
186.103.157.98 - - [22/May/2018:11:03:39 -0300] "POST /cormun/servlet/trpermisosadjuntos?98128d77e624b252b516819af77764dd,17527755,20180522095608,P,,gx-no-cache=1526997761823 HTTP/1.1" 200 90
186.103.157.98 - - [22/May/2018:11:03:39 -0300] "GET /cormun/servlet/hpexe_link HTTP/1.1" 200 983
200.73.230.197 - - [22/May/2018:11:03:39 -0300] "POST /cormun/servlet/solicitudot?gx-no-cache=1526997758533 HTTP/1.1" 200 1249
200.73.230.197 - - [22/May/2018:11:03:39 -0300] "GET /cormun/servlet/solicitudot?42adcdf8d8c7d0e18b8dce02bc22f34967cbff4a0f24f5cb99fc1ac14b3f7dac274e44e4d17a4183abccbfaf971182ca,gx-no-cache=1526997758651 HTTP/1.1" 200 30
186.103.157.98 - - [22/May/2018:11:03:39 -0300] "GET /cormun/servlet/trpermisosgoce HTTP/1.1" 200 8042
200.73.230.197 - - [22/May/2018:11:03:39 -0300] "POST /cormun/servlet/solicitudot?gx-no-cache=1526997758765 HTTP/1.1" 200 33
186.103.157.98 - - [22/May/2018:11:03:39 -0300] "GET /cormun/servlet/trpermisosgoce HTTP/1.1" 200 8041
200.73.230.197 - - [22/May/2018:11:03:40 -0300] "POST /cormun/servlet/solicitudot?2f4afb2e8e15c976da44974c3e10b3ad,INS,0,0,,gx-no-cache=1526997758903 HTTP/1.1" 200 93
200.73.230.197 - - [22/May/2018:11:03:40 -0300] "GET /cormun/servlet/hpexe_return? HTTP/1.1" 200 1007
200.73.230.197 - - [22/May/2018:11:03:40 -0300] "GET /cormun/servlet/trsolicitudot HTTP/1.1" 200 9660
200.73.230.197 - - [22/May/2018:11:03:42 -0300] "GET /cormun/servlet/trsolicitudot HTTP/1.1" 200 9656
186.103.157.98 - - [22/May/2018:11:03:45 -0300] "POST /cormun/servlet/trpermisosgoce?98128d77e624b252b516819af77764dd,gx-no-cache=1526997767959 HTTP/1.1" 200 5184
186.103.157.98 - - [22/May/2018:11:03:45 -0300] "GET /cormun/static/Shared/jqueryui/images/ui-bg_highlight-soft_100_c6c2c8_1x100.png HTTP/1.1" 404 1117
186.103.157.98 - - [22/May/2018:11:03:45 -0300] "GET /cormun/static/Shared/jqueryui/images/ui-icons_82798d_256x240.png HTTP/1.1" 404 1089
186.103.157.98 - - [22/May/2018:11:03:45 -0300] "GET /cormun/static/Shared/jqueryui/images/ui-icons_8d78a5_256x240.png HTTP/1.1" 404 1089
186.103.157.98 - - [22/May/2018:11:03:45 -0300] "GET /cormun/static/Shared/jqueryui/images/ui-bg_flat_55_fafafa_40x100.png HTTP/1.1" 404 1097
200.73.230.197 - - [22/May/2018:11:03:45 -0300] "GET /cormun/servlet/solicitudot?INS,0,0, HTTP/1.1" 200 13390
200.73.230.197 - - [22/May/2018:11:03:47 -0300] "GET /cormun/servlet/solicitudot?INS,0,0, HTTP/1.1" 200 13395
186.67.203.186 - - [22/May/2018:11:03:50 -0300] "GET /cormun/servlet/permisogoce?2c2f224208046d75c30f21f90c45b181e42416b17effedfcaa4a82c824a4f7156644600537598f13c8c4eba336080a315f1ddd20da398985d713508e6b287546,gx-no-cache=1526997768082 HTTP/1.1" 200 47
186.67.203.186 - - [22/May/2018:11:03:54 -0300] "POST /cormun/servlet/permisogoce?b2bdef4d6c1af0fddb1b9fe6f16580a7,INS,0,,,,gx-no-cache=1526997771317 HTTP/1.1" 200 93
186.103.157.98 - - [22/May/2018:11:03:54 -0300] "GET /cormun/servlet/permisogoce?INS,0,,, HTTP/1.1" 200 7116
186.67.203.186 - - [22/May/2018:11:03:54 -0300] "GET /cormun/servlet/hpexe_return? HTTP/1.1" 200 1016
186.67.203.186 - - [22/May/2018:11:03:54 -0300] "GET /cormun/servlet/trpermisosgoce HTTP/1.1" 200 10825
186.103.157.98 - - [22/May/2018:11:03:54 -0300] "GET /cormun/servlet/permisogoce?INS,0,,, HTTP/1.1" 200 7116
186.67.203.186 - - [22/May/2018:11:03:55 -0300] "GET /cormun/servlet/trpermisosgoce HTTP/1.1" 200 10820
186.67.203.186 - - [22/May/2018:11:04:10 -0300] "GET /cormun/servlet/apermisogoceprn?17621025,P,20180522095937,PU HTTP/1.1" 200 1665
186.103.157.98 - - [22/May/2018:11:04:11 -0300] "GET /cormun/servlet/permisogoce?2a19d7322e77495e4927852687c3a5dd71eb69291066af10dcbbeaa3e9a04d7d2477bd0fdac451e4cdcf5377eb9bea94966750c4a49137390bad225d68bdb557,gx-no-cache=1526997793935 HTTP/1.1" 200 80
186.103.157.98 - - [22/May/2018:11:04:11 -0300] "GET /cormun/static/menuarrow.gif HTTP/1.1" 404 1015
200.73.230.197 - - [22/May/2018:11:04:16 -0300] "POST /cormun/servlet/solicitudot?gx-no-cache=1526997794329 HTTP/1.1" 200 3284
200.73.230.197 - - [22/May/2018:11:04:16 -0300] "POST /cormun/servlet/solicitudot?2f4afb2e8e15c976da44974c3e10b3ad,INS,0,0,,gx-no-cache=1526997795486 HTTP/1.1" 200 10240
200.73.230.197 - - [22/May/2018:11:04:17 -0300] "GET /cormun/servlet/solicitudot?42adcdf8d8c7d0e18b8dce02bc22f349cca8473a0a9be7372784c2736c6bc16f31d7a4f2e93c2f3030319f42d4837601,gx-no-cache=1526997796434 HTTP/1.1" 200 111
200.73.230.197 - - [22/May/2018:11:04:17 -0300] "GET /cormun/static/Shared/jqueryui/images/ui-bg_highlight-soft_100_c6c2c8_1x100.png HTTP/1.1" 404 1117
200.73.230.197 - - [22/May/2018:11:04:17 -0300] "GET /cormun/static/Shared/jqueryui/images/ui-bg_flat_55_994d53_40x100.png HTTP/1.1" 404 1097
200.73.230.197 - - [22/May/2018:11:04:17 -0300] "GET /cormun/static/Shared/jqueryui/images/ui-icons_ebccce_256x240.png HTTP/1.1" 404 1089
200.73.230.197 - - [22/May/2018:11:04:17 -0300] "GET /cormun/static/Shared/jqueryui/images/ui-icons_82798d_256x240.png HTTP/1.1" 404 1089
200.73.230.197 - - [22/May/2018:11:04:32 -0300] "POST /cormun/servlet/solicitudot?gx-no-cache=1526997810503 HTTP/1.1" 200 3284
200.73.230.197 - - [22/May/2018:11:04:33 -0300] "POST /cormun/servlet/solicitudot?2f4afb2e8e15c976da44974c3e10b3ad,INS,0,0,,gx-no-cache=1526997812089 HTTP/1.1" 200 10292
200.73.230.197 - - [22/May/2018:11:04:33 -0300] "GET /cormun/servlet/solicitudot?42adcdf8d8c7d0e18b8dce02bc22f349f9427125e33b0bbe73df0383d68d1c2c4d7949a750c08ac667570f4c7531ec14,gx-no-cache=1526997812725 HTTP/1.1" 200 111
200.73.230.197 - - [22/May/2018:11:05:16 -0300] "POST /cormun/servlet/solicitudot?gx-no-cache=1526997854195 HTTP/1.1" 200 3284
200.73.230.197 - - [22/May/2018:11:05:16 -0300] "POST /cormun/servlet/solicitudot?2f4afb2e8e15c976da44974c3e10b3ad,INS,0,0,,gx-no-cache=1526997855403 HTTP/1.1" 200 10343
200.73.230.197 - - [22/May/2018:11:05:17 -0300] "GET /cormun/servlet/solicitudot?42adcdf8d8c7d0e18b8dce02bc22f349c62b0d8243ffdbae1b9f91109e6a28ca4d7949a750c08ac667570f4c7531ec14,gx-no-cache=1526997856140 HTTP/1.1" 200 111
186.103.157.98 - - [22/May/2018:11:05:19 -0300] "GET /cormun/servlet/permisogoce?2a19d7322e77495e4927852687c3a5ddabc1059f254bda664f420ae8462b8a24960d56bac5eef0e178669d305311c61833593f059f6734f242d6798841527313,gx-no-cache=1526997862271 HTTP/1.1" 200 47
186.103.157.98 - - [22/May/2018:11:05:25 -0300] "GET /cormun/servlet/puconsultapgoce?17527755,MD,gxPopupLevel%3D0%3B HTTP/1.1" 200 4201
186.103.157.98 - - [22/May/2018:11:05:25 -0300] "GET /cormun/pexe_windows.js HTTP/1.1" 404 1005
186.103.157.98 - - [22/May/2018:11:05:25 -0300] "GET /cormun/pexe_layers.js HTTP/1.1" 404 1003
186.103.157.98 - - [22/May/2018:11:05:25 -0300] "GET /cormun/pexe_cookies.js HTTP/1.1" 404 1005
186.103.157.98 - - [22/May/2018:11:05:25 -0300] "GET /cormun/pexe_griddivfix.js HTTP/1.1" 404 1011
186.103.157.98 - - [22/May/2018:11:05:25 -0300] "GET /cormun/pexe_picture.js HTTP/1.1" 404 1005
186.103.157.98 - - [22/May/2018:11:05:25 -0300] "GET /cormun/pexe_treedivfix.js HTTP/1.1" 404 1011
186.103.157.98 - - [22/May/2018:11:05:25 -0300] "GET /cormun/pexe_autoreload.js HTTP/1.1" 404 1011
186.103.157.98 - - [22/May/2018:11:05:25 -0300] "GET /cormun/pexe_menudivfix.js HTTP/1.1" 404 1011
186.103.157.98 - - [22/May/2018:11:05:25 -0300] "GET /cormun/pexe_tabdivfix.js HTTP/1.1" 404 1009
186.103.157.98 - - [22/May/2018:11:05:25 -0300] "GET /cormun/pexe_menus.js HTTP/1.1" 404 1001
186.103.157.98 - - [22/May/2018:11:05:25 -0300] "GET /cormun/pexe_layers.js HTTP/1.1" 404 1003
186.103.157.98 - - [22/May/2018:11:05:25 -0300] "GET /cormun/pexe_link.js HTTP/1.1" 404 999
186.103.157.98 - - [22/May/2018:11:05:25 -0300] "GET /cormun/pexe_windows.js HTTP/1.1" 404 1005
186.103.157.98 - - [22/May/2018:11:05:26 -0300] "GET /cormun/pexe_grid.js HTTP/1.1" 404 999
186.103.157.98 - - [22/May/2018:11:05:26 -0300] "GET /cormun/pexe_link.js HTTP/1.1" 404 999
186.103.157.98 - - [22/May/2018:11:05:26 -0300] "GET /cormun/pexe_cookies.js HTTP/1.1" 404 1005
186.103.157.98 - - [22/May/2018:11:05:26 -0300] "GET /cormun/pexe_grid.js HTTP/1.1" 404 999
186.103.157.98 - - [22/May/2018:11:05:26 -0300] "GET /cormun/pexe_griddivfix.js HTTP/1.1" 404 1011
186.103.157.98 - - [22/May/2018:11:05:26 -0300] "GET /cormun/pexe_picture.js HTTP/1.1" 404 1005
186.103.157.98 - - [22/May/2018:11:05:26 -0300] "GET /cormun/pexe_treedivfix.js HTTP/1.1" 404 1011
186.103.157.98 - - [22/May/2018:11:05:26 -0300] "GET /cormun/pexe_autoreload.js HTTP/1.1" 404 1011
186.103.157.98 - - [22/May/2018:11:05:26 -0300] "GET /cormun/pexe_menudivfix.js HTTP/1.1" 404 1011
186.103.157.98 - - [22/May/2018:11:05:26 -0300] "GET /cormun/pexe_tabdivfix.js HTTP/1.1" 404 1009
186.103.157.98 - - [22/May/2018:11:05:32 -0300] "POST /cormun/servlet/puconsultapgoce?98128d77e624b252b516819af77764dd,17527755,MD,gxPopupLevel%3D0%3B,gx-no-cache=1526997874970 HTTP/1.1" 200 60
186.103.157.98 - - [22/May/2018:11:05:37 -0300] "GET /cormun/servlet/trpermisosingoce? HTTP/1.1" 200 7183
186.103.157.98 - - [22/May/2018:11:05:37 -0300] "GET /cormun/static/gxcfg.js?201742714253516 HTTP/1.1" 200 953
186.103.157.98 - - [22/May/2018:11:05:37 -0300] "GET /cormun/static/trpermisosingoce.js?201742714253970 HTTP/1.1" 200 34472
186.103.157.98 - - [22/May/2018:11:05:38 -0300] "GET /cormun/servlet/trpermisosingoce? HTTP/1.1" 200 7177
186.103.157.98 - - [22/May/2018:11:05:41 -0300] "GET /cormun/servlet/permisosingoce?INS,0, HTTP/1.1" 200 7063
186.103.157.98 - - [22/May/2018:11:05:41 -0300] "GET /cormun/static/gxcfg.js?201752511551633 HTTP/1.1" 200 953
186.103.157.98 - - [22/May/2018:11:05:41 -0300] "GET /cormun/static/permisosingoce.js?20175251155177 HTTP/1.1" 200 25800
186.103.157.98 - - [22/May/2018:11:05:41 -0300] "GET /cormun/servlet/permisosingoce?INS,0, HTTP/1.1" 200 7064
186.103.157.98 - - [22/May/2018:11:05:57 -0300] "GET /cormun/servlet/permisosingoce?15d679f35f15898dc9024bd55a5d66738826fe5569ebfb367f4f60e565610cab5691987c6291f18ceedffa3b05033c49,gx-no-cache=1526997900083 HTTP/1.1" 200 78
186.103.157.98 - - [22/May/2018:11:05:57 -0300] "GET /cormun/static/menuarrow.gif HTTP/1.1" 404 1015
186.103.157.98 - - [22/May/2018:11:06:00 -0300] "GET /cormun/servlet/permisosingoce?15d679f35f15898dc9024bd55a5d66737d751c010d4f61006c468ae3ac8e6c4395ed8e10f138607730a557846e9c3efa,gx-no-cache=1526997903394 HTTP/1.1" 200 33
186.103.157.98 - - [22/May/2018:11:06:05 -0300] "GET /cormun/servlet/permisosingoce?15d679f35f15898dc9024bd55a5d6673ab6f1745c9989b61338d23d3cba49dbe8a14f735fc9cfbfb5ef0ad0ef663ba04d0e28c31c23197d175a2d099c4664df0fe5455f87b01194a5e3a29b1cf6bbf02840cb7138fa6017de7deba20c750bc2af53247603d1cd95c8463fb540025e792185aefa10eba2cda2122c0998151546e117410c2c4feff8e92a63e9c1c35c29d,gx-no-cache=1526997907096 HTTP/1.1" 200 41
186.103.157.98 - - [22/May/2018:11:07:28 -0300] "POST /cormun/servlet/permisosingoce?98128d77e624b252b516819af77764dd,INS,0,,gx-no-cache=1526997990532 HTTP/1.1" 200 93
186.103.157.98 - - [22/May/2018:11:07:28 -0300] "GET /cormun/servlet/hpexe_return? HTTP/1.1" 200 1008
186.103.157.98 - - [22/May/2018:11:07:29 -0300] "GET /cormun/servlet/trpermisosingoce HTTP/1.1" 200 8007
186.103.157.98 - - [22/May/2018:11:07:29 -0300] "GET /cormun/servlet/trpermisosingoce HTTP/1.1" 200 8003
186.103.157.98 - - [22/May/2018:11:07:34 -0300] "GET /cormun/servlet/trpermisosingoceadjunto?285,17527755, HTTP/1.1" 200 6353
186.103.157.98 - - [22/May/2018:11:07:34 -0300] "GET /cormun/static/trpermisosingoceadjunto.js?20177612171634 HTTP/1.1" 200 16925
186.103.157.98 - - [22/May/2018:11:07:35 -0300] "GET /cormun/static/gxcfg.js?2017761217146 HTTP/1.1" 200 953
186.103.157.98 - - [22/May/2018:11:07:35 -0300] "GET /cormun/servlet/trpermisosingoceadjunto?285,17527755, HTTP/1.1" 200 6353
186.103.157.98 - - [22/May/2018:11:07:39 -0300] "GET /cormun/servlet/permisosingoceadjunto?INS,285,, HTTP/1.1" 200 5662
186.103.157.98 - - [22/May/2018:11:07:39 -0300] "GET /cormun/static/gxcfg.js?201752511552178 HTTP/1.1" 200 953
186.103.157.98 - - [22/May/2018:11:07:39 -0300] "GET /cormun/static/permisosingoceadjunto.js?201752511552188 HTTP/1.1" 200 6883
186.103.157.98 - - [22/May/2018:11:07:39 -0300] "GET /cormun/servlet/permisosingoceadjunto?INS,285,, HTTP/1.1" 200 5649
186.103.157.98 - - [22/May/2018:11:07:39 -0300] "GET /cormun/static/about:blank HTTP/1.1" 404 1011
186.103.157.98 - - [22/May/2018:11:07:40 -0300] "GET /cormun/servlet/permisosingoceadjunto?15d679f35f15898dc9024bd55a5d6673d677cb6a51200a769d9d47af08404e37,gx-no-cache=1526998002605 HTTP/1.1" 200 26
186.103.157.98 - - [22/May/2018:11:08:45 -0300] "POST /cormun/servlet/permisosingoceadjunto?98128d77e624b252b516819af77764dd,INS,285,, HTTP/1.1" 200 116
186.103.157.98 - - [22/May/2018:11:08:45 -0300] "GET /cormun/servlet/hpexe_return? HTTP/1.1" 200 1027
186.103.157.98 - - [22/May/2018:11:08:46 -0300] "GET /cormun/servlet/trpermisosingoceadjunto?285,17527755, HTTP/1.1" 200 6768
186.103.157.98 - - [22/May/2018:11:08:46 -0300] "GET /cormun/servlet/trpermisosingoceadjunto?285,17527755, HTTP/1.1" 200 6767
186.103.157.98 - - [22/May/2018:11:08:54 -0300] "POST /cormun/servlet/trpermisosingoceadjunto?98128d77e624b252b516819af77764dd,285,17527755,,gx-no-cache=1526998076324 HTTP/1.1" 200 90
186.103.157.98 - - [22/May/2018:11:08:54 -0300] "GET /cormun/servlet/hpexe_link HTTP/1.1" 200 974
186.103.157.98 - - [22/May/2018:11:08:54 -0300] "GET /cormun/servlet/trpermisosingoce HTTP/1.1" 200 8005
186.103.157.98 - - [22/May/2018:11:08:54 -0300] "GET /cormun/servlet/trpermisosingoce HTTP/1.1" 200 8003
186.103.157.98 - - [22/May/2018:11:09:00 -0300] "POST /cormun/servlet/trpermisosingoce?98128d77e624b252b516819af77764dd,gx-no-cache=1526998083179 HTTP/1.1" 200 5194
186.103.157.98 - - [22/May/2018:11:09:01 -0300] "GET /cormun/static/Shared/jqueryui/images/ui-bg_highlight-soft_100_c6c2c8_1x100.png HTTP/1.1" 404 1117
186.103.157.98 - - [22/May/2018:11:09:01 -0300] "GET /cormun/static/Shared/jqueryui/images/ui-bg_flat_55_fafafa_40x100.png HTTP/1.1" 404 1097
186.103.157.98 - - [22/May/2018:11:09:01 -0300] "GET /cormun/static/Shared/jqueryui/images/ui-icons_8d78a5_256x240.png HTTP/1.1" 404 1089
186.103.157.98 - - [22/May/2018:11:09:01 -0300] "GET /cormun/static/Shared/jqueryui/images/ui-icons_82798d_256x240.png HTTP/1.1" 404 1089
186.103.157.98 - - [22/May/2018:11:09:09 -0300] "GET /cormun/servlet/trautorizarsolicitud? HTTP/1.1" 200 8727
186.103.157.98 - - [22/May/2018:11:09:10 -0300] "GET /cormun/servlet/trautorizarsolicitud? HTTP/1.1" 200 8726
186.103.159.182 - - [22/May/2018:11:09:41 -0300] "GET /cormun/servlet/hlogin HTTP/1.1" 200 1724
186.103.159.182 - - [22/May/2018:11:09:43 -0300] "GET /cormun/servlet/hlogin HTTP/1.1" 200 1732
186.103.159.182 - - [22/May/2018:11:09:49 -0300] "POST /cormun/servlet/hlogin?b425f50c7562c12234df35d062b593ba,gx-no-cache=1526998130620 HTTP/1.1" 200 90
186.103.159.182 - - [22/May/2018:11:09:49 -0300] "GET /cormun/servlet/hpexe_link HTTP/1.1" 200 952
186.103.159.182 - - [22/May/2018:11:09:50 -0300] "GET /cormun/servlet/hhome HTTP/1.1" 200 4260
186.103.159.182 - - [22/May/2018:11:09:50 -0300] "GET /cormun/servlet/hhome HTTP/1.1" 200 4256
186.103.159.182 - - [22/May/2018:11:09:55 -0300] "GET /cormun/servlet/trsolicitudot? HTTP/1.1" 200 7471
186.103.159.182 - - [22/May/2018:11:09:55 -0300] "GET /cormun/servlet/trsolicitudot? HTTP/1.1" 200 7470
186.103.159.182 - - [22/May/2018:11:09:56 -0300] "GET /cormun/static/menuarrow.gif HTTP/1.1" 404 1015
186.103.159.182 - - [22/May/2018:11:10:05 -0300] "POST /cormun/servlet/trsolicitudot?b425f50c7562c12234df35d062b593ba,,gx-no-cache=1526998145959 HTTP/1.1" 200 11109
186.103.157.98 - - [22/May/2018:11:10:11 -0300] "POST /cormun/servlet/trautorizarsolicitud?98128d77e624b252b516819af77764dd,,gx-no-cache=1526998153203 HTTP/1.1" 200 4620
186.103.157.98 - - [22/May/2018:11:10:11 -0300] "GET /cormun/static/Shared/jqueryui/images/ui-bg_highlight-soft_100_c6c2c8_1x100.png HTTP/1.1" 404 1117
186.103.157.98 - - [22/May/2018:11:10:11 -0300] "GET /cormun/static/Shared/jqueryui/images/ui-icons_8d78a5_256x240.png HTTP/1.1" 404 1089
186.103.157.98 - - [22/May/2018:11:10:11 -0300] "GET /cormun/static/Shared/jqueryui/images/ui-icons_82798d_256x240.png HTTP/1.1" 404 1089
186.103.157.98 - - [22/May/2018:11:10:11 -0300] "GET /cormun/static/Shared/jqueryui/images/ui-bg_flat_55_fafafa_40x100.png HTTP/1.1" 404 1097
186.103.157.98 - - [22/May/2018:11:10:11 -0300] "POST /cormun/servlet/trautorizarsolicitud?98128d77e624b252b516819af77764dd,,gx-no-cache=1526998154302 HTTP/1.1" 200 4395
186.103.157.98 - - [22/May/2018:11:10:19 -0300] "GET /cormun/servlet/trvisualizadoreventos? HTTP/1.1" 200 7008
186.103.157.98 - - [22/May/2018:11:10:19 -0300] "GET /cormun/servlet/trvisualizadoreventos? HTTP/1.1" 200 7008
186.103.157.98 - - [22/May/2018:11:10:23 -0300] "GET /cormun/servlet/trsolicitudot? HTTP/1.1" 200 7465
186.103.157.98 - - [22/May/2018:11:10:23 -0300] "GET /cormun/servlet/trsolicitudot? HTTP/1.1" 200 7465
200.73.230.197 - - [22/May/2018:11:11:13 -0300] "POST /cormun/servlet/solicitudot?gx-no-cache=1526998212040 HTTP/1.1" 200 3403
200.73.230.197 - - [22/May/2018:11:11:13 -0300] "POST /cormun/servlet/solicitudot?2f4afb2e8e15c976da44974c3e10b3ad,INS,0,0,,gx-no-cache=1526998212525 HTTP/1.1" 200 10544
200.73.230.197 - - [22/May/2018:11:11:13 -0300] "GET /cormun/servlet/solicitudot?42adcdf8d8c7d0e18b8dce02bc22f349898fffcf7d27bdac94e525128e8b70992bf3bb3bf255973555d18d9df66bde85,gx-no-cache=1526998212974 HTTP/1.1" 200 30
186.103.157.98 - - [22/May/2018:11:11:17 -0300] "GET /cormun/servlet/trpermisosgoce? HTTP/1.1" 200 8022
200.73.230.197 - - [22/May/2018:11:11:17 -0300] "GET /cormun/servlet/solicitudot?42adcdf8d8c7d0e18b8dce02bc22f349885fc6d733f377a456fc63cb45e7dccdc64e3f3261fd261a746f90c16b9db1e9b33ce30b73aa96449b6a85eb46e6952d,gx-no-cache=1526998216878 HTTP/1.1" 200 30
200.73.230.197 - - [22/May/2018:11:11:17 -0300] "GET /cormun/servlet/solicitudot?42adcdf8d8c7d0e18b8dce02bc22f34968f96cf25f216b55bcb8c2cb38c145c8,gx-no-cache=1526998216966 HTTP/1.1" 200 51
186.103.157.98 - - [22/May/2018:11:11:18 -0300] "GET /cormun/servlet/trpermisosgoce? HTTP/1.1" 200 8021
200.73.230.197 - - [22/May/2018:11:11:18 -0300] "POST /cormun/servlet/solicitudot?gx-no-cache=1526998217082 HTTP/1.1" 200 255
200.73.230.197 - - [22/May/2018:11:11:18 -0300] "GET /cormun/servlet/solicitudot?42adcdf8d8c7d0e18b8dce02bc22f34960e0ba380890916d8de4da398706e44d8b3200548bb8cb1ef2615cd316f75f56f8c7fcc1989fb7d08a382b45f170c78c11817e2da2998e230e7e85e877684d742b6d75b3032480b1320b3c6518fd2384e2f16d548641dc3eb96f9b1d5556f6e210514c4dc8ba9962c82f135406cbc780fa8c00fce93bb308ca8074006df6c386f98d32e141c2996bda96fbc07a8cb14432a474f8753e2cfc1923843d4b4865c099ab92ef63bf6fb5e37706a2f91455eb4a4a4964f39e22c943d44c1092b23c2b6218cdd78c2dfe0987fd50fb7a956b9b58aeaef26da2c339ba17335d61ad939130cb56d1201ec6afcf58eb5f9f4908c2bba0423b96f38bc6631931353d1249592eabf7d7e8888a335400133ccba7cfbf0887ef1365525c1cf75a31106c9a7d7630b6550c147892d06ce8d72a2f9ceb399cfb1a53ca4180bf7b563048c46bafe465c33de39396ce714cb99bdc016298b74796f4d00ecd88589717a1adacf98d5fdeef76cd0b21634d80fa7a1dbcf72e96,gx-no-cache=1526998217599 HTTP/1.1" 200 30
200.73.230.197 - - [22/May/2018:11:11:26 -0300] "POST /cormun/servlet/solicitudot?gx-no-cache=1526998225895 HTTP/1.1" 200 30
186.103.159.182 - - [22/May/2018:11:11:29 -0300] "POST /cormun/servlet/trsolicitudot?b425f50c7562c12234df35d062b593ba,,gx-no-cache=1526998226656 HTTP/1.1" 200 4480
200.73.230.197 - - [22/May/2018:11:11:29 -0300] "GET /cormun/servlet/prcontratosol?15523072,,,,,MD,,gxPopupLevel%3D0%3B HTTP/1.1" 200 8982
186.103.157.98 - - [22/May/2018:11:11:31 -0300] "POST /cormun/servlet/trpermisosgoce?98128d77e624b252b516819af77764dd,,gx-no-cache=1526998233103 HTTP/1.1" 200 5186
186.103.157.98 - - [22/May/2018:11:11:31 -0300] "GET /cormun/static/Shared/jqueryui/images/ui-bg_highlight-soft_100_c6c2c8_1x100.png HTTP/1.1" 404 1117
186.103.157.98 - - [22/May/2018:11:11:31 -0300] "GET /cormun/static/Shared/jqueryui/images/ui-icons_82798d_256x240.png HTTP/1.1" 404 1089
186.103.157.98 - - [22/May/2018:11:11:31 -0300] "GET /cormun/static/Shared/jqueryui/images/ui-bg_flat_55_fafafa_40x100.png HTTP/1.1" 404 1097
186.103.157.98 - - [22/May/2018:11:11:31 -0300] "GET /cormun/static/Shared/jqueryui/images/ui-icons_8d78a5_256x240.png HTTP/1.1" 404 1089
200.73.230.197 - - [22/May/2018:11:11:34 -0300] "POST /cormun/servlet/solicitudot?gx-no-cache=1526998233852 HTTP/1.1" 200 1370
200.73.230.197 - - [22/May/2018:11:11:34 -0300] "POST /cormun/servlet/solicitudot?gx-no-cache=1526998234001 HTTP/1.1" 200 38
200.73.230.197 - - [22/May/2018:11:11:34 -0300] "GET /cormun/servlet/solicitudot?42adcdf8d8c7d0e18b8dce02bc22f3491cc7f45f3d51ec1d51db4cabb28248c966317584a7cf78c3ac0d4472af9bbe1f130ce8e6db6ca3e1a032cfb2f77e34381accc6103c12f2dc672f92e0a1aaeae33984db98eb034ab1d47dc1af1b8ac9e68acfeb5e1dafe44ebec829204b475e21a676cecbe5de7d570bf50a0be49c549ecd186ec103d03b202e492a539b44e5dcc2ab5ce1df0f4ca5dbe83ae401e141faf980d207f58905715a79e98a77647f80be43fd89cb4b28c9f0f2038290eb8234573ac58a176a5dd6e40f575a5d341494,gx-no-cache=1526998234068 HTTP/1.1" 200 29
200.73.230.197 - - [22/May/2018:11:11:35 -0300] "POST /cormun/servlet/solicitudot?gx-no-cache=1526998234128 HTTP/1.1" 200 1351
200.73.230.197 - - [22/May/2018:11:11:35 -0300] "POST /cormun/servlet/solicitudot?gx-no-cache=1526998234236 HTTP/1.1" 200 1249
200.73.230.197 - - [22/May/2018:11:11:35 -0300] "GET /cormun/servlet/solicitudot?42adcdf8d8c7d0e18b8dce02bc22f3496e3c4545d2c1ef6e1c4c69ebcf990bcd103f4e06b0ab7ca014c75965893a83f5,gx-no-cache=1526998234310 HTTP/1.1" 200 134
186.103.157.98 - - [22/May/2018:11:11:35 -0300] "GET /cormun/servlet/trpermisosadjuntos?17527755,20180522095608,P, HTTP/1.1" 200 7061
186.103.157.98 - - [22/May/2018:11:11:35 -0300] "GET /cormun/servlet/trpermisosadjuntos?17527755,20180522095608,P, HTTP/1.1" 200 7062
200.73.230.197 - - [22/May/2018:11:11:39 -0300] "GET /cormun/static/menuarrow.gif HTTP/1.1" 404 1015
186.103.157.98 - - [22/May/2018:11:11:41 -0300] "GET /cormun/servlet/permisosadjuntos?INS,17527755,P,20180522095608,, HTTP/1.1" 200 5894
186.103.157.98 - - [22/May/2018:11:11:41 -0300] "GET /cormun/static/about:blank HTTP/1.1" 404 1011
186.103.157.98 - - [22/May/2018:11:11:41 -0300] "GET /cormun/servlet/permisosadjuntos?INS,17527755,P,20180522095608,, HTTP/1.1" 200 5883
200.73.230.197 - - [22/May/2018:11:11:54 -0300] "GET /cormun/servlet/solicitudot?42adcdf8d8c7d0e18b8dce02bc22f34967cbff4a0f24f5cb99fc1ac14b3f7dac274e44e4d17a4183abccbfaf971182ca,gx-no-cache=1526998253754 HTTP/1.1" 200 30
186.103.157.98 - - [22/May/2018:11:12:26 -0300] "POST /cormun/servlet/permisosadjuntos?98128d77e624b252b516819af77764dd,INS,17527755,P,20180522095608,, HTTP/1.1" 200 116
186.103.157.98 - - [22/May/2018:11:12:26 -0300] "GET /cormun/servlet/hpexe_return? HTTP/1.1" 200 1038
186.103.157.98 - - [22/May/2018:11:12:26 -0300] "GET /cormun/servlet/trpermisosadjuntos?17527755,20180522095608,P, HTTP/1.1" 200 7183
186.103.157.98 - - [22/May/2018:11:12:26 -0300] "GET /cormun/servlet/trpermisosadjuntos?17527755,20180522095608,P, HTTP/1.1" 200 7178
186.103.157.98 - - [22/May/2018:11:12:31 -0300] "POST /cormun/servlet/trpermisosadjuntos?98128d77e624b252b516819af77764dd,17527755,20180522095608,P,,gx-no-cache=1526998293845 HTTP/1.1" 200 90
186.103.157.98 - - [22/May/2018:11:12:31 -0300] "GET /cormun/servlet/hpexe_link HTTP/1.1" 200 985
186.103.157.98 - - [22/May/2018:11:12:31 -0300] "GET /cormun/servlet/trpermisosgoce? HTTP/1.1" 200 8023
186.103.157.98 - - [22/May/2018:11:12:32 -0300] "GET /cormun/servlet/trpermisosgoce? HTTP/1.1" 200 8021
200.73.230.197 - - [22/May/2018:11:12:33 -0300] "POST /cormun/servlet/solicitudot?gx-no-cache=1526998292704 HTTP/1.1" 200 1350
200.73.230.197 - - [22/May/2018:11:12:33 -0300] "POST /cormun/servlet/solicitudot?gx-no-cache=1526998292904 HTTP/1.1" 200 1249
200.73.230.197 - - [22/May/2018:11:12:33 -0300] "POST /cormun/servlet/solicitudot?gx-no-cache=1526998293000 HTTP/1.1" 200 33
200.73.230.197 - - [22/May/2018:11:12:34 -0300] "POST /cormun/servlet/solicitudot?2f4afb2e8e15c976da44974c3e10b3ad,INS,0,0,,gx-no-cache=1526998293115 HTTP/1.1" 200 93
200.73.230.197 - - [22/May/2018:11:12:34 -0300] "GET /cormun/servlet/hpexe_return? HTTP/1.1" 200 1007
200.73.230.197 - - [22/May/2018:11:12:34 -0300] "GET /cormun/servlet/trsolicitudot HTTP/1.1" 200 10064
200.73.230.197 - - [22/May/2018:11:12:36 -0300] "GET /cormun/servlet/trsolicitudot HTTP/1.1" 200 10059
186.103.157.98 - - [22/May/2018:11:12:38 -0300] "POST /cormun/servlet/trpermisosgoce?98128d77e624b252b516819af77764dd,,gx-no-cache=1526998301445 HTTP/1.1" 200 5184
186.103.157.98 - - [22/May/2018:11:12:39 -0300] "GET /cormun/static/Shared/jqueryui/images/ui-bg_highlight-soft_100_c6c2c8_1x100.png HTTP/1.1" 404 1117
186.103.157.98 - - [22/May/2018:11:12:39 -0300] "GET /cormun/static/Shared/jqueryui/images/ui-bg_flat_55_fafafa_40x100.png HTTP/1.1" 404 1097
186.103.157.98 - - [22/May/2018:11:12:39 -0300] "GET /cormun/static/Shared/jqueryui/images/ui-icons_8d78a5_256x240.png HTTP/1.1" 404 1089
186.103.157.98 - - [22/May/2018:11:12:39 -0300] "GET /cormun/static/Shared/jqueryui/images/ui-icons_82798d_256x240.png HTTP/1.1" 404 1089
186.103.157.98 - - [22/May/2018:11:12:47 -0300] "GET /cormun/servlet/apermisogoceprn?17527755,P,20180522095608,PU HTTP/1.1" 200 1654
200.73.230.197 - - [22/May/2018:11:12:54 -0300] "GET /cormun/servlet/solicitudot?INS,0,0, HTTP/1.1" 200 13390
200.73.230.197 - - [22/May/2018:11:12:55 -0300] "GET /cormun/servlet/solicitudot?INS,0,0, HTTP/1.1" 200 13395
186.103.159.182 - - [22/May/2018:11:13:08 -0300] "GET /cormun/servlet/solicitudot?INS,0,0, HTTP/1.1" 200 13700
200.73.230.197 - - [22/May/2018:11:13:10 -0300] "POST /cormun/servlet/solicitudot?gx-no-cache=1526998329364 HTTP/1.1" 200 3393
200.73.230.197 - - [22/May/2018:11:13:11 -0300] "POST /cormun/servlet/solicitudot?2f4afb2e8e15c976da44974c3e10b3ad,INS,0,0,,gx-no-cache=1526998329787 HTTP/1.1" 200 10357
200.73.230.197 - - [22/May/2018:11:13:11 -0300] "GET /cormun/servlet/solicitudot?42adcdf8d8c7d0e18b8dce02bc22f349841863a04cfb58fc17e8a1e80dd8b3ea4d7949a750c08ac667570f4c7531ec14,gx-no-cache=1526998330661 HTTP/1.1" 200 30
186.103.159.182 - - [22/May/2018:11:13:11 -0300] "GET /cormun/static/solicitudot.js?201812313224831 HTTP/1.1" 304 -
186.103.159.182 - - [22/May/2018:11:13:12 -0300] "GET /cormun/servlet/solicitudot?INS,0,0, HTTP/1.1" 200 13704
186.103.159.182 - - [22/May/2018:11:13:13 -0300] "GET /cormun/servlet/trsolicitudot? HTTP/1.1" 200 7486
200.73.230.197 - - [22/May/2018:11:13:15 -0300] "GET /cormun/servlet/solicitudot?42adcdf8d8c7d0e18b8dce02bc22f3494973efdfa17a9cdbacbe03a7bd9716cb6e7569c67caffca9013e757acbfd31d131d7a4f2e93c2f3030319f42d4837601,gx-no-cache=1526998334511 HTTP/1.1" 200 30
200.73.230.197 - - [22/May/2018:11:13:15 -0300] "GET /cormun/servlet/solicitudot?42adcdf8d8c7d0e18b8dce02bc22f3490772bd113580a1572f16370462439d7d,gx-no-cache=1526998334581 HTTP/1.1" 200 53
200.73.230.197 - - [22/May/2018:11:13:15 -0300] "POST /cormun/servlet/solicitudot?gx-no-cache=1526998334653 HTTP/1.1" 200 255
200.73.230.197 - - [22/May/2018:11:13:15 -0300] "GET /cormun/servlet/solicitudot?42adcdf8d8c7d0e18b8dce02bc22f34960e0ba380890916d8de4da398706e44d8b3200548bb8cb1ef2615cd316f75f56f8c7fcc1989fb7d08a382b45f170c78c11817e2da2998e230e7e85e877684d742b6d75b3032480b1320b3c6518fd2384e2f16d548641dc3eb96f9b1d5556f6e210514c4dc8ba9962c82f135406cbc780fa8c00fce93bb308ca8074006df6c386f98d32e141c2996bda96fbc07a8cb14432a474f8753e2cfc1923843d4b4865c099ab92ef63bf6fb5e37706a2f91455eb4a4a4964f39e22c943d44c1092b23c2b6218cdd78c2dfe0987fd50fb7a956b9b58aeaef26da2c339ba17335d61ad939130cb56d1201ec6afcf58eb5f9f4908c2bba0423b96f38bc6631931353d1249592eabf7d7e8888a335400133ccba7cfbf0887ef1365525c1cf75a31106c9a7d7630b6550c147892d06ce8d72a2f9ceb399cfb1a53ca4180bf7b563048c46bafe465c33de39396ce714cb99bdc016298b74796f4d00ecd88589717a1adacf98d5fdeef76cd0b21634d80fa7a1dbcf72e96,gx-no-cache=1526998334743 HTTP/1.1" 200 30
186.103.159.182 - - [22/May/2018:11:13:16 -0300] "GET /cormun/servlet/trsolicitudot? HTTP/1.1" 200 7485
200.73.230.197 - - [22/May/2018:11:13:20 -0300] "POST /cormun/servlet/solicitudot?gx-no-cache=1526998339312 HTTP/1.1" 200 30
200.73.230.197 - - [22/May/2018:11:13:22 -0300] "GET /cormun/servlet/prcontratosol?9279153,,,,,MD,,gxPopupLevel%3D0%3B HTTP/1.1" 200 8711
186.103.159.182 - - [22/May/2018:11:13:23 -0300] "GET /cormun/static/menuarrow.gif HTTP/1.1" 404 1015
186.103.159.182 - - [22/May/2018:11:13:29 -0300] "POST /cormun/servlet/trsolicitudot?b425f50c7562c12234df35d062b593ba,,gx-no-cache=1526998350087 HTTP/1.1" 200 4477
186.103.159.182 - - [22/May/2018:11:13:31 -0300] "GET /cormun/servlet/solicitudot?INS,0,0, HTTP/1.1" 200 13698
186.103.159.182 - - [22/May/2018:11:13:32 -0300] "GET /cormun/servlet/solicitudot?INS,0,0, HTTP/1.1" 200 13704
186.103.157.98 - - [22/May/2018:11:13:33 -0300] "GET /cormun/servlet/permisogoce?DSP,17527755,P,20180522095608, HTTP/1.1" 200 6963
186.103.157.98 - - [22/May/2018:11:13:33 -0300] "GET /cormun/servlet/permisogoce?DSP,17527755,P,20180522095608, HTTP/1.1" 200 6964
200.73.230.197 - - [22/May/2018:11:13:34 -0300] "POST /cormun/servlet/solicitudot?gx-no-cache=1526998354108 HTTP/1.1" 200 1369
200.73.230.197 - - [22/May/2018:11:13:35 -0300] "POST /cormun/servlet/solicitudot?gx-no-cache=1526998354244 HTTP/1.1" 200 38
200.73.230.197 - - [22/May/2018:11:13:35 -0300] "GET /cormun/servlet/solicitudot?42adcdf8d8c7d0e18b8dce02bc22f3491cc7f45f3d51ec1d51db4cabb28248c966317584a7cf78c3ac0d4472af9bbe1f7f04e32c6a14c5a992e2dabf240fbf291accc6103c12f2dc672f92e0a1aaeae33984db98eb034ab1d47dc1af1b8ac9e68acfeb5e1dafe44ebec829204b475e21a676cecbe5de7d570bf50a0be49c549ecd186ec103d03b202e492a539b44e5dcc2ab5ce1df0f4ca5dbe83ae401e141faf980d207f58905715a79e98a77647f80be43fd89cb4b28c9f0f2038290eb8234573ac58a176a5dd6e40f575a5d341494,gx-no-cache=1526998354354 HTTP/1.1" 200 29
200.73.230.197 - - [22/May/2018:11:13:35 -0300] "POST /cormun/servlet/solicitudot?gx-no-cache=1526998354474 HTTP/1.1" 200 1351
200.73.230.197 - - [22/May/2018:11:13:35 -0300] "POST /cormun/servlet/solicitudot?gx-no-cache=1526998354605 HTTP/1.1" 200 1250
200.73.230.197 - - [22/May/2018:11:13:35 -0300] "GET /cormun/servlet/solicitudot?42adcdf8d8c7d0e18b8dce02bc22f3496809b38ede87e5faaf3c7a70f5dee984,gx-no-cache=1526998355070 HTTP/1.1" 200 30
186.103.157.98 - - [22/May/2018:11:13:38 -0300] "POST /cormun/servlet/permisogoce?98128d77e624b252b516819af77764dd,DSP,17527755,P,20180522095608,,gx-no-cache=1526998360780 HTTP/1.1" 200 90
186.103.157.98 - - [22/May/2018:11:13:38 -0300] "GET /cormun/servlet/hpexe_link HTTP/1.1" 200 984
186.103.157.98 - - [22/May/2018:11:13:38 -0300] "GET /cormun/servlet/trpermisosgoce? HTTP/1.1" 200 8023
186.103.157.98 - - [22/May/2018:11:13:38 -0300] "GET /cormun/servlet/trpermisosgoce? HTTP/1.1" 200 8021
200.73.230.197 - - [22/May/2018:11:13:41 -0300] "POST /cormun/servlet/solicitudot?gx-no-cache=1526998360418 HTTP/1.1" 200 30
190.100.93.40 - - [22/May/2018:11:13:41 -0300] "POST /cormun/servlet/trlicencias?42a4b71677572545c4108d15d1331a78,,gx-no-cache=1526998360470 HTTP/1.1" 440 972
186.103.159.182 - - [22/May/2018:11:13:41 -0300] "POST /cormun/servlet/solicitudot?gx-no-cache=1526998362926 HTTP/1.1" 200 3284
