186.67.172.234 - - [22/May/2018:13:09:02 -0300] "GET /cormun/static/PXToolsJavascripts/pexe_upload.js HTTP/1.1" 200 1423
186.67.172.234 - - [22/May/2018:13:09:02 -0300] "GET /cormun/static/PXToolsJavascripts/pexe_autoreload.js HTTP/1.1" 200 1762
186.67.172.234 - - [22/May/2018:13:09:02 -0300] "GET /cormun/static/PXToolsJavascripts/PXToolsJavascriptsRender.js HTTP/1.1" 200 367
186.67.172.234 - - [22/May/2018:13:09:02 -0300] "GET /cormun/static/PXToolsJavascripts/pexe_link.js HTTP/1.1" 200 5671
186.67.172.234 - - [22/May/2018:13:09:02 -0300] "GET /cormun/static/PXToolsJavascripts/pexe_windows.js HTTP/1.1" 200 15207
186.67.172.234 - - [22/May/2018:13:09:02 -0300] "GET /cormun/static/RunJS/RunJS.js HTTP/1.1" 200 288
186.67.172.234 - - [22/May/2018:13:09:02 -0300] "GET /cormun/static/PXToolsJavascripts/pexe_tabdivfix.js HTTP/1.1" 200 876
186.67.172.234 - - [22/May/2018:13:09:03 -0300] "GET /cormun/static/hwchdr01.js?201752511465785 HTTP/1.1" 200 1183
186.67.172.234 - - [22/May/2018:13:09:03 -0300] "GET /cormun/static/Shared/ext/locale/ext-lang-en.js HTTP/1.1" 200 10940
186.67.172.234 - - [22/May/2018:13:09:03 -0300] "GET /cormun/static/hpexe_recentlink.js?20177611595044 HTTP/1.1" 200 2144
186.67.172.234 - - [22/May/2018:13:09:03 -0300] "GET /cormun/static/hhome.js?20175251212450 HTTP/1.1" 200 777
186.67.172.234 - - [22/May/2018:13:09:03 -0300] "GET /cormun/static/Resources/PXToolsHeaderLogin.png HTTP/1.1" 200 4279
186.67.172.234 - - [22/May/2018:13:09:03 -0300] "GET /cormun/static/Resources/PXToolsFooterBackground2.png HTTP/1.1" 200 1172
186.67.172.234 - - [22/May/2018:13:09:03 -0300] "GET /cormun/static/Resources/PXToolsHeaderBackground2.png HTTP/1.1" 200 1174
186.67.172.234 - - [22/May/2018:13:09:03 -0300] "GET /cormun/static/Resources/PXToolsDataTitle.png HTTP/1.1" 200 1173
186.67.172.234 - - [22/May/2018:13:09:03 -0300] "GET /cormun/static/gxui/gxui-all.js HTTP/1.1" 200 107772
186.67.172.234 - - [22/May/2018:13:09:03 -0300] "GET /cormun/static/Resources/PXToolsHeaderActionsBackground.png HTTP/1.1" 200 484
186.67.172.234 - - [22/May/2018:13:09:03 -0300] "GET /cormun/static/Resources/PXToolsHeaderActionsRight.png HTTP/1.1" 200 1201
186.67.172.234 - - [22/May/2018:13:09:03 -0300] "GET /cormun/static/Resources/PXToolsHeaderHome.png HTTP/1.1" 200 4147
186.67.172.234 - - [22/May/2018:13:09:03 -0300] "GET /cormun/static/Resources/PXToolsHeaderPreferences.png HTTP/1.1" 200 4189
186.67.172.234 - - [22/May/2018:13:09:03 -0300] "GET /cormun/static/Resources/logo4.png HTTP/1.1" 200 6582
186.67.172.234 - - [22/May/2018:13:09:03 -0300] "GET /cormun/static/Resources/PXToolsHeaderSecurity.png HTTP/1.1" 200 4166
186.67.172.234 - - [22/May/2018:13:09:03 -0300] "GET /cormun/static/Resources/PXToolsHeaderActionsLeft.png HTTP/1.1" 200 1118
186.67.172.234 - - [22/May/2018:13:09:03 -0300] "GET /cormun/static/hpexe_scripts.js?201752511465715 HTTP/1.1" 200 1544
186.67.172.234 - - [22/May/2018:13:09:03 -0300] "GET /cormun/static/hpexe_messagecontroller.js?20177611595012 HTTP/1.1" 200 870
186.67.172.234 - - [22/May/2018:13:09:03 -0300] "GET /cormun/static/hpexe_messagepopupcomponent.js?20161017169425 HTTP/1.1" 200 605
186.67.172.234 - - [22/May/2018:13:09:03 -0300] "GET /cormun/static/hpexe_messagegenexuscomponent.js?201752511465344 HTTP/1.1" 200 587
186.67.172.234 - - [22/May/2018:13:09:03 -0300] "GET /cormun/static/cmcontrolpreferences.js?201752511465670 HTTP/1.1" 200 1375
186.67.172.234 - - [22/May/2018:13:09:03 -0300] "GET /cormun/static/SmoothNavMenu/resources/ddsmoothmenu.js HTTP/1.1" 200 12712
186.67.172.234 - - [22/May/2018:13:09:03 -0300] "GET /cormun/static/SmoothNavMenu/resources/SmoothNavMenuRender.js HTTP/1.1" 200 5951
186.67.172.234 - - [22/May/2018:13:09:03 -0300] "GET /cormun/static/scaMessage/js/jquery.pnotify.min.js HTTP/1.1" 200 13038
186.67.172.234 - - [22/May/2018:13:09:03 -0300] "GET /cormun/static/Shared/jquery/jquery-1.4.2.min.js HTTP/1.1" 200 72174
186.67.172.234 - - [22/May/2018:13:09:03 -0300] "GET /cormun/static/scaMessage/scaMessageRender.js HTTP/1.1" 200 11977
186.67.172.234 - - [22/May/2018:13:09:03 -0300] "GET /cormun/static/hmpwkw03.js?20177612122668 HTTP/1.1" 200 3965
186.67.172.234 - - [22/May/2018:13:09:03 -0300] "GET /cormun/static/Shared/ext/ext-all.js HTTP/1.1" 200 1289687
186.67.172.234 - - [22/May/2018:13:09:03 -0300] "GET /cormun/static/Shared/jquery/jquery-1.10.2.min.js HTTP/1.1" 200 273199
186.67.172.234 - - [22/May/2018:13:09:04 -0300] "GET /cormun/static/Shared/jqueryui/jquery-ui.min.js HTTP/1.1" 200 240427
186.67.172.234 - - [22/May/2018:13:09:04 -0300] "GET /cormun/static/SmoothNavMenu/resources/images/down.gif HTTP/1.1" 200 854
186.67.172.234 - - [22/May/2018:13:09:04 -0300] "GET /cormun/static/SmoothNavMenu/resources/images/right.gif HTTP/1.1" 200 860
186.67.172.234 - - [22/May/2018:13:09:04 -0300] "GET /cormun/servlet/hhome HTTP/1.1" 200 4233
186.103.156.24 - - [22/May/2018:13:09:06 -0300] "GET /cormun/servlet/permisogoce?INS,0,,, HTTP/1.1" 200 7095
186.103.156.24 - - [22/May/2018:13:09:06 -0300] "GET /cormun/servlet/permisogoce?INS,0,,, HTTP/1.1" 200 7095
186.67.172.234 - - [22/May/2018:13:09:09 -0300] "GET /cormun/servlet/trcontratosolicitud? HTTP/1.1" 200 14397
186.67.172.234 - - [22/May/2018:13:09:09 -0300] "GET /cormun/static/gxui/gxui-all.css?110300 HTTP/1.1" 200 2179
186.67.172.234 - - [22/May/2018:13:09:09 -0300] "GET /cormun/static/calendar-system.css?75620 HTTP/1.1" 200 5572
186.67.172.234 - - [22/May/2018:13:09:09 -0300] "GET /cormun/static/gxcfg.js?20177612214014 HTTP/1.1" 200 953
186.67.172.234 - - [22/May/2018:13:09:09 -0300] "GET /cormun/static/calendar.js?85251 HTTP/1.1" 200 26246
186.67.172.234 - - [22/May/2018:13:09:09 -0300] "GET /cormun/static/calendar-setup.js?85251 HTTP/1.1" 200 2588
186.67.172.234 - - [22/May/2018:13:09:09 -0300] "GET /cormun/static/calendar-es.js?85251 HTTP/1.1" 200 1901
186.67.172.234 - - [22/May/2018:13:09:09 -0300] "GET /cormun/static/gxdec.js?85251 HTTP/1.1" 200 19579
186.67.172.234 - - [22/May/2018:13:09:09 -0300] "GET /cormun/static/trcontratosolicitud.js?20177612214349 HTTP/1.1" 200 28237
186.67.172.234 - - [22/May/2018:13:09:09 -0300] "GET /cormun/static/Resources/PXToolsDataSearch.png HTTP/1.1" 200 419
186.67.172.234 - - [22/May/2018:13:09:09 -0300] "GET /cormun/static/Resources/PXToolsGridFirstDisabled.gif HTTP/1.1" 200 100
186.67.172.234 - - [22/May/2018:13:09:09 -0300] "GET /cormun/static/Resources/PXToolsGridPreviousDisabled.gif HTTP/1.1" 200 90
186.67.172.234 - - [22/May/2018:13:09:09 -0300] "GET /cormun/static/Shared/ext/resources/css/ext-all.css?205870 HTTP/1.1" 200 416045
186.67.172.234 - - [22/May/2018:13:09:09 -0300] "GET /cormun/static/Resources/PXToolsGridNextDisabled.gif HTTP/1.1" 200 90
186.67.172.234 - - [22/May/2018:13:09:09 -0300] "GET /cormun/static/Resources/PXToolsGridLastDisabled.gif HTTP/1.1" 200 98
186.67.172.234 - - [22/May/2018:13:09:09 -0300] "GET /cormun/static/Resources/PXToolsGridPage.gif HTTP/1.1" 200 725
200.111.122.170 - - [22/May/2018:13:09:10 -0300] "POST /cormun/servlet/solicitudot?gx-no-cache=1527005287616 HTTP/1.1" 200 3292
200.111.122.170 - - [22/May/2018:13:09:10 -0300] "POST /cormun/servlet/solicitudot?9f5ce00eebc38693c017fc6397f6ecd3,INS,0,0,,gx-no-cache=1527005287866 HTTP/1.1" 200 10448
186.67.172.234 - - [22/May/2018:13:09:10 -0300] "GET /cormun/static/Resources/asc.gif HTTP/1.1" 200 67
186.67.172.234 - - [22/May/2018:13:09:10 -0300] "GET /cormun//static/Resources/PXToolsGridNew.png HTTP/1.1" 200 2949
186.67.172.234 - - [22/May/2018:13:09:10 -0300] "GET /cormun//static/Resources/PXToolsActionDisabled.gif HTTP/1.1" 200 53
186.67.172.234 - - [22/May/2018:13:09:10 -0300] "GET /cormun/static/Shared/ext/resources/themes/images/default/panel/bg-headersPanel.png HTTP/1.1" 200 255
186.67.172.234 - - [22/May/2018:13:09:10 -0300] "GET /cormun/static/Shared/ext/resources/themes/images/default/tools/tool-sprites.gif HTTP/1.1" 200 5434
186.67.172.234 - - [22/May/2018:13:09:10 -0300] "GET /cormun/servlet/trcontratosolicitud? HTTP/1.1" 200 14406
186.67.172.234 - - [22/May/2018:13:09:10 -0300] "GET /cormun/static/Resources/desc.gif HTTP/1.1" 200 65
200.111.122.170 - - [22/May/2018:13:09:16 -0300] "GET /cormun/servlet/solicitudot?798d3de9b1307d192e9ed5c57d69f1baefdabd3067000c95557339c7a63513b049f2d775a504c3bd6a9cba9ccee2458e,gx-no-cache=1527005294292 HTTP/1.1" 200 30
186.67.172.234 - - [22/May/2018:13:09:17 -0300] "POST /cormun/servlet/trcontratosolicitud?aab6af8e4b1b61a754697d2793409368,,gx-no-cache=1527005295899 HTTP/1.1" 200 12008
186.67.172.234 - - [22/May/2018:13:09:17 -0300] "GET /cormun/static/Resources/PXToolsGridNext.gif HTTP/1.1" 200 369
186.67.172.234 - - [22/May/2018:13:09:17 -0300] "GET /cormun/static/Resources/PXToolsGridLast.gif HTTP/1.1" 200 370
186.67.172.234 - - [22/May/2018:13:09:21 -0300] "POST /cormun/servlet/trcontratosolicitud?aab6af8e4b1b61a754697d2793409368,,gx-no-cache=1527005300755 HTTP/1.1" 200 12364
186.67.172.234 - - [22/May/2018:13:09:21 -0300] "GET /cormun/static/Resources/PXToolsGridFirst.gif HTTP/1.1" 200 379
186.67.172.234 - - [22/May/2018:13:09:21 -0300] "GET /cormun/static/Resources/PXToolsGridPrevious.gif HTTP/1.1" 200 369
186.67.172.234 - - [22/May/2018:13:09:26 -0300] "POST /cormun/servlet/trcontratosolicitud?aab6af8e4b1b61a754697d2793409368,,gx-no-cache=1527005304651 HTTP/1.1" 200 12165
186.103.156.24 - - [22/May/2018:13:09:32 -0300] "GET /cormun/servlet/permisogoce?dd4e9ac5de56ff72ed9323bc78af503f9b5e7330c4c5849220b189c4441fcd99e04aa0a0316ec690c1c1ca0ca1cf8b0a32be52b82e1083d8ebda2d4afbdd175c,gx-no-cache=1527005311843 HTTP/1.1" 200 78
186.103.156.24 - - [22/May/2018:13:09:32 -0300] "GET /cormun/static/menuarrow.gif HTTP/1.1" 404 1015
186.103.156.24 - - [22/May/2018:13:09:40 -0300] "GET /cormun/servlet/permisogoce?dd4e9ac5de56ff72ed9323bc78af503fa7121d0e870bd11798ebdd481e6aafc624b2afa6cc7ad29d40901ba1e7bd8dc9a94d74769740f2ffc379d0e88f6d922c,gx-no-cache=1527005319942 HTTP/1.1" 200 47
186.103.156.24 - - [22/May/2018:13:09:49 -0300] "POST /cormun/servlet/permisogoce?9d0f52e92f2f59536b745dd45f57c12b,INS,0,,,,gx-no-cache=1527005327049 HTTP/1.1" 200 93
186.103.156.24 - - [22/May/2018:13:09:49 -0300] "GET /cormun/servlet/hpexe_return? HTTP/1.1" 200 1012
186.103.156.24 - - [22/May/2018:13:09:49 -0300] "GET /cormun/servlet/trpermisosgoce HTTP/1.1" 200 9710
186.103.156.24 - - [22/May/2018:13:09:50 -0300] "GET /cormun/servlet/trpermisosgoce HTTP/1.1" 200 9690
186.103.156.24 - - [22/May/2018:13:09:57 -0300] "GET /cormun/servlet/apermisogoceprn?14204502,P,20180522120554,PU HTTP/1.1" 200 1653
186.103.158.250 - - [22/May/2018:13:10:11 -0300] "GET /cormun/servlet/licenciaspermisos?18a670a7a4aeb1ca4d3a78e004181e542d155f943f031a14c65ef7031659f34d2cab73708370723487047edaa4c6a44fd90433eaf57b8d3f5c1f3295af9650583ecf73145adc51e9c6d1e11909eb734e96fc71e3e5a6f838aa357ec06004dac984d2390ababf70d0e74b1e6b152e47aa77ddf43ef5a7d5899add1a9410d26ffdf87804a3f56cac1cb37644d6e81c0b9e6479c9592df0055a28b1c062cf763fad575de2156bfa65e7246bbb9343a3752823015d2d23a6224bf08a47056d53a7123225bc73514153a9ae848f3f76dcfa2782d6c5f1135e33c4a06bab1eefe30b0a,gx-no-cache=1527005322097 HTTP/1.1" 200 30
186.103.158.250 - - [22/May/2018:13:10:11 -0300] "GET /cormun/servlet/licenciaspermisos?18a670a7a4aeb1ca4d3a78e004181e5467beeab27e0b01a86508ccba6f9d3b5e57f9001838973354cb11ba141e43fea2170a47ab963f6459a6b0bb3e26ca04f1e4f99522d04238fdcd3b0659fc300cf5a8790651c16375222f2189f4f362d4ab055a502690e51a8bc9bd2dad8bac7234f28354b0e7d2a0fdf48277f025a433d15e16c22ecbd47e409edc4be238bc61a1cd37c7af3c8f434e58e371681ac80a735ca24b0d6633104c19644528c05981dba47a6209e65a2f4932af5b71b691d35b3f7125efc393b94f99ef8da5c45ada4907642a941d63a1f8eba2087d21e9a7d8,gx-no-cache=1527005322202 HTTP/1.1" 200 29
186.103.158.250 - - [22/May/2018:13:10:12 -0300] "POST /cormun/servlet/licenciaspermisos?ac3893d4b3e1aa065b059cc95c1f9967,INS,0,,,,gx-no-cache=1527005322258 HTTP/1.1" 200 93
186.103.158.250 - - [22/May/2018:13:10:12 -0300] "GET /cormun/servlet/hpexe_return? HTTP/1.1" 200 1011
186.103.158.250 - - [22/May/2018:13:10:12 -0300] "GET /cormun/servlet/trlicencias HTTP/1.1" 200 10621
186.103.158.250 - - [22/May/2018:13:10:14 -0300] "GET /cormun/servlet/trlicencias HTTP/1.1" 200 10688
186.103.158.250 - - [22/May/2018:13:10:29 -0300] "GET /cormun/servlet/licenciaspermisos?DLT,13302466,L,20180522000000, HTTP/1.1" 200 7181
186.103.156.24 - - [22/May/2018:13:10:30 -0300] "GET /cormun/servlet/permisogoce?INS,0,,, HTTP/1.1" 200 7094
186.103.158.250 - - [22/May/2018:13:10:30 -0300] "GET /cormun/static/Shared/jqueryui/images/ui-bg_highlight-soft_100_c6c2c8_1x100.png HTTP/1.1" 404 1117
186.103.158.250 - - [22/May/2018:13:10:30 -0300] "GET /cormun/static/Shared/jqueryui/images/ui-icons_82798d_256x240.png HTTP/1.1" 404 1089
186.103.158.250 - - [22/May/2018:13:10:30 -0300] "GET /cormun/static/Shared/jqueryui/images/ui-bg_flat_55_fafafa_40x100.png HTTP/1.1" 404 1097
186.103.158.250 - - [22/May/2018:13:10:30 -0300] "GET /cormun/static/Shared/jqueryui/images/ui-icons_8d78a5_256x240.png HTTP/1.1" 404 1089
186.103.158.250 - - [22/May/2018:13:10:30 -0300] "GET /cormun/servlet/licenciaspermisos?DLT,13302466,L,20180522000000, HTTP/1.1" 200 7181
186.103.156.24 - - [22/May/2018:13:10:30 -0300] "GET /cormun/servlet/permisogoce?INS,0,,, HTTP/1.1" 200 7095
186.103.158.250 - - [22/May/2018:13:10:34 -0300] "POST /cormun/servlet/licenciaspermisos?ac3893d4b3e1aa065b059cc95c1f9967,DLT,13302466,L,20180522000000,,gx-no-cache=1527005344789 HTTP/1.1" 200 93
186.103.158.250 - - [22/May/2018:13:10:34 -0300] "GET /cormun/servlet/hpexe_return? HTTP/1.1" 200 1028
186.103.158.250 - - [22/May/2018:13:10:35 -0300] "GET /cormun/servlet/trlicencias HTTP/1.1" 200 10220
186.103.158.250 - - [22/May/2018:13:10:36 -0300] "GET /cormun/servlet/trlicencias HTTP/1.1" 200 10214
186.67.172.234 - - [22/May/2018:13:10:36 -0300] "POST /cormun/servlet/trcontratosolicitud?aab6af8e4b1b61a754697d2793409368,,gx-no-cache=1527005375827 HTTP/1.1" 200 12063
186.67.172.234 - - [22/May/2018:13:10:50 -0300] "GET /cormun/servlet/trsolicitudot? HTTP/1.1" 200 7444
186.67.172.234 - - [22/May/2018:13:10:50 -0300] "GET /cormun/static/gxui/gxui-all.css?120300 HTTP/1.1" 200 2179
186.67.172.234 - - [22/May/2018:13:10:50 -0300] "GET /cormun/static/gxcfg.js?2017111422585916 HTTP/1.1" 200 953
186.67.172.234 - - [22/May/2018:13:10:50 -0300] "GET /cormun/static/calendar-system.css?85620 HTTP/1.1" 200 5572
186.67.172.234 - - [22/May/2018:13:10:50 -0300] "GET /cormun/static/Resources/Spanish/PXTools.css?1255365 HTTP/1.1" 200 89042
186.67.172.234 - - [22/May/2018:13:10:51 -0300] "GET /cormun/static/trsolicitudot.js?201711142259839 HTTP/1.1" 200 54041
186.67.172.234 - - [22/May/2018:13:10:51 -0300] "GET /cormun/static/Resources/PXTools/calendar.png HTTP/1.1" 200 1306
186.67.172.234 - - [22/May/2018:13:10:51 -0300] "GET /cormun/static/Resources/PXToolsActionExcel.png HTTP/1.1" 200 3187
186.67.172.234 - - [22/May/2018:13:10:51 -0300] "GET /cormun/static/Resources/PXToolsGridNew.png HTTP/1.1" 200 2949
186.67.172.234 - - [22/May/2018:13:10:51 -0300] "GET /cormun/static/Shared/ext/resources/css/ext-all.css?215870 HTTP/1.1" 200 416045
186.67.172.234 - - [22/May/2018:13:10:51 -0300] "GET /cormun/servlet/trsolicitudot? HTTP/1.1" 200 7443
190.151.100.218 - - [22/May/2018:13:10:58 -0300] "GET /cormun/servlet/solicitudot?798d3de9b1307d192e9ed5c57d69f1bada78200e77a284f2316ea094212760c02f44cb50c00edad5d4ea93316dcadbd3,gx-no-cache=1527005396725 HTTP/1.1" 200 30
190.151.100.218 - - [22/May/2018:13:10:59 -0300] "GET /cormun/servlet/solicitudot?798d3de9b1307d192e9ed5c57d69f1bac9a53f78b23ae4177657bb4f0571e471,gx-no-cache=1527005396783 HTTP/1.1" 200 29
190.151.100.218 - - [22/May/2018:13:10:59 -0300] "POST /cormun/servlet/solicitudot?gx-no-cache=1527005397690 HTTP/1.1" 200 255
190.151.100.218 - - [22/May/2018:13:11:02 -0300] "GET /cormun/servlet/solicitudot?798d3de9b1307d192e9ed5c57d69f1bab291007f8e2927aba300f7e94b0b5fdf716e82e2ff2117eaebb40edf02788a2cca615573851f985265caa7e903111fd180ff92206fa6f8b18a5204e5200d6c90b9f7f92e05117f5ff51a973bba403f2e0b07a408b5ec4d963b89e6c62d2fa6d908ae396356b4467be092130714772733672721b01769338ec1ae5009bb1bba9d32be939b7c4aa2692d33582f6b7992b95be31e24bfc29795de16e386a5d73688bd5f929d19e4abe78df5047d97d58a8c49fdb1715b65ca5ae6e6b50c39fde8424f1d2a08d793ca913b6b194d74a78cbf6367f6a2815e96c9b44bc75bd1f43d23f0e6be5552fb31fef5f6cc2f0550815d522bb3ae0e180ae1ded330ef10f180614f61795ea84e9b6a58e6f9e5b08f5b733546656e0c76f7fd7471122139e1c06bad1d767434a104b24b95bbf5673cbe21a4a2fbefa0778275502b2721e070348f0d4208688f86b5080a0fe66f65a61d5ad6e5f1ca21c4c50ebe3d4bb53c9f176c95a094da9c628d2c473bd376718182f4,gx-no-cache=1527005399772 HTTP/1.1" 200 30
186.103.158.250 - - [22/May/2018:13:11:04 -0300] "GET /cormun/servlet/trlicencias HTTP/1.1" 200 10220
186.103.158.250 - - [22/May/2018:13:11:05 -0300] "GET /cormun/servlet/trlicencias HTTP/1.1" 200 10214
186.103.158.250 - - [22/May/2018:13:11:06 -0300] "GET /favicon.ico HTTP/1.1" 200 21630
186.67.172.234 - - [22/May/2018:13:11:10 -0300] "POST /cormun/servlet/trsolicitudot?aab6af8e4b1b61a754697d2793409368,,gx-no-cache=1527005409726 HTTP/1.1" 200 4473
200.111.122.170 - - [22/May/2018:13:11:11 -0300] "POST /cormun/servlet/solicitudot?gx-no-cache=1527005408773 HTTP/1.1" 200 30
200.111.122.170 - - [22/May/2018:13:11:12 -0300] "POST /cormun/servlet/solicitudot?gx-no-cache=1527005410397 HTTP/1.1" 200 1369
200.111.122.170 - - [22/May/2018:13:11:12 -0300] "POST /cormun/servlet/solicitudot?gx-no-cache=1527005410495 HTTP/1.1" 200 38
186.103.158.250 - - [22/May/2018:13:11:12 -0300] "GET /cormun/servlet/licenciaspermisos?INS,0,,, HTTP/1.1" 200 7494
186.103.158.250 - - [22/May/2018:13:11:14 -0300] "GET /cormun/servlet/licenciaspermisos?INS,0,,, HTTP/1.1" 200 7492
186.103.158.250 - - [22/May/2018:13:11:22 -0300] "GET /cormun/servlet/licenciaspermisos?18a670a7a4aeb1ca4d3a78e004181e548a7a5313a498f67c0b2aef88907adbbc11ee2f34daa3a896c5506a7626140505,gx-no-cache=1527005392781 HTTP/1.1" 200 71
186.103.158.250 - - [22/May/2018:13:11:23 -0300] "POST /cormun/servlet/licenciaspermisos?ac3893d4b3e1aa065b059cc95c1f9967,INS,0,,,,gx-no-cache=1527005392894 HTTP/1.1" 200 4681
186.103.156.24 - - [22/May/2018:13:11:28 -0300] "GET /cormun/servlet/permisogoce?dd4e9ac5de56ff72ed9323bc78af503f3b74339f4fb9aa3d27dfb31263a9bbd0e04aa0a0316ec690c1c1ca0ca1cf8b0a32be52b82e1083d8ebda2d4afbdd175c,gx-no-cache=1527005427660 HTTP/1.1" 200 70
186.103.156.24 - - [22/May/2018:13:11:29 -0300] "GET /cormun/static/menuarrow.gif HTTP/1.1" 404 1015
186.103.156.24 - - [22/May/2018:13:11:36 -0300] "GET /cormun/servlet/permisogoce?dd4e9ac5de56ff72ed9323bc78af503f327e383abeb637652a280010c71c061b10d34dce3f75661f78a40d15b416b93fa94d74769740f2ffc379d0e88f6d922c,gx-no-cache=1527005435798 HTTP/1.1" 200 47
186.103.156.24 - - [22/May/2018:13:11:41 -0300] "POST /cormun/servlet/permisogoce?9d0f52e92f2f59536b745dd45f57c12b,INS,0,,,,gx-no-cache=1527005440298 HTTP/1.1" 200 93
186.103.156.24 - - [22/May/2018:13:11:41 -0300] "GET /cormun/servlet/hpexe_return? HTTP/1.1" 200 1012
186.103.156.24 - - [22/May/2018:13:11:42 -0300] "GET /cormun/servlet/trpermisosgoce HTTP/1.1" 200 9904
186.103.156.24 - - [22/May/2018:13:11:42 -0300] "GET /cormun/servlet/trpermisosgoce HTTP/1.1" 200 9902
186.103.156.24 - - [22/May/2018:13:11:47 -0300] "GET /cormun/servlet/apermisogoceprn?16981270,P,20180522120718,PU HTTP/1.1" 200 1662
186.103.158.250 - - [22/May/2018:13:11:48 -0300] "GET /cormun/static/menuarrow.gif HTTP/1.1" 404 1015
186.103.159.186 - - [22/May/2018:13:12:47 -0300] "GET /cormun/servlet/hlogin HTTP/1.1" 200 1723
186.103.159.186 - - [22/May/2018:13:12:47 -0300] "GET /cormun/static/gxtimezone.js?85251 HTTP/1.1" 304 -
186.103.159.186 - - [22/May/2018:13:12:47 -0300] "GET /cormun/static/gxcfg.js?20175251213516 HTTP/1.1" 304 -
186.103.159.186 - - [22/May/2018:13:12:47 -0300] "GET /cormun/static/messages.spa.js?85251 HTTP/1.1" 304 -
186.103.159.186 - - [22/May/2018:13:12:48 -0300] "GET /cormun/servlet/hlogin HTTP/1.1" 200 1733
186.103.159.186 - - [22/May/2018:13:12:56 -0300] "POST /cormun/servlet/hlogin?f2ba728401d6396aa5999dd7dd6c8ca8,gx-no-cache=1527005515620 HTTP/1.1" 200 90
186.103.159.186 - - [22/May/2018:13:12:56 -0300] "GET /cormun/servlet/hpexe_link HTTP/1.1" 200 953
186.103.159.186 - - [22/May/2018:13:12:56 -0300] "GET /cormun/static/gxcfg.js?20177612121792 HTTP/1.1" 304 -
186.103.159.186 - - [22/May/2018:13:12:56 -0300] "GET /cormun/servlet/hhome HTTP/1.1" 200 3951
186.103.159.186 - - [22/May/2018:13:12:56 -0300] "GET /cormun/static/gxcfg.js?20175251212442 HTTP/1.1" 304 -
186.103.159.186 - - [22/May/2018:13:12:58 -0300] "GET /cormun/servlet/hhome HTTP/1.1" 200 3949
186.103.159.186 - - [22/May/2018:13:13:00 -0300] "GET /cormun/servlet/trpermisosgoce? HTTP/1.1" 200 10106
186.103.159.186 - - [22/May/2018:13:13:00 -0300] "GET /cormun/static/gxcfg.js?20177612163875 HTTP/1.1" 304 -
186.103.159.186 - - [22/May/2018:13:13:00 -0300] "GET /cormun/static/calendar.js?85251 HTTP/1.1" 304 -
186.103.159.186 - - [22/May/2018:13:13:00 -0300] "GET /cormun/static/calendar-es.js?85251 HTTP/1.1" 304 -
186.103.159.186 - - [22/May/2018:13:13:00 -0300] "GET /cormun/static/calendar-setup.js?85251 HTTP/1.1" 304 -
186.103.159.186 - - [22/May/2018:13:13:01 -0300] "GET /cormun/static/gxdec.js?85251 HTTP/1.1" 304 -
186.103.159.186 - - [22/May/2018:13:13:02 -0300] "GET /cormun/servlet/trpermisosgoce? HTTP/1.1" 200 10105
200.54.18.251 - - [22/May/2018:13:13:03 -0300] "GET /cormun/servlet/solicitudot?798d3de9b1307d192e9ed5c57d69f1ba7c5edd243a922d01e268ad77cb9cc107132664bc062abb45f75896a956cec855e701abd0173a97a61cecf40a3b9e326e781589363774cc24f57295d43cc6f24f8d4bc5caf64cc9bc76367105a92f15d76d7909721a2cf71c7fa97e79438709cc,gx-no-cache=1527005521115 HTTP/1.1" 200 29
200.54.18.251 - - [22/May/2018:13:13:03 -0300] "POST /cormun/servlet/solicitudot?gx-no-cache=1527005521203 HTTP/1.1" 200 1351
200.54.18.251 - - [22/May/2018:13:13:03 -0300] "POST /cormun/servlet/solicitudot?gx-no-cache=1527005521314 HTTP/1.1" 200 1249
186.103.158.250 - - [22/May/2018:13:13:05 -0300] "GET /cormun/servlet/licenciaspermisos?18a670a7a4aeb1ca4d3a78e004181e542d155f943f031a14c65ef7031659f34d2cab73708370723487047edaa4c6a44fd90433eaf57b8d3f5c1f3295af9650583ecf73145adc51e9c6d1e11909eb734e96fc71e3e5a6f838aa357ec06004dac984d2390ababf70d0e74b1e6b152e47aa77ddf43ef5a7d5899add1a9410d26ffdf87804a3f56cac1cb37644d6e81c0b9e6479c9592df0055a28b1c062cf763fad575de2156bfa65e7246bbb9343a3752823015d2d23a6224bf08a47056d53a7123225bc73514153a9ae848f3f76dcfa2782d6c5f1135e33c4a06bab1eefe30b0a,gx-no-cache=1527005495545 HTTP/1.1" 200 30
186.103.158.250 - - [22/May/2018:13:13:05 -0300] "GET /cormun/servlet/licenciaspermisos?18a670a7a4aeb1ca4d3a78e004181e5467beeab27e0b01a86508ccba6f9d3b5e57f9001838973354cb11ba141e43fea2170a47ab963f6459a6b0bb3e26ca04f1e4f99522d04238fdcd3b0659fc300cf5a8790651c16375222f2189f4f362d4ab055a502690e51a8bc9bd2dad8bac7234f28354b0e7d2a0fdf48277f025a433d15e16c22ecbd47e409edc4be238bc61a1cd37c7af3c8f434e58e371681ac80a735ca24b0d6633104c19644528c05981dba47a6209e65a2f4932af5b71b691d35b3f7125efc393b94f99ef8da5c45ada4907642a941d63a1f8eba2087d21e9a7d8,gx-no-cache=1527005495627 HTTP/1.1" 200 29
186.103.158.250 - - [22/May/2018:13:13:05 -0300] "POST /cormun/servlet/licenciaspermisos?ac3893d4b3e1aa065b059cc95c1f9967,INS,0,,,,gx-no-cache=1527005495673 HTTP/1.1" 200 93
186.103.158.250 - - [22/May/2018:13:13:05 -0300] "GET /cormun/servlet/hpexe_return? HTTP/1.1" 200 1011
186.103.158.250 - - [22/May/2018:13:13:05 -0300] "GET /cormun/servlet/trlicencias HTTP/1.1" 200 10621
186.103.159.186 - - [22/May/2018:13:13:06 -0300] "GET /cormun/servlet/permisogoce?INS,0,,, HTTP/1.1" 200 6786
186.103.159.186 - - [22/May/2018:13:13:06 -0300] "GET /cormun/static/gxcfg.js?201776126440 HTTP/1.1" 200 953
186.103.159.186 - - [22/May/2018:13:13:06 -0300] "GET /cormun/static/permisogoce.js?2017761264459 HTTP/1.1" 200 27897
186.103.159.186 - - [22/May/2018:13:13:07 -0300] "GET /cormun/servlet/permisogoce?INS,0,,, HTTP/1.1" 200 6785
186.103.158.250 - - [22/May/2018:13:13:07 -0300] "GET /cormun/servlet/trlicencias HTTP/1.1" 200 10616
200.54.18.251 - - [22/May/2018:13:13:07 -0300] "GET /cormun/servlet/solicitudot?798d3de9b1307d192e9ed5c57d69f1bafefd6d00a1e7efd4fcf907f2f1619e24737fb506853a013240c576c5c824eb50,gx-no-cache=1527005525523 HTTP/1.1" 200 30
186.103.159.186 - - [22/May/2018:13:13:15 -0300] "GET /cormun/servlet/permisogoce?e8022f786007c6e51fa7eceac02320df8c75f37aa477825327ca686044164c08e39cdd054c3c16720a6253836d06f66540406e5e798552aa185f4590b38d679d,gx-no-cache=1527005535432 HTTP/1.1" 200 82
186.103.159.186 - - [22/May/2018:13:13:15 -0300] "GET /cormun/static/menuarrow.gif HTTP/1.1" 404 1015
186.103.156.24 - - [22/May/2018:13:13:17 -0300] "GET /cormun/servlet/permisogoce?INS,0,,, HTTP/1.1" 200 7095
186.103.156.24 - - [22/May/2018:13:13:18 -0300] "GET /cormun/servlet/permisogoce?INS,0,,, HTTP/1.1" 200 7095
186.103.158.250 - - [22/May/2018:13:13:20 -0300] "GET /cormun/servlet/trlicenciaspermisosadjuntos?13302466,20180522000000,L, HTTP/1.1" 200 6299
186.103.158.250 - - [22/May/2018:13:13:22 -0300] "GET /cormun/servlet/trlicenciaspermisosadjuntos?13302466,20180522000000,L, HTTP/1.1" 200 6300
186.103.159.186 - - [22/May/2018:13:13:24 -0300] "GET /cormun/servlet/permisogoce?e8022f786007c6e51fa7eceac02320df933282acdeae8303eb9d9e4b8702f846ef5cca54e3702296f729a7b4754351bb009ef40746fb787229f5001923f2828a,gx-no-cache=1527005543733 HTTP/1.1" 200 47
186.103.158.250 - - [22/May/2018:13:13:25 -0300] "GET /cormun/servlet/licenciaspermisosadjuntos?INS,13302466,L,20180522000000,, HTTP/1.1" 200 5596
186.103.156.24 - - [22/May/2018:13:13:25 -0300] "GET /cormun/servlet/permisogoce?dd4e9ac5de56ff72ed9323bc78af503f1383b79d289da1d0c36c6ee3f6b0fa1de04aa0a0316ec690c1c1ca0ca1cf8b0a32be52b82e1083d8ebda2d4afbdd175c,gx-no-cache=1527005544107 HTTP/1.1" 200 76
186.103.156.24 - - [22/May/2018:13:13:25 -0300] "GET /cormun/static/menuarrow.gif HTTP/1.1" 404 1015
186.103.158.250 - - [22/May/2018:13:13:25 -0300] "GET /cormun/static/about:blank HTTP/1.1" 404 1011
186.103.158.250 - - [22/May/2018:13:13:26 -0300] "GET /cormun/servlet/licenciaspermisosadjuntos?INS,13302466,L,20180522000000,, HTTP/1.1" 200 5585
186.103.156.24 - - [22/May/2018:13:13:31 -0300] "GET /cormun/servlet/permisogoce?dd4e9ac5de56ff72ed9323bc78af503f146927599881b7e683dce7c243a835784f11c691a0535d14aaa6978d122ea5b8a94d74769740f2ffc379d0e88f6d922c,gx-no-cache=1527005551110 HTTP/1.1" 200 47
186.103.132.155 - - [22/May/2018:13:13:33 -0300] "POST /cormun/servlet/solicitudot?gx-no-cache=1527005550742 HTTP/1.1" 200 30
186.103.158.250 - - [22/May/2018:13:13:46 -0300] "POST /cormun/servlet/licenciaspermisosadjuntos?ac3893d4b3e1aa065b059cc95c1f9967,INS,13302466,L,20180522000000,, HTTP/1.1" 200 116
186.103.158.250 - - [22/May/2018:13:13:46 -0300] "GET /cormun/servlet/hpexe_return? HTTP/1.1" 200 1042
186.103.158.250 - - [22/May/2018:13:13:47 -0300] "GET /cormun/servlet/trlicenciaspermisosadjuntos?13302466,20180522000000,L, HTTP/1.1" 200 6770
186.103.158.250 - - [22/May/2018:13:13:48 -0300] "GET /cormun/servlet/trlicenciaspermisosadjuntos?13302466,20180522000000,L, HTTP/1.1" 200 6767
186.103.159.186 - - [22/May/2018:13:13:51 -0300] "POST /cormun/servlet/permisogoce?f2ba728401d6396aa5999dd7dd6c8ca8,INS,0,,,,gx-no-cache=1527005570732 HTTP/1.1" 200 93
186.103.159.186 - - [22/May/2018:13:13:51 -0300] "GET /cormun/servlet/hpexe_return? HTTP/1.1" 200 1011
186.103.156.24 - - [22/May/2018:13:13:51 -0300] "POST /cormun/servlet/permisogoce?9d0f52e92f2f59536b745dd45f57c12b,INS,0,,,,gx-no-cache=1527005564648 HTTP/1.1" 200 93
186.103.159.186 - - [22/May/2018:13:13:51 -0300] "GET /cormun/static/gxcfg.js?2016101716175148 HTTP/1.1" 304 -
186.103.156.24 - - [22/May/2018:13:13:51 -0300] "GET /cormun/servlet/hpexe_return? HTTP/1.1" 200 1012
186.103.156.24 - - [22/May/2018:13:13:51 -0300] "GET /cormun/servlet/trpermisosgoce HTTP/1.1" 200 10158
186.103.159.186 - - [22/May/2018:13:13:52 -0300] "GET /cormun/servlet/trpermisosgoce HTTP/1.1" 200 10438
186.103.156.24 - - [22/May/2018:13:13:52 -0300] "GET /cormun/servlet/trpermisosgoce HTTP/1.1" 200 10139
186.103.159.186 - - [22/May/2018:13:13:53 -0300] "GET /cormun/servlet/trpermisosgoce HTTP/1.1" 200 10428
186.103.158.250 - - [22/May/2018:13:13:53 -0300] "GET /cormun/servlet/trlicencias? HTTP/1.1" 200 10618
186.103.158.250 - - [22/May/2018:13:13:55 -0300] "GET /cormun/servlet/trlicencias? HTTP/1.1" 200 10616
186.103.156.24 - - [22/May/2018:13:13:57 -0300] "GET /cormun/servlet/apermisogoceprn?12516208,P,20180522121006,PU HTTP/1.1" 200 1652
186.103.158.250 - - [22/May/2018:13:14:02 -0300] "GET /cormun/servlet/alicenciaprn?13302466,L,20180522000000,PU HTTP/1.1" 200 1538
200.111.122.170 - - [22/May/2018:13:14:09 -0300] "POST /cormun/servlet/solicitudot?gx-no-cache=1527005586850 HTTP/1.1" 200 30
186.103.159.186 - - [22/May/2018:13:14:13 -0300] "GET /cormun/servlet/apermisogoceprn?12413747,P,20180522120954,PU HTTP/1.1" 200 1657
200.72.197.82 - - [22/May/2018:13:14:15 -0300] "POST /cormun/servlet/solicitudot?gx-no-cache=1527005593266 HTTP/1.1" 200 30
186.103.156.24 - - [22/May/2018:13:14:23 -0300] "GET /cormun/servlet/permisogoce?INS,0,,, HTTP/1.1" 200 7095
186.103.156.24 - - [22/May/2018:13:14:24 -0300] "GET /cormun/servlet/permisogoce?INS,0,,, HTTP/1.1" 200 7095
200.111.122.170 - - [22/May/2018:13:14:27 -0300] "POST /cormun/servlet/solicitudot?gx-no-cache=1527005605509 HTTP/1.1" 200 1369
200.111.122.170 - - [22/May/2018:13:14:27 -0300] "POST /cormun/servlet/solicitudot?gx-no-cache=1527005605636 HTTP/1.1" 200 41
186.103.156.24 - - [22/May/2018:13:14:37 -0300] "GET /cormun/servlet/permisogoce?dd4e9ac5de56ff72ed9323bc78af503f7be8c467df42c58dcea6d122e0f64e5fe04aa0a0316ec690c1c1ca0ca1cf8b0a32be52b82e1083d8ebda2d4afbdd175c,gx-no-cache=1527005617011 HTTP/1.1" 200 77
186.103.156.24 - - [22/May/2018:13:14:37 -0300] "GET /cormun/static/menuarrow.gif HTTP/1.1" 404 1015
186.103.156.24 - - [22/May/2018:13:14:44 -0300] "GET /cormun/servlet/permisogoce?dd4e9ac5de56ff72ed9323bc78af503f7fb7bef622d60463c1f1ac4a7659bd24c16c839d52054a86ab713aa6de112d89a94d74769740f2ffc379d0e88f6d922c,gx-no-cache=1527005624143 HTTP/1.1" 200 47
190.151.100.218 - - [22/May/2018:13:14:45 -0300] "POST /cormun/servlet/solicitudot?gx-no-cache=1527005622730 HTTP/1.1" 200 1351
190.151.100.218 - - [22/May/2018:13:14:45 -0300] "POST /cormun/servlet/solicitudot?gx-no-cache=1527005622839 HTTP/1.1" 200 1249
190.151.100.218 - - [22/May/2018:13:14:45 -0300] "GET /cormun/servlet/solicitudot?798d3de9b1307d192e9ed5c57d69f1bafefd6d00a1e7efd4fcf907f2f1619e24737fb506853a013240c576c5c824eb50,gx-no-cache=1527005622897 HTTP/1.1" 200 30
190.151.100.218 - - [22/May/2018:13:14:45 -0300] "POST /cormun/servlet/solicitudot?gx-no-cache=1527005622952 HTTP/1.1" 200 30
190.151.100.218 - - [22/May/2018:13:14:45 -0300] "POST /cormun/servlet/solicitudot?9f5ce00eebc38693c017fc6397f6ecd3,INS,0,0,,gx-no-cache=1527005623015 HTTP/1.1" 200 93
190.151.100.218 - - [22/May/2018:13:14:45 -0300] "GET /cormun/servlet/hpexe_return? HTTP/1.1" 200 1005
190.151.100.218 - - [22/May/2018:13:14:45 -0300] "GET /cormun/servlet/trsolicitudot HTTP/1.1" 200 9163
190.151.100.218 - - [22/May/2018:13:14:46 -0300] "GET /cormun/servlet/trsolicitudot HTTP/1.1" 200 9159
200.72.197.82 - - [22/May/2018:13:14:51 -0300] "POST /cormun/servlet/trsolicitudot?9f5ce00eebc38693c017fc6397f6ecd3,gx-no-cache=1527005628901 HTTP/1.1" 200 5684
200.72.197.82 - - [22/May/2018:13:14:51 -0300] "GET /cormun/static/Shared/jqueryui/images/ui-bg_highlight-soft_100_c6c2c8_1x100.png HTTP/1.1" 404 1117
190.151.100.218 - - [22/May/2018:13:14:51 -0300] "GET /cormun/static/Shared/jqueryui/images/ui-icons_82798d_256x240.png HTTP/1.1" 404 1089
200.72.197.82 - - [22/May/2018:13:14:51 -0300] "GET /cormun/static/Shared/jqueryui/images/ui-bg_flat_55_fafafa_40x100.png HTTP/1.1" 404 1097
186.67.203.186 - - [22/May/2018:13:14:51 -0300] "GET /cormun/static/Shared/jqueryui/images/ui-icons_8d78a5_256x240.png HTTP/1.1" 404 1089
200.54.18.251 - - [22/May/2018:13:14:52 -0300] "POST /cormun/servlet/trsolicitudot?9f5ce00eebc38693c017fc6397f6ecd3,gx-no-cache=1527005629503 HTTP/1.1" 200 5627
200.54.18.251 - - [22/May/2018:13:14:52 -0300] "POST /cormun/servlet/trsolicitudot?9f5ce00eebc38693c017fc6397f6ecd3,gx-no-cache=1527005630570 HTTP/1.1" 200 4412
200.54.18.251 - - [22/May/2018:13:14:53 -0300] "POST /cormun/servlet/trsolicitudot?9f5ce00eebc38693c017fc6397f6ecd3,gx-no-cache=1527005630844 HTTP/1.1" 200 4180
186.103.157.235 - - [22/May/2018:13:14:55 -0300] "GET /cormun/servlet/trsolicitudot? HTTP/1.1" 200 6402
186.103.157.235 - - [22/May/2018:13:14:55 -0300] "GET /cormun/static/Resources/Spanish/PXTools.css?1255365 HTTP/1.1" 304 -
186.103.157.235 - - [22/May/2018:13:14:55 -0300] "GET /cormun/static/trsolicitudot.js?201711142259839 HTTP/1.1" 304 -
186.103.157.235 - - [22/May/2018:13:14:56 -0300] "GET /cormun/servlet/trsolicitudot? HTTP/1.1" 200 6401
186.103.157.235 - - [22/May/2018:13:14:56 -0300] "GET /cormun/servlet/hlogin HTTP/1.1" 200 1738
186.103.158.250 - - [22/May/2018:13:14:57 -0300] "POST /cormun/servlet/trlicencias?ac3893d4b3e1aa065b059cc95c1f9967,,gx-no-cache=1527005607201 HTTP/1.1" 200 8025
186.103.158.250 - - [22/May/2018:13:14:57 -0300] "GET /cormun/static/Shared/jqueryui/images/ui-bg_highlight-soft_100_c6c2c8_1x100.png HTTP/1.1" 404 1117
186.103.158.250 - - [22/May/2018:13:14:57 -0300] "GET /cormun/static/Shared/jqueryui/images/ui-icons_82798d_256x240.png HTTP/1.1" 404 1089
186.103.158.250 - - [22/May/2018:13:14:57 -0300] "GET /cormun/static/Shared/jqueryui/images/ui-bg_flat_55_fafafa_40x100.png HTTP/1.1" 404 1097
186.103.158.250 - - [22/May/2018:13:14:57 -0300] "GET /cormun/static/Shared/jqueryui/images/ui-icons_8d78a5_256x240.png HTTP/1.1" 404 1089
200.54.18.251 - - [22/May/2018:13:14:59 -0300] "GET /cormun/servlet/trvisualizadoreventos? HTTP/1.1" 200 6981
200.54.18.251 - - [22/May/2018:13:14:59 -0300] "GET /cormun/static/gxcfg.js?20175251251426 HTTP/1.1" 200 953
186.67.203.186 - - [22/May/2018:13:14:59 -0300] "GET /cormun/static/trvisualizadoreventos.js?20175251251768 HTTP/1.1" 200 19318
186.67.203.186 - - [22/May/2018:13:14:59 -0300] "GET /cormun/static/Resources/PXToolsActionPrint.png HTTP/1.1" 200 3317
186.67.203.186 - - [22/May/2018:13:14:59 -0300] "GET /cormun/servlet/trvisualizadoreventos? HTTP/1.1" 200 6980
186.67.203.186 - - [22/May/2018:13:15:01 -0300] "GET /cormun/servlet/trautorizarsolicitud? HTTP/1.1" 200 9182
186.67.203.186 - - [22/May/2018:13:15:01 -0300] "GET /cormun/static/gxcfg.js?2017111423403364 HTTP/1.1" 200 953
186.103.132.155 - - [22/May/2018:13:15:01 -0300] "GET /cormun/static/trautorizarsolicitud.js?201711142340425 HTTP/1.1" 200 53910
186.103.132.155 - - [22/May/2018:13:15:02 -0300] "GET /cormun/servlet/trautorizarsolicitud? HTTP/1.1" 200 9181
186.103.158.250 - - [22/May/2018:13:15:03 -0300] "POST /cormun/servlet/trlicencias?ac3893d4b3e1aa065b059cc95c1f9967,,gx-no-cache=1527005614237 HTTP/1.1" 200 8013
186.103.156.24 - - [22/May/2018:13:15:07 -0300] "POST /cormun/servlet/permisogoce?9d0f52e92f2f59536b745dd45f57c12b,INS,0,,,,gx-no-cache=1527005638977 HTTP/1.1" 200 93
186.103.156.24 - - [22/May/2018:13:15:07 -0300] "GET /cormun/servlet/hpexe_return? HTTP/1.1" 200 1012
186.103.156.24 - - [22/May/2018:13:15:07 -0300] "GET /cormun/servlet/trpermisosgoce HTTP/1.1" 200 10415
186.103.156.24 - - [22/May/2018:13:15:08 -0300] "GET /cormun/servlet/trpermisosgoce HTTP/1.1" 200 10420
186.103.158.250 - - [22/May/2018:13:15:08 -0300] "GET /cormun/servlet/licenciaspermisos?DSP,13302466,L,20180522000000, HTTP/1.1" 200 7077
186.103.132.155 - - [22/May/2018:13:15:08 -0300] "POST /cormun/servlet/trautorizarsolicitud?9f5ce00eebc38693c017fc6397f6ecd3,,gx-no-cache=1527005646387 HTTP/1.1" 200 5817
186.67.203.186 - - [22/May/2018:13:15:08 -0300] "GET /cormun/static/Shared/jqueryui/images/ui-icons_82798d_256x240.png HTTP/1.1" 404 1089
186.103.132.155 - - [22/May/2018:13:15:08 -0300] "GET /cormun/static/Shared/jqueryui/images/ui-bg_highlight-soft_100_c6c2c8_1x100.png HTTP/1.1" 404 1117
200.111.122.170 - - [22/May/2018:13:15:08 -0300] "GET /cormun/static/Shared/jqueryui/images/ui-bg_flat_55_fafafa_40x100.png HTTP/1.1" 404 1097
200.72.197.82 - - [22/May/2018:13:15:08 -0300] "GET /cormun/static/Shared/jqueryui/images/ui-icons_8d78a5_256x240.png HTTP/1.1" 404 1089
186.103.132.155 - - [22/May/2018:13:15:09 -0300] "POST /cormun/servlet/trautorizarsolicitud?9f5ce00eebc38693c017fc6397f6ecd3,,gx-no-cache=1527005646714 HTTP/1.1" 200 5762
186.103.158.250 - - [22/May/2018:13:15:10 -0300] "GET /cormun/servlet/licenciaspermisos?DSP,13302466,L,20180522000000, HTTP/1.1" 200 7077
200.72.197.82 - - [22/May/2018:13:15:11 -0300] "POST /cormun/servlet/trautorizarsolicitud?9f5ce00eebc38693c017fc6397f6ecd3,,gx-no-cache=1527005649083 HTTP/1.1" 200 4610
200.72.197.82 - - [22/May/2018:13:15:11 -0300] "POST /cormun/servlet/trautorizarsolicitud?9f5ce00eebc38693c017fc6397f6ecd3,,gx-no-cache=1527005649431 HTTP/1.1" 200 4375
186.103.158.250 - - [22/May/2018:13:15:14 -0300] "POST /cormun/servlet/licenciaspermisos?ac3893d4b3e1aa065b059cc95c1f9967,DSP,13302466,L,20180522000000,,gx-no-cache=1527005624449 HTTP/1.1" 200 93
186.103.158.250 - - [22/May/2018:13:15:14 -0300] "GET /cormun/servlet/hpexe_return? HTTP/1.1" 200 1029
186.103.158.250 - - [22/May/2018:13:15:14 -0300] "GET /cormun/servlet/trlicencias? HTTP/1.1" 200 10566
186.103.156.24 - - [22/May/2018:13:15:15 -0300] "GET /cormun/servlet/apermisogoceprn?16246362,P,20180522121112,PU HTTP/1.1" 200 1667
186.103.158.250 - - [22/May/2018:13:15:15 -0300] "GET /cormun/servlet/trlicencias? HTTP/1.1" 200 10561
186.67.172.234 - - [22/May/2018:13:16:37 -0300] "GET /cormun/servlet/trcontratosolicitud? HTTP/1.1" 200 14508
186.67.172.234 - - [22/May/2018:13:16:38 -0300] "GET /cormun/servlet/trcontratosolicitud? HTTP/1.1" 200 14446
186.67.172.234 - - [22/May/2018:13:16:49 -0300] "GET /cormun/servlet/trsolicitudot? HTTP/1.1" 200 7459
186.67.172.234 - - [22/May/2018:13:16:50 -0300] "GET /cormun/servlet/trsolicitudot? HTTP/1.1" 200 7458
186.103.157.235 - - [22/May/2018:13:16:59 -0300] "POST /cormun/servlet/hlogin?cde1a6fe1a052588ad8119437f14627f,gx-no-cache=1527005758714 HTTP/1.1" 200 90
186.103.157.235 - - [22/May/2018:13:16:59 -0300] "GET /cormun/servlet/hpexe_link HTTP/1.1" 200 956
186.103.157.235 - - [22/May/2018:13:16:59 -0300] "GET /cormun/servlet/trsolicitudot HTTP/1.1" 200 7265
186.103.157.235 - - [22/May/2018:13:17:00 -0300] "GET /cormun/servlet/trsolicitudot HTTP/1.1" 200 7264
186.67.172.234 - - [22/May/2018:13:17:02 -0300] "GET /cormun/servlet/trcontratosolicitud? HTTP/1.1" 200 14437
186.67.172.234 - - [22/May/2018:13:17:03 -0300] "GET /cormun/servlet/trcontratosolicitud? HTTP/1.1" 200 14478
186.67.172.234 - - [22/May/2018:13:17:08 -0300] "GET /cormun/servlet/trsolicitudot? HTTP/1.1" 200 7459
186.67.172.234 - - [22/May/2018:13:17:09 -0300] "GET /cormun/servlet/trsolicitudot? HTTP/1.1" 200 7458
186.103.157.235 - - [22/May/2018:13:17:19 -0300] "GET /cormun/servlet/solicitudot?INS,0,0, HTTP/1.1" 200 13667
186.103.157.235 - - [22/May/2018:13:17:19 -0300] "GET /cormun/servlet/solicitudot?INS,0,0, HTTP/1.1" 200 13672
186.103.157.235 - - [22/May/2018:13:17:39 -0300] "POST /cormun/servlet/solicitudot?gx-no-cache=1527005798154 HTTP/1.1" 200 3291
186.103.157.235 - - [22/May/2018:13:17:39 -0300] "POST /cormun/servlet/solicitudot?cde1a6fe1a052588ad8119437f14627f,INS,0,0,,gx-no-cache=1527005798715 HTTP/1.1" 200 10447
186.67.172.234 - - [22/May/2018:13:17:43 -0300] "POST /cormun/servlet/trsolicitudot?aab6af8e4b1b61a754697d2793409368,,gx-no-cache=1527005802363 HTTP/1.1" 200 4484
186.103.158.250 - - [22/May/2018:13:18:33 -0300] "GET /cormun/servlet/licenciaspermisos?INS,0,,, HTTP/1.1" 200 7494
186.103.158.250 - - [22/May/2018:13:18:35 -0300] "GET /cormun/servlet/licenciaspermisos?INS,0,,, HTTP/1.1" 200 7492
186.103.156.24 - - [22/May/2018:13:18:37 -0300] "GET /cormun/servlet/permisogoce?INS,0,,, HTTP/1.1" 200 7095
186.103.156.24 - - [22/May/2018:13:18:38 -0300] "GET /cormun/servlet/permisogoce?INS,0,,, HTTP/1.1" 200 7095
186.103.158.250 - - [22/May/2018:13:18:45 -0300] "GET /cormun/servlet/licenciaspermisos?18a670a7a4aeb1ca4d3a78e004181e54a97182c5cd8ab22079f45e436a46a63ce091d2bd64b6194598b79ae5722e76d5,gx-no-cache=1527005835807 HTTP/1.1" 200 83
186.103.158.250 - - [22/May/2018:13:18:45 -0300] "POST /cormun/servlet/licenciaspermisos?ac3893d4b3e1aa065b059cc95c1f9967,INS,0,,,,gx-no-cache=1527005835908 HTTP/1.1" 200 4688
186.103.156.24 - - [22/May/2018:13:18:50 -0300] "GET /cormun/servlet/permisogoce?dd4e9ac5de56ff72ed9323bc78af503f03aaa41bc5d96773c61de73c8d38b727e04aa0a0316ec690c1c1ca0ca1cf8b0a32be52b82e1083d8ebda2d4afbdd175c,gx-no-cache=1527005870054 HTTP/1.1" 200 84
186.103.156.24 - - [22/May/2018:13:18:50 -0300] "GET /cormun/static/menuarrow.gif HTTP/1.1" 404 1015
186.103.156.24 - - [22/May/2018:13:19:02 -0300] "GET /cormun/servlet/permisogoce?dd4e9ac5de56ff72ed9323bc78af503f9f62586d09d6ae2fa1c6b7d2e9b0b3d47df025be6a143639ae8ec31f908123e1a94d74769740f2ffc379d0e88f6d922c,gx-no-cache=1527005881271 HTTP/1.1" 200 47
186.103.158.250 - - [22/May/2018:13:19:07 -0300] "GET /cormun/static/menuarrow.gif HTTP/1.1" 404 1015
186.103.156.24 - - [22/May/2018:13:19:15 -0300] "POST /cormun/servlet/permisogoce?9d0f52e92f2f59536b745dd45f57c12b,INS,0,,,,gx-no-cache=1527005894417 HTTP/1.1" 200 93
186.103.156.24 - - [22/May/2018:13:19:15 -0300] "GET /cormun/servlet/hpexe_return? HTTP/1.1" 200 1012
186.103.156.24 - - [22/May/2018:13:19:15 -0300] "GET /cormun/servlet/trpermisosgoce HTTP/1.1" 200 10705
186.103.156.24 - - [22/May/2018:13:19:16 -0300] "GET /cormun/servlet/trpermisosgoce HTTP/1.1" 200 10697
186.103.156.24 - - [22/May/2018:13:19:30 -0300] "GET /cormun/servlet/apermisogoceprn?17058407,P,20180522121525,PU HTTP/1.1" 200 1660
186.103.159.183 - - [22/May/2018:13:20:08 -0300] "POST /cormun/servlet/hlogin?a5ab5f1b0ffc28379bec6843d6e59d86,gx-no-cache=1527005948067 HTTP/1.1" 440 972
186.103.159.183 - - [22/May/2018:13:20:10 -0300] "GET /cormun/servlet/hlogin HTTP/1.1" 200 1729
186.103.159.183 - - [22/May/2018:13:20:20 -0300] "POST /cormun/servlet/hlogin?bc1d409006ce165c2d7925d85eae9c50,gx-no-cache=1527005960036 HTTP/1.1" 200 90
186.103.159.183 - - [22/May/2018:13:20:21 -0300] "GET /cormun/servlet/hpexe_link HTTP/1.1" 200 950
186.103.159.183 - - [22/May/2018:13:20:21 -0300] "GET /cormun/servlet/hhome HTTP/1.1" 200 4198
186.103.159.183 - - [22/May/2018:13:20:21 -0300] "GET /cormun/static/Shared/ext/ext-all.js HTTP/1.1" 200 1289687
186.103.159.183 - - [22/May/2018:13:20:21 -0300] "GET /cormun/servlet/hhome HTTP/1.1" 200 4194
186.67.172.234 - - [22/May/2018:13:20:23 -0300] "POST /cormun/servlet/trsolicitudot?aab6af8e4b1b61a754697d2793409368,,gx-no-cache=1527005962297 HTTP/1.1" 200 4469
186.103.159.183 - - [22/May/2018:13:20:27 -0300] "GET /cormun/servlet/trsolicitudot? HTTP/1.1" 200 7409
186.103.159.183 - - [22/May/2018:13:20:28 -0300] "GET /cormun/static/Shared/ext/ext-all.js HTTP/1.1" 200 1289687
186.103.159.183 - - [22/May/2018:13:20:29 -0300] "GET /cormun/servlet/trsolicitudot? HTTP/1.1" 200 7409
186.103.159.183 - - [22/May/2018:13:20:30 -0300] "GET /cormun/servlet/solicitudot?INS,0,0, HTTP/1.1" 200 13640
186.103.159.183 - - [22/May/2018:13:20:31 -0300] "GET /cormun/static/Shared/ext/ext-all.js HTTP/1.1" 200 1289687
186.103.159.183 - - [22/May/2018:13:20:32 -0300] "GET /cormun/servlet/solicitudot?INS,0,0, HTTP/1.1" 200 13645
186.103.159.183 - - [22/May/2018:13:20:41 -0300] "POST /cormun/servlet/solicitudot?gx-no-cache=1527005980779 HTTP/1.1" 200 3399
186.103.159.183 - - [22/May/2018:13:20:42 -0300] "POST /cormun/servlet/solicitudot?bc1d409006ce165c2d7925d85eae9c50,INS,0,0,,gx-no-cache=1527005981066 HTTP/1.1" 200 10565
186.103.159.183 - - [22/May/2018:13:20:47 -0300] "GET /cormun/static/Resources/resize.gif HTTP/1.1" 200 77
186.103.159.183 - - [22/May/2018:13:20:47 -0300] "GET /cormun/servlet/prbanco?,MD,,gxPopupLevel%3D0%3B HTTP/1.1" 200 6633
186.103.159.183 - - [22/May/2018:13:20:47 -0300] "GET /cormun/static/gxcfg.js?20181161016094 HTTP/1.1" 200 953
186.103.159.183 - - [22/May/2018:13:20:47 -0300] "GET /cormun/static/menusearch.js?201610171694467 HTTP/1.1" 200 1424
186.103.159.183 - - [22/May/2018:13:20:47 -0300] "GET /cormun/static/prbanco.js?2018116101633 HTTP/1.1" 200 10693
186.103.159.183 - - [22/May/2018:13:20:47 -0300] "GET /cormun/static/hmpwkw011.js?20177612121862 HTTP/1.1" 200 1968
186.103.159.183 - - [22/May/2018:13:20:47 -0300] "GET /cormun/static/Shared/ext/ext-all.js HTTP/1.1" 200 1289687
186.103.159.183 - - [22/May/2018:13:20:48 -0300] "GET /cormun/static/Resources/PXToolsMenuSearch.png HTTP/1.1" 200 2914
186.103.159.183 - - [22/May/2018:13:20:48 -0300] "GET /cormun/static/Resources/PXToolsMenuSearchCancel.png HTTP/1.1" 200 2972
186.67.172.234 - - [22/May/2018:13:20:58 -0300] "GET /cormun/servlet/trcontratosolicitud? HTTP/1.1" 200 14498
186.67.172.234 - - [22/May/2018:13:20:59 -0300] "GET /cormun/servlet/trcontratosolicitud? HTTP/1.1" 200 14408
186.103.158.250 - - [22/May/2018:13:21:03 -0300] "GET /cormun/servlet/licenciaspermisos?18a670a7a4aeb1ca4d3a78e004181e542d155f943f031a14c65ef7031659f34d2cab73708370723487047edaa4c6a44fd90433eaf57b8d3f5c1f3295af9650583ecf73145adc51e9c6d1e11909eb734e96fc71e3e5a6f838aa357ec06004dac984d2390ababf70d0e74b1e6b152e47aa77ddf43ef5a7d5899add1a9410d26ffdf87804a3f56cac1cb37644d6e81c0b9e6479c9592df0055a28b1c062cf763fad575de2156bfa65e7246bbb9343a3752823015d2d23a6224bf08a47056d53a7123225bc73514153a9ae848f3f76dcfa2782d6c5f1135e33c4a06bab1eefe30b0a,gx-no-cache=1527005973677 HTTP/1.1" 200 30
186.103.158.250 - - [22/May/2018:13:21:03 -0300] "GET /cormun/servlet/licenciaspermisos?18a670a7a4aeb1ca4d3a78e004181e5467beeab27e0b01a86508ccba6f9d3b5e57f9001838973354cb11ba141e43fea2170a47ab963f6459a6b0bb3e26ca04f1e4f99522d04238fdcd3b0659fc300cf5a8790651c16375222f2189f4f362d4ab055a502690e51a8bc9bd2dad8bac7234f28354b0e7d2a0fdf48277f025a433d15e16c22ecbd47e409edc4be238bc61a1cd37c7af3c8f434e58e371681ac80a735ca24b0d6633104c19644528c05981dba47a6209e65a2f4932af5b71b691d35b3f7125efc393b94f99ef8da5c45ada49e73396823945389391fe77ad6cdf2ce2,gx-no-cache=1527005973789 HTTP/1.1" 200 29
186.103.158.250 - - [22/May/2018:13:21:03 -0300] "POST /cormun/servlet/licenciaspermisos?ac3893d4b3e1aa065b059cc95c1f9967,INS,0,,,,gx-no-cache=1527005973841 HTTP/1.1" 200 4856
186.103.158.250 - - [22/May/2018:13:21:03 -0300] "GET /cormun/static/Shared/jqueryui/images/ui-bg_highlight-soft_100_c6c2c8_1x100.png HTTP/1.1" 404 1117
186.103.158.250 - - [22/May/2018:13:21:03 -0300] "GET /cormun/static/Shared/jqueryui/images/ui-icons_82798d_256x240.png HTTP/1.1" 404 1089
186.103.158.250 - - [22/May/2018:13:21:03 -0300] "GET /cormun/static/Shared/jqueryui/images/ui-bg_flat_55_994d53_40x100.png HTTP/1.1" 404 1097
186.103.158.250 - - [22/May/2018:13:21:03 -0300] "GET /cormun/static/Shared/jqueryui/images/ui-icons_ebccce_256x240.png HTTP/1.1" 404 1089
186.103.158.250 - - [22/May/2018:13:21:21 -0300] "GET /cormun/servlet/licenciaspermisos?18a670a7a4aeb1ca4d3a78e004181e542d155f943f031a14c65ef7031659f34d2cab73708370723487047edaa4c6a44fd90433eaf57b8d3f5c1f3295af9650583ecf73145adc51e9c6d1e11909eb734e96fc71e3e5a6f838aa357ec06004dac984d2390ababf70d0e74b1e6b152e47aa77ddf43ef5a7d5899add1a9410d26ffdf87804a3f56cac1cb37644d6e81c0b9e6479c9592df0055a28b1c062cf763fad575de2156bfa65e7246bbb9343a3752823015d2d23a6224bf08a47056d53a7123225bc73514153a9ae848f3f76dcfa2782d6c5f1135e33c4a06bab1eefe30b0a,gx-no-cache=1527005991583 HTTP/1.1" 200 30
186.103.158.250 - - [22/May/2018:13:21:21 -0300] "GET /cormun/servlet/licenciaspermisos?18a670a7a4aeb1ca4d3a78e004181e5467beeab27e0b01a86508ccba6f9d3b5e57f9001838973354cb11ba141e43fea2170a47ab963f6459a6b0bb3e26ca04f1e4f99522d04238fdcd3b0659fc300cf5a8790651c16375222f2189f4f362d4ab055a502690e51a8bc9bd2dad8bac7234f28354b0e7d2a0fdf48277f025a433d15e16c22ecbd47e409edc4be238bc61a1cd37c7af3c8f434e58e371681ac80a735ca24b0d6633104c19644528c05981dba47a6209e65a2f4932af5b71b691d35b3f7125efc393b94f99ef8da5c45ada49e73396823945389391fe77ad6cdf2ce2,gx-no-cache=1527005991624 HTTP/1.1" 200 29
186.103.158.250 - - [22/May/2018:13:21:21 -0300] "POST /cormun/servlet/licenciaspermisos?ac3893d4b3e1aa065b059cc95c1f9967,INS,0,,,,gx-no-cache=1527005991678 HTTP/1.1" 200 93
186.103.158.250 - - [22/May/2018:13:21:21 -0300] "GET /cormun/servlet/hpexe_return? HTTP/1.1" 200 1011
186.103.158.250 - - [22/May/2018:13:21:22 -0300] "GET /cormun/servlet/trlicencias HTTP/1.1" 200 11023
186.103.158.250 - - [22/May/2018:13:21:23 -0300] "GET /cormun/servlet/trlicencias HTTP/1.1" 200 11018
186.103.158.250 - - [22/May/2018:13:21:34 -0300] "GET /cormun/servlet/trlicenciaspermisosadjuntos?7023850,20180522000000,L, HTTP/1.1" 200 6301
186.103.158.250 - - [22/May/2018:13:21:35 -0300] "GET /cormun/servlet/trlicenciaspermisosadjuntos?7023850,20180522000000,L, HTTP/1.1" 200 6302
186.103.158.250 - - [22/May/2018:13:21:38 -0300] "GET /cormun/servlet/licenciaspermisosadjuntos?INS,7023850,L,20180522000000,, HTTP/1.1" 200 5598
186.103.158.250 - - [22/May/2018:13:21:38 -0300] "GET /cormun/static/about:blank HTTP/1.1" 404 1011
186.103.158.250 - - [22/May/2018:13:21:39 -0300] "GET /cormun/servlet/licenciaspermisosadjuntos?INS,7023850,L,20180522000000,, HTTP/1.1" 200 5588
186.103.158.250 - - [22/May/2018:13:22:00 -0300] "POST /cormun/servlet/licenciaspermisosadjuntos?ac3893d4b3e1aa065b059cc95c1f9967,INS,7023850,L,20180522000000,, HTTP/1.1" 200 116
186.103.158.250 - - [22/May/2018:13:22:00 -0300] "GET /cormun/servlet/hpexe_return? HTTP/1.1" 200 1041
186.103.158.250 - - [22/May/2018:13:22:01 -0300] "GET /cormun/servlet/trlicenciaspermisosadjuntos?7023850,20180522000000,L, HTTP/1.1" 200 6782
186.103.158.250 - - [22/May/2018:13:22:02 -0300] "GET /cormun/servlet/trlicenciaspermisosadjuntos?7023850,20180522000000,L, HTTP/1.1" 200 6779
186.103.158.250 - - [22/May/2018:13:22:05 -0300] "GET /cormun/servlet/trlicencias? HTTP/1.1" 200 10956
186.103.158.250 - - [22/May/2018:13:22:06 -0300] "GET /cormun/servlet/trlicencias? HTTP/1.1" 200 10955
186.103.158.250 - - [22/May/2018:13:22:12 -0300] "GET /cormun/servlet/alicenciaprn?7023850,L,20180522000000,PU HTTP/1.1" 200 1552
