190.46.88.10 - - [22/May/2018:16:15:37 -0300] "GET /cormun/servlet/trpermisosgoce HTTP/1.1" 200 13438
200.112.233.47 - - [22/May/2018:16:15:38 -0300] "POST /cormun/servlet/trsolicitudot?b3869cf1828d396dd73f8b81cb8e7066,gx-no-cache=1527016477086 HTTP/1.1" 200 107
200.112.233.47 - - [22/May/2018:16:15:38 -0300] "GET /cormun/servlet/trsolicitudadjuntos?2018,11491, HTTP/1.1" 200 6324
200.112.233.47 - - [22/May/2018:16:15:38 -0300] "GET /cormun/static/gxcfg.js?20177612135366 HTTP/1.1" 200 953
200.112.233.47 - - [22/May/2018:16:15:38 -0300] "GET /cormun/static/trsolicitudadjuntos.js?20177612135632 HTTP/1.1" 200 17922
200.112.233.47 - - [22/May/2018:16:15:39 -0300] "GET /cormun/servlet/trsolicitudadjuntos?2018,11491, HTTP/1.1" 200 6324
200.112.233.47 - - [22/May/2018:16:15:41 -0300] "GET /cormun/servlet/solicitudotadjuntos?INS,2018,11491,,1, HTTP/1.1" 200 6268
200.112.233.47 - - [22/May/2018:16:15:41 -0300] "GET /cormun/static/gxcfg.js?2017761244068 HTTP/1.1" 304 -
200.112.233.47 - - [22/May/2018:16:15:41 -0300] "GET /cormun/static/about:blank HTTP/1.1" 404 1011
200.112.233.47 - - [22/May/2018:16:15:41 -0300] "GET /cormun/servlet/solicitudotadjuntos?INS,2018,11491,,1, HTTP/1.1" 200 6261
200.112.233.47 - - [22/May/2018:16:15:42 -0300] "GET /cormun/servlet/solicitudotadjuntos?9724071f4ed4cf02f0ccc36bef089baabfff9cd2ab982d8410f56de23f9a8e187e6238a8fb11f7931cd61045b5cc7d6a,gx-no-cache=1527016481357 HTTP/1.1" 200 30
200.112.233.47 - - [22/May/2018:16:15:42 -0300] "POST /cormun/servlet/solicitudotadjuntos?b3869cf1828d396dd73f8b81cb8e7066,INS,2018,11491,,1,,gx-no-cache=1527016481394 HTTP/1.1" 200 3997
190.46.88.10 - - [22/May/2018:16:15:43 -0300] "GET /cormun/servlet/trpermisosadjuntos?17234797,20180522150313,P, HTTP/1.1" 200 6547
190.46.88.10 - - [22/May/2018:16:15:45 -0300] "GET /cormun/servlet/trpermisosadjuntos?17234797,20180522150313,P, HTTP/1.1" 200 6548
190.46.88.10 - - [22/May/2018:16:15:46 -0300] "GET /cormun/servlet/permisosadjuntos?INS,17234797,P,20180522150313,, HTTP/1.1" 200 5877
190.46.88.10 - - [22/May/2018:16:15:47 -0300] "GET /cormun/static/about:blank HTTP/1.1" 404 1011
190.46.88.10 - - [22/May/2018:16:15:48 -0300] "GET /cormun/servlet/permisosadjuntos?INS,17234797,P,20180522150313,, HTTP/1.1" 200 5866
200.112.233.47 - - [22/May/2018:16:15:50 -0300] "POST /cormun/servlet/solicitudotadjuntos?gx-no-cache=1527016484962 HTTP/1.1" 200 26
190.46.88.10 - - [22/May/2018:16:15:55 -0300] "POST /cormun/servlet/permisosadjuntos?a2cba31ba14cc947f48defa287c135b6,INS,17234797,P,20180522150313,, HTTP/1.1" 200 116
190.46.88.10 - - [22/May/2018:16:15:56 -0300] "GET /cormun/servlet/hpexe_return? HTTP/1.1" 200 1039
190.46.88.10 - - [22/May/2018:16:15:56 -0300] "GET /cormun/servlet/trpermisosadjuntos?17234797,20180522150313,P, HTTP/1.1" 200 7056
190.46.88.10 - - [22/May/2018:16:15:57 -0300] "GET /cormun/servlet/trpermisosadjuntos?17234797,20180522150313,P, HTTP/1.1" 200 7053
190.46.88.10 - - [22/May/2018:16:16:00 -0300] "POST /cormun/servlet/trpermisosadjuntos?a2cba31ba14cc947f48defa287c135b6,17234797,20180522150313,P,,gx-no-cache=1527016499809 HTTP/1.1" 200 90
190.46.88.10 - - [22/May/2018:16:16:00 -0300] "GET /cormun/servlet/hpexe_link HTTP/1.1" 200 985
190.46.88.10 - - [22/May/2018:16:16:00 -0300] "GET /cormun/servlet/trpermisosgoce HTTP/1.1" 200 13476
190.46.88.10 - - [22/May/2018:16:16:02 -0300] "GET /cormun/servlet/trpermisosgoce HTTP/1.1" 200 13481
190.46.88.10 - - [22/May/2018:16:16:06 -0300] "GET /cormun/servlet/trpermisosadjuntos?15803961,20180522150338,P, HTTP/1.1" 200 6545
190.46.88.10 - - [22/May/2018:16:16:07 -0300] "GET /cormun/servlet/trpermisosadjuntos?15803961,20180522150338,P, HTTP/1.1" 200 6545
190.46.88.10 - - [22/May/2018:16:16:09 -0300] "GET /cormun/servlet/permisosadjuntos?INS,15803961,P,20180522150338,, HTTP/1.1" 200 5875
190.46.88.10 - - [22/May/2018:16:16:09 -0300] "GET /cormun/static/about:blank HTTP/1.1" 404 1011
200.112.233.47 - - [22/May/2018:16:16:10 -0300] "GET /cormun/servlet/solicitudotadjuntos?9724071f4ed4cf02f0ccc36bef089baaead756998ac6e5a4b9f5eafcaba9ad2a,gx-no-cache=1527016509339 HTTP/1.1" 200 30
200.112.233.47 - - [22/May/2018:16:16:10 -0300] "GET /cormun/servlet/solicitudotadjuntos?9724071f4ed4cf02f0ccc36bef089baaead756998ac6e5a4b9f5eafcaba9ad2a,gx-no-cache=1527016509379 HTTP/1.1" 200 30
190.46.88.10 - - [22/May/2018:16:16:10 -0300] "GET /cormun/servlet/permisosadjuntos?INS,15803961,P,20180522150338,, HTTP/1.1" 200 5865
190.46.88.10 - - [22/May/2018:16:16:19 -0300] "POST /cormun/servlet/permisosadjuntos?a2cba31ba14cc947f48defa287c135b6,INS,15803961,P,20180522150338,, HTTP/1.1" 200 116
190.46.88.10 - - [22/May/2018:16:16:20 -0300] "GET /cormun/servlet/hpexe_return? HTTP/1.1" 200 1040
190.46.88.10 - - [22/May/2018:16:16:20 -0300] "GET /cormun/servlet/trpermisosadjuntos?15803961,20180522150338,P, HTTP/1.1" 200 7040
200.112.233.47 - - [22/May/2018:16:16:20 -0300] "POST /cormun/servlet/solicitudotadjuntos?b3869cf1828d396dd73f8b81cb8e7066,INS,2018,11491,,1, HTTP/1.1" 200 116
200.112.233.47 - - [22/May/2018:16:16:20 -0300] "GET /cormun/servlet/hpexe_return? HTTP/1.1" 200 1030
200.112.233.47 - - [22/May/2018:16:16:20 -0300] "GET /cormun/servlet/trsolicitudadjuntos?2018,11491, HTTP/1.1" 200 8793
190.46.88.10 - - [22/May/2018:16:16:21 -0300] "GET /cormun/servlet/trpermisosadjuntos?15803961,20180522150338,P, HTTP/1.1" 200 7036
200.112.233.47 - - [22/May/2018:16:16:21 -0300] "GET /cormun/servlet/trsolicitudadjuntos?2018,11491, HTTP/1.1" 200 8792
200.112.233.47 - - [22/May/2018:16:16:23 -0300] "GET /cormun/servlet/solicitudotadjuntos?INS,2018,11491,,1, HTTP/1.1" 200 6268
200.112.233.47 - - [22/May/2018:16:16:23 -0300] "GET /cormun/static/about:blank HTTP/1.1" 404 1011
200.112.233.47 - - [22/May/2018:16:16:23 -0300] "GET /cormun/servlet/solicitudotadjuntos?INS,2018,11491,,1, HTTP/1.1" 200 6261
186.79.65.38 - - [22/May/2018:16:16:24 -0300] "POST /cormun/servlet/trpermisosadjuntos?a2cba31ba14cc947f48defa287c135b6,15803961,20180522150338,P,,gx-no-cache=1527016523325 HTTP/1.1" 200 90
186.79.65.38 - - [22/May/2018:16:16:24 -0300] "GET /cormun/servlet/hpexe_link HTTP/1.1" 200 985
200.112.233.47 - - [22/May/2018:16:16:24 -0300] "GET /cormun/servlet/solicitudotadjuntos?9724071f4ed4cf02f0ccc36bef089baabfff9cd2ab982d8410f56de23f9a8e187e6238a8fb11f7931cd61045b5cc7d6a,gx-no-cache=1527016523616 HTTP/1.1" 200 30
186.79.65.38 - - [22/May/2018:16:16:24 -0300] "GET /cormun/servlet/trpermisosgoce HTTP/1.1" 200 13486
200.112.233.47 - - [22/May/2018:16:16:24 -0300] "POST /cormun/servlet/solicitudotadjuntos?b3869cf1828d396dd73f8b81cb8e7066,INS,2018,11491,,1,,gx-no-cache=1527016523642 HTTP/1.1" 200 3997
186.79.65.38 - - [22/May/2018:16:16:27 -0300] "GET /cormun/servlet/trpermisosgoce HTTP/1.1" 200 13470
200.112.233.47 - - [22/May/2018:16:16:29 -0300] "POST /cormun/servlet/solicitudotadjuntos?gx-no-cache=1527016528249 HTTP/1.1" 200 26
186.79.65.38 - - [22/May/2018:16:16:32 -0300] "GET /cormun/servlet/trpermisosadjuntos?8494476,20180522150403,P, HTTP/1.1" 200 6540
186.79.65.38 - - [22/May/2018:16:16:34 -0300] "GET /cormun/servlet/trpermisosadjuntos?8494476,20180522150403,P, HTTP/1.1" 200 6540
186.79.65.38 - - [22/May/2018:16:16:36 -0300] "GET /cormun/servlet/permisosadjuntos?INS,8494476,P,20180522150403,, HTTP/1.1" 200 5868
186.79.65.38 - - [22/May/2018:16:16:37 -0300] "GET /cormun/static/about:blank HTTP/1.1" 404 1011
186.79.65.38 - - [22/May/2018:16:16:38 -0300] "GET /cormun/servlet/permisosadjuntos?INS,8494476,P,20180522150403,, HTTP/1.1" 200 5858
200.112.233.47 - - [22/May/2018:16:16:41 -0300] "GET /cormun/servlet/solicitudotadjuntos?9724071f4ed4cf02f0ccc36bef089baaead756998ac6e5a4b9f5eafcaba9ad2a,gx-no-cache=1527016540908 HTTP/1.1" 200 30
200.112.233.47 - - [22/May/2018:16:16:41 -0300] "GET /cormun/servlet/solicitudotadjuntos?9724071f4ed4cf02f0ccc36bef089baaead756998ac6e5a4b9f5eafcaba9ad2a,gx-no-cache=1527016540923 HTTP/1.1" 200 30
200.112.233.47 - - [22/May/2018:16:16:41 -0300] "POST /cormun/servlet/solicitudotadjuntos?b3869cf1828d396dd73f8b81cb8e7066,INS,2018,11491,,1, HTTP/1.1" 200 116
200.112.233.47 - - [22/May/2018:16:16:42 -0300] "GET /cormun/servlet/hpexe_return? HTTP/1.1" 200 1030
200.112.233.47 - - [22/May/2018:16:16:42 -0300] "GET /cormun/servlet/trsolicitudadjuntos?2018,11491, HTTP/1.1" 200 9037
200.112.233.47 - - [22/May/2018:16:16:43 -0300] "GET /cormun/servlet/trsolicitudadjuntos?2018,11491, HTTP/1.1" 200 9036
200.112.233.47 - - [22/May/2018:16:16:45 -0300] "GET /cormun/servlet/solicitudotadjuntos?INS,2018,11491,,1, HTTP/1.1" 200 6268
200.112.233.47 - - [22/May/2018:16:16:46 -0300] "GET /cormun/static/about:blank HTTP/1.1" 404 1011
200.112.233.47 - - [22/May/2018:16:16:46 -0300] "GET /cormun/servlet/solicitudotadjuntos?INS,2018,11491,,1, HTTP/1.1" 200 6261
200.112.233.47 - - [22/May/2018:16:16:46 -0300] "GET /cormun/servlet/solicitudotadjuntos?9724071f4ed4cf02f0ccc36bef089baabfff9cd2ab982d8410f56de23f9a8e187e6238a8fb11f7931cd61045b5cc7d6a,gx-no-cache=1527016545579 HTTP/1.1" 200 30
200.112.233.47 - - [22/May/2018:16:16:47 -0300] "POST /cormun/servlet/solicitudotadjuntos?b3869cf1828d396dd73f8b81cb8e7066,INS,2018,11491,,1,,gx-no-cache=1527016545639 HTTP/1.1" 200 3997
200.112.233.47 - - [22/May/2018:16:16:50 -0300] "POST /cormun/servlet/solicitudotadjuntos?gx-no-cache=1527016549731 HTTP/1.1" 200 26
186.79.65.38 - - [22/May/2018:16:16:50 -0300] "POST /cormun/servlet/permisosadjuntos?a2cba31ba14cc947f48defa287c135b6,INS,8494476,P,20180522150403,, HTTP/1.1" 200 116
186.79.65.38 - - [22/May/2018:16:16:51 -0300] "GET /cormun/servlet/hpexe_return? HTTP/1.1" 200 1039
186.79.65.38 - - [22/May/2018:16:16:52 -0300] "GET /cormun/servlet/trpermisosadjuntos?8494476,20180522150403,P, HTTP/1.1" 200 7031
186.79.65.38 - - [22/May/2018:16:16:53 -0300] "GET /cormun/servlet/trpermisosadjuntos?8494476,20180522150403,P, HTTP/1.1" 200 7027
190.46.88.10 - - [22/May/2018:16:16:55 -0300] "POST /cormun/servlet/trpermisosadjuntos?a2cba31ba14cc947f48defa287c135b6,8494476,20180522150403,P,,gx-no-cache=1527016554925 HTTP/1.1" 200 90
190.46.88.10 - - [22/May/2018:16:16:55 -0300] "GET /cormun/servlet/hpexe_link HTTP/1.1" 200 984
190.46.88.10 - - [22/May/2018:16:16:55 -0300] "GET /cormun/servlet/trpermisosgoce HTTP/1.1" 200 13462
190.46.88.10 - - [22/May/2018:16:16:57 -0300] "GET /cormun/servlet/trpermisosgoce HTTP/1.1" 200 13461
200.112.233.47 - - [22/May/2018:16:17:02 -0300] "GET /cormun/servlet/solicitudotadjuntos?9724071f4ed4cf02f0ccc36bef089baaead756998ac6e5a4b9f5eafcaba9ad2a,gx-no-cache=1527016561427 HTTP/1.1" 200 30
200.112.233.47 - - [22/May/2018:16:17:02 -0300] "GET /cormun/servlet/solicitudotadjuntos?9724071f4ed4cf02f0ccc36bef089baaead756998ac6e5a4b9f5eafcaba9ad2a,gx-no-cache=1527016561486 HTTP/1.1" 200 30
200.112.233.47 - - [22/May/2018:16:17:02 -0300] "POST /cormun/servlet/solicitudotadjuntos?b3869cf1828d396dd73f8b81cb8e7066,INS,2018,11491,,1, HTTP/1.1" 200 116
200.112.233.47 - - [22/May/2018:16:17:02 -0300] "GET /cormun/servlet/hpexe_return? HTTP/1.1" 200 1030
200.112.233.47 - - [22/May/2018:16:17:03 -0300] "GET /cormun/servlet/trsolicitudadjuntos?2018,11491, HTTP/1.1" 200 9204
190.46.88.10 - - [22/May/2018:16:17:03 -0300] "GET /cormun/servlet/trpermisosadjuntos?17525987,20180522150427,P, HTTP/1.1" 200 6538
200.112.233.47 - - [22/May/2018:16:17:03 -0300] "GET /cormun/servlet/trsolicitudadjuntos?2018,11491, HTTP/1.1" 200 9203
190.46.88.10 - - [22/May/2018:16:17:04 -0300] "GET /cormun/servlet/trpermisosadjuntos?17525987,20180522150427,P, HTTP/1.1" 200 6538
200.112.233.47 - - [22/May/2018:16:17:06 -0300] "GET /cormun/servlet/solicitudotadjuntos?INS,2018,11491,,1, HTTP/1.1" 200 6268
200.112.233.47 - - [22/May/2018:16:17:06 -0300] "GET /cormun/static/about:blank HTTP/1.1" 404 1011
200.112.233.47 - - [22/May/2018:16:17:06 -0300] "GET /cormun/servlet/solicitudotadjuntos?INS,2018,11491,,1, HTTP/1.1" 200 6261
190.46.88.10 - - [22/May/2018:16:17:06 -0300] "GET /cormun/servlet/permisosadjuntos?INS,17525987,P,20180522150427,, HTTP/1.1" 200 5866
190.46.88.10 - - [22/May/2018:16:17:06 -0300] "GET /cormun/static/about:blank HTTP/1.1" 404 1011
200.112.233.47 - - [22/May/2018:16:17:06 -0300] "GET /cormun/servlet/solicitudotadjuntos?9724071f4ed4cf02f0ccc36bef089baabfff9cd2ab982d8410f56de23f9a8e187e6238a8fb11f7931cd61045b5cc7d6a,gx-no-cache=1527016566168 HTTP/1.1" 200 30
200.112.233.47 - - [22/May/2018:16:17:07 -0300] "POST /cormun/servlet/solicitudotadjuntos?b3869cf1828d396dd73f8b81cb8e7066,INS,2018,11491,,1,,gx-no-cache=1527016566196 HTTP/1.1" 200 3997
190.46.88.10 - - [22/May/2018:16:17:07 -0300] "GET /cormun/servlet/permisosadjuntos?INS,17525987,P,20180522150427,, HTTP/1.1" 200 5856
200.112.233.47 - - [22/May/2018:16:17:12 -0300] "POST /cormun/servlet/solicitudotadjuntos?gx-no-cache=1527016571554 HTTP/1.1" 200 26
190.46.88.10 - - [22/May/2018:16:17:22 -0300] "POST /cormun/servlet/permisosadjuntos?a2cba31ba14cc947f48defa287c135b6,INS,17525987,P,20180522150427,, HTTP/1.1" 200 116
190.46.88.10 - - [22/May/2018:16:17:22 -0300] "GET /cormun/servlet/hpexe_return? HTTP/1.1" 200 1040
190.46.88.10 - - [22/May/2018:16:17:22 -0300] "GET /cormun/servlet/trpermisosadjuntos?17525987,20180522150427,P, HTTP/1.1" 200 7029
200.112.233.47 - - [22/May/2018:16:17:22 -0300] "GET /cormun/servlet/solicitudotadjuntos?9724071f4ed4cf02f0ccc36bef089baaead756998ac6e5a4b9f5eafcaba9ad2a,gx-no-cache=1527016582115 HTTP/1.1" 200 30
200.112.233.47 - - [22/May/2018:16:17:22 -0300] "GET /cormun/servlet/solicitudotadjuntos?9724071f4ed4cf02f0ccc36bef089baaead756998ac6e5a4b9f5eafcaba9ad2a,gx-no-cache=1527016582130 HTTP/1.1" 200 30
190.46.88.10 - - [22/May/2018:16:17:23 -0300] "GET /cormun/servlet/trpermisosadjuntos?17525987,20180522150427,P, HTTP/1.1" 200 7026
200.112.233.47 - - [22/May/2018:16:17:24 -0300] "POST /cormun/servlet/solicitudotadjuntos?b3869cf1828d396dd73f8b81cb8e7066,INS,2018,11491,,1, HTTP/1.1" 200 116
200.112.233.47 - - [22/May/2018:16:17:24 -0300] "GET /cormun/servlet/hpexe_return? HTTP/1.1" 200 1030
200.112.233.47 - - [22/May/2018:16:17:24 -0300] "GET /cormun/servlet/trsolicitudadjuntos?2018,11491, HTTP/1.1" 200 9434
200.112.233.47 - - [22/May/2018:16:17:25 -0300] "GET /cormun/servlet/trsolicitudadjuntos?2018,11491, HTTP/1.1" 200 9432
190.46.88.10 - - [22/May/2018:16:17:25 -0300] "POST /cormun/servlet/trpermisosadjuntos?a2cba31ba14cc947f48defa287c135b6,17525987,20180522150427,P,,gx-no-cache=1527016585647 HTTP/1.1" 200 90
190.46.88.10 - - [22/May/2018:16:17:25 -0300] "GET /cormun/servlet/hpexe_link HTTP/1.1" 200 985
190.46.88.10 - - [22/May/2018:16:17:26 -0300] "GET /cormun/servlet/trpermisosgoce HTTP/1.1" 200 13460
200.112.233.47 - - [22/May/2018:16:17:27 -0300] "GET /cormun/servlet/solicitudotadjuntos?INS,2018,11491,,1, HTTP/1.1" 200 6267
200.112.233.47 - - [22/May/2018:16:17:27 -0300] "GET /cormun/static/about:blank HTTP/1.1" 404 1011
190.46.88.10 - - [22/May/2018:16:17:27 -0300] "GET /cormun/servlet/trpermisosgoce HTTP/1.1" 200 13481
200.112.233.47 - - [22/May/2018:16:17:28 -0300] "GET /cormun/servlet/solicitudotadjuntos?INS,2018,11491,,1, HTTP/1.1" 200 6260
200.112.233.47 - - [22/May/2018:16:17:28 -0300] "GET /cormun/servlet/solicitudotadjuntos?9724071f4ed4cf02f0ccc36bef089baabfff9cd2ab982d8410f56de23f9a8e187e6238a8fb11f7931cd61045b5cc7d6a,gx-no-cache=1527016587654 HTTP/1.1" 200 30
200.112.233.47 - - [22/May/2018:16:17:29 -0300] "POST /cormun/servlet/solicitudotadjuntos?b3869cf1828d396dd73f8b81cb8e7066,INS,2018,11491,,1,,gx-no-cache=1527016587677 HTTP/1.1" 200 3997
200.112.233.47 - - [22/May/2018:16:17:32 -0300] "POST /cormun/servlet/solicitudotadjuntos?gx-no-cache=1527016591730 HTTP/1.1" 200 26
186.79.65.38 - - [22/May/2018:16:17:41 -0300] "GET /cormun/servlet/trpermisosadjuntos?18224100,20180522150453,P, HTTP/1.1" 200 6542
200.112.233.47 - - [22/May/2018:16:17:42 -0300] "GET /cormun/servlet/solicitudotadjuntos?9724071f4ed4cf02f0ccc36bef089baaead756998ac6e5a4b9f5eafcaba9ad2a,gx-no-cache=1527016601507 HTTP/1.1" 200 30
200.112.233.47 - - [22/May/2018:16:17:42 -0300] "GET /cormun/servlet/solicitudotadjuntos?9724071f4ed4cf02f0ccc36bef089baaead756998ac6e5a4b9f5eafcaba9ad2a,gx-no-cache=1527016601523 HTTP/1.1" 200 30
200.112.233.47 - - [22/May/2018:16:17:42 -0300] "POST /cormun/servlet/solicitudotadjuntos?b3869cf1828d396dd73f8b81cb8e7066,INS,2018,11491,,1, HTTP/1.1" 200 116
200.112.233.47 - - [22/May/2018:16:17:42 -0300] "GET /cormun/servlet/hpexe_return? HTTP/1.1" 200 1030
200.112.233.47 - - [22/May/2018:16:17:43 -0300] "GET /cormun/servlet/trsolicitudadjuntos?2018,11491, HTTP/1.1" 200 9646
186.79.65.38 - - [22/May/2018:16:17:43 -0300] "GET /cormun/servlet/trpermisosadjuntos?18224100,20180522150453,P, HTTP/1.1" 200 6542
200.112.233.47 - - [22/May/2018:16:17:43 -0300] "GET /cormun/servlet/trsolicitudadjuntos?2018,11491, HTTP/1.1" 200 9643
186.103.159.230 - - [22/May/2018:16:17:44 -0300] "POST /cormun/servlet/trautorizarsolicitud?a7b5a2adccea2a02590acc16a2f361e2,,gx-no-cache=1527016603363 HTTP/1.1" 200 4608
186.103.159.230 - - [22/May/2018:16:17:44 -0300] "GET /cormun/static/Shared/jqueryui/images/ui-bg_highlight-soft_100_c6c2c8_1x100.png HTTP/1.1" 404 1117
186.103.159.230 - - [22/May/2018:16:17:44 -0300] "GET /cormun/static/Shared/jqueryui/images/ui-icons_82798d_256x240.png HTTP/1.1" 404 1089
186.103.159.230 - - [22/May/2018:16:17:44 -0300] "GET /cormun/static/Shared/jqueryui/images/ui-bg_flat_55_fafafa_40x100.png HTTP/1.1" 404 1097
186.103.159.230 - - [22/May/2018:16:17:44 -0300] "GET /cormun/static/Shared/jqueryui/images/ui-icons_8d78a5_256x240.png HTTP/1.1" 404 1089
186.103.159.230 - - [22/May/2018:16:17:44 -0300] "POST /cormun/servlet/trautorizarsolicitud?a7b5a2adccea2a02590acc16a2f361e2,,gx-no-cache=1527016603613 HTTP/1.1" 200 4374
186.79.65.38 - - [22/May/2018:16:17:44 -0300] "GET /cormun/servlet/permisosadjuntos?INS,18224100,P,20180522150453,, HTTP/1.1" 200 5871
186.79.65.38 - - [22/May/2018:16:17:45 -0300] "GET /cormun/static/about:blank HTTP/1.1" 404 1011
186.79.65.38 - - [22/May/2018:16:17:46 -0300] "GET /cormun/servlet/permisosadjuntos?INS,18224100,P,20180522150453,, HTTP/1.1" 200 5861
200.112.233.47 - - [22/May/2018:16:17:51 -0300] "GET /cormun/servlet/solicitudotadjuntos?INS,2018,11491,,1, HTTP/1.1" 200 6267
200.112.233.47 - - [22/May/2018:16:17:51 -0300] "GET /cormun/static/about:blank HTTP/1.1" 404 1011
200.112.233.47 - - [22/May/2018:16:17:51 -0300] "GET /cormun/servlet/solicitudotadjuntos?INS,2018,11491,,1, HTTP/1.1" 200 6260
200.112.233.47 - - [22/May/2018:16:17:52 -0300] "GET /cormun/servlet/solicitudotadjuntos?9724071f4ed4cf02f0ccc36bef089baabfff9cd2ab982d8410f56de23f9a8e187e6238a8fb11f7931cd61045b5cc7d6a,gx-no-cache=1527016611251 HTTP/1.1" 200 30
200.112.233.47 - - [22/May/2018:16:17:52 -0300] "POST /cormun/servlet/solicitudotadjuntos?b3869cf1828d396dd73f8b81cb8e7066,INS,2018,11491,,1,,gx-no-cache=1527016611274 HTTP/1.1" 200 3997
200.112.233.47 - - [22/May/2018:16:17:55 -0300] "POST /cormun/servlet/solicitudotadjuntos?gx-no-cache=1527016615074 HTTP/1.1" 200 26
200.112.233.47 - - [22/May/2018:16:18:02 -0300] "GET /cormun/servlet/solicitudotadjuntos?9724071f4ed4cf02f0ccc36bef089baaead756998ac6e5a4b9f5eafcaba9ad2a,gx-no-cache=1527016621316 HTTP/1.1" 200 30
200.112.233.47 - - [22/May/2018:16:18:02 -0300] "GET /cormun/servlet/solicitudotadjuntos?9724071f4ed4cf02f0ccc36bef089baaead756998ac6e5a4b9f5eafcaba9ad2a,gx-no-cache=1527016621330 HTTP/1.1" 200 30
200.112.233.47 - - [22/May/2018:16:18:02 -0300] "POST /cormun/servlet/solicitudotadjuntos?b3869cf1828d396dd73f8b81cb8e7066,INS,2018,11491,,1, HTTP/1.1" 200 116
200.112.233.47 - - [22/May/2018:16:18:02 -0300] "GET /cormun/servlet/hpexe_return? HTTP/1.1" 200 1030
200.112.233.47 - - [22/May/2018:16:18:03 -0300] "GET /cormun/servlet/trsolicitudadjuntos?2018,11491, HTTP/1.1" 200 9911
200.112.233.47 - - [22/May/2018:16:18:04 -0300] "GET /cormun/servlet/trsolicitudadjuntos?2018,11491, HTTP/1.1" 200 9909
186.79.65.38 - - [22/May/2018:16:18:06 -0300] "POST /cormun/servlet/permisosadjuntos?a2cba31ba14cc947f48defa287c135b6,INS,18224100,P,20180522150453,, HTTP/1.1" 200 116
186.79.65.38 - - [22/May/2018:16:18:06 -0300] "GET /cormun/servlet/hpexe_return? HTTP/1.1" 200 1040
186.79.65.38 - - [22/May/2018:16:18:07 -0300] "GET /cormun/servlet/trpermisosadjuntos?18224100,20180522150453,P, HTTP/1.1" 200 7036
186.79.65.38 - - [22/May/2018:16:18:08 -0300] "GET /cormun/servlet/trpermisosadjuntos?18224100,20180522150453,P, HTTP/1.1" 200 7032
200.112.233.47 - - [22/May/2018:16:18:10 -0300] "POST /cormun/servlet/trsolicitudadjuntos?b3869cf1828d396dd73f8b81cb8e7066,2018,11491,,gx-no-cache=1527016629914 HTTP/1.1" 200 90
200.112.233.47 - - [22/May/2018:16:18:10 -0300] "GET /cormun/servlet/hpexe_link HTTP/1.1" 200 971
200.112.233.47 - - [22/May/2018:16:18:11 -0300] "GET /cormun/servlet/trsolicitudot HTTP/1.1" 200 8687
200.112.233.47 - - [22/May/2018:16:18:11 -0300] "GET /cormun/servlet/trsolicitudot HTTP/1.1" 200 8686
190.46.88.10 - - [22/May/2018:16:18:14 -0300] "POST /cormun/servlet/trpermisosadjuntos?a2cba31ba14cc947f48defa287c135b6,18224100,20180522150453,P,,gx-no-cache=1527016634217 HTTP/1.1" 200 90
190.46.88.10 - - [22/May/2018:16:18:14 -0300] "GET /cormun/servlet/hpexe_link HTTP/1.1" 200 984
190.46.88.10 - - [22/May/2018:16:18:15 -0300] "GET /cormun/servlet/trpermisosgoce HTTP/1.1" 200 13436
190.46.88.10 - - [22/May/2018:16:18:16 -0300] "GET /cormun/servlet/trpermisosgoce HTTP/1.1" 200 13461
190.46.88.10 - - [22/May/2018:16:18:19 -0300] "GET /cormun/servlet/trpermisosadjuntos?10613676,20180522150517,P, HTTP/1.1" 200 6542
190.46.88.10 - - [22/May/2018:16:18:21 -0300] "GET /cormun/servlet/trpermisosadjuntos?10613676,20180522150517,P, HTTP/1.1" 200 6542
200.112.233.47 - - [22/May/2018:16:18:22 -0300] "POST /cormun/servlet/trsolicitudot?b3869cf1828d396dd73f8b81cb8e7066,gx-no-cache=1527016640827 HTTP/1.1" 200 4426
200.112.233.47 - - [22/May/2018:16:18:22 -0300] "GET /cormun/static/Shared/jqueryui/images/ui-bg_highlight-soft_100_c6c2c8_1x100.png HTTP/1.1" 404 1117
200.112.233.47 - - [22/May/2018:16:18:22 -0300] "GET /cormun/static/Shared/jqueryui/images/ui-icons_82798d_256x240.png HTTP/1.1" 404 1089
200.112.233.47 - - [22/May/2018:16:18:22 -0300] "GET /cormun/static/Shared/jqueryui/images/ui-bg_flat_55_fafafa_40x100.png HTTP/1.1" 404 1097
200.112.233.47 - - [22/May/2018:16:18:22 -0300] "GET /cormun/static/Shared/jqueryui/images/ui-icons_8d78a5_256x240.png HTTP/1.1" 404 1089
200.112.233.47 - - [22/May/2018:16:18:22 -0300] "POST /cormun/servlet/trsolicitudot?b3869cf1828d396dd73f8b81cb8e7066,gx-no-cache=1527016641444 HTTP/1.1" 200 4201
190.46.88.10 - - [22/May/2018:16:18:23 -0300] "GET /cormun/servlet/permisosadjuntos?INS,10613676,P,20180522150517,, HTTP/1.1" 200 5871
190.46.88.10 - - [22/May/2018:16:18:24 -0300] "GET /cormun/static/about:blank HTTP/1.1" 404 1011
190.46.88.10 - - [22/May/2018:16:18:24 -0300] "GET /cormun/servlet/permisosadjuntos?INS,10613676,P,20180522150517,, HTTP/1.1" 200 5862
190.46.88.10 - - [22/May/2018:16:18:36 -0300] "POST /cormun/servlet/permisosadjuntos?a2cba31ba14cc947f48defa287c135b6,INS,10613676,P,20180522150517,, HTTP/1.1" 200 116
190.46.88.10 - - [22/May/2018:16:18:37 -0300] "GET /cormun/servlet/hpexe_return? HTTP/1.1" 200 1039
190.46.88.10 - - [22/May/2018:16:18:37 -0300] "GET /cormun/servlet/trpermisosadjuntos?10613676,20180522150517,P, HTTP/1.1" 200 7035
190.46.88.10 - - [22/May/2018:16:18:38 -0300] "GET /cormun/servlet/trpermisosadjuntos?10613676,20180522150517,P, HTTP/1.1" 200 7032
200.112.233.47 - - [22/May/2018:16:18:39 -0300] "GET /cormun/servlet/trautorizarsolicitud? HTTP/1.1" 200 9210
200.112.233.47 - - [22/May/2018:16:18:39 -0300] "GET /cormun/static/gxcfg.js?2017111423403364 HTTP/1.1" 200 953
200.112.233.47 - - [22/May/2018:16:18:39 -0300] "GET /cormun/static/trautorizarsolicitud.js?201711142340425 HTTP/1.1" 200 53910
200.112.233.47 - - [22/May/2018:16:18:39 -0300] "GET /cormun/servlet/trautorizarsolicitud? HTTP/1.1" 200 9209
190.46.88.10 - - [22/May/2018:16:18:41 -0300] "POST /cormun/servlet/trpermisosadjuntos?a2cba31ba14cc947f48defa287c135b6,10613676,20180522150517,P,,gx-no-cache=1527016661271 HTTP/1.1" 200 90
190.46.88.10 - - [22/May/2018:16:18:41 -0300] "GET /cormun/servlet/hpexe_link HTTP/1.1" 200 985
190.46.88.10 - - [22/May/2018:16:18:42 -0300] "GET /cormun/servlet/trpermisosgoce HTTP/1.1" 200 13462
190.46.88.10 - - [22/May/2018:16:18:43 -0300] "GET /cormun/servlet/trpermisosgoce HTTP/1.1" 200 13450
190.46.88.10 - - [22/May/2018:16:18:49 -0300] "GET /cormun/servlet/trpermisosadjuntos?7324314,20180522150539,P, HTTP/1.1" 200 6541
190.46.88.10 - - [22/May/2018:16:18:50 -0300] "GET /cormun/servlet/trpermisosadjuntos?7324314,20180522150539,P, HTTP/1.1" 200 6541
190.46.88.10 - - [22/May/2018:16:18:52 -0300] "GET /cormun/servlet/permisosadjuntos?INS,7324314,P,20180522150539,, HTTP/1.1" 200 5868
190.46.88.10 - - [22/May/2018:16:18:52 -0300] "GET /cormun/static/about:blank HTTP/1.1" 404 1011
190.46.88.10 - - [22/May/2018:16:18:53 -0300] "GET /cormun/servlet/permisosadjuntos?INS,7324314,P,20180522150539,, HTTP/1.1" 200 5858
200.112.233.47 - - [22/May/2018:16:18:58 -0300] "POST /cormun/servlet/trautorizarsolicitud?b3869cf1828d396dd73f8b81cb8e7066,,gx-no-cache=1527016677485 HTTP/1.1" 200 5847
200.112.233.47 - - [22/May/2018:16:18:58 -0300] "GET /cormun/static/Shared/jqueryui/images/ui-icons_82798d_256x240.png HTTP/1.1" 404 1089
200.112.233.47 - - [22/May/2018:16:18:58 -0300] "GET /cormun/static/Shared/jqueryui/images/ui-bg_highlight-soft_100_c6c2c8_1x100.png HTTP/1.1" 404 1117
200.112.233.47 - - [22/May/2018:16:18:58 -0300] "GET /cormun/static/Shared/jqueryui/images/ui-bg_flat_55_fafafa_40x100.png HTTP/1.1" 404 1097
200.112.233.47 - - [22/May/2018:16:18:58 -0300] "GET /cormun/static/Shared/jqueryui/images/ui-icons_8d78a5_256x240.png HTTP/1.1" 404 1089
200.112.233.47 - - [22/May/2018:16:18:58 -0300] "POST /cormun/servlet/trautorizarsolicitud?b3869cf1828d396dd73f8b81cb8e7066,,gx-no-cache=1527016677767 HTTP/1.1" 200 5791
200.112.233.47 - - [22/May/2018:16:19:02 -0300] "POST /cormun/servlet/trautorizarsolicitud?b3869cf1828d396dd73f8b81cb8e7066,,gx-no-cache=1527016681297 HTTP/1.1" 200 4647
200.112.233.47 - - [22/May/2018:16:19:02 -0300] "POST /cormun/servlet/trautorizarsolicitud?b3869cf1828d396dd73f8b81cb8e7066,,gx-no-cache=1527016681934 HTTP/1.1" 200 4393
190.46.88.10 - - [22/May/2018:16:19:10 -0300] "POST /cormun/servlet/permisosadjuntos?a2cba31ba14cc947f48defa287c135b6,INS,7324314,P,20180522150539,, HTTP/1.1" 200 116
190.46.88.10 - - [22/May/2018:16:19:11 -0300] "GET /cormun/servlet/hpexe_return? HTTP/1.1" 200 1039
190.46.88.10 - - [22/May/2018:16:19:11 -0300] "GET /cormun/servlet/trpermisosadjuntos?7324314,20180522150539,P, HTTP/1.1" 200 7033
190.46.88.10 - - [22/May/2018:16:19:12 -0300] "GET /cormun/servlet/trpermisosadjuntos?7324314,20180522150539,P, HTTP/1.1" 200 7030
190.46.88.10 - - [22/May/2018:16:19:15 -0300] "POST /cormun/servlet/trpermisosadjuntos?a2cba31ba14cc947f48defa287c135b6,7324314,20180522150539,P,,gx-no-cache=1527016695007 HTTP/1.1" 200 90
190.46.88.10 - - [22/May/2018:16:19:15 -0300] "GET /cormun/servlet/hpexe_link HTTP/1.1" 200 985
190.46.88.10 - - [22/May/2018:16:19:15 -0300] "GET /cormun/servlet/trpermisosgoce HTTP/1.1" 200 13466
190.46.88.10 - - [22/May/2018:16:19:17 -0300] "GET /cormun/servlet/trpermisosgoce HTTP/1.1" 200 13461
190.46.88.10 - - [22/May/2018:16:19:28 -0300] "GET /cormun/servlet/trpermisosadjuntos?18224100,20180522150604,P, HTTP/1.1" 200 6543
190.46.88.10 - - [22/May/2018:16:19:29 -0300] "GET /cormun/servlet/trpermisosadjuntos?18224100,20180522150604,P, HTTP/1.1" 200 6543
190.46.88.10 - - [22/May/2018:16:19:33 -0300] "GET /cormun/servlet/permisosadjuntos?INS,18224100,P,20180522150604,, HTTP/1.1" 200 5874
190.46.88.10 - - [22/May/2018:16:19:33 -0300] "GET /cormun/static/about:blank HTTP/1.1" 404 1011
190.46.88.10 - - [22/May/2018:16:19:34 -0300] "GET /cormun/servlet/permisosadjuntos?INS,18224100,P,20180522150604,, HTTP/1.1" 200 5864
190.46.88.10 - - [22/May/2018:16:19:45 -0300] "POST /cormun/servlet/permisosadjuntos?a2cba31ba14cc947f48defa287c135b6,INS,18224100,P,20180522150604,, HTTP/1.1" 200 116
190.46.88.10 - - [22/May/2018:16:19:46 -0300] "GET /cormun/servlet/hpexe_return? HTTP/1.1" 200 1039
190.46.88.10 - - [22/May/2018:16:19:47 -0300] "GET /cormun/servlet/trpermisosadjuntos?18224100,20180522150604,P, HTTP/1.1" 200 7041
190.46.88.10 - - [22/May/2018:16:19:48 -0300] "GET /cormun/servlet/trpermisosadjuntos?18224100,20180522150604,P, HTTP/1.1" 200 7039
190.46.88.10 - - [22/May/2018:16:19:52 -0300] "POST /cormun/servlet/trpermisosadjuntos?a2cba31ba14cc947f48defa287c135b6,18224100,20180522150604,P,,gx-no-cache=1527016732367 HTTP/1.1" 200 90
190.46.88.10 - - [22/May/2018:16:19:52 -0300] "GET /cormun/servlet/hpexe_link HTTP/1.1" 200 984
190.46.88.10 - - [22/May/2018:16:19:53 -0300] "GET /cormun/servlet/trpermisosgoce HTTP/1.1" 200 13473
190.46.88.10 - - [22/May/2018:16:19:54 -0300] "GET /cormun/servlet/trpermisosgoce HTTP/1.1" 200 13479
190.46.88.10 - - [22/May/2018:16:20:00 -0300] "GET /cormun/servlet/trpermisosadjuntos?9067815,20180522150628,P, HTTP/1.1" 200 6546
190.46.88.10 - - [22/May/2018:16:20:01 -0300] "GET /cormun/servlet/trpermisosadjuntos?9067815,20180522150628,P, HTTP/1.1" 200 6546
190.46.88.10 - - [22/May/2018:16:20:03 -0300] "GET /cormun/servlet/permisosadjuntos?INS,9067815,P,20180522150628,, HTTP/1.1" 200 5876
190.46.88.10 - - [22/May/2018:16:20:03 -0300] "GET /cormun/static/about:blank HTTP/1.1" 404 1011
190.46.88.10 - - [22/May/2018:16:20:04 -0300] "GET /cormun/servlet/permisosadjuntos?INS,9067815,P,20180522150628,, HTTP/1.1" 200 5866
190.46.88.10 - - [22/May/2018:16:20:11 -0300] "POST /cormun/servlet/permisosadjuntos?a2cba31ba14cc947f48defa287c135b6,INS,9067815,P,20180522150628,, HTTP/1.1" 200 116
190.46.88.10 - - [22/May/2018:16:20:11 -0300] "GET /cormun/servlet/hpexe_return? HTTP/1.1" 200 1037
190.46.88.10 - - [22/May/2018:16:20:11 -0300] "GET /cormun/servlet/trpermisosadjuntos?9067815,20180522150628,P, HTTP/1.1" 200 7039
190.46.88.10 - - [22/May/2018:16:20:12 -0300] "GET /cormun/servlet/trpermisosadjuntos?9067815,20180522150628,P, HTTP/1.1" 200 7036
190.46.88.10 - - [22/May/2018:16:20:15 -0300] "POST /cormun/servlet/trpermisosadjuntos?a2cba31ba14cc947f48defa287c135b6,9067815,20180522150628,P,,gx-no-cache=1527016755614 HTTP/1.1" 200 90
190.46.88.10 - - [22/May/2018:16:20:15 -0300] "GET /cormun/servlet/hpexe_link HTTP/1.1" 200 985
190.46.88.10 - - [22/May/2018:16:20:16 -0300] "GET /cormun/servlet/trpermisosgoce HTTP/1.1" 200 13466
190.46.88.10 - - [22/May/2018:16:20:17 -0300] "GET /cormun/servlet/trpermisosgoce HTTP/1.1" 200 13468
190.46.88.10 - - [22/May/2018:16:20:21 -0300] "GET /cormun/servlet/trpermisosadjuntos?10699672,20180522150651,P, HTTP/1.1" 200 6542
190.46.88.10 - - [22/May/2018:16:20:22 -0300] "GET /cormun/servlet/trpermisosadjuntos?10699672,20180522150651,P, HTTP/1.1" 200 6542
190.46.88.10 - - [22/May/2018:16:20:24 -0300] "GET /cormun/servlet/permisosadjuntos?INS,10699672,P,20180522150651,, HTTP/1.1" 200 5873
190.46.88.10 - - [22/May/2018:16:20:24 -0300] "GET /cormun/static/about:blank HTTP/1.1" 404 1011
190.46.88.10 - - [22/May/2018:16:20:25 -0300] "GET /cormun/servlet/permisosadjuntos?INS,10699672,P,20180522150651,, HTTP/1.1" 200 5862
190.46.88.10 - - [22/May/2018:16:20:37 -0300] "POST /cormun/servlet/permisosadjuntos?a2cba31ba14cc947f48defa287c135b6,INS,10699672,P,20180522150651,, HTTP/1.1" 200 116
190.46.88.10 - - [22/May/2018:16:20:37 -0300] "GET /cormun/servlet/hpexe_return? HTTP/1.1" 200 1040
190.46.88.10 - - [22/May/2018:16:20:37 -0300] "GET /cormun/servlet/trpermisosadjuntos?10699672,20180522150651,P, HTTP/1.1" 200 7029
190.46.88.10 - - [22/May/2018:16:20:38 -0300] "GET /cormun/servlet/trpermisosadjuntos?10699672,20180522150651,P, HTTP/1.1" 200 7026
190.46.88.10 - - [22/May/2018:16:20:41 -0300] "POST /cormun/servlet/trpermisosadjuntos?a2cba31ba14cc947f48defa287c135b6,10699672,20180522150651,P,,gx-no-cache=1527016781121 HTTP/1.1" 200 90
190.46.88.10 - - [22/May/2018:16:20:41 -0300] "GET /cormun/servlet/hpexe_link HTTP/1.1" 200 985
190.46.88.10 - - [22/May/2018:16:20:41 -0300] "GET /cormun/servlet/trpermisosgoce HTTP/1.1" 200 13497
190.46.88.10 - - [22/May/2018:16:20:43 -0300] "GET /cormun/servlet/trpermisosgoce HTTP/1.1" 200 13489
190.46.88.10 - - [22/May/2018:16:20:50 -0300] "GET /cormun/servlet/trpermisosadjuntos?16492698,20180522150711,P, HTTP/1.1" 200 6546
190.46.88.10 - - [22/May/2018:16:20:51 -0300] "GET /cormun/servlet/trpermisosadjuntos?16492698,20180522150711,P, HTTP/1.1" 200 6547
190.46.88.10 - - [22/May/2018:16:20:53 -0300] "GET /cormun/servlet/permisosadjuntos?INS,16492698,P,20180522150711,, HTTP/1.1" 200 5875
190.46.88.10 - - [22/May/2018:16:20:53 -0300] "GET /cormun/static/about:blank HTTP/1.1" 404 1011
190.46.88.10 - - [22/May/2018:16:20:54 -0300] "GET /cormun/servlet/permisosadjuntos?INS,16492698,P,20180522150711,, HTTP/1.1" 200 5865
190.46.88.10 - - [22/May/2018:16:21:04 -0300] "POST /cormun/servlet/permisosadjuntos?a2cba31ba14cc947f48defa287c135b6,INS,16492698,P,20180522150711,, HTTP/1.1" 200 116
190.46.88.10 - - [22/May/2018:16:21:04 -0300] "GET /cormun/servlet/hpexe_return? HTTP/1.1" 200 1039
190.46.88.10 - - [22/May/2018:16:21:04 -0300] "GET /cormun/servlet/trpermisosadjuntos?16492698,20180522150711,P, HTTP/1.1" 200 7041
190.46.88.10 - - [22/May/2018:16:21:05 -0300] "GET /cormun/servlet/trpermisosadjuntos?16492698,20180522150711,P, HTTP/1.1" 200 7037
190.46.88.10 - - [22/May/2018:16:21:09 -0300] "POST /cormun/servlet/trpermisosadjuntos?a2cba31ba14cc947f48defa287c135b6,16492698,20180522150711,P,,gx-no-cache=1527016808825 HTTP/1.1" 200 90
190.46.88.10 - - [22/May/2018:16:21:09 -0300] "GET /cormun/servlet/hpexe_link HTTP/1.1" 200 985
190.46.88.10 - - [22/May/2018:16:21:09 -0300] "GET /cormun/servlet/trpermisosgoce HTTP/1.1" 200 13471
190.46.88.10 - - [22/May/2018:16:21:10 -0300] "GET /cormun/servlet/trpermisosgoce HTTP/1.1" 200 13467
190.46.88.10 - - [22/May/2018:16:21:16 -0300] "GET /cormun/servlet/trpermisosadjuntos?12365836,20180522150750,P, HTTP/1.1" 200 6540
190.46.88.10 - - [22/May/2018:16:21:18 -0300] "GET /cormun/servlet/trpermisosadjuntos?12365836,20180522150750,P, HTTP/1.1" 200 6540
190.46.88.10 - - [22/May/2018:16:21:19 -0300] "GET /cormun/servlet/permisosadjuntos?INS,12365836,P,20180522150750,, HTTP/1.1" 200 5869
190.46.88.10 - - [22/May/2018:16:21:19 -0300] "GET /cormun/static/about:blank HTTP/1.1" 404 1011
190.46.88.10 - - [22/May/2018:16:21:20 -0300] "GET /cormun/servlet/permisosadjuntos?INS,12365836,P,20180522150750,, HTTP/1.1" 200 5859
190.46.88.10 - - [22/May/2018:16:21:31 -0300] "POST /cormun/servlet/permisosadjuntos?a2cba31ba14cc947f48defa287c135b6,INS,12365836,P,20180522150750,, HTTP/1.1" 200 116
190.46.88.10 - - [22/May/2018:16:21:31 -0300] "GET /cormun/servlet/hpexe_return? HTTP/1.1" 200 1039
190.46.88.10 - - [22/May/2018:16:21:32 -0300] "GET /cormun/servlet/trpermisosadjuntos?12365836,20180522150750,P, HTTP/1.1" 200 7026
190.46.88.10 - - [22/May/2018:16:21:33 -0300] "GET /cormun/servlet/trpermisosadjuntos?12365836,20180522150750,P, HTTP/1.1" 200 7023
190.46.88.10 - - [22/May/2018:16:21:37 -0300] "POST /cormun/servlet/trpermisosadjuntos?a2cba31ba14cc947f48defa287c135b6,12365836,20180522150750,P,,gx-no-cache=1527016836936 HTTP/1.1" 200 90
190.46.88.10 - - [22/May/2018:16:21:37 -0300] "GET /cormun/servlet/hpexe_link HTTP/1.1" 200 985
190.46.88.10 - - [22/May/2018:16:21:38 -0300] "GET /cormun/servlet/trpermisosgoce HTTP/1.1" 200 13451
190.46.88.10 - - [22/May/2018:16:21:39 -0300] "GET /cormun/servlet/trpermisosgoce HTTP/1.1" 200 13467
190.46.88.10 - - [22/May/2018:16:21:43 -0300] "GET /cormun/servlet/trpermisosadjuntos?21754372,20180522150820,P, HTTP/1.1" 200 6543
190.46.88.10 - - [22/May/2018:16:21:44 -0300] "GET /cormun/servlet/trpermisosadjuntos?21754372,20180522150820,P, HTTP/1.1" 200 6543
190.46.88.10 - - [22/May/2018:16:21:46 -0300] "GET /cormun/servlet/permisosadjuntos?INS,21754372,P,20180522150820,, HTTP/1.1" 200 5874
190.46.88.10 - - [22/May/2018:16:21:46 -0300] "GET /cormun/static/about:blank HTTP/1.1" 404 1011
190.46.88.10 - - [22/May/2018:16:21:47 -0300] "GET /cormun/servlet/permisosadjuntos?INS,21754372,P,20180522150820,, HTTP/1.1" 200 5864
190.46.88.10 - - [22/May/2018:16:21:58 -0300] "POST /cormun/servlet/permisosadjuntos?a2cba31ba14cc947f48defa287c135b6,INS,21754372,P,20180522150820,, HTTP/1.1" 200 116
190.46.88.10 - - [22/May/2018:16:21:58 -0300] "GET /cormun/servlet/hpexe_return? HTTP/1.1" 200 1040
190.46.88.10 - - [22/May/2018:16:21:59 -0300] "GET /cormun/servlet/trpermisosadjuntos?21754372,20180522150820,P, HTTP/1.1" 200 7029
190.46.88.10 - - [22/May/2018:16:22:00 -0300] "GET /cormun/servlet/trpermisosadjuntos?21754372,20180522150820,P, HTTP/1.1" 200 7026
190.46.88.10 - - [22/May/2018:16:22:03 -0300] "POST /cormun/servlet/trpermisosadjuntos?a2cba31ba14cc947f48defa287c135b6,21754372,20180522150820,P,,gx-no-cache=1527016863529 HTTP/1.1" 200 90
190.46.88.10 - - [22/May/2018:16:22:03 -0300] "GET /cormun/servlet/hpexe_link HTTP/1.1" 200 984
190.46.88.10 - - [22/May/2018:16:22:04 -0300] "GET /cormun/servlet/trpermisosgoce HTTP/1.1" 200 13462
190.46.88.10 - - [22/May/2018:16:22:05 -0300] "GET /cormun/servlet/trpermisosgoce HTTP/1.1" 200 13456
190.46.88.10 - - [22/May/2018:16:22:09 -0300] "GET /cormun/servlet/trpermisosadjuntos?7151905,20180522151054,P, HTTP/1.1" 200 6539
190.46.88.10 - - [22/May/2018:16:22:10 -0300] "GET /cormun/servlet/trpermisosadjuntos?7151905,20180522151054,P, HTTP/1.1" 200 6539
190.46.88.10 - - [22/May/2018:16:22:12 -0300] "GET /cormun/servlet/permisosadjuntos?INS,7151905,P,20180522151054,, HTTP/1.1" 200 5866
201.215.248.160 - - [22/May/2018:16:22:12 -0300] "GET /cormun/servlet/hhome HTTP/1.1" 200 3407
190.46.88.10 - - [22/May/2018:16:22:12 -0300] "GET /cormun/static/about:blank HTTP/1.1" 404 1011
201.215.248.160 - - [22/May/2018:16:22:13 -0300] "GET /cormun/servlet/hhome HTTP/1.1" 200 3417
201.215.248.160 - - [22/May/2018:16:22:13 -0300] "GET /cormun/servlet/hlogin HTTP/1.1" 200 1734
190.46.88.10 - - [22/May/2018:16:22:13 -0300] "GET /cormun/servlet/permisosadjuntos?INS,7151905,P,20180522151054,, HTTP/1.1" 200 5859
190.46.88.10 - - [22/May/2018:16:22:27 -0300] "POST /cormun/servlet/permisosadjuntos?a2cba31ba14cc947f48defa287c135b6,INS,7151905,P,20180522151054,, HTTP/1.1" 200 116
190.46.88.10 - - [22/May/2018:16:22:27 -0300] "GET /cormun/servlet/hpexe_return? HTTP/1.1" 200 1037
190.46.88.10 - - [22/May/2018:16:22:28 -0300] "GET /cormun/servlet/trpermisosadjuntos?7151905,20180522151054,P, HTTP/1.1" 200 7027
190.46.88.10 - - [22/May/2018:16:22:29 -0300] "GET /cormun/servlet/trpermisosadjuntos?7151905,20180522151054,P, HTTP/1.1" 200 7023
190.46.88.10 - - [22/May/2018:16:22:32 -0300] "POST /cormun/servlet/trpermisosadjuntos?a2cba31ba14cc947f48defa287c135b6,7151905,20180522151054,P,,gx-no-cache=1527016892623 HTTP/1.1" 200 90
190.46.88.10 - - [22/May/2018:16:22:32 -0300] "GET /cormun/servlet/hpexe_link HTTP/1.1" 200 983
190.46.88.10 - - [22/May/2018:16:22:33 -0300] "GET /cormun/servlet/trpermisosgoce HTTP/1.1" 200 13457
190.46.88.10 - - [22/May/2018:16:22:34 -0300] "GET /cormun/servlet/trpermisosgoce HTTP/1.1" 200 13469
190.46.88.10 - - [22/May/2018:16:22:39 -0300] "POST /cormun/servlet/trpermisosgoce?a2cba31ba14cc947f48defa287c135b6,gx-no-cache=1527016899265 HTTP/1.1" 200 10618
190.46.88.10 - - [22/May/2018:16:22:40 -0300] "GET /cormun/static/Shared/jqueryui/images/ui-bg_highlight-soft_100_c6c2c8_1x100.png HTTP/1.1" 404 1117
190.46.88.10 - - [22/May/2018:16:22:40 -0300] "GET /cormun/static/Shared/jqueryui/images/ui-icons_82798d_256x240.png HTTP/1.1" 404 1089
190.46.88.10 - - [22/May/2018:16:22:40 -0300] "GET /cormun/static/Shared/jqueryui/images/ui-bg_flat_55_fafafa_40x100.png HTTP/1.1" 404 1097
190.46.88.10 - - [22/May/2018:16:22:40 -0300] "GET /cormun/static/Shared/jqueryui/images/ui-icons_8d78a5_256x240.png HTTP/1.1" 404 1089
200.112.233.47 - - [22/May/2018:16:22:41 -0300] "GET /cormun/servlet/trsolicitudot? HTTP/1.1" 200 7280
190.46.88.10 - - [22/May/2018:16:22:41 -0300] "POST /cormun/servlet/trpermisosgoce?a2cba31ba14cc947f48defa287c135b6,gx-no-cache=1527016901312 HTTP/1.1" 200 10632
200.112.233.47 - - [22/May/2018:16:22:42 -0300] "GET /cormun/servlet/trsolicitudot? HTTP/1.1" 200 7280
200.112.233.47 - - [22/May/2018:16:22:44 -0300] "GET /cormun/servlet/solicitudot?INS,0,0, HTTP/1.1" 200 13678
190.46.88.10 - - [22/May/2018:16:22:45 -0300] "POST /cormun/servlet/trpermisosgoce?a2cba31ba14cc947f48defa287c135b6,gx-no-cache=1527016904736 HTTP/1.1" 200 10623
200.112.233.47 - - [22/May/2018:16:22:45 -0300] "GET /cormun/servlet/solicitudot?INS,0,0, HTTP/1.1" 200 13683
201.215.248.160 - - [22/May/2018:16:22:47 -0300] "POST /cormun/servlet/hlogin?74afe81331a5be62bfedf24fae320f3b,gx-no-cache=1527017005649 HTTP/1.1" 200 90
201.215.248.160 - - [22/May/2018:16:22:47 -0300] "GET /cormun/servlet/hpexe_link HTTP/1.1" 200 953
201.215.248.160 - - [22/May/2018:16:22:47 -0300] "GET /cormun/servlet/hhome HTTP/1.1" 200 4221
190.46.88.10 - - [22/May/2018:16:22:47 -0300] "POST /cormun/servlet/trpermisosgoce?a2cba31ba14cc947f48defa287c135b6,gx-no-cache=1527016907151 HTTP/1.1" 200 10603
201.215.248.160 - - [22/May/2018:16:22:48 -0300] "GET /cormun/servlet/hhome HTTP/1.1" 200 4217
201.215.248.160 - - [22/May/2018:16:22:48 -0300] "GET /cormun/static/SmoothNavMenu/resources/images/right.gif HTTP/1.1" 200 860
190.46.88.10 - - [22/May/2018:16:22:49 -0300] "POST /cormun/servlet/trpermisosgoce?a2cba31ba14cc947f48defa287c135b6,gx-no-cache=1527016909339 HTTP/1.1" 200 10605
201.215.248.160 - - [22/May/2018:16:22:51 -0300] "GET /cormun/servlet/trlicencias? HTTP/1.1" 200 13208
201.215.248.160 - - [22/May/2018:16:22:52 -0300] "GET /cormun/servlet/trlicencias? HTTP/1.1" 200 13205
190.46.88.10 - - [22/May/2018:16:22:52 -0300] "POST /cormun/servlet/trpermisosgoce?a2cba31ba14cc947f48defa287c135b6,gx-no-cache=1527016912151 HTTP/1.1" 200 10583
200.112.233.47 - - [22/May/2018:16:22:53 -0300] "GET /cormun/servlet/prfichaempleado?,MD,,gxPopupLevel%3D0%3B HTTP/1.1" 200 9389
190.46.88.10 - - [22/May/2018:16:22:56 -0300] "POST /cormun/servlet/trpermisosgoce?a2cba31ba14cc947f48defa287c135b6,gx-no-cache=1527016915463 HTTP/1.1" 200 10583
190.46.88.10 - - [22/May/2018:16:22:58 -0300] "POST /cormun/servlet/trpermisosgoce?a2cba31ba14cc947f48defa287c135b6,gx-no-cache=1527016918446 HTTP/1.1" 200 10559
200.112.233.47 - - [22/May/2018:16:23:00 -0300] "POST /cormun/servlet/prfichaempleado?b3869cf1828d396dd73f8b81cb8e7066,,MD,,gxPopupLevel%3D0%3B,gx-no-cache=1527016919850 HTTP/1.1" 200 4017
190.46.88.10 - - [22/May/2018:16:23:01 -0300] "POST /cormun/servlet/trpermisosgoce?a2cba31ba14cc947f48defa287c135b6,gx-no-cache=1527016921182 HTTP/1.1" 200 10564
190.46.88.10 - - [22/May/2018:16:23:04 -0300] "POST /cormun/servlet/trpermisosgoce?a2cba31ba14cc947f48defa287c135b6,gx-no-cache=1527016923929 HTTP/1.1" 200 10589
190.46.88.10 - - [22/May/2018:16:23:07 -0300] "POST /cormun/servlet/trpermisosgoce?a2cba31ba14cc947f48defa287c135b6,gx-no-cache=1527016926992 HTTP/1.1" 200 10570
190.46.88.10 - - [22/May/2018:16:23:11 -0300] "POST /cormun/servlet/trpermisosgoce?a2cba31ba14cc947f48defa287c135b6,gx-no-cache=1527016931503 HTTP/1.1" 200 10530
190.46.88.10 - - [22/May/2018:16:23:15 -0300] "POST /cormun/servlet/trpermisosgoce?a2cba31ba14cc947f48defa287c135b6,gx-no-cache=1527016934691 HTTP/1.1" 200 10506
201.215.248.160 - - [22/May/2018:16:23:19 -0300] "GET /cormun/servlet/hhome HTTP/1.1" 200 4221
190.46.88.10 - - [22/May/2018:16:23:19 -0300] "POST /cormun/servlet/trpermisosgoce?a2cba31ba14cc947f48defa287c135b6,gx-no-cache=1527016938959 HTTP/1.1" 200 10502
201.215.248.160 - - [22/May/2018:16:23:19 -0300] "GET /cormun/servlet/hhome HTTP/1.1" 200 4217
190.46.88.10 - - [22/May/2018:16:23:24 -0300] "POST /cormun/servlet/trpermisosgoce?a2cba31ba14cc947f48defa287c135b6,gx-no-cache=1527016943982 HTTP/1.1" 200 10454
201.215.248.160 - - [22/May/2018:16:23:27 -0300] "GET /cormun/servlet/trpermisosgoce? HTTP/1.1" 200 11858
201.215.248.160 - - [22/May/2018:16:23:28 -0300] "GET /cormun/servlet/trpermisosgoce? HTTP/1.1" 200 11850
190.46.88.10 - - [22/May/2018:16:23:34 -0300] "GET /cormun/servlet/trautorizarpermisogoce? HTTP/1.1" 200 11074
190.46.88.10 - - [22/May/2018:16:23:34 -0300] "GET /cormun/static/gxcfg.js?20177612165975 HTTP/1.1" 200 953
190.46.88.10 - - [22/May/2018:16:23:34 -0300] "GET /cormun/static/trautorizarpermisogoce.js?2017761217384 HTTP/1.1" 200 34948
190.46.88.10 - - [22/May/2018:16:23:36 -0300] "GET /cormun/servlet/trautorizarpermisogoce? HTTP/1.1" 200 11073
190.46.88.10 - - [22/May/2018:16:23:41 -0300] "POST /cormun/servlet/trautorizarpermisogoce?a2cba31ba14cc947f48defa287c135b6,,gx-no-cache=1527016961473 HTTP/1.1" 200 8093
190.46.88.10 - - [22/May/2018:16:23:42 -0300] "GET /cormun/static/Shared/jqueryui/images/ui-bg_highlight-soft_100_c6c2c8_1x100.png HTTP/1.1" 404 1117
190.46.88.10 - - [22/May/2018:16:23:42 -0300] "GET /cormun/static/Shared/jqueryui/images/ui-icons_82798d_256x240.png HTTP/1.1" 404 1089
190.46.88.10 - - [22/May/2018:16:23:42 -0300] "GET /cormun/static/Shared/jqueryui/images/ui-icons_8d78a5_256x240.png HTTP/1.1" 404 1089
190.46.88.10 - - [22/May/2018:16:23:42 -0300] "GET /cormun/static/Shared/jqueryui/images/ui-bg_flat_55_fafafa_40x100.png HTTP/1.1" 404 1097
190.46.88.10 - - [22/May/2018:16:23:43 -0300] "POST /cormun/servlet/trautorizarpermisogoce?a2cba31ba14cc947f48defa287c135b6,,gx-no-cache=1527016962892 HTTP/1.1" 200 7879
190.46.88.10 - - [22/May/2018:16:23:44 -0300] "POST /cormun/servlet/trautorizarpermisogoce?a2cba31ba14cc947f48defa287c135b6,,gx-no-cache=1527016964101 HTTP/1.1" 200 7688
190.46.88.10 - - [22/May/2018:16:23:45 -0300] "POST /cormun/servlet/trautorizarpermisogoce?a2cba31ba14cc947f48defa287c135b6,,gx-no-cache=1527016965292 HTTP/1.1" 200 7476
190.46.88.10 - - [22/May/2018:16:23:46 -0300] "POST /cormun/servlet/trautorizarpermisogoce?a2cba31ba14cc947f48defa287c135b6,,gx-no-cache=1527016966581 HTTP/1.1" 200 7255
190.46.88.10 - - [22/May/2018:16:23:48 -0300] "POST /cormun/servlet/trautorizarpermisogoce?a2cba31ba14cc947f48defa287c135b6,,gx-no-cache=1527016967759 HTTP/1.1" 200 6998
190.46.88.10 - - [22/May/2018:16:23:49 -0300] "POST /cormun/servlet/trautorizarpermisogoce?a2cba31ba14cc947f48defa287c135b6,,gx-no-cache=1527016968918 HTTP/1.1" 200 6624
190.46.88.10 - - [22/May/2018:16:23:50 -0300] "POST /cormun/servlet/trautorizarpermisogoce?a2cba31ba14cc947f48defa287c135b6,,gx-no-cache=1527016970061 HTTP/1.1" 200 6415
190.46.88.10 - - [22/May/2018:16:23:51 -0300] "POST /cormun/servlet/trautorizarpermisogoce?a2cba31ba14cc947f48defa287c135b6,,gx-no-cache=1527016971154 HTTP/1.1" 200 6212
190.46.88.10 - - [22/May/2018:16:23:52 -0300] "POST /cormun/servlet/trautorizarpermisogoce?a2cba31ba14cc947f48defa287c135b6,,gx-no-cache=1527016972226 HTTP/1.1" 200 6016
190.46.88.10 - - [22/May/2018:16:23:53 -0300] "POST /cormun/servlet/trautorizarpermisogoce?a2cba31ba14cc947f48defa287c135b6,,gx-no-cache=1527016973424 HTTP/1.1" 200 5803
190.46.88.10 - - [22/May/2018:16:23:54 -0300] "POST /cormun/servlet/trautorizarpermisogoce?a2cba31ba14cc947f48defa287c135b6,,gx-no-cache=1527016974530 HTTP/1.1" 200 5587
190.46.88.10 - - [22/May/2018:16:23:55 -0300] "POST /cormun/servlet/trautorizarpermisogoce?a2cba31ba14cc947f48defa287c135b6,,gx-no-cache=1527016975608 HTTP/1.1" 200 5367
190.46.88.10 - - [22/May/2018:16:23:56 -0300] "POST /cormun/servlet/trautorizarpermisogoce?a2cba31ba14cc947f48defa287c135b6,,gx-no-cache=1527016976694 HTTP/1.1" 200 5112
190.46.88.10 - - [22/May/2018:16:23:58 -0300] "POST /cormun/servlet/trautorizarpermisogoce?a2cba31ba14cc947f48defa287c135b6,,gx-no-cache=1527016977735 HTTP/1.1" 200 4355
190.46.88.10 - - [22/May/2018:16:24:56 -0300] "GET /cormun/servlet/hlogin HTTP/1.1" 200 1746
201.215.248.160 - - [22/May/2018:16:26:08 -0300] "GET /cormun/servlet/permisogoce?INS,0,,, HTTP/1.1" 200 7085
201.215.248.160 - - [22/May/2018:16:26:09 -0300] "GET /cormun/servlet/permisogoce?INS,0,,, HTTP/1.1" 200 7085
201.215.248.160 - - [22/May/2018:16:26:45 -0300] "GET /cormun/servlet/trpermisosgoce? HTTP/1.1" 200 11855
201.215.248.160 - - [22/May/2018:16:26:46 -0300] "GET /cormun/servlet/trpermisosgoce? HTTP/1.1" 200 11856
201.215.248.160 - - [22/May/2018:16:26:47 -0300] "GET /cormun/servlet/hhome HTTP/1.1" 200 4221
201.215.248.160 - - [22/May/2018:16:26:48 -0300] "GET /cormun/servlet/hhome HTTP/1.1" 200 4217
201.215.248.160 - - [22/May/2018:16:27:03 -0300] "GET /cormun/servlet/hhome HTTP/1.1" 200 4209
201.215.248.160 - - [22/May/2018:16:27:04 -0300] "GET /cormun/servlet/hhome HTTP/1.1" 200 4217
201.215.248.160 - - [22/May/2018:16:27:14 -0300] "GET /cormun/servlet/trpermisosgoce? HTTP/1.1" 200 11852
201.215.248.160 - - [22/May/2018:16:27:15 -0300] "GET /cormun/servlet/trpermisosgoce? HTTP/1.1" 200 11853
201.215.248.160 - - [22/May/2018:16:27:39 -0300] "POST /cormun/servlet/trpermisosgoce?74afe81331a5be62bfedf24fae320f3b,,gx-no-cache=1527017298042 HTTP/1.1" 200 9007
201.215.248.160 - - [22/May/2018:16:28:02 -0300] "GET /cormun/servlet/trpermisosgoce? HTTP/1.1" 200 11856
201.215.248.160 - - [22/May/2018:16:28:03 -0300] "GET /cormun/servlet/trpermisosgoce? HTTP/1.1" 200 11853
201.215.248.160 - - [22/May/2018:16:28:27 -0300] "GET /cormun/servlet/permisogoce?INS,0,,, HTTP/1.1" 200 7084
201.215.248.160 - - [22/May/2018:16:28:28 -0300] "GET /cormun/servlet/permisogoce?INS,0,,, HTTP/1.1" 200 7084
201.215.248.160 - - [22/May/2018:16:29:03 -0300] "GET /cormun/servlet/permisogoce?95fc5137b0e4ecc87d27fe9dba6a42b2970c92b49709b53ad2a95c07080327cbb8d9316f7a3a097cfb1767b130b2c35865944349565a8af13b63dd73929cb216,gx-no-cache=1527017381748 HTTP/1.1" 200 88
192.168.10.56 - - [22/May/2018:16:29:40 -0300] "GET /cormun/servlet/hlogin HTTP/1.1" 200 1721
192.168.10.56 - - [22/May/2018:16:29:40 -0300] "GET /cormun/servlet/hlogin HTTP/1.1" 200 1732
192.168.10.56 - - [22/May/2018:16:29:40 -0300] "GET /favicon.ico HTTP/1.1" 200 21630
192.168.10.56 - - [22/May/2018:16:29:41 -0300] "POST /cormun/servlet/hlogin?8123720140d81f9f5f7a32a1d1cbb508,gx-no-cache=1527017189746 HTTP/1.1" 200 90
