66.249.85.29 - - [22/May/2018:13:44:47 -0300] "GET /cormun/static/gxtimezone.js?85251 HTTP/1.1" 200 5781
66.249.85.28 - - [22/May/2018:13:44:47 -0300] "GET /cormun/static/hlogin.js?20175251213537 HTTP/1.1" 200 2136
66.249.85.29 - - [22/May/2018:13:44:47 -0300] "GET /cormun/static/gxgral.js?85251 HTTP/1.1" 200 384558
66.249.85.27 - - [22/May/2018:13:44:47 -0300] "GET /cormun/static/Resources/PXToolsLoginBottom.png HTTP/1.1" 200 1389
66.249.85.27 - - [22/May/2018:13:44:47 -0300] "GET /cormun/static/Resources/PXToolsLoginBackground.png HTTP/1.1" 200 1164
66.249.85.27 - - [22/May/2018:13:44:47 -0300] "GET /cormun/static/Resources/PXToolsButtonBackground2.png HTTP/1.1" 200 1181
66.249.85.27 - - [22/May/2018:13:44:47 -0300] "GET /cormun/static/Resources/PXToolsButtonLeft21.png HTTP/1.1" 200 1287
66.249.85.28 - - [22/May/2018:13:44:47 -0300] "GET /cormun/static/Resources/PXToolsLoginTop.png HTTP/1.1" 200 1337
66.249.85.28 - - [22/May/2018:13:44:47 -0300] "GET /cormun/static/Resources/PXToolsButtonRight21.png HTTP/1.1" 200 1283
66.249.85.28 - - [22/May/2018:13:44:47 -0300] "GET /cormun/static/Resources/indicator.gif HTTP/1.1" 200 1553
66.249.85.29 - - [22/May/2018:13:44:47 -0300] "GET /cormun/servlet/hlogin HTTP/1.1" 200 1739
66.249.85.29 - - [22/May/2018:13:44:48 -0300] "GET /favicon.ico HTTP/1.1" 200 21630
186.103.159.183 - - [22/May/2018:13:44:49 -0300] "GET /cormun/servlet/trsolicitudot? HTTP/1.1" 200 7415
186.103.159.183 - - [22/May/2018:13:44:50 -0300] "GET /cormun/static/gxui/gxui-all.css?120300 HTTP/1.1" 200 2179
186.103.159.183 - - [22/May/2018:13:44:50 -0300] "GET /cormun/static/Resources/Spanish/PXTools.css?1255365 HTTP/1.1" 200 89042
186.103.159.183 - - [22/May/2018:13:44:50 -0300] "GET /cormun/static/calendar-system.css?85620 HTTP/1.1" 200 5572
186.103.159.183 - - [22/May/2018:13:44:50 -0300] "GET /cormun/static/gxcfg.js?2017111422585916 HTTP/1.1" 200 953
186.103.159.183 - - [22/May/2018:13:44:50 -0300] "GET /cormun/static/trsolicitudot.js?201711142259839 HTTP/1.1" 200 54041
186.103.159.183 - - [22/May/2018:13:44:50 -0300] "GET /cormun/static/Shared/ext/resources/css/ext-all.css?215870 HTTP/1.1" 200 416045
186.103.159.183 - - [22/May/2018:13:44:50 -0300] "GET /cormun/static/Shared/ext/ext-all.js HTTP/1.1" 200 1289687
186.103.159.183 - - [22/May/2018:13:44:51 -0300] "GET /cormun/servlet/trsolicitudot? HTTP/1.1" 200 7414
66.249.85.29 - - [22/May/2018:13:44:54 -0300] "GET /cormun/servlet/hlogin HTTP/1.1" 200 1731
186.103.159.183 - - [22/May/2018:13:44:59 -0300] "GET /cormun/servlet/solicitudot?INS,0,0, HTTP/1.1" 200 13644
186.103.159.183 - - [22/May/2018:13:44:59 -0300] "GET /cormun/static/gxcfg.js?201812313224582 HTTP/1.1" 200 953
186.103.159.183 - - [22/May/2018:13:44:59 -0300] "GET /cormun/static/solicitudot.js?201812313224831 HTTP/1.1" 200 72336
186.103.159.183 - - [22/May/2018:13:44:59 -0300] "GET /cormun/static/Shared/ext/ext-all.js HTTP/1.1" 200 1289687
186.103.159.183 - - [22/May/2018:13:45:00 -0300] "GET /cormun/servlet/solicitudot?INS,0,0, HTTP/1.1" 200 13649
186.103.159.183 - - [22/May/2018:13:45:09 -0300] "POST /cormun/servlet/solicitudot?gx-no-cache=1527007449868 HTTP/1.1" 200 3291
186.103.159.183 - - [22/May/2018:13:45:10 -0300] "POST /cormun/servlet/solicitudot?7c3feeac371d549ecb83c11f57c33577,INS,0,0,,gx-no-cache=1527007450122 HTTP/1.1" 200 10452
186.103.159.204 - - [22/May/2018:13:45:22 -0300] "POST /cormun/servlet/trautorizarsolicitud?7aeb888d70e2ddcf70cbe687a7c97f5b,,gx-no-cache=1527007459534 HTTP/1.1" 200 4411
186.103.159.204 - - [22/May/2018:13:45:24 -0300] "POST /cormun/servlet/trautorizarsolicitud?7aeb888d70e2ddcf70cbe687a7c97f5b,,gx-no-cache=1527007461898 HTTP/1.1" 200 4411
186.103.156.24 - - [22/May/2018:13:45:24 -0300] "GET /cormun/servlet/permisogoce?INS,0,,, HTTP/1.1" 200 7095
186.103.156.24 - - [22/May/2018:13:45:25 -0300] "GET /cormun/servlet/permisogoce?INS,0,,, HTTP/1.1" 200 7095
186.103.159.188 - - [22/May/2018:13:45:29 -0300] "GET /cormun/servlet/hlogin HTTP/1.1" 200 1724
186.103.159.183 - - [22/May/2018:13:45:35 -0300] "POST /cormun/servlet/solicitudot?gx-no-cache=1527007475098 HTTP/1.1" 200 3397
186.103.159.204 - - [22/May/2018:13:45:35 -0300] "POST /cormun/servlet/trautorizarsolicitud?7aeb888d70e2ddcf70cbe687a7c97f5b,,gx-no-cache=1527007472620 HTTP/1.1" 200 4411
186.103.159.183 - - [22/May/2018:13:45:35 -0300] "POST /cormun/servlet/solicitudot?7c3feeac371d549ecb83c11f57c33577,INS,0,0,,gx-no-cache=1527007475356 HTTP/1.1" 200 10616
186.103.159.204 - - [22/May/2018:13:45:36 -0300] "POST /cormun/servlet/trautorizarsolicitud?7aeb888d70e2ddcf70cbe687a7c97f5b,,gx-no-cache=1527007474143 HTTP/1.1" 200 4411
186.103.159.188 - - [22/May/2018:13:45:39 -0300] "POST /cormun/servlet/hlogin?029983aae68a3a0d7364faaac2c3ff0f,gx-no-cache=1527007484168 HTTP/1.1" 200 90
186.103.159.188 - - [22/May/2018:13:45:39 -0300] "GET /cormun/servlet/hpexe_link HTTP/1.1" 200 950
186.103.159.188 - - [22/May/2018:13:45:39 -0300] "GET /cormun/servlet/hhome HTTP/1.1" 200 4141
186.103.159.183 - - [22/May/2018:13:45:39 -0300] "GET /cormun/servlet/solicitudot?6f7513057b875a2a254452ada38791788a3b34b84437097e075a74fceb6b29d037b1141b377c5875ea94eb4715e0dbfe,gx-no-cache=1527007479674 HTTP/1.1" 200 30
186.103.159.183 - - [22/May/2018:13:45:39 -0300] "GET /cormun/servlet/solicitudot?6f7513057b875a2a254452ada387917818b0e536c99d61d80182bf255bb8ca5739989e5e98f3c780f99842e9cb8369ba37b1141b377c5875ea94eb4715e0dbfe,gx-no-cache=1527007479754 HTTP/1.1" 200 30
186.103.159.183 - - [22/May/2018:13:45:39 -0300] "GET /cormun/servlet/solicitudot?6f7513057b875a2a254452ada3879178933fa4f27d5acf65f0fb3df0dc227f05,gx-no-cache=1527007479814 HTTP/1.1" 200 53
186.103.159.188 - - [22/May/2018:13:45:40 -0300] "GET /cormun/servlet/hhome HTTP/1.1" 200 4137
186.103.159.204 - - [22/May/2018:13:45:41 -0300] "POST /cormun/servlet/trautorizarsolicitud?7aeb888d70e2ddcf70cbe687a7c97f5b,,gx-no-cache=1527007478993 HTTP/1.1" 200 9712
186.103.159.188 - - [22/May/2018:13:45:45 -0300] "GET /cormun/servlet/trautorizarsolicitud? HTTP/1.1" 200 7253
186.103.159.188 - - [22/May/2018:13:45:45 -0300] "GET /cormun/servlet/trautorizarsolicitud? HTTP/1.1" 200 7253
186.103.156.24 - - [22/May/2018:13:45:47 -0300] "GET /cormun/servlet/permisogoce?dd4e9ac5de56ff72ed9323bc78af503ffc5ddf4b280e991b41efbe8a21d74883e04aa0a0316ec690c1c1ca0ca1cf8b0a32be52b82e1083d8ebda2d4afbdd175c,gx-no-cache=1527007486843 HTTP/1.1" 200 80
186.103.156.24 - - [22/May/2018:13:45:47 -0300] "GET /cormun/static/menuarrow.gif HTTP/1.1" 404 1015
186.103.159.183 - - [22/May/2018:13:45:51 -0300] "POST /cormun/servlet/solicitudot?gx-no-cache=1527007491894 HTTP/1.1" 200 297
186.103.159.183 - - [22/May/2018:13:45:52 -0300] "GET /cormun/servlet/solicitudot?6f7513057b875a2a254452ada3879178c3c53918058a233facb476c88889986796244143469b3ecc03fd2a1837dd6c017fa2fdb8ea478096957c9b423bbc1e96294c8342440821d76e84c7900881c9c3476b0866e260d4c26ff114dbb8fef2c362240b280107d3825486b64e316097fdae527baaae2115aef814c37d0025e47f01c41955afa1ba60d1115ae2b6f2533e5019badb0b582b8c140b3e678333f09863736247c0107b72603baa600b9055aceb0f75d672ea41ea716732ca5b7ae5c089f7ab971b8ff554bce6fde4201e77c5084dc2d85c3d8aaea905a651c0972c23abfa52dd1448d4e6a1ed3c1855e68bd32d82f58b166b7f2dbe4b1542ac24bc97f3ca62f038fdb5c4887b8e844893a04c6f4e01bafc8582dee54cc39aec9e001193a0da788c3428025a55b0e1c3404957ca041b7c66b87556cb3cd96892f45b7a7ed356c6551b521969da49dda13f48d64a21f527245b37968d21a2b7d6b0e9c77e04cb398da6ba9dde4cbbe2433f7ab9fb758f615a7fbef000243adc54e2166ee0069ae6531a4753032f6ead2db4067c,gx-no-cache=1527007491976 HTTP/1.1" 200 30
186.103.156.24 - - [22/May/2018:13:45:55 -0300] "GET /cormun/servlet/permisogoce?dd4e9ac5de56ff72ed9323bc78af503fad934a56775597295aca5edc0f93143412aeaf5bdcb69e5cf1698418c1480fcba94d74769740f2ffc379d0e88f6d922c,gx-no-cache=1527007494862 HTTP/1.1" 200 46
186.103.159.183 - - [22/May/2018:13:45:55 -0300] "POST /cormun/servlet/solicitudot?gx-no-cache=1527007495876 HTTP/1.1" 200 30
186.103.159.183 - - [22/May/2018:13:46:13 -0300] "POST /cormun/servlet/solicitudot?gx-no-cache=1527007513638 HTTP/1.1" 200 1369
186.103.159.183 - - [22/May/2018:13:46:13 -0300] "POST /cormun/servlet/solicitudot?gx-no-cache=1527007513834 HTTP/1.1" 200 38
186.103.159.183 - - [22/May/2018:13:46:19 -0300] "GET /cormun/servlet/solicitudot?6f7513057b875a2a254452ada3879178e79e9cd059c8da56d617245b883dc693dca2e1a2475eea1895ac81f4855092927ebcef8f744cec07bc92ae60d1735f9874dd24e2e0957bc727575896dfa8e550a85e4d3c36d40d812900e84d360daedacda5e816736005a2fa2dbf1463c6e142,gx-no-cache=1527007519252 HTTP/1.1" 200 29
186.103.159.183 - - [22/May/2018:13:46:19 -0300] "POST /cormun/servlet/solicitudot?gx-no-cache=1527007519342 HTTP/1.1" 200 1350
186.103.159.183 - - [22/May/2018:13:46:19 -0300] "POST /cormun/servlet/solicitudot?gx-no-cache=1527007519502 HTTP/1.1" 200 1249
186.103.159.183 - - [22/May/2018:13:46:19 -0300] "GET /cormun/static/menuarrow.gif HTTP/1.1" 404 1015
186.103.159.183 - - [22/May/2018:13:46:20 -0300] "POST /cormun/servlet/solicitudot?gx-no-cache=1527007520628 HTTP/1.1" 200 1350
186.103.159.183 - - [22/May/2018:13:46:20 -0300] "POST /cormun/servlet/solicitudot?gx-no-cache=1527007521088 HTTP/1.1" 200 1249
186.103.159.183 - - [22/May/2018:13:46:24 -0300] "GET /cormun/servlet/solicitudot?6f7513057b875a2a254452ada3879178c21f68df8254fe8fb5c081f5a31b8ead53f222e5752242a4a1f4b21dd81bb868,gx-no-cache=1527007524576 HTTP/1.1" 200 30
186.103.156.24 - - [22/May/2018:13:46:24 -0300] "POST /cormun/servlet/permisogoce?9d0f52e92f2f59536b745dd45f57c12b,INS,0,,,,gx-no-cache=1527007523156 HTTP/1.1" 200 93
186.103.156.24 - - [22/May/2018:13:46:25 -0300] "GET /cormun/servlet/hpexe_return? HTTP/1.1" 200 1012
186.103.156.24 - - [22/May/2018:13:46:26 -0300] "GET /cormun/servlet/trpermisosgoce HTTP/1.1" 200 12340
186.103.156.24 - - [22/May/2018:13:46:27 -0300] "GET /cormun/servlet/trpermisosgoce HTTP/1.1" 200 12371
201.215.248.160 - - [22/May/2018:13:46:30 -0300] "POST /cormun/servlet/trpermisosgoce?fc2b35307deff4e21ddc1affad9dac35,,gx-no-cache=1527007629007 HTTP/1.1" 200 4132
186.103.159.183 - - [22/May/2018:13:46:31 -0300] "POST /cormun/servlet/solicitudot?gx-no-cache=1527007532064 HTTP/1.1" 200 30
186.103.156.24 - - [22/May/2018:13:46:32 -0300] "GET /cormun/servlet/apermisogoceprn?16251369,P,20180522124212,PU HTTP/1.1" 200 1676
201.215.248.160 - - [22/May/2018:13:46:38 -0300] "GET /cormun/servlet/permisogoce?INS,0,,, HTTP/1.1" 200 6824
201.215.248.160 - - [22/May/2018:13:46:39 -0300] "GET /cormun/servlet/permisogoce?INS,0,,, HTTP/1.1" 200 6823
201.215.248.160 - - [22/May/2018:13:46:43 -0300] "GET /cormun/servlet/trpermisosgoce? HTTP/1.1" 200 7771
201.215.248.160 - - [22/May/2018:13:46:44 -0300] "GET /cormun/servlet/trpermisosgoce? HTTP/1.1" 200 7769
186.103.159.183 - - [22/May/2018:13:46:51 -0300] "POST /cormun/servlet/solicitudot?7c3feeac371d549ecb83c11f57c33577,INS,0,0,,gx-no-cache=1527007550846 HTTP/1.1" 200 93
186.103.159.183 - - [22/May/2018:13:46:51 -0300] "GET /cormun/servlet/hpexe_return? HTTP/1.1" 200 1008
186.103.159.183 - - [22/May/2018:13:46:51 -0300] "GET /cormun/servlet/trsolicitudot HTTP/1.1" 200 8778
186.103.159.183 - - [22/May/2018:13:46:52 -0300] "GET /cormun/static/Shared/ext/ext-all.js HTTP/1.1" 200 1289687
186.103.159.183 - - [22/May/2018:13:46:52 -0300] "GET /cormun//static/Resources/PXToolsActionView.png HTTP/1.1" 200 2995
186.103.159.183 - - [22/May/2018:13:46:52 -0300] "GET /cormun//static/Resources/PXToolsRemoveAllAction.png HTTP/1.1" 200 3558
186.103.159.183 - - [22/May/2018:13:46:53 -0300] "GET /cormun/servlet/trsolicitudot HTTP/1.1" 200 8774
201.215.248.160 - - [22/May/2018:13:46:59 -0300] "GET /cormun/servlet/trpermisosadjuntos?10411509,20180420083551,P, HTTP/1.1" 200 6845
201.215.248.160 - - [22/May/2018:13:47:00 -0300] "GET /cormun/servlet/trpermisosadjuntos?10411509,20180420083551,P, HTTP/1.1" 200 6844
186.103.159.183 - - [22/May/2018:13:47:03 -0300] "POST /cormun/servlet/trsolicitudot?7c3feeac371d549ecb83c11f57c33577,gx-no-cache=1527007563424 HTTP/1.1" 200 4682
186.103.159.183 - - [22/May/2018:13:47:03 -0300] "GET /cormun/static/Shared/jqueryui/images/ui-bg_highlight-soft_100_c6c2c8_1x100.png HTTP/1.1" 404 1117
186.103.159.183 - - [22/May/2018:13:47:03 -0300] "GET /cormun/static/Shared/jqueryui/images/ui-icons_82798d_256x240.png HTTP/1.1" 404 1089
201.215.248.160 - - [22/May/2018:13:47:03 -0300] "GET /cormun/servlet/trpermisosgoce? HTTP/1.1" 200 7770
186.103.159.183 - - [22/May/2018:13:47:03 -0300] "GET /cormun/static/Shared/jqueryui/images/ui-icons_8d78a5_256x240.png HTTP/1.1" 404 1089
186.103.159.183 - - [22/May/2018:13:47:03 -0300] "GET /cormun/static/Shared/jqueryui/images/ui-bg_flat_55_fafafa_40x100.png HTTP/1.1" 404 1097
186.103.159.183 - - [22/May/2018:13:47:03 -0300] "POST /cormun/servlet/trsolicitudot?7c3feeac371d549ecb83c11f57c33577,gx-no-cache=1527007563796 HTTP/1.1" 200 4454
201.215.248.160 - - [22/May/2018:13:47:04 -0300] "GET /cormun/servlet/trpermisosgoce? HTTP/1.1" 200 7769
186.103.159.183 - - [22/May/2018:13:47:06 -0300] "GET /cormun/servlet/trautorizarsolicitud? HTTP/1.1" 200 8669
186.103.159.183 - - [22/May/2018:13:47:07 -0300] "GET /cormun/static/gxcfg.js?2017111423403364 HTTP/1.1" 200 953
186.103.159.183 - - [22/May/2018:13:47:07 -0300] "GET /cormun/static/trautorizarsolicitud.js?201711142340425 HTTP/1.1" 200 53910
186.103.159.183 - - [22/May/2018:13:47:07 -0300] "GET /cormun/static/Shared/ext/ext-all.js HTTP/1.1" 200 1289687
186.103.159.183 - - [22/May/2018:13:47:08 -0300] "GET /cormun/servlet/trautorizarsolicitud? HTTP/1.1" 200 8669
201.215.248.160 - - [22/May/2018:13:47:11 -0300] "GET /cormun/servlet/trpermisosgoce? HTTP/1.1" 200 7769
201.215.248.160 - - [22/May/2018:13:47:12 -0300] "GET /cormun/servlet/trpermisosgoce? HTTP/1.1" 200 7769
186.103.156.24 - - [22/May/2018:13:47:12 -0300] "GET /cormun/servlet/permisogoce?INS,0,,, HTTP/1.1" 200 7094
186.103.156.24 - - [22/May/2018:13:47:13 -0300] "GET /cormun/servlet/permisogoce?INS,0,,, HTTP/1.1" 200 7095
186.103.159.183 - - [22/May/2018:13:47:14 -0300] "POST /cormun/servlet/trautorizarsolicitud?7c3feeac371d549ecb83c11f57c33577,,gx-no-cache=1527007574886 HTTP/1.1" 200 4611
186.103.159.183 - - [22/May/2018:13:47:14 -0300] "GET /cormun/static/Shared/jqueryui/images/ui-bg_highlight-soft_100_c6c2c8_1x100.png HTTP/1.1" 404 1117
186.103.159.183 - - [22/May/2018:13:47:14 -0300] "GET /cormun/static/Shared/jqueryui/images/ui-icons_82798d_256x240.png HTTP/1.1" 404 1089
186.103.159.183 - - [22/May/2018:13:47:14 -0300] "GET /cormun/static/Shared/jqueryui/images/ui-bg_flat_55_fafafa_40x100.png HTTP/1.1" 404 1097
186.103.159.183 - - [22/May/2018:13:47:14 -0300] "GET /cormun/static/Shared/jqueryui/images/ui-icons_8d78a5_256x240.png HTTP/1.1" 404 1089
186.103.159.183 - - [22/May/2018:13:47:15 -0300] "POST /cormun/servlet/trautorizarsolicitud?7c3feeac371d549ecb83c11f57c33577,,gx-no-cache=1527007575248 HTTP/1.1" 200 4386
201.215.248.160 - - [22/May/2018:13:47:24 -0300] "GET /cormun/servlet/trpermisosadjuntos?10411509,20180420083551,P, HTTP/1.1" 200 6845
201.215.248.160 - - [22/May/2018:13:47:25 -0300] "GET /cormun/servlet/trpermisosadjuntos?10411509,20180420083551,P, HTTP/1.1" 200 6844
186.103.156.24 - - [22/May/2018:13:47:29 -0300] "GET /cormun/servlet/permisogoce?dd4e9ac5de56ff72ed9323bc78af503ffc5ddf4b280e991b41efbe8a21d74883e04aa0a0316ec690c1c1ca0ca1cf8b0a32be52b82e1083d8ebda2d4afbdd175c,gx-no-cache=1527007588531 HTTP/1.1" 200 82
186.103.156.24 - - [22/May/2018:13:47:29 -0300] "GET /cormun/static/menuarrow.gif HTTP/1.1" 404 1015
201.215.248.160 - - [22/May/2018:13:47:34 -0300] "GET /cormun/servlet/permisosadjuntos?INS,10411509,P,20180420083551,, HTTP/1.1" 200 5639
201.215.248.160 - - [22/May/2018:13:47:35 -0300] "GET /cormun/static/about:blank HTTP/1.1" 404 1011
201.215.248.160 - - [22/May/2018:13:47:35 -0300] "GET /cormun/servlet/permisosadjuntos?INS,10411509,P,20180420083551,, HTTP/1.1" 200 5630
186.103.156.24 - - [22/May/2018:13:47:35 -0300] "GET /cormun/servlet/permisogoce?dd4e9ac5de56ff72ed9323bc78af503fad934a56775597295aca5edc0f931434e20870bc5891bf2b56f9362a0635c15ca94d74769740f2ffc379d0e88f6d922c,gx-no-cache=1527007594679 HTTP/1.1" 200 47
201.215.248.160 - - [22/May/2018:13:47:43 -0300] "POST /cormun/servlet/permisosadjuntos?fc2b35307deff4e21ddc1affad9dac35,INS,10411509,P,20180420083551,, HTTP/1.1" 200 116
201.215.248.160 - - [22/May/2018:13:47:43 -0300] "GET /cormun/servlet/hpexe_return? HTTP/1.1" 200 1037
201.215.248.160 - - [22/May/2018:13:47:43 -0300] "GET /cormun/servlet/trpermisosadjuntos?10411509,20180420083551,P, HTTP/1.1" 200 6960
201.215.248.160 - - [22/May/2018:13:47:44 -0300] "GET /cormun/servlet/trpermisosadjuntos?10411509,20180420083551,P, HTTP/1.1" 200 6952
201.215.248.160 - - [22/May/2018:13:47:52 -0300] "GET /cormun/servlet/trpermisosgoce? HTTP/1.1" 200 7770
201.215.248.160 - - [22/May/2018:13:47:52 -0300] "GET /cormun/servlet/trpermisosgoce? HTTP/1.1" 200 7769
186.103.156.24 - - [22/May/2018:13:48:00 -0300] "POST /cormun/servlet/permisogoce?9d0f52e92f2f59536b745dd45f57c12b,INS,0,,,,gx-no-cache=1527007619153 HTTP/1.1" 200 93
186.103.156.24 - - [22/May/2018:13:48:00 -0300] "GET /cormun/servlet/hpexe_return? HTTP/1.1" 200 1012
186.103.156.24 - - [22/May/2018:13:48:01 -0300] "GET /cormun/servlet/trpermisosgoce HTTP/1.1" 200 12598
201.215.248.160 - - [22/May/2018:13:48:01 -0300] "POST /cormun/servlet/trpermisosgoce?fc2b35307deff4e21ddc1affad9dac35,,gx-no-cache=1527007718887 HTTP/1.1" 200 4986
201.215.248.160 - - [22/May/2018:13:48:01 -0300] "GET /cormun/static/Shared/jqueryui/images/ui-bg_highlight-soft_100_c6c2c8_1x100.png HTTP/1.1" 404 1117
201.215.248.160 - - [22/May/2018:13:48:01 -0300] "GET /cormun/static/Shared/jqueryui/images/ui-icons_82798d_256x240.png HTTP/1.1" 404 1089
201.215.248.160 - - [22/May/2018:13:48:01 -0300] "GET /cormun/static/Shared/jqueryui/images/ui-bg_flat_55_fafafa_40x100.png HTTP/1.1" 404 1097
201.215.248.160 - - [22/May/2018:13:48:01 -0300] "GET /cormun/static/Shared/jqueryui/images/ui-icons_8d78a5_256x240.png HTTP/1.1" 404 1089
186.103.156.24 - - [22/May/2018:13:48:02 -0300] "GET /cormun/servlet/trpermisosgoce HTTP/1.1" 200 12585
186.103.156.24 - - [22/May/2018:13:48:09 -0300] "GET /cormun/servlet/apermisogoceprn?16251369,P,20180522124400,PU HTTP/1.1" 200 1676
201.215.248.160 - - [22/May/2018:13:49:58 -0300] "GET /cormun/servlet/trpermisosadjuntos?10411509,20180420083551,P, HTTP/1.1" 200 6956
201.215.248.160 - - [22/May/2018:13:49:59 -0300] "GET /cormun/servlet/trpermisosadjuntos?10411509,20180420083551,P, HTTP/1.1" 200 6955
201.215.248.160 - - [22/May/2018:13:50:05 -0300] "GET /cormun/servlet/trpermisosgoce? HTTP/1.1" 200 7770
201.215.248.160 - - [22/May/2018:13:50:06 -0300] "GET /cormun/servlet/trpermisosgoce? HTTP/1.1" 200 7769
201.215.248.160 - - [22/May/2018:13:50:10 -0300] "POST /cormun/servlet/trpermisosgoce?fc2b35307deff4e21ddc1affad9dac35,,gx-no-cache=1527007848411 HTTP/1.1" 200 4985
201.215.248.160 - - [22/May/2018:13:50:10 -0300] "GET /cormun/static/Shared/jqueryui/images/ui-bg_highlight-soft_100_c6c2c8_1x100.png HTTP/1.1" 404 1117
201.215.248.160 - - [22/May/2018:13:50:10 -0300] "GET /cormun/static/Shared/jqueryui/images/ui-icons_82798d_256x240.png HTTP/1.1" 404 1089
201.215.248.160 - - [22/May/2018:13:50:10 -0300] "GET /cormun/static/Shared/jqueryui/images/ui-bg_flat_55_fafafa_40x100.png HTTP/1.1" 404 1097
201.215.248.160 - - [22/May/2018:13:50:10 -0300] "GET /cormun/static/Shared/jqueryui/images/ui-icons_8d78a5_256x240.png HTTP/1.1" 404 1089
201.215.248.160 - - [22/May/2018:13:50:15 -0300] "GET /cormun/servlet/trpermisosgoce? HTTP/1.1" 200 7769
201.215.248.160 - - [22/May/2018:13:50:16 -0300] "GET /cormun/servlet/trpermisosgoce? HTTP/1.1" 200 7769
201.215.248.160 - - [22/May/2018:13:50:21 -0300] "GET /cormun/servlet/trpermisosgoce? HTTP/1.1" 200 7769
201.215.248.160 - - [22/May/2018:13:50:22 -0300] "GET /cormun/servlet/trpermisosgoce? HTTP/1.1" 200 7769
201.215.248.160 - - [22/May/2018:13:50:28 -0300] "GET /cormun/servlet/trpermisosgoce? HTTP/1.1" 200 7769
201.215.248.160 - - [22/May/2018:13:50:28 -0300] "GET /cormun/servlet/trpermisosgoce? HTTP/1.1" 200 7769
201.215.248.160 - - [22/May/2018:13:50:39 -0300] "POST /cormun/servlet/trpermisosgoce?fc2b35307deff4e21ddc1affad9dac35,,gx-no-cache=1527007878172 HTTP/1.1" 200 104
201.215.248.160 - - [22/May/2018:13:50:40 -0300] "POST /cormun/servlet/trpermisosgoce?fc2b35307deff4e21ddc1affad9dac35,,gx-no-cache=1527007878330 HTTP/1.1" 200 4941
201.215.248.160 - - [22/May/2018:13:50:40 -0300] "GET /cormun/PermisosGoce-1120.xls HTTP/1.1" 200 4608
201.215.248.160 - - [22/May/2018:13:51:30 -0300] "GET /cormun/servlet/trpermisosadjuntos?10411509,20180420083551,P, HTTP/1.1" 200 6958
201.215.248.160 - - [22/May/2018:13:51:31 -0300] "GET /cormun/servlet/trpermisosadjuntos?10411509,20180420083551,P, HTTP/1.1" 200 6955
201.215.248.160 - - [22/May/2018:13:51:36 -0300] "GET /cormun/servlet/permisosadjuntos?DLT,10411509,P,20180420083551,20180423155721, HTTP/1.1" 200 5713
201.215.248.160 - - [22/May/2018:13:51:36 -0300] "GET /cormun/PublicTempStorage/permiso_administrativo_claudia_honorato_n%B0_202001030.pdf HTTP/1.1" 200 402991
201.215.248.160 - - [22/May/2018:13:51:36 -0300] "GET /cormun/static/Shared/jqueryui/images/ui-bg_highlight-soft_100_c6c2c8_1x100.png HTTP/1.1" 404 1117
201.215.248.160 - - [22/May/2018:13:51:36 -0300] "GET /cormun/static/Shared/jqueryui/images/ui-icons_82798d_256x240.png HTTP/1.1" 404 1089
201.215.248.160 - - [22/May/2018:13:51:36 -0300] "GET /cormun/static/Shared/jqueryui/images/ui-icons_8d78a5_256x240.png HTTP/1.1" 404 1089
201.215.248.160 - - [22/May/2018:13:51:36 -0300] "GET /cormun/static/Shared/jqueryui/images/ui-bg_flat_55_fafafa_40x100.png HTTP/1.1" 404 1097
201.215.248.160 - - [22/May/2018:13:51:37 -0300] "GET /cormun/servlet/permisosadjuntos?DLT,10411509,P,20180420083551,20180423155721, HTTP/1.1" 200 5703
201.215.248.160 - - [22/May/2018:13:51:42 -0300] "POST /cormun/servlet/permisosadjuntos?fc2b35307deff4e21ddc1affad9dac35,DLT,10411509,P,20180420083551,20180423155721,,gx-no-cache=1527007940856 HTTP/1.1" 200 93
201.215.248.160 - - [22/May/2018:13:51:42 -0300] "GET /cormun/servlet/hpexe_return? HTTP/1.1" 200 1045
201.215.248.160 - - [22/May/2018:13:51:42 -0300] "GET /cormun/servlet/trpermisosadjuntos?10411509,20180420083551,P, HTTP/1.1" 200 6850
201.215.248.160 - - [22/May/2018:13:51:43 -0300] "GET /cormun/servlet/trpermisosadjuntos?10411509,20180420083551,P, HTTP/1.1" 200 6847
201.215.248.160 - - [22/May/2018:13:51:51 -0300] "GET /cormun/servlet/permisosadjuntos?DLT,10411509,P,20180420083551,20180522124422, HTTP/1.1" 200 5720
201.215.248.160 - - [22/May/2018:13:51:52 -0300] "GET /cormun/static/Shared/jqueryui/images/ui-bg_highlight-soft_100_c6c2c8_1x100.png HTTP/1.1" 404 1117
201.215.248.160 - - [22/May/2018:13:51:52 -0300] "GET /cormun/static/Shared/jqueryui/images/ui-bg_flat_55_fafafa_40x100.png HTTP/1.1" 404 1097
201.215.248.160 - - [22/May/2018:13:51:52 -0300] "GET /cormun/static/Shared/jqueryui/images/ui-icons_82798d_256x240.png HTTP/1.1" 404 1089
201.215.248.160 - - [22/May/2018:13:51:52 -0300] "GET /cormun/static/Shared/jqueryui/images/ui-icons_8d78a5_256x240.png HTTP/1.1" 404 1089
201.215.248.160 - - [22/May/2018:13:51:52 -0300] "GET /cormun/servlet/permisosadjuntos?DLT,10411509,P,20180420083551,20180522124422, HTTP/1.1" 200 5710
201.215.248.160 - - [22/May/2018:13:51:52 -0300] "GET /cormun/PublicTempStorage/permiso_administrativo_claudia_honorato_n%B0_207563612.pdf HTTP/1.1" 200 402991
201.215.248.160 - - [22/May/2018:13:51:54 -0300] "POST /cormun/servlet/permisosadjuntos?fc2b35307deff4e21ddc1affad9dac35,DLT,10411509,P,20180420083551,20180522124422,,gx-no-cache=1527007953083 HTTP/1.1" 200 93
201.215.248.160 - - [22/May/2018:13:51:54 -0300] "GET /cormun/servlet/hpexe_return? HTTP/1.1" 200 1047
201.215.248.160 - - [22/May/2018:13:51:55 -0300] "GET /cormun/servlet/trpermisosadjuntos?10411509,20180420083551,P, HTTP/1.1" 200 6307
201.215.248.160 - - [22/May/2018:13:51:55 -0300] "GET /cormun/servlet/trpermisosadjuntos?10411509,20180420083551,P, HTTP/1.1" 200 6303
201.215.248.160 - - [22/May/2018:13:52:03 -0300] "GET /cormun/servlet/permisosadjuntos?INS,10411509,P,20180420083551,, HTTP/1.1" 200 5639
201.215.248.160 - - [22/May/2018:13:52:03 -0300] "GET /cormun/static/about:blank HTTP/1.1" 404 1011
201.215.248.160 - - [22/May/2018:13:52:03 -0300] "GET /cormun/servlet/permisosadjuntos?INS,10411509,P,20180420083551,, HTTP/1.1" 200 5630
201.215.248.160 - - [22/May/2018:13:52:12 -0300] "POST /cormun/servlet/permisosadjuntos?fc2b35307deff4e21ddc1affad9dac35,INS,10411509,P,20180420083551,, HTTP/1.1" 200 116
201.215.248.160 - - [22/May/2018:13:52:12 -0300] "GET /cormun/servlet/hpexe_return? HTTP/1.1" 200 1037
201.215.248.160 - - [22/May/2018:13:52:12 -0300] "GET /cormun/servlet/trpermisosadjuntos?10411509,20180420083551,P, HTTP/1.1" 200 6853
201.215.248.160 - - [22/May/2018:13:52:13 -0300] "GET /cormun/servlet/trpermisosadjuntos?10411509,20180420083551,P, HTTP/1.1" 200 6849
186.103.156.24 - - [22/May/2018:13:53:32 -0300] "GET /cormun/servlet/permisogoce?INS,0,,, HTTP/1.1" 200 7094
186.103.156.24 - - [22/May/2018:13:53:33 -0300] "GET /cormun/servlet/permisogoce?INS,0,,, HTTP/1.1" 200 7095
186.103.156.24 - - [22/May/2018:13:53:49 -0300] "GET /cormun/servlet/permisogoce?dd4e9ac5de56ff72ed9323bc78af503fb7b80e5fdc5cbb6a7ab30289b86939e6e04aa0a0316ec690c1c1ca0ca1cf8b0a32be52b82e1083d8ebda2d4afbdd175c,gx-no-cache=1527007967979 HTTP/1.1" 200 77
186.103.156.24 - - [22/May/2018:13:53:49 -0300] "GET /cormun/static/menuarrow.gif HTTP/1.1" 404 1015
186.103.156.24 - - [22/May/2018:13:53:59 -0300] "GET /cormun/servlet/permisogoce?dd4e9ac5de56ff72ed9323bc78af503ff1695e7413babd77973017631c4a4756c677653014ca5036a0d12cb6374c2d6ba94d74769740f2ffc379d0e88f6d922c,gx-no-cache=1527007979167 HTTP/1.1" 200 47
186.103.156.24 - - [22/May/2018:13:54:06 -0300] "POST /cormun/servlet/permisogoce?9d0f52e92f2f59536b745dd45f57c12b,INS,0,,,,gx-no-cache=1527007985001 HTTP/1.1" 200 93
186.103.156.24 - - [22/May/2018:13:54:06 -0300] "GET /cormun/servlet/hpexe_return? HTTP/1.1" 200 1012
186.103.156.24 - - [22/May/2018:13:54:06 -0300] "GET /cormun/servlet/trpermisosgoce HTTP/1.1" 200 12858
186.103.156.24 - - [22/May/2018:13:54:07 -0300] "GET /cormun/servlet/trpermisosgoce HTTP/1.1" 200 12836
186.103.156.24 - - [22/May/2018:13:54:17 -0300] "GET /cormun/servlet/apermisogoceprn?16255094,P,20180522125020,PU HTTP/1.1" 200 1636
186.103.159.188 - - [22/May/2018:13:54:27 -0300] "GET /cormun/servlet/trautorizarsolicitud? HTTP/1.1" 200 7256
186.103.159.188 - - [22/May/2018:13:54:28 -0300] "GET /cormun/servlet/trautorizarsolicitud? HTTP/1.1" 200 7256
186.103.159.188 - - [22/May/2018:13:54:42 -0300] "GET /cormun/servlet/hlogin HTTP/1.1" 200 1725
186.103.159.188 - - [22/May/2018:13:54:53 -0300] "POST /cormun/servlet/hlogin?2fcee4efd1306ce2ddfeeed9455fe3e4,gx-no-cache=1527008032846 HTTP/1.1" 200 90
186.103.159.188 - - [22/May/2018:13:54:53 -0300] "GET /cormun/servlet/hpexe_link HTTP/1.1" 200 964
186.103.159.188 - - [22/May/2018:13:54:53 -0300] "GET /cormun/servlet/trautorizarsolicitud HTTP/1.1" 200 7257
186.103.159.188 - - [22/May/2018:13:54:54 -0300] "GET /cormun/servlet/trautorizarsolicitud HTTP/1.1" 200 7256
186.103.159.188 - - [22/May/2018:13:54:57 -0300] "GET /cormun/servlet/trautorizarsolicitud? HTTP/1.1" 200 7256
186.103.159.188 - - [22/May/2018:13:54:58 -0300] "GET /cormun/servlet/trautorizarsolicitud? HTTP/1.1" 200 7256
186.103.159.183 - - [22/May/2018:13:55:03 -0300] "GET /cormun/servlet/hlogin HTTP/1.1" 200 1743
201.215.248.160 - - [22/May/2018:13:55:19 -0300] "GET /cormun/servlet/permisosadjuntos?INS,10411509,P,20180420083551,, HTTP/1.1" 200 5639
201.215.248.160 - - [22/May/2018:13:55:20 -0300] "GET /cormun/static/about:blank HTTP/1.1" 404 1011
201.215.248.160 - - [22/May/2018:13:55:20 -0300] "GET /cormun/servlet/permisosadjuntos?INS,10411509,P,20180420083551,, HTTP/1.1" 200 5630
201.215.248.160 - - [22/May/2018:13:55:28 -0300] "POST /cormun/servlet/permisosadjuntos?fc2b35307deff4e21ddc1affad9dac35,INS,10411509,P,20180420083551,, HTTP/1.1" 200 116
201.215.248.160 - - [22/May/2018:13:55:28 -0300] "GET /cormun/servlet/hpexe_return? HTTP/1.1" 200 1037
201.215.248.160 - - [22/May/2018:13:55:28 -0300] "GET /cormun/servlet/trpermisosadjuntos?10411509,20180420083551,P, HTTP/1.1" 200 6953
201.215.248.160 - - [22/May/2018:13:55:29 -0300] "GET /cormun/servlet/trpermisosadjuntos?10411509,20180420083551,P, HTTP/1.1" 200 6949
186.103.156.24 - - [22/May/2018:13:55:34 -0300] "GET /cormun/servlet/permisogoce?INS,0,,, HTTP/1.1" 200 7095
186.103.156.24 - - [22/May/2018:13:55:35 -0300] "GET /cormun/servlet/permisogoce?INS,0,,, HTTP/1.1" 200 7095
201.215.248.160 - - [22/May/2018:13:55:45 -0300] "GET /cormun/servlet/trpermisosgoce? HTTP/1.1" 200 7770
201.215.248.160 - - [22/May/2018:13:55:45 -0300] "GET /cormun/servlet/trpermisosgoce? HTTP/1.1" 200 7769
201.215.248.160 - - [22/May/2018:13:55:49 -0300] "GET /cormun/servlet/trpermisosadjuntos?10411509,20180420083551,P, HTTP/1.1" 200 6950
201.215.248.160 - - [22/May/2018:13:55:50 -0300] "GET /cormun/servlet/trpermisosadjuntos?10411509,20180420083551,P, HTTP/1.1" 200 6949
186.103.156.24 - - [22/May/2018:13:55:52 -0300] "GET /cormun/servlet/permisogoce?dd4e9ac5de56ff72ed9323bc78af503fc05d83344ae922582261312704b9fb92b02c7bf2403877a24e26b0372d4f3902,gx-no-cache=1527008091922 HTTP/1.1" 200 82
186.103.156.24 - - [22/May/2018:13:55:54 -0300] "GET /cormun/static/menuarrow.gif HTTP/1.1" 404 1015
201.215.248.160 - - [22/May/2018:13:55:56 -0300] "GET /cormun/servlet/trpermisosgoce? HTTP/1.1" 200 7770
201.215.248.160 - - [22/May/2018:13:55:56 -0300] "GET /cormun/servlet/trpermisosgoce? HTTP/1.1" 200 7769
201.215.248.160 - - [22/May/2018:13:56:01 -0300] "POST /cormun/servlet/trpermisosgoce?fc2b35307deff4e21ddc1affad9dac35,,gx-no-cache=1527008199414 HTTP/1.1" 200 4986
201.215.248.160 - - [22/May/2018:13:56:01 -0300] "GET /cormun/static/Shared/jqueryui/images/ui-bg_highlight-soft_100_c6c2c8_1x100.png HTTP/1.1" 404 1117
201.215.248.160 - - [22/May/2018:13:56:01 -0300] "GET /cormun/static/Shared/jqueryui/images/ui-icons_82798d_256x240.png HTTP/1.1" 404 1089
201.215.248.160 - - [22/May/2018:13:56:01 -0300] "GET /cormun/static/Shared/jqueryui/images/ui-bg_flat_55_fafafa_40x100.png HTTP/1.1" 404 1097
201.215.248.160 - - [22/May/2018:13:56:01 -0300] "GET /cormun/static/Shared/jqueryui/images/ui-icons_8d78a5_256x240.png HTTP/1.1" 404 1089
186.103.156.24 - - [22/May/2018:13:56:09 -0300] "GET /cormun/servlet/permisogoce?dd4e9ac5de56ff72ed9323bc78af503f73b5fe3b45b9273b2c07338b290f0ebcf744162c85cc9c85d052815c588963225f8321b7ab8a60d48b961629ffc8f718,gx-no-cache=1527008108887 HTTP/1.1" 200 46
201.215.248.160 - - [22/May/2018:13:56:24 -0300] "GET /cormun/servlet/trpermisosgoce? HTTP/1.1" 200 7769
201.215.248.160 - - [22/May/2018:13:56:25 -0300] "GET /cormun/servlet/trpermisosgoce? HTTP/1.1" 200 7769
201.215.248.160 - - [22/May/2018:13:56:31 -0300] "POST /cormun/servlet/trpermisosgoce?fc2b35307deff4e21ddc1affad9dac35,,gx-no-cache=1527008229592 HTTP/1.1" 200 4941
186.103.159.183 - - [22/May/2018:13:56:34 -0300] "POST /cormun/servlet/hlogin?35abd61d5da2ded0628de0d1d7edcc18,gx-no-cache=1527008133932 HTTP/1.1" 200 90
186.103.159.183 - - [22/May/2018:13:56:34 -0300] "GET /cormun/servlet/hpexe_link HTTP/1.1" 200 966
201.215.248.160 - - [22/May/2018:13:56:35 -0300] "GET /cormun/servlet/trpermisosgoce? HTTP/1.1" 200 7769
186.103.159.183 - - [22/May/2018:13:56:35 -0300] "GET /cormun/servlet/trautorizarsolicitud? HTTP/1.1" 200 7315
186.103.159.183 - - [22/May/2018:13:56:35 -0300] "GET /cormun/servlet/trautorizarsolicitud? HTTP/1.1" 200 7314
201.215.248.160 - - [22/May/2018:13:56:35 -0300] "GET /cormun/servlet/trpermisosgoce? HTTP/1.1" 200 7769
186.103.156.24 - - [22/May/2018:13:56:47 -0300] "POST /cormun/servlet/permisogoce?9d0f52e92f2f59536b745dd45f57c12b,INS,0,,,,gx-no-cache=1527008145178 HTTP/1.1" 200 93
186.103.156.24 - - [22/May/2018:13:56:47 -0300] "GET /cormun/servlet/hpexe_return? HTTP/1.1" 200 1012
186.103.156.24 - - [22/May/2018:13:56:47 -0300] "GET /cormun/servlet/trpermisosgoce HTTP/1.1" 200 13107
186.103.159.183 - - [22/May/2018:13:56:47 -0300] "GET /cormun/servlet/trsolicitudot? HTTP/1.1" 200 7411
201.215.248.160 - - [22/May/2018:13:56:48 -0300] "GET /cormun/servlet/trpermisosadjuntos?10411509,20180420083551,P, HTTP/1.1" 200 6948
186.103.159.183 - - [22/May/2018:13:56:48 -0300] "GET /cormun/servlet/trsolicitudot? HTTP/1.1" 200 7411
186.103.156.24 - - [22/May/2018:13:56:48 -0300] "GET /cormun/servlet/trpermisosgoce HTTP/1.1" 200 13062
201.215.248.160 - - [22/May/2018:13:56:48 -0300] "GET /cormun/servlet/trpermisosadjuntos?10411509,20180420083551,P, HTTP/1.1" 200 6947
186.103.159.183 - - [22/May/2018:13:56:49 -0300] "GET /cormun/servlet/solicitudot?INS,0,0, HTTP/1.1" 200 13642
186.103.159.183 - - [22/May/2018:13:56:50 -0300] "GET /cormun/servlet/solicitudot?INS,0,0, HTTP/1.1" 200 13647
201.215.248.160 - - [22/May/2018:13:56:50 -0300] "GET /cormun/servlet/permisosadjuntos?DLT,10411509,P,20180420083551,20180522124851, HTTP/1.1" 200 5716
201.215.248.160 - - [22/May/2018:13:56:51 -0300] "GET /cormun/PublicTempStorage/permiso_administrativo_claudia_honorato_n%B0_207580116.pdf HTTP/1.1" 200 406713
201.215.248.160 - - [22/May/2018:13:56:51 -0300] "GET /cormun/static/Shared/jqueryui/images/ui-icons_8d78a5_256x240.png HTTP/1.1" 404 1089
201.215.248.160 - - [22/May/2018:13:56:51 -0300] "GET /cormun/static/Shared/jqueryui/images/ui-bg_highlight-soft_100_c6c2c8_1x100.png HTTP/1.1" 404 1117
201.215.248.160 - - [22/May/2018:13:56:51 -0300] "GET /cormun/static/Shared/jqueryui/images/ui-icons_82798d_256x240.png HTTP/1.1" 404 1089
201.215.248.160 - - [22/May/2018:13:56:51 -0300] "GET /cormun/static/Shared/jqueryui/images/ui-bg_flat_55_fafafa_40x100.png HTTP/1.1" 404 1097
201.215.248.160 - - [22/May/2018:13:56:51 -0300] "GET /cormun/servlet/permisosadjuntos?DLT,10411509,P,20180420083551,20180522124851, HTTP/1.1" 200 5706
201.215.248.160 - - [22/May/2018:13:56:55 -0300] "POST /cormun/servlet/permisosadjuntos?fc2b35307deff4e21ddc1affad9dac35,DLT,10411509,P,20180420083551,20180522124851,,gx-no-cache=1527008253245 HTTP/1.1" 200 93
201.215.248.160 - - [22/May/2018:13:56:55 -0300] "GET /cormun/servlet/hpexe_return? HTTP/1.1" 200 1045
201.215.248.160 - - [22/May/2018:13:56:55 -0300] "GET /cormun/servlet/trpermisosadjuntos?10411509,20180420083551,P, HTTP/1.1" 200 6852
201.215.248.160 - - [22/May/2018:13:56:56 -0300] "GET /cormun/servlet/trpermisosadjuntos?10411509,20180420083551,P, HTTP/1.1" 200 6846
201.215.248.160 - - [22/May/2018:13:56:58 -0300] "GET /cormun/servlet/permisosadjuntos?DLT,10411509,P,20180420083551,20180522125208, HTTP/1.1" 200 5719
201.215.248.160 - - [22/May/2018:13:56:58 -0300] "GET /cormun/static/Shared/jqueryui/images/ui-bg_highlight-soft_100_c6c2c8_1x100.png HTTP/1.1" 404 1117
201.215.248.160 - - [22/May/2018:13:56:58 -0300] "GET /cormun/static/Shared/jqueryui/images/ui-icons_8d78a5_256x240.png HTTP/1.1" 404 1089
201.215.248.160 - - [22/May/2018:13:56:58 -0300] "GET /cormun/static/Shared/jqueryui/images/ui-icons_82798d_256x240.png HTTP/1.1" 404 1089
201.215.248.160 - - [22/May/2018:13:56:58 -0300] "GET /cormun/static/Shared/jqueryui/images/ui-bg_flat_55_fafafa_40x100.png HTTP/1.1" 404 1097
201.215.248.160 - - [22/May/2018:13:56:58 -0300] "GET /cormun/servlet/permisosadjuntos?DLT,10411509,P,20180420083551,20180522125208, HTTP/1.1" 200 5707
201.215.248.160 - - [22/May/2018:13:56:59 -0300] "GET /cormun/PublicTempStorage/permiso_administrativo_claudia_honorato_n%B0_20861611.pdf HTTP/1.1" 200 406713
201.215.248.160 - - [22/May/2018:13:56:59 -0300] "POST /cormun/servlet/permisosadjuntos?fc2b35307deff4e21ddc1affad9dac35,DLT,10411509,P,20180420083551,20180522125208,,gx-no-cache=1527008258086 HTTP/1.1" 200 93
201.215.248.160 - - [22/May/2018:13:56:59 -0300] "GET /cormun/servlet/hpexe_return? HTTP/1.1" 200 1046
201.215.248.160 - - [22/May/2018:13:57:00 -0300] "GET /cormun/servlet/trpermisosadjuntos?10411509,20180420083551,P, HTTP/1.1" 200 6307
201.215.248.160 - - [22/May/2018:13:57:00 -0300] "GET /cormun/servlet/trpermisosadjuntos?10411509,20180420083551,P, HTTP/1.1" 200 6303
186.103.159.183 - - [22/May/2018:13:57:03 -0300] "POST /cormun/servlet/solicitudot?gx-no-cache=1527008161947 HTTP/1.1" 200 3292
186.103.159.183 - - [22/May/2018:13:57:03 -0300] "POST /cormun/servlet/solicitudot?35abd61d5da2ded0628de0d1d7edcc18,INS,0,0,,gx-no-cache=1527008162214 HTTP/1.1" 200 10451
201.215.248.160 - - [22/May/2018:13:57:09 -0300] "GET /cormun/servlet/trpermisosgoce? HTTP/1.1" 200 7770
201.215.248.160 - - [22/May/2018:13:57:09 -0300] "GET /cormun/servlet/trpermisosgoce? HTTP/1.1" 200 7769
186.103.156.24 - - [22/May/2018:13:57:12 -0300] "GET /cormun/servlet/apermisogoceprn?8276560,P,20180522125222,PU HTTP/1.1" 200 1665
186.103.159.183 - - [22/May/2018:13:57:16 -0300] "POST /cormun/servlet/solicitudot?gx-no-cache=1527008175086 HTTP/1.1" 200 3284
186.103.159.183 - - [22/May/2018:13:57:16 -0300] "POST /cormun/servlet/solicitudot?35abd61d5da2ded0628de0d1d7edcc18,INS,0,0,,gx-no-cache=1527008175241 HTTP/1.1" 200 10496
201.215.248.160 - - [22/May/2018:13:57:25 -0300] "GET /cormun/servlet/trpermisosadjuntos?10411509,20180420083551,P, HTTP/1.1" 200 6303
201.215.248.160 - - [22/May/2018:13:57:26 -0300] "GET /cormun/servlet/trpermisosadjuntos?10411509,20180420083551,P, HTTP/1.1" 200 6303
201.215.248.160 - - [22/May/2018:13:57:29 -0300] "GET /cormun/servlet/permisosadjuntos?INS,10411509,P,20180420083551,, HTTP/1.1" 200 5639
201.215.248.160 - - [22/May/2018:13:57:29 -0300] "GET /cormun/static/about:blank HTTP/1.1" 404 1011
201.215.248.160 - - [22/May/2018:13:57:29 -0300] "GET /cormun/servlet/permisosadjuntos?INS,10411509,P,20180420083551,, HTTP/1.1" 200 5630
201.215.248.160 - - [22/May/2018:13:57:47 -0300] "POST /cormun/servlet/permisosadjuntos?fc2b35307deff4e21ddc1affad9dac35,INS,10411509,P,20180420083551,, HTTP/1.1" 200 116
201.215.248.160 - - [22/May/2018:13:57:48 -0300] "GET /cormun/servlet/hpexe_return? HTTP/1.1" 200 1037
201.215.248.160 - - [22/May/2018:13:57:48 -0300] "GET /cormun/servlet/trpermisosadjuntos?10411509,20180420083551,P, HTTP/1.1" 200 6852
201.215.248.160 - - [22/May/2018:13:57:49 -0300] "GET /cormun/servlet/trpermisosadjuntos?10411509,20180420083551,P, HTTP/1.1" 200 6847
201.215.248.160 - - [22/May/2018:13:58:00 -0300] "GET /cormun/servlet/trpermisosgoce? HTTP/1.1" 200 7770
201.215.248.160 - - [22/May/2018:13:58:01 -0300] "GET /cormun/servlet/trpermisosgoce? HTTP/1.1" 200 7769
201.215.248.160 - - [22/May/2018:13:58:07 -0300] "GET /cormun/servlet/trpermisosadjuntos?10411509,20180420083551,P, HTTP/1.1" 200 6847
201.215.248.160 - - [22/May/2018:13:58:08 -0300] "GET /cormun/servlet/trpermisosadjuntos?10411509,20180420083551,P, HTTP/1.1" 200 6847
201.215.248.160 - - [22/May/2018:13:58:20 -0300] "GET /cormun/servlet/trpermisosgoce? HTTP/1.1" 200 7770
201.215.248.160 - - [22/May/2018:13:58:21 -0300] "GET /cormun/servlet/trpermisosgoce? HTTP/1.1" 200 7769
201.215.248.160 - - [22/May/2018:13:58:27 -0300] "GET /cormun/servlet/permisogoce?INS,0,,, HTTP/1.1" 200 6824
201.215.248.160 - - [22/May/2018:13:58:28 -0300] "GET /cormun/servlet/permisogoce?INS,0,,, HTTP/1.1" 200 6823
186.103.159.183 - - [22/May/2018:13:58:51 -0300] "GET /cormun/servlet/hlogin HTTP/1.1" 200 1746
177.45.201.91 - - [22/May/2018:13:59:03 -0300] "GET / HTTP/1.1" 200 11217
186.103.159.183 - - [22/May/2018:13:59:11 -0300] "POST /cormun/servlet/hlogin?bc1d409006ce165c2d7925d85eae9c50,gx-no-cache=1527008290398 HTTP/1.1" 200 90
186.103.159.183 - - [22/May/2018:13:59:11 -0300] "GET /cormun/servlet/hpexe_link HTTP/1.1" 200 963
186.103.159.183 - - [22/May/2018:13:59:11 -0300] "GET /cormun/servlet/solicitudot?INS,0,0, HTTP/1.1" 200 13641
186.103.159.183 - - [22/May/2018:13:59:12 -0300] "GET /cormun/static/Shared/ext/ext-all.js HTTP/1.1" 200 1289687
186.103.159.183 - - [22/May/2018:13:59:12 -0300] "GET /cormun/servlet/solicitudot?INS,0,0, HTTP/1.1" 200 13645
186.103.159.183 - - [22/May/2018:13:59:53 -0300] "POST /cormun/servlet/solicitudot?gx-no-cache=1527008332073 HTTP/1.1" 200 3291
186.103.159.183 - - [22/May/2018:13:59:53 -0300] "POST /cormun/servlet/solicitudot?bc1d409006ce165c2d7925d85eae9c50,INS,0,0,,gx-no-cache=1527008332469 HTTP/1.1" 200 10447
186.103.159.183 - - [22/May/2018:14:00:13 -0300] "POST /cormun/servlet/solicitudot?gx-no-cache=1527008352820 HTTP/1.1" 200 3291
186.103.159.183 - - [22/May/2018:14:00:14 -0300] "POST /cormun/servlet/solicitudot?bc1d409006ce165c2d7925d85eae9c50,INS,0,0,,gx-no-cache=1527008353079 HTTP/1.1" 200 10501
186.103.159.183 - - [22/May/2018:14:00:16 -0300] "POST /cormun/servlet/solicitudot?bc1d409006ce165c2d7925d85eae9c50,INS,0,0,,gx-no-cache=1527008355343 HTTP/1.1" 200 93
186.103.159.183 - - [22/May/2018:14:00:16 -0300] "GET /cormun/servlet/hpexe_return? HTTP/1.1" 200 1006
186.103.159.183 - - [22/May/2018:14:00:16 -0300] "GET /cormun/servlet/trsolicitudot HTTP/1.1" 200 7412
186.103.159.183 - - [22/May/2018:14:00:17 -0300] "GET /cormun/static/Shared/ext/ext-all.js HTTP/1.1" 200 1289687
186.103.159.183 - - [22/May/2018:14:00:17 -0300] "GET /cormun/servlet/trsolicitudot HTTP/1.1" 200 7409
201.215.248.160 - - [22/May/2018:14:01:10 -0300] "GET /cormun/servlet/permisogoce?cadbb047bb757ac50209fc0987fdf9895bd98b207b780c6023a8b31db6a89c31730b6e3b973b0e4769586dc10a5a4dbf879cf6edaee4800d8cfe3d0338c6cd57,gx-no-cache=1527008508818 HTTP/1.1" 200 72
201.215.248.160 - - [22/May/2018:14:01:30 -0300] "GET /cormun/servlet/permisogoce?cadbb047bb757ac50209fc0987fdf98978b85987b891f3808fbfb71231fb2f4c38e70bdb2bda2391ce2234524059febedb09b38b5f5e9b723c9d7120fe4984f2,gx-no-cache=1527008528391 HTTP/1.1" 200 47
201.215.248.160 - - [22/May/2018:14:01:37 -0300] "POST /cormun/servlet/permisogoce?fc2b35307deff4e21ddc1affad9dac35,INS,0,,,,gx-no-cache=1527008535125 HTTP/1.1" 200 93
201.215.248.160 - - [22/May/2018:14:01:37 -0300] "GET /cormun/servlet/hpexe_return? HTTP/1.1" 200 1010
201.215.248.160 - - [22/May/2018:14:01:37 -0300] "GET /cormun/servlet/trpermisosgoce HTTP/1.1" 200 7773
201.215.248.160 - - [22/May/2018:14:01:38 -0300] "GET /cormun/servlet/trpermisosgoce HTTP/1.1" 200 7769
201.215.248.160 - - [22/May/2018:14:02:56 -0300] "POST /cormun/servlet/trpermisosgoce?fc2b35307deff4e21ddc1affad9dac35,gx-no-cache=1527008614078 HTTP/1.1" 200 12795
186.103.159.187 - - [22/May/2018:14:03:04 -0300] "GET /cormun/servlet/trcontratounov2? HTTP/1.1" 200 17453
186.103.159.187 - - [22/May/2018:14:03:07 -0300] "GET /cormun/servlet/trcontratounov2? HTTP/1.1" 200 17463
201.215.248.160 - - [22/May/2018:14:03:18 -0300] "GET /cormun/servlet/permisogoce?INS,0,,, HTTP/1.1" 200 6822
201.215.248.160 - - [22/May/2018:14:03:19 -0300] "GET /cormun/servlet/permisogoce?INS,0,,, HTTP/1.1" 200 6823
201.215.248.160 - - [22/May/2018:14:04:01 -0300] "GET /cormun/servlet/permisogoce?cadbb047bb757ac50209fc0987fdf989d6516f6823f6012ac4c684ec548c65609c05fd33e242c54e8e8053da39634f93,gx-no-cache=1527008679500 HTTP/1.1" 200 76
201.215.248.160 - - [22/May/2018:14:04:19 -0300] "GET /cormun/servlet/permisogoce?cadbb047bb757ac50209fc0987fdf9895f1ad2594f38db3bdb14fe164d7cb993d005b7954e450f03b1b7a9e8a1651a9b83c05ab1022fd39a07c2e6cae5730152,gx-no-cache=1527008697604 HTTP/1.1" 200 47
201.215.248.160 - - [22/May/2018:14:04:30 -0300] "POST /cormun/servlet/permisogoce?fc2b35307deff4e21ddc1affad9dac35,INS,0,,,,gx-no-cache=1527008708108 HTTP/1.1" 200 93
201.215.248.160 - - [22/May/2018:14:04:30 -0300] "GET /cormun/servlet/hpexe_return? HTTP/1.1" 200 1031
201.215.248.160 - - [22/May/2018:14:04:30 -0300] "GET /cormun/servlet/trpermisosgoce?gx-no-cache=1527008614078 HTTP/1.1" 200 15797
201.215.248.160 - - [22/May/2018:14:04:31 -0300] "GET /cormun/servlet/trpermisosgoce?gx-no-cache=1527008614078 HTTP/1.1" 200 15802
186.103.159.183 - - [22/May/2018:14:04:50 -0300] "GET /cormun/servlet/hlogin HTTP/1.1" 200 1721
186.103.159.183 - - [22/May/2018:14:04:51 -0300] "GET /cormun/static/gxtimezone.js?85251 HTTP/1.1" 200 5781
186.103.159.183 - - [22/May/2018:14:04:51 -0300] "GET /cormun/static/gxcfg.js?20175251213516 HTTP/1.1" 200 953
186.103.159.183 - - [22/May/2018:14:04:51 -0300] "GET /cormun/static/hlogin.js?20175251213537 HTTP/1.1" 200 2136
186.103.159.183 - - [22/May/2018:14:04:51 -0300] "GET /cormun/static/messages.spa.js?85251 HTTP/1.1" 200 30736
186.103.159.183 - - [22/May/2018:14:04:51 -0300] "GET /cormun/static/Resources/Spanish/PXTools.css?11423723 HTTP/1.1" 200 89042
186.103.159.183 - - [22/May/2018:14:04:51 -0300] "GET /cormun/static/gxgral.js?85251 HTTP/1.1" 200 384558
186.103.159.183 - - [22/May/2018:14:04:51 -0300] "GET /cormun/static/Resources/ComunLogin.png HTTP/1.1" 200 17326
186.103.159.183 - - [22/May/2018:14:04:51 -0300] "GET /cormun/static/Resources/PXToolsLoginTop.png HTTP/1.1" 200 1337
186.103.159.183 - - [22/May/2018:14:04:51 -0300] "GET /cormun/static/Resources/PXToolsLoginBackground.png HTTP/1.1" 200 1164
186.103.159.183 - - [22/May/2018:14:04:51 -0300] "GET /cormun/static/Resources/PXToolsButtonRight21.png HTTP/1.1" 200 1283
186.103.159.183 - - [22/May/2018:14:04:51 -0300] "GET /cormun/static/Resources/PXToolsButtonBackground2.png HTTP/1.1" 200 1181
186.103.159.183 - - [22/May/2018:14:04:51 -0300] "GET /cormun/static/Resources/PXToolsButtonLeft21.png HTTP/1.1" 200 1287
186.103.159.183 - - [22/May/2018:14:04:51 -0300] "GET /cormun/static/Resources/PXToolsLoginBottom.png HTTP/1.1" 200 1389
186.103.159.183 - - [22/May/2018:14:04:51 -0300] "GET /cormun/servlet/hlogin HTTP/1.1" 200 1732
186.103.159.183 - - [22/May/2018:14:04:51 -0300] "GET /cormun/static/Resources/indicator.gif HTTP/1.1" 200 1553
186.103.159.183 - - [22/May/2018:14:04:51 -0300] "GET /cormun/static/Resources/PXToolsButtonLeft21.png HTTP/1.1" 200 1287
186.103.159.183 - - [22/May/2018:14:04:51 -0300] "GET /cormun/static/Resources/PXToolsButtonBackground2.png HTTP/1.1" 200 1181
186.103.159.183 - - [22/May/2018:14:04:51 -0300] "GET /cormun/static/Resources/PXToolsButtonRight21.png HTTP/1.1" 200 1283
186.103.159.183 - - [22/May/2018:14:04:51 -0300] "GET /cormun/static/Resources/PXToolsLoginBottom.png HTTP/1.1" 200 1389
186.103.159.183 - - [22/May/2018:14:04:51 -0300] "GET /favicon.ico HTTP/1.1" 200 21630
186.103.159.183 - - [22/May/2018:14:04:52 -0300] "GET /favicon.ico HTTP/1.1" 200 21630
186.103.159.183 - - [22/May/2018:14:05:01 -0300] "POST /cormun/servlet/hlogin?bff3d1f6ccaed8cb3aee0995d8940469,gx-no-cache=1527008641644 HTTP/1.1" 200 90
186.103.159.183 - - [22/May/2018:14:05:01 -0300] "GET /cormun/servlet/hpexe_link HTTP/1.1" 200 951
186.103.159.183 - - [22/May/2018:14:05:01 -0300] "GET /cormun/static/hpexe_link.js?20177612121795 HTTP/1.1" 200 625
186.103.159.183 - - [22/May/2018:14:05:01 -0300] "GET /cormun/static/Resources/Spanish/PXTools.css?1155365 HTTP/1.1" 200 89042
186.103.159.183 - - [22/May/2018:14:05:02 -0300] "GET /cormun/static/gxcfg.js?20177612121792 HTTP/1.1" 200 953
186.103.159.183 - - [22/May/2018:14:05:02 -0300] "GET /cormun/servlet/hhome HTTP/1.1" 200 4197
186.103.159.183 - - [22/May/2018:14:05:02 -0300] "GET /cormun/static/Shared/jqueryui/jquery-ui.min.css?1245370 HTTP/1.1" 200 30288
186.103.159.183 - - [22/May/2018:14:05:02 -0300] "GET /cormun/static/SmoothNavMenu/resources/ddsmoothmenu.css?1012540 HTTP/1.1" 200 2223
186.103.159.183 - - [22/May/2018:14:05:02 -0300] "GET /cormun/static/SmoothNavMenu/resources/ddsmoothmenu-v.css?1012540 HTTP/1.1" 200 1188
186.103.159.183 - - [22/May/2018:14:05:02 -0300] "GET /cormun/static/gxcfg.js?20175251212442 HTTP/1.1" 200 953
186.103.159.183 - - [22/May/2018:14:05:02 -0300] "GET /cormun/static/scaMessage/css/jquery.pnotify.default.css?1716380 HTTP/1.1" 200 1707
186.103.159.183 - - [22/May/2018:14:05:02 -0300] "GET /cormun/static/PXToolsJavascripts/pexe_autoreload.js HTTP/1.1" 200 1762
186.103.159.183 - - [22/May/2018:14:05:02 -0300] "GET /cormun/static/PXToolsJavascripts/pexe_cookies.js HTTP/1.1" 200 792
186.103.159.183 - - [22/May/2018:14:05:02 -0300] "GET /cormun/static/PXToolsJavascripts/pexe_grid.js HTTP/1.1" 200 7559
186.103.159.183 - - [22/May/2018:14:05:02 -0300] "GET /cormun/static/PXToolsJavascripts/pexe_griddivfix.js HTTP/1.1" 200 6644
186.103.159.183 - - [22/May/2018:14:05:02 -0300] "GET /cormun/static/PXToolsJavascripts/pexe_windows.js HTTP/1.1" 200 15207
186.103.159.183 - - [22/May/2018:14:05:02 -0300] "GET /cormun/static/PXToolsJavascripts/pexe_link.js HTTP/1.1" 200 5671
186.103.159.183 - - [22/May/2018:14:05:02 -0300] "GET /cormun/static/PXToolsJavascripts/pexe_menudivfix.js HTTP/1.1" 200 333
186.103.159.183 - - [22/May/2018:14:05:02 -0300] "GET /cormun/static/PXToolsJavascripts/pexe_menus.js HTTP/1.1" 200 1286
186.103.159.183 - - [22/May/2018:14:05:02 -0300] "GET /cormun/static/PXToolsJavascripts/pexe_layers.js HTTP/1.1" 200 4114
186.103.159.183 - - [22/May/2018:14:05:02 -0300] "GET /cormun/static/PXToolsJavascripts/pexe_oav.js HTTP/1.1" 200 645
186.103.159.183 - - [22/May/2018:14:05:02 -0300] "GET /cormun/static/PXToolsJavascripts/pexe_oavdivfix.js HTTP/1.1" 200 639
186.103.159.183 - - [22/May/2018:14:05:02 -0300] "GET /cormun/static/PXToolsJavascripts/pexe_picture.js HTTP/1.1" 200 689
186.103.159.183 - - [22/May/2018:14:05:02 -0300] "GET /cormun/static/PXToolsJavascripts/pexe_popup.js HTTP/1.1" 200 13458
186.103.159.183 - - [22/May/2018:14:05:02 -0300] "GET /cormun/static/PXToolsJavascripts/pexe_scrolldiv.js HTTP/1.1" 200 4138
186.103.159.183 - - [22/May/2018:14:05:02 -0300] "GET /cormun/static/PXToolsJavascripts/pexe_tabdivfix.js HTTP/1.1" 200 876
186.103.159.183 - - [22/May/2018:14:05:02 -0300] "GET /cormun/static/PXToolsJavascripts/pexe_tabs.js HTTP/1.1" 200 3748
186.103.159.183 - - [22/May/2018:14:05:02 -0300] "GET /cormun/static/PXToolsJavascripts/pexe_upload.js HTTP/1.1" 200 1423
186.103.159.183 - - [22/May/2018:14:05:02 -0300] "GET /cormun/static/PXToolsJavascripts/PXToolsJavascriptsRender.js HTTP/1.1" 200 367
186.103.159.183 - - [22/May/2018:14:05:02 -0300] "GET /cormun/static/RunJS/RunJS.js HTTP/1.1" 200 288
186.103.159.183 - - [22/May/2018:14:05:02 -0300] "GET /cormun/static/hhome.js?20175251212450 HTTP/1.1" 200 777
