186.67.172.234 - - [22/May/2018:16:04:34 -0300] "GET /cormun/static/PXToolsJavascripts/pexe_oav.js HTTP/1.1" 200 645
186.67.172.234 - - [22/May/2018:16:04:34 -0300] "GET /cormun/static/hpexe_recentlink.js?20177611595044 HTTP/1.1" 200 2144
186.67.172.234 - - [22/May/2018:16:04:34 -0300] "GET /cormun/static/hwchdr01.js?201752511465785 HTTP/1.1" 200 1183
186.67.172.234 - - [22/May/2018:16:04:34 -0300] "GET /cormun/static/hhome.js?20175251212450 HTTP/1.1" 200 777
186.67.172.234 - - [22/May/2018:16:04:34 -0300] "GET /cormun/static/Shared/ext/locale/ext-lang-en.js HTTP/1.1" 200 10940
186.67.172.234 - - [22/May/2018:16:04:34 -0300] "GET /cormun/static/Resources/PXToolsHeaderBackground2.png HTTP/1.1" 200 1174
186.67.172.234 - - [22/May/2018:16:04:34 -0300] "GET /cormun/static/Resources/PXToolsFooterBackground2.png HTTP/1.1" 200 1172
186.67.172.234 - - [22/May/2018:16:04:34 -0300] "GET /cormun/static/Resources/PXToolsDataTitle.png HTTP/1.1" 200 1173
186.67.172.234 - - [22/May/2018:16:04:34 -0300] "GET /cormun/static/Resources/PXToolsHeaderActionsBackground.png HTTP/1.1" 200 484
186.67.172.234 - - [22/May/2018:16:04:34 -0300] "GET /cormun/static/Resources/PXToolsHeaderActionsLeft.png HTTP/1.1" 200 1118
186.67.172.234 - - [22/May/2018:16:04:34 -0300] "GET /cormun/static/Resources/PXToolsHeaderActionsRight.png HTTP/1.1" 200 1201
186.67.172.234 - - [22/May/2018:16:04:34 -0300] "GET /cormun/static/Resources/PXToolsHeaderSecurity.png HTTP/1.1" 200 4166
186.67.172.234 - - [22/May/2018:16:04:34 -0300] "GET /cormun/static/Resources/logo4.png HTTP/1.1" 200 6582
186.67.172.234 - - [22/May/2018:16:04:34 -0300] "GET /cormun/static/Resources/PXToolsHeaderHome.png HTTP/1.1" 200 4147
186.67.172.234 - - [22/May/2018:16:04:34 -0300] "GET /cormun/static/Resources/PXToolsHeaderLogin.png HTTP/1.1" 200 4279
186.67.172.234 - - [22/May/2018:16:04:34 -0300] "GET /cormun/static/Resources/PXToolsHeaderPreferences.png HTTP/1.1" 200 4189
186.67.172.234 - - [22/May/2018:16:04:34 -0300] "GET /cormun/static/hpexe_scripts.js?201752511465715 HTTP/1.1" 200 1544
186.67.172.234 - - [22/May/2018:16:04:34 -0300] "GET /cormun/static/hpexe_messagecontroller.js?20177611595012 HTTP/1.1" 200 870
186.67.172.234 - - [22/May/2018:16:04:34 -0300] "GET /cormun/static/hpexe_messagepopupcomponent.js?20161017169425 HTTP/1.1" 200 605
186.67.172.234 - - [22/May/2018:16:04:34 -0300] "GET /cormun/static/hpexe_messagegenexuscomponent.js?201752511465344 HTTP/1.1" 200 587
186.67.172.234 - - [22/May/2018:16:04:34 -0300] "GET /cormun/static/cmcontrolpreferences.js?201752511465670 HTTP/1.1" 200 1375
186.67.172.234 - - [22/May/2018:16:04:34 -0300] "GET /cormun/static/Shared/jquery/jquery-1.4.2.min.js HTTP/1.1" 200 72174
186.67.172.234 - - [22/May/2018:16:04:34 -0300] "GET /cormun/static/gxui/gxui-all.js HTTP/1.1" 200 107772
186.67.172.234 - - [22/May/2018:16:04:34 -0300] "GET /cormun/static/SmoothNavMenu/resources/ddsmoothmenu.js HTTP/1.1" 200 12712
186.67.172.234 - - [22/May/2018:16:04:34 -0300] "GET /cormun/static/SmoothNavMenu/resources/SmoothNavMenuRender.js HTTP/1.1" 200 5951
186.67.172.234 - - [22/May/2018:16:04:34 -0300] "GET /cormun/static/scaMessage/js/jquery.pnotify.min.js HTTP/1.1" 200 13038
186.67.172.234 - - [22/May/2018:16:04:34 -0300] "GET /cormun/static/scaMessage/scaMessageRender.js HTTP/1.1" 200 11977
186.67.172.234 - - [22/May/2018:16:04:34 -0300] "GET /cormun/static/hmpwkw03.js?20177612122668 HTTP/1.1" 200 3965
186.67.172.234 - - [22/May/2018:16:04:34 -0300] "GET /cormun/static/Shared/jqueryui/jquery-ui.min.js HTTP/1.1" 200 240427
186.67.172.234 - - [22/May/2018:16:04:34 -0300] "GET /cormun/static/Shared/ext/ext-all.js HTTP/1.1" 200 1289687
186.67.172.234 - - [22/May/2018:16:04:35 -0300] "GET /cormun/static/Shared/jquery/jquery-1.10.2.min.js HTTP/1.1" 200 273199
186.67.172.234 - - [22/May/2018:16:04:35 -0300] "GET /cormun/servlet/hlogin HTTP/1.1" 200 1735
186.67.172.234 - - [22/May/2018:16:04:35 -0300] "GET /cormun/servlet/hhome HTTP/1.1" 200 3419
186.67.172.234 - - [22/May/2018:16:04:35 -0300] "GET /cormun/static/gxcfg.js?20175251213516 HTTP/1.1" 200 953
186.67.172.234 - - [22/May/2018:16:04:35 -0300] "GET /cormun/static/Resources/ComunLogin.png HTTP/1.1" 200 17326
186.67.172.234 - - [22/May/2018:16:04:35 -0300] "GET /cormun/static/hlogin.js?20175251213537 HTTP/1.1" 200 2136
186.67.172.234 - - [22/May/2018:16:04:35 -0300] "GET /cormun/static/Resources/PXToolsLoginBottom.png HTTP/1.1" 200 1389
186.67.172.234 - - [22/May/2018:16:04:35 -0300] "GET /cormun/static/Resources/PXToolsLoginBackground.png HTTP/1.1" 200 1164
186.67.172.234 - - [22/May/2018:16:04:35 -0300] "GET /cormun/static/Resources/PXToolsButtonLeft21.png HTTP/1.1" 200 1287
186.67.172.234 - - [22/May/2018:16:04:35 -0300] "GET /cormun/static/Resources/PXToolsButtonBackground2.png HTTP/1.1" 200 1181
186.67.172.234 - - [22/May/2018:16:04:35 -0300] "GET /cormun/static/Resources/PXToolsButtonRight21.png HTTP/1.1" 200 1283
186.67.172.234 - - [22/May/2018:16:04:35 -0300] "GET /cormun/static/Resources/PXToolsLoginTop.png HTTP/1.1" 200 1337
186.67.172.234 - - [22/May/2018:16:04:35 -0300] "GET /favicon.ico HTTP/1.1" 200 21630
186.67.172.234 - - [22/May/2018:16:04:43 -0300] "POST /cormun/servlet/hlogin?4050df37a138b4c55a9b65719139ede6,gx-no-cache=1527015725506 HTTP/1.1" 200 90
186.67.172.234 - - [22/May/2018:16:04:43 -0300] "GET /cormun/servlet/hpexe_link HTTP/1.1" 200 954
186.67.172.234 - - [22/May/2018:16:04:43 -0300] "GET /cormun/static/gxcfg.js?20177612121792 HTTP/1.1" 200 953
186.67.172.234 - - [22/May/2018:16:04:43 -0300] "GET /cormun/static/hpexe_link.js?20177612121795 HTTP/1.1" 200 625
186.67.172.234 - - [22/May/2018:16:04:43 -0300] "GET /cormun/servlet/hhome HTTP/1.1" 200 4243
186.67.172.234 - - [22/May/2018:16:04:44 -0300] "GET /cormun/static/SmoothNavMenu/resources/images/down.gif HTTP/1.1" 200 854
186.67.172.234 - - [22/May/2018:16:04:44 -0300] "GET /cormun/static/SmoothNavMenu/resources/images/right.gif HTTP/1.1" 200 860
186.67.172.234 - - [22/May/2018:16:04:44 -0300] "GET /cormun/servlet/hhome HTTP/1.1" 200 4240
186.67.172.234 - - [22/May/2018:16:04:49 -0300] "GET /cormun/servlet/trlicencias? HTTP/1.1" 200 16630
186.67.172.234 - - [22/May/2018:16:04:49 -0300] "GET /cormun/static/gxcfg.js?20176272054169 HTTP/1.1" 200 953
186.67.172.234 - - [22/May/2018:16:04:49 -0300] "GET /cormun/static/calendar-setup.js?85251 HTTP/1.1" 200 2588
186.67.172.234 - - [22/May/2018:16:04:49 -0300] "GET /cormun/static/calendar-es.js?85251 HTTP/1.1" 200 1901
186.67.172.234 - - [22/May/2018:16:04:49 -0300] "GET /cormun/static/Resources/Spanish/PXTools.css?17315867 HTTP/1.1" 200 89042
186.67.172.234 - - [22/May/2018:16:04:49 -0300] "GET /cormun/static/gxdec.js?85251 HTTP/1.1" 200 19579
186.67.172.234 - - [22/May/2018:16:04:49 -0300] "GET /cormun/static/calendar.js?85251 HTTP/1.1" 200 26246
186.67.172.234 - - [22/May/2018:16:04:49 -0300] "GET /cormun/static/trlicencias.js?20176272054837 HTTP/1.1" 200 41883
186.67.172.234 - - [22/May/2018:16:04:49 -0300] "GET /cormun/static/Resources/PXTools/calendar.png HTTP/1.1" 200 1306
186.67.172.234 - - [22/May/2018:16:04:49 -0300] "GET /cormun/static/Resources/PXToolsDataSearch.png HTTP/1.1" 200 419
186.67.172.234 - - [22/May/2018:16:04:50 -0300] "GET /cormun/static/Resources/PXToolsGridFirstDisabled.gif HTTP/1.1" 200 100
186.67.172.234 - - [22/May/2018:16:04:50 -0300] "GET /cormun/static/Resources/PXToolsGridPreviousDisabled.gif HTTP/1.1" 200 90
186.67.172.234 - - [22/May/2018:16:04:50 -0300] "GET /cormun/static/Resources/PXToolsGridNextDisabled.gif HTTP/1.1" 200 90
186.67.172.234 - - [22/May/2018:16:04:50 -0300] "GET /cormun/static/Resources/PXToolsGridPage.gif HTTP/1.1" 200 725
186.67.172.234 - - [22/May/2018:16:04:50 -0300] "GET /cormun/static/Resources/PXToolsGridLastDisabled.gif HTTP/1.1" 200 98
186.67.172.234 - - [22/May/2018:16:04:50 -0300] "GET /cormun/static/Resources/PXToolsActionExcel.png HTTP/1.1" 200 3187
186.67.172.234 - - [22/May/2018:16:04:50 -0300] "GET /cormun/static/Resources/PXToolsGridNew.png HTTP/1.1" 200 2949
186.67.172.234 - - [22/May/2018:16:04:50 -0300] "GET /cormun//static/Resources/PXTools/ActionInsert.png HTTP/1.1" 200 1482
186.67.172.234 - - [22/May/2018:16:04:50 -0300] "GET /cormun//static/Resources/PXToolsActionPrint.png HTTP/1.1" 200 3317
186.67.172.234 - - [22/May/2018:16:04:50 -0300] "GET /cormun//static/Resources/PXToolsHeaderHelp.png HTTP/1.1" 200 4055
186.67.172.234 - - [22/May/2018:16:04:50 -0300] "GET /cormun//static/Resources/PXToolsActionDisabled.gif HTTP/1.1" 200 53
186.67.172.234 - - [22/May/2018:16:04:50 -0300] "GET /cormun//static/Resources/PXToolsGridDisplay.png HTTP/1.1" 200 362
186.67.172.234 - - [22/May/2018:16:04:50 -0300] "GET /cormun//static/Resources/PXToolsHeaderFavorites.png HTTP/1.1" 200 2744
186.67.172.234 - - [22/May/2018:16:04:50 -0300] "GET /cormun/static/Shared/ext/resources/themes/images/default/panel/bg-headersPanel.png HTTP/1.1" 200 255
186.67.172.234 - - [22/May/2018:16:04:50 -0300] "GET /cormun/static/Shared/ext/resources/themes/images/default/tools/tool-sprites.gif HTTP/1.1" 200 5434
186.67.172.234 - - [22/May/2018:16:04:50 -0300] "GET /cormun/servlet/trlicencias? HTTP/1.1" 200 16503
186.79.65.38 - - [22/May/2018:16:05:13 -0300] "GET /cormun/servlet/permisogoce?5fc7725f1edf8eadf8c8db97a5583f9125b167bdb205601dcf9ad0953a3aac8e02295b5be89197927d34914ce9f4f44c,gx-no-cache=1527015853261 HTTP/1.1" 200 226
186.79.65.38 - - [22/May/2018:16:05:13 -0300] "GET /cormun/static/Shared/jqueryui/images/ui-bg_highlight-soft_100_c6c2c8_1x100.png HTTP/1.1" 404 1117
190.46.88.10 - - [22/May/2018:16:05:13 -0300] "GET /cormun/static/Shared/jqueryui/images/ui-icons_82798d_256x240.png HTTP/1.1" 404 1089
190.46.88.10 - - [22/May/2018:16:05:13 -0300] "GET /cormun/static/Shared/jqueryui/images/ui-bg_flat_55_994d53_40x100.png HTTP/1.1" 404 1097
186.79.65.38 - - [22/May/2018:16:05:13 -0300] "GET /cormun/static/Shared/jqueryui/images/ui-icons_ebccce_256x240.png HTTP/1.1" 404 1089
190.46.88.10 - - [22/May/2018:16:05:19 -0300] "GET /cormun/servlet/trcontratounov2? HTTP/1.1" 200 17560
190.46.88.10 - - [22/May/2018:16:05:21 -0300] "GET /cormun/servlet/trcontratounov2? HTTP/1.1" 200 17577
190.46.88.10 - - [22/May/2018:16:05:26 -0300] "POST /cormun/servlet/trcontratounov2?a2cba31ba14cc947f48defa287c135b6,,gx-no-cache=1527015866141 HTTP/1.1" 200 17560
186.67.172.234 - - [22/May/2018:16:05:27 -0300] "GET /cormun/servlet/hlogin HTTP/1.1" 200 1741
190.46.88.10 - - [22/May/2018:16:05:28 -0300] "GET /cormun/static/Resources/PXToolsGridNext.gif HTTP/1.1" 200 369
186.79.65.38 - - [22/May/2018:16:05:28 -0300] "GET /cormun/static/Resources/PXToolsGridLast.gif HTTP/1.1" 200 370
186.79.65.38 - - [22/May/2018:16:05:54 -0300] "GET /cormun/servlet/trpermisosgoce? HTTP/1.1" 200 10041
186.79.65.38 - - [22/May/2018:16:05:56 -0300] "GET /cormun/servlet/trpermisosgoce? HTTP/1.1" 200 10040
186.79.65.38 - - [22/May/2018:16:05:59 -0300] "GET /cormun/servlet/permisogoce?INS,0,,, HTTP/1.1" 200 7096
186.79.65.38 - - [22/May/2018:16:06:00 -0300] "GET /cormun/servlet/permisogoce?INS,0,,, HTTP/1.1" 200 7095
186.79.65.38 - - [22/May/2018:16:06:07 -0300] "GET /cormun/servlet/permisogoce?5fc7725f1edf8eadf8c8db97a5583f91a6b383b03ad6bb7628d5c63a6835235502295b5be89197927d34914ce9f4f44c,gx-no-cache=1527015907144 HTTP/1.1" 200 83
186.79.65.38 - - [22/May/2018:16:06:07 -0300] "GET /cormun/static/menuarrow.gif HTTP/1.1" 404 1015
186.79.65.38 - - [22/May/2018:16:06:16 -0300] "GET /cormun/servlet/permisogoce?5fc7725f1edf8eadf8c8db97a5583f914e2ec2d1c3cce1eec84a2506d5f7ca8efcae4ad11c7b9b187d0bef4d9569ec09fd51803fa270817665f38cf3d28b225d,gx-no-cache=1527015915843 HTTP/1.1" 200 47
186.79.65.38 - - [22/May/2018:16:06:19 -0300] "POST /cormun/servlet/permisogoce?a2cba31ba14cc947f48defa287c135b6,INS,0,,,,gx-no-cache=1527015919122 HTTP/1.1" 200 93
186.79.65.38 - - [22/May/2018:16:06:20 -0300] "GET /cormun/servlet/hpexe_return? HTTP/1.1" 200 1011
186.79.65.38 - - [22/May/2018:16:06:20 -0300] "GET /cormun/servlet/trpermisosgoce HTTP/1.1" 200 10292
186.79.65.38 - - [22/May/2018:16:06:21 -0300] "GET /cormun/servlet/trpermisosgoce HTTP/1.1" 200 10285
200.112.233.47 - - [22/May/2018:16:06:23 -0300] "GET /cormun/servlet/trsolicitudot? HTTP/1.1" 200 6405
200.112.233.47 - - [22/May/2018:16:06:24 -0300] "GET /cormun/servlet/trsolicitudot? HTTP/1.1" 200 6405
200.112.233.47 - - [22/May/2018:16:06:24 -0300] "GET /cormun/servlet/hlogin HTTP/1.1" 200 1740
186.79.65.38 - - [22/May/2018:16:06:24 -0300] "GET /cormun/servlet/permisogoce?INS,0,,, HTTP/1.1" 200 7095
186.79.65.38 - - [22/May/2018:16:06:26 -0300] "GET /cormun/servlet/permisogoce?INS,0,,, HTTP/1.1" 200 7095
200.112.233.47 - - [22/May/2018:16:06:26 -0300] "POST /cormun/servlet/hlogin?b3869cf1828d396dd73f8b81cb8e7066,gx-no-cache=1527015925629 HTTP/1.1" 200 90
200.112.233.47 - - [22/May/2018:16:06:26 -0300] "GET /cormun/servlet/hpexe_link HTTP/1.1" 200 959
200.112.233.47 - - [22/May/2018:16:06:26 -0300] "GET /cormun/servlet/trsolicitudot HTTP/1.1" 200 7266
200.112.233.47 - - [22/May/2018:16:06:27 -0300] "GET /cormun/servlet/trsolicitudot HTTP/1.1" 200 7265
190.46.88.10 - - [22/May/2018:16:06:33 -0300] "GET /cormun/servlet/permisogoce?5fc7725f1edf8eadf8c8db97a5583f91a7e6d8bac8ceca987689b7aabcbe61281ebf4011beffb42e6affb78db846d3f981f02d2796989a24586eb68000a44d18,gx-no-cache=1527015933473 HTTP/1.1" 200 79
190.46.88.10 - - [22/May/2018:16:06:33 -0300] "GET /cormun/static/menuarrow.gif HTTP/1.1" 404 1015
200.112.233.47 - - [22/May/2018:16:06:38 -0300] "GET /cormun/servlet/trsolicitudot? HTTP/1.1" 200 7265
200.112.233.47 - - [22/May/2018:16:06:38 -0300] "GET /cormun/servlet/trsolicitudot? HTTP/1.1" 200 7265
190.46.88.10 - - [22/May/2018:16:06:41 -0300] "GET /cormun/servlet/permisogoce?5fc7725f1edf8eadf8c8db97a5583f91b3aa8e31d2f54eb3908b1eb06e4d723923b9b4f67fb3c2f5c92536f65d87a983bcf6a93d2cd2a702a62977d061cd25ad,gx-no-cache=1527015941366 HTTP/1.1" 200 47
190.46.88.10 - - [22/May/2018:16:06:46 -0300] "POST /cormun/servlet/permisogoce?a2cba31ba14cc947f48defa287c135b6,INS,0,,,,gx-no-cache=1527015945713 HTTP/1.1" 200 93
190.46.88.10 - - [22/May/2018:16:06:46 -0300] "GET /cormun/servlet/hpexe_return? HTTP/1.1" 200 1011
190.46.88.10 - - [22/May/2018:16:06:46 -0300] "GET /cormun/servlet/trpermisosgoce HTTP/1.1" 200 10547
190.46.88.10 - - [22/May/2018:16:06:48 -0300] "GET /cormun/servlet/trpermisosgoce HTTP/1.1" 200 10542
190.46.88.10 - - [22/May/2018:16:06:50 -0300] "GET /cormun/servlet/permisogoce?INS,0,,, HTTP/1.1" 200 7095
190.46.88.10 - - [22/May/2018:16:06:51 -0300] "GET /cormun/servlet/permisogoce?INS,0,,, HTTP/1.1" 200 7095
200.112.233.47 - - [22/May/2018:16:06:54 -0300] "POST /cormun/servlet/trsolicitudot?b3869cf1828d396dd73f8b81cb8e7066,,gx-no-cache=1527015953469 HTTP/1.1" 200 4219
190.46.88.10 - - [22/May/2018:16:06:59 -0300] "GET /cormun/servlet/permisogoce?5fc7725f1edf8eadf8c8db97a5583f91d8681e19ace751f64851ce0531b9d71c1ebf4011beffb42e6affb78db846d3f981f02d2796989a24586eb68000a44d18,gx-no-cache=1527015959019 HTTP/1.1" 200 82
190.46.88.10 - - [22/May/2018:16:06:59 -0300] "GET /cormun/static/menuarrow.gif HTTP/1.1" 404 1015
190.46.88.10 - - [22/May/2018:16:07:07 -0300] "GET /cormun/servlet/permisogoce?5fc7725f1edf8eadf8c8db97a5583f910e0e04802d9943229a88f430424f7f635ae0876312ed0581b9c3702948d441d8bcf6a93d2cd2a702a62977d061cd25ad,gx-no-cache=1527015967691 HTTP/1.1" 200 47
190.46.88.10 - - [22/May/2018:16:07:11 -0300] "POST /cormun/servlet/permisogoce?a2cba31ba14cc947f48defa287c135b6,INS,0,,,,gx-no-cache=1527015970735 HTTP/1.1" 200 93
190.46.88.10 - - [22/May/2018:16:07:11 -0300] "GET /cormun/servlet/hpexe_return? HTTP/1.1" 200 1011
190.46.88.10 - - [22/May/2018:16:07:11 -0300] "GET /cormun/servlet/trpermisosgoce HTTP/1.1" 200 10772
190.46.88.10 - - [22/May/2018:16:07:13 -0300] "GET /cormun/servlet/trpermisosgoce HTTP/1.1" 200 10760
190.46.88.10 - - [22/May/2018:16:07:15 -0300] "GET /cormun/servlet/permisogoce?INS,0,,, HTTP/1.1" 200 7095
190.46.88.10 - - [22/May/2018:16:07:16 -0300] "GET /cormun/servlet/permisogoce?INS,0,,, HTTP/1.1" 200 7095
190.46.88.10 - - [22/May/2018:16:07:25 -0300] "GET /cormun/servlet/permisogoce?5fc7725f1edf8eadf8c8db97a5583f9111506d0a4c196b882f47509ecae32db402295b5be89197927d34914ce9f4f44c,gx-no-cache=1527015985001 HTTP/1.1" 200 76
190.46.88.10 - - [22/May/2018:16:07:25 -0300] "GET /cormun/static/menuarrow.gif HTTP/1.1" 404 1015
190.46.88.10 - - [22/May/2018:16:07:31 -0300] "GET /cormun/servlet/permisogoce?5fc7725f1edf8eadf8c8db97a5583f912052593d8a8ef8ef8763b2514744512052e88e38f1775471150238041c498b5dfd51803fa270817665f38cf3d28b225d,gx-no-cache=1527015991142 HTTP/1.1" 200 48
190.46.88.10 - - [22/May/2018:16:07:34 -0300] "POST /cormun/servlet/permisogoce?a2cba31ba14cc947f48defa287c135b6,INS,0,,,,gx-no-cache=1527015993935 HTTP/1.1" 200 93
190.46.88.10 - - [22/May/2018:16:07:34 -0300] "GET /cormun/servlet/hpexe_return? HTTP/1.1" 200 1011
190.46.88.10 - - [22/May/2018:16:07:35 -0300] "GET /cormun/servlet/trpermisosgoce HTTP/1.1" 200 10978
190.46.88.10 - - [22/May/2018:16:07:37 -0300] "GET /cormun/servlet/trpermisosgoce HTTP/1.1" 200 10948
190.46.88.10 - - [22/May/2018:16:07:39 -0300] "GET /cormun/servlet/permisogoce?INS,0,,, HTTP/1.1" 200 7096
190.46.88.10 - - [22/May/2018:16:07:40 -0300] "GET /cormun/servlet/permisogoce?INS,0,,, HTTP/1.1" 200 7095
190.46.88.10 - - [22/May/2018:16:07:48 -0300] "GET /cormun/servlet/permisogoce?5fc7725f1edf8eadf8c8db97a5583f91ff2ebbd04a4b374bb281e54953ba6a081ebf4011beffb42e6affb78db846d3f981f02d2796989a24586eb68000a44d18,gx-no-cache=1527016007987 HTTP/1.1" 200 75
190.46.88.10 - - [22/May/2018:16:07:48 -0300] "GET /cormun/static/menuarrow.gif HTTP/1.1" 404 1015
190.46.88.10 - - [22/May/2018:16:07:56 -0300] "GET /cormun/servlet/permisogoce?5fc7725f1edf8eadf8c8db97a5583f91ddc0ff174321715938048293bb197bfefa73d404a161b078e7b8ace1c4c82d83bcf6a93d2cd2a702a62977d061cd25ad,gx-no-cache=1527016015594 HTTP/1.1" 200 48
190.46.88.10 - - [22/May/2018:16:07:59 -0300] "POST /cormun/servlet/permisogoce?a2cba31ba14cc947f48defa287c135b6,INS,0,,,,gx-no-cache=1527016019208 HTTP/1.1" 200 93
190.46.88.10 - - [22/May/2018:16:08:00 -0300] "GET /cormun/servlet/hpexe_return? HTTP/1.1" 200 1011
190.46.88.10 - - [22/May/2018:16:08:02 -0300] "GET /cormun/servlet/trpermisosgoce HTTP/1.1" 200 11146
190.46.88.10 - - [22/May/2018:16:08:03 -0300] "GET /cormun/servlet/trpermisosgoce HTTP/1.1" 200 11149
190.46.88.10 - - [22/May/2018:16:08:05 -0300] "GET /cormun/servlet/permisogoce?INS,0,,, HTTP/1.1" 200 7095
190.46.88.10 - - [22/May/2018:16:08:06 -0300] "GET /cormun/servlet/permisogoce?INS,0,,, HTTP/1.1" 200 7095
190.46.88.10 - - [22/May/2018:16:08:13 -0300] "GET /cormun/servlet/permisogoce?5fc7725f1edf8eadf8c8db97a5583f91bba87e375d9e51ec77113a3168e438de1ebf4011beffb42e6affb78db846d3f981f02d2796989a24586eb68000a44d18,gx-no-cache=1527016033098 HTTP/1.1" 200 78
190.46.88.10 - - [22/May/2018:16:08:13 -0300] "GET /cormun/static/menuarrow.gif HTTP/1.1" 404 1015
190.46.88.10 - - [22/May/2018:16:08:20 -0300] "GET /cormun/servlet/permisogoce?5fc7725f1edf8eadf8c8db97a5583f916b1339ee0ffbf4f9f0083d45ec74e7138d95aa8d676a47f814c33d64fbaf83d6bcf6a93d2cd2a702a62977d061cd25ad,gx-no-cache=1527016040148 HTTP/1.1" 200 47
190.46.88.10 - - [22/May/2018:16:08:22 -0300] "POST /cormun/servlet/permisogoce?a2cba31ba14cc947f48defa287c135b6,INS,0,,,,gx-no-cache=1527016042119 HTTP/1.1" 200 93
190.46.88.10 - - [22/May/2018:16:08:22 -0300] "GET /cormun/servlet/hpexe_return? HTTP/1.1" 200 1011
190.46.88.10 - - [22/May/2018:16:08:23 -0300] "GET /cormun/servlet/trpermisosgoce HTTP/1.1" 200 11409
190.46.88.10 - - [22/May/2018:16:08:24 -0300] "GET /cormun/servlet/trpermisosgoce HTTP/1.1" 200 11411
186.103.159.230 - - [22/May/2018:16:08:25 -0300] "POST /cormun/servlet/solicitudot?gx-no-cache=1527016043750 HTTP/1.1" 200 3419
186.103.159.230 - - [22/May/2018:16:08:25 -0300] "POST /cormun/servlet/solicitudot?a7b5a2adccea2a02590acc16a2f361e2,INS,0,0,,gx-no-cache=1527016044097 HTTP/1.1" 200 10592
186.103.159.230 - - [22/May/2018:16:08:27 -0300] "GET /cormun/servlet/solicitudot?8e7ca124e55b75a6df8f950f998fe7a890cf7fe6eca06e5849968d18c6199a352de8333a3dba127d0af5b440607df381,gx-no-cache=1527016046038 HTTP/1.1" 200 30
186.103.159.230 - - [22/May/2018:16:08:27 -0300] "GET /cormun/servlet/solicitudot?8e7ca124e55b75a6df8f950f998fe7a8feaf733304ec2019f939d5614c30161ef100e2fd02f9997fd3f9683910fe16ce0ac8e0594c50ab4933e1fbc289456742,gx-no-cache=1527016046108 HTTP/1.1" 200 30
186.103.159.230 - - [22/May/2018:16:08:27 -0300] "GET /cormun/servlet/solicitudot?8e7ca124e55b75a6df8f950f998fe7a8c4d7eaccb98db6b2732175529d603c8a,gx-no-cache=1527016046189 HTTP/1.1" 200 53
186.79.65.38 - - [22/May/2018:16:08:29 -0300] "GET /cormun/servlet/permisogoce?INS,0,,, HTTP/1.1" 200 7096
186.79.65.38 - - [22/May/2018:16:08:30 -0300] "GET /cormun/servlet/permisogoce?INS,0,,, HTTP/1.1" 200 7095
186.103.159.230 - - [22/May/2018:16:08:30 -0300] "POST /cormun/servlet/solicitudot?gx-no-cache=1527016049587 HTTP/1.1" 200 255
186.103.159.230 - - [22/May/2018:16:08:31 -0300] "GET /cormun/servlet/solicitudot?8e7ca124e55b75a6df8f950f998fe7a86d4695e1a60dd1e998252706f12b19c49e10235f963e7adb06216965ddcdd47854fb39ab3891539bc94b802f72d1ac513623033fbbd68cfe388ad8643bf67755ed7114c002f7f5bf58cca0458d6925eb5d5e01fdc409ad37fd3b8a240d835d251fa153a9ab1f911fd0f2cb1cfcb3af00b2ab1a542c9ef0d167abe2dc45fecfb1a4b2f015742d384dbb9c5c6ef848842154f0479aedad9cd39605830bfb2d12a38e4ec50fa4f3e60c8890123e87eb8a5bead1324a4d16c69659ac431fcb304f5518b645b5cbd5c17ed8a0238624720c472595d563999ff193b983ae349151342a99aaa199b98069091d6c913a92b8b0d7388a02e6abe8ca33acdbde65f92e3ff102af5ea196450572ea3bad920460297fc00c9a56a94091b9e1b5f3cbe369a4240d321076913c8beefce1574a7d3b97906443fc6c3fb01825e7d917362657779271bd42aa9fed13a39eaa17ec5db38564e37faae30647abca8dfe7f3379136946a4b2696a22a1fe15a6a8c2a1a49269ab,gx-no-cache=1527016049642 HTTP/1.1" 200 30
186.79.65.38 - - [22/May/2018:16:08:37 -0300] "GET /cormun/servlet/permisogoce?5fc7725f1edf8eadf8c8db97a5583f913b9f46acb8329cafb25df5fcbed537dc1ebf4011beffb42e6affb78db846d3f981f02d2796989a24586eb68000a44d18,gx-no-cache=1527016056873 HTTP/1.1" 200 79
186.79.65.38 - - [22/May/2018:16:08:37 -0300] "GET /cormun/static/menuarrow.gif HTTP/1.1" 404 1015
186.79.65.38 - - [22/May/2018:16:08:44 -0300] "GET /cormun/servlet/permisogoce?5fc7725f1edf8eadf8c8db97a5583f914c40d92e232a41061d99830c650be40303f03cc0a71c72e029c348e29a855519bcf6a93d2cd2a702a62977d061cd25ad,gx-no-cache=1527016063923 HTTP/1.1" 200 47
186.103.159.230 - - [22/May/2018:16:08:45 -0300] "POST /cormun/servlet/solicitudot?gx-no-cache=1527016064318 HTTP/1.1" 200 30
186.79.65.38 - - [22/May/2018:16:08:47 -0300] "POST /cormun/servlet/permisogoce?a2cba31ba14cc947f48defa287c135b6,INS,0,,,,gx-no-cache=1527016066735 HTTP/1.1" 200 93
186.79.65.38 - - [22/May/2018:16:08:47 -0300] "GET /cormun/servlet/hpexe_return? HTTP/1.1" 200 1011
186.79.65.38 - - [22/May/2018:16:08:48 -0300] "GET /cormun/servlet/trpermisosgoce HTTP/1.1" 200 11641
186.79.65.38 - - [22/May/2018:16:08:49 -0300] "GET /cormun/servlet/trpermisosgoce HTTP/1.1" 200 11644
186.79.65.38 - - [22/May/2018:16:08:51 -0300] "GET /cormun/servlet/permisogoce?INS,0,,, HTTP/1.1" 200 7095
186.79.65.38 - - [22/May/2018:16:08:53 -0300] "GET /cormun/servlet/permisogoce?INS,0,,, HTTP/1.1" 200 7095
186.79.65.38 - - [22/May/2018:16:09:00 -0300] "GET /cormun/servlet/permisogoce?5fc7725f1edf8eadf8c8db97a5583f911b50c357a408fdf5a720b56ce4de336502295b5be89197927d34914ce9f4f44c,gx-no-cache=1527016080177 HTTP/1.1" 200 75
186.79.65.38 - - [22/May/2018:16:09:01 -0300] "GET /cormun/static/menuarrow.gif HTTP/1.1" 404 1015
186.79.65.38 - - [22/May/2018:16:09:06 -0300] "GET /cormun/servlet/permisogoce?5fc7725f1edf8eadf8c8db97a5583f91b7e2ea92b4b0430681216937fbf470ef8ea60cf844540a61c2a8e29390052042fd51803fa270817665f38cf3d28b225d,gx-no-cache=1527016085984 HTTP/1.1" 200 46
186.79.65.38 - - [22/May/2018:16:09:10 -0300] "POST /cormun/servlet/permisogoce?a2cba31ba14cc947f48defa287c135b6,INS,0,,,,gx-no-cache=1527016089799 HTTP/1.1" 200 93
186.79.65.38 - - [22/May/2018:16:09:10 -0300] "GET /cormun/servlet/hpexe_return? HTTP/1.1" 200 1011
186.79.65.38 - - [22/May/2018:16:09:11 -0300] "GET /cormun/servlet/trpermisosgoce HTTP/1.1" 200 11883
186.103.159.230 - - [22/May/2018:16:09:12 -0300] "POST /cormun/servlet/solicitudot?gx-no-cache=1527016090943 HTTP/1.1" 200 1369
186.103.159.230 - - [22/May/2018:16:09:12 -0300] "POST /cormun/servlet/solicitudot?gx-no-cache=1527016091040 HTTP/1.1" 200 38
186.79.65.38 - - [22/May/2018:16:09:13 -0300] "GET /cormun/servlet/trpermisosgoce HTTP/1.1" 200 11880
186.79.65.38 - - [22/May/2018:16:09:15 -0300] "GET /cormun/servlet/permisogoce?INS,0,,, HTTP/1.1" 200 7096
186.79.65.38 - - [22/May/2018:16:09:17 -0300] "GET /cormun/servlet/permisogoce?INS,0,,, HTTP/1.1" 200 7094
186.103.159.230 - - [22/May/2018:16:09:23 -0300] "GET /cormun/servlet/solicitudot?8e7ca124e55b75a6df8f950f998fe7a897718a82747d3ae3c68dd051ac2b5d77febeb9939e5c21abf3aa921426405e09739432957d97762425be32f23e405547fc303dd51c22771a4226c1eed5998f4c358833f83c8b4bbe81216096af477476d30ff47286f82aac739260aaa963f5934fcc19286d4097b112d8b674469bbe54d98ffe4e630e35a477eb56d93b1a78506491e3b2477ff5df04770d2264b9dc61,gx-no-cache=1527016102712 HTTP/1.1" 200 29
186.103.159.230 - - [22/May/2018:16:09:23 -0300] "POST /cormun/servlet/solicitudot?gx-no-cache=1527016102764 HTTP/1.1" 200 1350
186.103.159.230 - - [22/May/2018:16:09:23 -0300] "POST /cormun/servlet/solicitudot?gx-no-cache=1527016102829 HTTP/1.1" 200 1249
186.103.159.230 - - [22/May/2018:16:09:23 -0300] "GET /cormun/static/menuarrow.gif HTTP/1.1" 404 1015
186.79.65.38 - - [22/May/2018:16:09:24 -0300] "GET /cormun/servlet/permisogoce?5fc7725f1edf8eadf8c8db97a5583f91bba87e375d9e51ec77113a3168e438de1ebf4011beffb42e6affb78db846d3f981f02d2796989a24586eb68000a44d18,gx-no-cache=1527016104294 HTTP/1.1" 200 76
186.79.65.38 - - [22/May/2018:16:09:24 -0300] "GET /cormun/static/menuarrow.gif HTTP/1.1" 404 1015
186.79.65.38 - - [22/May/2018:16:09:30 -0300] "GET /cormun/servlet/permisogoce?5fc7725f1edf8eadf8c8db97a5583f916b1339ee0ffbf4f9f0083d45ec74e713bebee530c5442134f024c2c2d245fccabcf6a93d2cd2a702a62977d061cd25ad,gx-no-cache=1527016110448 HTTP/1.1" 200 47
186.79.65.38 - - [22/May/2018:16:09:34 -0300] "POST /cormun/servlet/permisogoce?a2cba31ba14cc947f48defa287c135b6,INS,0,,,,gx-no-cache=1527016113537 HTTP/1.1" 200 93
186.79.65.38 - - [22/May/2018:16:09:34 -0300] "GET /cormun/servlet/hpexe_return? HTTP/1.1" 200 1011
186.79.65.38 - - [22/May/2018:16:09:35 -0300] "GET /cormun/servlet/trpermisosgoce HTTP/1.1" 200 12071
186.79.65.38 - - [22/May/2018:16:09:36 -0300] "GET /cormun/servlet/trpermisosgoce HTTP/1.1" 200 12052
186.103.159.230 - - [22/May/2018:16:09:37 -0300] "POST /cormun/servlet/solicitudot?gx-no-cache=1527016116131 HTTP/1.1" 200 1350
186.103.159.230 - - [22/May/2018:16:09:37 -0300] "POST /cormun/servlet/solicitudot?gx-no-cache=1527016116224 HTTP/1.1" 200 1249
186.103.159.230 - - [22/May/2018:16:09:39 -0300] "GET /cormun/servlet/solicitudot?8e7ca124e55b75a6df8f950f998fe7a8345665007b08ebbddab1f9290bdcb9e63b018599860af4e9ed23addfc0aba60d,gx-no-cache=1527016118735 HTTP/1.1" 200 30
186.79.65.38 - - [22/May/2018:16:09:39 -0300] "GET /cormun/servlet/permisogoce?INS,0,,, HTTP/1.1" 200 7095
186.79.65.38 - - [22/May/2018:16:09:41 -0300] "GET /cormun/servlet/permisogoce?INS,0,,, HTTP/1.1" 200 7094
186.79.65.38 - - [22/May/2018:16:09:47 -0300] "GET /cormun/servlet/permisogoce?5fc7725f1edf8eadf8c8db97a5583f91d3814ce8cd9649e97090623c3d38fd3102295b5be89197927d34914ce9f4f44c,gx-no-cache=1527016127387 HTTP/1.1" 200 84
186.79.65.38 - - [22/May/2018:16:09:47 -0300] "GET /cormun/static/menuarrow.gif HTTP/1.1" 404 1015
186.103.159.230 - - [22/May/2018:16:09:49 -0300] "POST /cormun/servlet/solicitudot?gx-no-cache=1527016128124 HTTP/1.1" 200 30
186.79.65.38 - - [22/May/2018:16:09:54 -0300] "GET /cormun/servlet/permisogoce?5fc7725f1edf8eadf8c8db97a5583f91b682a2396093795014e6d83c6f82e88176587f6eaf3fdda58ffbf826b2632606fd51803fa270817665f38cf3d28b225d,gx-no-cache=1527016134377 HTTP/1.1" 200 47
186.79.65.38 - - [22/May/2018:16:09:58 -0300] "POST /cormun/servlet/permisogoce?a2cba31ba14cc947f48defa287c135b6,INS,0,,,,gx-no-cache=1527016137231 HTTP/1.1" 200 93
186.79.65.38 - - [22/May/2018:16:09:58 -0300] "GET /cormun/servlet/hpexe_return? HTTP/1.1" 200 1011
200.112.233.47 - - [22/May/2018:16:09:58 -0300] "GET /cormun/servlet/trsolicitudot? HTTP/1.1" 200 7280
186.79.65.38 - - [22/May/2018:16:09:59 -0300] "GET /cormun/servlet/trpermisosgoce HTTP/1.1" 200 12288
200.112.233.47 - - [22/May/2018:16:09:59 -0300] "GET /cormun/servlet/trsolicitudot? HTTP/1.1" 200 7280
186.79.65.38 - - [22/May/2018:16:10:00 -0300] "GET /cormun/servlet/trpermisosgoce HTTP/1.1" 200 12298
186.79.65.38 - - [22/May/2018:16:10:03 -0300] "GET /cormun/servlet/permisogoce?INS,0,,, HTTP/1.1" 200 7095
200.112.233.47 - - [22/May/2018:16:10:03 -0300] "GET /cormun/servlet/trfichaempleado? HTTP/1.1" 200 14201
186.79.65.38 - - [22/May/2018:16:10:04 -0300] "GET /cormun/servlet/permisogoce?INS,0,,, HTTP/1.1" 200 7095
186.79.65.38 - - [22/May/2018:16:10:11 -0300] "GET /cormun/servlet/permisogoce?5fc7725f1edf8eadf8c8db97a5583f9191c40bf7ef8451786e77165818d1b1681ebf4011beffb42e6affb78db846d3f981f02d2796989a24586eb68000a44d18,gx-no-cache=1527016151461 HTTP/1.1" 200 79
186.79.65.38 - - [22/May/2018:16:10:12 -0300] "GET /cormun/static/menuarrow.gif HTTP/1.1" 404 1015
186.79.65.38 - - [22/May/2018:16:10:16 -0300] "GET /cormun/servlet/permisogoce?5fc7725f1edf8eadf8c8db97a5583f91df7457bfeb60809739f2d191f5d718a1f61e3e473c91378a8997f9ae317a5ea1bcf6a93d2cd2a702a62977d061cd25ad,gx-no-cache=1527016156586 HTTP/1.1" 200 47
186.79.65.38 - - [22/May/2018:16:10:19 -0300] "POST /cormun/servlet/permisogoce?a2cba31ba14cc947f48defa287c135b6,INS,0,,,,gx-no-cache=1527016158502 HTTP/1.1" 200 93
186.79.65.38 - - [22/May/2018:16:10:19 -0300] "GET /cormun/servlet/hpexe_return? HTTP/1.1" 200 1011
200.112.233.47 - - [22/May/2018:16:10:19 -0300] "GET /cormun/servlet/solicitudot?INS,0,0, HTTP/1.1" 200 13678
186.79.65.38 - - [22/May/2018:16:10:19 -0300] "GET /cormun/servlet/trpermisosgoce HTTP/1.1" 200 12539
200.112.233.47 - - [22/May/2018:16:10:20 -0300] "GET /cormun/servlet/solicitudot?INS,0,0, HTTP/1.1" 200 13683
186.79.65.38 - - [22/May/2018:16:10:21 -0300] "GET /cormun/servlet/trpermisosgoce HTTP/1.1" 200 12529
186.79.65.38 - - [22/May/2018:16:10:23 -0300] "GET /cormun/servlet/permisogoce?INS,0,,, HTTP/1.1" 200 7096
186.79.65.38 - - [22/May/2018:16:10:24 -0300] "GET /cormun/servlet/permisogoce?INS,0,,, HTTP/1.1" 200 7095
186.79.65.38 - - [22/May/2018:16:10:33 -0300] "GET /cormun/servlet/permisogoce?5fc7725f1edf8eadf8c8db97a5583f91bc5e0db2c80de17e310233ca833ef40d1ebf4011beffb42e6affb78db846d3f981f02d2796989a24586eb68000a44d18,gx-no-cache=1527016172787 HTTP/1.1" 200 82
186.79.65.38 - - [22/May/2018:16:10:33 -0300] "GET /cormun/static/menuarrow.gif HTTP/1.1" 404 1015
186.79.65.38 - - [22/May/2018:16:10:36 -0300] "GET /cormun/servlet/permisogoce?5fc7725f1edf8eadf8c8db97a5583f916fb9efc697f5af6a0d8eb7aa4a3a6949ea52177b922157ec5bdcdde28ac4455abcf6a93d2cd2a702a62977d061cd25ad,gx-no-cache=1527016176248 HTTP/1.1" 200 129
186.79.65.38 - - [22/May/2018:16:10:36 -0300] "GET /cormun/static/Shared/jqueryui/images/ui-bg_highlight-soft_100_c6c2c8_1x100.png HTTP/1.1" 404 1117
190.46.88.10 - - [22/May/2018:16:10:36 -0300] "GET /cormun/static/Shared/jqueryui/images/ui-icons_82798d_256x240.png HTTP/1.1" 404 1089
190.46.88.10 - - [22/May/2018:16:10:36 -0300] "GET /cormun/static/Shared/jqueryui/images/ui-bg_flat_55_994d53_40x100.png HTTP/1.1" 404 1097
186.79.65.38 - - [22/May/2018:16:10:36 -0300] "GET /cormun/static/Shared/jqueryui/images/ui-icons_ebccce_256x240.png HTTP/1.1" 404 1089
190.46.88.10 - - [22/May/2018:16:10:36 -0300] "POST /cormun/servlet/permisogoce?a2cba31ba14cc947f48defa287c135b6,INS,0,,,,gx-no-cache=1527016176522 HTTP/1.1" 200 4599
200.112.233.47 - - [22/May/2018:16:10:38 -0300] "POST /cormun/servlet/solicitudot?gx-no-cache=1527016177460 HTTP/1.1" 200 3284
200.112.233.47 - - [22/May/2018:16:10:38 -0300] "POST /cormun/servlet/solicitudot?b3869cf1828d396dd73f8b81cb8e7066,INS,0,0,,gx-no-cache=1527016177879 HTTP/1.1" 200 10443
200.112.233.47 - - [22/May/2018:16:10:42 -0300] "GET /cormun/servlet/prfichaempleado?,MD,,gxPopupLevel%3D0%3B HTTP/1.1" 200 9389
186.79.65.38 - - [22/May/2018:16:10:50 -0300] "GET /cormun/servlet/permisogoce?5fc7725f1edf8eadf8c8db97a5583f916fb9efc697f5af6a0d8eb7aa4a3a6949707bf27f2709f21e2043e7f4ac5c2c2ebcf6a93d2cd2a702a62977d061cd25ad,gx-no-cache=1527016190133 HTTP/1.1" 200 46
200.112.233.47 - - [22/May/2018:16:10:52 -0300] "POST /cormun/servlet/prfichaempleado?b3869cf1828d396dd73f8b81cb8e7066,,MD,,gxPopupLevel%3D0%3B,gx-no-cache=1527016191624 HTTP/1.1" 200 4017
186.79.65.38 - - [22/May/2018:16:10:54 -0300] "POST /cormun/servlet/permisogoce?a2cba31ba14cc947f48defa287c135b6,INS,0,,,,gx-no-cache=1527016193445 HTTP/1.1" 200 93
186.79.65.38 - - [22/May/2018:16:10:54 -0300] "GET /cormun/servlet/hpexe_return? HTTP/1.1" 200 1011
186.79.65.38 - - [22/May/2018:16:10:55 -0300] "GET /cormun/servlet/trpermisosgoce HTTP/1.1" 200 12778
186.79.65.38 - - [22/May/2018:16:10:56 -0300] "GET /cormun/servlet/trpermisosgoce HTTP/1.1" 200 12777
186.79.65.38 - - [22/May/2018:16:11:02 -0300] "GET /cormun/servlet/permisogoce?INS,0,,, HTTP/1.1" 200 7095
186.79.65.38 - - [22/May/2018:16:11:03 -0300] "GET /cormun/servlet/permisogoce?INS,0,,, HTTP/1.1" 200 7095
200.112.233.47 - - [22/May/2018:16:11:09 -0300] "POST /cormun/servlet/prfichaempleado?b3869cf1828d396dd73f8b81cb8e7066,,MD,,gxPopupLevel%3D0%3B,gx-no-cache=1527016207940 HTTP/1.1" 200 3199
200.112.233.47 - - [22/May/2018:16:11:13 -0300] "POST /cormun/servlet/prfichaempleado?b3869cf1828d396dd73f8b81cb8e7066,,MD,,gxPopupLevel%3D0%3B,gx-no-cache=1527016212307 HTTP/1.1" 200 5415
190.46.88.10 - - [22/May/2018:16:11:15 -0300] "GET /cormun/servlet/permisogoce?5fc7725f1edf8eadf8c8db97a5583f9137dbd61a387f344446b7b645737d43861ebf4011beffb42e6affb78db846d3f981f02d2796989a24586eb68000a44d18,gx-no-cache=1527016214948 HTTP/1.1" 200 69
190.46.88.10 - - [22/May/2018:16:11:16 -0300] "GET /cormun/static/menuarrow.gif HTTP/1.1" 404 1015
190.46.88.10 - - [22/May/2018:16:11:22 -0300] "GET /cormun/servlet/permisogoce?5fc7725f1edf8eadf8c8db97a5583f91330fb3c79a88358579a8b4627e3e7d6bf493bb77707e4fcd261e131fe0621b91bcf6a93d2cd2a702a62977d061cd25ad,gx-no-cache=1527016222582 HTTP/1.1" 200 46
190.46.88.10 - - [22/May/2018:16:11:25 -0300] "POST /cormun/servlet/permisogoce?a2cba31ba14cc947f48defa287c135b6,INS,0,,,,gx-no-cache=1527016224909 HTTP/1.1" 200 93
190.46.88.10 - - [22/May/2018:16:11:25 -0300] "GET /cormun/servlet/hpexe_return? HTTP/1.1" 200 1011
190.46.88.10 - - [22/May/2018:16:11:25 -0300] "GET /cormun/servlet/trpermisosgoce HTTP/1.1" 200 13007
190.46.88.10 - - [22/May/2018:16:11:27 -0300] "GET /cormun/servlet/trpermisosgoce HTTP/1.1" 200 13007
190.46.88.10 - - [22/May/2018:16:11:32 -0300] "GET /cormun/servlet/permisogoce?INS,0,,, HTTP/1.1" 200 7095
200.112.233.47 - - [22/May/2018:16:11:33 -0300] "POST /cormun/servlet/prfichaempleado?b3869cf1828d396dd73f8b81cb8e7066,,MD,,gxPopupLevel%3D0%3B,gx-no-cache=1527016232510 HTTP/1.1" 200 5437
190.46.88.10 - - [22/May/2018:16:11:33 -0300] "GET /cormun/servlet/permisogoce?INS,0,,, HTTP/1.1" 200 7095
200.112.233.47 - - [22/May/2018:16:11:39 -0300] "POST /cormun/servlet/prfichaempleado?b3869cf1828d396dd73f8b81cb8e7066,,MD,,gxPopupLevel%3D0%3B,gx-no-cache=1527016238062 HTTP/1.1" 200 5437
190.46.88.10 - - [22/May/2018:16:11:42 -0300] "GET /cormun/servlet/permisogoce?5fc7725f1edf8eadf8c8db97a5583f915712dc7c26f278a111ebe309dc24f0c11ebf4011beffb42e6affb78db846d3f981f02d2796989a24586eb68000a44d18,gx-no-cache=1527016242680 HTTP/1.1" 200 79
190.46.88.10 - - [22/May/2018:16:11:43 -0300] "GET /cormun/static/menuarrow.gif HTTP/1.1" 404 1015
190.46.88.10 - - [22/May/2018:16:12:11 -0300] "GET /cormun/servlet/permisogoce?5fc7725f1edf8eadf8c8db97a5583f91d857d1c08f53725a47eb0885d47a738158b4e54d5203c5821a9fa8a38f0a3e42bcf6a93d2cd2a702a62977d061cd25ad,gx-no-cache=1527016271085 HTTP/1.1" 200 47
190.46.88.10 - - [22/May/2018:16:12:17 -0300] "POST /cormun/servlet/permisogoce?a2cba31ba14cc947f48defa287c135b6,INS,0,,,,gx-no-cache=1527016276705 HTTP/1.1" 200 93
190.46.88.10 - - [22/May/2018:16:12:17 -0300] "GET /cormun/servlet/hpexe_return? HTTP/1.1" 200 1011
190.46.88.10 - - [22/May/2018:16:12:17 -0300] "GET /cormun/servlet/trpermisosgoce HTTP/1.1" 200 13234
190.46.88.10 - - [22/May/2018:16:12:19 -0300] "GET /cormun/servlet/trpermisosgoce HTTP/1.1" 200 13233
186.103.159.230 - - [22/May/2018:16:12:31 -0300] "POST /cormun/servlet/solicitudot?gx-no-cache=1527016290272 HTTP/1.1" 200 1350
186.103.159.230 - - [22/May/2018:16:12:31 -0300] "POST /cormun/servlet/solicitudot?gx-no-cache=1527016290364 HTTP/1.1" 200 1249
186.79.65.38 - - [22/May/2018:16:12:40 -0300] "GET /cormun/servlet/permisogoce?INS,0,,, HTTP/1.1" 200 7095
186.79.65.38 - - [22/May/2018:16:12:42 -0300] "GET /cormun/servlet/permisogoce?INS,0,,, HTTP/1.1" 200 7094
186.79.65.38 - - [22/May/2018:16:13:19 -0300] "GET /cormun/servlet/permisogoce?5fc7725f1edf8eadf8c8db97a5583f918dfb47cd3148c2be79c546b90ddd3d6e850f7ad97a19a3f4b6f9464de24a0453d226142acc14ed05ded48b3b0b4b6fe9,gx-no-cache=1527016338954 HTTP/1.1" 200 226
186.79.65.38 - - [22/May/2018:16:13:19 -0300] "GET /cormun/static/Shared/jqueryui/images/ui-bg_highlight-soft_100_c6c2c8_1x100.png HTTP/1.1" 404 1117
190.46.88.10 - - [22/May/2018:16:13:19 -0300] "GET /cormun/static/Shared/jqueryui/images/ui-icons_82798d_256x240.png HTTP/1.1" 404 1089
190.46.88.10 - - [22/May/2018:16:13:19 -0300] "GET /cormun/static/Shared/jqueryui/images/ui-bg_flat_55_994d53_40x100.png HTTP/1.1" 404 1097
190.46.88.10 - - [22/May/2018:16:13:19 -0300] "GET /cormun/static/Shared/jqueryui/images/ui-icons_ebccce_256x240.png HTTP/1.1" 404 1089
186.79.65.38 - - [22/May/2018:16:13:26 -0300] "GET /cormun/servlet/trcontratounov2? HTTP/1.1" 200 17870
186.79.65.38 - - [22/May/2018:16:13:28 -0300] "GET /cormun/servlet/trcontratounov2? HTTP/1.1" 200 17863
200.112.233.47 - - [22/May/2018:16:13:32 -0300] "GET /cormun/servlet/solicitudot?9724071f4ed4cf02f0ccc36bef089baa71984782bd19ed453ca4e7805633aeff,gx-no-cache=1527016352120 HTTP/1.1" 200 94
200.112.233.47 - - [22/May/2018:16:13:32 -0300] "GET /cormun/static/Shared/jqueryui/images/ui-bg_highlight-soft_100_c6c2c8_1x100.png HTTP/1.1" 404 1117
200.112.233.47 - - [22/May/2018:16:13:33 -0300] "GET /cormun/static/Shared/jqueryui/images/ui-icons_82798d_256x240.png HTTP/1.1" 404 1089
200.112.233.47 - - [22/May/2018:16:13:33 -0300] "GET /cormun/static/Shared/jqueryui/images/ui-bg_flat_55_994d53_40x100.png HTTP/1.1" 404 1097
200.112.233.47 - - [22/May/2018:16:13:33 -0300] "GET /cormun/static/Shared/jqueryui/images/ui-icons_ebccce_256x240.png HTTP/1.1" 404 1089
186.79.65.38 - - [22/May/2018:16:13:36 -0300] "POST /cormun/servlet/trcontratounov2?a2cba31ba14cc947f48defa287c135b6,,gx-no-cache=1527016354897 HTTP/1.1" 200 17477
190.46.88.10 - - [22/May/2018:16:14:01 -0300] "GET /cormun/servlet/trpermisosgoce? HTTP/1.1" 200 13230
190.46.88.10 - - [22/May/2018:16:14:03 -0300] "GET /cormun/servlet/trpermisosgoce? HTTP/1.1" 200 13221
200.112.233.47 - - [22/May/2018:16:14:05 -0300] "GET /cormun/servlet/solicitudot?9724071f4ed4cf02f0ccc36bef089baaf24d6feece2066a08848b8b9c1c917d508e54175f0a8521052a43c934b0f0dd98c1e9ee1d1d08f3c4851a53766a37cba,gx-no-cache=1527016384284 HTTP/1.1" 200 30
200.112.233.47 - - [22/May/2018:16:14:06 -0300] "GET /cormun/servlet/solicitudot?9724071f4ed4cf02f0ccc36bef089baa5cb945b5e27e445cc26444b68f1ffa3a,gx-no-cache=1527016385209 HTTP/1.1" 200 29
190.46.88.10 - - [22/May/2018:16:14:06 -0300] "GET /cormun/servlet/permisogoce?INS,0,,, HTTP/1.1" 200 7095
190.46.88.10 - - [22/May/2018:16:14:07 -0300] "GET /cormun/servlet/permisogoce?INS,0,,, HTTP/1.1" 200 7095
190.46.88.10 - - [22/May/2018:16:14:14 -0300] "GET /cormun/servlet/permisogoce?5fc7725f1edf8eadf8c8db97a5583f91270354f0563f1d74cab79410292a223702295b5be89197927d34914ce9f4f44c,gx-no-cache=1527016394355 HTTP/1.1" 200 75
190.46.88.10 - - [22/May/2018:16:14:14 -0300] "GET /cormun/static/menuarrow.gif HTTP/1.1" 404 1015
200.112.233.47 - - [22/May/2018:16:14:15 -0300] "POST /cormun/servlet/solicitudot?gx-no-cache=1527016394343 HTTP/1.1" 200 297
200.112.233.47 - - [22/May/2018:16:14:15 -0300] "GET /cormun/servlet/solicitudot?9724071f4ed4cf02f0ccc36bef089baa84cfeedfebb5fef3c5aaea03da6ae9d0289a3261d128e0b1d44f4406c1ce1cf4f1953dee9ce48494d219d88494658cdd5858bbc7c427faff7ea37ba96c75a58c9c897ea1fe39f825d88767f6310c614c293bc38d9e2d2f35c24c274c02609e39da3286b6d717e1606753e0be37dc56f141c5b6d1e08c22c642cc7732e8d1908d929810bc86f9a40fb26cd9318e411fef964e35c6f2d152ad5e8721565572a9f5ad3c63e57a413fcde2e25814478db3955eb771c9cf750f72ae3f219e4adc2991d67c00b66f7589cff2ebc65913a8d095a953737b6bbafcc31f8c96fe0706778a7114500239a07174a14ec8599eb4c4a6de92b1eda73e23bd7e582b69244f3bda57f08dc48d4a23004ddcfbe2827513967e78f703bde045ed37441da4dcea8d36dc9b6c890474ffa1ccae2c19605abf98b1305007871f577660a7a8cd63644c7dd42be938e9a00fa1a700416d4ad6d452084269af1991107da649e69a27feb978ee22240473e78cc9530ebbe71763a42b10386e8a0dc6cc22dd272ef5762d1087,gx-no-cache=1527016394391 HTTP/1.1" 200 30
200.112.233.47 - - [22/May/2018:16:14:19 -0300] "POST /cormun/servlet/solicitudot?gx-no-cache=1527016398807 HTTP/1.1" 200 30
200.112.233.47 - - [22/May/2018:16:14:20 -0300] "POST /cormun/servlet/solicitudot?gx-no-cache=1527016400009 HTTP/1.1" 200 1366
200.112.233.47 - - [22/May/2018:16:14:20 -0300] "POST /cormun/servlet/solicitudot?gx-no-cache=1527016400089 HTTP/1.1" 200 38
190.46.88.10 - - [22/May/2018:16:14:21 -0300] "GET /cormun/servlet/permisogoce?5fc7725f1edf8eadf8c8db97a5583f9138227ed9b07bf2d16383636bde11cfb033347e03b0e228a6733acab4aa48c41efd51803fa270817665f38cf3d28b225d,gx-no-cache=1527016401153 HTTP/1.1" 200 47
190.46.88.10 - - [22/May/2018:16:14:23 -0300] "POST /cormun/servlet/permisogoce?a2cba31ba14cc947f48defa287c135b6,INS,0,,,,gx-no-cache=1527016403320 HTTP/1.1" 200 93
190.46.88.10 - - [22/May/2018:16:14:23 -0300] "GET /cormun/servlet/hpexe_return? HTTP/1.1" 200 1011
190.46.88.10 - - [22/May/2018:16:14:24 -0300] "GET /cormun/servlet/trpermisosgoce HTTP/1.1" 200 13480
190.46.88.10 - - [22/May/2018:16:14:26 -0300] "GET /cormun/servlet/trpermisosgoce HTTP/1.1" 200 13453
190.46.88.10 - - [22/May/2018:16:14:36 -0300] "GET /cormun/servlet/trpermisosadjuntos?12516844,20180522150035,P, HTTP/1.1" 200 6541
190.46.88.10 - - [22/May/2018:16:14:36 -0300] "GET /cormun/static/gxcfg.js?201762817193957 HTTP/1.1" 200 953
186.79.65.38 - - [22/May/2018:16:14:37 -0300] "GET /cormun/static/trpermisosadjuntos.js?201762817194366 HTTP/1.1" 200 20158
186.79.65.38 - - [22/May/2018:16:14:38 -0300] "GET /cormun/servlet/trpermisosadjuntos?12516844,20180522150035,P, HTTP/1.1" 200 6542
186.103.159.230 - - [22/May/2018:16:14:38 -0300] "GET /cormun/servlet/solicitudot?8e7ca124e55b75a6df8f950f998fe7a8345665007b08ebbddab1f9290bdcb9e63b018599860af4e9ed23addfc0aba60d,gx-no-cache=1527016417399 HTTP/1.1" 200 30
186.103.159.230 - - [22/May/2018:16:14:38 -0300] "POST /cormun/servlet/solicitudot?gx-no-cache=1527016417457 HTTP/1.1" 200 30
186.103.159.230 - - [22/May/2018:16:14:38 -0300] "POST /cormun/servlet/solicitudot?a7b5a2adccea2a02590acc16a2f361e2,INS,0,0,,gx-no-cache=1527016417497 HTTP/1.1" 200 93
186.103.159.230 - - [22/May/2018:16:14:38 -0300] "GET /cormun/servlet/hpexe_return? HTTP/1.1" 200 1001
186.103.159.230 - - [22/May/2018:16:14:39 -0300] "GET /cormun/servlet/trsolicitudot HTTP/1.1" 200 8775
186.103.159.230 - - [22/May/2018:16:14:39 -0300] "GET /cormun/servlet/trsolicitudot HTTP/1.1" 200 8771
186.79.65.38 - - [22/May/2018:16:14:40 -0300] "GET /cormun/servlet/permisosadjuntos?INS,12516844,P,20180522150035,, HTTP/1.1" 200 5872
190.46.88.10 - - [22/May/2018:16:14:41 -0300] "GET /cormun/static/gxcfg.js?201762717441171 HTTP/1.1" 200 953
190.46.88.10 - - [22/May/2018:16:14:42 -0300] "GET /cormun/static/about:blank HTTP/1.1" 404 1011
186.79.65.38 - - [22/May/2018:16:14:43 -0300] "GET /cormun/static/permisosadjuntos.js?201762717441184 HTTP/1.1" 200 8724
186.79.65.38 - - [22/May/2018:16:14:44 -0300] "GET /cormun/servlet/permisosadjuntos?INS,12516844,P,20180522150035,, HTTP/1.1" 200 5861
186.103.159.183 - - [22/May/2018:16:14:58 -0300] "GET /cormun/servlet/hlogin HTTP/1.1" 200 1741
190.46.88.10 - - [22/May/2018:16:15:00 -0300] "POST /cormun/servlet/permisosadjuntos?a2cba31ba14cc947f48defa287c135b6,INS,12516844,P,20180522150035,, HTTP/1.1" 200 116
190.46.88.10 - - [22/May/2018:16:15:00 -0300] "GET /cormun/servlet/hpexe_return? HTTP/1.1" 200 1040
190.46.88.10 - - [22/May/2018:16:15:01 -0300] "GET /cormun/servlet/trpermisosadjuntos?12516844,20180522150035,P, HTTP/1.1" 200 7036
200.112.233.47 - - [22/May/2018:16:15:02 -0300] "GET /cormun/servlet/solicitudot?9724071f4ed4cf02f0ccc36bef089baa2155685052a941d79e0a4748151593844f703fe897ba537541ae2367df55b6361c947fd3a272f9ebad9cddd9711ee5937b6d6d465526184d749da82ea7a4b507768d1d42d8b4ba560f8c4c1335010962bcb251dc6050222e64b55b9a77ab2289,gx-no-cache=1527016441395 HTTP/1.1" 200 29
200.112.233.47 - - [22/May/2018:16:15:02 -0300] "POST /cormun/servlet/solicitudot?gx-no-cache=1527016441432 HTTP/1.1" 200 1350
200.112.233.47 - - [22/May/2018:16:15:02 -0300] "POST /cormun/servlet/solicitudot?gx-no-cache=1527016441478 HTTP/1.1" 200 1246
200.112.233.47 - - [22/May/2018:16:15:02 -0300] "GET /cormun/servlet/solicitudot?9724071f4ed4cf02f0ccc36bef089baaa92fb49fe5f8ccdf0525b5d051a59141,gx-no-cache=1527016441523 HTTP/1.1" 200 30
200.112.233.47 - - [22/May/2018:16:15:02 -0300] "POST /cormun/servlet/solicitudot?gx-no-cache=1527016441556 HTTP/1.1" 200 30
190.46.88.10 - - [22/May/2018:16:15:02 -0300] "GET /cormun/servlet/trpermisosadjuntos?12516844,20180522150035,P, HTTP/1.1" 200 7033
200.112.233.47 - - [22/May/2018:16:15:02 -0300] "POST /cormun/servlet/solicitudot?b3869cf1828d396dd73f8b81cb8e7066,INS,0,0,,gx-no-cache=1527016441590 HTTP/1.1" 200 11994
190.46.88.10 - - [22/May/2018:16:15:06 -0300] "POST /cormun/servlet/trpermisosadjuntos?a2cba31ba14cc947f48defa287c135b6,12516844,20180522150035,P,,gx-no-cache=1527016445969 HTTP/1.1" 200 90
190.46.88.10 - - [22/May/2018:16:15:06 -0300] "GET /cormun/servlet/hpexe_link HTTP/1.1" 200 984
190.46.88.10 - - [22/May/2018:16:15:06 -0300] "GET /cormun/servlet/trpermisosgoce HTTP/1.1" 200 13482
190.46.88.10 - - [22/May/2018:16:15:08 -0300] "GET /cormun/servlet/trpermisosgoce HTTP/1.1" 200 13451
200.112.233.47 - - [22/May/2018:16:15:13 -0300] "GET /cormun/servlet/solicitudot?9724071f4ed4cf02f0ccc36bef089baa05eb34a453a178907ca87ef5357dcaf56760095466ed4eb5dbd091b2f887a815,gx-no-cache=1527016452806 HTTP/1.1" 200 30
190.46.88.10 - - [22/May/2018:16:15:15 -0300] "GET /cormun/servlet/trpermisosadjuntos?6264666,20180522150247,P, HTTP/1.1" 200 6543
186.103.159.230 - - [22/May/2018:16:15:16 -0300] "POST /cormun/servlet/trsolicitudot?a7b5a2adccea2a02590acc16a2f361e2,gx-no-cache=1527016455276 HTTP/1.1" 200 4675
190.46.88.10 - - [22/May/2018:16:15:16 -0300] "GET /cormun/servlet/trpermisosadjuntos?6264666,20180522150247,P, HTTP/1.1" 200 6544
186.103.159.230 - - [22/May/2018:16:15:16 -0300] "GET /cormun/static/Shared/jqueryui/images/ui-bg_highlight-soft_100_c6c2c8_1x100.png HTTP/1.1" 404 1117
186.103.159.230 - - [22/May/2018:16:15:16 -0300] "GET /cormun/static/Shared/jqueryui/images/ui-icons_82798d_256x240.png HTTP/1.1" 404 1089
186.103.159.230 - - [22/May/2018:16:15:16 -0300] "GET /cormun/static/Shared/jqueryui/images/ui-bg_flat_55_fafafa_40x100.png HTTP/1.1" 404 1097
186.103.159.230 - - [22/May/2018:16:15:16 -0300] "GET /cormun/static/Shared/jqueryui/images/ui-icons_8d78a5_256x240.png HTTP/1.1" 404 1089
186.103.159.230 - - [22/May/2018:16:15:16 -0300] "POST /cormun/servlet/trsolicitudot?a7b5a2adccea2a02590acc16a2f361e2,gx-no-cache=1527016455641 HTTP/1.1" 200 4440
190.46.88.10 - - [22/May/2018:16:15:18 -0300] "GET /cormun/servlet/permisosadjuntos?INS,6264666,P,20180522150247,, HTTP/1.1" 200 5870
190.46.88.10 - - [22/May/2018:16:15:19 -0300] "GET /cormun/static/about:blank HTTP/1.1" 404 1011
190.46.88.10 - - [22/May/2018:16:15:19 -0300] "GET /cormun/servlet/permisosadjuntos?INS,6264666,P,20180522150247,, HTTP/1.1" 200 5860
200.112.233.47 - - [22/May/2018:16:15:27 -0300] "POST /cormun/servlet/solicitudot?gx-no-cache=1527016466228 HTTP/1.1" 200 30
200.112.233.47 - - [22/May/2018:16:15:27 -0300] "POST /cormun/servlet/solicitudot?b3869cf1828d396dd73f8b81cb8e7066,INS,0,0,,gx-no-cache=1527016466265 HTTP/1.1" 200 93
200.112.233.47 - - [22/May/2018:16:15:27 -0300] "GET /cormun/servlet/hpexe_return? HTTP/1.1" 200 1010
200.112.233.47 - - [22/May/2018:16:15:27 -0300] "GET /cormun/static/gxcfg.js?2016101716175148 HTTP/1.1" 304 -
200.112.233.47 - - [22/May/2018:16:15:28 -0300] "GET /cormun/servlet/trsolicitudot HTTP/1.1" 200 8690
200.112.233.47 - - [22/May/2018:16:15:28 -0300] "GET /cormun/servlet/trsolicitudot HTTP/1.1" 200 8686
190.46.88.10 - - [22/May/2018:16:15:29 -0300] "POST /cormun/servlet/permisosadjuntos?a2cba31ba14cc947f48defa287c135b6,INS,6264666,P,20180522150247,, HTTP/1.1" 200 116
190.46.88.10 - - [22/May/2018:16:15:29 -0300] "GET /cormun/servlet/hpexe_return? HTTP/1.1" 200 1039
190.46.88.10 - - [22/May/2018:16:15:30 -0300] "GET /cormun/servlet/trpermisosadjuntos?6264666,20180522150247,P, HTTP/1.1" 200 7036
190.46.88.10 - - [22/May/2018:16:15:31 -0300] "GET /cormun/servlet/trpermisosadjuntos?6264666,20180522150247,P, HTTP/1.1" 200 7031
190.46.88.10 - - [22/May/2018:16:15:36 -0300] "POST /cormun/servlet/trpermisosadjuntos?a2cba31ba14cc947f48defa287c135b6,6264666,20180522150247,P,,gx-no-cache=1527016475841 HTTP/1.1" 200 90
190.46.88.10 - - [22/May/2018:16:15:36 -0300] "GET /cormun/servlet/hpexe_link HTTP/1.1" 200 985
190.46.88.10 - - [22/May/2018:16:15:36 -0300] "GET /cormun/servlet/trpermisosgoce HTTP/1.1" 200 13462
186.103.159.230 - - [22/May/2018:16:15:37 -0300] "GET /cormun/servlet/trautorizarsolicitud? HTTP/1.1" 200 8670
186.103.159.230 - - [22/May/2018:16:15:37 -0300] "GET /cormun/servlet/trautorizarsolicitud? HTTP/1.1" 200 8669
