40.77.190.140 - - [22/May/2018:13:31:03 -0300] "GET /cormun/static/calendar.js?85251 HTTP/1.1" 200 26246
40.77.189.210 - - [22/May/2018:13:31:03 -0300] "GET /cormun/static/calendar-setup.js?85251 HTTP/1.1" 200 2588
40.77.190.37 - - [22/May/2018:13:31:04 -0300] "GET /cormun/static/calendar-es.js?85251 HTTP/1.1" 200 1901
186.103.156.24 - - [22/May/2018:13:31:05 -0300] "GET /cormun/servlet/permisogoce?dd4e9ac5de56ff72ed9323bc78af503f7751e0eb4118be2bd5d41e3d0486e455286fe1d0dc094b795e451928b30564c1a94d74769740f2ffc379d0e88f6d922c,gx-no-cache=1527006598094 HTTP/1.1" 200 47
186.103.159.183 - - [22/May/2018:13:31:06 -0300] "GET /cormun/servlet/licenciaspermisos?8b6a8741b564ff7cb2fffc5f5f3b84595c1563b106b09b6ac0a44caf45f976c1f5104d00fdcc9fc84f51561271adb84c,gx-no-cache=1527006607088 HTTP/1.1" 200 98
186.103.159.187 - - [22/May/2018:13:31:06 -0300] "POST /cormun/servlet/trsolicitudot?de166b82f0a2ad0691899485989a5d06,gx-no-cache=1527006672743 HTTP/1.1" 200 90
186.103.159.187 - - [22/May/2018:13:31:06 -0300] "GET /cormun/servlet/hpexe_link HTTP/1.1" 200 952
186.103.159.183 - - [22/May/2018:13:31:07 -0300] "POST /cormun/servlet/licenciaspermisos?7c3feeac371d549ecb83c11f57c33577,INS,0,,,,gx-no-cache=1527006607220 HTTP/1.1" 200 4698
186.103.159.187 - - [22/May/2018:13:31:07 -0300] "GET /cormun/servlet/hhome HTTP/1.1" 200 3909
40.77.190.17 - - [22/May/2018:13:31:08 -0300] "GET /cormun/static/Shared/ext/ext-all.js HTTP/1.1" 200 1289687
186.103.159.187 - - [22/May/2018:13:31:08 -0300] "GET /cormun/servlet/hhome HTTP/1.1" 200 3907
40.77.188.189 - - [22/May/2018:13:31:08 -0300] "GET /cormun/static/gxui/gxui-all.js HTTP/1.1" 200 107772
40.77.189.181 - - [22/May/2018:13:31:09 -0300] "GET /cormun/static/RunJS/RunJS.js HTTP/1.1" 200 288
40.77.190.2 - - [22/May/2018:13:31:10 -0300] "GET /cormun/static/PXToolsJavascripts/pexe_autoreload.js HTTP/1.1" 200 1762
186.103.159.187 - - [22/May/2018:13:31:10 -0300] "GET /cormun/servlet/hlogin HTTP/1.1" 200 1729
186.103.159.187 - - [22/May/2018:13:31:10 -0300] "GET /cormun/static/Resources/PXToolsButtonBackground2.png HTTP/1.1" 304 -
40.77.190.247 - - [22/May/2018:13:31:10 -0300] "GET /cormun/static/PXToolsJavascripts/pexe_cookies.js HTTP/1.1" 200 792
40.77.190.242 - - [22/May/2018:13:31:11 -0300] "GET /cormun/static/PXToolsJavascripts/pexe_windows.js HTTP/1.1" 200 15207
40.77.188.198 - - [22/May/2018:13:31:12 -0300] "GET /cormun/static/PXToolsJavascripts/pexe_grid.js HTTP/1.1" 200 7559
40.77.189.45 - - [22/May/2018:13:31:13 -0300] "GET /cormun/static/PXToolsJavascripts/pexe_link.js HTTP/1.1" 200 5671
40.77.189.23 - - [22/May/2018:13:31:14 -0300] "GET /cormun/static/PXToolsJavascripts/pexe_menudivfix.js HTTP/1.1" 200 333
40.77.189.239 - - [22/May/2018:13:31:15 -0300] "GET /cormun/static/PXToolsJavascripts/pexe_layers.js HTTP/1.1" 200 4114
40.77.189.45 - - [22/May/2018:13:31:15 -0300] "GET /cormun/static/PXToolsJavascripts/pexe_oav.js HTTP/1.1" 200 645
186.103.159.183 - - [22/May/2018:13:31:16 -0300] "POST /cormun/servlet/solicitudot?gx-no-cache=1527006615188 HTTP/1.1" 200 3292
186.103.159.183 - - [22/May/2018:13:31:16 -0300] "POST /cormun/servlet/solicitudot?bc1d409006ce165c2d7925d85eae9c50,INS,0,0,,gx-no-cache=1527006615397 HTTP/1.1" 200 10446
40.77.188.198 - - [22/May/2018:13:31:17 -0300] "GET /cormun/static/PXToolsJavascripts/pexe_picture.js HTTP/1.1" 200 689
40.77.190.107 - - [22/May/2018:13:31:17 -0300] "GET /cormun/static/PXToolsJavascripts/pexe_popup.js HTTP/1.1" 200 13458
40.77.190.37 - - [22/May/2018:13:31:18 -0300] "GET /cormun/static/PXToolsJavascripts/pexe_scrolldiv.js HTTP/1.1" 200 4138
40.77.190.37 - - [22/May/2018:13:31:18 -0300] "GET /cormun/static/PXToolsJavascripts/pexe_tabdivfix.js HTTP/1.1" 200 876
40.77.188.198 - - [22/May/2018:13:31:19 -0300] "GET /cormun/static/PXToolsJavascripts/pexe_tabs.js HTTP/1.1" 200 3748
186.103.159.187 - - [22/May/2018:13:31:19 -0300] "POST /cormun/servlet/hlogin?de166b82f0a2ad0691899485989a5d06,gx-no-cache=1527006685806 HTTP/1.1" 200 442
40.77.190.107 - - [22/May/2018:13:31:20 -0300] "GET /cormun/static/PXToolsJavascripts/PXToolsJavascriptsRender.js HTTP/1.1" 200 367
40.77.189.207 - - [22/May/2018:13:31:20 -0300] "GET /cormun/static/PXToolsJavascripts/pexe_upload.js HTTP/1.1" 200 1423
40.77.190.196 - - [22/May/2018:13:31:21 -0300] "GET /cormun/static/Shared/ext/locale/ext-lang-en.js HTTP/1.1" 200 10940
40.77.188.101 - - [22/May/2018:13:31:25 -0300] "GET /cormun/static/gxdec.js?85251 HTTP/1.1" 200 19579
186.103.156.24 - - [22/May/2018:13:31:26 -0300] "POST /cormun/servlet/permisogoce?9d0f52e92f2f59536b745dd45f57c12b,INS,0,,,,gx-no-cache=1527006616170 HTTP/1.1" 200 93
186.103.156.24 - - [22/May/2018:13:31:26 -0300] "GET /cormun/servlet/hpexe_return? HTTP/1.1" 200 1012
186.103.159.187 - - [22/May/2018:13:31:26 -0300] "POST /cormun/servlet/hlogin?de166b82f0a2ad0691899485989a5d06,gx-no-cache=1527006692714 HTTP/1.1" 200 90
40.77.188.3 - - [22/May/2018:13:31:26 -0300] "GET /cormun/static/messages.spa.js?85251 HTTP/1.1" 200 30736
186.103.159.187 - - [22/May/2018:13:31:26 -0300] "GET /cormun/servlet/hpexe_link HTTP/1.1" 200 948
186.103.159.183 - - [22/May/2018:13:31:26 -0300] "GET /cormun/servlet/trsolicitudot HTTP/1.1" 200 9099
186.103.159.187 - - [22/May/2018:13:31:27 -0300] "GET /cormun/servlet/hhome HTTP/1.1" 200 4146
207.46.13.4 - - [22/May/2018:13:31:28 -0300] "GET /cormun/static/Shared/ext/ext-all.js HTTP/1.1" 200 1289687
186.103.159.187 - - [22/May/2018:13:31:28 -0300] "GET /cormun/servlet/hhome HTTP/1.1" 200 4142
186.103.159.183 - - [22/May/2018:13:31:28 -0300] "GET /cormun/static/Shared/ext/ext-all.js HTTP/1.1" 200 1289687
40.77.189.85 - - [22/May/2018:13:31:28 -0300] "GET /cormun/static/hwchdr01.js?201752511465785 HTTP/1.1" 200 1183
40.77.188.27 - - [22/May/2018:13:31:28 -0300] "GET /cormun/static/trcontratoobservacion.js?20175251261223 HTTP/1.1" 200 25148
186.103.159.183 - - [22/May/2018:13:31:29 -0300] "GET /cormun/servlet/trsolicitudot HTTP/1.1" 200 9095
207.46.13.4 - - [22/May/2018:13:31:29 -0300] "GET /cormun/static/SmoothNavMenu/resources/ddsmoothmenu-v.css?1012540 HTTP/1.1" 200 1188
207.46.13.4 - - [22/May/2018:13:31:29 -0300] "GET /cormun/static/SmoothNavMenu/resources/ddsmoothmenu.css?1012540 HTTP/1.1" 200 2223
40.77.188.119 - - [22/May/2018:13:31:29 -0300] "GET /cormun/static/hpexe_recentlink.js?20177611595044 HTTP/1.1" 200 2144
207.46.13.4 - - [22/May/2018:13:31:29 -0300] "GET /cormun/static/hpexe_recentlink.js?20177611595044 HTTP/1.1" 200 2144
207.46.13.4 - - [22/May/2018:13:31:30 -0300] "GET /cormun/static/scaMessage/css/jquery.pnotify.default.css?1716380 HTTP/1.1" 200 1707
40.77.188.119 - - [22/May/2018:13:31:30 -0300] "GET /cormun/static/hpexe_scripts.js?201752511465715 HTTP/1.1" 200 1544
207.46.13.4 - - [22/May/2018:13:31:30 -0300] "GET /cormun/static/scaMessage/js/jquery.pnotify.min.js HTTP/1.1" 200 13038
40.77.188.119 - - [22/May/2018:13:31:30 -0300] "GET /cormun/static/hpexe_messagecontroller.js?20177611595012 HTTP/1.1" 200 870
186.103.159.183 - - [22/May/2018:13:31:31 -0300] "GET /cormun/servlet/solicitudot?INS,0,0, HTTP/1.1" 200 13638
40.77.189.51 - - [22/May/2018:13:31:31 -0300] "GET /cormun/static/hpexe_messagepopupcomponent.js?20161017169425 HTTP/1.1" 200 605
40.77.188.198 - - [22/May/2018:13:31:31 -0300] "GET /cormun/static/hpexe_messagegenexuscomponent.js?201752511465344 HTTP/1.1" 200 587
186.103.159.183 - - [22/May/2018:13:31:32 -0300] "GET /cormun/static/Shared/ext/ext-all.js HTTP/1.1" 200 1289687
40.77.189.177 - - [22/May/2018:13:31:32 -0300] "GET /cormun/static/cmcontrolpreferences.js?201752511465670 HTTP/1.1" 200 1375
186.103.159.183 - - [22/May/2018:13:31:32 -0300] "GET /cormun/servlet/solicitudot?INS,0,0, HTTP/1.1" 200 13643
186.103.156.24 - - [22/May/2018:13:31:33 -0300] "GET /cormun/servlet/trpermisosgoce HTTP/1.1" 200 11286
40.77.189.85 - - [22/May/2018:13:31:33 -0300] "GET /cormun/static/Shared/jquery/jquery-1.4.2.min.js HTTP/1.1" 200 72174
40.77.189.108 - - [22/May/2018:13:31:35 -0300] "GET /cormun/static/Shared/jquery/jquery-1.10.2.min.js HTTP/1.1" 200 273199
186.103.159.187 - - [22/May/2018:13:31:36 -0300] "GET /cormun/servlet/trautorizarsolicitud? HTTP/1.1" 200 9122
186.103.159.187 - - [22/May/2018:13:31:36 -0300] "GET /cormun/static/trautorizarsolicitud.js?201711142340425 HTTP/1.1" 304 -
40.77.167.75 - - [22/May/2018:13:31:36 -0300] "GET /cormun/static/scaMessage/scaMessageRender.js HTTP/1.1" 200 11977
40.77.167.176 - - [22/May/2018:13:31:37 -0300] "GET /cormun/static/Shared/ext/locale/ext-lang-en.js HTTP/1.1" 200 10940
186.103.159.187 - - [22/May/2018:13:31:37 -0300] "GET /cormun/servlet/trautorizarsolicitud? HTTP/1.1" 200 9120
40.77.189.61 - - [22/May/2018:13:31:37 -0300] "GET /cormun/static/Shared/jqueryui/jquery-ui.min.js HTTP/1.1" 200 240427
40.77.190.194 - - [22/May/2018:13:31:39 -0300] "GET /cormun/static/SmoothNavMenu/resources/ddsmoothmenu.js HTTP/1.1" 200 12712
40.77.190.148 - - [22/May/2018:13:31:39 -0300] "GET /cormun/static/SmoothNavMenu/resources/SmoothNavMenuRender.js HTTP/1.1" 200 5951
186.103.156.24 - - [22/May/2018:13:31:40 -0300] "GET /cormun/servlet/apermisogoceprn?13944581,P,20180522122723,PU HTTP/1.1" 200 1653
186.103.159.183 - - [22/May/2018:13:31:40 -0300] "POST /cormun/servlet/solicitudot?gx-no-cache=1527006639364 HTTP/1.1" 200 3291
40.77.188.250 - - [22/May/2018:13:31:41 -0300] "GET /cormun/static/hmpwkw03.js?20177612122668 HTTP/1.1" 200 3965
186.103.159.183 - - [22/May/2018:13:31:41 -0300] "POST /cormun/servlet/solicitudot?bc1d409006ce165c2d7925d85eae9c50,INS,0,0,,gx-no-cache=1527006639765 HTTP/1.1" 200 10445
207.46.13.3 - - [22/May/2018:13:31:42 -0300] "GET /cormun/static/SmoothNavMenu/resources/SmoothNavMenuRender.js HTTP/1.1" 200 5951
207.46.13.3 - - [22/May/2018:13:31:43 -0300] "GET /cormun/static/hpexe_messagegenexuscomponent.js?201752511465344 HTTP/1.1" 200 587
207.46.13.3 - - [22/May/2018:13:31:44 -0300] "GET /cormun/static/hwchdr01.js?201752511465785 HTTP/1.1" 200 1183
186.103.159.187 - - [22/May/2018:13:31:52 -0300] "POST /cormun/servlet/trautorizarsolicitud?de166b82f0a2ad0691899485989a5d06,,gx-no-cache=1527006718628 HTTP/1.1" 200 5800
186.103.159.187 - - [22/May/2018:13:31:52 -0300] "GET /cormun/static/Shared/jqueryui/images/ui-bg_highlight-soft_100_c6c2c8_1x100.png HTTP/1.1" 404 1117
186.103.159.187 - - [22/May/2018:13:31:52 -0300] "GET /cormun/static/Shared/jqueryui/images/ui-icons_82798d_256x240.png HTTP/1.1" 404 1089
186.103.159.187 - - [22/May/2018:13:31:52 -0300] "GET /cormun/static/Shared/jqueryui/images/ui-bg_flat_55_fafafa_40x100.png HTTP/1.1" 404 1097
186.103.159.187 - - [22/May/2018:13:31:52 -0300] "GET /cormun/static/Shared/jqueryui/images/ui-icons_8d78a5_256x240.png HTTP/1.1" 404 1089
186.103.159.187 - - [22/May/2018:13:31:53 -0300] "POST /cormun/servlet/trautorizarsolicitud?de166b82f0a2ad0691899485989a5d06,,gx-no-cache=1527006719016 HTTP/1.1" 200 5745
186.103.156.24 - - [22/May/2018:13:31:53 -0300] "GET /cormun/servlet/trpermisosgoce HTTP/1.1" 200 11281
186.103.159.183 - - [22/May/2018:13:31:57 -0300] "POST /cormun/servlet/solicitudot?gx-no-cache=1527006656042 HTTP/1.1" 200 3291
186.103.159.183 - - [22/May/2018:13:31:57 -0300] "POST /cormun/servlet/solicitudot?bc1d409006ce165c2d7925d85eae9c50,INS,0,0,,gx-no-cache=1527006656302 HTTP/1.1" 200 10501
200.111.191.210 - - [22/May/2018:13:32:05 -0300] "GET /cormun/servlet/permisogoce?INS,0,,, HTTP/1.1" 200 6800
200.111.191.210 - - [22/May/2018:13:32:05 -0300] "GET /cormun/servlet/permisogoce?INS,0,,, HTTP/1.1" 200 6800
186.103.156.24 - - [22/May/2018:13:32:08 -0300] "GET /cormun/servlet/permisogoce?INS,0,,, HTTP/1.1" 200 7095
186.103.159.183 - - [22/May/2018:13:32:08 -0300] "GET /cormun/static/menuarrow.gif HTTP/1.1" 404 1015
186.103.156.24 - - [22/May/2018:13:32:09 -0300] "GET /cormun/servlet/permisogoce?INS,0,,, HTTP/1.1" 200 7095
186.103.159.183 - - [22/May/2018:13:32:12 -0300] "POST /cormun/servlet/solicitudot?bc1d409006ce165c2d7925d85eae9c50,INS,0,0,,gx-no-cache=1527006671275 HTTP/1.1" 200 93
186.103.159.183 - - [22/May/2018:13:32:12 -0300] "GET /cormun/servlet/hpexe_return? HTTP/1.1" 200 1006
186.103.159.183 - - [22/May/2018:13:32:12 -0300] "GET /cormun/servlet/trsolicitudot HTTP/1.1" 200 9099
200.111.191.210 - - [22/May/2018:13:32:13 -0300] "GET /cormun/servlet/permisogoce?4915da183e6e377e3fbcca72e02c31f052695c86399e60a1452344bffd030aac04763705831371d5a696747da4dd338f,gx-no-cache=1527006720066 HTTP/1.1" 200 95
186.103.159.183 - - [22/May/2018:13:32:13 -0300] "GET /cormun/static/Shared/ext/ext-all.js HTTP/1.1" 200 1289687
186.103.159.183 - - [22/May/2018:13:32:13 -0300] "GET /cormun/servlet/trsolicitudot HTTP/1.1" 200 9095
200.111.191.210 - - [22/May/2018:13:32:20 -0300] "GET /cormun/servlet/permisogoce?4915da183e6e377e3fbcca72e02c31f00582ddc4329b67f346689f26927da8a65ad4f45c14fa27d1a411d14c463b977c19d828c36bebb90144150962afe7004f,gx-no-cache=1527006728014 HTTP/1.1" 200 48
186.103.159.187 - - [22/May/2018:13:32:32 -0300] "POST /cormun/servlet/trautorizarsolicitud?de166b82f0a2ad0691899485989a5d06,,gx-no-cache=1527006757862 HTTP/1.1" 200 4595
186.103.159.187 - - [22/May/2018:13:32:32 -0300] "POST /cormun/servlet/trautorizarsolicitud?de166b82f0a2ad0691899485989a5d06,,gx-no-cache=1527006758294 HTTP/1.1" 200 4368
200.111.191.210 - - [22/May/2018:13:32:52 -0300] "POST /cormun/servlet/permisogoce?bd5fa86627d82e3d61012f950aa8a872,INS,0,,,,gx-no-cache=1527006758890 HTTP/1.1" 200 93
200.111.191.210 - - [22/May/2018:13:32:52 -0300] "GET /cormun/servlet/hpexe_return? HTTP/1.1" 200 1014
200.111.191.210 - - [22/May/2018:13:32:52 -0300] "GET /cormun/servlet/trpermisosgoce HTTP/1.1" 200 16579
200.111.191.210 - - [22/May/2018:13:32:53 -0300] "GET /cormun/servlet/trpermisosgoce HTTP/1.1" 200 16572
186.103.159.183 - - [22/May/2018:13:32:58 -0300] "POST /cormun/servlet/trsolicitudot?bc1d409006ce165c2d7925d85eae9c50,gx-no-cache=1527006716625 HTTP/1.1" 200 5887
200.111.191.210 - - [22/May/2018:13:33:00 -0300] "GET /cormun/servlet/apermisogoceprn?7643526,P,20180522122853,PU HTTP/1.1" 200 1684
186.103.159.187 - - [22/May/2018:13:33:19 -0300] "GET /cormun/servlet/hhome HTTP/1.1" 200 3407
186.103.159.187 - - [22/May/2018:13:33:22 -0300] "GET /cormun/servlet/hhome HTTP/1.1" 200 3407
186.103.159.187 - - [22/May/2018:13:33:25 -0300] "GET /cormun/servlet/hhome HTTP/1.1" 200 3417
186.103.159.187 - - [22/May/2018:13:33:25 -0300] "GET /cormun/servlet/hlogin HTTP/1.1" 200 1730
186.103.159.183 - - [22/May/2018:13:33:32 -0300] "GET /cormun/servlet/trsolicitudot HTTP/1.1" 200 8799
186.103.159.183 - - [22/May/2018:13:33:32 -0300] "GET /cormun/static/Shared/ext/resources/css/ext-all.css?215870 HTTP/1.1" 304 -
186.103.159.183 - - [22/May/2018:13:33:32 -0300] "GET /cormun/static/calendar-system.css?85620 HTTP/1.1" 304 -
186.103.159.183 - - [22/May/2018:13:33:32 -0300] "GET /cormun/static/Resources/Spanish/PXTools.css?1255365 HTTP/1.1" 304 -
186.103.159.183 - - [22/May/2018:13:33:32 -0300] "GET /cormun/static/Shared/jqueryui/jquery-ui.min.css?1245370 HTTP/1.1" 304 -
186.103.159.183 - - [22/May/2018:13:33:32 -0300] "GET /cormun/static/SmoothNavMenu/resources/ddsmoothmenu.css?1012540 HTTP/1.1" 304 -
186.103.159.183 - - [22/May/2018:13:33:32 -0300] "GET /cormun/static/SmoothNavMenu/resources/ddsmoothmenu-v.css?1012540 HTTP/1.1" 304 -
186.103.159.183 - - [22/May/2018:13:33:32 -0300] "GET /cormun/static/gxui/gxui-all.css?120300 HTTP/1.1" 304 -
186.103.159.183 - - [22/May/2018:13:33:32 -0300] "GET /cormun/static/scaMessage/css/jquery.pnotify.default.css?1716380 HTTP/1.1" 304 -
186.103.159.183 - - [22/May/2018:13:33:32 -0300] "GET /cormun/static/gxgral.js?85251 HTTP/1.1" 304 -
186.103.159.183 - - [22/May/2018:13:33:32 -0300] "GET /cormun/static/calendar.js?85251 HTTP/1.1" 304 -
186.103.159.183 - - [22/May/2018:13:33:32 -0300] "GET /cormun/static/gxtimezone.js?85251 HTTP/1.1" 304 -
186.103.159.183 - - [22/May/2018:13:33:32 -0300] "GET /cormun/static/calendar-setup.js?85251 HTTP/1.1" 304 -
186.103.159.183 - - [22/May/2018:13:33:32 -0300] "GET /cormun/static/gxcfg.js?2017111422585916 HTTP/1.1" 304 -
186.103.159.183 - - [22/May/2018:13:33:32 -0300] "GET /cormun/static/calendar-es.js?85251 HTTP/1.1" 304 -
186.103.159.183 - - [22/May/2018:13:33:32 -0300] "GET /cormun/static/gxui/gxui-all.js HTTP/1.1" 304 -
186.103.159.183 - - [22/May/2018:13:33:32 -0300] "GET /cormun/static/RunJS/RunJS.js HTTP/1.1" 304 -
186.103.159.183 - - [22/May/2018:13:33:32 -0300] "GET /cormun/static/PXToolsJavascripts/pexe_autoreload.js HTTP/1.1" 304 -
186.103.159.183 - - [22/May/2018:13:33:32 -0300] "GET /cormun/static/PXToolsJavascripts/pexe_cookies.js HTTP/1.1" 304 -
186.103.159.183 - - [22/May/2018:13:33:32 -0300] "GET /cormun/static/PXToolsJavascripts/pexe_windows.js HTTP/1.1" 304 -
186.103.159.183 - - [22/May/2018:13:33:32 -0300] "GET /cormun/static/PXToolsJavascripts/pexe_grid.js HTTP/1.1" 304 -
186.103.159.183 - - [22/May/2018:13:33:32 -0300] "GET /cormun/static/PXToolsJavascripts/pexe_menudivfix.js HTTP/1.1" 304 -
186.103.159.183 - - [22/May/2018:13:33:32 -0300] "GET /cormun/static/PXToolsJavascripts/pexe_link.js HTTP/1.1" 304 -
186.103.159.183 - - [22/May/2018:13:33:32 -0300] "GET /cormun/static/PXToolsJavascripts/pexe_griddivfix.js HTTP/1.1" 304 -
186.103.159.183 - - [22/May/2018:13:33:32 -0300] "GET /cormun/static/PXToolsJavascripts/pexe_menus.js HTTP/1.1" 304 -
186.103.159.183 - - [22/May/2018:13:33:32 -0300] "GET /cormun/static/PXToolsJavascripts/pexe_layers.js HTTP/1.1" 304 -
186.103.159.183 - - [22/May/2018:13:33:32 -0300] "GET /cormun/static/PXToolsJavascripts/pexe_oav.js HTTP/1.1" 304 -
186.103.159.183 - - [22/May/2018:13:33:32 -0300] "GET /cormun/static/PXToolsJavascripts/pexe_oavdivfix.js HTTP/1.1" 304 -
186.103.159.183 - - [22/May/2018:13:33:32 -0300] "GET /cormun/static/PXToolsJavascripts/pexe_picture.js HTTP/1.1" 304 -
186.103.159.183 - - [22/May/2018:13:33:32 -0300] "GET /cormun/static/PXToolsJavascripts/pexe_popup.js HTTP/1.1" 304 -
186.103.159.183 - - [22/May/2018:13:33:32 -0300] "GET /cormun/static/PXToolsJavascripts/pexe_scrolldiv.js HTTP/1.1" 304 -
186.103.159.183 - - [22/May/2018:13:33:32 -0300] "GET /cormun/static/PXToolsJavascripts/pexe_tabdivfix.js HTTP/1.1" 304 -
186.103.159.183 - - [22/May/2018:13:33:32 -0300] "GET /cormun/static/PXToolsJavascripts/pexe_tabs.js HTTP/1.1" 304 -
186.103.159.183 - - [22/May/2018:13:33:32 -0300] "GET /cormun/static/PXToolsJavascripts/pexe_upload.js HTTP/1.1" 304 -
186.103.159.183 - - [22/May/2018:13:33:32 -0300] "GET /cormun/static/PXToolsJavascripts/PXToolsJavascriptsRender.js HTTP/1.1" 304 -
186.103.159.183 - - [22/May/2018:13:33:32 -0300] "GET /cormun/static/Shared/ext/locale/ext-lang-en.js HTTP/1.1" 304 -
186.103.159.183 - - [22/May/2018:13:33:32 -0300] "GET /cormun/static/messages.spa.js?85251 HTTP/1.1" 304 -
186.103.159.183 - - [22/May/2018:13:33:32 -0300] "GET /cormun/static/gxdec.js?85251 HTTP/1.1" 304 -
186.103.159.183 - - [22/May/2018:13:33:32 -0300] "GET /cormun/static/trsolicitudot.js?201711142259839 HTTP/1.1" 304 -
186.103.159.183 - - [22/May/2018:13:33:32 -0300] "GET /cormun/static/hwchdr01.js?201752511465785 HTTP/1.1" 304 -
186.103.159.183 - - [22/May/2018:13:33:32 -0300] "GET /cormun/static/hpexe_recentlink.js?20177611595044 HTTP/1.1" 304 -
186.103.159.183 - - [22/May/2018:13:33:32 -0300] "GET /cormun/static/hpexe_scripts.js?201752511465715 HTTP/1.1" 304 -
186.103.159.183 - - [22/May/2018:13:33:32 -0300] "GET /cormun/static/hpexe_messagecontroller.js?20177611595012 HTTP/1.1" 304 -
186.103.159.183 - - [22/May/2018:13:33:32 -0300] "GET /cormun/static/hpexe_messagepopupcomponent.js?20161017169425 HTTP/1.1" 304 -
186.103.159.183 - - [22/May/2018:13:33:32 -0300] "GET /cormun/static/hpexe_messagegenexuscomponent.js?201752511465344 HTTP/1.1" 304 -
186.103.159.183 - - [22/May/2018:13:33:32 -0300] "GET /cormun/static/cmcontrolpreferences.js?201752511465670 HTTP/1.1" 304 -
186.103.159.183 - - [22/May/2018:13:33:32 -0300] "GET /cormun/static/Shared/jquery/jquery-1.4.2.min.js HTTP/1.1" 304 -
186.103.159.183 - - [22/May/2018:13:33:32 -0300] "GET /cormun/static/Shared/jquery/jquery-1.10.2.min.js HTTP/1.1" 304 -
186.103.159.183 - - [22/May/2018:13:33:32 -0300] "GET /cormun/static/Shared/jqueryui/jquery-ui.min.js HTTP/1.1" 304 -
186.103.159.183 - - [22/May/2018:13:33:32 -0300] "GET /cormun/static/SmoothNavMenu/resources/ddsmoothmenu.js HTTP/1.1" 304 -
186.103.159.183 - - [22/May/2018:13:33:32 -0300] "GET /cormun/static/SmoothNavMenu/resources/SmoothNavMenuRender.js HTTP/1.1" 304 -
186.103.159.183 - - [22/May/2018:13:33:32 -0300] "GET /cormun/static/scaMessage/js/jquery.pnotify.min.js HTTP/1.1" 304 -
186.103.159.183 - - [22/May/2018:13:33:32 -0300] "GET /cormun/static/scaMessage/scaMessageRender.js HTTP/1.1" 304 -
186.103.159.183 - - [22/May/2018:13:33:32 -0300] "GET /cormun/static/hmpwkw03.js?20177612122668 HTTP/1.1" 304 -
186.103.159.183 - - [22/May/2018:13:33:33 -0300] "GET /cormun/static/Shared/ext/ext-all.js HTTP/1.1" 200 1289687
186.103.159.183 - - [22/May/2018:13:33:33 -0300] "GET /cormun/static/Resources/logo4.png HTTP/1.1" 304 -
186.103.159.183 - - [22/May/2018:13:33:33 -0300] "GET /cormun/static/Resources/PXToolsHeaderActionsLeft.png HTTP/1.1" 304 -
186.103.159.183 - - [22/May/2018:13:33:33 -0300] "GET /cormun/static/Resources/PXToolsHeaderPreferences.png HTTP/1.1" 304 -
186.103.159.183 - - [22/May/2018:13:33:33 -0300] "GET /cormun/static/Resources/PXToolsHeaderHome.png HTTP/1.1" 304 -
186.103.159.183 - - [22/May/2018:13:33:33 -0300] "GET /cormun/static/Resources/PXToolsHeaderSecurity.png HTTP/1.1" 304 -
186.103.159.183 - - [22/May/2018:13:33:33 -0300] "GET /cormun/static/Resources/PXToolsHeaderLogin.png HTTP/1.1" 304 -
186.103.159.183 - - [22/May/2018:13:33:33 -0300] "GET /cormun/static/Resources/PXToolsHeaderActionsRight.png HTTP/1.1" 304 -
186.103.159.183 - - [22/May/2018:13:33:33 -0300] "GET /cormun/static/Resources/PXToolsDataSearch.png HTTP/1.1" 304 -
186.103.159.183 - - [22/May/2018:13:33:33 -0300] "GET /cormun/static/Resources/PXToolsGridFirstDisabled.gif HTTP/1.1" 304 -
186.103.159.183 - - [22/May/2018:13:33:33 -0300] "GET /cormun/static/Resources/PXToolsGridNextDisabled.gif HTTP/1.1" 304 -
186.103.159.183 - - [22/May/2018:13:33:33 -0300] "GET /cormun/static/Resources/PXToolsGridPreviousDisabled.gif HTTP/1.1" 304 -
186.103.159.183 - - [22/May/2018:13:33:33 -0300] "GET /cormun/static/Resources/PXToolsGridLastDisabled.gif HTTP/1.1" 304 -
186.103.159.183 - - [22/May/2018:13:33:33 -0300] "GET /cormun/static/Resources/PXToolsActionExcel.png HTTP/1.1" 304 -
186.103.159.183 - - [22/May/2018:13:33:33 -0300] "GET /cormun/static/Resources/PXToolsFooterBackground2.png HTTP/1.1" 304 -
186.103.159.183 - - [22/May/2018:13:33:33 -0300] "GET /cormun/static/Resources/PXToolsGridNew.png HTTP/1.1" 304 -
186.103.159.183 - - [22/May/2018:13:33:33 -0300] "GET /cormun/static/Resources/PXToolsHeaderBackground2.png HTTP/1.1" 304 -
186.103.159.183 - - [22/May/2018:13:33:33 -0300] "GET /cormun/static/Resources/PXToolsHeaderActionsBackground.png HTTP/1.1" 304 -
186.103.159.183 - - [22/May/2018:13:33:33 -0300] "GET /cormun/static/Resources/PXToolsDataTitle.png HTTP/1.1" 304 -
186.103.159.183 - - [22/May/2018:13:33:33 -0300] "GET /cormun/static/Resources/indicator.gif HTTP/1.1" 304 -
186.103.159.183 - - [22/May/2018:13:33:33 -0300] "GET /cormun/static/Resources/asc.gif HTTP/1.1" 304 -
186.103.159.183 - - [22/May/2018:13:33:33 -0300] "GET /cormun/static/Resources/desc.gif HTTP/1.1" 304 -
186.103.159.183 - - [22/May/2018:13:33:33 -0300] "GET /cormun//static/Resources/PXToolsGridUpdate.png HTTP/1.1" 304 -
186.103.159.183 - - [22/May/2018:13:33:33 -0300] "GET /cormun//static/Resources/PXToolsGridDelete.png HTTP/1.1" 304 -
186.103.159.183 - - [22/May/2018:13:33:33 -0300] "GET /cormun//static/Resources/PXToolsRemoveAllAction.png HTTP/1.1" 304 -
186.103.159.183 - - [22/May/2018:13:33:33 -0300] "GET /cormun//static/Resources/PXTools/ActionInsert.png HTTP/1.1" 304 -
186.103.159.183 - - [22/May/2018:13:33:33 -0300] "GET /cormun//static/Resources/PXToolsActionView.png HTTP/1.1" 304 -
186.103.159.183 - - [22/May/2018:13:33:33 -0300] "GET /cormun/static/SmoothNavMenu/resources/images/down.gif HTTP/1.1" 304 -
186.103.159.183 - - [22/May/2018:13:33:33 -0300] "GET /cormun/static/SmoothNavMenu/resources/images/right.gif HTTP/1.1" 304 -
186.103.159.183 - - [22/May/2018:13:33:33 -0300] "GET /cormun/static/Shared/ext/resources/themes/images/default/panel/bg-headersPanel.png HTTP/1.1" 304 -
186.103.159.183 - - [22/May/2018:13:33:33 -0300] "GET /cormun/static/Shared/ext/resources/themes/images/default/tools/tool-sprites.gif HTTP/1.1" 304 -
186.103.159.183 - - [22/May/2018:13:33:33 -0300] "GET /cormun/servlet/trsolicitudot HTTP/1.1" 200 8795
186.103.159.183 - - [22/May/2018:13:33:33 -0300] "GET /cormun/static/Resources/PXTools/calendar.png HTTP/1.1" 304 -
186.103.159.183 - - [22/May/2018:13:33:34 -0300] "GET /cormun/static/Resources/PXToolsGridPage.gif HTTP/1.1" 304 -
186.103.159.187 - - [22/May/2018:13:33:34 -0300] "POST /cormun/servlet/hlogin?dac8db99e65f483ed0a7c75477a45f60,gx-no-cache=1527006820025 HTTP/1.1" 200 443
186.103.159.183 - - [22/May/2018:13:33:39 -0300] "POST /cormun/servlet/trsolicitudot?bc1d409006ce165c2d7925d85eae9c50,gx-no-cache=1527006757620 HTTP/1.1" 200 4692
186.103.159.183 - - [22/May/2018:13:33:39 -0300] "GET /cormun/static/Shared/jqueryui/images/ui-bg_highlight-soft_100_c6c2c8_1x100.png HTTP/1.1" 404 1117
186.103.159.183 - - [22/May/2018:13:33:39 -0300] "GET /cormun/static/Shared/jqueryui/images/ui-icons_82798d_256x240.png HTTP/1.1" 404 1089
186.103.159.183 - - [22/May/2018:13:33:39 -0300] "GET /cormun/static/Shared/jqueryui/images/ui-bg_flat_55_fafafa_40x100.png HTTP/1.1" 404 1097
186.103.159.183 - - [22/May/2018:13:33:39 -0300] "GET /cormun/static/Shared/jqueryui/images/ui-icons_8d78a5_256x240.png HTTP/1.1" 404 1089
186.103.159.183 - - [22/May/2018:13:33:39 -0300] "POST /cormun/servlet/trsolicitudot?bc1d409006ce165c2d7925d85eae9c50,gx-no-cache=1527006758256 HTTP/1.1" 200 4449
186.103.159.187 - - [22/May/2018:13:33:39 -0300] "POST /cormun/servlet/hlogin?dac8db99e65f483ed0a7c75477a45f60,gx-no-cache=1527006825787 HTTP/1.1" 200 90
186.103.159.187 - - [22/May/2018:13:33:39 -0300] "GET /cormun/servlet/hpexe_link HTTP/1.1" 200 951
186.103.159.187 - - [22/May/2018:13:33:40 -0300] "GET /cormun/servlet/hhome HTTP/1.1" 200 3912
186.103.159.187 - - [22/May/2018:13:33:41 -0300] "GET /cormun/servlet/hhome HTTP/1.1" 200 3910
186.103.159.183 - - [22/May/2018:13:33:41 -0300] "GET /cormun/servlet/trautorizarsolicitud? HTTP/1.1" 200 8988
186.103.159.183 - - [22/May/2018:13:33:41 -0300] "GET /cormun/static/gxcfg.js?2017111423403364 HTTP/1.1" 200 953
186.103.159.183 - - [22/May/2018:13:33:41 -0300] "GET /cormun/static/trautorizarsolicitud.js?201711142340425 HTTP/1.1" 200 53910
186.103.159.183 - - [22/May/2018:13:33:42 -0300] "GET /cormun/static/Shared/ext/ext-all.js HTTP/1.1" 200 1289687
186.103.159.183 - - [22/May/2018:13:33:43 -0300] "GET /cormun/servlet/trautorizarsolicitud? HTTP/1.1" 200 8988
186.103.159.188 - - [22/May/2018:13:33:51 -0300] "GET /cormun/servlet/hlogin HTTP/1.1" 200 1725
186.103.159.188 - - [22/May/2018:13:33:51 -0300] "GET /cormun/static/Resources/Spanish/PXTools.css?11423723 HTTP/1.1" 304 -
186.103.159.188 - - [22/May/2018:13:33:51 -0300] "GET /cormun/static/hlogin.js?20175251213537 HTTP/1.1" 304 -
186.103.159.183 - - [22/May/2018:13:33:58 -0300] "POST /cormun/servlet/trautorizarsolicitud?bc1d409006ce165c2d7925d85eae9c50,,gx-no-cache=1527006777354 HTTP/1.1" 200 5807
186.103.159.183 - - [22/May/2018:13:33:58 -0300] "GET /cormun/static/Shared/jqueryui/images/ui-icons_82798d_256x240.png HTTP/1.1" 404 1089
186.103.159.183 - - [22/May/2018:13:33:58 -0300] "GET /cormun/static/Shared/jqueryui/images/ui-bg_highlight-soft_100_c6c2c8_1x100.png HTTP/1.1" 404 1117
186.103.159.183 - - [22/May/2018:13:33:58 -0300] "GET /cormun/static/Shared/jqueryui/images/ui-bg_flat_55_fafafa_40x100.png HTTP/1.1" 404 1097
186.103.159.183 - - [22/May/2018:13:33:58 -0300] "GET /cormun/static/Shared/jqueryui/images/ui-icons_8d78a5_256x240.png HTTP/1.1" 404 1089
186.103.159.183 - - [22/May/2018:13:33:58 -0300] "POST /cormun/servlet/trautorizarsolicitud?bc1d409006ce165c2d7925d85eae9c50,,gx-no-cache=1527006777643 HTTP/1.1" 200 5752
186.103.159.188 - - [22/May/2018:13:34:00 -0300] "POST /cormun/servlet/hlogin?2fcee4efd1306ce2ddfeeed9455fe3e4,gx-no-cache=1527006779789 HTTP/1.1" 200 90
186.103.159.188 - - [22/May/2018:13:34:00 -0300] "GET /cormun/servlet/hpexe_link HTTP/1.1" 200 952
186.103.159.188 - - [22/May/2018:13:34:00 -0300] "GET /cormun/static/Resources/Spanish/PXTools.css?1155365 HTTP/1.1" 304 -
186.103.159.188 - - [22/May/2018:13:34:00 -0300] "GET /cormun/static/hpexe_link.js?20177612121795 HTTP/1.1" 304 -
186.103.159.188 - - [22/May/2018:13:34:00 -0300] "GET /cormun/servlet/hhome HTTP/1.1" 200 4146
186.103.159.188 - - [22/May/2018:13:34:00 -0300] "GET /cormun/static/hhome.js?20175251212450 HTTP/1.1" 304 -
186.103.159.188 - - [22/May/2018:13:34:00 -0300] "GET /cormun/static/hpexe_recentlink.js?20177611595044 HTTP/1.1" 304 -
186.103.159.188 - - [22/May/2018:13:34:00 -0300] "GET /cormun/static/hwchdr01.js?201752511465785 HTTP/1.1" 304 -
186.103.159.188 - - [22/May/2018:13:34:00 -0300] "GET /cormun/static/hpexe_messagecontroller.js?20177611595012 HTTP/1.1" 304 -
190.161.236.41 - - [22/May/2018:13:34:00 -0300] "GET /cormun/static/hpexe_scripts.js?201752511465715 HTTP/1.1" 304 -
186.103.159.188 - - [22/May/2018:13:34:00 -0300] "GET /cormun/static/hpexe_messagepopupcomponent.js?20161017169425 HTTP/1.1" 304 -
186.103.159.188 - - [22/May/2018:13:34:00 -0300] "GET /cormun/static/hpexe_messagegenexuscomponent.js?201752511465344 HTTP/1.1" 304 -
190.161.236.41 - - [22/May/2018:13:34:00 -0300] "GET /cormun/static/cmcontrolpreferences.js?201752511465670 HTTP/1.1" 304 -
186.103.159.183 - - [22/May/2018:13:34:00 -0300] "POST /cormun/servlet/trautorizarsolicitud?bc1d409006ce165c2d7925d85eae9c50,,gx-no-cache=1527006779869 HTTP/1.1" 200 4624
186.103.159.188 - - [22/May/2018:13:34:00 -0300] "GET /cormun/static/hmpwkw03.js?20177612122668 HTTP/1.1" 304 -
186.103.159.188 - - [22/May/2018:13:34:01 -0300] "GET /cormun/servlet/hhome HTTP/1.1" 200 4142
186.103.159.183 - - [22/May/2018:13:34:01 -0300] "POST /cormun/servlet/trautorizarsolicitud?bc1d409006ce165c2d7925d85eae9c50,,gx-no-cache=1527006780125 HTTP/1.1" 200 4382
186.103.159.183 - - [22/May/2018:13:34:11 -0300] "GET /cormun/servlet/hlogin HTTP/1.1" 200 1741
186.103.159.189 - - [22/May/2018:13:34:29 -0300] "GET /cormun/servlet/hlogin HTTP/1.1" 200 1715
186.103.159.189 - - [22/May/2018:13:34:29 -0300] "GET /cormun/servlet/hlogin HTTP/1.1" 200 1715
186.103.159.189 - - [22/May/2018:13:34:29 -0300] "GET /cormun/static/gxcfg.js?20175251213516 HTTP/1.1" 304 -
186.103.159.189 - - [22/May/2018:13:34:29 -0300] "GET /cormun/static/messages.spa.js?85251 HTTP/1.1" 304 -
186.103.159.189 - - [22/May/2018:13:34:30 -0300] "GET /cormun/servlet/hlogin HTTP/1.1" 200 1726
186.103.159.189 - - [22/May/2018:13:34:30 -0300] "GET /favicon.ico HTTP/1.1" 200 21630
186.103.159.188 - - [22/May/2018:13:34:32 -0300] "GET /cormun/servlet/trautorizarsolicitud? HTTP/1.1" 200 8595
186.103.159.188 - - [22/May/2018:13:34:32 -0300] "GET /cormun/static/Resources/Spanish/PXTools.css?1255365 HTTP/1.1" 304 -
186.103.159.188 - - [22/May/2018:13:34:32 -0300] "GET /cormun/servlet/trautorizarsolicitud? HTTP/1.1" 200 8593
186.103.159.188 - - [22/May/2018:13:34:38 -0300] "POST /cormun/servlet/trautorizarsolicitud?2fcee4efd1306ce2ddfeeed9455fe3e4,,gx-no-cache=1527006817243 HTTP/1.1" 200 4602
186.103.159.188 - - [22/May/2018:13:34:38 -0300] "GET /cormun/static/Shared/jqueryui/images/ui-icons_82798d_256x240.png HTTP/1.1" 404 1089
186.103.159.188 - - [22/May/2018:13:34:38 -0300] "GET /cormun/static/Shared/jqueryui/images/ui-bg_highlight-soft_100_c6c2c8_1x100.png HTTP/1.1" 404 1117
190.161.236.41 - - [22/May/2018:13:34:38 -0300] "GET /cormun/static/Shared/jqueryui/images/ui-icons_8d78a5_256x240.png HTTP/1.1" 404 1089
186.103.159.188 - - [22/May/2018:13:34:38 -0300] "GET /cormun/static/Shared/jqueryui/images/ui-bg_flat_55_fafafa_40x100.png HTTP/1.1" 404 1097
190.161.236.41 - - [22/May/2018:13:34:38 -0300] "POST /cormun/servlet/trautorizarsolicitud?2fcee4efd1306ce2ddfeeed9455fe3e4,,gx-no-cache=1527006817559 HTTP/1.1" 200 4378
186.103.159.189 - - [22/May/2018:13:34:41 -0300] "POST /cormun/servlet/hlogin?323e1461c513e3de6440899132e5c1a3,gx-no-cache=1527006821129 HTTP/1.1" 200 442
186.103.159.189 - - [22/May/2018:13:34:45 -0300] "POST /cormun/servlet/hlogin?323e1461c513e3de6440899132e5c1a3,gx-no-cache=1527006825058 HTTP/1.1" 200 90
186.103.159.189 - - [22/May/2018:13:34:45 -0300] "GET /cormun/servlet/hpexe_link HTTP/1.1" 200 947
186.103.159.189 - - [22/May/2018:13:34:45 -0300] "GET /cormun/static/gxcfg.js?20177612121792 HTTP/1.1" 304 -
186.103.159.189 - - [22/May/2018:13:34:45 -0300] "GET /cormun/servlet/hhome HTTP/1.1" 200 3980
186.103.159.189 - - [22/May/2018:13:34:46 -0300] "GET /cormun/static/gxcfg.js?20175251212442 HTTP/1.1" 304 -
186.103.159.189 - - [22/May/2018:13:34:47 -0300] "GET /cormun/servlet/hhome HTTP/1.1" 200 3978
186.103.159.189 - - [22/May/2018:13:34:50 -0300] "GET /cormun/servlet/trsolicitudot? HTTP/1.1" 200 7186
186.103.159.189 - - [22/May/2018:13:34:50 -0300] "GET /cormun/static/Resources/Spanish/PXTools.css?1255365 HTTP/1.1" 304 -
186.103.159.189 - - [22/May/2018:13:34:50 -0300] "GET /cormun/static/gxcfg.js?2017111422585916 HTTP/1.1" 304 -
186.103.159.189 - - [22/May/2018:13:34:50 -0300] "GET /cormun/static/trsolicitudot.js?201711142259839 HTTP/1.1" 304 -
186.103.159.189 - - [22/May/2018:13:34:51 -0300] "GET /cormun/servlet/trsolicitudot? HTTP/1.1" 200 7185
186.103.159.189 - - [22/May/2018:13:34:54 -0300] "GET /cormun/servlet/solicitudot?INS,0,0, HTTP/1.1" 200 13430
186.103.159.189 - - [22/May/2018:13:34:54 -0300] "GET /cormun/static/gxcfg.js?201812313224582 HTTP/1.1" 200 953
186.103.159.189 - - [22/May/2018:13:34:54 -0300] "GET /cormun/static/solicitudot.js?201812313224831 HTTP/1.1" 304 -
186.103.159.189 - - [22/May/2018:13:34:56 -0300] "GET /cormun/servlet/solicitudot?INS,0,0, HTTP/1.1" 200 13435
186.103.159.189 - - [22/May/2018:13:35:00 -0300] "GET /cormun/servlet/prfichaempleado?,MD,,gxPopupLevel%3D0%3B HTTP/1.1" 200 9329
186.103.159.187 - - [22/May/2018:13:35:03 -0300] "GET /cormun/servlet/hhome HTTP/1.1" 200 3408
186.103.156.24 - - [22/May/2018:13:35:06 -0300] "GET /cormun/servlet/permisogoce?dd4e9ac5de56ff72ed9323bc78af503f790028a6da9c9bcb8f14cef185c602fde04aa0a0316ec690c1c1ca0ca1cf8b0a32be52b82e1083d8ebda2d4afbdd175c,gx-no-cache=1527006845140 HTTP/1.1" 200 75
186.103.156.24 - - [22/May/2018:13:35:06 -0300] "GET /cormun/static/menuarrow.gif HTTP/1.1" 404 1015
186.103.159.187 - - [22/May/2018:13:35:10 -0300] "GET /cormun/servlet/hhome HTTP/1.1" 200 3417
186.103.159.187 - - [22/May/2018:13:35:10 -0300] "GET /cormun/servlet/hlogin HTTP/1.1" 200 1733
186.103.156.24 - - [22/May/2018:13:35:12 -0300] "GET /cormun/servlet/permisogoce?dd4e9ac5de56ff72ed9323bc78af503fe4fc497d63a9527f6392b0824f8cfef892f7adb7068e7ab7a39a7955a7a1a089a94d74769740f2ffc379d0e88f6d922c,gx-no-cache=1527006851510 HTTP/1.1" 200 46
186.103.156.24 - - [22/May/2018:13:35:16 -0300] "POST /cormun/servlet/permisogoce?9d0f52e92f2f59536b745dd45f57c12b,INS,0,,,,gx-no-cache=1527006855377 HTTP/1.1" 200 93
186.103.156.24 - - [22/May/2018:13:35:16 -0300] "GET /cormun/servlet/hpexe_return? HTTP/1.1" 200 1012
186.103.156.24 - - [22/May/2018:13:35:17 -0300] "GET /cormun/servlet/trpermisosgoce HTTP/1.1" 200 11552
186.103.156.24 - - [22/May/2018:13:35:17 -0300] "GET /cormun/servlet/trpermisosgoce HTTP/1.1" 200 11575
186.103.159.187 - - [22/May/2018:13:35:18 -0300] "POST /cormun/servlet/hlogin?997d840ddefc96a2712b3a78b9574610,gx-no-cache=1527006924360 HTTP/1.1" 200 445
186.103.159.183 - - [22/May/2018:13:35:23 -0300] "GET /cormun/servlet/licenciaspermisos?8b6a8741b564ff7cb2fffc5f5f3b845973b98134d0ce52c592d23bfdce1c7a0cd475a0fcbaf8c44804a41392ccd6737ff3ca62f038fdb5c4887b8e844893a04c73df3636147a6693c513a9c737424a631d2da9e29457b17294fe999178aaaf142e7782d957309f9f68ab78d443d297767aad5c58dedf38a0dc3e2c0b842425aef99c715ff158d63d69e8088063f949c26f515ee7a1834ee0c7b6d07d78b3ec39524553fbc7bfb19047f9ef5391104a4c0a419fa9a696c11f0d4e91860c0b1b64797abefcd2a1922b6ae43ca8ac2b8798d649f04326ab6df86d0cfc91877d6e1c,gx-no-cache=1527006863298 HTTP/1.1" 200 30
186.103.159.187 - - [22/May/2018:13:35:23 -0300] "POST /cormun/servlet/hlogin?997d840ddefc96a2712b3a78b9574610,gx-no-cache=1527006929292 HTTP/1.1" 200 90
186.103.159.187 - - [22/May/2018:13:35:23 -0300] "GET /cormun/servlet/hpexe_link HTTP/1.1" 200 954
186.103.159.183 - - [22/May/2018:13:35:23 -0300] "GET /cormun/servlet/licenciaspermisos?8b6a8741b564ff7cb2fffc5f5f3b845969b0fb6a644544f4c3dfedfa533bc3f2cce22227763128ae212bc882b86172c6241533966066cc4f41ce85b115a085a9d8edba4dbdefff18cd274e34665b26a12b095731d4cdac195a1352f78dd1cdfd2d9c5528571f2e1bba0a967eeb3d45d65ec3516d5c47bd8977ef84648b1a0f9fd49bd3e8660ec4ea8b7fa801c50814326c66a548a3ba09b5fc4410b2c7b12e94402d7bee02b7ce68ad957d1211111dba65027c096d21cc3478d3d6a8a9990b192d33d198bf012b1b9130434873187ad8ba563bce72f44dbc2b9382fc90747be3,gx-no-cache=1527006863854 HTTP/1.1" 200 29
186.103.159.187 - - [22/May/2018:13:35:23 -0300] "GET /cormun/servlet/hhome HTTP/1.1" 200 4149
186.103.159.183 - - [22/May/2018:13:35:24 -0300] "POST /cormun/servlet/licenciaspermisos?7c3feeac371d549ecb83c11f57c33577,INS,0,,,,gx-no-cache=1527006863898 HTTP/1.1" 200 93
186.103.159.183 - - [22/May/2018:13:35:24 -0300] "GET /cormun/servlet/hpexe_return? HTTP/1.1" 200 1014
186.103.159.183 - - [22/May/2018:13:35:24 -0300] "GET /cormun/static/gxcfg.js?2016101716175148 HTTP/1.1" 200 953
186.103.159.183 - - [22/May/2018:13:35:24 -0300] "GET /cormun/static/hpexe_return.js?2016101716175153 HTTP/1.1" 200 1633
186.103.159.183 - - [22/May/2018:13:35:25 -0300] "GET /cormun/static/Resources/Spanish/PXTools.css?167811 HTTP/1.1" 200 89042
186.103.159.187 - - [22/May/2018:13:35:25 -0300] "GET /cormun/servlet/hhome HTTP/1.1" 200 4145
186.103.159.183 - - [22/May/2018:13:35:25 -0300] "GET /cormun/servlet/trlicencias HTTP/1.1" 200 8658
186.103.159.183 - - [22/May/2018:13:35:26 -0300] "GET /cormun//static/Resources/PXToolsGridDelete.png HTTP/1.1" 200 357
186.103.159.183 - - [22/May/2018:13:35:26 -0300] "GET /cormun//static/Resources/PXToolsGridUpdate.png HTTP/1.1" 200 2984
186.103.159.183 - - [22/May/2018:13:35:26 -0300] "GET /cormun/servlet/trlicencias HTTP/1.1" 200 8653
186.103.156.24 - - [22/May/2018:13:35:27 -0300] "GET /cormun/servlet/apermisogoceprn?18379412,P,20180522122856,PU HTTP/1.1" 200 1656
186.103.159.183 - - [22/May/2018:13:35:28 -0300] "GET /cormun/servlet/trlicenciaspermisosadjuntos?15104893,20180522000000,L, HTTP/1.1" 200 6279
186.103.159.183 - - [22/May/2018:13:35:28 -0300] "GET /cormun/static/gxcfg.js?20177612163414 HTTP/1.1" 200 953
186.103.159.183 - - [22/May/2018:13:35:29 -0300] "GET /cormun/static/trlicenciaspermisosadjuntos.js?20177612163719 HTTP/1.1" 200 21036
186.103.159.187 - - [22/May/2018:13:35:29 -0300] "GET /cormun/servlet/trcontratounov2? HTTP/1.1" 200 17496
186.103.159.189 - - [22/May/2018:13:35:31 -0300] "POST /cormun/servlet/prfichaempleado?323e1461c513e3de6440899132e5c1a3,,MD,,gxPopupLevel%3D0%3B,gx-no-cache=1527006870719 HTTP/1.1" 200 3407
186.103.159.187 - - [22/May/2018:13:35:31 -0300] "GET /cormun/servlet/trcontratounov2? HTTP/1.1" 200 17467
186.103.159.189 - - [22/May/2018:13:35:36 -0300] "POST /cormun/servlet/solicitudot?gx-no-cache=1527006875615 HTTP/1.1" 200 3402
186.103.159.189 - - [22/May/2018:13:35:36 -0300] "POST /cormun/servlet/solicitudot?323e1461c513e3de6440899132e5c1a3,INS,0,0,,gx-no-cache=1527006876060 HTTP/1.1" 200 10382
186.103.159.189 - - [22/May/2018:13:35:36 -0300] "GET /cormun/servlet/solicitudot?6481bee6ac48254851e5bbfffb239b57f483efba605cb76175f069f4b999ddde1e5c63e52e91501cf54fa871d2f96f06,gx-no-cache=1527006876351 HTTP/1.1" 200 30
186.103.159.183 - - [22/May/2018:13:35:37 -0300] "GET /cormun/static/Shared/ext/ext-all.js HTTP/1.1" 200 1289687
186.103.159.183 - - [22/May/2018:13:35:37 -0300] "GET /cormun/servlet/trlicenciaspermisosadjuntos?15104893,20180522000000,L, HTTP/1.1" 200 6280
186.103.159.183 - - [22/May/2018:13:35:41 -0300] "GET /cormun/servlet/licenciaspermisosadjuntos?INS,15104893,L,20180522000000,, HTTP/1.1" 200 5572
186.103.159.183 - - [22/May/2018:13:35:42 -0300] "GET /cormun/static/gxcfg.js?2017761263592 HTTP/1.1" 200 953
186.103.159.183 - - [22/May/2018:13:35:42 -0300] "GET /cormun/static/licenciaspermisosadjuntos.js?201776126362 HTTP/1.1" 200 8760
186.103.159.183 - - [22/May/2018:13:35:42 -0300] "GET /cormun/static/about:blank HTTP/1.1" 404 1011
186.103.159.189 - - [22/May/2018:13:35:44 -0300] "GET /cormun/servlet/solicitudot?6481bee6ac48254851e5bbfffb239b57ec83b1e7c47d75242aa5f8438d5313d4174f094a5dae9c8e11fbabe2bde3a4ad,gx-no-cache=1527006883637 HTTP/1.1" 200 103
186.103.159.189 - - [22/May/2018:13:35:44 -0300] "GET /cormun/static/Shared/jqueryui/images/ui-icons_82798d_256x240.png HTTP/1.1" 404 1089
186.103.159.189 - - [22/May/2018:13:35:44 -0300] "GET /cormun/static/Shared/jqueryui/images/ui-bg_highlight-soft_100_c6c2c8_1x100.png HTTP/1.1" 404 1117
186.103.159.189 - - [22/May/2018:13:35:44 -0300] "GET /cormun/static/Shared/jqueryui/images/ui-bg_flat_55_994d53_40x100.png HTTP/1.1" 404 1097
186.103.159.189 - - [22/May/2018:13:35:44 -0300] "GET /cormun/static/Shared/jqueryui/images/ui-icons_ebccce_256x240.png HTTP/1.1" 404 1089
186.103.159.189 - - [22/May/2018:13:35:44 -0300] "GET /cormun/servlet/solicitudot?6481bee6ac48254851e5bbfffb239b57c21c83c0ab72e79722256da8190f1dd1,gx-no-cache=1527006883748 HTTP/1.1" 200 51
186.103.159.189 - - [22/May/2018:13:35:44 -0300] "POST /cormun/servlet/solicitudot?gx-no-cache=1527006883820 HTTP/1.1" 200 297
186.103.159.189 - - [22/May/2018:13:35:44 -0300] "GET /cormun/servlet/solicitudot?6481bee6ac48254851e5bbfffb239b57729f71ae1e5f6f1a16bdf3f1e30a2652065de2f3c7cc87ab02e34ff6ac1fc85cf0c0930e155fec5265e63ad6fd6c182e840e3ef814d8fb0c2b30148dda5b307b55c9b7d2c196c9eb27c167aac7cc9045cd16e1968fe1bf393518e3a3c8f2a5fcc3ca1030ef45fabb1f60110fb7cbea1ad4e6a6d893f8495788e52273e3d782ccb1bc4fa0573dc0d91639cb031696037fbd4e8c1746367037a8ded1f0dbbaa0e6d4f330a210b75f9e7a0ce8b90bd66a51ac54ae2c0d18d61ff81de53925186a0bf87e6edaf92218187d4f27b17bf2553f5bbec50cece37770cedbaaf5a15c33f1fa4f523b4434bbd949a38f794e7f3f886661297317bb4f88349f2bde1ac95b5f0c600f5781efb3ca09477b18a5610a3572f1bb15d2399172680f1203b25fc68d6051333e4313612916008984a6c6c162b4e550b9a93b9e3e8591d2ef75dac0ca6e6e6c7cdd986e128da9ba307b9345c1349f1ba7607c9fb7840f6ed2d923cd6afb21b6a871a3c170684b1d162cf79e4805392a13a583a2ae4f72545cbe803568,gx-no-cache=1527006883911 HTTP/1.1" 200 30
186.103.159.189 - - [22/May/2018:13:35:44 -0300] "POST /cormun/servlet/solicitudot?gx-no-cache=1527006884273 HTTP/1.1" 200 30
186.103.159.189 - - [22/May/2018:13:35:45 -0300] "POST /cormun/servlet/solicitudot?gx-no-cache=1527006884347 HTTP/1.1" 200 1369
186.103.159.189 - - [22/May/2018:13:35:45 -0300] "POST /cormun/servlet/solicitudot?gx-no-cache=1527006884917 HTTP/1.1" 200 38
186.67.172.234 - - [22/May/2018:13:35:45 -0300] "GET /cormun/servlet/trsolicitudot? HTTP/1.1" 200 7446
186.103.159.183 - - [22/May/2018:13:35:45 -0300] "GET /cormun/static/Shared/ext/ext-all.js HTTP/1.1" 200 1289687
186.67.172.234 - - [22/May/2018:13:35:46 -0300] "GET /cormun/servlet/trsolicitudot? HTTP/1.1" 200 7445
186.103.159.183 - - [22/May/2018:13:35:46 -0300] "GET /cormun/servlet/licenciaspermisosadjuntos?INS,15104893,L,20180522000000,, HTTP/1.1" 200 5563
186.103.159.189 - - [22/May/2018:13:35:57 -0300] "GET /cormun/servlet/solicitudot?6481bee6ac48254851e5bbfffb239b57b68581aeaf323e61af331332776345923254fd0c215506cebb9010eb182904861906f81e0ec31628840630101286485ad15aca42c3ca26e29ea19169adc60834e7d07cd0b219a3cc34b6406a271fa8cab6b648f35b6df6bd50f004df8a5374a7,gx-no-cache=1527006897017 HTTP/1.1" 200 29
186.103.159.189 - - [22/May/2018:13:35:57 -0300] "POST /cormun/servlet/solicitudot?gx-no-cache=1527006897062 HTTP/1.1" 200 1351
186.103.159.189 - - [22/May/2018:13:35:57 -0300] "POST /cormun/servlet/solicitudot?gx-no-cache=1527006897184 HTTP/1.1" 200 1249
186.103.159.189 - - [22/May/2018:13:35:57 -0300] "GET /cormun/static/menuarrow.gif HTTP/1.1" 404 1015
186.103.159.189 - - [22/May/2018:13:35:59 -0300] "POST /cormun/servlet/solicitudot?gx-no-cache=1527006899460 HTTP/1.1" 200 1351
186.103.159.189 - - [22/May/2018:13:36:00 -0300] "POST /cormun/servlet/solicitudot?gx-no-cache=1527006899545 HTTP/1.1" 200 1249
186.103.159.189 - - [22/May/2018:13:36:02 -0300] "GET /cormun/servlet/solicitudot?6481bee6ac48254851e5bbfffb239b5710c2187f12d13c4758ce283ffee486bec11fe266a1626d17d185c37012cba144,gx-no-cache=1527006901606 HTTP/1.1" 200 30
186.103.156.24 - - [22/May/2018:13:36:02 -0300] "GET /cormun/servlet/permisogoce?INS,0,,, HTTP/1.1" 200 7095
186.103.156.24 - - [22/May/2018:13:36:03 -0300] "GET /cormun/servlet/permisogoce?INS,0,,, HTTP/1.1" 200 7095
186.67.172.234 - - [22/May/2018:13:36:06 -0300] "GET /cormun/servlet/trcontratosolicitud? HTTP/1.1" 200 14447
186.67.172.234 - - [22/May/2018:13:36:06 -0300] "GET /cormun/servlet/trcontratosolicitud? HTTP/1.1" 200 14467
186.103.159.189 - - [22/May/2018:13:36:12 -0300] "POST /cormun/servlet/solicitudot?gx-no-cache=1527006911847 HTTP/1.1" 200 30
186.67.172.234 - - [22/May/2018:13:36:19 -0300] "GET /cormun/servlet/hlogin HTTP/1.1" 200 1722
186.103.159.183 - - [22/May/2018:13:36:19 -0300] "POST /cormun/servlet/hlogin?bc1d409006ce165c2d7925d85eae9c50,gx-no-cache=1527006918886 HTTP/1.1" 200 90
186.103.159.183 - - [22/May/2018:13:36:19 -0300] "GET /cormun/servlet/hpexe_link HTTP/1.1" 200 962
186.103.159.183 - - [22/May/2018:13:36:20 -0300] "GET /cormun/servlet/trautorizarsolicitud? HTTP/1.1" 200 7313
186.103.159.183 - - [22/May/2018:13:36:20 -0300] "GET /cormun/static/Shared/ext/ext-all.js HTTP/1.1" 200 1289687
186.103.159.183 - - [22/May/2018:13:36:21 -0300] "GET /cormun/servlet/trautorizarsolicitud? HTTP/1.1" 200 7312
186.103.159.187 - - [22/May/2018:13:36:23 -0300] "GET /cormun/servlet/trcontratosolicitud? HTTP/1.1" 200 14797
186.103.159.187 - - [22/May/2018:13:36:25 -0300] "GET /cormun/servlet/trcontratosolicitud? HTTP/1.1" 200 14775
186.103.156.24 - - [22/May/2018:13:36:25 -0300] "GET /cormun/servlet/permisogoce?dd4e9ac5de56ff72ed9323bc78af503ffcc928cde807ac8fb553b5c38245ade9e04aa0a0316ec690c1c1ca0ca1cf8b0a32be52b82e1083d8ebda2d4afbdd175c,gx-no-cache=1527006924867 HTTP/1.1" 200 76
186.103.156.24 - - [22/May/2018:13:36:25 -0300] "GET /cormun/static/menuarrow.gif HTTP/1.1" 404 1015
186.103.159.183 - - [22/May/2018:13:36:28 -0300] "POST /cormun/servlet/licenciaspermisosadjuntos?7c3feeac371d549ecb83c11f57c33577,INS,15104893,L,20180522000000,, HTTP/1.1" 200 6127
186.103.159.183 - - [22/May/2018:13:36:29 -0300] "GET /cormun/home/sistema/apache-tomcat-7.0.65/webapps/cormun/PrivateTempStorage/upload_00038328.jpg HTTP/1.1" 404 1149
186.103.159.183 - - [22/May/2018:13:36:29 -0300] "GET /cormun/static/Shared/jqueryui/images/ui-bg_highlight-soft_100_c6c2c8_1x100.png HTTP/1.1" 404 1117
186.103.159.183 - - [22/May/2018:13:36:29 -0300] "GET /cormun/static/Shared/jqueryui/images/ui-icons_82798d_256x240.png HTTP/1.1" 404 1089
186.103.159.183 - - [22/May/2018:13:36:29 -0300] "GET /cormun/static/Shared/jqueryui/images/ui-bg_flat_55_994d53_40x100.png HTTP/1.1" 404 1097
186.103.159.183 - - [22/May/2018:13:36:29 -0300] "GET /cormun/static/Shared/jqueryui/images/ui-icons_ebccce_256x240.png HTTP/1.1" 404 1089
186.103.159.183 - - [22/May/2018:13:36:29 -0300] "GET /cormun/servlet/trsolicitudot? HTTP/1.1" 200 7409
186.103.159.183 - - [22/May/2018:13:36:30 -0300] "GET /cormun/PrivateTempStorage/upload_00038328.jpg HTTP/1.1" 200 1808948
186.103.159.183 - - [22/May/2018:13:36:30 -0300] "GET /cormun/static/Shared/ext/ext-all.js HTTP/1.1" 200 1289687
186.103.159.183 - - [22/May/2018:13:36:31 -0300] "GET /cormun/servlet/trsolicitudot? HTTP/1.1" 200 7409
186.103.159.183 - - [22/May/2018:13:36:34 -0300] "GET /cormun/servlet/solicitudot?INS,0,0, HTTP/1.1" 200 13639
186.103.159.183 - - [22/May/2018:13:36:35 -0300] "GET /cormun/static/Shared/ext/ext-all.js HTTP/1.1" 200 1289687
186.67.172.234 - - [22/May/2018:13:36:35 -0300] "POST /cormun/servlet/hlogin?aab6af8e4b1b61a754697d2793409368,gx-no-cache=1527006934757 HTTP/1.1" 200 90
186.67.172.234 - - [22/May/2018:13:36:35 -0300] "GET /cormun/servlet/hpexe_link HTTP/1.1" 200 954
186.103.159.183 - - [22/May/2018:13:36:35 -0300] "GET /cormun/servlet/solicitudot?INS,0,0, HTTP/1.1" 200 13644
186.67.172.234 - - [22/May/2018:13:36:35 -0300] "GET /cormun/servlet/trcontratosolicitud HTTP/1.1" 200 14461
186.67.172.234 - - [22/May/2018:13:36:36 -0300] "GET /cormun/servlet/trcontratosolicitud HTTP/1.1" 200 14401
186.103.156.24 - - [22/May/2018:13:36:38 -0300] "GET /cormun/servlet/permisogoce?dd4e9ac5de56ff72ed9323bc78af503f49c6ea36cc346e9e3907070c097f101b4e569333c6f9477a8cbe640179039509a94d74769740f2ffc379d0e88f6d922c,gx-no-cache=1527006938175 HTTP/1.1" 200 44
186.103.159.183 - - [22/May/2018:13:36:45 -0300] "GET /cormun/servlet/trlicencias? HTTP/1.1" 200 8662
186.103.159.183 - - [22/May/2018:13:36:45 -0300] "POST /cormun/servlet/solicitudot?gx-no-cache=1527006942801 HTTP/1.1" 200 3291
186.103.159.183 - - [22/May/2018:13:36:45 -0300] "POST /cormun/servlet/solicitudot?bc1d409006ce165c2d7925d85eae9c50,INS,0,0,,gx-no-cache=1527006944465 HTTP/1.1" 200 10446
186.103.159.183 - - [22/May/2018:13:36:45 -0300] "GET /cormun/static/Shared/ext/ext-all.js HTTP/1.1" 200 1289687
186.103.159.183 - - [22/May/2018:13:36:46 -0300] "GET /cormun/servlet/trlicencias? HTTP/1.1" 200 8653
186.67.172.234 - - [22/May/2018:13:36:48 -0300] "POST /cormun/servlet/trcontratosolicitud?aab6af8e4b1b61a754697d2793409368,gx-no-cache=1527006947073 HTTP/1.1" 200 12145
186.103.159.183 - - [22/May/2018:13:36:49 -0300] "GET /cormun/servlet/solicitudot?20c3dec12acd0a0ed6569e3dde04de577fb0d3a682bebbf32b46841b0d8b02698161b8d86abb5626352af0ead0e9fc3f,gx-no-cache=1527006948482 HTTP/1.1" 200 30
186.103.159.183 - - [22/May/2018:13:36:53 -0300] "GET /cormun/servlet/trsolicitudot? HTTP/1.1" 200 7409
