190.161.236.41 - - [18/May/2018:13:20:56 -0300] "GET /cormun/servlet/trpermisosadjuntos?13568375,20180518113112,P, HTTP/1.1" 200 6727
190.161.236.41 - - [18/May/2018:13:20:56 -0300] "GET /cormun/servlet/trpermisosadjuntos?13568375,20180518113112,P, HTTP/1.1" 200 6727
186.103.159.44 - - [18/May/2018:13:21:01 -0300] "POST /cormun/servlet/solicitudot?gx-no-cache=1526660404569 HTTP/1.1" 200 1366
186.103.159.44 - - [18/May/2018:13:21:01 -0300] "POST /cormun/servlet/solicitudot?gx-no-cache=1526660404790 HTTP/1.1" 200 38
200.111.191.210 - - [18/May/2018:13:21:01 -0300] "POST /cormun/servlet/trpermisosgoce?d6ff7dd729828187eaf43f2d69e02bce,gx-no-cache=1526660442846 HTTP/1.1" 200 12880
200.111.191.210 - - [18/May/2018:13:21:02 -0300] "POST /cormun/servlet/trpermisosgoce?d6ff7dd729828187eaf43f2d69e02bce,gx-no-cache=1526660443281 HTTP/1.1" 200 12849
200.111.191.210 - - [18/May/2018:13:21:11 -0300] "GET /cormun/servlet/trpermisosgoce? HTTP/1.1" 200 15790
200.111.191.210 - - [18/May/2018:13:21:12 -0300] "GET /cormun/servlet/trpermisosgoce? HTTP/1.1" 200 15787
190.161.236.41 - - [18/May/2018:13:21:12 -0300] "GET /cormun/servlet/trpermisosgoce? HTTP/1.1" 200 10926
190.161.236.41 - - [18/May/2018:13:21:13 -0300] "GET /cormun/servlet/trpermisosgoce? HTTP/1.1" 200 10960
186.103.159.204 - - [18/May/2018:13:21:15 -0300] "GET /cormun/servlet/permisogoce?INS,0,,, HTTP/1.1" 200 6744
186.103.159.204 - - [18/May/2018:13:21:15 -0300] "GET /cormun/servlet/permisogoce?INS,0,,, HTTP/1.1" 200 6744
186.103.159.44 - - [18/May/2018:13:21:16 -0300] "GET /cormun/servlet/solicitudot?22119fe96d5644a5b1f072b3578124a7ea68618e0155ffa652b930e471ade548b742436bb5156b05d5be8ac87e6ad6aa33d777bd6473f737d78836b64daaf51c0a33799956915c7f28c584248672de353d054415c06c7b3d9b73cb11dff3c2b76b114c34d31208dcd156be860fee48c8496c884db8450b00303a2a1e829104e6117c8ea291c03f618d0c6e860efc7cb191e3cf767dd0f1d75cee5e839fcbcc03,gx-no-cache=1526660418914 HTTP/1.1" 200 29
186.103.159.44 - - [18/May/2018:13:21:16 -0300] "POST /cormun/servlet/solicitudot?gx-no-cache=1526660419323 HTTP/1.1" 200 1351
186.103.159.44 - - [18/May/2018:13:21:16 -0300] "POST /cormun/servlet/solicitudot?gx-no-cache=1526660419405 HTTP/1.1" 200 1250
186.103.159.44 - - [18/May/2018:13:21:16 -0300] "GET /cormun/static/menuarrow.gif HTTP/1.1" 404 1015
186.103.159.44 - - [18/May/2018:13:21:17 -0300] "POST /cormun/servlet/solicitudot?gx-no-cache=1526660420928 HTTP/1.1" 200 1351
186.103.159.44 - - [18/May/2018:13:21:17 -0300] "POST /cormun/servlet/solicitudot?gx-no-cache=1526660421056 HTTP/1.1" 200 1250
186.103.159.188 - - [18/May/2018:13:21:18 -0300] "GET /cormun/servlet/trpermisosadjuntos?11276338,20180518121203,P, HTTP/1.1" 200 6255
186.103.159.188 - - [18/May/2018:13:21:18 -0300] "GET /cormun/servlet/trpermisosadjuntos?11276338,20180518121203,P, HTTP/1.1" 200 6255
186.103.159.44 - - [18/May/2018:13:21:20 -0300] "GET /cormun/servlet/solicitudot?22119fe96d5644a5b1f072b3578124a7ab5322596135dabbb7914f463204966651da8b0054ecfe248579a1936fec68f3,gx-no-cache=1526660424030 HTTP/1.1" 200 30
186.103.159.188 - - [18/May/2018:13:21:21 -0300] "GET /cormun/servlet/permisosadjuntos?INS,11276338,P,20180518121203,, HTTP/1.1" 200 5582
186.103.159.188 - - [18/May/2018:13:21:21 -0300] "GET /cormun/static/about:blank HTTP/1.1" 404 1011
186.103.159.188 - - [18/May/2018:13:21:21 -0300] "GET /cormun/servlet/permisosadjuntos?INS,11276338,P,20180518121203,, HTTP/1.1" 200 5572
200.111.191.210 - - [18/May/2018:13:21:23 -0300] "GET /cormun/servlet/permisogoce?INS,0,,, HTTP/1.1" 200 6792
200.111.191.210 - - [18/May/2018:13:21:23 -0300] "GET /cormun/servlet/permisogoce?INS,0,,, HTTP/1.1" 200 6791
200.111.191.210 - - [18/May/2018:13:21:28 -0300] "GET /cormun/servlet/permisogoce?14390e87c8eb4d53124adf5018ecda7cefd44356b92b32c80d626d2e19d9f1df9cda5b1d5f44de4aaec022f73aa64ef309dd556b6ba066e883b4ad0042cc89a2,gx-no-cache=1526660469354 HTTP/1.1" 200 80
186.103.159.44 - - [18/May/2018:13:21:28 -0300] "POST /cormun/servlet/solicitudot?gx-no-cache=1526660431580 HTTP/1.1" 200 30
186.103.159.188 - - [18/May/2018:13:21:30 -0300] "POST /cormun/servlet/permisosadjuntos?0faaf5e1c47eba79b2fefd90fd9dbdb7,INS,11276338,P,20180518121203,, HTTP/1.1" 200 116
186.103.159.188 - - [18/May/2018:13:21:30 -0300] "GET /cormun/servlet/hpexe_return? HTTP/1.1" 200 1035
186.103.159.188 - - [18/May/2018:13:21:30 -0300] "GET /cormun/servlet/trpermisosadjuntos?11276338,20180518121203,P, HTTP/1.1" 200 6723
186.103.159.188 - - [18/May/2018:13:21:30 -0300] "GET /cormun/servlet/trpermisosadjuntos?11276338,20180518121203,P, HTTP/1.1" 200 6718
200.111.191.210 - - [18/May/2018:13:21:32 -0300] "GET /cormun/servlet/permisogoce?14390e87c8eb4d53124adf5018ecda7cde91f31dcdd28640bb90c5b0ad7ef474ef31b4fbcfb1a8c8f10dd9f30df6eff8e8604fb43bbc748107a7e6e10e918a30,gx-no-cache=1526660474251 HTTP/1.1" 200 47
186.103.159.44 - - [18/May/2018:13:21:38 -0300] "POST /cormun/servlet/solicitudot?e3e65c63bc3add34015de955d267e1ab,INS,0,0,,gx-no-cache=1526660441900 HTTP/1.1" 200 93
186.103.159.44 - - [18/May/2018:13:21:39 -0300] "GET /cormun/servlet/hpexe_return? HTTP/1.1" 200 1006
186.103.159.44 - - [18/May/2018:13:21:39 -0300] "GET /cormun/servlet/trsolicitudot HTTP/1.1" 200 9102
186.103.159.204 - - [18/May/2018:13:21:43 -0300] "GET /cormun/servlet/permisogoce?cf79c4932b840466ad9ef8473010b1ff7a28759c55d91560c61e4c7572333da3ac2353465f0beefe0ae640b6d9583cc6609020b5ea3f50c4660ca69781726054,gx-no-cache=1526660436434 HTTP/1.1" 200 80
186.103.159.204 - - [18/May/2018:13:21:43 -0300] "GET /cormun/static/menuarrow.gif HTTP/1.1" 404 1015
186.103.159.188 - - [18/May/2018:13:21:45 -0300] "GET /cormun/servlet/trpermisosingoce? HTTP/1.1" 200 7710
186.103.159.188 - - [18/May/2018:13:21:46 -0300] "GET /cormun/servlet/trpermisosingoce? HTTP/1.1" 200 7690
186.103.159.44 - - [18/May/2018:13:21:49 -0300] "GET /cormun/servlet/solicitudot?INS,0,0, HTTP/1.1" 200 13615
200.111.191.210 - - [18/May/2018:13:21:52 -0300] "POST /cormun/servlet/permisogoce?d6ff7dd729828187eaf43f2d69e02bce,INS,0,,,,gx-no-cache=1526660493563 HTTP/1.1" 200 93
200.111.191.210 - - [18/May/2018:13:21:52 -0300] "GET /cormun/servlet/hpexe_return? HTTP/1.1" 200 1007
200.111.191.210 - - [18/May/2018:13:21:52 -0300] "GET /cormun/servlet/trpermisosgoce HTTP/1.1" 200 15961
200.111.191.210 - - [18/May/2018:13:21:53 -0300] "GET /cormun/servlet/trpermisosgoce HTTP/1.1" 200 15965
186.103.159.188 - - [18/May/2018:13:21:55 -0300] "GET /cormun/servlet/trpermisosingoceadjunto?284,11276338, HTTP/1.1" 200 6049
186.103.159.188 - - [18/May/2018:13:21:55 -0300] "GET /cormun/static/gxcfg.js?2017761217146 HTTP/1.1" 200 953
186.103.159.188 - - [18/May/2018:13:21:55 -0300] "GET /cormun/static/trpermisosingoceadjunto.js?20177612171634 HTTP/1.1" 200 16925
186.103.159.188 - - [18/May/2018:13:21:55 -0300] "GET /cormun/servlet/trpermisosingoceadjunto?284,11276338, HTTP/1.1" 200 6048
186.103.159.188 - - [18/May/2018:13:21:57 -0300] "GET /cormun/servlet/permisosingoceadjunto?INS,284,, HTTP/1.1" 200 5360
186.103.159.188 - - [18/May/2018:13:21:57 -0300] "GET /cormun/static/gxcfg.js?201752511552178 HTTP/1.1" 200 953
186.103.159.188 - - [18/May/2018:13:21:57 -0300] "GET /cormun/static/permisosingoceadjunto.js?201752511552188 HTTP/1.1" 200 6883
186.103.159.188 - - [18/May/2018:13:21:57 -0300] "GET /cormun/static/about:blank HTTP/1.1" 404 1011
186.103.159.188 - - [18/May/2018:13:21:57 -0300] "GET /cormun/servlet/permisosingoceadjunto?INS,284,, HTTP/1.1" 200 5345
186.103.159.188 - - [18/May/2018:13:21:57 -0300] "GET /cormun/servlet/permisosingoceadjunto?1fd9b17db2cd927569ef19c38c41169b81550ffe3a8d3b7707450d60f34ede23,gx-no-cache=1526660460256 HTTP/1.1" 200 26
200.111.191.210 - - [18/May/2018:13:21:59 -0300] "GET /cormun/servlet/apermisogoceprn?11365098,P,20180518121813,PU HTTP/1.1" 200 1654
186.103.159.44 - - [18/May/2018:13:22:01 -0300] "POST /cormun/servlet/solicitudot?gx-no-cache=1526660464004 HTTP/1.1" 200 3391
186.103.159.44 - - [18/May/2018:13:22:01 -0300] "POST /cormun/servlet/solicitudot?e3e65c63bc3add34015de955d267e1ab,INS,0,0,,gx-no-cache=1526660464340 HTTP/1.1" 200 10547
186.103.159.188 - - [18/May/2018:13:22:03 -0300] "POST /cormun/servlet/permisosingoceadjunto?0faaf5e1c47eba79b2fefd90fd9dbdb7,INS,284,, HTTP/1.1" 200 116
186.103.159.188 - - [18/May/2018:13:22:03 -0300] "GET /cormun/servlet/hpexe_return? HTTP/1.1" 200 1025
186.103.159.188 - - [18/May/2018:13:22:04 -0300] "GET /cormun/servlet/trpermisosingoceadjunto?284,11276338, HTTP/1.1" 200 6452
186.103.159.188 - - [18/May/2018:13:22:04 -0300] "GET /cormun/servlet/trpermisosingoceadjunto?284,11276338, HTTP/1.1" 200 6450
186.103.159.44 - - [18/May/2018:13:22:04 -0300] "GET /cormun/servlet/solicitudot?22119fe96d5644a5b1f072b3578124a7b1139d5515495e51a3f9334fad9dbe67bc5eec64b41a7ff9c8ccc3879acefb78,gx-no-cache=1526660468017 HTTP/1.1" 200 30
186.103.159.44 - - [18/May/2018:13:22:04 -0300] "GET /cormun/servlet/solicitudot?22119fe96d5644a5b1f072b3578124a79b0390604c61697396731c0e75178c9e8c2d359720461b67ad4076f5d71c0f175af22db433e37f510d89a6f19074f82e,gx-no-cache=1526660468068 HTTP/1.1" 200 30
186.103.159.44 - - [18/May/2018:13:22:05 -0300] "GET /cormun/servlet/solicitudot?22119fe96d5644a5b1f072b3578124a7fcdd697060d07f2020883f8ef8021de6,gx-no-cache=1526660468101 HTTP/1.1" 200 51
186.103.159.44 - - [18/May/2018:13:22:05 -0300] "POST /cormun/servlet/solicitudot?gx-no-cache=1526660468392 HTTP/1.1" 200 255
186.103.159.44 - - [18/May/2018:13:22:05 -0300] "GET /cormun/servlet/solicitudot?22119fe96d5644a5b1f072b3578124a7e116c6ae801564d22bc186f710ee947313f88d3e14fe018141f26b0f99ef4c5995d2749a7a2619dbd6cbfde163c332f625d0d46b41429fd6d3dbbab3e056ddbf7cb0761dd4e4feff224e21b68486571874a34f517bd2d804d7ff386be21bb065591c6d4eb670a36847c3188b19505f476d82b9ebb5a8e8b15e0c91dff5a83d94de99a42aeca69eee0f79560a4ed8333a8b45b265438828355a2ad8df3a740cb68de29ad1dfbddcd387960accf842ea2d5494c43e6729648175a5abfce5b9dd79836ed10eccb4a175b1934ff8e4022bea0323425cb02dc0e2ae97330587ddbd1ff9ec242c50331718352693ee3658abea21ae99d08361b9111c444fcaf8ff7f866de6090ef6f90243580a9086f6e5584e5b0023f6bd57f28cbfcb5c0305ba6319303a159fb7982ef77e27e39689fadd06e22a2ffc8ae9cfc7d9b5dd5835ffd5b130b2a309a413ecec131e5febb680df292164d47f9268b69e55f72774131de05df6f411aeb561a2c67ceff49541bc7b4a,gx-no-cache=1526660468447 HTTP/1.1" 200 30
186.103.159.204 - - [18/May/2018:13:22:06 -0300] "GET /cormun/servlet/permisogoce?cf79c4932b840466ad9ef8473010b1ff7a28759c55d91560c61e4c7572333da339ae6ec4ff1faee7e0e786cd7884dc782607dd52fa90078fac805e6b1d6450b72cc3bc564160f7457331d3b7c781067b02ffd14325b9b35cbf71d6e989a57343,gx-no-cache=1526660458802 HTTP/1.1" 200 80
186.103.159.188 - - [18/May/2018:13:22:09 -0300] "GET /cormun/servlet/trpermisosgoce? HTTP/1.1" 200 10931
186.103.159.188 - - [18/May/2018:13:22:09 -0300] "GET /cormun/servlet/trpermisosgoce? HTTP/1.1" 200 10927
186.103.159.44 - - [18/May/2018:13:22:10 -0300] "POST /cormun/servlet/solicitudot?gx-no-cache=1526660473663 HTTP/1.1" 200 30
186.103.159.188 - - [18/May/2018:13:22:14 -0300] "POST /cormun/servlet/trpermisosgoce?0faaf5e1c47eba79b2fefd90fd9dbdb7,,gx-no-cache=1526660476241 HTTP/1.1" 200 8170
186.103.159.188 - - [18/May/2018:13:22:14 -0300] "GET /cormun/static/Shared/jqueryui/images/ui-bg_highlight-soft_100_c6c2c8_1x100.png HTTP/1.1" 404 1117
186.103.159.188 - - [18/May/2018:13:22:14 -0300] "GET /cormun/static/Shared/jqueryui/images/ui-icons_82798d_256x240.png HTTP/1.1" 404 1089
186.103.159.188 - - [18/May/2018:13:22:14 -0300] "GET /cormun/static/Shared/jqueryui/images/ui-icons_8d78a5_256x240.png HTTP/1.1" 404 1089
190.161.236.41 - - [18/May/2018:13:22:14 -0300] "GET /cormun/static/Shared/jqueryui/images/ui-bg_flat_55_fafafa_40x100.png HTTP/1.1" 404 1097
186.103.159.204 - - [18/May/2018:13:22:15 -0300] "GET /cormun/servlet/permisogoce?cf79c4932b840466ad9ef8473010b1ff00112c18d7e3cea6fd02bc0abde4a88f0732bd4fd37ac3d40e11ba834e2b2bf626050152152ee2359ae47128493f1621,gx-no-cache=1526660467904 HTTP/1.1" 200 48
190.161.236.41 - - [18/May/2018:13:22:20 -0300] "GET /cormun/servlet/trpermisosingoce? HTTP/1.1" 200 7694
190.161.236.41 - - [18/May/2018:13:22:21 -0300] "GET /cormun/servlet/trpermisosingoce? HTTP/1.1" 200 7693
186.103.159.44 - - [18/May/2018:13:22:22 -0300] "POST /cormun/servlet/solicitudot?gx-no-cache=1526660485724 HTTP/1.1" 200 1366
186.103.159.44 - - [18/May/2018:13:22:22 -0300] "POST /cormun/servlet/solicitudot?gx-no-cache=1526660485949 HTTP/1.1" 200 38
186.103.159.204 - - [18/May/2018:13:22:25 -0300] "POST /cormun/servlet/permisogoce?c141d25e8ecf0c03407b574d169380a8,INS,0,,,,gx-no-cache=1526660477545 HTTP/1.1" 200 93
186.103.159.204 - - [18/May/2018:13:22:25 -0300] "GET /cormun/servlet/hpexe_return? HTTP/1.1" 200 1010
186.103.159.204 - - [18/May/2018:13:22:25 -0300] "GET /cormun/servlet/trpermisosgoce HTTP/1.1" 200 11998
186.103.159.204 - - [18/May/2018:13:22:25 -0300] "GET /cormun/servlet/trpermisosgoce HTTP/1.1" 200 11989
190.161.236.41 - - [18/May/2018:13:22:28 -0300] "POST /cormun/servlet/trpermisosingoce?0faaf5e1c47eba79b2fefd90fd9dbdb7,,gx-no-cache=1526660490640 HTTP/1.1" 200 4997
186.103.159.188 - - [18/May/2018:13:22:28 -0300] "GET /cormun/static/Shared/jqueryui/images/ui-icons_82798d_256x240.png HTTP/1.1" 404 1089
186.103.159.188 - - [18/May/2018:13:22:28 -0300] "GET /cormun/static/Shared/jqueryui/images/ui-bg_flat_55_fafafa_40x100.png HTTP/1.1" 404 1097
190.161.236.41 - - [18/May/2018:13:22:28 -0300] "GET /cormun/static/Shared/jqueryui/images/ui-bg_highlight-soft_100_c6c2c8_1x100.png HTTP/1.1" 404 1117
186.103.159.188 - - [18/May/2018:13:22:28 -0300] "GET /cormun/static/Shared/jqueryui/images/ui-icons_8d78a5_256x240.png HTTP/1.1" 404 1089
186.103.159.204 - - [18/May/2018:13:22:31 -0300] "GET /cormun/servlet/apermisogoceprn?19020616,P,20180518121805,PU HTTP/1.1" 200 1655
186.103.159.44 - - [18/May/2018:13:22:31 -0300] "GET /cormun/servlet/solicitudot?22119fe96d5644a5b1f072b3578124a7ea68618e0155ffa652b930e471ade548b742436bb5156b05d5be8ac87e6ad6aa33d777bd6473f737d78836b64daaf51c0a33799956915c7f28c584248672de353d054415c06c7b3d9b73cb11dff3c2b76b114c34d31208dcd156be860fee48c8496c884db8450b00303a2a1e829104e6117c8ea291c03f618d0c6e860efc7cb191e3cf767dd0f1d75cee5e839fcbcc03,gx-no-cache=1526660494504 HTTP/1.1" 200 29
186.103.159.44 - - [18/May/2018:13:22:32 -0300] "POST /cormun/servlet/solicitudot?gx-no-cache=1526660494904 HTTP/1.1" 200 1350
186.103.159.44 - - [18/May/2018:13:22:32 -0300] "POST /cormun/servlet/solicitudot?gx-no-cache=1526660495411 HTTP/1.1" 200 1250
186.103.159.188 - - [18/May/2018:13:22:44 -0300] "GET /cormun/servlet/trpermisosgoce? HTTP/1.1" 200 10890
186.103.159.188 - - [18/May/2018:13:22:44 -0300] "GET /cormun/servlet/trpermisosgoce? HTTP/1.1" 200 10883
186.103.159.44 - - [18/May/2018:13:23:23 -0300] "GET /cormun/static/menuarrow.gif HTTP/1.1" 404 1015
186.103.159.44 - - [18/May/2018:13:23:27 -0300] "GET /cormun/servlet/solicitudot?22119fe96d5644a5b1f072b3578124a7ab5322596135dabbb7914f463204966651da8b0054ecfe248579a1936fec68f3,gx-no-cache=1526660550804 HTTP/1.1" 200 30
186.103.159.44 - - [18/May/2018:13:23:34 -0300] "POST /cormun/servlet/solicitudot?gx-no-cache=1526660557339 HTTP/1.1" 200 30
201.215.248.160 - - [18/May/2018:13:24:41 -0300] "GET /cormun/servlet/hhome HTTP/1.1" 200 3406
201.215.248.160 - - [18/May/2018:13:24:43 -0300] "GET /cormun/servlet/hhome HTTP/1.1" 200 3416
201.215.248.160 - - [18/May/2018:13:24:43 -0300] "GET /cormun/servlet/hlogin HTTP/1.1" 200 1732
186.103.159.44 - - [18/May/2018:13:24:46 -0300] "GET /cormun/servlet/hlogin HTTP/1.1" 200 1718
201.215.248.160 - - [18/May/2018:13:24:52 -0300] "POST /cormun/servlet/hlogin?db87ee11aea893a851d6287c48fe7bb9,gx-no-cache=1526660724890 HTTP/1.1" 200 90
201.215.248.160 - - [18/May/2018:13:24:52 -0300] "GET /cormun/servlet/hpexe_link HTTP/1.1" 200 949
201.215.248.160 - - [18/May/2018:13:24:52 -0300] "GET /cormun/servlet/hhome HTTP/1.1" 200 3987
201.215.248.160 - - [18/May/2018:13:24:53 -0300] "GET /cormun/servlet/hhome HTTP/1.1" 200 3984
201.215.248.160 - - [18/May/2018:13:24:57 -0300] "GET /cormun/servlet/trpermisosgoce? HTTP/1.1" 200 11633
186.103.159.44 - - [18/May/2018:13:24:58 -0300] "POST /cormun/servlet/hlogin?e3e65c63bc3add34015de955d267e1ab,gx-no-cache=1526660641749 HTTP/1.1" 200 90
186.103.159.44 - - [18/May/2018:13:24:58 -0300] "GET /cormun/servlet/hpexe_link HTTP/1.1" 200 961
201.215.248.160 - - [18/May/2018:13:24:58 -0300] "GET /cormun/servlet/trpermisosgoce? HTTP/1.1" 200 11611
186.103.159.44 - - [18/May/2018:13:24:58 -0300] "GET /cormun/servlet/solicitudot?INS,0,0, HTTP/1.1" 200 13619
186.103.159.44 - - [18/May/2018:13:25:04 -0300] "GET /cormun/servlet/trsolicitudot? HTTP/1.1" 200 9099
186.103.159.44 - - [18/May/2018:13:25:18 -0300] "GET /cormun/servlet/solicitudot?INS,0,0, HTTP/1.1" 200 13618
186.103.159.44 - - [18/May/2018:13:25:32 -0300] "POST /cormun/servlet/solicitudot?gx-no-cache=1526660674724 HTTP/1.1" 200 3392
186.103.159.44 - - [18/May/2018:13:25:32 -0300] "POST /cormun/servlet/solicitudot?e3e65c63bc3add34015de955d267e1ab,INS,0,0,,gx-no-cache=1526660675399 HTTP/1.1" 200 10549
186.103.159.44 - - [18/May/2018:13:25:35 -0300] "GET /cormun/servlet/solicitudot?22119fe96d5644a5b1f072b3578124a7b1139d5515495e51a3f9334fad9dbe67bc5eec64b41a7ff9c8ccc3879acefb78,gx-no-cache=1526660678817 HTTP/1.1" 200 30
186.103.159.44 - - [18/May/2018:13:25:35 -0300] "GET /cormun/servlet/solicitudot?22119fe96d5644a5b1f072b3578124a79b0390604c61697396731c0e75178c9e8c2d359720461b67ad4076f5d71c0f175af22db433e37f510d89a6f19074f82e,gx-no-cache=1526660678859 HTTP/1.1" 200 30
186.103.159.44 - - [18/May/2018:13:25:35 -0300] "GET /cormun/servlet/solicitudot?22119fe96d5644a5b1f072b3578124a7fcdd697060d07f2020883f8ef8021de6,gx-no-cache=1526660678888 HTTP/1.1" 200 51
186.103.159.44 - - [18/May/2018:13:25:35 -0300] "POST /cormun/servlet/solicitudot?gx-no-cache=1526660678931 HTTP/1.1" 200 255
186.103.159.44 - - [18/May/2018:13:25:36 -0300] "GET /cormun/servlet/solicitudot?22119fe96d5644a5b1f072b3578124a7e116c6ae801564d22bc186f710ee947313f88d3e14fe018141f26b0f99ef4c5995d2749a7a2619dbd6cbfde163c332f625d0d46b41429fd6d3dbbab3e056ddbf7cb0761dd4e4feff224e21b68486571874a34f517bd2d804d7ff386be21bb065591c6d4eb670a36847c3188b19505f476d82b9ebb5a8e8b15e0c91dff5a83d94de99a42aeca69eee0f79560a4ed8333a8b45b265438828355a2ad8df3a740cb68de29ad1dfbddcd387960accf842ea2d5494c43e6729648175a5abfce5b9dd79836ed10eccb4a175b1934ff8e4022bea0323425cb02dc0e2ae97330587ddbd1ff9ec242c50331718352693ee3658abea21ae99d08361b9111c444fcaf8ff7f866de6090ef6f90243580a9086f6e5584e5b0023f6bd57f28cbfcb5c0305ba6319303a159fb7982ef77e27e39689fadd06e22a2ffc8ae9cfc7d9b5dd5835ffd5b130b2a309a413ecec131e5febb680df292164d47f9268b69e55f72774131de05df6f411aeb561a2c67ceff49541bc7b4a,gx-no-cache=1526660678970 HTTP/1.1" 200 30
186.103.159.44 - - [18/May/2018:13:25:40 -0300] "POST /cormun/servlet/solicitudot?gx-no-cache=1526660683472 HTTP/1.1" 200 30
201.215.248.160 - - [18/May/2018:13:25:46 -0300] "GET /cormun/servlet/trpermisosadjuntos?15524420,20180514094456,P, HTTP/1.1" 200 6308
201.215.248.160 - - [18/May/2018:13:25:47 -0300] "GET /cormun/servlet/trpermisosadjuntos?15524420,20180514094456,P, HTTP/1.1" 200 6306
201.215.248.160 - - [18/May/2018:13:25:48 -0300] "GET /cormun/servlet/permisosadjuntos?INS,15524420,P,20180514094456,, HTTP/1.1" 200 5638
201.215.248.160 - - [18/May/2018:13:25:49 -0300] "GET /cormun/static/about:blank HTTP/1.1" 404 1011
201.215.248.160 - - [18/May/2018:13:25:49 -0300] "GET /cormun/servlet/permisosadjuntos?INS,15524420,P,20180514094456,, HTTP/1.1" 200 5628
201.215.248.160 - - [18/May/2018:13:25:58 -0300] "POST /cormun/servlet/permisosadjuntos?db87ee11aea893a851d6287c48fe7bb9,INS,15524420,P,20180514094456,, HTTP/1.1" 200 116
201.215.248.160 - - [18/May/2018:13:25:58 -0300] "GET /cormun/servlet/hpexe_return? HTTP/1.1" 200 1037
201.215.248.160 - - [18/May/2018:13:25:58 -0300] "GET /cormun/servlet/trpermisosadjuntos?15524420,20180514094456,P, HTTP/1.1" 200 6819
201.215.248.160 - - [18/May/2018:13:25:59 -0300] "GET /cormun/servlet/trpermisosadjuntos?15524420,20180514094456,P, HTTP/1.1" 200 6817
186.103.159.44 - - [18/May/2018:13:25:59 -0300] "GET /cormun/servlet/prcontratosol?16252434,,,,,MD,,gxPopupLevel%3D0%3B HTTP/1.1" 200 8372
201.215.248.160 - - [18/May/2018:13:26:02 -0300] "GET /cormun/servlet/trpermisosgoce? HTTP/1.1" 200 11611
201.215.248.160 - - [18/May/2018:13:26:03 -0300] "GET /cormun/servlet/trpermisosgoce? HTTP/1.1" 200 11631
186.103.159.44 - - [18/May/2018:13:26:05 -0300] "POST /cormun/servlet/solicitudot?gx-no-cache=1526660708358 HTTP/1.1" 200 1369
186.103.159.44 - - [18/May/2018:13:26:05 -0300] "POST /cormun/servlet/solicitudot?gx-no-cache=1526660708578 HTTP/1.1" 200 38
186.103.159.44 - - [18/May/2018:13:26:05 -0300] "GET /cormun/servlet/solicitudot?22119fe96d5644a5b1f072b3578124a7ea68618e0155ffa652b930e471ade548b742436bb5156b05d5be8ac87e6ad6aa33d777bd6473f737d78836b64daaf51c0a33799956915c7f28c584248672de353d054415c06c7b3d9b73cb11dff3c2b76b114c34d31208dcd156be860fee48c8496c884db8450b00303a2a1e829104e6117c8ea291c03f618d0c6e860efc7cb191e3cf767dd0f1d75cee5e839fcbcc03,gx-no-cache=1526660708639 HTTP/1.1" 200 29
186.103.159.44 - - [18/May/2018:13:26:06 -0300] "POST /cormun/servlet/solicitudot?gx-no-cache=1526660709020 HTTP/1.1" 200 1351
186.103.159.44 - - [18/May/2018:13:26:06 -0300] "POST /cormun/servlet/solicitudot?gx-no-cache=1526660709299 HTTP/1.1" 200 1249
186.103.159.44 - - [18/May/2018:13:26:06 -0300] "GET /cormun/servlet/solicitudot?22119fe96d5644a5b1f072b3578124a77e03833ff56de82cd53af66faa9096d7,gx-no-cache=1526660709358 HTTP/1.1" 200 30
186.103.159.44 - - [18/May/2018:13:26:18 -0300] "POST /cormun/servlet/solicitudot?gx-no-cache=1526660721645 HTTP/1.1" 200 1350
186.103.159.44 - - [18/May/2018:13:26:18 -0300] "POST /cormun/servlet/solicitudot?gx-no-cache=1526660721739 HTTP/1.1" 200 1249
186.103.159.44 - - [18/May/2018:13:26:18 -0300] "GET /cormun/static/menuarrow.gif HTTP/1.1" 404 1015
186.103.159.44 - - [18/May/2018:13:26:19 -0300] "POST /cormun/servlet/solicitudot?gx-no-cache=1526660723031 HTTP/1.1" 200 1350
186.103.159.44 - - [18/May/2018:13:26:20 -0300] "POST /cormun/servlet/solicitudot?gx-no-cache=1526660723127 HTTP/1.1" 200 1249
186.103.159.44 - - [18/May/2018:13:26:22 -0300] "GET /cormun/servlet/solicitudot?22119fe96d5644a5b1f072b3578124a7ab5322596135dabbb7914f463204966651da8b0054ecfe248579a1936fec68f3,gx-no-cache=1526660725524 HTTP/1.1" 200 30
201.215.248.160 - - [18/May/2018:13:26:26 -0300] "POST /cormun/servlet/trpermisosgoce?db87ee11aea893a851d6287c48fe7bb9,,gx-no-cache=1526660819022 HTTP/1.1" 200 8701
201.215.248.160 - - [18/May/2018:13:26:26 -0300] "GET /cormun/static/Shared/jqueryui/images/ui-bg_highlight-soft_100_c6c2c8_1x100.png HTTP/1.1" 404 1117
201.215.248.160 - - [18/May/2018:13:26:26 -0300] "GET /cormun/static/Shared/jqueryui/images/ui-icons_82798d_256x240.png HTTP/1.1" 404 1089
201.215.248.160 - - [18/May/2018:13:26:26 -0300] "GET /cormun/static/Shared/jqueryui/images/ui-bg_flat_55_fafafa_40x100.png HTTP/1.1" 404 1097
201.215.248.160 - - [18/May/2018:13:26:26 -0300] "GET /cormun/static/Shared/jqueryui/images/ui-icons_8d78a5_256x240.png HTTP/1.1" 404 1089
186.103.159.44 - - [18/May/2018:13:26:27 -0300] "POST /cormun/servlet/solicitudot?gx-no-cache=1526660730949 HTTP/1.1" 200 33
190.100.93.40 - - [18/May/2018:13:26:29 -0300] "POST /cormun/servlet/trsolicitudot?b8e0d56fb7a13467cdbe476f439aca64,gx-no-cache=1526660732902 HTTP/1.1" 200 106
190.100.93.40 - - [18/May/2018:13:26:29 -0300] "GET /cormun/servlet/solicitudot?UPD,2018,11435, HTTP/1.1" 200 15619
190.100.93.40 - - [18/May/2018:13:26:30 -0300] "GET /cormun/servlet/solicitudot?UPD,2018,11435, HTTP/1.1" 200 15628
190.100.93.40 - - [18/May/2018:13:26:30 -0300] "POST /cormun/servlet/solicitudot?gx-no-cache=1526660734125 HTTP/1.1" 200 3365
190.100.93.40 - - [18/May/2018:13:26:30 -0300] "POST /cormun/servlet/solicitudot?b8e0d56fb7a13467cdbe476f439aca64,UPD,2018,11435,,gx-no-cache=1526660734391 HTTP/1.1" 200 11697
190.100.93.40 - - [18/May/2018:13:26:31 -0300] "GET /cormun/servlet/solicitudot?a4a2d4a5c701345887f5c409dd4aea29fdf9ca8d0554efa11b5d28c76dad0cab49cd9e680b750c9272ba51230f2cbbac,gx-no-cache=1526660734605 HTTP/1.1" 200 30
190.100.93.40 - - [18/May/2018:13:26:31 -0300] "GET /cormun/servlet/solicitudot?a4a2d4a5c701345887f5c409dd4aea2905d3d11d8937c679d9373936e4d3d52a51156fc314739834096c1305e8e83814d23b3d15d2e06e0b498d2b773a32233d,gx-no-cache=1526660734646 HTTP/1.1" 200 30
190.100.93.40 - - [18/May/2018:13:26:31 -0300] "GET /cormun/servlet/solicitudot?a4a2d4a5c701345887f5c409dd4aea29ad3f04e2a6314238601facf6285d3272bc93b26b07af3b9cd0530f69ab51dd01,gx-no-cache=1526660734684 HTTP/1.1" 200 45
190.100.93.40 - - [18/May/2018:13:26:31 -0300] "POST /cormun/servlet/solicitudot?gx-no-cache=1526660734720 HTTP/1.1" 200 240
190.100.93.40 - - [18/May/2018:13:26:31 -0300] "GET /cormun/servlet/solicitudot?a4a2d4a5c701345887f5c409dd4aea29fe4e35965995932cd0c4d7e01005a56c6472e6e059e50659b6101b28b7da43d3c7a8c67bde2ea3e5b537ce95af4960416e9d90bcd25eecbbae0cd98459b06907cb0a9a0504252a2c591178480cc1e2de6b2542b0476ed3405116fedbd7d40fdeec433229613fd8e3620d7b671e8647353c21180f36860fcd6f6823a254de08edce01d01931a5e118318f87659f8e473646e5997d3827740b394433d62cc5a67ef0359ea0e3fc4eb2445f0de68a48a99e115cca6e5773a8c6f23dbcc1d379b30f56bd323c6e2db1474ba57609992825eea94848463831c6448ec94bf520be08a5aa2d710c04d41ae7f368decb766a34b073692f2cae2b47c1ac6d7ddff5af31257aa81335232d3e360bc91d7593f79276660d49f3762651d3539b2cbb8088c13d85f3b62a2b0a28d629ac7414c3ac92e3a06d7a1172be5b4a3b1d4758dd9d02de73b3c46f778f217a4048e4394d6afe1f386d1117ea0957599b47e429ace1001f936b11b0e8bde95a8aa8e38ee63239d2,gx-no-cache=1526660734775 HTTP/1.1" 200 30
190.100.93.40 - - [18/May/2018:13:26:31 -0300] "POST /cormun/servlet/solicitudot?gx-no-cache=1526660734817 HTTP/1.1" 200 30
190.100.93.40 - - [18/May/2018:13:26:31 -0300] "POST /cormun/servlet/solicitudot?gx-no-cache=1526660734874 HTTP/1.1" 200 1367
190.100.93.40 - - [18/May/2018:13:26:31 -0300] "POST /cormun/servlet/solicitudot?gx-no-cache=1526660734960 HTTP/1.1" 200 41
190.100.93.40 - - [18/May/2018:13:26:35 -0300] "GET /cormun/servlet/solicitudot?a4a2d4a5c701345887f5c409dd4aea29976c9b4becc52e4fca477a39aa7385e4252337c13ac92688b098e3b551f55041dad0e8b0b1dd30b8121a5d74056dfc4226812d7f56dc71d2cede31c8d9c91e8abfc56f55c947d1b96588cc75668704a5222c034179cb37ab9b221ef7f7a6d296ea30915e9f1570ee03bcd0c37e757c7a0c245490b1536bcf107494cd47567fef2fe47cdb28c04236c02d62e3b0ec0c74,gx-no-cache=1526660739458 HTTP/1.1" 200 29
190.100.93.40 - - [18/May/2018:13:26:36 -0300] "POST /cormun/servlet/solicitudot?gx-no-cache=1526660739547 HTTP/1.1" 200 1350
186.103.159.44 - - [18/May/2018:13:26:36 -0300] "POST /cormun/servlet/solicitudot?e3e65c63bc3add34015de955d267e1ab,INS,0,0,,gx-no-cache=1526660738827 HTTP/1.1" 200 93
190.100.93.40 - - [18/May/2018:13:26:36 -0300] "POST /cormun/servlet/solicitudot?gx-no-cache=1526660739627 HTTP/1.1" 200 1249
186.103.159.44 - - [18/May/2018:13:26:36 -0300] "GET /cormun/servlet/hpexe_return? HTTP/1.1" 200 1006
186.103.159.44 - - [18/May/2018:13:26:36 -0300] "GET /cormun/servlet/trsolicitudot HTTP/1.1" 200 9396
190.100.93.40 - - [18/May/2018:13:26:57 -0300] "GET /cormun/servlet/solicitudot?a4a2d4a5c701345887f5c409dd4aea2910ce24f3ddb63b4a91502902c113508d27c3cabf8a16c9b7110fd6cada5e0041,gx-no-cache=1526660760820 HTTP/1.1" 200 30
190.100.93.40 - - [18/May/2018:13:26:57 -0300] "POST /cormun/servlet/solicitudot?gx-no-cache=1526660760910 HTTP/1.1" 200 30
186.103.159.44 - - [18/May/2018:13:26:57 -0300] "GET /cormun/servlet/solicitudot?INS,0,0, HTTP/1.1" 200 13619
190.100.93.40 - - [18/May/2018:13:26:57 -0300] "POST /cormun/servlet/solicitudot?b8e0d56fb7a13467cdbe476f439aca64,UPD,2018,11435,,gx-no-cache=1526660760976 HTTP/1.1" 200 93
190.100.93.40 - - [18/May/2018:13:26:57 -0300] "GET /cormun/servlet/hpexe_return? HTTP/1.1" 200 1018
190.100.93.40 - - [18/May/2018:13:26:57 -0300] "GET /cormun/servlet/trsolicitudot HTTP/1.1" 200 9354
190.100.93.40 - - [18/May/2018:13:26:58 -0300] "GET /cormun/servlet/trsolicitudot HTTP/1.1" 200 9350
186.103.159.44 - - [18/May/2018:13:27:07 -0300] "POST /cormun/servlet/solicitudot?gx-no-cache=1526660770917 HTTP/1.1" 200 3291
186.103.159.44 - - [18/May/2018:13:27:08 -0300] "POST /cormun/servlet/solicitudot?e3e65c63bc3add34015de955d267e1ab,INS,0,0,,gx-no-cache=1526660771269 HTTP/1.1" 200 10439
186.103.159.44 - - [18/May/2018:13:27:13 -0300] "GET /cormun/servlet/prfichaempleado?,MD,,gxPopupLevel%3D0%3B HTTP/1.1" 200 9333
186.103.159.44 - - [18/May/2018:13:27:49 -0300] "GET /cormun/servlet/solicitudot?22119fe96d5644a5b1f072b3578124a7f502158f5cf260bffb41ac05ffd4c8b5bc5eec64b41a7ff9c8ccc3879acefb78,gx-no-cache=1526660813018 HTTP/1.1" 200 30
186.103.159.44 - - [18/May/2018:13:27:54 -0300] "GET /cormun/servlet/solicitudot?22119fe96d5644a5b1f072b3578124a7aaf691bd536a2e3b48829e3d01236531,gx-no-cache=1526660817702 HTTP/1.1" 200 94
186.103.159.44 - - [18/May/2018:13:27:54 -0300] "GET /cormun/servlet/solicitudot?22119fe96d5644a5b1f072b3578124a7c76c4a1877ccea503b2bb6c3dba22fd1,gx-no-cache=1526660817800 HTTP/1.1" 200 29
186.103.159.44 - - [18/May/2018:13:27:54 -0300] "POST /cormun/servlet/solicitudot?gx-no-cache=1526660817856 HTTP/1.1" 200 297
186.103.159.44 - - [18/May/2018:13:27:54 -0300] "GET /cormun/servlet/solicitudot?22119fe96d5644a5b1f072b3578124a7e116c6ae801564d22bc186f710ee94736850b8d5e7bb95032d3c2ddec10bd10495d2749a7a2619dbd6cbfde163c332f625d0d46b41429fd6d3dbbab3e056ddbf7cb0761dd4e4feff224e21b68486571874a34f517bd2d804d7ff386be21bb065591c6d4eb670a36847c3188b19505f476d82b9ebb5a8e8b15e0c91dff5a83d94de99a42aeca69eee0f79560a4ed8333a8b45b265438828355a2ad8df3a740cb68de29ad1dfbddcd387960accf842ea2d5494c43e6729648175a5abfce5b9dd79836ed10eccb4a175b1934ff8e4022bea0323425cb02dc0e2ae97330587ddbd1f4c10a126f70f724189c178a76984175c21ae99d08361b9111c444fcaf8ff7f86134d29a44b075c2de81f0aa1ecbc2cd1994bd43dfb506b3a7fdf60b45f6b5ee85db567964298f08df2f55fce83752667e9402ed29eeece94d269b51734997f016a479024f524c6e3d8d718c6aee7c6f8f9c2eee94736fa80eebbd4c9aaf931c9dc7ea81cbdb53461b9172026ade698845af22db433e37f510d89a6f19074f82e,gx-no-cache=1526660817911 HTTP/1.1" 200 30
186.103.159.44 - - [18/May/2018:13:27:54 -0300] "GET /cormun/static/Shared/jqueryui/images/ui-bg_highlight-soft_100_c6c2c8_1x100.png HTTP/1.1" 404 1117
186.103.159.44 - - [18/May/2018:13:27:54 -0300] "GET /cormun/static/Shared/jqueryui/images/ui-icons_82798d_256x240.png HTTP/1.1" 404 1089
186.103.159.44 - - [18/May/2018:13:27:55 -0300] "GET /cormun/static/Shared/jqueryui/images/ui-icons_ebccce_256x240.png HTTP/1.1" 404 1089
186.103.159.44 - - [18/May/2018:13:27:55 -0300] "GET /cormun/static/Shared/jqueryui/images/ui-bg_flat_55_994d53_40x100.png HTTP/1.1" 404 1097
186.103.159.44 - - [18/May/2018:13:28:03 -0300] "GET /cormun/servlet/trsolicitudot? HTTP/1.1" 200 9398
190.100.93.40 - - [18/May/2018:13:28:07 -0300] "POST /cormun/servlet/trsolicitudot?b8e0d56fb7a13467cdbe476f439aca64,gx-no-cache=1526660830404 HTTP/1.1" 200 5922
190.100.93.40 - - [18/May/2018:13:28:07 -0300] "GET /cormun/static/Shared/jqueryui/images/ui-bg_highlight-soft_100_c6c2c8_1x100.png HTTP/1.1" 404 1117
190.100.93.40 - - [18/May/2018:13:28:07 -0300] "GET /cormun/static/Shared/jqueryui/images/ui-bg_flat_55_fafafa_40x100.png HTTP/1.1" 404 1097
190.100.93.40 - - [18/May/2018:13:28:07 -0300] "GET /cormun/static/Shared/jqueryui/images/ui-icons_82798d_256x240.png HTTP/1.1" 404 1089
190.100.93.40 - - [18/May/2018:13:28:07 -0300] "GET /cormun/static/Shared/jqueryui/images/ui-icons_8d78a5_256x240.png HTTP/1.1" 404 1089
190.100.93.40 - - [18/May/2018:13:28:07 -0300] "POST /cormun/servlet/trsolicitudot?b8e0d56fb7a13467cdbe476f439aca64,gx-no-cache=1526660830879 HTTP/1.1" 200 5869
190.100.93.40 - - [18/May/2018:13:28:09 -0300] "POST /cormun/servlet/trsolicitudot?b8e0d56fb7a13467cdbe476f439aca64,gx-no-cache=1526660832574 HTTP/1.1" 200 4705
190.100.93.40 - - [18/May/2018:13:28:09 -0300] "POST /cormun/servlet/trsolicitudot?b8e0d56fb7a13467cdbe476f439aca64,gx-no-cache=1526660832756 HTTP/1.1" 200 4459
186.103.159.44 - - [18/May/2018:13:28:10 -0300] "POST /cormun/servlet/trsolicitudot?e3e65c63bc3add34015de955d267e1ab,,gx-no-cache=1526660833740 HTTP/1.1" 200 106
186.103.159.44 - - [18/May/2018:13:28:10 -0300] "GET /cormun/servlet/solicitudot?UPD,2018,11441, HTTP/1.1" 200 15453
186.103.159.44 - - [18/May/2018:13:28:12 -0300] "POST /cormun/servlet/solicitudot?gx-no-cache=1526660835409 HTTP/1.1" 200 3391
186.103.159.44 - - [18/May/2018:13:28:12 -0300] "POST /cormun/servlet/solicitudot?e3e65c63bc3add34015de955d267e1ab,UPD,2018,11441,,gx-no-cache=1526660835779 HTTP/1.1" 200 11732
186.103.159.44 - - [18/May/2018:13:28:12 -0300] "GET /cormun/servlet/solicitudot?22119fe96d5644a5b1f072b3578124a7b1139d5515495e51a3f9334fad9dbe67c3190c1e8a65790907b7898252cc1469,gx-no-cache=1526660836009 HTTP/1.1" 200 30
186.103.159.44 - - [18/May/2018:13:28:13 -0300] "GET /cormun/servlet/solicitudot?22119fe96d5644a5b1f072b3578124a79b0390604c61697396731c0e75178c9e3a90b1fe0aa0287ecd646b467c134c205af22db433e37f510d89a6f19074f82e,gx-no-cache=1526660836093 HTTP/1.1" 200 30
186.103.159.44 - - [18/May/2018:13:28:13 -0300] "GET /cormun/servlet/solicitudot?22119fe96d5644a5b1f072b3578124a77e36dc1729f64d9f40cbf0d452b48ca1d181cd3b4c4bb589b5f4dee69a77c809a7e2cbfb77b380609cee370fad5d449d,gx-no-cache=1526660836124 HTTP/1.1" 200 51
186.103.159.44 - - [18/May/2018:13:28:13 -0300] "POST /cormun/servlet/solicitudot?gx-no-cache=1526660836160 HTTP/1.1" 200 256
186.103.159.44 - - [18/May/2018:13:28:13 -0300] "GET /cormun/servlet/solicitudot?22119fe96d5644a5b1f072b3578124a7e116c6ae801564d22bc186f710ee947313f88d3e14fe018141f26b0f99ef4c5995d2749a7a2619dbd6cbfde163c332f625d0d46b41429fd6d3dbbab3e056ddbf7cb0761dd4e4feff224e21b68486571874a34f517bd2d804d7ff386be21bb065591c6d4eb670a36847c3188b19505f476d82b9ebb5a8e8b15e0c91dff5a83d94de99a42aeca69eee0f79560a4ed8333a8b45b265438828355a2ad8df3a740cb68de29ad1dfbddcd387960accf842ea2d5494c43e6729648175a5abfce5b9dd79836ed10eccb4a175b1934ff8e4022bea0323425cb02dc0e2ae97330587ddbd1ff9ec242c50331718352693ee3658abea21ae99d08361b9111c444fcaf8ff7f866de6090ef6f90243580a9086f6e5584e5b0023f6bd57f28cbfcb5c0305ba6319303a159fb7982ef77e27e39689fadd06e22a2ffc8ae9cfc7d9b5dd5835ffd5b130b2a309a413ecec131e5febb680df292164d47f9268b69e55f72774131de05d7e1020d66f5b4f35904e4afc41f2ec47,gx-no-cache=1526660836202 HTTP/1.1" 200 30
186.103.159.44 - - [18/May/2018:13:28:13 -0300] "POST /cormun/servlet/solicitudot?gx-no-cache=1526660836596 HTTP/1.1" 200 30
186.103.159.44 - - [18/May/2018:13:28:13 -0300] "POST /cormun/servlet/solicitudot?gx-no-cache=1526660836654 HTTP/1.1" 200 1367
186.103.159.44 - - [18/May/2018:13:28:13 -0300] "POST /cormun/servlet/solicitudot?gx-no-cache=1526660836730 HTTP/1.1" 200 41
190.100.93.40 - - [18/May/2018:13:28:14 -0300] "GET /cormun/servlet/trautorizarsolicitud? HTTP/1.1" 200 9248
190.100.93.40 - - [18/May/2018:13:28:15 -0300] "GET /cormun/static/gxcfg.js?2017111423403364 HTTP/1.1" 200 953
190.100.93.40 - - [18/May/2018:13:28:15 -0300] "GET /cormun/static/trautorizarsolicitud.js?201711142340425 HTTP/1.1" 200 53910
190.100.93.40 - - [18/May/2018:13:28:15 -0300] "GET /cormun/servlet/trautorizarsolicitud? HTTP/1.1" 200 9248
186.103.159.44 - - [18/May/2018:13:28:17 -0300] "POST /cormun/servlet/solicitudot?gx-no-cache=1526660841058 HTTP/1.1" 200 30
186.103.159.44 - - [18/May/2018:13:28:20 -0300] "POST /cormun/servlet/solicitudot?gx-no-cache=1526660843620 HTTP/1.1" 200 1367
186.103.159.44 - - [18/May/2018:13:28:20 -0300] "POST /cormun/servlet/solicitudot?gx-no-cache=1526660843738 HTTP/1.1" 200 41
186.103.159.44 - - [18/May/2018:13:28:21 -0300] "GET /cormun/servlet/solicitudot?22119fe96d5644a5b1f072b3578124a76d3cc5b6799085fa178cdd640e4d3ae6938e362eff55414bef6cafc8db16f803836c2cac1c787ef2731d29371192c9e811471af1c44f8faf4b247b5501c9bebb1fbcd925a5c5100e212f10691538bb538175fb3a1d03ad7eb921a8858296d2db2c67d3c36fa738478955dbcc0aa6ec06ec59d3c41bd5187b8158eeea87cb9c5f5b5250d6321a264ab79fc1a691a968cc,gx-no-cache=1526660843809 HTTP/1.1" 200 29
186.103.159.44 - - [18/May/2018:13:28:21 -0300] "POST /cormun/servlet/solicitudot?gx-no-cache=1526660844203 HTTP/1.1" 200 1350
186.103.159.44 - - [18/May/2018:13:28:21 -0300] "POST /cormun/servlet/solicitudot?gx-no-cache=1526660844283 HTTP/1.1" 200 1249
186.103.159.44 - - [18/May/2018:13:28:21 -0300] "GET /cormun/servlet/solicitudot?22119fe96d5644a5b1f072b3578124a7ab5322596135dabbb7914f463204966651da8b0054ecfe248579a1936fec68f3,gx-no-cache=1526660844339 HTTP/1.1" 200 30
186.103.159.44 - - [18/May/2018:13:28:21 -0300] "POST /cormun/servlet/solicitudot?gx-no-cache=1526660844375 HTTP/1.1" 200 33
186.103.159.44 - - [18/May/2018:13:28:21 -0300] "POST /cormun/servlet/solicitudot?e3e65c63bc3add34015de955d267e1ab,UPD,2018,11441,,gx-no-cache=1526660844429 HTTP/1.1" 200 93
186.103.159.44 - - [18/May/2018:13:28:21 -0300] "GET /cormun/servlet/hpexe_return? HTTP/1.1" 200 1013
186.103.159.44 - - [18/May/2018:13:28:21 -0300] "GET /cormun/servlet/trsolicitudot HTTP/1.1" 200 9394
186.103.159.44 - - [18/May/2018:13:28:27 -0300] "POST /cormun/servlet/trsolicitudot?e3e65c63bc3add34015de955d267e1ab,gx-no-cache=1526660850726 HTTP/1.1" 200 106
186.103.159.44 - - [18/May/2018:13:28:27 -0300] "GET /cormun/servlet/solicitudot?UPD,2018,11439, HTTP/1.1" 200 15458
186.103.159.44 - - [18/May/2018:13:28:29 -0300] "POST /cormun/servlet/solicitudot?gx-no-cache=1526660852298 HTTP/1.1" 200 3391
186.103.159.44 - - [18/May/2018:13:28:29 -0300] "POST /cormun/servlet/solicitudot?e3e65c63bc3add34015de955d267e1ab,UPD,2018,11439,,gx-no-cache=1526660852621 HTTP/1.1" 200 11728
186.103.159.44 - - [18/May/2018:13:28:29 -0300] "GET /cormun/servlet/solicitudot?22119fe96d5644a5b1f072b3578124a7b1139d5515495e51a3f9334fad9dbe67c3190c1e8a65790907b7898252cc1469,gx-no-cache=1526660852853 HTTP/1.1" 200 30
186.103.159.44 - - [18/May/2018:13:28:29 -0300] "GET /cormun/servlet/solicitudot?22119fe96d5644a5b1f072b3578124a79b0390604c61697396731c0e75178c9e3a90b1fe0aa0287ecd646b467c134c205af22db433e37f510d89a6f19074f82e,gx-no-cache=1526660852937 HTTP/1.1" 200 30
186.103.159.44 - - [18/May/2018:13:28:29 -0300] "GET /cormun/servlet/solicitudot?22119fe96d5644a5b1f072b3578124a77e36dc1729f64d9f40cbf0d452b48ca1d181cd3b4c4bb589b5f4dee69a77c809a7e2cbfb77b380609cee370fad5d449d,gx-no-cache=1526660852979 HTTP/1.1" 200 51
186.103.159.44 - - [18/May/2018:13:28:29 -0300] "POST /cormun/servlet/solicitudot?gx-no-cache=1526660853015 HTTP/1.1" 200 256
186.103.159.44 - - [18/May/2018:13:28:30 -0300] "GET /cormun/servlet/solicitudot?22119fe96d5644a5b1f072b3578124a7e116c6ae801564d22bc186f710ee947313f88d3e14fe018141f26b0f99ef4c5995d2749a7a2619dbd6cbfde163c332f625d0d46b41429fd6d3dbbab3e056ddbf7cb0761dd4e4feff224e21b68486571874a34f517bd2d804d7ff386be21bb065591c6d4eb670a36847c3188b19505f476d82b9ebb5a8e8b15e0c91dff5a83d94de99a42aeca69eee0f79560a4ed8333a8b45b265438828355a2ad8df3a740cb68de29ad1dfbddcd387960accf842ea2d5494c43e6729648175a5abfce5b9dd79836ed10eccb4a175b1934ff8e4022bea0323425cb02dc0e2ae97330587ddbd1ff9ec242c50331718352693ee3658abea21ae99d08361b9111c444fcaf8ff7f866de6090ef6f90243580a9086f6e5584e5b0023f6bd57f28cbfcb5c0305ba6319303a159fb7982ef77e27e39689fadd06e22a2ffc8ae9cfc7d9b5dd5835ffd5b130b2a309a413ecec131e5febb680df292164d47f9268b69e55f72774131de05d7e1020d66f5b4f35904e4afc41f2ec47,gx-no-cache=1526660853056 HTTP/1.1" 200 30
186.103.159.44 - - [18/May/2018:13:28:30 -0300] "POST /cormun/servlet/solicitudot?gx-no-cache=1526660853134 HTTP/1.1" 200 30
186.103.159.44 - - [18/May/2018:13:28:30 -0300] "POST /cormun/servlet/solicitudot?gx-no-cache=1526660853192 HTTP/1.1" 200 1366
186.103.159.44 - - [18/May/2018:13:28:30 -0300] "POST /cormun/servlet/solicitudot?gx-no-cache=1526660853257 HTTP/1.1" 200 41
186.103.159.44 - - [18/May/2018:13:28:33 -0300] "POST /cormun/servlet/solicitudot?gx-no-cache=1526660856762 HTTP/1.1" 200 30
190.100.93.40 - - [18/May/2018:13:28:34 -0300] "POST /cormun/servlet/trautorizarsolicitud?b8e0d56fb7a13467cdbe476f439aca64,,gx-no-cache=1526660858140 HTTP/1.1" 200 5838
190.100.93.40 - - [18/May/2018:13:28:34 -0300] "GET /cormun/static/Shared/jqueryui/images/ui-bg_highlight-soft_100_c6c2c8_1x100.png HTTP/1.1" 404 1117
190.100.93.40 - - [18/May/2018:13:28:34 -0300] "GET /cormun/static/Shared/jqueryui/images/ui-icons_82798d_256x240.png HTTP/1.1" 404 1089
190.100.93.40 - - [18/May/2018:13:28:34 -0300] "GET /cormun/static/Shared/jqueryui/images/ui-bg_flat_55_fafafa_40x100.png HTTP/1.1" 404 1097
190.100.93.40 - - [18/May/2018:13:28:34 -0300] "GET /cormun/static/Shared/jqueryui/images/ui-icons_8d78a5_256x240.png HTTP/1.1" 404 1089
190.100.93.40 - - [18/May/2018:13:28:35 -0300] "POST /cormun/servlet/trautorizarsolicitud?b8e0d56fb7a13467cdbe476f439aca64,,gx-no-cache=1526660858389 HTTP/1.1" 200 5785
186.103.159.44 - - [18/May/2018:13:28:35 -0300] "POST /cormun/servlet/solicitudot?gx-no-cache=1526660859013 HTTP/1.1" 200 1366
186.103.159.44 - - [18/May/2018:13:28:36 -0300] "POST /cormun/servlet/solicitudot?gx-no-cache=1526660859098 HTTP/1.1" 200 41
186.103.159.44 - - [18/May/2018:13:28:36 -0300] "GET /cormun/servlet/solicitudot?22119fe96d5644a5b1f072b3578124a76d3cc5b6799085fa178cdd640e4d3ae6938e362eff55414bef6cafc8db16f803836c2cac1c787ef2731d29371192c9e811471af1c44f8faf4b247b5501c9bebb1fbcd925a5c5100e212f10691538bb538175fb3a1d03ad7eb921a8858296d2db2c67d3c36fa738478955dbcc0aa6ec06ec59d3c41bd5187b8158eeea87cb9c5f5b5250d6321a264ab79fc1a691a968cc,gx-no-cache=1526660859133 HTTP/1.1" 200 29
186.103.159.44 - - [18/May/2018:13:28:36 -0300] "POST /cormun/servlet/solicitudot?gx-no-cache=1526660859549 HTTP/1.1" 200 1351
186.103.159.44 - - [18/May/2018:13:28:36 -0300] "POST /cormun/servlet/solicitudot?gx-no-cache=1526660859730 HTTP/1.1" 200 1250
186.103.159.44 - - [18/May/2018:13:28:36 -0300] "GET /cormun/servlet/solicitudot?22119fe96d5644a5b1f072b3578124a7ab5322596135dabbb7914f463204966651da8b0054ecfe248579a1936fec68f3,gx-no-cache=1526660859790 HTTP/1.1" 200 30
186.103.159.44 - - [18/May/2018:13:28:36 -0300] "POST /cormun/servlet/solicitudot?gx-no-cache=1526660859832 HTTP/1.1" 200 30
186.103.159.44 - - [18/May/2018:13:28:36 -0300] "POST /cormun/servlet/solicitudot?e3e65c63bc3add34015de955d267e1ab,UPD,2018,11439,,gx-no-cache=1526660859883 HTTP/1.1" 200 93
186.103.159.44 - - [18/May/2018:13:28:37 -0300] "GET /cormun/servlet/hpexe_return? HTTP/1.1" 200 1013
186.103.159.44 - - [18/May/2018:13:28:37 -0300] "GET /cormun/servlet/trsolicitudot HTTP/1.1" 200 9385
190.100.93.40 - - [18/May/2018:13:28:41 -0300] "POST /cormun/servlet/trautorizarsolicitud?b8e0d56fb7a13467cdbe476f439aca64,,gx-no-cache=1526660865285 HTTP/1.1" 200 4633
190.100.93.40 - - [18/May/2018:13:28:41 -0300] "POST /cormun/servlet/trautorizarsolicitud?b8e0d56fb7a13467cdbe476f439aca64,,gx-no-cache=1526660865485 HTTP/1.1" 200 4396
186.103.159.44 - - [18/May/2018:13:29:01 -0300] "POST /cormun/servlet/trsolicitudot?e3e65c63bc3add34015de955d267e1ab,gx-no-cache=1526660884700 HTTP/1.1" 200 106
186.103.159.44 - - [18/May/2018:13:29:01 -0300] "GET /cormun/servlet/solicitudot?UPD,2018,11439, HTTP/1.1" 200 15458
186.103.159.44 - - [18/May/2018:13:29:03 -0300] "POST /cormun/servlet/solicitudot?gx-no-cache=1526660886276 HTTP/1.1" 200 3391
186.103.159.44 - - [18/May/2018:13:29:03 -0300] "POST /cormun/servlet/solicitudot?e3e65c63bc3add34015de955d267e1ab,UPD,2018,11439,,gx-no-cache=1526660886669 HTTP/1.1" 200 11729
186.103.159.44 - - [18/May/2018:13:29:03 -0300] "GET /cormun/servlet/solicitudot?22119fe96d5644a5b1f072b3578124a7b1139d5515495e51a3f9334fad9dbe67c3190c1e8a65790907b7898252cc1469,gx-no-cache=1526660886992 HTTP/1.1" 200 30
186.103.159.44 - - [18/May/2018:13:29:03 -0300] "GET /cormun/servlet/solicitudot?22119fe96d5644a5b1f072b3578124a79b0390604c61697396731c0e75178c9e3a90b1fe0aa0287ecd646b467c134c205af22db433e37f510d89a6f19074f82e,gx-no-cache=1526660887079 HTTP/1.1" 200 30
186.103.159.44 - - [18/May/2018:13:29:04 -0300] "GET /cormun/servlet/solicitudot?22119fe96d5644a5b1f072b3578124a77e36dc1729f64d9f40cbf0d452b48ca1d181cd3b4c4bb589b5f4dee69a77c809a7e2cbfb77b380609cee370fad5d449d,gx-no-cache=1526660887111 HTTP/1.1" 200 51
186.103.159.44 - - [18/May/2018:13:29:04 -0300] "POST /cormun/servlet/solicitudot?gx-no-cache=1526660887149 HTTP/1.1" 200 256
186.103.159.44 - - [18/May/2018:13:29:04 -0300] "GET /cormun/servlet/solicitudot?22119fe96d5644a5b1f072b3578124a7e116c6ae801564d22bc186f710ee947313f88d3e14fe018141f26b0f99ef4c5995d2749a7a2619dbd6cbfde163c332f625d0d46b41429fd6d3dbbab3e056ddbf7cb0761dd4e4feff224e21b68486571874a34f517bd2d804d7ff386be21bb065591c6d4eb670a36847c3188b19505f476d82b9ebb5a8e8b15e0c91dff5a83d94de99a42aeca69eee0f79560a4ed8333a8b45b265438828355a2ad8df3a740cb68de29ad1dfbddcd387960accf842ea2d5494c43e6729648175a5abfce5b9dd79836ed10eccb4a175b1934ff8e4022bea0323425cb02dc0e2ae97330587ddbd1ff9ec242c50331718352693ee3658abea21ae99d08361b9111c444fcaf8ff7f866de6090ef6f90243580a9086f6e5584e5b0023f6bd57f28cbfcb5c0305ba6319303a159fb7982ef77e27e39689fadd06e22a2ffc8ae9cfc7d9b5dd5835ffd5b130b2a309a413ecec131e5febb680df292164d47f9268b69e55f72774131de05d7e1020d66f5b4f35904e4afc41f2ec47,gx-no-cache=1526660887190 HTTP/1.1" 200 30
186.103.159.44 - - [18/May/2018:13:29:04 -0300] "POST /cormun/servlet/solicitudot?gx-no-cache=1526660887527 HTTP/1.1" 200 30
186.103.159.44 - - [18/May/2018:13:29:04 -0300] "POST /cormun/servlet/solicitudot?gx-no-cache=1526660887587 HTTP/1.1" 200 1366
186.103.159.44 - - [18/May/2018:13:29:04 -0300] "POST /cormun/servlet/solicitudot?gx-no-cache=1526660887672 HTTP/1.1" 200 41
186.103.159.44 - - [18/May/2018:13:29:14 -0300] "POST /cormun/servlet/solicitudot?gx-no-cache=1526660897199 HTTP/1.1" 200 30
186.67.172.234 - - [18/May/2018:13:29:15 -0300] "GET /cormun/servlet/hlogin HTTP/1.1" 200 1724
186.67.172.234 - - [18/May/2018:13:29:15 -0300] "GET /cormun/servlet/hlogin HTTP/1.1" 200 1734
186.103.159.44 - - [18/May/2018:13:29:16 -0300] "POST /cormun/servlet/solicitudot?gx-no-cache=1526660899848 HTTP/1.1" 200 1366
186.103.159.44 - - [18/May/2018:13:29:16 -0300] "POST /cormun/servlet/solicitudot?gx-no-cache=1526660899927 HTTP/1.1" 200 41
186.103.159.44 - - [18/May/2018:13:29:17 -0300] "GET /cormun/servlet/solicitudot?22119fe96d5644a5b1f072b3578124a76d3cc5b6799085fa178cdd640e4d3ae6938e362eff55414bef6cafc8db16f803836c2cac1c787ef2731d29371192c9e811471af1c44f8faf4b247b5501c9bebb1fbcd925a5c5100e212f10691538bb538175fb3a1d03ad7eb921a8858296d2db2c67d3c36fa738478955dbcc0aa6ec06ec59d3c41bd5187b8158eeea87cb9c5f5b5250d6321a264ab79fc1a691a968cc,gx-no-cache=1526660899964 HTTP/1.1" 200 29
186.103.159.44 - - [18/May/2018:13:29:17 -0300] "POST /cormun/servlet/solicitudot?gx-no-cache=1526660900309 HTTP/1.1" 200 1351
186.103.159.44 - - [18/May/2018:13:29:17 -0300] "POST /cormun/servlet/solicitudot?gx-no-cache=1526660900387 HTTP/1.1" 200 1250
186.103.159.44 - - [18/May/2018:13:29:17 -0300] "GET /cormun/servlet/solicitudot?22119fe96d5644a5b1f072b3578124a7ab5322596135dabbb7914f463204966651da8b0054ecfe248579a1936fec68f3,gx-no-cache=1526660900435 HTTP/1.1" 200 30
186.103.159.44 - - [18/May/2018:13:29:17 -0300] "POST /cormun/servlet/solicitudot?gx-no-cache=1526660900469 HTTP/1.1" 200 30
186.103.159.44 - - [18/May/2018:13:29:17 -0300] "POST /cormun/servlet/solicitudot?e3e65c63bc3add34015de955d267e1ab,UPD,2018,11439,,gx-no-cache=1526660900512 HTTP/1.1" 200 93
186.103.159.44 - - [18/May/2018:13:29:17 -0300] "GET /cormun/servlet/hpexe_return? HTTP/1.1" 200 1013
186.103.159.44 - - [18/May/2018:13:29:17 -0300] "GET /cormun/servlet/trsolicitudot HTTP/1.1" 200 9401
186.67.172.234 - - [18/May/2018:13:29:24 -0300] "POST /cormun/servlet/hlogin?ab270e3904aceab72b59d5a8545185e2,gx-no-cache=1526660904610 HTTP/1.1" 200 90
186.67.172.234 - - [18/May/2018:13:29:24 -0300] "GET /cormun/servlet/hpexe_link HTTP/1.1" 200 955
186.67.172.234 - - [18/May/2018:13:29:25 -0300] "GET /cormun/servlet/hhome HTTP/1.1" 200 4242
186.103.159.44 - - [18/May/2018:13:29:25 -0300] "GET /cormun/servlet/trsolicitudot? HTTP/1.1" 200 9397
186.67.172.234 - - [18/May/2018:13:29:25 -0300] "GET /cormun/servlet/hhome HTTP/1.1" 200 4238
186.103.159.44 - - [18/May/2018:13:29:29 -0300] "GET /cormun/servlet/solicitudot?INS,0,0, HTTP/1.1" 200 13618
186.103.159.44 - - [18/May/2018:13:29:46 -0300] "POST /cormun/servlet/solicitudot?gx-no-cache=1526660929704 HTTP/1.1" 200 3291
186.103.159.44 - - [18/May/2018:13:29:47 -0300] "POST /cormun/servlet/solicitudot?e3e65c63bc3add34015de955d267e1ab,INS,0,0,,gx-no-cache=1526660930004 HTTP/1.1" 200 10441
186.67.172.234 - - [18/May/2018:13:30:42 -0300] "GET /cormun/servlet/trsolicitudot? HTTP/1.1" 200 7455
186.67.172.234 - - [18/May/2018:13:30:43 -0300] "GET /cormun/servlet/trsolicitudot? HTTP/1.1" 200 7454
186.67.172.234 - - [18/May/2018:13:30:44 -0300] "GET /cormun/servlet/solicitudot?INS,0,0, HTTP/1.1" 200 13679
186.67.172.234 - - [18/May/2018:13:30:44 -0300] "GET /cormun/static/solicitudot.js?201812313224831 HTTP/1.1" 304 -
186.67.172.234 - - [18/May/2018:13:30:45 -0300] "GET /cormun/servlet/solicitudot?INS,0,0, HTTP/1.1" 200 13684
200.111.191.210 - - [18/May/2018:13:30:55 -0300] "GET /cormun/servlet/trpermisosadjuntos?10180683,20180517104237,P, HTTP/1.1" 200 6269
200.111.191.210 - - [18/May/2018:13:30:55 -0300] "GET /cormun/servlet/trpermisosadjuntos?10180683,20180517104237,P, HTTP/1.1" 200 6267
200.111.191.210 - - [18/May/2018:13:30:58 -0300] "GET /cormun/servlet/trpermisosgoce HTTP/1.1" 200 15965
200.111.191.210 - - [18/May/2018:13:30:58 -0300] "GET /cormun/servlet/trpermisosgoce HTTP/1.1" 200 15965
200.111.191.210 - - [18/May/2018:13:31:06 -0300] "GET /cormun/servlet/trpermisosadjuntos?7907301,20180515112215,P, HTTP/1.1" 200 6274
200.111.191.210 - - [18/May/2018:13:31:06 -0300] "GET /cormun/servlet/trpermisosadjuntos?7907301,20180515112215,P, HTTP/1.1" 200 6274
200.111.191.210 - - [18/May/2018:13:31:08 -0300] "GET /cormun/servlet/trpermisosgoce HTTP/1.1" 200 15981
200.111.191.210 - - [18/May/2018:13:31:09 -0300] "GET /cormun/servlet/trpermisosgoce HTTP/1.1" 200 15970
186.67.172.234 - - [18/May/2018:13:31:27 -0300] "POST /cormun/servlet/solicitudot?gx-no-cache=1526661026972 HTTP/1.1" 200 3370
