186.103.158.250 - - [18/May/2018:14:00:30 -0300] "GET /cormun/servlet/solicitudot?9585b64fbee15c84671498610cbb040b54be87c454a99e3a1680877ed75db9dc1217b80051ecd319985a674b341f098cdfd52f9699e4e401f2e510da486ac95bab755666523d3d837c2de8496e2fd6d79753e91042721bfb1270f7460a5a050b5a345c51bfde1c06fa3b8508597eebb04c24accf2ea4b358ba9ca60b31dfc9e66a2957e9867813f152e4bb512329ad77d88dab79652807bdbc044e058872ed7494585012c24dbbddff8eab85fc0cf99c55332980f735c880c1ddc4c45ff1f65b9e67771632759cb19872ff1998c4aca60556f41c442536d3d91b69a9f9cb7e2fe903785d0eb3611ecfba43b6c8b3897b1fc5233765dae97d0ee2e53e372b616983e1adafb91bfbc6879cd37046ed92d54e91719a3b8f8b8286f2e9a7edd6c1d3f56342af02508b82762491933bc30a26badb11d95787116d0836988fd6b2cc1536728df541f9c8d11b29442d5c35c12e5c71afcedb79bc7d5916b38ff678eba1ad6b54c5fea415e652836c4f8083d55c2e6a029b838a55eddf9deb86acc65d0a,gx-no-cache=1526662767316 HTTP/1.1" 200 30
186.103.158.250 - - [18/May/2018:14:00:37 -0300] "POST /cormun/servlet/solicitudot?gx-no-cache=1526662773734 HTTP/1.1" 200 30
186.103.159.230 - - [18/May/2018:14:00:40 -0300] "POST /cormun/servlet/prfichaempleado?0435348680a4c6f1e0762d2f7e2370e1,,MD,,gxPopupLevel%3D0%3B,gx-no-cache=1526662775808 HTTP/1.1" 200 3473
186.103.158.250 - - [18/May/2018:14:00:55 -0300] "POST /cormun/servlet/solicitudot?gx-no-cache=1526662792651 HTTP/1.1" 200 1369
186.103.158.250 - - [18/May/2018:14:00:55 -0300] "POST /cormun/servlet/solicitudot?gx-no-cache=1526662792786 HTTP/1.1" 200 38
200.112.49.36 - - [18/May/2018:14:01:08 -0300] "POST /cormun/servlet/solicitudot?gx-no-cache=1526662807999 HTTP/1.1" 200 3291
200.112.49.36 - - [18/May/2018:14:01:08 -0300] "POST /cormun/servlet/solicitudot?d6b0bebc88effafbb46b27d954a8a6b0,INS,0,0,,gx-no-cache=1526662808502 HTTP/1.1" 200 10455
200.112.49.36 - - [18/May/2018:14:01:09 -0300] "GET /cormun/servlet/solicitudot?ed01bb64388e823cef7717f4e1f0d52a8f25f435778178defd63677e2165746a4fdd6f13de8da64661ff4cad338717d5,gx-no-cache=1526662809113 HTTP/1.1" 200 111
200.112.49.36 - - [18/May/2018:14:01:09 -0300] "GET /cormun/static/Shared/jqueryui/images/ui-bg_highlight-soft_100_c6c2c8_1x100.png HTTP/1.1" 404 1117
200.112.49.36 - - [18/May/2018:14:01:09 -0300] "GET /cormun/static/Shared/jqueryui/images/ui-icons_82798d_256x240.png HTTP/1.1" 404 1089
200.112.49.36 - - [18/May/2018:14:01:09 -0300] "GET /cormun/static/Shared/jqueryui/images/ui-bg_flat_55_994d53_40x100.png HTTP/1.1" 404 1097
200.112.49.36 - - [18/May/2018:14:01:09 -0300] "GET /cormun/static/Shared/jqueryui/images/ui-icons_ebccce_256x240.png HTTP/1.1" 404 1089
186.103.159.230 - - [18/May/2018:14:01:17 -0300] "GET /cormun/servlet/trsolicitudot? HTTP/1.1" 200 7387
186.103.159.230 - - [18/May/2018:14:01:17 -0300] "GET /cormun/servlet/trsolicitudot? HTTP/1.1" 200 7386
186.103.159.230 - - [18/May/2018:14:01:22 -0300] "GET /cormun/servlet/solicitudot?INS,0,0, HTTP/1.1" 200 13616
186.103.159.230 - - [18/May/2018:14:01:22 -0300] "GET /cormun/servlet/solicitudot?INS,0,0, HTTP/1.1" 200 13616
186.103.159.230 - - [18/May/2018:14:01:23 -0300] "GET /cormun/servlet/solicitudot?INS,0,0, HTTP/1.1" 200 13621
186.103.158.250 - - [18/May/2018:14:01:36 -0300] "GET /cormun/servlet/solicitudot?9585b64fbee15c84671498610cbb040b378b854f8e4bb6d80b91dac06d8335d1a5689bca767cb04c4857f027ff60a526a77553231b1abc5de528477ccdc9f5d964ee4d720c30ba3138cecf5f76c6e3ee0e9f3eae1d7a205bc3c42632636ecc173b2ea62fc7f5b90049639ab989294020,gx-no-cache=1526662833333 HTTP/1.1" 200 29
186.103.158.250 - - [18/May/2018:14:01:36 -0300] "POST /cormun/servlet/solicitudot?gx-no-cache=1526662833453 HTTP/1.1" 200 1351
186.103.158.250 - - [18/May/2018:14:01:36 -0300] "POST /cormun/servlet/solicitudot?gx-no-cache=1526662833593 HTTP/1.1" 200 1249
186.103.158.250 - - [18/May/2018:14:01:36 -0300] "GET /cormun/static/menuarrow.gif HTTP/1.1" 404 1015
200.112.49.36 - - [18/May/2018:14:01:37 -0300] "GET /cormun/servlet/trsolicitudot? HTTP/1.1" 200 7416
200.112.49.36 - - [18/May/2018:14:01:37 -0300] "GET /cormun/servlet/trsolicitudot? HTTP/1.1" 200 7415
186.103.158.250 - - [18/May/2018:14:01:39 -0300] "POST /cormun/servlet/solicitudot?gx-no-cache=1526662836080 HTTP/1.1" 200 1351
186.103.158.250 - - [18/May/2018:14:01:39 -0300] "POST /cormun/servlet/solicitudot?gx-no-cache=1526662836568 HTTP/1.1" 200 1249
200.112.49.36 - - [18/May/2018:14:01:40 -0300] "GET /cormun/servlet/solicitudot?INS,0,0, HTTP/1.1" 200 13652
200.112.49.36 - - [18/May/2018:14:01:40 -0300] "GET /cormun/servlet/solicitudot?INS,0,0, HTTP/1.1" 200 13657
200.112.49.36 - - [18/May/2018:14:01:44 -0300] "GET /cormun/servlet/prfichaempleado?,MD,,gxPopupLevel%3D0%3B HTTP/1.1" 200 9364
186.103.158.250 - - [18/May/2018:14:01:46 -0300] "GET /cormun/servlet/solicitudot?9585b64fbee15c84671498610cbb040b16702020132d3952e31a985a67f714addd44c03b973858f87c696abd6103c17e,gx-no-cache=1526662843703 HTTP/1.1" 200 30
186.103.159.230 - - [18/May/2018:14:01:58 -0300] "POST /cormun/servlet/solicitudot?gx-no-cache=1526662854257 HTTP/1.1" 200 3400
200.112.49.36 - - [18/May/2018:14:01:58 -0300] "POST /cormun/servlet/prfichaempleado?d6b0bebc88effafbb46b27d954a8a6b0,,MD,,gxPopupLevel%3D0%3B,gx-no-cache=1526662858514 HTTP/1.1" 200 3424
186.103.159.230 - - [18/May/2018:14:01:58 -0300] "POST /cormun/servlet/solicitudot?0435348680a4c6f1e0762d2f7e2370e1,INS,0,0,,gx-no-cache=1526662854453 HTTP/1.1" 200 10562
186.103.158.250 - - [18/May/2018:14:02:02 -0300] "GET /cormun/servlet/solicitudot?9585b64fbee15c84671498610cbb040bd50491469de914523947df3675e142fef3324a58ba679c3bca7bfb52b502bedc,gx-no-cache=1526662859569 HTTP/1.1" 200 30
186.103.159.230 - - [18/May/2018:14:02:05 -0300] "GET /cormun/servlet/solicitudot?629b5c3794e8e5d3719344ae97ac65dae6c242ae944c76e2c0e162f02c4c0105d54512ea722e0185c2e3e80529d93bfe,gx-no-cache=1526662861083 HTTP/1.1" 200 30
186.103.159.230 - - [18/May/2018:14:02:05 -0300] "GET /cormun/servlet/solicitudot?629b5c3794e8e5d3719344ae97ac65da464c8d1491e09767d1efa7ca18a78284a62dfbfc5ef31161bbd46b8dd3605be3353bb98cb7d4a9a9f61188a41ed581fd,gx-no-cache=1526662861137 HTTP/1.1" 200 30
186.103.159.230 - - [18/May/2018:14:02:05 -0300] "GET /cormun/servlet/solicitudot?629b5c3794e8e5d3719344ae97ac65da03a1ee9596e336ac88b8719c980002d5,gx-no-cache=1526662861177 HTTP/1.1" 200 53
186.103.159.230 - - [18/May/2018:14:02:05 -0300] "POST /cormun/servlet/solicitudot?gx-no-cache=1526662861221 HTTP/1.1" 200 255
186.103.159.230 - - [18/May/2018:14:02:05 -0300] "GET /cormun/servlet/solicitudot?629b5c3794e8e5d3719344ae97ac65dac6559ef78b688186aa562cb848e8a6889a3e4cadc2d2d4355585b79b4d3af432ae41890329407584711aa558d04b8621a58dcec625976244ae86e9f5177285e02bfcee827f1bc8b705c6b44918311aa78b1e496f42a32611de13111955ecf0bd6a14073e8ccd9a71034a54870570cb79df907f962ea52b5893cf5c9e74c0e5c6014edc81114732f6b1cdc0ee9f8412981362f70a2294d927337816546a19731c7f593612572c9a703134aad430d8a425de28dc4c88fc692205b341e9d87dffd5efdf2e80e854e6e42f64f7d80d8fac918732e045f4f35c338f32ea3626576bbc07734f6be2185d1f899e4fe438ae4bd9c1d082e26ebbd28c6dece8898b33bbca06224651281e57224514321e6d3ab906f3f35c78a1861b04578a28ef3b85d989ce30e77f7e85618eea08ebb66d02ca243b2405fda149a3d82fa9b83ff15d77388ef408b9c9e387f5eb737fe3a968d92ce98b4c16f38d4b5c484ac1bd7224ed00373adcde217338e7389c82718c013125,gx-no-cache=1526662861276 HTTP/1.1" 200 30
186.103.159.230 - - [18/May/2018:14:02:08 -0300] "POST /cormun/servlet/solicitudot?gx-no-cache=1526662864036 HTTP/1.1" 200 30
186.103.158.250 - - [18/May/2018:14:02:10 -0300] "POST /cormun/servlet/solicitudot?gx-no-cache=1526662868230 HTTP/1.1" 200 30
186.103.158.250 - - [18/May/2018:14:02:24 -0300] "POST /cormun/servlet/solicitudot?80e7c3964ec367851d5f5736910c774b,INS,0,0,,gx-no-cache=1526662881639 HTTP/1.1" 200 93
186.103.158.250 - - [18/May/2018:14:02:24 -0300] "GET /cormun/servlet/hpexe_return? HTTP/1.1" 200 1021
186.103.158.250 - - [18/May/2018:14:02:25 -0300] "GET /cormun/servlet/trsolicitudot?gx-no-cache=1526657817291 HTTP/1.1" 200 10306
186.103.158.250 - - [18/May/2018:14:02:27 -0300] "GET /cormun/servlet/trsolicitudot?gx-no-cache=1526657817291 HTTP/1.1" 200 10321
186.103.158.250 - - [18/May/2018:14:02:32 -0300] "POST /cormun/servlet/trsolicitudot?80e7c3964ec367851d5f5736910c774b,gx-no-cache=1526657817291,gx-no-cache=1526662889373 HTTP/1.1" 200 7372
186.103.158.250 - - [18/May/2018:14:02:35 -0300] "GET /cormun/servlet/solicitudot?INS,0,0, HTTP/1.1" 200 13659
186.103.158.250 - - [18/May/2018:14:02:36 -0300] "GET /cormun/servlet/solicitudot?INS,0,0, HTTP/1.1" 200 13643
186.103.159.230 - - [18/May/2018:14:02:40 -0300] "POST /cormun/servlet/solicitudot?gx-no-cache=1526662896272 HTTP/1.1" 200 1369
186.103.159.230 - - [18/May/2018:14:02:40 -0300] "POST /cormun/servlet/solicitudot?gx-no-cache=1526662896372 HTTP/1.1" 200 38
200.112.49.36 - - [18/May/2018:14:02:51 -0300] "POST /cormun/servlet/solicitudot?gx-no-cache=1526662910951 HTTP/1.1" 200 3291
200.112.49.36 - - [18/May/2018:14:02:51 -0300] "POST /cormun/servlet/solicitudot?d6b0bebc88effafbb46b27d954a8a6b0,INS,0,0,,gx-no-cache=1526662911380 HTTP/1.1" 200 10455
200.112.49.36 - - [18/May/2018:14:02:51 -0300] "GET /cormun/servlet/solicitudot?ed01bb64388e823cef7717f4e1f0d52a8f25f435778178defd63677e2165746a4fdd6f13de8da64661ff4cad338717d5,gx-no-cache=1526662911949 HTTP/1.1" 200 111
200.112.49.36 - - [18/May/2018:14:02:51 -0300] "GET /cormun/static/Shared/jqueryui/images/ui-bg_highlight-soft_100_c6c2c8_1x100.png HTTP/1.1" 404 1117
200.112.49.36 - - [18/May/2018:14:02:51 -0300] "GET /cormun/static/Shared/jqueryui/images/ui-icons_82798d_256x240.png HTTP/1.1" 404 1089
200.112.49.36 - - [18/May/2018:14:02:51 -0300] "GET /cormun/static/Shared/jqueryui/images/ui-bg_flat_55_994d53_40x100.png HTTP/1.1" 404 1097
200.112.49.36 - - [18/May/2018:14:02:51 -0300] "GET /cormun/static/Shared/jqueryui/images/ui-icons_ebccce_256x240.png HTTP/1.1" 404 1089
186.103.158.250 - - [18/May/2018:14:02:54 -0300] "POST /cormun/servlet/solicitudot?gx-no-cache=1526662911752 HTTP/1.1" 200 3292
186.103.158.250 - - [18/May/2018:14:02:54 -0300] "POST /cormun/servlet/solicitudot?80e7c3964ec367851d5f5736910c774b,INS,0,0,,gx-no-cache=1526662911954 HTTP/1.1" 200 10472
186.103.158.250 - - [18/May/2018:14:02:57 -0300] "GET /cormun/servlet/solicitudot?9585b64fbee15c84671498610cbb040bf8b475eb539264a61f0ee7e508e300d556c8aa604f20e4b7a05aa648c52aeed5,gx-no-cache=1526662915089 HTTP/1.1" 200 30
186.103.159.230 - - [18/May/2018:14:03:09 -0300] "GET /cormun/servlet/solicitudot?629b5c3794e8e5d3719344ae97ac65dad987897678be7823281c4ade0b2895f8b2485f0aad259cade80d6585bc59660cb112e140bb1704f086dd43dabb45f88917e7e98b278f174617be0d1aa2a6e47dcb0e8c425548b2715d755e0a550ed6f8ecbbb22753e5b4c81c43ea35be7bb68230a64e276b12c6b1c661fade94c9dfe43276e71b0a04e29bb66d79b44db66821238db88bd61512d42978dbbe8aac88a7,gx-no-cache=1526662925264 HTTP/1.1" 200 29
186.103.159.230 - - [18/May/2018:14:03:09 -0300] "POST /cormun/servlet/solicitudot?gx-no-cache=1526662925315 HTTP/1.1" 200 1350
186.103.159.230 - - [18/May/2018:14:03:09 -0300] "POST /cormun/servlet/solicitudot?gx-no-cache=1526662925382 HTTP/1.1" 200 1249
186.103.159.230 - - [18/May/2018:14:03:09 -0300] "GET /cormun/static/menuarrow.gif HTTP/1.1" 404 1015
200.112.49.36 - - [18/May/2018:14:03:14 -0300] "GET /cormun/servlet/prfichaempleado?,MD,,gxPopupLevel%3D0%3B HTTP/1.1" 200 9364
186.103.159.230 - - [18/May/2018:14:03:28 -0300] "POST /cormun/servlet/solicitudot?gx-no-cache=1526662944112 HTTP/1.1" 200 1350
186.103.159.230 - - [18/May/2018:14:03:28 -0300] "POST /cormun/servlet/solicitudot?gx-no-cache=1526662944174 HTTP/1.1" 200 1249
186.103.159.230 - - [18/May/2018:14:03:34 -0300] "GET /cormun/servlet/solicitudot?629b5c3794e8e5d3719344ae97ac65dafb11e7aaba932e6e74b6dfdfadf61fd59632b0591880889acd1a92cf73ec4bd1,gx-no-cache=1526662949963 HTTP/1.1" 200 30
186.103.159.230 - - [18/May/2018:14:04:29 -0300] "POST /cormun/servlet/solicitudot?gx-no-cache=1526663005435 HTTP/1.1" 200 30
186.103.158.250 - - [18/May/2018:14:04:31 -0300] "GET /cormun/servlet/prbanco?,MD,,gxPopupLevel%3D0%3B HTTP/1.1" 200 6625
186.103.158.250 - - [18/May/2018:14:04:36 -0300] "GET /cormun/servlet/solicitudot?9585b64fbee15c84671498610cbb040bf9e5521657cb1a4ed2c6fe5d0ee95029b2538882a70b230475d79f573d850bcd,gx-no-cache=1526663013885 HTTP/1.1" 200 30
186.103.158.250 - - [18/May/2018:14:04:38 -0300] "GET /cormun/servlet/solicitudot?9585b64fbee15c84671498610cbb040b1ab7e6282d38654718529a09e1928ebd,gx-no-cache=1526663016019 HTTP/1.1" 200 40
186.103.158.250 - - [18/May/2018:14:04:52 -0300] "POST /cormun/servlet/solicitudot?gx-no-cache=1526663029907 HTTP/1.1" 200 255
186.103.158.250 - - [18/May/2018:14:04:55 -0300] "GET /cormun/servlet/solicitudot?9585b64fbee15c84671498610cbb040b54be87c454a99e3a1680877ed75db9dc1217b80051ecd319985a674b341f098cdfd52f9699e4e401f2e510da486ac95bab755666523d3d837c2de8496e2fd6d79753e91042721bfb1270f7460a5a050b5a345c51bfde1c06fa3b8508597eebb04c24accf2ea4b358ba9ca60b31dfc9e66a2957e9867813f152e4bb512329ad77d88dab79652807bdbc044e058872ed7494585012c24dbbddff8eab85fc0cf99c55332980f735c880c1ddc4c45ff1f65b9e67771632759cb19872ff1998c4aca60556f41c442536d3d91b69a9f9cb7e2fe903785d0eb3611ecfba43b6c8b3897b1fc5233765dae97d0ee2e53e372b616983e1adafb91bfbc6879cd37046ed92d54e91719a3b8f8b8286f2e9a7edd6c1d3f56342af02508b82762491933bc30a26badb11d95787116d0836988fd6b2cc1536728df541f9c8d11b29442d5c35c12e5c71afcedb79bc7d5916b38ff678eba1ad6b54c5fea415e652836c4f8083d55c2e6a029b838a55eddf9deb86acc65d0a,gx-no-cache=1526663032611 HTTP/1.1" 200 30
186.103.158.250 - - [18/May/2018:14:05:00 -0300] "POST /cormun/servlet/solicitudot?gx-no-cache=1526663037795 HTTP/1.1" 200 30
186.103.158.250 - - [18/May/2018:14:05:13 -0300] "POST /cormun/servlet/solicitudot?gx-no-cache=1526663050289 HTTP/1.1" 200 1369
186.103.158.250 - - [18/May/2018:14:05:13 -0300] "POST /cormun/servlet/solicitudot?gx-no-cache=1526663050421 HTTP/1.1" 200 38
200.112.49.36 - - [18/May/2018:14:05:13 -0300] "GET /cormun/servlet/trsolicitudot? HTTP/1.1" 200 7416
200.112.49.36 - - [18/May/2018:14:05:14 -0300] "GET /cormun/servlet/trsolicitudot? HTTP/1.1" 200 7415
200.112.49.36 - - [18/May/2018:14:05:16 -0300] "GET /cormun/servlet/solicitudot?INS,0,0, HTTP/1.1" 200 13654
200.112.49.36 - - [18/May/2018:14:05:17 -0300] "GET /cormun/servlet/solicitudot?INS,0,0, HTTP/1.1" 200 13659
200.112.49.36 - - [18/May/2018:14:05:19 -0300] "GET /cormun/servlet/prfichaempleado?,MD,,gxPopupLevel%3D0%3B HTTP/1.1" 200 9364
186.103.158.250 - - [18/May/2018:14:05:27 -0300] "GET /cormun/servlet/solicitudot?9585b64fbee15c84671498610cbb040b378b854f8e4bb6d80b91dac06d8335d1a5689bca767cb04c4857f027ff60a526a77553231b1abc5de528477ccdc9f5d964ee4d720c30ba3138cecf5f76c6e3ee0e9f3eae1d7a205bc3c42632636ecc173b2ea62fc7f5b90049639ab989294020,gx-no-cache=1526663065106 HTTP/1.1" 200 29
186.103.158.250 - - [18/May/2018:14:05:27 -0300] "POST /cormun/servlet/solicitudot?gx-no-cache=1526663065181 HTTP/1.1" 200 1350
186.103.158.250 - - [18/May/2018:14:05:27 -0300] "POST /cormun/servlet/solicitudot?gx-no-cache=1526663065267 HTTP/1.1" 200 1249
186.103.158.250 - - [18/May/2018:14:05:33 -0300] "GET /cormun/static/menuarrow.gif HTTP/1.1" 404 1015
186.103.158.250 - - [18/May/2018:14:05:41 -0300] "GET /cormun/servlet/solicitudot?9585b64fbee15c84671498610cbb040bd50491469de914523947df3675e142fef3324a58ba679c3bca7bfb52b502bedc,gx-no-cache=1526663078955 HTTP/1.1" 200 30
186.103.158.250 - - [18/May/2018:14:05:55 -0300] "POST /cormun/servlet/solicitudot?gx-no-cache=1526663093081 HTTP/1.1" 200 30
200.112.49.36 - - [18/May/2018:14:06:09 -0300] "POST /cormun/servlet/prfichaempleado?d6b0bebc88effafbb46b27d954a8a6b0,,MD,,gxPopupLevel%3D0%3B,gx-no-cache=1526663109000 HTTP/1.1" 200 3194
186.103.158.250 - - [18/May/2018:14:06:19 -0300] "POST /cormun/servlet/solicitudot?80e7c3964ec367851d5f5736910c774b,INS,0,0,,gx-no-cache=1526663116899 HTTP/1.1" 200 93
186.103.158.250 - - [18/May/2018:14:06:19 -0300] "GET /cormun/servlet/hpexe_return? HTTP/1.1" 200 1021
186.103.158.250 - - [18/May/2018:14:06:20 -0300] "GET /cormun/servlet/trsolicitudot?gx-no-cache=1526657817291 HTTP/1.1" 200 10640
200.112.49.36 - - [18/May/2018:14:06:22 -0300] "GET /cormun/servlet/trlicencias? HTTP/1.1" 200 9485
200.112.49.36 - - [18/May/2018:14:06:22 -0300] "GET /cormun/servlet/trlicencias? HTTP/1.1" 200 9479
186.103.158.250 - - [18/May/2018:14:06:22 -0300] "GET /cormun/servlet/trsolicitudot?gx-no-cache=1526657817291 HTTP/1.1" 200 10655
200.112.49.36 - - [18/May/2018:14:06:24 -0300] "GET /cormun/servlet/alicenciaprn?11891600,L,20180518000000,PU HTTP/1.1" 200 1625
186.103.158.250 - - [18/May/2018:14:06:26 -0300] "GET /cormun/servlet/solicitudot?INS,0,0, HTTP/1.1" 200 13659
186.103.158.250 - - [18/May/2018:14:06:27 -0300] "GET /cormun/servlet/solicitudot?INS,0,0, HTTP/1.1" 200 13644
186.103.158.250 - - [18/May/2018:14:06:40 -0300] "POST /cormun/servlet/solicitudot?gx-no-cache=1526663137602 HTTP/1.1" 200 3292
186.103.158.250 - - [18/May/2018:14:06:40 -0300] "POST /cormun/servlet/solicitudot?80e7c3964ec367851d5f5736910c774b,INS,0,0,,gx-no-cache=1526663137833 HTTP/1.1" 200 10471
186.103.158.250 - - [18/May/2018:14:06:42 -0300] "GET /cormun/servlet/solicitudot?9585b64fbee15c84671498610cbb040bf8b475eb539264a61f0ee7e508e300d556c8aa604f20e4b7a05aa648c52aeed5,gx-no-cache=1526663140113 HTTP/1.1" 200 30
186.103.158.250 - - [18/May/2018:14:08:02 -0300] "GET /cormun/servlet/prbanco?,MD,,gxPopupLevel%3D0%3B HTTP/1.1" 200 6625
186.103.158.250 - - [18/May/2018:14:08:07 -0300] "GET /cormun/servlet/solicitudot?9585b64fbee15c84671498610cbb040b21a1d835605e8afc604878bfa451848857c5deccbc4042e4a3a1cd50a36fe14f,gx-no-cache=1526663224567 HTTP/1.1" 200 30
186.103.158.250 - - [18/May/2018:14:08:11 -0300] "GET /cormun/servlet/solicitudot?9585b64fbee15c84671498610cbb040b1ab7e6282d38654718529a09e1928ebd,gx-no-cache=1526663228407 HTTP/1.1" 200 40
186.103.159.230 - - [18/May/2018:14:08:40 -0300] "POST /cormun/servlet/solicitudot?gx-no-cache=1526663256189 HTTP/1.1" 200 1368
186.103.159.230 - - [18/May/2018:14:08:40 -0300] "POST /cormun/servlet/solicitudot?gx-no-cache=1526663256433 HTTP/1.1" 200 41
186.103.159.230 - - [18/May/2018:14:08:40 -0300] "POST /cormun/servlet/solicitudot?gx-no-cache=1526663256493 HTTP/1.1" 200 1350
186.103.159.230 - - [18/May/2018:14:08:40 -0300] "POST /cormun/servlet/solicitudot?gx-no-cache=1526663256568 HTTP/1.1" 200 1249
186.103.159.230 - - [18/May/2018:14:08:41 -0300] "GET /cormun/servlet/solicitudot?629b5c3794e8e5d3719344ae97ac65dafb11e7aaba932e6e74b6dfdfadf61fd59632b0591880889acd1a92cf73ec4bd1,gx-no-cache=1526663256638 HTTP/1.1" 200 30
186.103.159.230 - - [18/May/2018:14:08:41 -0300] "POST /cormun/servlet/solicitudot?gx-no-cache=1526663256697 HTTP/1.1" 200 30
186.103.159.230 - - [18/May/2018:14:08:41 -0300] "POST /cormun/servlet/solicitudot?0435348680a4c6f1e0762d2f7e2370e1,INS,0,0,,gx-no-cache=1526663256741 HTTP/1.1" 200 93
186.103.159.230 - - [18/May/2018:14:08:41 -0300] "GET /cormun/servlet/hpexe_return? HTTP/1.1" 200 1007
186.103.159.230 - - [18/May/2018:14:08:41 -0300] "GET /cormun/servlet/trsolicitudot HTTP/1.1" 200 8786
186.103.159.230 - - [18/May/2018:14:08:42 -0300] "GET /cormun/servlet/trsolicitudot HTTP/1.1" 200 8783
186.103.159.230 - - [18/May/2018:14:08:49 -0300] "POST /cormun/servlet/trsolicitudot?0435348680a4c6f1e0762d2f7e2370e1,gx-no-cache=1526663265140 HTTP/1.1" 200 4681
186.103.159.230 - - [18/May/2018:14:08:49 -0300] "GET /cormun/static/Shared/jqueryui/images/ui-bg_highlight-soft_100_c6c2c8_1x100.png HTTP/1.1" 404 1117
186.103.159.230 - - [18/May/2018:14:08:49 -0300] "GET /cormun/static/Shared/jqueryui/images/ui-icons_82798d_256x240.png HTTP/1.1" 404 1089
186.103.159.230 - - [18/May/2018:14:08:49 -0300] "GET /cormun/static/Shared/jqueryui/images/ui-bg_flat_55_fafafa_40x100.png HTTP/1.1" 404 1097
186.103.159.230 - - [18/May/2018:14:08:49 -0300] "GET /cormun/static/Shared/jqueryui/images/ui-icons_8d78a5_256x240.png HTTP/1.1" 404 1089
186.103.159.230 - - [18/May/2018:14:08:49 -0300] "POST /cormun/servlet/trsolicitudot?0435348680a4c6f1e0762d2f7e2370e1,gx-no-cache=1526663265423 HTTP/1.1" 200 4447
186.103.158.250 - - [18/May/2018:14:09:03 -0300] "POST /cormun/servlet/solicitudot?gx-no-cache=1526663280862 HTTP/1.1" 200 256
186.103.158.250 - - [18/May/2018:14:09:06 -0300] "GET /cormun/servlet/solicitudot?9585b64fbee15c84671498610cbb040b54be87c454a99e3a1680877ed75db9dc1b2a059e0c25b786e4c96e75539118c4dfd52f9699e4e401f2e510da486ac95bab755666523d3d837c2de8496e2fd6d79753e91042721bfb1270f7460a5a050b5a345c51bfde1c06fa3b8508597eebb04c24accf2ea4b358ba9ca60b31dfc9e66a2957e9867813f152e4bb512329ad77d88dab79652807bdbc044e058872ed7494585012c24dbbddff8eab85fc0cf99c55332980f735c880c1ddc4c45ff1f65b9e67771632759cb19872ff1998c4aca60556f41c442536d3d91b69a9f9cb7e2fe903785d0eb3611ecfba43b6c8b3897b1fc5233765dae97d0ee2e53e372b616983e1adafb91bfbc6879cd37046ed92d5784ec3b32ea84074d4176d4d1e8c6a4e5ab21451553336766083970c6ca93cf952a936a8b9548345919b19014b78521503e20b0f93d5aceb6e5dc7b3064c23dee0f230c2eae87d8dc401e737879b2431c31c5bdd51d44f3cb26ea7fbe15518fdf77abc874474b558bc3fa42712c3cb23,gx-no-cache=1526663283370 HTTP/1.1" 200 30
186.103.159.230 - - [18/May/2018:14:09:06 -0300] "GET /cormun/servlet/trautorizarsolicitud? HTTP/1.1" 200 8676
186.103.159.230 - - [18/May/2018:14:09:07 -0300] "GET /cormun/servlet/trautorizarsolicitud? HTTP/1.1" 200 8675
186.103.158.250 - - [18/May/2018:14:09:08 -0300] "POST /cormun/servlet/solicitudot?gx-no-cache=1526663286171 HTTP/1.1" 200 30
186.103.158.250 - - [18/May/2018:14:09:40 -0300] "POST /cormun/servlet/solicitudot?gx-no-cache=1526663317716 HTTP/1.1" 200 1369
186.103.158.250 - - [18/May/2018:14:09:40 -0300] "POST /cormun/servlet/solicitudot?gx-no-cache=1526663317928 HTTP/1.1" 200 38
186.103.159.230 - - [18/May/2018:14:10:20 -0300] "POST /cormun/servlet/trautorizarsolicitud?0435348680a4c6f1e0762d2f7e2370e1,,gx-no-cache=1526663355983 HTTP/1.1" 200 4614
186.103.159.230 - - [18/May/2018:14:10:20 -0300] "GET /cormun/static/Shared/jqueryui/images/ui-bg_highlight-soft_100_c6c2c8_1x100.png HTTP/1.1" 404 1117
186.103.159.230 - - [18/May/2018:14:10:20 -0300] "GET /cormun/static/Shared/jqueryui/images/ui-bg_flat_55_fafafa_40x100.png HTTP/1.1" 404 1097
186.103.159.230 - - [18/May/2018:14:10:20 -0300] "GET /cormun/static/Shared/jqueryui/images/ui-icons_8d78a5_256x240.png HTTP/1.1" 404 1089
186.103.159.230 - - [18/May/2018:14:10:20 -0300] "GET /cormun/static/Shared/jqueryui/images/ui-icons_82798d_256x240.png HTTP/1.1" 404 1089
186.103.159.230 - - [18/May/2018:14:10:20 -0300] "POST /cormun/servlet/trautorizarsolicitud?0435348680a4c6f1e0762d2f7e2370e1,,gx-no-cache=1526663356223 HTTP/1.1" 200 4381
186.103.159.230 - - [18/May/2018:14:10:26 -0300] "GET /cormun/servlet/trsolicitudot? HTTP/1.1" 200 7387
186.103.159.230 - - [18/May/2018:14:10:27 -0300] "GET /cormun/servlet/trsolicitudot? HTTP/1.1" 200 7386
186.103.159.230 - - [18/May/2018:14:10:30 -0300] "GET /cormun/servlet/solicitudot?INS,0,0, HTTP/1.1" 200 13618
186.103.159.230 - - [18/May/2018:14:10:31 -0300] "GET /cormun/servlet/solicitudot?INS,0,0, HTTP/1.1" 200 13623
186.103.159.230 - - [18/May/2018:14:11:07 -0300] "POST /cormun/servlet/solicitudot?gx-no-cache=1526663403320 HTTP/1.1" 200 3400
186.103.159.230 - - [18/May/2018:14:11:07 -0300] "POST /cormun/servlet/solicitudot?0435348680a4c6f1e0762d2f7e2370e1,INS,0,0,,gx-no-cache=1526663403512 HTTP/1.1" 200 10563
186.103.159.230 - - [18/May/2018:14:11:12 -0300] "GET /cormun/servlet/solicitudot?629b5c3794e8e5d3719344ae97ac65dae6c242ae944c76e2c0e162f02c4c0105d54512ea722e0185c2e3e80529d93bfe,gx-no-cache=1526663407872 HTTP/1.1" 200 30
186.103.159.230 - - [18/May/2018:14:11:12 -0300] "GET /cormun/servlet/solicitudot?629b5c3794e8e5d3719344ae97ac65da464c8d1491e09767d1efa7ca18a78284a62dfbfc5ef31161bbd46b8dd3605be3353bb98cb7d4a9a9f61188a41ed581fd,gx-no-cache=1526663407925 HTTP/1.1" 200 30
186.103.159.230 - - [18/May/2018:14:11:12 -0300] "GET /cormun/servlet/solicitudot?629b5c3794e8e5d3719344ae97ac65da03a1ee9596e336ac88b8719c980002d5,gx-no-cache=1526663407956 HTTP/1.1" 200 53
186.103.159.230 - - [18/May/2018:14:11:12 -0300] "POST /cormun/servlet/solicitudot?gx-no-cache=1526663407988 HTTP/1.1" 200 255
186.103.159.230 - - [18/May/2018:14:11:12 -0300] "GET /cormun/servlet/solicitudot?629b5c3794e8e5d3719344ae97ac65dac6559ef78b688186aa562cb848e8a6889a3e4cadc2d2d4355585b79b4d3af432ae41890329407584711aa558d04b8621a58dcec625976244ae86e9f5177285e02bfcee827f1bc8b705c6b44918311aa78b1e496f42a32611de13111955ecf0bd6a14073e8ccd9a71034a54870570cb79df907f962ea52b5893cf5c9e74c0e5c6014edc81114732f6b1cdc0ee9f8412981362f70a2294d927337816546a19731c7f593612572c9a703134aad430d8a425de28dc4c88fc692205b341e9d87dffd5efdf2e80e854e6e42f64f7d80d8fac918732e045f4f35c338f32ea3626576bbc07734f6be2185d1f899e4fe438ae4bd9c1d082e26ebbd28c6dece8898b33bbca06224651281e57224514321e6d3ab906f3f35c78a1861b04578a28ef3b85d989ce30e77f7e85618eea08ebb66d02ca243b2405fda149a3d82fa9b83ff15d77388ef408b9c9e387f5eb737fe3a968d92ce98b4c16f38d4b5c484ac1bd7224ed00373adcde217338e7389c82718c013125,gx-no-cache=1526663408032 HTTP/1.1" 200 30
186.103.159.230 - - [18/May/2018:14:11:48 -0300] "POST /cormun/servlet/solicitudot?gx-no-cache=1526663444047 HTTP/1.1" 200 30
186.103.158.250 - - [18/May/2018:14:12:00 -0300] "GET /cormun/servlet/solicitudot?9585b64fbee15c84671498610cbb040b378b854f8e4bb6d80b91dac06d8335d1a5689bca767cb04c4857f027ff60a526a77553231b1abc5de528477ccdc9f5d964ee4d720c30ba3138cecf5f76c6e3ee0e9f3eae1d7a205bc3c42632636ecc173b2ea62fc7f5b90049639ab989294020,gx-no-cache=1526663457573 HTTP/1.1" 200 29
186.103.158.250 - - [18/May/2018:14:12:00 -0300] "POST /cormun/servlet/solicitudot?gx-no-cache=1526663457664 HTTP/1.1" 200 1351
186.103.158.250 - - [18/May/2018:14:12:00 -0300] "POST /cormun/servlet/solicitudot?gx-no-cache=1526663457752 HTTP/1.1" 200 1249
186.103.158.250 - - [18/May/2018:14:12:00 -0300] "GET /cormun/static/menuarrow.gif HTTP/1.1" 404 1015
186.103.158.250 - - [18/May/2018:14:12:12 -0300] "POST /cormun/servlet/solicitudot?gx-no-cache=1526663469814 HTTP/1.1" 200 1351
186.103.158.250 - - [18/May/2018:14:12:12 -0300] "POST /cormun/servlet/solicitudot?gx-no-cache=1526663469882 HTTP/1.1" 200 1249
186.103.158.250 - - [18/May/2018:14:12:14 -0300] "GET /cormun/servlet/solicitudot?9585b64fbee15c84671498610cbb040b8ffff84ba1c2145aecb4813f23feea04f3324a58ba679c3bca7bfb52b502bedc,gx-no-cache=1526663471880 HTTP/1.1" 200 30
190.100.93.40 - - [18/May/2018:14:12:30 -0300] "GET /cormun/servlet/trpermisosgoce? HTTP/1.1" 200 6105
190.100.93.40 - - [18/May/2018:14:12:31 -0300] "GET /cormun/servlet/trpermisosgoce? HTTP/1.1" 200 6103
190.100.93.40 - - [18/May/2018:14:12:31 -0300] "GET /cormun/servlet/hlogin HTTP/1.1" 200 1739
186.103.158.250 - - [18/May/2018:14:12:33 -0300] "POST /cormun/servlet/solicitudot?gx-no-cache=1526663490509 HTTP/1.1" 200 30
190.100.93.40 - - [18/May/2018:14:12:35 -0300] "POST /cormun/servlet/hlogin?e0a8423aaa880bdc206e919ef8fd3c83,gx-no-cache=1526663497013 HTTP/1.1" 200 90
190.100.93.40 - - [18/May/2018:14:12:35 -0300] "GET /cormun/servlet/hpexe_link HTTP/1.1" 200 958
190.100.93.40 - - [18/May/2018:14:12:35 -0300] "GET /cormun/servlet/trpermisosgoce HTTP/1.1" 200 10731
190.100.93.40 - - [18/May/2018:14:12:36 -0300] "GET /cormun/servlet/trpermisosgoce HTTP/1.1" 200 10733
190.100.93.40 - - [18/May/2018:14:12:40 -0300] "GET /cormun/servlet/trpermisosadjuntos?11009696,20180518093136,P, HTTP/1.1" 200 6658
190.100.93.40 - - [18/May/2018:14:12:41 -0300] "GET /cormun/static/gxcfg.js?201762817193957 HTTP/1.1" 200 953
190.100.93.40 - - [18/May/2018:14:12:41 -0300] "GET /cormun/static/trpermisosadjuntos.js?201762817194366 HTTP/1.1" 200 20158
190.100.93.40 - - [18/May/2018:14:12:41 -0300] "GET /cormun/servlet/trpermisosadjuntos?11009696,20180518093136,P, HTTP/1.1" 200 6656
190.100.93.40 - - [18/May/2018:14:12:43 -0300] "GET /cormun/servlet/permisosadjuntos?INS,11009696,P,20180518093136,, HTTP/1.1" 200 5988
190.100.93.40 - - [18/May/2018:14:12:43 -0300] "GET /cormun/static/gxcfg.js?201762717441171 HTTP/1.1" 200 953
190.100.93.40 - - [18/May/2018:14:12:43 -0300] "GET /cormun/static/permisosadjuntos.js?201762717441184 HTTP/1.1" 200 8724
190.100.93.40 - - [18/May/2018:14:12:43 -0300] "GET /cormun/static/about:blank HTTP/1.1" 404 1011
190.100.93.40 - - [18/May/2018:14:12:44 -0300] "GET /cormun/servlet/permisosadjuntos?INS,11009696,P,20180518093136,, HTTP/1.1" 200 5978
186.103.159.230 - - [18/May/2018:14:12:46 -0300] "POST /cormun/servlet/solicitudot?gx-no-cache=1526663501921 HTTP/1.1" 200 1369
186.103.159.230 - - [18/May/2018:14:12:46 -0300] "POST /cormun/servlet/solicitudot?gx-no-cache=1526663502013 HTTP/1.1" 200 38
186.103.158.250 - - [18/May/2018:14:12:47 -0300] "POST /cormun/servlet/solicitudot?80e7c3964ec367851d5f5736910c774b,INS,0,0,,gx-no-cache=1526663504134 HTTP/1.1" 200 93
186.103.158.250 - - [18/May/2018:14:12:47 -0300] "GET /cormun/servlet/hpexe_return? HTTP/1.1" 200 1021
186.103.158.250 - - [18/May/2018:14:12:47 -0300] "GET /cormun/servlet/trsolicitudot?gx-no-cache=1526657817291 HTTP/1.1" 200 10949
190.100.93.40 - - [18/May/2018:14:12:48 -0300] "POST /cormun/servlet/permisosadjuntos?e0a8423aaa880bdc206e919ef8fd3c83,INS,11009696,P,20180518093136,, HTTP/1.1" 200 116
190.100.93.40 - - [18/May/2018:14:12:48 -0300] "GET /cormun/servlet/hpexe_return? HTTP/1.1" 200 1039
190.100.93.40 - - [18/May/2018:14:12:48 -0300] "GET /cormun/servlet/trpermisosadjuntos?11009696,20180518093136,P, HTTP/1.1" 200 7189
190.100.93.40 - - [18/May/2018:14:12:48 -0300] "GET /cormun/servlet/trpermisosadjuntos?11009696,20180518093136,P, HTTP/1.1" 200 7186
186.103.158.250 - - [18/May/2018:14:12:49 -0300] "GET /cormun/servlet/trsolicitudot?gx-no-cache=1526657817291 HTTP/1.1" 200 10964
190.100.93.40 - - [18/May/2018:14:12:51 -0300] "POST /cormun/servlet/trpermisosadjuntos?e0a8423aaa880bdc206e919ef8fd3c83,11009696,20180518093136,P,,gx-no-cache=1526663512863 HTTP/1.1" 200 90
190.100.93.40 - - [18/May/2018:14:12:51 -0300] "GET /cormun/servlet/hpexe_link HTTP/1.1" 200 983
190.100.93.40 - - [18/May/2018:14:12:51 -0300] "GET /cormun/servlet/trpermisosgoce HTTP/1.1" 200 10734
190.100.93.40 - - [18/May/2018:14:12:51 -0300] "GET /cormun/servlet/trpermisosgoce HTTP/1.1" 200 10732
190.100.93.40 - - [18/May/2018:14:12:54 -0300] "POST /cormun/servlet/trpermisosgoce?e0a8423aaa880bdc206e919ef8fd3c83,gx-no-cache=1526663516216 HTTP/1.1" 200 7625
190.100.93.40 - - [18/May/2018:14:12:54 -0300] "GET /cormun/static/Shared/jqueryui/images/ui-bg_highlight-soft_100_c6c2c8_1x100.png HTTP/1.1" 404 1117
190.100.93.40 - - [18/May/2018:14:12:54 -0300] "GET /cormun/static/Shared/jqueryui/images/ui-icons_82798d_256x240.png HTTP/1.1" 404 1089
190.100.93.40 - - [18/May/2018:14:12:54 -0300] "GET /cormun/static/Shared/jqueryui/images/ui-bg_flat_55_fafafa_40x100.png HTTP/1.1" 404 1097
190.100.93.40 - - [18/May/2018:14:12:54 -0300] "GET /cormun/static/Shared/jqueryui/images/ui-icons_8d78a5_256x240.png HTTP/1.1" 404 1089
186.103.159.230 - - [18/May/2018:14:12:56 -0300] "GET /cormun/servlet/solicitudot?629b5c3794e8e5d3719344ae97ac65dad987897678be7823281c4ade0b2895f8b2485f0aad259cade80d6585bc59660cb112e140bb1704f086dd43dabb45f88917e7e98b278f174617be0d1aa2a6e47dcb0e8c425548b2715d755e0a550ed6f8ecbbb22753e5b4c81c43ea35be7bb68230a64e276b12c6b1c661fade94c9dfe43276e71b0a04e29bb66d79b44db66821238db88bd61512d42978dbbe8aac88a7,gx-no-cache=1526663511986 HTTP/1.1" 200 29
186.103.159.230 - - [18/May/2018:14:12:56 -0300] "POST /cormun/servlet/solicitudot?gx-no-cache=1526663512030 HTTP/1.1" 200 1350
186.103.159.230 - - [18/May/2018:14:12:56 -0300] "POST /cormun/servlet/solicitudot?gx-no-cache=1526663512098 HTTP/1.1" 200 1249
186.103.159.230 - - [18/May/2018:14:12:56 -0300] "GET /cormun/static/menuarrow.gif HTTP/1.1" 404 1015
190.100.93.40 - - [18/May/2018:14:12:57 -0300] "GET /cormun/servlet/trpermisosadjuntos?9462067,20180507173859,P, HTTP/1.1" 200 6666
190.100.93.40 - - [18/May/2018:14:12:58 -0300] "GET /cormun/servlet/trpermisosadjuntos?9462067,20180507173859,P, HTTP/1.1" 200 6665
190.100.93.40 - - [18/May/2018:14:13:00 -0300] "GET /cormun/servlet/permisosadjuntos?INS,9462067,P,20180507173859,, HTTP/1.1" 200 5994
190.100.93.40 - - [18/May/2018:14:13:00 -0300] "GET /cormun/static/about:blank HTTP/1.1" 404 1011
190.100.93.40 - - [18/May/2018:14:13:00 -0300] "GET /cormun/servlet/permisosadjuntos?INS,9462067,P,20180507173859,, HTTP/1.1" 200 5984
190.100.93.40 - - [18/May/2018:14:13:05 -0300] "POST /cormun/servlet/permisosadjuntos?e0a8423aaa880bdc206e919ef8fd3c83,INS,9462067,P,20180507173859,, HTTP/1.1" 200 116
190.100.93.40 - - [18/May/2018:14:13:05 -0300] "GET /cormun/servlet/hpexe_return? HTTP/1.1" 200 1040
190.100.93.40 - - [18/May/2018:14:13:06 -0300] "GET /cormun/servlet/trpermisosadjuntos?9462067,20180507173859,P, HTTP/1.1" 200 7198
186.103.159.230 - - [18/May/2018:14:13:06 -0300] "POST /cormun/servlet/solicitudot?gx-no-cache=1526663521813 HTTP/1.1" 200 1350
186.103.159.230 - - [18/May/2018:14:13:06 -0300] "POST /cormun/servlet/solicitudot?gx-no-cache=1526663521882 HTTP/1.1" 200 1249
190.100.93.40 - - [18/May/2018:14:13:06 -0300] "GET /cormun/servlet/trpermisosadjuntos?9462067,20180507173859,P, HTTP/1.1" 200 7196
190.100.93.40 - - [18/May/2018:14:13:09 -0300] "POST /cormun/servlet/trpermisosadjuntos?e0a8423aaa880bdc206e919ef8fd3c83,9462067,20180507173859,P,,gx-no-cache=1526663531246 HTTP/1.1" 200 90
190.100.93.40 - - [18/May/2018:14:13:09 -0300] "GET /cormun/servlet/hpexe_link HTTP/1.1" 200 1006
190.100.93.40 - - [18/May/2018:14:13:09 -0300] "GET /cormun/servlet/trpermisosgoce?gx-no-cache=1526663516216 HTTP/1.1" 200 10729
190.100.93.40 - - [18/May/2018:14:13:10 -0300] "GET /cormun/servlet/trpermisosgoce?gx-no-cache=1526663516216 HTTP/1.1" 200 10750
186.103.159.230 - - [18/May/2018:14:13:12 -0300] "GET /cormun/servlet/solicitudot?629b5c3794e8e5d3719344ae97ac65dafb11e7aaba932e6e74b6dfdfadf61fd59632b0591880889acd1a92cf73ec4bd1,gx-no-cache=1526663527847 HTTP/1.1" 200 30
190.100.93.40 - - [18/May/2018:14:13:12 -0300] "POST /cormun/servlet/trpermisosgoce?e0a8423aaa880bdc206e919ef8fd3c83,gx-no-cache=1526663516216,gx-no-cache=1526663534489 HTTP/1.1" 200 7623
190.100.93.40 - - [18/May/2018:14:13:12 -0300] "GET /cormun/static/Shared/jqueryui/images/ui-bg_highlight-soft_100_c6c2c8_1x100.png HTTP/1.1" 404 1117
190.100.93.40 - - [18/May/2018:14:13:12 -0300] "GET /cormun/static/Shared/jqueryui/images/ui-icons_82798d_256x240.png HTTP/1.1" 404 1089
190.100.93.40 - - [18/May/2018:14:13:12 -0300] "GET /cormun/static/Shared/jqueryui/images/ui-icons_8d78a5_256x240.png HTTP/1.1" 404 1089
190.100.93.40 - - [18/May/2018:14:13:13 -0300] "GET /cormun/static/Shared/jqueryui/images/ui-bg_flat_55_fafafa_40x100.png HTTP/1.1" 404 1097
186.103.158.250 - - [18/May/2018:14:13:14 -0300] "POST /cormun/servlet/trsolicitudot?80e7c3964ec367851d5f5736910c774b,gx-no-cache=1526657817291,gx-no-cache=1526663531385 HTTP/1.1" 200 7739
186.103.158.250 - - [18/May/2018:14:13:14 -0300] "GET /cormun/static/Shared/jqueryui/images/ui-bg_highlight-soft_100_c6c2c8_1x100.png HTTP/1.1" 404 1117
186.103.158.250 - - [18/May/2018:14:13:14 -0300] "GET /cormun/static/Shared/jqueryui/images/ui-icons_82798d_256x240.png HTTP/1.1" 404 1089
186.103.158.250 - - [18/May/2018:14:13:14 -0300] "GET /cormun/static/Shared/jqueryui/images/ui-bg_flat_55_fafafa_40x100.png HTTP/1.1" 404 1097
186.103.158.250 - - [18/May/2018:14:13:14 -0300] "GET /cormun/static/Shared/jqueryui/images/ui-icons_8d78a5_256x240.png HTTP/1.1" 404 1089
186.103.158.250 - - [18/May/2018:14:13:14 -0300] "POST /cormun/servlet/trsolicitudot?80e7c3964ec367851d5f5736910c774b,gx-no-cache=1526657817291,gx-no-cache=1526663532128 HTTP/1.1" 200 7682
190.100.93.40 - - [18/May/2018:14:13:15 -0300] "GET /cormun/servlet/trpermisosadjuntos?19427347,20180502084011,P, HTTP/1.1" 200 6683
190.100.93.40 - - [18/May/2018:14:13:15 -0300] "GET /cormun/servlet/trpermisosadjuntos?19427347,20180502084011,P, HTTP/1.1" 200 6661
186.103.158.250 - - [18/May/2018:14:13:16 -0300] "POST /cormun/servlet/trsolicitudot?80e7c3964ec367851d5f5736910c774b,gx-no-cache=1526657817291,gx-no-cache=1526663533912 HTTP/1.1" 200 7407
186.103.158.250 - - [18/May/2018:14:13:17 -0300] "POST /cormun/servlet/trsolicitudot?80e7c3964ec367851d5f5736910c774b,gx-no-cache=1526657817291,gx-no-cache=1526663534527 HTTP/1.1" 200 7350
190.100.93.40 - - [18/May/2018:14:13:17 -0300] "GET /cormun/servlet/permisosadjuntos?INS,19427347,P,20180502084011,, HTTP/1.1" 200 5990
190.100.93.40 - - [18/May/2018:14:13:17 -0300] "GET /cormun/static/about:blank HTTP/1.1" 404 1011
190.100.93.40 - - [18/May/2018:14:13:18 -0300] "GET /cormun/servlet/permisosadjuntos?INS,19427347,P,20180502084011,, HTTP/1.1" 200 5980
186.103.158.250 - - [18/May/2018:14:13:18 -0300] "POST /cormun/servlet/trsolicitudot?80e7c3964ec367851d5f5736910c774b,gx-no-cache=1526657817291,gx-no-cache=1526663535816 HTTP/1.1" 200 7018
186.103.158.250 - - [18/May/2018:14:13:19 -0300] "POST /cormun/servlet/trsolicitudot?80e7c3964ec367851d5f5736910c774b,gx-no-cache=1526657817291,gx-no-cache=1526663536513 HTTP/1.1" 200 6961
186.103.158.250 - - [18/May/2018:14:13:20 -0300] "POST /cormun/servlet/trsolicitudot?80e7c3964ec367851d5f5736910c774b,gx-no-cache=1526657817291,gx-no-cache=1526663537684 HTTP/1.1" 200 6616
186.103.158.250 - - [18/May/2018:14:13:21 -0300] "POST /cormun/servlet/trsolicitudot?80e7c3964ec367851d5f5736910c774b,gx-no-cache=1526657817291,gx-no-cache=1526663538287 HTTP/1.1" 200 6559
190.100.93.40 - - [18/May/2018:14:13:21 -0300] "POST /cormun/servlet/permisosadjuntos?e0a8423aaa880bdc206e919ef8fd3c83,INS,19427347,P,20180502084011,, HTTP/1.1" 200 116
190.100.93.40 - - [18/May/2018:14:13:21 -0300] "GET /cormun/servlet/hpexe_return? HTTP/1.1" 200 1040
186.103.159.230 - - [18/May/2018:14:13:21 -0300] "POST /cormun/servlet/solicitudot?gx-no-cache=1526663537565 HTTP/1.1" 200 30
190.100.93.40 - - [18/May/2018:14:13:22 -0300] "GET /cormun/servlet/trpermisosadjuntos?19427347,20180502084011,P, HTTP/1.1" 200 7194
186.103.158.250 - - [18/May/2018:14:13:22 -0300] "POST /cormun/servlet/trsolicitudot?80e7c3964ec367851d5f5736910c774b,gx-no-cache=1526657817291,gx-no-cache=1526663539342 HTTP/1.1" 200 6176
190.100.93.40 - - [18/May/2018:14:13:22 -0300] "GET /cormun/servlet/trpermisosadjuntos?19427347,20180502084011,P, HTTP/1.1" 200 7191
186.103.158.250 - - [18/May/2018:14:13:22 -0300] "POST /cormun/servlet/trsolicitudot?80e7c3964ec367851d5f5736910c774b,gx-no-cache=1526657817291,gx-no-cache=1526663539922 HTTP/1.1" 200 6118
190.100.93.40 - - [18/May/2018:14:13:23 -0300] "POST /cormun/servlet/trpermisosadjuntos?e0a8423aaa880bdc206e919ef8fd3c83,19427347,20180502084011,P,,gx-no-cache=1526663545266 HTTP/1.1" 200 90
190.100.93.40 - - [18/May/2018:14:13:23 -0300] "GET /cormun/servlet/hpexe_link HTTP/1.1" 200 1007
190.100.93.40 - - [18/May/2018:14:13:23 -0300] "GET /cormun/servlet/trpermisosgoce?gx-no-cache=1526663516216 HTTP/1.1" 200 10715
186.103.158.250 - - [18/May/2018:14:13:23 -0300] "POST /cormun/servlet/trsolicitudot?80e7c3964ec367851d5f5736910c774b,gx-no-cache=1526657817291,gx-no-cache=1526663540955 HTTP/1.1" 200 5858
190.100.93.40 - - [18/May/2018:14:13:24 -0300] "GET /cormun/servlet/trpermisosgoce?gx-no-cache=1526663516216 HTTP/1.1" 200 10733
186.103.158.250 - - [18/May/2018:14:13:24 -0300] "POST /cormun/servlet/trsolicitudot?80e7c3964ec367851d5f5736910c774b,gx-no-cache=1526657817291,gx-no-cache=1526663541448 HTTP/1.1" 200 5803
186.103.158.250 - - [18/May/2018:14:13:25 -0300] "POST /cormun/servlet/trsolicitudot?80e7c3964ec367851d5f5736910c774b,gx-no-cache=1526657817291,gx-no-cache=1526663542686 HTTP/1.1" 200 4656
186.103.158.250 - - [18/May/2018:14:13:25 -0300] "POST /cormun/servlet/trsolicitudot?80e7c3964ec367851d5f5736910c774b,gx-no-cache=1526657817291,gx-no-cache=1526663543073 HTTP/1.1" 200 4443
190.100.93.40 - - [18/May/2018:14:13:28 -0300] "POST /cormun/servlet/trpermisosgoce?e0a8423aaa880bdc206e919ef8fd3c83,gx-no-cache=1526663516216,gx-no-cache=1526663549920 HTTP/1.1" 200 7616
190.100.93.40 - - [18/May/2018:14:13:28 -0300] "GET /cormun/static/Shared/jqueryui/images/ui-bg_highlight-soft_100_c6c2c8_1x100.png HTTP/1.1" 404 1117
190.100.93.40 - - [18/May/2018:14:13:28 -0300] "GET /cormun/static/Shared/jqueryui/images/ui-icons_82798d_256x240.png HTTP/1.1" 404 1089
190.100.93.40 - - [18/May/2018:14:13:28 -0300] "GET /cormun/static/Shared/jqueryui/images/ui-bg_flat_55_fafafa_40x100.png HTTP/1.1" 404 1097
190.100.93.40 - - [18/May/2018:14:13:28 -0300] "GET /cormun/static/Shared/jqueryui/images/ui-icons_8d78a5_256x240.png HTTP/1.1" 404 1089
186.103.158.250 - - [18/May/2018:14:13:30 -0300] "GET /cormun/servlet/trautorizarsolicitud? HTTP/1.1" 200 10844
186.103.158.250 - - [18/May/2018:14:13:30 -0300] "GET /cormun/static/gxcfg.js?2017111423403364 HTTP/1.1" 200 953
186.103.158.250 - - [18/May/2018:14:13:30 -0300] "GET /cormun/static/trautorizarsolicitud.js?201711142340425 HTTP/1.1" 200 53910
186.103.158.250 - - [18/May/2018:14:13:32 -0300] "GET /cormun/servlet/trautorizarsolicitud? HTTP/1.1" 200 10824
190.100.93.40 - - [18/May/2018:14:13:32 -0300] "POST /cormun/servlet/trpermisosgoce?e0a8423aaa880bdc206e919ef8fd3c83,gx-no-cache=1526663516216,gx-no-cache=1526663554727 HTTP/1.1" 200 7334
190.100.93.40 - - [18/May/2018:14:13:33 -0300] "POST /cormun/servlet/trpermisosgoce?e0a8423aaa880bdc206e919ef8fd3c83,gx-no-cache=1526663516216,gx-no-cache=1526663555047 HTTP/1.1" 200 7322
186.103.158.250 - - [18/May/2018:14:14:03 -0300] "POST /cormun/servlet/trautorizarsolicitud?80e7c3964ec367851d5f5736910c774b,,gx-no-cache=1526663580649 HTTP/1.1" 200 7673
186.103.158.250 - - [18/May/2018:14:14:03 -0300] "GET /cormun/static/Shared/jqueryui/images/ui-bg_highlight-soft_100_c6c2c8_1x100.png HTTP/1.1" 404 1117
186.103.158.250 - - [18/May/2018:14:14:03 -0300] "GET /cormun/static/Shared/jqueryui/images/ui-icons_82798d_256x240.png HTTP/1.1" 404 1089
186.103.158.250 - - [18/May/2018:14:14:03 -0300] "GET /cormun/static/Shared/jqueryui/images/ui-bg_flat_55_fafafa_40x100.png HTTP/1.1" 404 1097
186.103.158.250 - - [18/May/2018:14:14:03 -0300] "GET /cormun/static/Shared/jqueryui/images/ui-icons_8d78a5_256x240.png HTTP/1.1" 404 1089
186.103.158.250 - - [18/May/2018:14:14:04 -0300] "POST /cormun/servlet/trautorizarsolicitud?80e7c3964ec367851d5f5736910c774b,,gx-no-cache=1526663581432 HTTP/1.1" 200 7616
186.103.158.250 - - [18/May/2018:14:14:05 -0300] "POST /cormun/servlet/trautorizarsolicitud?80e7c3964ec367851d5f5736910c774b,,gx-no-cache=1526663582684 HTTP/1.1" 200 7337
186.103.158.250 - - [18/May/2018:14:14:06 -0300] "POST /cormun/servlet/trautorizarsolicitud?80e7c3964ec367851d5f5736910c774b,,gx-no-cache=1526663583295 HTTP/1.1" 200 7282
186.103.158.250 - - [18/May/2018:14:14:07 -0300] "POST /cormun/servlet/trautorizarsolicitud?80e7c3964ec367851d5f5736910c774b,,gx-no-cache=1526663584590 HTTP/1.1" 200 6954
186.103.158.250 - - [18/May/2018:14:14:08 -0300] "POST /cormun/servlet/trautorizarsolicitud?80e7c3964ec367851d5f5736910c774b,,gx-no-cache=1526663585222 HTTP/1.1" 200 6898
186.103.158.250 - - [18/May/2018:14:14:09 -0300] "POST /cormun/servlet/trautorizarsolicitud?80e7c3964ec367851d5f5736910c774b,,gx-no-cache=1526663586458 HTTP/1.1" 200 6550
186.103.158.250 - - [18/May/2018:14:14:09 -0300] "POST /cormun/servlet/trautorizarsolicitud?80e7c3964ec367851d5f5736910c774b,,gx-no-cache=1526663587109 HTTP/1.1" 200 6496
186.103.158.250 - - [18/May/2018:14:14:11 -0300] "POST /cormun/servlet/trautorizarsolicitud?80e7c3964ec367851d5f5736910c774b,,gx-no-cache=1526663588584 HTTP/1.1" 200 6113
186.103.158.250 - - [18/May/2018:14:14:11 -0300] "POST /cormun/servlet/trautorizarsolicitud?80e7c3964ec367851d5f5736910c774b,,gx-no-cache=1526663589196 HTTP/1.1" 200 6057
186.103.158.250 - - [18/May/2018:14:14:13 -0300] "POST /cormun/servlet/trautorizarsolicitud?80e7c3964ec367851d5f5736910c774b,,gx-no-cache=1526663590349 HTTP/1.1" 200 5791
186.103.158.250 - - [18/May/2018:14:14:13 -0300] "POST /cormun/servlet/trautorizarsolicitud?80e7c3964ec367851d5f5736910c774b,,gx-no-cache=1526663590856 HTTP/1.1" 200 5736
186.103.158.250 - - [18/May/2018:14:14:15 -0300] "POST /cormun/servlet/trautorizarsolicitud?80e7c3964ec367851d5f5736910c774b,,gx-no-cache=1526663592694 HTTP/1.1" 200 4598
186.103.158.250 - - [18/May/2018:14:14:15 -0300] "POST /cormun/servlet/trautorizarsolicitud?80e7c3964ec367851d5f5736910c774b,,gx-no-cache=1526663593072 HTTP/1.1" 200 4389
186.103.157.98 - - [18/May/2018:14:14:26 -0300] "GET /cormun/servlet/hlogin HTTP/1.1" 200 1725
186.103.157.98 - - [18/May/2018:14:14:26 -0300] "GET /cormun/servlet/hlogin HTTP/1.1" 200 1728
186.103.159.230 - - [18/May/2018:14:14:29 -0300] "POST /cormun/servlet/solicitudot?0435348680a4c6f1e0762d2f7e2370e1,INS,0,0,,gx-no-cache=1526663605240 HTTP/1.1" 200 93
186.103.159.230 - - [18/May/2018:14:14:30 -0300] "GET /cormun/servlet/hpexe_return? HTTP/1.1" 200 1007
186.103.159.230 - - [18/May/2018:14:14:30 -0300] "GET /cormun/servlet/trsolicitudot HTTP/1.1" 200 8798
186.103.159.230 - - [18/May/2018:14:14:31 -0300] "GET /cormun/servlet/trsolicitudot HTTP/1.1" 200 8794
190.100.93.40 - - [18/May/2018:14:14:33 -0300] "GET /cormun/servlet/trautorizarpermisogoce? HTTP/1.1" 200 8627
190.100.93.40 - - [18/May/2018:14:14:33 -0300] "GET /cormun/static/gxcfg.js?20177612165975 HTTP/1.1" 200 953
190.100.93.40 - - [18/May/2018:14:14:33 -0300] "GET /cormun/static/trautorizarpermisogoce.js?2017761217384 HTTP/1.1" 200 34948
190.100.93.40 - - [18/May/2018:14:14:34 -0300] "GET /cormun/servlet/trautorizarpermisogoce? HTTP/1.1" 200 8606
190.100.93.40 - - [18/May/2018:14:14:36 -0300] "POST /cormun/servlet/trautorizarpermisogoce?e0a8423aaa880bdc206e919ef8fd3c83,,gx-no-cache=1526663617708 HTTP/1.1" 200 5439
190.100.93.40 - - [18/May/2018:14:14:36 -0300] "GET /cormun/static/Shared/jqueryui/images/ui-bg_highlight-soft_100_c6c2c8_1x100.png HTTP/1.1" 404 1117
190.100.93.40 - - [18/May/2018:14:14:36 -0300] "GET /cormun/static/Shared/jqueryui/images/ui-icons_82798d_256x240.png HTTP/1.1" 404 1089
190.100.93.40 - - [18/May/2018:14:14:36 -0300] "GET /cormun/static/Shared/jqueryui/images/ui-bg_flat_55_fafafa_40x100.png HTTP/1.1" 404 1097
190.100.93.40 - - [18/May/2018:14:14:36 -0300] "GET /cormun/static/Shared/jqueryui/images/ui-icons_8d78a5_256x240.png HTTP/1.1" 404 1089
190.100.93.40 - - [18/May/2018:14:14:36 -0300] "POST /cormun/servlet/trautorizarpermisogoce?e0a8423aaa880bdc206e919ef8fd3c83,,gx-no-cache=1526663618567 HTTP/1.1" 200 5137
190.100.93.40 - - [18/May/2018:14:14:38 -0300] "POST /cormun/servlet/trautorizarpermisogoce?e0a8423aaa880bdc206e919ef8fd3c83,,gx-no-cache=1526663619838 HTTP/1.1" 200 4374
190.100.93.40 - - [18/May/2018:14:14:52 -0300] "GET /cormun/servlet/trpermisosgoce? HTTP/1.1" 200 10428
190.100.93.40 - - [18/May/2018:14:14:53 -0300] "GET /cormun/servlet/trpermisosgoce? HTTP/1.1" 200 10434
186.103.157.98 - - [18/May/2018:14:14:57 -0300] "POST /cormun/servlet/hlogin?10889894ca30b2f913e2f8dd93da5aaf,gx-no-cache=1526663638248 HTTP/1.1" 200 446
186.103.159.230 - - [18/May/2018:14:15:11 -0300] "POST /cormun/servlet/trsolicitudot?0435348680a4c6f1e0762d2f7e2370e1,gx-no-cache=1526663646567 HTTP/1.1" 200 4690
186.103.159.230 - - [18/May/2018:14:15:11 -0300] "GET /cormun/static/Shared/jqueryui/images/ui-bg_highlight-soft_100_c6c2c8_1x100.png HTTP/1.1" 404 1117
186.103.159.230 - - [18/May/2018:14:15:11 -0300] "GET /cormun/static/Shared/jqueryui/images/ui-bg_flat_55_fafafa_40x100.png HTTP/1.1" 404 1097
186.103.159.230 - - [18/May/2018:14:15:11 -0300] "GET /cormun/static/Shared/jqueryui/images/ui-icons_8d78a5_256x240.png HTTP/1.1" 404 1089
186.103.159.230 - - [18/May/2018:14:15:11 -0300] "GET /cormun/static/Shared/jqueryui/images/ui-icons_82798d_256x240.png HTTP/1.1" 404 1089
186.103.159.230 - - [18/May/2018:14:15:11 -0300] "POST /cormun/servlet/trsolicitudot?0435348680a4c6f1e0762d2f7e2370e1,gx-no-cache=1526663646785 HTTP/1.1" 200 4448
186.103.157.98 - - [18/May/2018:14:15:14 -0300] "POST /cormun/servlet/hlogin?10889894ca30b2f913e2f8dd93da5aaf,gx-no-cache=1526663655022 HTTP/1.1" 200 446
186.103.157.98 - - [18/May/2018:14:15:15 -0300] "POST /cormun/servlet/hlogin?10889894ca30b2f913e2f8dd93da5aaf,gx-no-cache=1526663656278 HTTP/1.1" 200 445
186.103.159.230 - - [18/May/2018:14:15:22 -0300] "GET /cormun/servlet/trautorizarsolicitud? HTTP/1.1" 200 8689
186.103.159.230 - - [18/May/2018:14:15:23 -0300] "GET /cormun/servlet/trautorizarsolicitud? HTTP/1.1" 200 8688
186.103.159.230 - - [18/May/2018:14:15:33 -0300] "POST /cormun/servlet/trautorizarsolicitud?0435348680a4c6f1e0762d2f7e2370e1,,gx-no-cache=1526663669120 HTTP/1.1" 200 4621
186.103.159.230 - - [18/May/2018:14:15:33 -0300] "GET /cormun/static/Shared/jqueryui/images/ui-bg_highlight-soft_100_c6c2c8_1x100.png HTTP/1.1" 404 1117
186.103.159.230 - - [18/May/2018:14:15:33 -0300] "GET /cormun/static/Shared/jqueryui/images/ui-icons_8d78a5_256x240.png HTTP/1.1" 404 1089
186.103.159.230 - - [18/May/2018:14:15:33 -0300] "GET /cormun/static/Shared/jqueryui/images/ui-bg_flat_55_fafafa_40x100.png HTTP/1.1" 404 1097
186.103.159.230 - - [18/May/2018:14:15:33 -0300] "GET /cormun/static/Shared/jqueryui/images/ui-icons_82798d_256x240.png HTTP/1.1" 404 1089
186.103.159.230 - - [18/May/2018:14:15:33 -0300] "POST /cormun/servlet/trautorizarsolicitud?0435348680a4c6f1e0762d2f7e2370e1,,gx-no-cache=1526663669372 HTTP/1.1" 200 4381
186.103.157.98 - - [18/May/2018:14:15:42 -0300] "POST /cormun/servlet/hlogin?10889894ca30b2f913e2f8dd93da5aaf,gx-no-cache=1526663682974 HTTP/1.1" 200 446
186.103.157.98 - - [18/May/2018:14:15:44 -0300] "POST /cormun/servlet/hlogin?10889894ca30b2f913e2f8dd93da5aaf,gx-no-cache=1526663684742 HTTP/1.1" 200 445
186.103.157.98 - - [18/May/2018:14:15:57 -0300] "POST /cormun/servlet/hlogin?10889894ca30b2f913e2f8dd93da5aaf,gx-no-cache=1526663697518 HTTP/1.1" 200 90
186.103.157.98 - - [18/May/2018:14:15:57 -0300] "GET /cormun/servlet/hpexe_link HTTP/1.1" 200 950
186.103.157.98 - - [18/May/2018:14:15:57 -0300] "GET /cormun/servlet/hhome HTTP/1.1" 200 4248
186.103.157.98 - - [18/May/2018:14:15:57 -0300] "GET /cormun/servlet/hhome HTTP/1.1" 200 4244
186.103.157.98 - - [18/May/2018:14:16:03 -0300] "GET /cormun/servlet/trcontratounov2? HTTP/1.1" 200 17719
186.103.157.98 - - [18/May/2018:14:16:03 -0300] "GET /cormun/servlet/trcontratounov2? HTTP/1.1" 200 17715
