186.67.172.234 - - [18/May/2018:13:31:28 -0300] "POST /cormun/servlet/solicitudot?ab270e3904aceab72b59d5a8545185e2,INS,0,0,,gx-no-cache=1526661027337 HTTP/1.1" 200 10541
186.67.172.234 - - [18/May/2018:13:31:34 -0300] "GET /cormun/servlet/solicitudot?200b8cd4c3337dbfa6d3d53ed4c6fb3c60543e2fb178ee8f12710c2195d8575bd16796981b368e4e9d8b420d9b5a5c8a,gx-no-cache=1526661034646 HTTP/1.1" 200 30
186.67.172.234 - - [18/May/2018:13:31:34 -0300] "GET /cormun/servlet/solicitudot?200b8cd4c3337dbfa6d3d53ed4c6fb3c994a45b0096f66f9288d7e3d808a6f4c1905068c0d3cb51b45dd8377c15dca0f,gx-no-cache=1526661034728 HTTP/1.1" 200 30
186.67.172.234 - - [18/May/2018:13:31:34 -0300] "GET /cormun/servlet/solicitudot?200b8cd4c3337dbfa6d3d53ed4c6fb3c5d082d0af55c57499b8c5eb46905c69a,gx-no-cache=1526661034788 HTTP/1.1" 200 123
186.67.172.234 - - [18/May/2018:13:31:35 -0300] "GET /cormun/static/Shared/jqueryui/images/ui-bg_highlight-soft_100_c6c2c8_1x100.png HTTP/1.1" 404 1117
186.67.172.234 - - [18/May/2018:13:31:35 -0300] "GET /cormun/static/Shared/jqueryui/images/ui-icons_ebccce_256x240.png HTTP/1.1" 404 1089
186.67.172.234 - - [18/May/2018:13:31:35 -0300] "GET /cormun/static/Shared/jqueryui/images/ui-icons_82798d_256x240.png HTTP/1.1" 404 1089
186.67.172.234 - - [18/May/2018:13:31:35 -0300] "GET /cormun/static/Shared/jqueryui/images/ui-bg_flat_55_994d53_40x100.png HTTP/1.1" 404 1097
186.67.172.234 - - [18/May/2018:13:31:35 -0300] "POST /cormun/servlet/solicitudot?gx-no-cache=1526661035000 HTTP/1.1" 200 255
186.67.172.234 - - [18/May/2018:13:31:35 -0300] "GET /cormun/servlet/solicitudot?200b8cd4c3337dbfa6d3d53ed4c6fb3cdfcfd59749d1576142a07d533e6f3bb707847088dd84adb86eb2405d97cf4b7edb4d85c1ecdb610d2f93ec76696b0be4bae1b80bb97abfc2e4d9e2ac5712095800d98bbe9d0664295e2439f245abfb7764d1b3519fb0648e0c0650008089a7919f7faccec9b2728eff7870c82befdd7bdbddf6f0cad939511809d8db31130152955579612b02aaef04dd4eb346b1fc60dccf7380f052fda63408be2cb8579f3412a1370d4cf3b0589b6561d1a85958ab80cf8c76e8c281715a4e98f4f08293f9ee7bfe8a73f820c14fb9cd876264a4f9a0f6607dd8e461079a91f9d498bc915aa67829d07e5356e8a7f79e62496ae4d549809becb9043496e63e6a4a6c9e94612fc81c2f58af1c16673d0dc67fe8c2b9d150697573a3530c8f5bef5130190295b6928004fe77c280825085bfde3d8780db74fc31011d8e6490891716f684128dd651972a7b8c1c23dc62db3b92852b4b1974d2eae940ac06b9dd3da1a9593d63e314ff851c796ffea3967cb5faa50c3b,gx-no-cache=1526661035092 HTTP/1.1" 200 30
186.67.172.234 - - [18/May/2018:13:31:38 -0300] "POST /cormun/servlet/solicitudot?gx-no-cache=1526661038247 HTTP/1.1" 200 30
186.67.172.234 - - [18/May/2018:13:31:49 -0300] "GET /cormun/servlet/prbanco?,MD,,gxPopupLevel%3D0%3B HTTP/1.1" 200 6682
186.67.172.234 - - [18/May/2018:13:31:56 -0300] "GET /cormun/servlet/solicitudot?200b8cd4c3337dbfa6d3d53ed4c6fb3cfe0556a34ec735df0aa9da1196464cad,gx-no-cache=1526661056289 HTTP/1.1" 200 51
186.103.159.44 - - [18/May/2018:13:32:00 -0300] "GET /cormun/servlet/solicitudot?22119fe96d5644a5b1f072b3578124a7f502158f5cf260bffb41ac05ffd4c8b5bc5eec64b41a7ff9c8ccc3879acefb78,gx-no-cache=1526661063116 HTTP/1.1" 200 30
186.67.172.234 - - [18/May/2018:13:32:09 -0300] "POST /cormun/servlet/solicitudot?ab270e3904aceab72b59d5a8545185e2,INS,0,0,,gx-no-cache=1526661068897 HTTP/1.1" 200 10643
186.67.172.234 - - [18/May/2018:13:32:09 -0300] "GET /cormun/static/Shared/jqueryui/images/ui-bg_flat_55_fafafa_40x100.png HTTP/1.1" 404 1097
186.67.172.234 - - [18/May/2018:13:32:09 -0300] "GET /cormun/static/Shared/jqueryui/images/ui-icons_8d78a5_256x240.png HTTP/1.1" 404 1089
186.67.172.234 - - [18/May/2018:13:32:21 -0300] "GET /cormun/servlet/solicitudot?200b8cd4c3337dbfa6d3d53ed4c6fb3c60543e2fb178ee8f12710c2195d8575b1ed51324a9f80423abe22fd42bcab40f,gx-no-cache=1526661081399 HTTP/1.1" 200 30
186.67.172.234 - - [18/May/2018:13:32:21 -0300] "GET /cormun/servlet/solicitudot?200b8cd4c3337dbfa6d3d53ed4c6fb3c994a45b0096f66f9288d7e3d808a6f4c8d096b3285ee3d8c44dc1151b0cf8718,gx-no-cache=1526661081468 HTTP/1.1" 200 30
186.67.172.234 - - [18/May/2018:13:32:21 -0300] "GET /cormun/servlet/solicitudot?200b8cd4c3337dbfa6d3d53ed4c6fb3c4812205cd294618b8012b20df45a736a19bc45cf4f4b254168ac7d0bb29b9e123b52ded0071e8932f331a6f117df9ddf,gx-no-cache=1526661081505 HTTP/1.1" 200 51
186.67.172.234 - - [18/May/2018:13:32:21 -0300] "POST /cormun/servlet/solicitudot?gx-no-cache=1526661081545 HTTP/1.1" 200 256
186.67.172.234 - - [18/May/2018:13:32:21 -0300] "GET /cormun/servlet/solicitudot?200b8cd4c3337dbfa6d3d53ed4c6fb3cdfcfd59749d1576142a07d533e6f3bb707847088dd84adb86eb2405d97cf4b7edb4d85c1ecdb610d2f93ec76696b0be4bae1b80bb97abfc2e4d9e2ac5712095800d98bbe9d0664295e2439f245abfb7764d1b3519fb0648e0c0650008089a7919f7faccec9b2728eff7870c82befdd7bdbddf6f0cad939511809d8db31130152955579612b02aaef04dd4eb346b1fc60dccf7380f052fda63408be2cb8579f3412a1370d4cf3b0589b6561d1a85958ab80cf8c76e8c281715a4e98f4f08293f9ee7bfe8a73f820c14fb9cd876264a4f9a0f6607dd8e461079a91f9d498bc915aa67829d07e5356e8a7f79e62496ae4d549809becb9043496e63e6a4a6c9e94612fc81c2f58af1c16673d0dc67fe8c2b9d150697573a3530c8f5bef5130190295b6928004fe77c280825085bfde3d8780db74fc31011d8e6490891716f684128dd651972a7b8c1c23dc62db3b92852b4b1974d2eae940ac06b9dd3da1a9593d63a27b2f69aa7f400c1433a5217937c7ca,gx-no-cache=1526661081592 HTTP/1.1" 200 30
186.67.172.234 - - [18/May/2018:13:32:21 -0300] "POST /cormun/servlet/solicitudot?gx-no-cache=1526661081642 HTTP/1.1" 200 30
186.67.172.234 - - [18/May/2018:13:32:21 -0300] "POST /cormun/servlet/solicitudot?gx-no-cache=1526661081712 HTTP/1.1" 200 1450
186.67.172.234 - - [18/May/2018:13:32:21 -0300] "POST /cormun/servlet/solicitudot?gx-no-cache=1526661081785 HTTP/1.1" 200 117
186.67.172.234 - - [18/May/2018:13:33:13 -0300] "GET /cormun/servlet/prcontratosol?19020081,,,,,MD,,gxPopupLevel%3D0%3B HTTP/1.1" 200 7532
186.67.172.234 - - [18/May/2018:13:33:17 -0300] "POST /cormun/servlet/solicitudot?gx-no-cache=1526661137079 HTTP/1.1" 200 1369
186.67.172.234 - - [18/May/2018:13:33:17 -0300] "POST /cormun/servlet/solicitudot?gx-no-cache=1526661137236 HTTP/1.1" 200 117
186.67.172.234 - - [18/May/2018:13:33:17 -0300] "GET /cormun/servlet/solicitudot?200b8cd4c3337dbfa6d3d53ed4c6fb3c92c5bc11c1d98a7881345c00dca9dcba0376cd3b90e9c2a648b047779316c9a390547aa7499a9a341de4907a2f21f337c239b7af6018d4e02e837a2144faf637416167d4e5ca41980aed30ee2540cdd62cc92cd836aa7cd9d5c13fe58f2dc3e99fb6cacf95419817fb27f061a50b562942185f3dbb2f9d02ea24499ee64ba7378e23f46a8b8e116e72055a6c85e84500677ca13f6d685a26b320b0f35e55752c534cc6efafd265a17465cca2ab312b2b8c152ae05bc3d2fae0ff05bf46e6aca6,gx-no-cache=1526661137288 HTTP/1.1" 200 29
186.67.172.234 - - [18/May/2018:13:33:17 -0300] "POST /cormun/servlet/solicitudot?gx-no-cache=1526661137342 HTTP/1.1" 200 1351
186.67.172.234 - - [18/May/2018:13:33:17 -0300] "POST /cormun/servlet/solicitudot?gx-no-cache=1526661137403 HTTP/1.1" 200 1248
186.67.172.234 - - [18/May/2018:13:33:17 -0300] "GET /cormun/servlet/solicitudot?200b8cd4c3337dbfa6d3d53ed4c6fb3ce82b757bf42126447718f5749945ec8b3eeb282a9442979a1d02efddd07880b8,gx-no-cache=1526661137456 HTTP/1.1" 200 134
186.67.172.234 - - [18/May/2018:13:33:24 -0300] "GET /cormun/static/menuarrow.gif HTTP/1.1" 404 1015
186.67.172.234 - - [18/May/2018:13:33:34 -0300] "GET /cormun/servlet/prfichaempleado?,MD,,gxPopupLevel%3D0%3B HTTP/1.1" 200 9403
186.67.172.234 - - [18/May/2018:13:33:34 -0300] "GET /cormun/static/gxcfg.js?20177612134814 HTTP/1.1" 200 953
186.67.172.234 - - [18/May/2018:13:33:34 -0300] "GET /cormun/static/prfichaempleado.js?20177612134999 HTTP/1.1" 200 16006
186.67.172.234 - - [18/May/2018:13:33:44 -0300] "POST /cormun/servlet/prfichaempleado?ab270e3904aceab72b59d5a8545185e2,,MD,,gxPopupLevel%3D0%3B,gx-no-cache=1526661163444 HTTP/1.1" 200 6358
186.67.172.234 - - [18/May/2018:13:33:50 -0300] "POST /cormun/servlet/prfichaempleado?ab270e3904aceab72b59d5a8545185e2,,MD,,gxPopupLevel%3D0%3B,gx-no-cache=1526661169511 HTTP/1.1" 200 6330
186.67.172.234 - - [18/May/2018:13:33:59 -0300] "GET /cormun/servlet/prlicenciaspermisos?12844620,L,,MD,,gxPopupLevel%3D0%3B HTTP/1.1" 200 5589
186.67.172.234 - - [18/May/2018:13:34:07 -0300] "POST /cormun/servlet/solicitudot?gx-no-cache=1526661187512 HTTP/1.1" 200 41
186.103.159.44 - - [18/May/2018:13:34:17 -0300] "GET /cormun/servlet/prbanco?,MD,,gxPopupLevel%3D0%3B HTTP/1.1" 200 6608
186.103.159.44 - - [18/May/2018:13:34:17 -0300] "GET /cormun/static/gxcfg.js?20181161016094 HTTP/1.1" 200 953
186.103.159.44 - - [18/May/2018:13:34:17 -0300] "GET /cormun/static/prbanco.js?2018116101633 HTTP/1.1" 200 10693
186.67.172.234 - - [18/May/2018:13:34:18 -0300] "GET /cormun/servlet/solicitudot?200b8cd4c3337dbfa6d3d53ed4c6fb3c92c5bc11c1d98a7881345c00dca9dcba0376cd3b90e9c2a648b047779316c9a392f99a2b1dc28f1130b95626f79caf64c239b7af6018d4e02e837a2144faf637416167d4e5ca41980aed30ee2540cdd62cc92cd836aa7cd9d5c13fe58f2dc3e99fb6cacf95419817fb27f061a50b562942185f3dbb2f9d02ea24499ee64ba7378e23f46a8b8e116e72055a6c85e84500677ca13f6d685a26b320b0f35e55752c534cc6efafd265a17465cca2ab312b2b8c152ae05bc3d2fae0ff05bf46e6aca6,gx-no-cache=1526661198238 HTTP/1.1" 200 29
186.103.159.44 - - [18/May/2018:13:34:24 -0300] "GET /cormun/servlet/solicitudot?22119fe96d5644a5b1f072b3578124a7910cb77d6a56d5e45b18cbf138e8e301889db5bf536fb463bf9cac46c0b1f0859b7942ca384fa080a7f235a6fce4955b,gx-no-cache=1526661207425 HTTP/1.1" 200 30
186.103.159.44 - - [18/May/2018:13:34:25 -0300] "GET /cormun/servlet/solicitudot?22119fe96d5644a5b1f072b3578124a7f8d96f246a56eeeace973e7a6449b830,gx-no-cache=1526661208998 HTTP/1.1" 200 53
186.67.172.234 - - [18/May/2018:13:34:26 -0300] "POST /cormun/servlet/solicitudot?gx-no-cache=1526661206119 HTTP/1.1" 200 1351
186.67.172.234 - - [18/May/2018:13:34:26 -0300] "POST /cormun/servlet/solicitudot?gx-no-cache=1526661206290 HTTP/1.1" 200 1248
186.67.172.234 - - [18/May/2018:13:34:28 -0300] "POST /cormun/servlet/solicitudot?gx-no-cache=1526661208663 HTTP/1.1" 200 1351
186.67.172.234 - - [18/May/2018:13:34:28 -0300] "POST /cormun/servlet/solicitudot?gx-no-cache=1526661208742 HTTP/1.1" 200 1248
186.103.159.44 - - [18/May/2018:13:34:44 -0300] "POST /cormun/servlet/solicitudot?gx-no-cache=1526661227833 HTTP/1.1" 200 297
186.103.159.44 - - [18/May/2018:13:34:45 -0300] "GET /cormun/servlet/solicitudot?22119fe96d5644a5b1f072b3578124a7e116c6ae801564d22bc186f710ee94736850b8d5e7bb95032d3c2ddec10bd10495d2749a7a2619dbd6cbfde163c332f625d0d46b41429fd6d3dbbab3e056ddbf7cb0761dd4e4feff224e21b68486571874a34f517bd2d804d7ff386be21bb065591c6d4eb670a36847c3188b19505f476d82b9ebb5a8e8b15e0c91dff5a83d94de99a42aeca69eee0f79560a4ed8333a8b45b265438828355a2ad8df3a740cb68de29ad1dfbddcd387960accf842ea2d5494c43e6729648175a5abfce5b9dd79836ed10eccb4a175b1934ff8e4022bea0323425cb02dc0e2ae97330587ddbd1f4c10a126f70f724189c178a76984175c21ae99d08361b9111c444fcaf8ff7f86134d29a44b075c2de81f0aa1ecbc2cd1994bd43dfb506b3a7fdf60b45f6b5ee85db567964298f08df2f55fce83752667e9402ed29eeece94d269b51734997f016a479024f524c6e3d8d718c6aee7c6f8f9c2eee94736fa80eebbd4c9aaf931c9dc7ea81cbdb53461b9172026ade698845af22db433e37f510d89a6f19074f82e,gx-no-cache=1526661227882 HTTP/1.1" 200 30
186.103.159.44 - - [18/May/2018:13:34:51 -0300] "POST /cormun/servlet/solicitudot?gx-no-cache=1526661234914 HTTP/1.1" 200 30
186.103.159.44 - - [18/May/2018:13:36:34 -0300] "POST /cormun/servlet/solicitudot?gx-no-cache=1526661338018 HTTP/1.1" 200 1369
186.103.159.44 - - [18/May/2018:13:36:35 -0300] "POST /cormun/servlet/solicitudot?gx-no-cache=1526661338207 HTTP/1.1" 200 38
186.103.159.44 - - [18/May/2018:13:36:48 -0300] "GET /cormun/servlet/solicitudot?22119fe96d5644a5b1f072b3578124a7ea68618e0155ffa652b930e471ade548b742436bb5156b05d5be8ac87e6ad6aaed3c1d11a8342fde52e5afad02258534a24418deed9c84954e3a886014d76ad4fe0c7cc14023e06a8cbbbe1a753e7e81c6a3ae1f8cbae07faf7f708f0bb2d919,gx-no-cache=1526661351377 HTTP/1.1" 200 29
186.103.159.44 - - [18/May/2018:13:36:48 -0300] "POST /cormun/servlet/solicitudot?gx-no-cache=1526661351745 HTTP/1.1" 200 1350
186.103.159.44 - - [18/May/2018:13:36:48 -0300] "POST /cormun/servlet/solicitudot?gx-no-cache=1526661351824 HTTP/1.1" 200 1248
186.103.159.44 - - [18/May/2018:13:36:48 -0300] "GET /cormun/static/menuarrow.gif HTTP/1.1" 404 1015
186.103.159.44 - - [18/May/2018:13:36:50 -0300] "POST /cormun/servlet/solicitudot?gx-no-cache=1526661353634 HTTP/1.1" 200 1350
186.103.159.44 - - [18/May/2018:13:36:50 -0300] "POST /cormun/servlet/solicitudot?gx-no-cache=1526661353716 HTTP/1.1" 200 1248
186.103.159.44 - - [18/May/2018:13:36:52 -0300] "GET /cormun/servlet/solicitudot?22119fe96d5644a5b1f072b3578124a7ab5322596135dabbb7914f463204966651da8b0054ecfe248579a1936fec68f3,gx-no-cache=1526661355951 HTTP/1.1" 200 30
186.103.159.44 - - [18/May/2018:13:37:02 -0300] "POST /cormun/servlet/solicitudot?gx-no-cache=1526661365488 HTTP/1.1" 200 30
186.103.159.44 - - [18/May/2018:13:37:11 -0300] "POST /cormun/servlet/solicitudot?e3e65c63bc3add34015de955d267e1ab,INS,0,0,,gx-no-cache=1526661374644 HTTP/1.1" 200 93
186.103.159.44 - - [18/May/2018:13:37:11 -0300] "GET /cormun/servlet/hpexe_return? HTTP/1.1" 200 1006
186.103.159.44 - - [18/May/2018:13:37:12 -0300] "GET /cormun/servlet/trsolicitudot HTTP/1.1" 200 9841
186.103.158.250 - - [18/May/2018:13:37:15 -0300] "POST /cormun/servlet/solicitudot?gx-no-cache=1526661373003 HTTP/1.1" 200 30
186.103.159.44 - - [18/May/2018:13:37:21 -0300] "GET /cormun/servlet/trautorizarsolicitud? HTTP/1.1" 200 7292
186.103.159.44 - - [18/May/2018:13:37:21 -0300] "GET /cormun/static/gxcfg.js?2017111423403364 HTTP/1.1" 200 953
186.103.159.44 - - [18/May/2018:13:37:21 -0300] "GET /cormun/static/trautorizarsolicitud.js?201711142340425 HTTP/1.1" 200 53910
186.103.159.44 - - [18/May/2018:13:37:29 -0300] "GET /cormun/servlet/trautorizarsolicitud? HTTP/1.1" 200 7292
186.103.158.250 - - [18/May/2018:13:37:33 -0300] "POST /cormun/servlet/solicitudot?gx-no-cache=1526661390677 HTTP/1.1" 200 1369
186.103.158.250 - - [18/May/2018:13:37:33 -0300] "POST /cormun/servlet/solicitudot?gx-no-cache=1526661390812 HTTP/1.1" 200 38
186.103.159.44 - - [18/May/2018:13:37:45 -0300] "POST /cormun/servlet/trautorizarsolicitud?e3e65c63bc3add34015de955d267e1ab,,gx-no-cache=1526661408412 HTTP/1.1" 200 7363
186.103.158.250 - - [18/May/2018:13:38:05 -0300] "GET /cormun/servlet/solicitudot?9585b64fbee15c84671498610cbb040b378b854f8e4bb6d80b91dac06d8335d1a5689bca767cb04c4857f027ff60a52669561084a231a25cbe8545a3d39b097bacbc6b97de1415eabff3abf80d605a5e9913a9e587f05844509dda9713f5a7987a41b3fa9854edd4829b8c12c11f1bb6759552166b65e1b07c2cd40382ef935fd735fecf22953bce82076e7565f79891bb7bc5f95cdda334395bfa280ae974b6,gx-no-cache=1526661422305 HTTP/1.1" 200 29
186.103.158.250 - - [18/May/2018:13:38:05 -0300] "POST /cormun/servlet/solicitudot?gx-no-cache=1526661422627 HTTP/1.1" 200 1350
186.103.158.250 - - [18/May/2018:13:38:05 -0300] "POST /cormun/servlet/solicitudot?gx-no-cache=1526661422841 HTTP/1.1" 200 1249
186.103.158.250 - - [18/May/2018:13:38:05 -0300] "GET /cormun/static/menuarrow.gif HTTP/1.1" 404 1015
186.103.158.250 - - [18/May/2018:13:38:08 -0300] "POST /cormun/servlet/solicitudot?gx-no-cache=1526661425475 HTTP/1.1" 200 1350
186.103.158.250 - - [18/May/2018:13:38:08 -0300] "POST /cormun/servlet/solicitudot?gx-no-cache=1526661425538 HTTP/1.1" 200 1249
186.103.159.44 - - [18/May/2018:13:38:09 -0300] "POST /cormun/servlet/trautorizarsolicitud?e3e65c63bc3add34015de955d267e1ab,,gx-no-cache=1526661432675 HTTP/1.1" 200 4396
186.103.158.250 - - [18/May/2018:13:38:11 -0300] "GET /cormun/servlet/solicitudot?9585b64fbee15c84671498610cbb040bd50491469de914523947df3675e142fef3324a58ba679c3bca7bfb52b502bedc,gx-no-cache=1526661428429 HTTP/1.1" 200 30
186.103.158.250 - - [18/May/2018:13:38:21 -0300] "POST /cormun/servlet/solicitudot?gx-no-cache=1526661439093 HTTP/1.1" 200 30
186.103.159.44 - - [18/May/2018:13:38:31 -0300] "POST /cormun/servlet/trautorizarsolicitud?e3e65c63bc3add34015de955d267e1ab,,gx-no-cache=1526661454984 HTTP/1.1" 200 4396
186.103.159.44 - - [18/May/2018:13:38:36 -0300] "POST /cormun/servlet/trautorizarsolicitud?e3e65c63bc3add34015de955d267e1ab,,gx-no-cache=1526661460043 HTTP/1.1" 200 4399
186.103.158.250 - - [18/May/2018:13:38:38 -0300] "POST /cormun/servlet/solicitudot?80e7c3964ec367851d5f5736910c774b,INS,0,0,,gx-no-cache=1526661455164 HTTP/1.1" 200 93
186.103.158.250 - - [18/May/2018:13:38:38 -0300] "GET /cormun/servlet/hpexe_return? HTTP/1.1" 200 1021
186.103.158.250 - - [18/May/2018:13:38:39 -0300] "GET /cormun/servlet/trsolicitudot?gx-no-cache=1526657817291 HTTP/1.1" 200 9903
186.103.159.44 - - [18/May/2018:13:38:39 -0300] "GET /cormun/servlet/trsolicitudot? HTTP/1.1" 200 9837
186.103.158.250 - - [18/May/2018:13:38:41 -0300] "GET /cormun/servlet/trsolicitudot?gx-no-cache=1526657817291 HTTP/1.1" 200 9919
186.103.159.44 - - [18/May/2018:13:38:46 -0300] "POST /cormun/servlet/trsolicitudot?e3e65c63bc3add34015de955d267e1ab,,gx-no-cache=1526661468992 HTTP/1.1" 200 6531
186.103.159.44 - - [18/May/2018:13:38:46 -0300] "POST /cormun/servlet/trsolicitudot?e3e65c63bc3add34015de955d267e1ab,,gx-no-cache=1526661469459 HTTP/1.1" 200 6476
186.103.159.44 - - [18/May/2018:13:38:46 -0300] "GET /cormun/static/Shared/jqueryui/images/ui-bg_flat_55_fafafa_40x100.png HTTP/1.1" 404 1097
186.103.159.44 - - [18/May/2018:13:38:46 -0300] "GET /cormun/static/Shared/jqueryui/images/ui-icons_8d78a5_256x240.png HTTP/1.1" 404 1089
186.103.159.44 - - [18/May/2018:13:38:46 -0300] "GET /cormun/static/Shared/jqueryui/images/ui-icons_82798d_256x240.png HTTP/1.1" 404 1089
186.103.159.44 - - [18/May/2018:13:38:46 -0300] "GET /cormun/static/Shared/jqueryui/images/ui-bg_highlight-soft_100_c6c2c8_1x100.png HTTP/1.1" 404 1117
186.103.159.44 - - [18/May/2018:13:38:48 -0300] "POST /cormun/servlet/trsolicitudot?e3e65c63bc3add34015de955d267e1ab,,gx-no-cache=1526661471169 HTTP/1.1" 200 6231
186.103.159.44 - - [18/May/2018:13:38:48 -0300] "POST /cormun/servlet/trsolicitudot?e3e65c63bc3add34015de955d267e1ab,,gx-no-cache=1526661471693 HTTP/1.1" 200 6174
186.103.159.44 - - [18/May/2018:13:38:49 -0300] "POST /cormun/servlet/trsolicitudot?e3e65c63bc3add34015de955d267e1ab,,gx-no-cache=1526661472882 HTTP/1.1" 200 5904
186.103.159.44 - - [18/May/2018:13:38:50 -0300] "POST /cormun/servlet/trsolicitudot?e3e65c63bc3add34015de955d267e1ab,,gx-no-cache=1526661473424 HTTP/1.1" 200 5847
186.103.159.44 - - [18/May/2018:13:38:51 -0300] "POST /cormun/servlet/trsolicitudot?e3e65c63bc3add34015de955d267e1ab,,gx-no-cache=1526661474663 HTTP/1.1" 200 4683
186.103.159.44 - - [18/May/2018:13:38:52 -0300] "POST /cormun/servlet/trsolicitudot?e3e65c63bc3add34015de955d267e1ab,,gx-no-cache=1526661475192 HTTP/1.1" 200 4446
186.103.158.250 - - [18/May/2018:13:38:54 -0300] "POST /cormun/servlet/trsolicitudot?80e7c3964ec367851d5f5736910c774b,gx-no-cache=1526657817291,gx-no-cache=1526661470858 HTTP/1.1" 200 6983
186.103.158.250 - - [18/May/2018:13:38:58 -0300] "GET /cormun/servlet/solicitudot?INS,0,0, HTTP/1.1" 200 13659
186.103.158.250 - - [18/May/2018:13:39:01 -0300] "GET /cormun/servlet/solicitudot?INS,0,0, HTTP/1.1" 200 13643
186.103.159.44 - - [18/May/2018:13:39:12 -0300] "GET /cormun/servlet/trautorizarsolicitud? HTTP/1.1" 200 7294
186.103.158.250 - - [18/May/2018:13:39:18 -0300] "POST /cormun/servlet/solicitudot?gx-no-cache=1526661495989 HTTP/1.1" 200 3292
186.103.159.44 - - [18/May/2018:13:39:19 -0300] "POST /cormun/servlet/trautorizarsolicitud?e3e65c63bc3add34015de955d267e1ab,,gx-no-cache=1526661502807 HTTP/1.1" 200 4401
186.103.158.250 - - [18/May/2018:13:39:20 -0300] "POST /cormun/servlet/solicitudot?80e7c3964ec367851d5f5736910c774b,INS,0,0,,gx-no-cache=1526661496394 HTTP/1.1" 200 10472
186.103.158.250 - - [18/May/2018:13:39:23 -0300] "GET /cormun/servlet/solicitudot?9585b64fbee15c84671498610cbb040bf8b475eb539264a61f0ee7e508e300d556c8aa604f20e4b7a05aa648c52aeed5,gx-no-cache=1526661501040 HTTP/1.1" 200 30
186.103.159.44 - - [18/May/2018:13:39:24 -0300] "POST /cormun/servlet/trautorizarsolicitud?e3e65c63bc3add34015de955d267e1ab,,gx-no-cache=1526661507839 HTTP/1.1" 200 7367
186.103.159.44 - - [18/May/2018:13:39:31 -0300] "GET /cormun/servlet/hlogin HTTP/1.1" 200 1718
186.103.159.44 - - [18/May/2018:13:39:44 -0300] "POST /cormun/servlet/hlogin?e3e65c63bc3add34015de955d267e1ab,gx-no-cache=1526661527182 HTTP/1.1" 200 90
186.103.159.44 - - [18/May/2018:13:39:44 -0300] "GET /cormun/servlet/hpexe_link HTTP/1.1" 200 961
186.103.159.44 - - [18/May/2018:13:39:44 -0300] "GET /cormun/servlet/trautorizarsolicitud? HTTP/1.1" 200 10238
186.103.159.44 - - [18/May/2018:13:39:50 -0300] "GET /cormun/servlet/trautorizarsolicitud? HTTP/1.1" 200 10237
186.103.159.44 - - [18/May/2018:13:40:02 -0300] "POST /cormun/servlet/trautorizarsolicitud?e3e65c63bc3add34015de955d267e1ab,,gx-no-cache=1526661545144 HTTP/1.1" 200 7377
186.103.159.44 - - [18/May/2018:13:40:02 -0300] "GET /cormun/static/Shared/jqueryui/images/ui-bg_highlight-soft_100_c6c2c8_1x100.png HTTP/1.1" 404 1117
186.103.159.44 - - [18/May/2018:13:40:02 -0300] "GET /cormun/static/Shared/jqueryui/images/ui-icons_82798d_256x240.png HTTP/1.1" 404 1089
186.103.159.44 - - [18/May/2018:13:40:02 -0300] "GET /cormun/static/Shared/jqueryui/images/ui-bg_flat_55_fafafa_40x100.png HTTP/1.1" 404 1097
186.103.159.44 - - [18/May/2018:13:40:02 -0300] "GET /cormun/static/Shared/jqueryui/images/ui-icons_8d78a5_256x240.png HTTP/1.1" 404 1089
186.103.159.44 - - [18/May/2018:13:40:03 -0300] "POST /cormun/servlet/trautorizarsolicitud?e3e65c63bc3add34015de955d267e1ab,,gx-no-cache=1526661546312 HTTP/1.1" 200 7378
186.103.159.44 - - [18/May/2018:13:40:08 -0300] "POST /cormun/servlet/trautorizarsolicitud?e3e65c63bc3add34015de955d267e1ab,,gx-no-cache=1526661551337 HTTP/1.1" 200 7377
186.103.159.44 - - [18/May/2018:13:40:09 -0300] "POST /cormun/servlet/trautorizarsolicitud?e3e65c63bc3add34015de955d267e1ab,,gx-no-cache=1526661552335 HTTP/1.1" 200 7377
186.103.159.44 - - [18/May/2018:13:40:10 -0300] "POST /cormun/servlet/trautorizarsolicitud?e3e65c63bc3add34015de955d267e1ab,,gx-no-cache=1526661553670 HTTP/1.1" 200 7378
186.103.159.44 - - [18/May/2018:13:40:12 -0300] "POST /cormun/servlet/trautorizarsolicitud?e3e65c63bc3add34015de955d267e1ab,,gx-no-cache=1526661555151 HTTP/1.1" 200 7377
186.103.159.44 - - [18/May/2018:13:40:20 -0300] "GET /cormun/static/menuarrow.gif HTTP/1.1" 404 1015
186.103.159.44 - - [18/May/2018:13:40:31 -0300] "POST /cormun/servlet/trautorizarsolicitud?e3e65c63bc3add34015de955d267e1ab,,gx-no-cache=1526661574780 HTTP/1.1" 200 4397
186.103.159.44 - - [18/May/2018:13:40:42 -0300] "POST /cormun/servlet/trautorizarsolicitud?e3e65c63bc3add34015de955d267e1ab,,gx-no-cache=1526661585294 HTTP/1.1" 200 4403
186.103.159.44 - - [18/May/2018:13:40:48 -0300] "POST /cormun/servlet/trautorizarsolicitud?e3e65c63bc3add34015de955d267e1ab,,gx-no-cache=1526661591365 HTTP/1.1" 200 4400
186.103.159.44 - - [18/May/2018:13:40:57 -0300] "GET /cormun/servlet/trcontratosolicitud? HTTP/1.1" 200 14265
186.103.159.44 - - [18/May/2018:13:40:57 -0300] "GET /cormun/static/gxcfg.js?20177612214014 HTTP/1.1" 200 953
186.103.159.44 - - [18/May/2018:13:40:57 -0300] "GET /cormun/static/trcontratosolicitud.js?20177612214349 HTTP/1.1" 200 28237
186.103.159.44 - - [18/May/2018:13:40:58 -0300] "GET /cormun//static/Resources/PXToolsActionDisabled.gif HTTP/1.1" 200 53
186.103.159.44 - - [18/May/2018:13:40:58 -0300] "GET /cormun//static/Resources/PXToolsGridNew.png HTTP/1.1" 200 2949
186.103.159.44 - - [18/May/2018:13:41:03 -0300] "GET /cormun/servlet/trautorizarsolicitud? HTTP/1.1" 200 7294
186.103.159.44 - - [18/May/2018:13:41:12 -0300] "POST /cormun/servlet/trautorizarsolicitud?e3e65c63bc3add34015de955d267e1ab,,gx-no-cache=1526661615116 HTTP/1.1" 200 4406
200.112.49.36 - - [18/May/2018:13:41:17 -0300] "GET /cormun/servlet/hlogin HTTP/1.1" 200 1721
200.112.49.36 - - [18/May/2018:13:41:21 -0300] "POST /cormun/servlet/hlogin?d6b0bebc88effafbb46b27d954a8a6b0,gx-no-cache=1526661621192 HTTP/1.1" 200 90
200.112.49.36 - - [18/May/2018:13:41:21 -0300] "GET /cormun/servlet/hpexe_link HTTP/1.1" 200 954
200.112.49.36 - - [18/May/2018:13:41:21 -0300] "GET /cormun/servlet/hhome HTTP/1.1" 200 3998
200.112.49.36 - - [18/May/2018:13:41:22 -0300] "GET /cormun/servlet/hhome HTTP/1.1" 200 3995
186.103.159.44 - - [18/May/2018:13:41:29 -0300] "GET /cormun/servlet/hlogin HTTP/1.1" 200 1718
186.103.159.44 - - [18/May/2018:13:41:41 -0300] "POST /cormun/servlet/hlogin?e3e65c63bc3add34015de955d267e1ab,gx-no-cache=1526661644014 HTTP/1.1" 200 90
186.103.159.44 - - [18/May/2018:13:41:41 -0300] "GET /cormun/servlet/hpexe_link HTTP/1.1" 200 961
186.103.159.44 - - [18/May/2018:13:41:41 -0300] "GET /cormun/servlet/trautorizarsolicitud? HTTP/1.1" 200 7295
200.112.49.36 - - [18/May/2018:13:41:43 -0300] "GET /cormun/servlet/trlicencias? HTTP/1.1" 200 8936
200.112.49.36 - - [18/May/2018:13:41:43 -0300] "GET /cormun/static/gxcfg.js?20176272054169 HTTP/1.1" 200 953
200.112.49.36 - - [18/May/2018:13:41:44 -0300] "GET /cormun/servlet/trlicencias? HTTP/1.1" 200 8934
186.103.159.44 - - [18/May/2018:13:41:45 -0300] "GET /cormun/servlet/trsolicitudot? HTTP/1.1" 200 7389
200.112.49.36 - - [18/May/2018:13:41:46 -0300] "GET /cormun/servlet/licenciaspermisos?INS,0,,, HTTP/1.1" 200 7536
200.112.49.36 - - [18/May/2018:13:41:46 -0300] "GET /cormun/static/gxcfg.js?201762917281167 HTTP/1.1" 200 953
200.112.49.36 - - [18/May/2018:13:41:46 -0300] "GET /cormun/static/Resources/prompt.gif HTTP/1.1" 200 902
200.112.49.36 - - [18/May/2018:13:41:46 -0300] "GET /cormun/static/licenciaspermisos.js?201762917281260 HTTP/1.1" 200 37491
200.112.49.36 - - [18/May/2018:13:41:47 -0300] "GET /cormun/servlet/licenciaspermisos?INS,0,,, HTTP/1.1" 200 7534
200.112.49.36 - - [18/May/2018:13:42:00 -0300] "GET /cormun/static/Resources/resize.gif HTTP/1.1" 200 77
200.112.49.36 - - [18/May/2018:13:42:01 -0300] "GET /cormun/servlet/prfichaempleado?,MD,,gxPopupLevel%3D0%3B HTTP/1.1" 200 9359
200.112.49.36 - - [18/May/2018:13:42:01 -0300] "GET /cormun/static/gxcfg.js?20177612134814 HTTP/1.1" 200 953
200.112.49.36 - - [18/May/2018:13:42:22 -0300] "POST /cormun/servlet/prfichaempleado?d6b0bebc88effafbb46b27d954a8a6b0,,MD,,gxPopupLevel%3D0%3B,gx-no-cache=1526661682451 HTTP/1.1" 200 3430
200.112.49.36 - - [18/May/2018:13:42:31 -0300] "GET /cormun/servlet/licenciaspermisos?cecec5e9b6540c43d4b606f3915f4bb1b87295f3df0126877446cb8b08ef92fabcbbe47bdb26fe512483e825abc036f2,gx-no-cache=1526661691207 HTTP/1.1" 200 115
200.112.49.36 - - [18/May/2018:13:42:31 -0300] "POST /cormun/servlet/licenciaspermisos?d6b0bebc88effafbb46b27d954a8a6b0,INS,0,,,,gx-no-cache=1526661691325 HTTP/1.1" 200 4710
201.215.248.160 - - [18/May/2018:13:45:10 -0300] "GET /cormun/servlet/trlicencias? HTTP/1.1" 200 12635
201.215.248.160 - - [18/May/2018:13:45:12 -0300] "GET /cormun/servlet/trlicencias? HTTP/1.1" 200 12634
201.215.248.160 - - [18/May/2018:13:45:16 -0300] "GET /cormun/servlet/trpermisosgoce? HTTP/1.1" 200 11572
201.215.248.160 - - [18/May/2018:13:45:17 -0300] "GET /cormun/servlet/trpermisosgoce? HTTP/1.1" 200 11591
200.112.49.36 - - [18/May/2018:13:46:51 -0300] "GET /cormun/static/menuarrow.gif HTTP/1.1" 404 1015
46.174.191.29 - - [18/May/2018:13:47:42 -0300] "GET / HTTP/1.0" 200 11197
200.112.49.36 - - [18/May/2018:13:51:37 -0300] "GET /cormun/servlet/licenciaspermisos?cecec5e9b6540c43d4b606f3915f4bb19375ceb12783604efec7a2660baeca3655b4ea429c1af9ac496e60a6f271e0fedfb3c73f1724819d80f0d86aa4234a34f1bd54b9e134b09116310bd3bbf23c43d012d64be045c87445e18f9d240c66248537f419f2cd415ce99ccd94a3adc25ccf946d01659025098a3f32c1aef8f63ecfd880a7bfa6db7ea9530a4987cc1f5d3653b480c2fc818e1471198e7977c62745ce4907b3fc57a3d5932131cda5ccecf36b6bbb328061cd9a2d9924b14b1341ffdedcf14acbb4c0a2828e3c5138df5c6528b86a7a406535a2c59535189d7e10,gx-no-cache=1526662237306 HTTP/1.1" 200 30
200.112.49.36 - - [18/May/2018:13:51:37 -0300] "POST /cormun/servlet/licenciaspermisos?d6b0bebc88effafbb46b27d954a8a6b0,INS,0,,,,gx-no-cache=1526662237433 HTTP/1.1" 200 4782
200.112.49.36 - - [18/May/2018:13:51:38 -0300] "GET /cormun/servlet/prfichaempleado?,MD,,gxPopupLevel%3D0%3B HTTP/1.1" 200 9359
200.54.18.251 - - [18/May/2018:13:51:52 -0300] "GET /cormun/servlet/hlogin HTTP/1.1" 200 1731
200.54.18.251 - - [18/May/2018:13:51:52 -0300] "GET /cormun/servlet/hlogin HTTP/1.1" 200 1724
200.112.49.36 - - [18/May/2018:13:51:52 -0300] "POST /cormun/servlet/prfichaempleado?d6b0bebc88effafbb46b27d954a8a6b0,,MD,,gxPopupLevel%3D0%3B,gx-no-cache=1526662252265 HTTP/1.1" 200 3196
200.54.18.251 - - [18/May/2018:13:52:11 -0300] "POST /cormun/servlet/hlogin?723222ec4f504909024820b4a30eb411,gx-no-cache=1526662270498 HTTP/1.1" 200 90
200.54.18.251 - - [18/May/2018:13:52:11 -0300] "GET /cormun/servlet/hpexe_link HTTP/1.1" 200 946
200.54.18.251 - - [18/May/2018:13:52:11 -0300] "GET /cormun/servlet/hhome HTTP/1.1" 200 4210
200.54.18.251 - - [18/May/2018:13:52:12 -0300] "GET /cormun/servlet/hhome HTTP/1.1" 200 4206
200.112.49.36 - - [18/May/2018:13:52:23 -0300] "GET /cormun/servlet/licenciaspermisos?cecec5e9b6540c43d4b606f3915f4bb1b87295f3df0126877446cb8b08ef92faee427a287962550cf7ed04687f2d7dfa9e469be101b649518d0d8b914d4ca71c8eca9c74ed6da950ca13947ff9b396673fcd7be73cdda85fc6e9af5c507c21f3cb6a287646eabee234e9ee4e4b9fbdd1b22c3e779a2729ac84e34e3590a309e272492e7e26d07a6cafe2951c19769bce,gx-no-cache=1526662283872 HTTP/1.1" 200 98
200.112.49.36 - - [18/May/2018:13:52:24 -0300] "POST /cormun/servlet/licenciaspermisos?d6b0bebc88effafbb46b27d954a8a6b0,INS,0,,,,gx-no-cache=1526662284011 HTTP/1.1" 200 4782
200.112.49.36 - - [18/May/2018:13:52:28 -0300] "GET /cormun/servlet/prfichaempleado?,MD,,gxPopupLevel%3D0%3B HTTP/1.1" 200 9359
200.112.49.36 - - [18/May/2018:13:52:31 -0300] "POST /cormun/servlet/prfichaempleado?d6b0bebc88effafbb46b27d954a8a6b0,,MD,,gxPopupLevel%3D0%3B,gx-no-cache=1526662291034 HTTP/1.1" 200 6366
200.112.49.36 - - [18/May/2018:13:52:31 -0300] "GET /cormun/static/Resources/PXToolsGridNext.gif HTTP/1.1" 200 369
200.112.49.36 - - [18/May/2018:13:52:31 -0300] "GET /cormun/static/Resources/PXToolsGridLast.gif HTTP/1.1" 200 370
186.103.132.155 - - [18/May/2018:13:52:33 -0300] "GET /cormun/servlet/trsolicitudot? HTTP/1.1" 200 7424
186.103.132.155 - - [18/May/2018:13:52:33 -0300] "GET /cormun/servlet/trsolicitudot? HTTP/1.1" 200 7423
200.112.49.36 - - [18/May/2018:13:52:36 -0300] "POST /cormun/servlet/prfichaempleado?d6b0bebc88effafbb46b27d954a8a6b0,,MD,,gxPopupLevel%3D0%3B,gx-no-cache=1526662295519 HTTP/1.1" 200 6366
200.112.49.36 - - [18/May/2018:13:52:50 -0300] "POST /cormun/servlet/prfichaempleado?d6b0bebc88effafbb46b27d954a8a6b0,,MD,,gxPopupLevel%3D0%3B,gx-no-cache=1526662309879 HTTP/1.1" 200 3196
200.112.49.36 - - [18/May/2018:13:53:01 -0300] "GET /cormun/servlet/prfichaempleado?,MD,,gxPopupLevel%3D0%3B HTTP/1.1" 200 9359
200.112.49.36 - - [18/May/2018:13:54:19 -0300] "GET /cormun/servlet/licenciaspermisos?cecec5e9b6540c43d4b606f3915f4bb1370b6ead17300c1168ef606aff2e3e0b18be712412f563069602c7cb4623b28e70fdbfc9c4653974636cbcc7d320eeab664656778aed6a04affa6ce6592c7baa6034b1a47dc6a65cd0cef79b916d46c8e893e8a4f0f3de993e147aa654403604726e7da3fbb85c21954b6253bdcb6f5137368c05d50056074354d2a774457b23acd2f213a08fb8cd6a3f6e41e3c7fa633bd33f00d351073ba4bd2308362ad1a560d3f5b466a9e20a21d139b7c343649051b7064bc4eedde976ce602e598d886bfc64bf4d06183578698a11d9c23364ed1cb6a7f84fd47abd36fdd1110d5af492,gx-no-cache=1526662399261 HTTP/1.1" 200 59
200.112.49.36 - - [18/May/2018:13:54:19 -0300] "POST /cormun/servlet/licenciaspermisos?d6b0bebc88effafbb46b27d954a8a6b0,INS,0,,,,gx-no-cache=1526662399378 HTTP/1.1" 200 93
200.112.49.36 - - [18/May/2018:13:54:19 -0300] "GET /cormun/servlet/hpexe_return? HTTP/1.1" 200 1014
200.112.49.36 - - [18/May/2018:13:54:19 -0300] "GET /cormun/static/gxcfg.js?2016101716175148 HTTP/1.1" 200 953
200.112.49.36 - - [18/May/2018:13:54:19 -0300] "GET /cormun/static/Resources/Spanish/PXTools.css?167811 HTTP/1.1" 200 89042
200.112.49.36 - - [18/May/2018:13:54:20 -0300] "GET /cormun/servlet/trlicencias HTTP/1.1" 200 9368
200.112.49.36 - - [18/May/2018:13:54:20 -0300] "GET /cormun/servlet/trlicencias HTTP/1.1" 200 9363
200.112.49.36 - - [18/May/2018:13:54:24 -0300] "GET /cormun/servlet/trlicenciaspermisosadjuntos?11891600,20180518000000,L, HTTP/1.1" 200 6346
200.112.49.36 - - [18/May/2018:13:54:24 -0300] "GET /cormun/static/gxcfg.js?20177612163414 HTTP/1.1" 200 953
200.112.49.36 - - [18/May/2018:13:54:24 -0300] "GET /cormun/static/trlicenciaspermisosadjuntos.js?20177612163719 HTTP/1.1" 200 21036
200.112.49.36 - - [18/May/2018:13:54:25 -0300] "GET /cormun/servlet/trlicenciaspermisosadjuntos?11891600,20180518000000,L, HTTP/1.1" 200 6347
200.112.49.36 - - [18/May/2018:13:54:26 -0300] "GET /cormun/servlet/licenciaspermisosadjuntos?INS,11891600,L,20180518000000,, HTTP/1.1" 200 5645
200.112.49.36 - - [18/May/2018:13:54:26 -0300] "GET /cormun/static/gxcfg.js?2017761263592 HTTP/1.1" 200 953
200.112.49.36 - - [18/May/2018:13:54:26 -0300] "GET /cormun/static/licenciaspermisosadjuntos.js?201776126362 HTTP/1.1" 200 8760
200.112.49.36 - - [18/May/2018:13:54:26 -0300] "GET /cormun/static/about:blank HTTP/1.1" 404 1011
200.112.49.36 - - [18/May/2018:13:54:26 -0300] "GET /cormun/servlet/licenciaspermisosadjuntos?INS,11891600,L,20180518000000,, HTTP/1.1" 200 5635
200.112.49.36 - - [18/May/2018:13:54:46 -0300] "POST /cormun/servlet/licenciaspermisosadjuntos?d6b0bebc88effafbb46b27d954a8a6b0,INS,11891600,L,20180518000000,, HTTP/1.1" 200 116
200.112.49.36 - - [18/May/2018:13:54:46 -0300] "GET /cormun/servlet/hpexe_return? HTTP/1.1" 200 1044
200.112.49.36 - - [18/May/2018:13:54:46 -0300] "GET /cormun/servlet/trlicenciaspermisosadjuntos?11891600,20180518000000,L, HTTP/1.1" 200 6825
200.112.49.36 - - [18/May/2018:13:54:46 -0300] "GET /cormun/servlet/trlicenciaspermisosadjuntos?11891600,20180518000000,L, HTTP/1.1" 200 6821
200.112.49.36 - - [18/May/2018:13:54:59 -0300] "GET /cormun/servlet/trlicencias? HTTP/1.1" 200 9364
200.112.49.36 - - [18/May/2018:13:55:00 -0300] "GET /cormun/servlet/trlicencias? HTTP/1.1" 200 9363
200.112.49.36 - - [18/May/2018:13:55:05 -0300] "POST /cormun/servlet/trlicencias?d6b0bebc88effafbb46b27d954a8a6b0,,gx-no-cache=1526662445338 HTTP/1.1" 200 6650
200.112.49.36 - - [18/May/2018:13:55:05 -0300] "GET /cormun/static/Shared/jqueryui/images/ui-bg_highlight-soft_100_c6c2c8_1x100.png HTTP/1.1" 404 1117
200.112.49.36 - - [18/May/2018:13:55:05 -0300] "GET /cormun/static/Shared/jqueryui/images/ui-icons_82798d_256x240.png HTTP/1.1" 404 1089
200.112.49.36 - - [18/May/2018:13:55:06 -0300] "GET /cormun/static/Shared/jqueryui/images/ui-bg_flat_55_fafafa_40x100.png HTTP/1.1" 404 1097
200.112.49.36 - - [18/May/2018:13:55:06 -0300] "GET /cormun/static/Shared/jqueryui/images/ui-icons_8d78a5_256x240.png HTTP/1.1" 404 1089
200.112.49.36 - - [18/May/2018:13:55:10 -0300] "GET /cormun/servlet/hlogin HTTP/1.1" 200 1721
200.112.49.36 - - [18/May/2018:13:55:13 -0300] "POST /cormun/servlet/hlogin?d6b0bebc88effafbb46b27d954a8a6b0,gx-no-cache=1526662453616 HTTP/1.1" 200 90
200.112.49.36 - - [18/May/2018:13:55:13 -0300] "GET /cormun/servlet/hpexe_link HTTP/1.1" 200 954
200.112.49.36 - - [18/May/2018:13:55:13 -0300] "GET /cormun/servlet/hhome HTTP/1.1" 200 4204
200.112.49.36 - - [18/May/2018:13:55:14 -0300] "GET /cormun/servlet/hhome HTTP/1.1" 200 4202
200.112.49.36 - - [18/May/2018:13:55:14 -0300] "GET /cormun/static/SmoothNavMenu/resources/images/right.gif HTTP/1.1" 200 860
200.112.49.36 - - [18/May/2018:13:55:22 -0300] "GET /cormun/servlet/trlicencias? HTTP/1.1" 200 9481
200.112.49.36 - - [18/May/2018:13:55:23 -0300] "GET /cormun/servlet/trlicencias? HTTP/1.1" 200 9479
200.112.49.36 - - [18/May/2018:13:55:28 -0300] "POST /cormun/servlet/trlicencias?d6b0bebc88effafbb46b27d954a8a6b0,,gx-no-cache=1526662467994 HTTP/1.1" 200 6806
186.103.159.230 - - [18/May/2018:13:57:29 -0300] "GET /cormun/servlet/hlogin HTTP/1.1" 200 1720
186.103.159.230 - - [18/May/2018:13:57:33 -0300] "GET /cormun/servlet/hlogin HTTP/1.1" 200 1720
200.112.49.36 - - [18/May/2018:13:57:33 -0300] "GET /cormun/servlet/trsolicitudot? HTTP/1.1" 200 9278
186.103.159.230 - - [18/May/2018:13:57:33 -0300] "GET /cormun/servlet/hlogin HTTP/1.1" 200 1731
200.112.49.36 - - [18/May/2018:13:57:34 -0300] "GET /cormun/servlet/trsolicitudot? HTTP/1.1" 200 9278
200.112.49.36 - - [18/May/2018:13:57:37 -0300] "GET /cormun/servlet/solicitudot?INS,0,0, HTTP/1.1" 200 13654
200.112.49.36 - - [18/May/2018:13:57:37 -0300] "GET /cormun/static/gxcfg.js?201812313224582 HTTP/1.1" 200 953
200.112.49.36 - - [18/May/2018:13:57:37 -0300] "GET /cormun/static/solicitudot.js?201812313224831 HTTP/1.1" 200 72336
200.112.49.36 - - [18/May/2018:13:57:38 -0300] "GET /cormun/servlet/solicitudot?INS,0,0, HTTP/1.1" 200 13659
200.112.49.36 - - [18/May/2018:13:57:39 -0300] "GET /cormun/servlet/prfichaempleado?,MD,,gxPopupLevel%3D0%3B HTTP/1.1" 200 9364
186.103.159.230 - - [18/May/2018:13:57:47 -0300] "POST /cormun/servlet/hlogin?0435348680a4c6f1e0762d2f7e2370e1,gx-no-cache=1526662602829 HTTP/1.1" 200 90
186.103.159.230 - - [18/May/2018:13:57:47 -0300] "GET /cormun/servlet/hpexe_link HTTP/1.1" 200 950
186.103.159.230 - - [18/May/2018:13:57:47 -0300] "GET /cormun/servlet/hhome HTTP/1.1" 200 4177
186.103.159.230 - - [18/May/2018:13:57:48 -0300] "GET /cormun/servlet/hhome HTTP/1.1" 200 4173
200.112.49.36 - - [18/May/2018:13:57:51 -0300] "POST /cormun/servlet/prfichaempleado?d6b0bebc88effafbb46b27d954a8a6b0,,MD,,gxPopupLevel%3D0%3B,gx-no-cache=1526662611162 HTTP/1.1" 200 3432
200.112.49.36 - - [18/May/2018:13:57:54 -0300] "POST /cormun/servlet/solicitudot?gx-no-cache=1526662613907 HTTP/1.1" 200 3401
186.103.159.230 - - [18/May/2018:13:57:54 -0300] "GET /cormun/servlet/trsolicitudot? HTTP/1.1" 200 7387
200.112.49.36 - - [18/May/2018:13:57:54 -0300] "POST /cormun/servlet/solicitudot?d6b0bebc88effafbb46b27d954a8a6b0,INS,0,0,,gx-no-cache=1526662614339 HTTP/1.1" 200 10579
200.112.49.36 - - [18/May/2018:13:57:54 -0300] "GET /cormun/servlet/solicitudot?ed01bb64388e823cef7717f4e1f0d52a545fa3bc01a7ac8b7815dbf624e91a43b4aaa02feeed78f27350d3eca20908ac,gx-no-cache=1526662614948 HTTP/1.1" 200 30
186.103.159.230 - - [18/May/2018:13:57:54 -0300] "GET /cormun/servlet/trsolicitudot? HTTP/1.1" 200 7386
200.112.49.36 - - [18/May/2018:13:57:54 -0300] "GET /cormun/servlet/solicitudot?ed01bb64388e823cef7717f4e1f0d52a3f2af26cfaf4bad4cfa7532bf91dcfdab2dedd7a07f0cb4038f023e55b1ed32fb4aaa02feeed78f27350d3eca20908ac,gx-no-cache=1526662615108 HTTP/1.1" 200 30
200.112.49.36 - - [18/May/2018:13:57:55 -0300] "GET /cormun/servlet/solicitudot?ed01bb64388e823cef7717f4e1f0d52aa8c4822d5a335d7be34346831c6dda94,gx-no-cache=1526662615196 HTTP/1.1" 200 45
186.103.158.250 - - [18/May/2018:13:57:56 -0300] "GET /cormun/servlet/prbanco?,MD,,gxPopupLevel%3D0%3B HTTP/1.1" 200 6625
200.112.49.36 - - [18/May/2018:13:58:03 -0300] "POST /cormun/servlet/solicitudot?gx-no-cache=1526662623690 HTTP/1.1" 200 255
200.112.49.36 - - [18/May/2018:13:58:03 -0300] "GET /cormun/servlet/solicitudot?ed01bb64388e823cef7717f4e1f0d52aeb3f8217a4fb0996845352db3c44bdd50723d7e011897486b3182869ae285f147ee798d62be6480b1841afcc7202af6da3dd4444f647171733452dcd934f53391159d5a68eecebf7c4d79aa022360a7a8977f9d3b911caf27b89545e14ee8c8e4458fe6f5ec3475152e5e80724f5415d07be244d05cbf111930412b1b0c77e43f825b57866750aaddea966cc7d3f09651693fe3cc6daebb4e3d39e67a6d930fe0054b08b12cbd692712b5579fd248878f60406c8a1a87127ff40ffa9d9c53fe3ddd4cf381512a85062e45c236d7d43b680da78d136abf86becf9ebeb9e3c716262b8e59677ca82a3d4cb0605f5382fafdfb3c73f1724819d80f0d86aa4234a341058afa171f4aa98c0dc2d476e6d5a01c1afb9981e147291caa6eabfac1f9cb4ebb99ee4c4ad12f48d8f30ac68a6b09aaa7ea1edd57622a0153d7ab927fdbb39e12672d25fdcffb464321d5d3750f465e87996d67c5b63a32cc358c2d43c945c3e2cd4601838847b168842ee2a36b76e,gx-no-cache=1526662623826 HTTP/1.1" 200 30
200.112.49.36 - - [18/May/2018:13:58:06 -0300] "POST /cormun/servlet/solicitudot?gx-no-cache=1526662626899 HTTP/1.1" 200 30
186.103.159.230 - - [18/May/2018:13:58:14 -0300] "GET /cormun/servlet/solicitudot?INS,0,0, HTTP/1.1" 200 13618
186.103.159.230 - - [18/May/2018:13:58:15 -0300] "GET /cormun/servlet/solicitudot?INS,0,0, HTTP/1.1" 200 13623
200.112.49.36 - - [18/May/2018:13:58:22 -0300] "POST /cormun/servlet/solicitudot?gx-no-cache=1526662642905 HTTP/1.1" 200 1370
200.112.49.36 - - [18/May/2018:13:58:22 -0300] "POST /cormun/servlet/solicitudot?gx-no-cache=1526662643067 HTTP/1.1" 200 38
186.103.158.250 - - [18/May/2018:13:58:26 -0300] "GET /cormun/servlet/solicitudot?9585b64fbee15c84671498610cbb040b21a1d835605e8afc604878bfa451848857c5deccbc4042e4a3a1cd50a36fe14f,gx-no-cache=1526662642148 HTTP/1.1" 200 30
186.103.158.250 - - [18/May/2018:13:58:29 -0300] "GET /cormun/servlet/prbanco?,MD,,gxPopupLevel%3D0%3B HTTP/1.1" 200 6625
200.112.49.36 - - [18/May/2018:13:58:45 -0300] "GET /cormun/servlet/solicitudot?ed01bb64388e823cef7717f4e1f0d52af2c33b2644066efd127f8b7b24bec9f3e8732553885a027323fed94ef70b1c4af05b37fbe74a50f96bd3b9c73f3ae81e0cc6179276f6a76d2cbf7b05a1275290036de1242b0928b445c012c1caf09d23bd75746cf8458068a4fd833d6ae25776055059ae5c83c060242deedbe942c14cad5115b15e5f23a5673d64249f58f2f93f0b607b709e290ca3ffcaec6be04127,gx-no-cache=1526662665589 HTTP/1.1" 200 29
200.112.49.36 - - [18/May/2018:13:58:45 -0300] "POST /cormun/servlet/solicitudot?gx-no-cache=1526662665763 HTTP/1.1" 200 1351
200.112.49.36 - - [18/May/2018:13:58:45 -0300] "POST /cormun/servlet/solicitudot?gx-no-cache=1526662666004 HTTP/1.1" 200 1249
200.112.49.36 - - [18/May/2018:13:58:46 -0300] "GET /cormun/static/menuarrow.gif HTTP/1.1" 404 1015
200.112.49.36 - - [18/May/2018:13:58:48 -0300] "POST /cormun/servlet/solicitudot?gx-no-cache=1526662668150 HTTP/1.1" 200 1351
200.112.49.36 - - [18/May/2018:13:58:48 -0300] "POST /cormun/servlet/solicitudot?gx-no-cache=1526662668335 HTTP/1.1" 200 1249
186.103.158.250 - - [18/May/2018:13:58:48 -0300] "GET /cormun/servlet/solicitudot?9585b64fbee15c84671498610cbb040ba288ffff8114584653b4d54d209e7d85,gx-no-cache=1526662661368 HTTP/1.1" 200 60
186.103.158.250 - - [18/May/2018:13:58:48 -0300] "GET /cormun/servlet/prbanco?,MD,,gxPopupLevel%3D0%3B HTTP/1.1" 200 6625
200.112.49.36 - - [18/May/2018:13:58:49 -0300] "GET /cormun/servlet/solicitudot?ed01bb64388e823cef7717f4e1f0d52ac56c936144f6552df223c778b20a6b20b8a77ac95362f65c9c7e1e64caf49667,gx-no-cache=1526662669371 HTTP/1.1" 200 30
200.112.49.36 - - [18/May/2018:13:58:54 -0300] "POST /cormun/servlet/solicitudot?gx-no-cache=1526662675033 HTTP/1.1" 200 30
186.103.158.250 - - [18/May/2018:13:59:05 -0300] "GET /cormun/servlet/solicitudot?9585b64fbee15c84671498610cbb040baae824b2fa82b9d9bfd55debe8407c2bdc6d1d8291190e029b2575a14947946ab9088fea5424d238e8ea1ae79553b099aefde3f4b04be67f02a1f1a2b6fa0a45,gx-no-cache=1526662678797 HTTP/1.1" 200 40
186.103.158.250 - - [18/May/2018:13:59:06 -0300] "GET /cormun/servlet/prbanco?,MD,,gxPopupLevel%3D0%3B HTTP/1.1" 200 6625
186.103.159.230 - - [18/May/2018:13:59:11 -0300] "POST /cormun/servlet/solicitudot?gx-no-cache=1526662687252 HTTP/1.1" 200 3400
186.103.159.230 - - [18/May/2018:13:59:11 -0300] "POST /cormun/servlet/solicitudot?0435348680a4c6f1e0762d2f7e2370e1,INS,0,0,,gx-no-cache=1526662687483 HTTP/1.1" 200 10563
200.112.49.36 - - [18/May/2018:13:59:17 -0300] "POST /cormun/servlet/solicitudot?d6b0bebc88effafbb46b27d954a8a6b0,INS,0,0,,gx-no-cache=1526662696921 HTTP/1.1" 200 93
200.112.49.36 - - [18/May/2018:13:59:17 -0300] "GET /cormun/servlet/hpexe_return? HTTP/1.1" 200 1009
200.112.49.36 - - [18/May/2018:13:59:17 -0300] "GET /cormun/servlet/trsolicitudot HTTP/1.1" 200 9725
200.112.49.36 - - [18/May/2018:13:59:18 -0300] "GET /cormun/servlet/trsolicitudot HTTP/1.1" 200 9720
186.103.159.230 - - [18/May/2018:13:59:20 -0300] "GET /cormun/servlet/solicitudot?629b5c3794e8e5d3719344ae97ac65dae6c242ae944c76e2c0e162f02c4c0105d54512ea722e0185c2e3e80529d93bfe,gx-no-cache=1526662696076 HTTP/1.1" 200 30
186.103.159.230 - - [18/May/2018:13:59:20 -0300] "GET /cormun/servlet/solicitudot?629b5c3794e8e5d3719344ae97ac65da464c8d1491e09767d1efa7ca18a78284a62dfbfc5ef31161bbd46b8dd3605be3353bb98cb7d4a9a9f61188a41ed581fd,gx-no-cache=1526662696125 HTTP/1.1" 200 30
186.103.159.230 - - [18/May/2018:13:59:20 -0300] "GET /cormun/servlet/solicitudot?629b5c3794e8e5d3719344ae97ac65da03a1ee9596e336ac88b8719c980002d5,gx-no-cache=1526662696156 HTTP/1.1" 200 53
186.103.159.230 - - [18/May/2018:13:59:20 -0300] "POST /cormun/servlet/solicitudot?gx-no-cache=1526662696188 HTTP/1.1" 200 255
186.103.159.230 - - [18/May/2018:13:59:20 -0300] "GET /cormun/servlet/solicitudot?629b5c3794e8e5d3719344ae97ac65dac6559ef78b688186aa562cb848e8a6889a3e4cadc2d2d4355585b79b4d3af432ae41890329407584711aa558d04b8621a58dcec625976244ae86e9f5177285e02bfcee827f1bc8b705c6b44918311aa78b1e496f42a32611de13111955ecf0bd6a14073e8ccd9a71034a54870570cb79df907f962ea52b5893cf5c9e74c0e5c6014edc81114732f6b1cdc0ee9f8412981362f70a2294d927337816546a19731c7f593612572c9a703134aad430d8a425de28dc4c88fc692205b341e9d87dffd5efdf2e80e854e6e42f64f7d80d8fac918732e045f4f35c338f32ea3626576bbc07734f6be2185d1f899e4fe438ae4bd9c1d082e26ebbd28c6dece8898b33bbca06224651281e57224514321e6d3ab906f3f35c78a1861b04578a28ef3b85d989ce30e77f7e85618eea08ebb66d02ca243b2405fda149a3d82fa9b83ff15d77388ef408b9c9e387f5eb737fe3a968d92ce98b4c16f38d4b5c484ac1bd7224ed00373adcde217338e7389c82718c013125,gx-no-cache=1526662696229 HTTP/1.1" 200 30
200.112.49.36 - - [18/May/2018:13:59:25 -0300] "POST /cormun/servlet/trsolicitudot?d6b0bebc88effafbb46b27d954a8a6b0,gx-no-cache=1526662704812 HTTP/1.1" 200 6375
200.112.49.36 - - [18/May/2018:13:59:25 -0300] "GET /cormun/static/Shared/jqueryui/images/ui-bg_highlight-soft_100_c6c2c8_1x100.png HTTP/1.1" 404 1117
200.112.49.36 - - [18/May/2018:13:59:25 -0300] "GET /cormun/static/Shared/jqueryui/images/ui-icons_82798d_256x240.png HTTP/1.1" 404 1089
200.112.49.36 - - [18/May/2018:13:59:25 -0300] "GET /cormun/static/Shared/jqueryui/images/ui-bg_flat_55_fafafa_40x100.png HTTP/1.1" 404 1097
200.112.49.36 - - [18/May/2018:13:59:25 -0300] "GET /cormun/static/Shared/jqueryui/images/ui-icons_8d78a5_256x240.png HTTP/1.1" 404 1089
200.112.49.36 - - [18/May/2018:13:59:25 -0300] "POST /cormun/servlet/trsolicitudot?d6b0bebc88effafbb46b27d954a8a6b0,gx-no-cache=1526662705483 HTTP/1.1" 200 6318
200.112.49.36 - - [18/May/2018:13:59:27 -0300] "POST /cormun/servlet/trsolicitudot?d6b0bebc88effafbb46b27d954a8a6b0,gx-no-cache=1526662707413 HTTP/1.1" 200 5899
200.112.49.36 - - [18/May/2018:13:59:28 -0300] "POST /cormun/servlet/trsolicitudot?d6b0bebc88effafbb46b27d954a8a6b0,gx-no-cache=1526662708002 HTTP/1.1" 200 5843
200.112.49.36 - - [18/May/2018:13:59:31 -0300] "POST /cormun/servlet/trsolicitudot?d6b0bebc88effafbb46b27d954a8a6b0,gx-no-cache=1526662711429 HTTP/1.1" 200 4685
200.112.49.36 - - [18/May/2018:13:59:32 -0300] "POST /cormun/servlet/trsolicitudot?d6b0bebc88effafbb46b27d954a8a6b0,gx-no-cache=1526662711992 HTTP/1.1" 200 4451
186.103.159.230 - - [18/May/2018:13:59:33 -0300] "POST /cormun/servlet/solicitudot?gx-no-cache=1526662708676 HTTP/1.1" 200 30
186.103.158.250 - - [18/May/2018:13:59:34 -0300] "GET /cormun/servlet/solicitudot?9585b64fbee15c84671498610cbb040baae824b2fa82b9d9bfd55debe8407c2b104186db66afe9898856bfabb1a93e07,gx-no-cache=1526662711397 HTTP/1.1" 200 40
200.112.49.36 - - [18/May/2018:13:59:41 -0300] "GET /cormun/servlet/solicitudot?INS,0,0, HTTP/1.1" 200 13654
200.112.49.36 - - [18/May/2018:13:59:42 -0300] "GET /cormun/servlet/solicitudot?INS,0,0, HTTP/1.1" 200 13659
200.112.49.36 - - [18/May/2018:13:59:44 -0300] "GET /cormun/servlet/prfichaempleado?,MD,,gxPopupLevel%3D0%3B HTTP/1.1" 200 9364
200.112.49.36 - - [18/May/2018:13:59:53 -0300] "POST /cormun/servlet/prfichaempleado?d6b0bebc88effafbb46b27d954a8a6b0,,MD,,gxPopupLevel%3D0%3B,gx-no-cache=1526662733176 HTTP/1.1" 200 3425
200.112.49.36 - - [18/May/2018:13:59:56 -0300] "POST /cormun/servlet/solicitudot?gx-no-cache=1526662736277 HTTP/1.1" 200 3409
200.112.49.36 - - [18/May/2018:13:59:57 -0300] "POST /cormun/servlet/solicitudot?d6b0bebc88effafbb46b27d954a8a6b0,INS,0,0,,gx-no-cache=1526662736788 HTTP/1.1" 200 10581
200.112.49.36 - - [18/May/2018:13:59:57 -0300] "GET /cormun/servlet/solicitudot?ed01bb64388e823cef7717f4e1f0d52a83b853fcfa787e5b512d76fc8725867bb4aaa02feeed78f27350d3eca20908ac,gx-no-cache=1526662737386 HTTP/1.1" 200 30
200.112.49.36 - - [18/May/2018:14:00:10 -0300] "GET /cormun/servlet/trsolicitudot HTTP/1.1" 200 7419
200.112.49.36 - - [18/May/2018:14:00:10 -0300] "GET /cormun/servlet/trsolicitudot HTTP/1.1" 200 7415
200.112.49.36 - - [18/May/2018:14:00:12 -0300] "GET /cormun/servlet/solicitudot?INS,0,0, HTTP/1.1" 200 13654
200.112.49.36 - - [18/May/2018:14:00:13 -0300] "GET /cormun/servlet/solicitudot?INS,0,0, HTTP/1.1" 200 13659
200.112.49.36 - - [18/May/2018:14:00:15 -0300] "GET /cormun/servlet/prfichaempleado?,MD,,gxPopupLevel%3D0%3B HTTP/1.1" 200 9364
186.103.159.230 - - [18/May/2018:14:00:15 -0300] "GET /cormun/servlet/prfichaempleado?,MD,,gxPopupLevel%3D0%3B HTTP/1.1" 200 9332
186.103.159.230 - - [18/May/2018:14:00:15 -0300] "GET /cormun/static/gxcfg.js?20177612134814 HTTP/1.1" 200 953
186.103.159.230 - - [18/May/2018:14:00:15 -0300] "GET /cormun/static/prfichaempleado.js?20177612134999 HTTP/1.1" 200 16006
200.112.49.36 - - [18/May/2018:14:00:24 -0300] "POST /cormun/servlet/prfichaempleado?d6b0bebc88effafbb46b27d954a8a6b0,,MD,,gxPopupLevel%3D0%3B,gx-no-cache=1526662763785 HTTP/1.1" 200 3424
186.103.158.250 - - [18/May/2018:14:00:27 -0300] "POST /cormun/servlet/solicitudot?gx-no-cache=1526662764690 HTTP/1.1" 200 255
