186.67.172.234 - - [17/May/2018:12:03:45 -0300] "GET /cormun/servlet/solicitudot?e5a7a12f311fa2086e476151a58ac0f26fc7d008f9eaf01349578bdd4552ea00481ea8850dc33502585f07b0640505e00cb8c27ea4d8f1cea475cc08b71894fd3b3f3031ce7a8ab680548ad804c6071369eec8505610565fe824348a97383e1d5ab549d1a52ff7d403ba325d46e25f133b952f340e8ca1ff4358b0606ea6975e4d25f87016ee934608f88fdf9ac3e396ae6f534d0355a43fec5547e90bfc6c9d21c1cb7f398fecdf2b5ee3ed42309dcf54a8336feb2b57c23ae207c36bbf5ef490634a9ac0664e601c385bb446407205,gx-no-cache=1526569364176 HTTP/1.1" 200 29
186.67.172.234 - - [17/May/2018:12:03:46 -0300] "GET /cormun/servlet/solicitudot?e5a7a12f311fa2086e476151a58ac0f21f9f4b738ebff98e7529ab4d2282a723f21b7e2135250b4ecf9b9bf70d81adb6c2eacf95f1984efe8defa577b5343843d9bb7fc6adeb8d2a637d99c3710b4a7fd4bdb1c4e4179e8e43c5838bf2a3bdff5e19c22c70c8727e14fa5758420c41995567cdab975dcc434508a2c5ffee415452842cc6b51dc56b96dc2766c76c6a889bb0cbc7bbb36fad7afc651ef9ae02e4021b4d06ce1b6f31620bb5654152eb512b532ebe196107ba5142d22a0ea5cecc,gx-no-cache=1526569364296 HTTP/1.1" 200 62
186.67.172.234 - - [17/May/2018:12:03:46 -0300] "GET /cormun/servlet/solicitudot?cef524be55620ae6602d9fe3e36bd25f929640ee4b74ec0580a0ac7f6dd02d21e51ea712496df619ec7ebe3fae6b7c453a9b87d22f96337f69b7fb7e1659291f992fba38ddce2ce4f7176b98d58280b2,gx-no-cache=1526569364374 HTTP/1.1" 200 55
186.67.172.234 - - [17/May/2018:12:03:46 -0300] "GET /cormun/servlet/solicitudot?e5a7a12f311fa2086e476151a58ac0f2398a425b5039c8359f4642a30f0415b460c61d5a04f4b02b202f7deb8850f7b8,gx-no-cache=1526569364468 HTTP/1.1" 200 134
186.67.172.234 - - [17/May/2018:12:04:10 -0300] "GET /cormun/servlet/prlicenciaspermisos?12844620,L,,MD,,gxPopupLevel%3D0%3B HTTP/1.1" 200 5593
186.67.172.234 - - [17/May/2018:12:04:14 -0300] "POST /cormun/servlet/solicitudot?gx-no-cache=1526569392206 HTTP/1.1" 200 1369
186.67.172.234 - - [17/May/2018:12:04:17 -0300] "POST /cormun/servlet/solicitudot?gx-no-cache=1526569396015 HTTP/1.1" 200 41
186.67.172.234 - - [17/May/2018:12:04:29 -0300] "GET /cormun/servlet/solicitudot?e5a7a12f311fa2086e476151a58ac0f26fc7d008f9eaf01349578bdd4552ea00481ea8850dc33502585f07b0640505e047f7e249ff7b8524fd46defaf30f2fad3b3f3031ce7a8ab680548ad804c6071369eec8505610565fe824348a97383e1d5ab549d1a52ff7d403ba325d46e25f133b952f340e8ca1ff4358b0606ea6975e4d25f87016ee934608f88fdf9ac3e396ae6f534d0355a43fec5547e90bfc6c9d21c1cb7f398fecdf2b5ee3ed42309dcf54a8336feb2b57c23ae207c36bbf5ef490634a9ac0664e601c385bb446407205,gx-no-cache=1526569407897 HTTP/1.1" 200 29
186.67.172.234 - - [17/May/2018:12:04:32 -0300] "POST /cormun/servlet/solicitudot?gx-no-cache=1526569411033 HTTP/1.1" 200 1351
186.67.172.234 - - [17/May/2018:12:04:32 -0300] "POST /cormun/servlet/solicitudot?gx-no-cache=1526569411089 HTTP/1.1" 200 1248
186.67.172.234 - - [17/May/2018:12:04:32 -0300] "GET /cormun/static/menuarrow.gif HTTP/1.1" 404 1015
186.67.172.234 - - [17/May/2018:12:04:36 -0300] "POST /cormun/servlet/solicitudot?gx-no-cache=1526569414366 HTTP/1.1" 200 1351
186.67.172.234 - - [17/May/2018:12:04:36 -0300] "POST /cormun/servlet/solicitudot?gx-no-cache=1526569414452 HTTP/1.1" 200 1248
186.67.172.234 - - [17/May/2018:12:04:41 -0300] "GET /cormun/servlet/solicitudot?e5a7a12f311fa2086e476151a58ac0f2a1833b76f2e9d5371df4f26e52423b24589831fdac0572ced52d18a1d1af18d5,gx-no-cache=1526569419656 HTTP/1.1" 200 30
186.67.172.234 - - [17/May/2018:12:04:56 -0300] "GET /cormun/servlet/prlicenciaspermisos?12844620,L,,MD,,gxPopupLevel%3D0%3B HTTP/1.1" 200 5593
186.67.172.234 - - [17/May/2018:12:05:10 -0300] "POST /cormun/servlet/solicitudot?gx-no-cache=1526569448475 HTTP/1.1" 200 1351
186.67.172.234 - - [17/May/2018:12:05:10 -0300] "POST /cormun/servlet/solicitudot?gx-no-cache=1526569449065 HTTP/1.1" 200 1248
186.67.172.234 - - [17/May/2018:12:05:11 -0300] "POST /cormun/servlet/solicitudot?gx-no-cache=1526569449294 HTTP/1.1" 200 135
186.67.172.234 - - [17/May/2018:12:05:11 -0300] "POST /cormun/servlet/solicitudot?f754c2f410969eb87720e0424594b408,INS,0,0,,gx-no-cache=1526569449394 HTTP/1.1" 200 11994
186.103.159.186 - - [17/May/2018:12:08:19 -0300] "GET /cormun/servlet/licenciaspermisos?e235a46c20defb888401d1fcee00c08d0ea6fa8ad1f5912624ea72de6eee1484789a5b8f1be4ab4b637c4b938eb506cfdec3b2628948301775d74e2105659630a99dd4d4a5d99dc38b105bc16aaada3c21c4966639627dbd14f3a057845a7ceda3de234fe56d2cc2a59f68d99e04fbaa102d2343d1952f9455a38375de738b46127216a873525f2816e362009728cdc2a7e96f47ddc906e27d5a9a7feb65e066de8f6fe48ad10397fc62237835aa7b42c80aa5ae275506910ea591bb103fb72f342adf9c7fce7e74aeeac555c1349b04696883426ed2f2337f59d285db88b48b,gx-no-cache=1526569640300 HTTP/1.1" 200 29
186.103.159.186 - - [17/May/2018:12:08:20 -0300] "POST /cormun/servlet/licenciaspermisos?bbaabc8beadb392a0a7537affdf83a9c,UPD,7232365,L,20180517000000,,gx-no-cache=1526569640658 HTTP/1.1" 200 93
186.103.159.186 - - [17/May/2018:12:08:20 -0300] "GET /cormun/servlet/hpexe_return? HTTP/1.1" 200 1035
186.103.159.186 - - [17/May/2018:12:08:20 -0300] "GET /cormun/servlet/trlicencias HTTP/1.1" 200 9099
186.103.159.186 - - [17/May/2018:12:08:22 -0300] "GET /cormun/servlet/trlicencias HTTP/1.1" 200 9095
186.103.159.182 - - [17/May/2018:12:10:13 -0300] "GET /cormun/servlet/solicitudot?INS,0,0, HTTP/1.1" 200 13704
186.103.159.182 - - [17/May/2018:12:10:15 -0300] "GET /cormun/static/gxcfg.js?201812313224582 HTTP/1.1" 304 -
186.103.159.182 - - [17/May/2018:12:10:16 -0300] "GET /cormun/servlet/solicitudot?INS,0,0, HTTP/1.1" 200 13709
186.103.159.182 - - [17/May/2018:12:10:56 -0300] "POST /cormun/servlet/solicitudot?de21a202a9be2cdda0d071f1556063bd,INS,0,0,,gx-no-cache=1526569795676 HTTP/1.1" 200 10440
186.103.159.182 - - [17/May/2018:12:11:00 -0300] "POST /cormun/servlet/solicitudot?gx-no-cache=1526569800557 HTTP/1.1" 200 3341
186.103.159.182 - - [17/May/2018:12:11:00 -0300] "GET /cormun/static/Shared/jqueryui/images/ui-icons_82798d_256x240.png HTTP/1.1" 404 1089
186.103.159.182 - - [17/May/2018:12:11:00 -0300] "GET /cormun/static/Shared/jqueryui/images/ui-bg_highlight-soft_100_c6c2c8_1x100.png HTTP/1.1" 404 1117
186.103.159.182 - - [17/May/2018:12:11:00 -0300] "GET /cormun/static/Shared/jqueryui/images/ui-icons_ebccce_256x240.png HTTP/1.1" 404 1089
186.103.159.182 - - [17/May/2018:12:11:00 -0300] "GET /cormun/static/Shared/jqueryui/images/ui-bg_flat_55_994d53_40x100.png HTTP/1.1" 404 1097
186.103.159.182 - - [17/May/2018:12:11:01 -0300] "GET /cormun/servlet/solicitudot?917a062b26b49a431854b97c37401d72f34cef86029d13ff1c6e0d83315ec536,gx-no-cache=1526569800901 HTTP/1.1" 200 111
186.103.159.182 - - [17/May/2018:12:11:14 -0300] "GET /cormun/servlet/prfichaempleado?,MD,,gxPopupLevel%3D0%3B HTTP/1.1" 200 9437
186.103.159.182 - - [17/May/2018:12:11:26 -0300] "POST /cormun/servlet/prfichaempleado?de21a202a9be2cdda0d071f1556063bd,,MD,,gxPopupLevel%3D0%3B,gx-no-cache=1526569825843 HTTP/1.1" 200 3483
186.103.159.182 - - [17/May/2018:12:11:32 -0300] "POST /cormun/servlet/solicitudot?gx-no-cache=1526569831745 HTTP/1.1" 200 3400
186.103.159.182 - - [17/May/2018:12:11:33 -0300] "POST /cormun/servlet/solicitudot?de21a202a9be2cdda0d071f1556063bd,INS,0,0,,gx-no-cache=1526569832381 HTTP/1.1" 200 10638
186.103.159.182 - - [17/May/2018:12:11:33 -0300] "GET /cormun/servlet/solicitudot?917a062b26b49a431854b97c37401d72218bdeed20753da2b89014ddb3994b1ebca56007515f2b76e1fb08496d9e6d53,gx-no-cache=1526569832950 HTTP/1.1" 200 30
186.103.159.182 - - [17/May/2018:12:11:45 -0300] "GET /cormun/servlet/solicitudot?917a062b26b49a431854b97c37401d7204b5c4b67f820c937c4f2b9161fedc5dcfbf00777a9399feb18d53fd0c55ead7772c04fc9abcfc912ecfbc116997d4f9,gx-no-cache=1526569844983 HTTP/1.1" 200 30
186.103.159.182 - - [17/May/2018:12:11:45 -0300] "GET /cormun/servlet/solicitudot?917a062b26b49a431854b97c37401d72dd25fca6197f877e74119951ff7df496,gx-no-cache=1526569845070 HTTP/1.1" 200 51
186.103.159.182 - - [17/May/2018:12:11:45 -0300] "POST /cormun/servlet/solicitudot?gx-no-cache=1526569845146 HTTP/1.1" 200 255
186.103.159.182 - - [17/May/2018:12:11:45 -0300] "GET /cormun/servlet/solicitudot?917a062b26b49a431854b97c37401d72ec6379980f4e60e979f7bb50f3cfc480e6b1550aa23ba0b31c3e8439b1298ba0d0d2696071511194fd535d1e9ac5ff5c35c4870c924de4907326ea64e79190c3fa9b7ddcd6c2e0204a9b6362061f85539f0f1eb89f11b1be15569ae9c765b162abf5226f0f2a9ecfc9a17a2db4329ada0769fb1bb0a28ed9e1d74563932036496ac626ca43e5d9ba36f26e68607f31ec34a2304dceff71750542e7838acd3227a8943bd9550314edb9223b0e27f61c9b9ef61fd187f0c476193e974a1db6b1bc352e576ed45aad1b2a00577c0c58ae27cdf296bf057621966084fa5f152b023c7f625b229cb165d37bf3e2977d52e47dba3f7dbb208dd0b690edc251a08dd825a18e9bb1a082a7d596f5eec74538c4600fe2ca831df2bc5c17b1d850821eb61cc9f3e7d348a1d8a3892efea558f5034fe00774fc33974688734218164aa03b08a3338cc6c7a388d149b3c161ab22a9fd96ea17134c9269d053d0f6b2500330a66e0630e586f43a28dce88b1050a47e5e,gx-no-cache=1526569845237 HTTP/1.1" 200 30
186.103.159.46 - - [17/May/2018:12:11:48 -0300] "GET /cormun/servlet/trautorizarpermisogoce? HTTP/1.1" 200 5992
186.103.159.46 - - [17/May/2018:12:11:50 -0300] "GET /cormun/servlet/trautorizarpermisogoce? HTTP/1.1" 200 6002
186.103.159.46 - - [17/May/2018:12:11:50 -0300] "GET /cormun/servlet/hlogin HTTP/1.1" 200 1735
186.103.159.182 - - [17/May/2018:12:12:18 -0300] "POST /cormun/servlet/solicitudot?gx-no-cache=1526569878454 HTTP/1.1" 200 30
186.103.159.182 - - [17/May/2018:12:12:26 -0300] "POST /cormun/servlet/solicitudot?gx-no-cache=1526569886070 HTTP/1.1" 200 30
186.103.159.46 - - [17/May/2018:12:13:28 -0300] "POST /cormun/servlet/hlogin?ca67c394112230962712b530107c7329,gx-no-cache=1526569947286 HTTP/1.1" 200 90
186.103.159.46 - - [17/May/2018:12:13:28 -0300] "GET /cormun/servlet/hpexe_link HTTP/1.1" 200 956
186.103.159.46 - - [17/May/2018:12:13:28 -0300] "GET /cormun/servlet/trautorizarpermisogoce HTTP/1.1" 200 6763
186.103.159.46 - - [17/May/2018:12:13:29 -0300] "GET /cormun/servlet/trautorizarpermisogoce HTTP/1.1" 200 6761
186.103.159.46 - - [17/May/2018:12:13:33 -0300] "GET /cormun/servlet/trlicencias? HTTP/1.1" 200 11043
186.103.159.46 - - [17/May/2018:12:13:33 -0300] "GET /cormun/static/gxcfg.js?20176272054169 HTTP/1.1" 304 -
186.103.159.46 - - [17/May/2018:12:13:34 -0300] "GET /cormun/servlet/trlicencias? HTTP/1.1" 200 10971
190.46.88.10 - - [17/May/2018:12:13:49 -0300] "GET /cormun/servlet/hlogin HTTP/1.1" 200 1715
190.46.88.10 - - [17/May/2018:12:13:50 -0300] "GET /cormun/servlet/hlogin HTTP/1.1" 200 1725
190.151.100.218 - - [17/May/2018:12:14:05 -0300] "GET /cormun/servlet/hlogin HTTP/1.1" 200 1722
200.111.122.170 - - [17/May/2018:12:14:05 -0300] "GET /cormun/static/gxcfg.js?20175251213516 HTTP/1.1" 304 -
190.151.100.218 - - [17/May/2018:12:14:05 -0300] "GET /cormun/static/gxtimezone.js?85251 HTTP/1.1" 304 -
190.151.100.218 - - [17/May/2018:12:14:06 -0300] "GET /cormun/servlet/hlogin HTTP/1.1" 200 1725
190.46.88.10 - - [17/May/2018:12:14:07 -0300] "POST /cormun/servlet/hlogin?c629d43e6ddb01ddab13477fe005000f,gx-no-cache=1526569988719 HTTP/1.1" 200 90
190.46.88.10 - - [17/May/2018:12:14:07 -0300] "GET /cormun/servlet/hpexe_link HTTP/1.1" 200 946
190.46.88.10 - - [17/May/2018:12:14:07 -0300] "GET /cormun/servlet/hhome HTTP/1.1" 200 4227
190.46.88.10 - - [17/May/2018:12:14:09 -0300] "GET /cormun/servlet/hhome HTTP/1.1" 200 4223
190.46.88.10 - - [17/May/2018:12:14:13 -0300] "GET /cormun/servlet/trrenuncias? HTTP/1.1" 200 7112
190.46.88.10 - - [17/May/2018:12:14:13 -0300] "GET /cormun/static/gxcfg.js?20175251282642 HTTP/1.1" 200 953
190.46.88.10 - - [17/May/2018:12:14:13 -0300] "GET /cormun/static/trrenuncias.js?20175251283179 HTTP/1.1" 200 31174
190.46.88.10 - - [17/May/2018:12:14:14 -0300] "GET /cormun/servlet/trrenuncias? HTTP/1.1" 200 7111
190.46.88.10 - - [17/May/2018:12:14:16 -0300] "GET /cormun/servlet/renuncias?INS,0, HTTP/1.1" 200 6362
186.79.142.35 - - [17/May/2018:12:14:16 -0300] "GET /cormun/static/gxcfg.js?2017426922787 HTTP/1.1" 200 953
190.46.88.10 - - [17/May/2018:12:14:16 -0300] "GET /cormun/static/Resources/Spanish/PXTools.css?11294912 HTTP/1.1" 200 89042
186.79.142.35 - - [17/May/2018:12:14:16 -0300] "GET /cormun/static/renuncias.js?201742692287 HTTP/1.1" 200 14762
186.79.142.35 - - [17/May/2018:12:14:18 -0300] "GET /cormun/servlet/renuncias?INS,0, HTTP/1.1" 200 6363
186.67.203.186 - - [17/May/2018:12:14:21 -0300] "POST /cormun/servlet/hlogin?8eafe5c6c0cd778fb62a4ceba5b30b2e,gx-no-cache=1526570001069 HTTP/1.1" 200 90
186.67.203.186 - - [17/May/2018:12:14:21 -0300] "GET /cormun/servlet/hpexe_link HTTP/1.1" 200 948
186.67.203.186 - - [17/May/2018:12:14:21 -0300] "GET /cormun/static/gxcfg.js?20177612121792 HTTP/1.1" 304 -
186.67.203.186 - - [17/May/2018:12:14:21 -0300] "GET /cormun/servlet/hhome HTTP/1.1" 200 4122
186.67.203.186 - - [17/May/2018:12:14:21 -0300] "GET /cormun/static/gxcfg.js?20175251212442 HTTP/1.1" 304 -
186.103.161.206 - - [17/May/2018:12:14:22 -0300] "GET /cormun/servlet/hhome HTTP/1.1" 200 4118
190.46.88.10 - - [17/May/2018:12:14:24 -0300] "GET /cormun/servlet/renuncias?229df3beee5cb4d1ad1fa62194f5c90c6f571f6c07df96cf1db381c3db2b436d454429675f94c0d8fa8a22c2a16f897e,gx-no-cache=1526570005853 HTTP/1.1" 200 33
186.103.161.206 - - [17/May/2018:12:14:24 -0300] "GET /cormun/servlet/trsolicitudot? HTTP/1.1" 200 8722
186.103.161.206 - - [17/May/2018:12:14:24 -0300] "GET /cormun/static/gxcfg.js?2017111422585916 HTTP/1.1" 304 -
186.67.203.186 - - [17/May/2018:12:14:24 -0300] "GET /cormun/static/calendar.js?85251 HTTP/1.1" 304 -
186.103.161.206 - - [17/May/2018:12:14:24 -0300] "GET /cormun/static/calendar-setup.js?85251 HTTP/1.1" 304 -
186.67.203.186 - - [17/May/2018:12:14:24 -0300] "GET /cormun/static/calendar-es.js?85251 HTTP/1.1" 304 -
186.103.161.206 - - [17/May/2018:12:14:24 -0300] "GET /cormun/static/gxdec.js?85251 HTTP/1.1" 304 -
186.103.161.206 - - [17/May/2018:12:14:25 -0300] "GET /cormun/servlet/trsolicitudot? HTTP/1.1" 200 8720
200.54.18.251 - - [17/May/2018:12:14:32 -0300] "GET /cormun/servlet/solicitudot?INS,0,0, HTTP/1.1" 200 13573
200.54.18.251 - - [17/May/2018:12:14:32 -0300] "GET /cormun/static/gxcfg.js?201812313224582 HTTP/1.1" 200 953
200.54.18.251 - - [17/May/2018:12:14:32 -0300] "GET /cormun/static/Resources/prompt.gif HTTP/1.1" 200 902
200.54.18.251 - - [17/May/2018:12:14:32 -0300] "GET /cormun/static/solicitudot.js?201812313224831 HTTP/1.1" 200 72336
200.54.18.251 - - [17/May/2018:12:14:33 -0300] "GET /cormun/servlet/solicitudot?INS,0,0, HTTP/1.1" 200 13578
200.111.191.210 - - [17/May/2018:12:14:38 -0300] "GET /cormun/servlet/trsolicitudot? HTTP/1.1" 200 7166
190.46.88.10 - - [17/May/2018:12:14:38 -0300] "GET /cormun/servlet/renuncias?229df3beee5cb4d1ad1fa62194f5c90c60841e5b7c6733d91fc1674df3f7950fdbb0434f17fab8ac757307b323d119d7,gx-no-cache=1526570020125 HTTP/1.1" 200 70
200.111.191.210 - - [17/May/2018:12:14:38 -0300] "GET /cormun/servlet/trsolicitudot? HTTP/1.1" 200 7165
200.111.191.210 - - [17/May/2018:12:14:38 -0300] "GET /cormun/servlet/trsolicitudot? HTTP/1.1" 200 7165
200.111.191.210 - - [17/May/2018:12:14:39 -0300] "GET /cormun/servlet/trsolicitudot? HTTP/1.1" 200 7165
190.46.88.10 - - [17/May/2018:12:14:42 -0300] "GET /cormun/servlet/trcontratounov2? HTTP/1.1" 200 17574
200.111.191.210 - - [17/May/2018:12:14:42 -0300] "GET /cormun/servlet/solicitudot?INS,0,0, HTTP/1.1" 200 13396
200.111.191.210 - - [17/May/2018:12:14:42 -0300] "GET /cormun/servlet/solicitudot?INS,0,0, HTTP/1.1" 200 13401
190.46.88.10 - - [17/May/2018:12:14:44 -0300] "GET /cormun/servlet/trcontratounov2? HTTP/1.1" 200 17549
200.111.191.210 - - [17/May/2018:12:14:52 -0300] "POST /cormun/servlet/solicitudot?gx-no-cache=1526570076745 HTTP/1.1" 200 3397
200.111.191.210 - - [17/May/2018:12:14:52 -0300] "POST /cormun/servlet/solicitudot?7a1164f45d3010cb7b6601dd0c6d6f17,INS,0,0,,gx-no-cache=1526570077269 HTTP/1.1" 200 10361
200.111.191.210 - - [17/May/2018:12:14:58 -0300] "GET /cormun/servlet/solicitudot?9c113c4a65c1d4fe711eabec7f3804de112ea716c846bd5e90e8968219ca92763b6e79038259a731047ffa485632c1be,gx-no-cache=1526570083125 HTTP/1.1" 200 30
200.111.191.210 - - [17/May/2018:12:14:58 -0300] "GET /cormun/servlet/solicitudot?9c113c4a65c1d4fe711eabec7f3804de8eb8a6dd123919f4e3c5d75d124ea4ee0e2788b6806b970ac2e4303aa42eae228f43d37dcdba98252e9dd9fc38c8b987,gx-no-cache=1526570083198 HTTP/1.1" 200 30
200.111.191.210 - - [17/May/2018:12:14:58 -0300] "GET /cormun/servlet/solicitudot?9c113c4a65c1d4fe711eabec7f3804de05f4013879cc1678e5e5fa22f7c07532,gx-no-cache=1526570083278 HTTP/1.1" 200 51
200.111.191.210 - - [17/May/2018:12:14:58 -0300] "POST /cormun/servlet/solicitudot?gx-no-cache=1526570083368 HTTP/1.1" 200 255
200.111.191.210 - - [17/May/2018:12:14:59 -0300] "GET /cormun/servlet/solicitudot?9c113c4a65c1d4fe711eabec7f3804de727f8e3162dd492f54ec0b25b7a3f6df6a24256704ff787a082620275237fd2a5ee59de6f574890c3dd36b54628ca178a98419714d43d8a4f582956b9a5daa1fd283bf04bf510db17d940a1c60bbcd650ab59843cf6810238cf7c533f8815a9e39ff86edade720dc68a00823ede7f21f95dbacec2d758b184b7d08a74050f2b9472ab522ea78c2f6d7bdc4650d4c04c046b92192d62422f7e7eeeddcbbed94f209982f78dd60fe3897a0e5ceaa406f5e923e31ae9061a779f47fa8e51cebf58ece2ecbbd0df4bd335cac95f4d4cc81428c5f12e27385d4eb1d1f420e9ff8fbe82e976bf9b25fca2570ce41b19a435e57e443cc37bf53f796d9d0094e2a4eb8ce449b7292969ad48c3301eafcb42d3a03f6a365ecb979a17c191262f31be5d295b4b3bdfe6395f246eab43f4f6d18a0e953e0813e06d3ae14e3db487fe627dd916361a129b4f6c79a8cf048c631096d3db821cc63ab5452e5c26ab5429eb50d88f78a51dcf0a92c76ebbd275e2dc80248,gx-no-cache=1526570083714 HTTP/1.1" 200 30
200.111.191.210 - - [17/May/2018:12:15:03 -0300] "POST /cormun/servlet/solicitudot?gx-no-cache=1526570087827 HTTP/1.1" 200 30
186.79.142.35 - - [17/May/2018:12:15:03 -0300] "POST /cormun/servlet/trcontratounov2?c629d43e6ddb01ddab13477fe005000f,,gx-no-cache=1526570043172 HTTP/1.1" 200 15974
186.103.159.182 - - [17/May/2018:12:15:04 -0300] "POST /cormun/servlet/solicitudot?gx-no-cache=1526570044232 HTTP/1.1" 200 30
186.103.161.206 - - [17/May/2018:12:15:05 -0300] "POST /cormun/servlet/solicitudot?gx-no-cache=1526570045180 HTTP/1.1" 200 3400
186.103.161.206 - - [17/May/2018:12:15:05 -0300] "POST /cormun/servlet/solicitudot?8eafe5c6c0cd778fb62a4ceba5b30b2e,INS,0,0,,gx-no-cache=1526570045470 HTTP/1.1" 200 10566
186.103.161.206 - - [17/May/2018:12:15:08 -0300] "GET /cormun/servlet/solicitudot?0163ba6e6b59f51e10e21c1a9a7ed33d39c4a9a593836d70ae37145a0b026978a0c5a4fb594cd5d170767622b0cadccb,gx-no-cache=1526570048784 HTTP/1.1" 200 30
186.103.161.206 - - [17/May/2018:12:15:08 -0300] "GET /cormun/servlet/solicitudot?0163ba6e6b59f51e10e21c1a9a7ed33d1f2568a32c79fcb0f9b8f8ed66107d6745850ea7015753e8b3a451047738ac05a3043b1718ab188d7b385673bc816f6e,gx-no-cache=1526570048871 HTTP/1.1" 200 30
186.103.161.206 - - [17/May/2018:12:15:08 -0300] "GET /cormun/servlet/solicitudot?0163ba6e6b59f51e10e21c1a9a7ed33d797ff39874509265c9bbffce053d296a,gx-no-cache=1526570048970 HTTP/1.1" 200 51
186.103.161.206 - - [17/May/2018:12:15:09 -0300] "POST /cormun/servlet/solicitudot?gx-no-cache=1526570049062 HTTP/1.1" 200 255
186.103.161.206 - - [17/May/2018:12:15:09 -0300] "GET /cormun/servlet/solicitudot?0163ba6e6b59f51e10e21c1a9a7ed33dc1cf291df35c4bc47adabeae53880605b717121434998b683f9c2eced07f2eeeaf6abd837eaef15665f7c093691aa2a647bfafa428bfbec142127cbca0a4374cb637133687ae85a4f258bb18772ddcb988ef0e1366bcef131268da664c61a156fa736f016ccf3ce31488e99e45b85d314c3a977575a52cb66b0db93245de99eef3cb272b38e05c190c89f237b94ea44385501c768f2678a9168667a384cb638aa7cef2a2ae7989c517ca8d7701cf2489a4c50b722aaca898e0adcfe1bbc0696f2ac1b2d7146b05f4f9a51cd7706b9d8d2a61109609df4d3e0df258d3c5017f12d6aabc11a890184c3fdc2c2bbb93da1acfe8edef3695bf167fbc2eee846b8725af0aa5645454cded9f08d52f9b68ed7f70124c0b20a63f3f64c158bde844f8db17c3628fa511a9af4fad820a3f63a0e1051894e2dca22347350a18a2aa8bebe45cd3b7804a97e1085d1b1f34eb3a10166f83340998ae0f3c58b53dc67104026edf6473e38c71ffb4ea89afed3e4e4cca,gx-no-cache=1526570049184 HTTP/1.1" 200 30
200.111.191.210 - - [17/May/2018:12:15:18 -0300] "POST /cormun/servlet/solicitudot?gx-no-cache=1526570103396 HTTP/1.1" 200 1369
200.111.191.210 - - [17/May/2018:12:15:18 -0300] "POST /cormun/servlet/solicitudot?gx-no-cache=1526570103501 HTTP/1.1" 200 38
186.103.159.182 - - [17/May/2018:12:15:25 -0300] "POST /cormun/servlet/solicitudot?gx-no-cache=1526570064277 HTTP/1.1" 200 30
186.79.142.35 - - [17/May/2018:12:15:25 -0300] "GET /cormun/servlet/trrenuncias? HTTP/1.1" 200 7112
200.72.197.82 - - [17/May/2018:12:15:25 -0300] "POST /cormun/servlet/solicitudot?gx-no-cache=1526570065610 HTTP/1.1" 200 30
186.79.142.35 - - [17/May/2018:12:15:27 -0300] "GET /cormun/servlet/trrenuncias? HTTP/1.1" 200 7111
200.72.197.82 - - [17/May/2018:12:15:27 -0300] "GET /cormun/static/Resources/resize.gif HTTP/1.1" 200 77
200.111.191.210 - - [17/May/2018:12:15:27 -0300] "GET /cormun/servlet/solicitudot?9c113c4a65c1d4fe711eabec7f3804dee1189ae359047082225d0c75d988145fb99d58d3d114028c552253f062e8b2f29fbb40414c8073e3ad69d5f27c61151c3e6314c481d61e178b22f4879fa4ed34d533b50f229889adf383a998a3b666068f4e5d9d21d66e1e4c1231b7e5a87f8f87298a0c6ba37101d13847e6827a20f6a5957f6031c5ee0ed793a691f94da2b5fe2207b63bcfd3fcdc8a63893177a950,gx-no-cache=1526570112532 HTTP/1.1" 200 29
200.72.197.82 - - [17/May/2018:12:15:27 -0300] "GET /cormun/servlet/prcontratosol?18374358,,,,,MD,,gxPopupLevel%3D0%3B HTTP/1.1" 200 7773
200.111.191.210 - - [17/May/2018:12:15:27 -0300] "POST /cormun/servlet/solicitudot?gx-no-cache=1526570112618 HTTP/1.1" 200 1351
200.72.197.82 - - [17/May/2018:12:15:28 -0300] "GET /cormun/static/gxui/gxui-all.css?110300 HTTP/1.1" 200 2179
190.151.100.218 - - [17/May/2018:12:15:28 -0300] "GET /cormun/static/calendar-system.css?75620 HTTP/1.1" 200 5572
200.111.191.210 - - [17/May/2018:12:15:28 -0300] "POST /cormun/servlet/solicitudot?gx-no-cache=1526570112708 HTTP/1.1" 200 1249
200.72.197.82 - - [17/May/2018:12:15:28 -0300] "GET /cormun/static/Resources/PXToolsMenuSearch.png HTTP/1.1" 200 2914
186.103.161.206 - - [17/May/2018:12:15:28 -0300] "GET /cormun/static/gxcfg.js?201761413223964 HTTP/1.1" 200 953
186.103.132.155 - - [17/May/2018:12:15:28 -0300] "GET /cormun/static/Resources/PXToolsMenuSearchCancel.png HTTP/1.1" 200 2972
190.151.100.218 - - [17/May/2018:12:15:28 -0300] "GET /cormun/static/prcontratosol.js?201761413224174 HTTP/1.1" 200 15806
186.103.161.206 - - [17/May/2018:12:15:28 -0300] "GET /cormun/static/menusearch.js?201610171694467 HTTP/1.1" 200 1424
186.103.132.155 - - [17/May/2018:12:15:28 -0300] "GET /cormun/static/hmpwkw011.js?20177612121862 HTTP/1.1" 200 1968
186.103.132.155 - - [17/May/2018:12:15:29 -0300] "GET /cormun/static/Shared/ext/resources/css/ext-all.css?205870 HTTP/1.1" 200 416045
186.79.142.35 - - [17/May/2018:12:15:29 -0300] "GET /cormun/servlet/renuncias?INS,0, HTTP/1.1" 200 6362
186.79.142.35 - - [17/May/2018:12:15:30 -0300] "GET /cormun/servlet/renuncias?INS,0, HTTP/1.1" 200 6363
200.111.191.210 - - [17/May/2018:12:15:32 -0300] "GET /cormun/servlet/solicitudot?9c113c4a65c1d4fe711eabec7f3804de909b7a4a738bc19053efe551acd07c617074a9a8c3525daeda593802811db481,gx-no-cache=1526570117462 HTTP/1.1" 200 30
186.79.142.35 - - [17/May/2018:12:15:33 -0300] "GET /cormun/servlet/renuncias?229df3beee5cb4d1ad1fa62194f5c90c6f571f6c07df96cf1db381c3db2b436d454429675f94c0d8fa8a22c2a16f897e,gx-no-cache=1526570075003 HTTP/1.1" 200 33
200.111.122.170 - - [17/May/2018:12:15:34 -0300] "POST /cormun/servlet/solicitudot?gx-no-cache=1526570074355 HTTP/1.1" 200 1369
200.111.122.170 - - [17/May/2018:12:15:34 -0300] "POST /cormun/servlet/solicitudot?gx-no-cache=1526570074571 HTTP/1.1" 200 38
200.111.122.170 - - [17/May/2018:12:15:34 -0300] "GET /cormun/servlet/solicitudot?0163ba6e6b59f51e10e21c1a9a7ed33d0fd9126c6f880f8875acd4bc08f9e6c617da7c00c27ad3b6afbb85fe42ba7aa93a5ad52b64fe4e86d9557b0fdd4da1963683209d1ff3550048d42aee1339d65bd2afd31aeb70a91aa1c196c32b8ad92d8cbcec6c1279596f1221c7252ad54f4a75332ee323ef63864188320221dcfbffa8e27c3422946f2a20838302756c7c8facf63ae01aa7da33cbc0f97840ed1e69,gx-no-cache=1526570074762 HTTP/1.1" 200 29
200.111.122.170 - - [17/May/2018:12:15:34 -0300] "POST /cormun/servlet/solicitudot?gx-no-cache=1526570074861 HTTP/1.1" 200 1351
200.111.122.170 - - [17/May/2018:12:15:35 -0300] "POST /cormun/servlet/solicitudot?gx-no-cache=1526570075049 HTTP/1.1" 200 1249
200.111.122.170 - - [17/May/2018:12:15:35 -0300] "GET /cormun/servlet/solicitudot?0163ba6e6b59f51e10e21c1a9a7ed33dee8c03b334bf3394589a9d0b1be270712be5a479a8d0afc66e1ae64b66b9eeb3,gx-no-cache=1526570075226 HTTP/1.1" 200 134
200.111.122.170 - - [17/May/2018:12:15:35 -0300] "GET /cormun/static/Shared/jqueryui/images/ui-bg_highlight-soft_100_c6c2c8_1x100.png HTTP/1.1" 404 1117
200.72.197.82 - - [17/May/2018:12:15:35 -0300] "GET /cormun/static/Shared/jqueryui/images/ui-icons_82798d_256x240.png HTTP/1.1" 404 1089
186.103.132.155 - - [17/May/2018:12:15:35 -0300] "GET /cormun/static/Shared/jqueryui/images/ui-icons_ebccce_256x240.png HTTP/1.1" 404 1089
190.151.100.218 - - [17/May/2018:12:15:35 -0300] "GET /cormun/static/Shared/jqueryui/images/ui-bg_flat_55_994d53_40x100.png HTTP/1.1" 404 1097
186.103.159.182 - - [17/May/2018:12:15:35 -0300] "POST /cormun/servlet/solicitudot?gx-no-cache=1526570075486 HTTP/1.1" 200 30
200.111.191.210 - - [17/May/2018:12:15:37 -0300] "POST /cormun/servlet/solicitudot?gx-no-cache=1526570122532 HTTP/1.1" 200 30
186.103.159.182 - - [17/May/2018:12:15:44 -0300] "POST /cormun/servlet/solicitudot?gx-no-cache=1526570083917 HTTP/1.1" 200 30
186.79.142.35 - - [17/May/2018:12:15:46 -0300] "GET /cormun/servlet/renuncias?229df3beee5cb4d1ad1fa62194f5c90c60841e5b7c6733d91fc1674df3f7950fdbb0434f17fab8ac757307b323d119d7,gx-no-cache=1526570087912 HTTP/1.1" 200 70
186.103.159.182 - - [17/May/2018:12:15:47 -0300] "POST /cormun/servlet/solicitudot?gx-no-cache=1526570087070 HTTP/1.1" 200 30
186.79.142.35 - - [17/May/2018:12:15:52 -0300] "GET /cormun/servlet/prcontrato?17138757,,,MD,,gxPopupLevel%3D0%3B HTTP/1.1" 200 6199
186.79.142.35 - - [17/May/2018:12:15:52 -0300] "GET /cormun/static/gxcfg.js?20175251232326 HTTP/1.1" 200 953
190.46.88.10 - - [17/May/2018:12:15:52 -0300] "GET /cormun/static/prcontrato.js?20175251232552 HTTP/1.1" 200 13820
190.151.100.218 - - [17/May/2018:12:15:53 -0300] "POST /cormun/servlet/solicitudot?gx-no-cache=1526570093501 HTTP/1.1" 200 1350
190.151.100.218 - - [17/May/2018:12:15:54 -0300] "POST /cormun/servlet/solicitudot?gx-no-cache=1526570093988 HTTP/1.1" 200 1249
190.151.100.218 - - [17/May/2018:12:15:54 -0300] "GET /cormun/static/menuarrow.gif HTTP/1.1" 404 1015
190.151.100.218 - - [17/May/2018:12:15:55 -0300] "POST /cormun/servlet/solicitudot?gx-no-cache=1526570095181 HTTP/1.1" 200 1350
190.151.100.218 - - [17/May/2018:12:15:55 -0300] "POST /cormun/servlet/solicitudot?gx-no-cache=1526570095306 HTTP/1.1" 200 1249
190.151.100.218 - - [17/May/2018:12:16:00 -0300] "GET /cormun/servlet/solicitudot?0163ba6e6b59f51e10e21c1a9a7ed33d17ff7811ecbda2d3f137260c5a84eb6b2be5a479a8d0afc66e1ae64b66b9eeb3,gx-no-cache=1526570100282 HTTP/1.1" 200 30
186.103.132.155 - - [17/May/2018:12:16:12 -0300] "GET /cormun/servlet/prcontratosol?18374358,,,,,MD,,gxPopupLevel%3D0%3B HTTP/1.1" 200 7773
186.103.159.182 - - [17/May/2018:12:16:18 -0300] "POST /cormun/servlet/solicitudot?gx-no-cache=1526570117834 HTTP/1.1" 200 30
186.103.159.182 - - [17/May/2018:12:16:18 -0300] "POST /cormun/servlet/solicitudot?gx-no-cache=1526570117937 HTTP/1.1" 200 1369
186.103.159.182 - - [17/May/2018:12:16:18 -0300] "POST /cormun/servlet/solicitudot?gx-no-cache=1526570118033 HTTP/1.1" 200 38
186.103.132.155 - - [17/May/2018:12:16:20 -0300] "POST /cormun/servlet/solicitudot?gx-no-cache=1526570120385 HTTP/1.1" 200 33
186.103.159.182 - - [17/May/2018:12:16:23 -0300] "POST /cormun/servlet/solicitudot?gx-no-cache=1526570123574 HTTP/1.1" 200 30
186.103.159.182 - - [17/May/2018:12:16:25 -0300] "POST /cormun/servlet/solicitudot?gx-no-cache=1526570125357 HTTP/1.1" 200 30
200.72.197.82 - - [17/May/2018:12:16:28 -0300] "POST /cormun/servlet/solicitudot?8eafe5c6c0cd778fb62a4ceba5b30b2e,INS,0,0,,gx-no-cache=1526570128055 HTTP/1.1" 200 93
200.72.197.82 - - [17/May/2018:12:16:28 -0300] "GET /cormun/servlet/hpexe_return? HTTP/1.1" 200 1003
186.103.132.155 - - [17/May/2018:12:16:28 -0300] "GET /cormun/static/gxcfg.js?2016101716175148 HTTP/1.1" 200 953
200.72.197.82 - - [17/May/2018:12:16:28 -0300] "GET /cormun/static/Resources/Spanish/PXTools.css?167811 HTTP/1.1" 200 89042
200.72.197.82 - - [17/May/2018:12:16:29 -0300] "GET /cormun/servlet/trsolicitudot HTTP/1.1" 200 9248
200.72.197.82 - - [17/May/2018:12:16:29 -0300] "GET /cormun/servlet/trsolicitudot HTTP/1.1" 200 9244
200.54.18.251 - - [17/May/2018:12:16:33 -0300] "GET /cormun/servlet/solicitudot?INS,0,0, HTTP/1.1" 200 13573
200.54.18.251 - - [17/May/2018:12:16:34 -0300] "GET /cormun/servlet/solicitudot?INS,0,0, HTTP/1.1" 200 13578
186.79.142.35 - - [17/May/2018:12:16:36 -0300] "POST /cormun/servlet/renuncias?c629d43e6ddb01ddab13477fe005000f,INS,0,,gx-no-cache=1526570137053 HTTP/1.1" 200 93
186.79.142.35 - - [17/May/2018:12:16:36 -0300] "GET /cormun/servlet/hpexe_return? HTTP/1.1" 200 1001
186.79.142.35 - - [17/May/2018:12:16:36 -0300] "GET /cormun/servlet/trrenuncias HTTP/1.1" 200 7881
186.79.142.35 - - [17/May/2018:12:16:42 -0300] "GET /cormun/servlet/trrenuncias HTTP/1.1" 200 7878
186.79.142.35 - - [17/May/2018:12:16:47 -0300] "GET /cormun/servlet/renuncias?UPD,154, HTTP/1.1" 200 6455
186.79.142.35 - - [17/May/2018:12:16:49 -0300] "GET /cormun/servlet/renuncias?UPD,154, HTTP/1.1" 200 6456
190.46.88.10 - - [17/May/2018:12:16:52 -0300] "GET /cormun/static/menuarrow.gif HTTP/1.1" 404 1015
200.111.191.210 - - [17/May/2018:12:16:54 -0300] "POST /cormun/servlet/solicitudot?7a1164f45d3010cb7b6601dd0c6d6f17,INS,0,0,,gx-no-cache=1526570198864 HTTP/1.1" 200 93
200.111.191.210 - - [17/May/2018:12:16:54 -0300] "GET /cormun/servlet/hpexe_return? HTTP/1.1" 200 1004
200.111.191.210 - - [17/May/2018:12:16:54 -0300] "GET /cormun/servlet/trsolicitudot HTTP/1.1" 200 8571
200.111.191.210 - - [17/May/2018:12:16:55 -0300] "GET /cormun/servlet/trsolicitudot HTTP/1.1" 200 8567
190.46.88.10 - - [17/May/2018:12:16:55 -0300] "GET /cormun/servlet/renuncias?229df3beee5cb4d1ad1fa62194f5c90ca3b4115129e06d48cb1bf97fc4ddb420454429675f94c0d8fa8a22c2a16f897e,gx-no-cache=1526570157350 HTTP/1.1" 200 33
190.46.88.10 - - [17/May/2018:12:16:55 -0300] "GET /cormun/servlet/renuncias?229df3beee5cb4d1ad1fa62194f5c90c60841e5b7c6733d91fc1674df3f7950fcc222213b767591391d48f49aa30f29b690d7d9df94d596d9188ad0149a1b553,gx-no-cache=1526570157422 HTTP/1.1" 200 70
190.46.88.10 - - [17/May/2018:12:16:56 -0300] "POST /cormun/servlet/renuncias?c629d43e6ddb01ddab13477fe005000f,UPD,154,,gx-no-cache=1526570157578 HTTP/1.1" 200 93
190.46.88.10 - - [17/May/2018:12:16:56 -0300] "GET /cormun/servlet/hpexe_return? HTTP/1.1" 200 1002
190.46.88.10 - - [17/May/2018:12:16:56 -0300] "GET /cormun/servlet/trrenuncias HTTP/1.1" 200 7883
190.46.88.10 - - [17/May/2018:12:16:57 -0300] "GET /cormun/servlet/trrenuncias HTTP/1.1" 200 7879
186.103.159.186 - - [17/May/2018:12:17:04 -0300] "POST /cormun/servlet/trlicencias?bbaabc8beadb392a0a7537affdf83a9c,gx-no-cache=1526570164573 HTTP/1.1" 200 6483
186.103.159.186 - - [17/May/2018:12:17:04 -0300] "GET /cormun/static/Shared/jqueryui/images/ui-bg_highlight-soft_100_c6c2c8_1x100.png HTTP/1.1" 404 1117
186.103.159.186 - - [17/May/2018:12:17:04 -0300] "GET /cormun/static/Shared/jqueryui/images/ui-icons_82798d_256x240.png HTTP/1.1" 404 1089
186.103.159.186 - - [17/May/2018:12:17:04 -0300] "GET /cormun/static/Shared/jqueryui/images/ui-bg_flat_55_fafafa_40x100.png HTTP/1.1" 404 1097
186.103.159.186 - - [17/May/2018:12:17:04 -0300] "GET /cormun/static/Shared/jqueryui/images/ui-icons_8d78a5_256x240.png HTTP/1.1" 404 1089
190.46.88.10 - - [17/May/2018:12:17:07 -0300] "GET /cormun/servlet/trrenunciasadjuntos?154,17138757, HTTP/1.1" 200 6225
186.103.159.186 - - [17/May/2018:12:17:07 -0300] "GET /cormun/servlet/trlicenciaspermisosadjuntos?7232365,20180517000000,L, HTTP/1.1" 200 6304
190.46.88.10 - - [17/May/2018:12:17:07 -0300] "GET /cormun/static/gxcfg.js?20177612185036 HTTP/1.1" 200 953
190.46.88.10 - - [17/May/2018:12:17:07 -0300] "GET /cormun/static/trrenunciasadjuntos.js?20177612185280 HTTP/1.1" 200 15250
186.103.159.186 - - [17/May/2018:12:17:07 -0300] "GET /cormun/static/gxcfg.js?20177612163414 HTTP/1.1" 200 953
186.103.159.186 - - [17/May/2018:12:17:07 -0300] "GET /cormun/static/trlicenciaspermisosadjuntos.js?20177612163719 HTTP/1.1" 200 21036
186.103.159.186 - - [17/May/2018:12:17:08 -0300] "GET /cormun/servlet/trlicenciaspermisosadjuntos?7232365,20180517000000,L, HTTP/1.1" 200 6305
190.46.88.10 - - [17/May/2018:12:17:09 -0300] "GET /cormun/servlet/trrenunciasadjuntos?154,17138757, HTTP/1.1" 200 6225
186.103.159.186 - - [17/May/2018:12:17:10 -0300] "GET /cormun/servlet/licenciaspermisosadjuntos?INS,7232365,L,20180517000000,, HTTP/1.1" 200 5600
190.46.88.10 - - [17/May/2018:12:17:10 -0300] "GET /cormun/servlet/renunciasadjuntos?INS,154,, HTTP/1.1" 200 5568
186.103.159.186 - - [17/May/2018:12:17:11 -0300] "GET /cormun/static/gxcfg.js?2017761263592 HTTP/1.1" 200 953
186.103.159.186 - - [17/May/2018:12:17:11 -0300] "GET /cormun/static/licenciaspermisosadjuntos.js?201776126362 HTTP/1.1" 200 8760
186.103.159.186 - - [17/May/2018:12:17:11 -0300] "GET /cormun/static/about:blank HTTP/1.1" 404 1011
186.79.142.35 - - [17/May/2018:12:17:11 -0300] "GET /cormun/static/gxcfg.js?2017761273622 HTTP/1.1" 200 953
190.46.88.10 - - [17/May/2018:12:17:11 -0300] "GET /cormun/static/renunciasadjuntos.js?2017761273629 HTTP/1.1" 200 5937
186.79.142.35 - - [17/May/2018:12:17:11 -0300] "GET /cormun/static/about:blank HTTP/1.1" 404 1011
186.103.159.186 - - [17/May/2018:12:17:11 -0300] "GET /cormun/servlet/licenciaspermisosadjuntos?INS,7232365,L,20180517000000,, HTTP/1.1" 200 5589
186.79.142.35 - - [17/May/2018:12:17:12 -0300] "GET /cormun/servlet/renunciasadjuntos?INS,154,, HTTP/1.1" 200 5553
186.79.142.35 - - [17/May/2018:12:17:23 -0300] "POST /cormun/servlet/renunciasadjuntos?c629d43e6ddb01ddab13477fe005000f,INS,154,, HTTP/1.1" 200 116
186.79.142.35 - - [17/May/2018:12:17:23 -0300] "GET /cormun/servlet/hpexe_return? HTTP/1.1" 200 1019
186.79.142.35 - - [17/May/2018:12:17:23 -0300] "GET /cormun/servlet/trrenunciasadjuntos?154,17138757, HTTP/1.1" 200 6645
186.79.142.35 - - [17/May/2018:12:17:24 -0300] "GET /cormun/servlet/trrenunciasadjuntos?154,17138757, HTTP/1.1" 200 6641
186.79.142.35 - - [17/May/2018:12:17:28 -0300] "POST /cormun/servlet/trrenunciasadjuntos?c629d43e6ddb01ddab13477fe005000f,154,17138757,,gx-no-cache=1526570190329 HTTP/1.1" 200 90
186.79.142.35 - - [17/May/2018:12:17:29 -0300] "GET /cormun/servlet/hpexe_link HTTP/1.1" 200 968
186.79.142.35 - - [17/May/2018:12:17:29 -0300] "GET /cormun/servlet/trrenuncias HTTP/1.1" 200 7881
186.79.142.35 - - [17/May/2018:12:17:30 -0300] "GET /cormun/servlet/trrenuncias HTTP/1.1" 200 7879
190.46.88.10 - - [17/May/2018:12:17:33 -0300] "GET /cormun/servlet/arenunciaprn?154,PU HTTP/1.1" 200 1583
186.103.159.186 - - [17/May/2018:12:17:45 -0300] "POST /cormun/servlet/licenciaspermisosadjuntos?bbaabc8beadb392a0a7537affdf83a9c,INS,7232365,L,20180517000000,, HTTP/1.1" 200 116
186.103.159.186 - - [17/May/2018:12:17:46 -0300] "GET /cormun/servlet/hpexe_return? HTTP/1.1" 200 1050
186.103.159.186 - - [17/May/2018:12:17:46 -0300] "GET /cormun/servlet/trlicenciaspermisosadjuntos?7232365,20180517000000,L, HTTP/1.1" 200 6794
186.103.159.186 - - [17/May/2018:12:17:47 -0300] "GET /cormun/servlet/trlicenciaspermisosadjuntos?7232365,20180517000000,L, HTTP/1.1" 200 6792
186.103.159.186 - - [17/May/2018:12:17:54 -0300] "POST /cormun/servlet/trlicenciaspermisosadjuntos?bbaabc8beadb392a0a7537affdf83a9c,7232365,20180517000000,L,,gx-no-cache=1526570215792 HTTP/1.1" 200 90
186.103.159.186 - - [17/May/2018:12:17:54 -0300] "GET /cormun/servlet/hpexe_link HTTP/1.1" 200 1012
186.103.159.186 - - [17/May/2018:12:17:55 -0300] "GET /cormun/servlet/trlicencias?gx-no-cache=1526570164573 HTTP/1.1" 200 9097
186.103.159.186 - - [17/May/2018:12:17:56 -0300] "GET /cormun/servlet/trlicencias?gx-no-cache=1526570164573 HTTP/1.1" 200 9113
186.79.142.35 - - [17/May/2018:12:17:58 -0300] "POST /cormun/servlet/trrenuncias?c629d43e6ddb01ddab13477fe005000f,gx-no-cache=1526570219546 HTTP/1.1" 200 5023
186.79.142.35 - - [17/May/2018:12:17:58 -0300] "GET /cormun/static/Shared/jqueryui/images/ui-bg_highlight-soft_100_c6c2c8_1x100.png HTTP/1.1" 404 1117
190.46.88.10 - - [17/May/2018:12:17:58 -0300] "GET /cormun/static/Shared/jqueryui/images/ui-icons_82798d_256x240.png HTTP/1.1" 404 1089
190.46.88.10 - - [17/May/2018:12:17:58 -0300] "GET /cormun/static/Shared/jqueryui/images/ui-bg_flat_55_fafafa_40x100.png HTTP/1.1" 404 1097
186.79.142.35 - - [17/May/2018:12:17:58 -0300] "GET /cormun/static/Shared/jqueryui/images/ui-icons_8d78a5_256x240.png HTTP/1.1" 404 1089
186.103.159.186 - - [17/May/2018:12:17:59 -0300] "POST /cormun/servlet/trlicencias?bbaabc8beadb392a0a7537affdf83a9c,gx-no-cache=1526570164573,gx-no-cache=1526570219855 HTTP/1.1" 200 6409
186.103.159.186 - - [17/May/2018:12:17:59 -0300] "GET /cormun/static/Shared/jqueryui/images/ui-bg_highlight-soft_100_c6c2c8_1x100.png HTTP/1.1" 404 1117
186.103.159.186 - - [17/May/2018:12:17:59 -0300] "GET /cormun/static/Shared/jqueryui/images/ui-icons_82798d_256x240.png HTTP/1.1" 404 1089
186.103.159.186 - - [17/May/2018:12:17:59 -0300] "GET /cormun/static/Shared/jqueryui/images/ui-bg_flat_55_fafafa_40x100.png HTTP/1.1" 404 1097
186.103.159.186 - - [17/May/2018:12:17:59 -0300] "GET /cormun/static/Shared/jqueryui/images/ui-icons_8d78a5_256x240.png HTTP/1.1" 404 1089
186.103.159.182 - - [17/May/2018:12:18:17 -0300] "POST /cormun/servlet/solicitudot?gx-no-cache=1526570237621 HTTP/1.1" 200 30
186.103.159.182 - - [17/May/2018:12:18:19 -0300] "POST /cormun/servlet/solicitudot?gx-no-cache=1526570239061 HTTP/1.1" 200 30
190.46.88.10 - - [17/May/2018:12:18:26 -0300] "GET /cormun/servlet/trautorizarenuncias? HTTP/1.1" 200 7621
190.46.88.10 - - [17/May/2018:12:18:27 -0300] "GET /cormun/static/gxcfg.js?2017761218543 HTTP/1.1" 200 953
190.46.88.10 - - [17/May/2018:12:18:27 -0300] "GET /cormun/static/trautorizarenuncias.js?20177612185765 HTTP/1.1" 200 29147
190.46.88.10 - - [17/May/2018:12:18:28 -0300] "GET /cormun/servlet/trautorizarenuncias? HTTP/1.1" 200 7621
190.46.88.10 - - [17/May/2018:12:18:33 -0300] "POST /cormun/servlet/trautorizarenuncias?c629d43e6ddb01ddab13477fe005000f,,gx-no-cache=1526570254993 HTTP/1.1" 200 90
190.46.88.10 - - [17/May/2018:12:18:33 -0300] "GET /cormun/servlet/hpexe_link HTTP/1.1" 200 978
190.46.88.10 - - [17/May/2018:12:18:33 -0300] "GET /cormun/servlet/trrenuncias?gx-no-cache=1526570219546 HTTP/1.1" 200 7860
190.46.88.10 - - [17/May/2018:12:18:35 -0300] "GET /cormun/servlet/trrenuncias?gx-no-cache=1526570219546 HTTP/1.1" 200 7880
186.103.159.182 - - [17/May/2018:12:18:35 -0300] "GET /cormun/servlet/trsolicitudot? HTTP/1.1" 200 7477
190.46.88.10 - - [17/May/2018:12:18:36 -0300] "GET /cormun/servlet/hlogin HTTP/1.1" 200 1753
186.103.159.182 - - [17/May/2018:12:18:36 -0300] "GET /cormun/servlet/trsolicitudot? HTTP/1.1" 200 7476
186.103.159.182 - - [17/May/2018:12:18:52 -0300] "POST /cormun/servlet/trsolicitudot?de21a202a9be2cdda0d071f1556063bd,,gx-no-cache=1526570271850 HTTP/1.1" 200 4479
186.103.159.182 - - [17/May/2018:12:18:54 -0300] "GET /cormun/static/menuarrow.gif HTTP/1.1" 404 1015
186.103.159.182 - - [17/May/2018:12:18:59 -0300] "POST /cormun/servlet/trsolicitudot?de21a202a9be2cdda0d071f1556063bd,,gx-no-cache=1526570278896 HTTP/1.1" 200 6520
186.103.159.46 - - [17/May/2018:12:19:01 -0300] "POST /cormun/servlet/trlicencias?ca67c394112230962712b530107c7329,,gx-no-cache=1526570279248 HTTP/1.1" 200 8458
186.67.172.234 - - [17/May/2018:12:19:04 -0300] "GET /cormun/servlet/licenciaspermisos?INS,0,,, HTTP/1.1" 200 6777
186.67.172.234 - - [17/May/2018:12:19:05 -0300] "GET /cormun/servlet/licenciaspermisos?INS,0,,, HTTP/1.1" 200 6775
186.67.172.234 - - [17/May/2018:12:19:05 -0300] "GET /cormun/servlet/hlogin HTTP/1.1" 200 1745
186.103.159.46 - - [17/May/2018:12:19:07 -0300] "POST /cormun/servlet/trlicencias?ca67c394112230962712b530107c7329,,gx-no-cache=1526570285862 HTTP/1.1" 200 8566
186.103.159.46 - - [17/May/2018:12:19:07 -0300] "GET /cormun/static/Shared/jqueryui/images/ui-icons_82798d_256x240.png HTTP/1.1" 404 1089
186.103.159.46 - - [17/May/2018:12:19:07 -0300] "GET /cormun/static/Shared/jqueryui/images/ui-bg_flat_55_fafafa_40x100.png HTTP/1.1" 404 1097
186.103.159.46 - - [17/May/2018:12:19:07 -0300] "GET /cormun/static/Shared/jqueryui/images/ui-icons_8d78a5_256x240.png HTTP/1.1" 404 1089
186.103.159.46 - - [17/May/2018:12:19:08 -0300] "GET /cormun/static/Shared/jqueryui/images/ui-bg_highlight-soft_100_c6c2c8_1x100.png HTTP/1.1" 404 1117
186.103.159.46 - - [17/May/2018:12:19:17 -0300] "POST /cormun/servlet/trlicencias?ca67c394112230962712b530107c7329,,gx-no-cache=1526570295831 HTTP/1.1" 200 8458
186.103.159.46 - - [17/May/2018:12:19:25 -0300] "POST /cormun/servlet/trlicencias?ca67c394112230962712b530107c7329,,gx-no-cache=1526570304064 HTTP/1.1" 200 8522
186.103.159.46 - - [17/May/2018:12:19:28 -0300] "POST /cormun/servlet/trlicencias?ca67c394112230962712b530107c7329,,gx-no-cache=1526570307640 HTTP/1.1" 200 8464
186.103.159.46 - - [17/May/2018:12:19:42 -0300] "POST /cormun/servlet/trlicencias?ca67c394112230962712b530107c7329,,gx-no-cache=1526570320582 HTTP/1.1" 200 8458
186.79.225.227 - - [17/May/2018:12:21:03 -0300] "GET /cormun/servlet/hlogin HTTP/1.1" 200 1727
186.79.225.227 - - [17/May/2018:12:21:13 -0300] "POST /cormun/servlet/hlogin?342895062b9e8fdd1210ea1238d89f41,gx-no-cache=1526566786642 HTTP/1.1" 200 90
186.79.225.227 - - [17/May/2018:12:21:13 -0300] "GET /cormun/servlet/hpexe_link HTTP/1.1" 200 951
186.79.225.227 - - [17/May/2018:12:21:14 -0300] "GET /cormun/servlet/hhome HTTP/1.1" 200 4005
186.79.225.227 - - [17/May/2018:12:21:14 -0300] "GET /cormun/servlet/hhome HTTP/1.1" 200 4002
186.79.225.227 - - [17/May/2018:12:21:17 -0300] "GET /cormun/servlet/trlicencias? HTTP/1.1" 200 9545
186.79.225.227 - - [17/May/2018:12:21:18 -0300] "GET /cormun/servlet/trlicencias? HTTP/1.1" 200 9542
192.168.10.56 - - [17/May/2018:12:21:22 -0300] "GET /cormun/servlet/hlogin HTTP/1.1" 200 1716
192.168.10.56 - - [17/May/2018:12:21:24 -0300] "GET /cormun/servlet/hlogin HTTP/1.1" 200 1727
192.168.10.56 - - [17/May/2018:12:21:25 -0300] "POST /cormun/servlet/hlogin?a77d4c88c4e27ce35359bf033027994b,gx-no-cache=1526570296114 HTTP/1.1" 200 90
192.168.10.56 - - [17/May/2018:12:21:25 -0300] "GET /cormun/servlet/hpexe_link HTTP/1.1" 200 947
192.168.10.56 - - [17/May/2018:12:21:26 -0300] "GET /cormun/servlet/hhome HTTP/1.1" 200 4509
192.168.10.56 - - [17/May/2018:12:21:26 -0300] "GET /cormun/servlet/hhome HTTP/1.1" 200 4507
192.168.10.56 - - [17/May/2018:12:21:29 -0300] "GET /cormun/servlet/trsolicitudgral? HTTP/1.1" 200 29030
192.168.10.56 - - [17/May/2018:12:21:31 -0300] "GET /cormun/servlet/trsolicitudgral? HTTP/1.1" 200 29027
192.168.10.56 - - [17/May/2018:12:21:40 -0300] "POST /cormun/servlet/trsolicitudgral?a77d4c88c4e27ce35359bf033027994b,,gx-no-cache=1526570310623 HTTP/1.1" 200 13771
186.79.225.227 - - [17/May/2018:12:22:14 -0300] "GET /cormun/servlet/hlogin HTTP/1.1" 200 1736
186.67.172.234 - - [17/May/2018:12:22:42 -0300] "POST /cormun/servlet/hlogin?2b7d8470d960b93c1819618f08775e67,gx-no-cache=1526570503976 HTTP/1.1" 200 90
186.67.172.234 - - [17/May/2018:12:22:42 -0300] "GET /cormun/servlet/hpexe_link HTTP/1.1" 200 966
186.67.172.234 - - [17/May/2018:12:22:42 -0300] "GET /cormun/servlet/licenciaspermisos?INS,0,,, HTTP/1.1" 200 7602
186.67.172.234 - - [17/May/2018:12:22:43 -0300] "GET /cormun/servlet/licenciaspermisos?INS,0,,, HTTP/1.1" 200 7609
186.67.172.234 - - [17/May/2018:12:23:23 -0300] "GET /cormun/servlet/licenciaspermisos?88350a7b8c92cfe2c111f217e0f5e39cae4b0036631fab9d2cdca627e3d6e41c9bc2a0d624b747abaf713b3486768d1a,gx-no-cache=1526570544839 HTTP/1.1" 200 185
186.67.172.234 - - [17/May/2018:12:23:23 -0300] "GET /cormun/static/Shared/jqueryui/images/ui-bg_highlight-soft_100_c6c2c8_1x100.png HTTP/1.1" 404 1117
186.67.172.234 - - [17/May/2018:12:23:23 -0300] "GET /cormun/static/Shared/jqueryui/images/ui-icons_82798d_256x240.png HTTP/1.1" 404 1089
186.67.172.234 - - [17/May/2018:12:23:23 -0300] "GET /cormun/static/Shared/jqueryui/images/ui-icons_ebccce_256x240.png HTTP/1.1" 404 1089
186.67.172.234 - - [17/May/2018:12:23:23 -0300] "GET /cormun/static/Shared/jqueryui/images/ui-bg_flat_55_994d53_40x100.png HTTP/1.1" 404 1097
186.67.172.234 - - [17/May/2018:12:23:38 -0300] "GET /cormun/servlet/licenciaspermisos?88350a7b8c92cfe2c111f217e0f5e39c91b083c4c38a56215ac7cae379191e679bc2a0d624b747abaf713b3486768d1a,gx-no-cache=1526570559407 HTTP/1.1" 200 98
186.67.172.234 - - [17/May/2018:12:23:38 -0300] "POST /cormun/servlet/licenciaspermisos?2b7d8470d960b93c1819618f08775e67,INS,0,,,,gx-no-cache=1526570559678 HTTP/1.1" 200 4619
192.168.10.56 - - [17/May/2018:12:23:52 -0300] "POST /cormun/servlet/trsolicitudgral?a77d4c88c4e27ce35359bf033027994b,,gx-no-cache=1526570442286 HTTP/1.1" 200 12442
192.168.10.56 - - [17/May/2018:12:23:52 -0300] "GET /cormun/static/Shared/jqueryui/images/ui-bg_highlight-soft_100_c6c2c8_1x100.png HTTP/1.1" 404 1117
192.168.10.56 - - [17/May/2018:12:23:52 -0300] "GET /cormun/static/Shared/jqueryui/images/ui-icons_82798d_256x240.png HTTP/1.1" 404 1089
192.168.10.56 - - [17/May/2018:12:23:52 -0300] "GET /cormun/static/Shared/jqueryui/images/ui-icons_8d78a5_256x240.png HTTP/1.1" 404 1089
192.168.10.56 - - [17/May/2018:12:23:52 -0300] "GET /cormun/static/Shared/jqueryui/images/ui-bg_flat_55_fafafa_40x100.png HTTP/1.1" 404 1097
192.168.10.56 - - [17/May/2018:12:24:04 -0300] "POST /cormun/servlet/trsolicitudgral?a77d4c88c4e27ce35359bf033027994b,,gx-no-cache=1526570454087 HTTP/1.1" 200 11497
186.67.172.234 - - [17/May/2018:12:24:07 -0300] "GET /cormun/static/menuarrow.gif HTTP/1.1" 404 1015
186.103.159.182 - - [17/May/2018:12:24:34 -0300] "GET /cormun/servlet/trsolicitudot? HTTP/1.1" 200 9518
186.103.159.182 - - [17/May/2018:12:24:36 -0300] "GET /cormun/servlet/trsolicitudot? HTTP/1.1" 200 9512
186.103.159.182 - - [17/May/2018:12:24:44 -0300] "GET /cormun/servlet/solicitudot?INS,0,0, HTTP/1.1" 200 13704
186.103.159.182 - - [17/May/2018:12:24:45 -0300] "GET /cormun/servlet/solicitudot?INS,0,0, HTTP/1.1" 200 13709
186.103.159.182 - - [17/May/2018:12:24:59 -0300] "POST /cormun/servlet/solicitudot?gx-no-cache=1526570638815 HTTP/1.1" 200 3408
186.103.159.182 - - [17/May/2018:12:24:59 -0300] "POST /cormun/servlet/solicitudot?de21a202a9be2cdda0d071f1556063bd,INS,0,0,,gx-no-cache=1526570639006 HTTP/1.1" 200 10564
186.103.159.182 - - [17/May/2018:12:25:37 -0300] "GET /cormun/servlet/solicitudot?917a062b26b49a431854b97c37401d72218bdeed20753da2b89014ddb3994b1ebca56007515f2b76e1fb08496d9e6d53,gx-no-cache=1526570677645 HTTP/1.1" 200 30
186.103.159.182 - - [17/May/2018:12:25:38 -0300] "GET /cormun/servlet/solicitudot?917a062b26b49a431854b97c37401d7204b5c4b67f820c937c4f2b9161fedc5dcfbf00777a9399feb18d53fd0c55ead7772c04fc9abcfc912ecfbc116997d4f9,gx-no-cache=1526570677758 HTTP/1.1" 200 30
186.103.159.182 - - [17/May/2018:12:25:38 -0300] "GET /cormun/servlet/solicitudot?917a062b26b49a431854b97c37401d72dd25fca6197f877e74119951ff7df496,gx-no-cache=1526570677908 HTTP/1.1" 200 51
186.103.159.182 - - [17/May/2018:12:25:38 -0300] "POST /cormun/servlet/solicitudot?gx-no-cache=1526570677972 HTTP/1.1" 200 240
186.103.159.182 - - [17/May/2018:12:25:38 -0300] "GET /cormun/servlet/solicitudot?917a062b26b49a431854b97c37401d72ec6379980f4e60e979f7bb50f3cfc480031c80c69063a6d059644b963682093ed0d2696071511194fd535d1e9ac5ff5c35c4870c924de4907326ea64e79190c3fa9b7ddcd6c2e0204a9b6362061f85539f0f1eb89f11b1be15569ae9c765b162abf5226f0f2a9ecfc9a17a2db4329ada0769fb1bb0a28ed9e1d74563932036496ac626ca43e5d9ba36f26e68607f31ec34a2304dceff71750542e7838acd3227a8943bd9550314edb9223b0e27f61c9b9ef61fd187f0c476193e974a1db6b1bc352e576ed45aad1b2a00577c0c58ae27cdf296bf057621966084fa5f152b023c7f625b229cb165d37bf3e2977d52e47dba3f7dbb208dd0b690edc251a08dd825d379dc6949eea805e0cd5a3fb50f9ad5b79b3b89e5b3ade39af17890e3219d7f63e411178e76482f4339df36536d4e75e152782bf4ecb1f7e52c2baf7484f97685d1d28c29ee64685f3cab0e37dd8155c2b708fae20268bb263be0196a85b53388177066708d13e2e83a64ca761dd6fc,gx-no-cache=1526570678026 HTTP/1.1" 200 30
186.103.159.182 - - [17/May/2018:12:25:51 -0300] "GET /cormun/servlet/hlogin HTTP/1.1" 200 1726
186.103.159.182 - - [17/May/2018:12:26:00 -0300] "POST /cormun/servlet/hlogin?de21a202a9be2cdda0d071f1556063bd,gx-no-cache=1526570699937 HTTP/1.1" 200 90
186.103.159.182 - - [17/May/2018:12:26:00 -0300] "GET /cormun/servlet/hpexe_link HTTP/1.1" 200 966
186.103.159.182 - - [17/May/2018:12:26:00 -0300] "GET /cormun/servlet/solicitudot?INS,0,0, HTTP/1.1" 200 13705
186.103.159.182 - - [17/May/2018:12:26:01 -0300] "GET /cormun/servlet/solicitudot?INS,0,0, HTTP/1.1" 200 13709
186.103.159.188 - - [17/May/2018:12:26:37 -0300] "GET /cormun/servlet/hlogin HTTP/1.1" 200 1726
186.103.159.188 - - [17/May/2018:12:26:56 -0300] "POST /cormun/servlet/hlogin?e176ad3bf836512e433914fd039d6148,gx-no-cache=1526570758753 HTTP/1.1" 200 432
186.103.159.188 - - [17/May/2018:12:27:02 -0300] "POST /cormun/servlet/hlogin?e176ad3bf836512e433914fd039d6148,gx-no-cache=1526570764775 HTTP/1.1" 200 432
186.103.159.182 - - [17/May/2018:12:27:05 -0300] "POST /cormun/servlet/solicitudot?gx-no-cache=1526570765077 HTTP/1.1" 200 3408
186.103.159.182 - - [17/May/2018:12:27:05 -0300] "POST /cormun/servlet/solicitudot?de21a202a9be2cdda0d071f1556063bd,INS,0,0,,gx-no-cache=1526570765238 HTTP/1.1" 200 10564
186.103.159.182 - - [17/May/2018:12:27:05 -0300] "GET /cormun/servlet/solicitudot?917a062b26b49a431854b97c37401d72218bdeed20753da2b89014ddb3994b1ebca56007515f2b76e1fb08496d9e6d53,gx-no-cache=1526570765432 HTTP/1.1" 200 30
186.103.159.188 - - [17/May/2018:12:27:07 -0300] "POST /cormun/servlet/hlogin?e176ad3bf836512e433914fd039d6148,gx-no-cache=1526570769654 HTTP/1.1" 200 432
