200.111.191.210 - - [15/May/2018:12:25:25 -0300] "GET /cormun/servlet/permisogoce?INS,0,,, HTTP/1.1" 200 6795
186.103.159.204 - - [15/May/2018:12:25:25 -0300] "POST /cormun/servlet/trsolicitudot?f9efd6f1179c614c46fd38211c4e57f3,gx-no-cache=1526397867000 HTTP/1.1" 200 7817
186.103.159.204 - - [15/May/2018:12:25:27 -0300] "POST /cormun/servlet/trsolicitudot?f9efd6f1179c614c46fd38211c4e57f3,gx-no-cache=1526397868608 HTTP/1.1" 200 7817
200.111.191.210 - - [15/May/2018:12:25:30 -0300] "GET /cormun/servlet/permisogoce?2b2409495a88b5df959dbc9785acd31af5e5379ea7ddcb6dc76274d9685c8407c4ef63aa8d24954d8e905c14bb15ca54,gx-no-cache=1526397911708 HTTP/1.1" 200 86
186.103.159.204 - - [15/May/2018:12:25:31 -0300] "POST /cormun/servlet/trsolicitudot?f9efd6f1179c614c46fd38211c4e57f3,gx-no-cache=1526397872410 HTTP/1.1" 200 7840
186.103.159.204 - - [15/May/2018:12:25:32 -0300] "POST /cormun/servlet/trsolicitudot?f9efd6f1179c614c46fd38211c4e57f3,gx-no-cache=1526397873134 HTTP/1.1" 200 7840
186.103.159.204 - - [15/May/2018:12:25:33 -0300] "POST /cormun/servlet/trsolicitudot?f9efd6f1179c614c46fd38211c4e57f3,gx-no-cache=1526397874214 HTTP/1.1" 200 7840
200.111.191.210 - - [15/May/2018:12:25:34 -0300] "GET /cormun/servlet/permisogoce?2b2409495a88b5df959dbc9785acd31a5fa340f13ce7cb0eb615ad297a6af4636eae1a117245a90d94e9aa2900e116896c59dfda5495b5db4c548681e0ae15b4,gx-no-cache=1526397915983 HTTP/1.1" 200 47
200.111.191.210 - - [15/May/2018:12:25:43 -0300] "POST /cormun/servlet/permisogoce?5cb8427006943301dc6e0b81f7a5d427,INS,0,,,,gx-no-cache=1526397924506 HTTP/1.1" 200 93
200.111.191.210 - - [15/May/2018:12:25:43 -0300] "GET /cormun/servlet/hpexe_return? HTTP/1.1" 200 1010
200.111.191.210 - - [15/May/2018:12:25:43 -0300] "GET /cormun/servlet/trpermisosgoce HTTP/1.1" 200 15688
200.111.191.210 - - [15/May/2018:12:25:43 -0300] "GET /cormun/servlet/trpermisosgoce HTTP/1.1" 200 15661
186.103.159.204 - - [15/May/2018:12:25:46 -0300] "POST /cormun/servlet/trsolicitudot?f9efd6f1179c614c46fd38211c4e57f3,gx-no-cache=1526397887168 HTTP/1.1" 200 4215
200.111.191.210 - - [15/May/2018:12:25:46 -0300] "GET /cormun/servlet/apermisogoceprn?7907301,P,20180515112215,PU HTTP/1.1" 200 1661
186.103.159.204 - - [15/May/2018:12:25:47 -0300] "POST /cormun/servlet/trsolicitudot?f9efd6f1179c614c46fd38211c4e57f3,gx-no-cache=1526397888486 HTTP/1.1" 200 4215
186.103.159.204 - - [15/May/2018:12:25:53 -0300] "POST /cormun/servlet/trsolicitudot?f9efd6f1179c614c46fd38211c4e57f3,gx-no-cache=1526397894280 HTTP/1.1" 200 7840
186.67.172.234 - - [15/May/2018:12:26:10 -0300] "GET /cormun/servlet/hlogin HTTP/1.1" 200 1712
186.67.172.234 - - [15/May/2018:12:26:10 -0300] "GET /cormun/servlet/hlogin HTTP/1.1" 200 1723
186.67.172.234 - - [15/May/2018:12:26:34 -0300] "POST /cormun/servlet/hlogin?8082a6fc938ed3057a6a74d56f72c256,gx-no-cache=1526397935566 HTTP/1.1" 200 90
186.67.172.234 - - [15/May/2018:12:26:34 -0300] "GET /cormun/servlet/hpexe_link HTTP/1.1" 200 946
186.67.172.234 - - [15/May/2018:12:26:34 -0300] "GET /cormun/static/gxcfg.js?20177612121792 HTTP/1.1" 200 953
186.67.172.234 - - [15/May/2018:12:26:34 -0300] "GET /cormun/static/hpexe_link.js?20177612121795 HTTP/1.1" 200 625
186.67.172.234 - - [15/May/2018:12:26:34 -0300] "GET /cormun/servlet/hhome HTTP/1.1" 200 4234
186.67.172.234 - - [15/May/2018:12:26:34 -0300] "GET /cormun/static/gxcfg.js?20175251212442 HTTP/1.1" 200 953
186.67.172.234 - - [15/May/2018:12:26:34 -0300] "GET /cormun/static/PXToolsJavascripts/pexe_autoreload.js HTTP/1.1" 200 1762
186.67.172.234 - - [15/May/2018:12:26:34 -0300] "GET /cormun/static/PXToolsJavascripts/pexe_windows.js HTTP/1.1" 200 15207
186.67.172.234 - - [15/May/2018:12:26:34 -0300] "GET /cormun/static/PXToolsJavascripts/pexe_grid.js HTTP/1.1" 200 7559
186.67.172.234 - - [15/May/2018:12:26:34 -0300] "GET /cormun/static/PXToolsJavascripts/pexe_griddivfix.js HTTP/1.1" 200 6644
186.67.172.234 - - [15/May/2018:12:26:34 -0300] "GET /cormun/static/PXToolsJavascripts/pexe_cookies.js HTTP/1.1" 200 792
186.67.172.234 - - [15/May/2018:12:26:34 -0300] "GET /cormun/static/PXToolsJavascripts/pexe_link.js HTTP/1.1" 200 5671
186.67.172.234 - - [15/May/2018:12:26:34 -0300] "GET /cormun/static/PXToolsJavascripts/pexe_menudivfix.js HTTP/1.1" 200 333
186.67.172.234 - - [15/May/2018:12:26:34 -0300] "GET /cormun/static/PXToolsJavascripts/pexe_menus.js HTTP/1.1" 200 1286
186.67.172.234 - - [15/May/2018:12:26:34 -0300] "GET /cormun/static/PXToolsJavascripts/pexe_layers.js HTTP/1.1" 200 4114
186.67.172.234 - - [15/May/2018:12:26:34 -0300] "GET /cormun/static/PXToolsJavascripts/pexe_oav.js HTTP/1.1" 200 645
186.67.172.234 - - [15/May/2018:12:26:34 -0300] "GET /cormun/static/PXToolsJavascripts/pexe_oavdivfix.js HTTP/1.1" 200 639
186.67.172.234 - - [15/May/2018:12:26:34 -0300] "GET /cormun/static/PXToolsJavascripts/pexe_picture.js HTTP/1.1" 200 689
186.67.172.234 - - [15/May/2018:12:26:34 -0300] "GET /cormun/static/PXToolsJavascripts/pexe_popup.js HTTP/1.1" 200 13458
186.67.172.234 - - [15/May/2018:12:26:34 -0300] "GET /cormun/static/PXToolsJavascripts/pexe_scrolldiv.js HTTP/1.1" 200 4138
186.67.172.234 - - [15/May/2018:12:26:34 -0300] "GET /cormun/static/PXToolsJavascripts/pexe_tabdivfix.js HTTP/1.1" 200 876
186.67.172.234 - - [15/May/2018:12:26:34 -0300] "GET /cormun/static/PXToolsJavascripts/pexe_tabs.js HTTP/1.1" 200 3748
186.67.172.234 - - [15/May/2018:12:26:34 -0300] "GET /cormun/static/PXToolsJavascripts/pexe_upload.js HTTP/1.1" 200 1423
186.67.172.234 - - [15/May/2018:12:26:34 -0300] "GET /cormun/static/PXToolsJavascripts/PXToolsJavascriptsRender.js HTTP/1.1" 200 367
186.67.172.234 - - [15/May/2018:12:26:34 -0300] "GET /cormun/static/RunJS/RunJS.js HTTP/1.1" 200 288
186.67.172.234 - - [15/May/2018:12:26:34 -0300] "GET /cormun/static/hhome.js?20175251212450 HTTP/1.1" 200 777
186.67.172.234 - - [15/May/2018:12:26:34 -0300] "GET /cormun/static/Shared/ext/locale/ext-lang-en.js HTTP/1.1" 200 10940
186.67.172.234 - - [15/May/2018:12:26:34 -0300] "GET /cormun/static/hwchdr01.js?201752511465785 HTTP/1.1" 200 1183
186.67.172.234 - - [15/May/2018:12:26:34 -0300] "GET /cormun/static/hpexe_recentlink.js?20177611595044 HTTP/1.1" 200 2144
186.67.172.234 - - [15/May/2018:12:26:34 -0300] "GET /cormun/static/hpexe_scripts.js?201752511465715 HTTP/1.1" 200 1544
186.67.172.234 - - [15/May/2018:12:26:34 -0300] "GET /cormun/static/hpexe_messagecontroller.js?20177611595012 HTTP/1.1" 200 870
186.67.172.234 - - [15/May/2018:12:26:34 -0300] "GET /cormun/static/hpexe_messagepopupcomponent.js?20161017169425 HTTP/1.1" 200 605
186.67.172.234 - - [15/May/2018:12:26:34 -0300] "GET /cormun/static/hpexe_messagegenexuscomponent.js?201752511465344 HTTP/1.1" 200 587
186.67.172.234 - - [15/May/2018:12:26:34 -0300] "GET /cormun/static/Resources/PXToolsHeaderHome.png HTTP/1.1" 200 4147
186.67.172.234 - - [15/May/2018:12:26:34 -0300] "GET /cormun/static/Resources/PXToolsHeaderActionsLeft.png HTTP/1.1" 200 1118
186.67.172.234 - - [15/May/2018:12:26:34 -0300] "GET /cormun/static/Resources/PXToolsHeaderBackground2.png HTTP/1.1" 200 1174
186.67.172.234 - - [15/May/2018:12:26:34 -0300] "GET /cormun/static/Resources/PXToolsFooterBackground2.png HTTP/1.1" 200 1172
186.67.172.234 - - [15/May/2018:12:26:34 -0300] "GET /cormun/static/Resources/PXToolsDataTitle.png HTTP/1.1" 200 1173
186.67.172.234 - - [15/May/2018:12:26:34 -0300] "GET /cormun/static/Resources/PXToolsHeaderActionsBackground.png HTTP/1.1" 200 484
186.67.172.234 - - [15/May/2018:12:26:34 -0300] "GET /cormun/static/Resources/logo4.png HTTP/1.1" 200 6582
186.67.172.234 - - [15/May/2018:12:26:34 -0300] "GET /cormun/static/Resources/PXToolsHeaderLogin.png HTTP/1.1" 200 4279
186.67.172.234 - - [15/May/2018:12:26:34 -0300] "GET /cormun/static/Resources/PXToolsHeaderSecurity.png HTTP/1.1" 200 4166
186.67.172.234 - - [15/May/2018:12:26:34 -0300] "GET /cormun/static/Resources/PXToolsHeaderPreferences.png HTTP/1.1" 200 4189
186.67.172.234 - - [15/May/2018:12:26:34 -0300] "GET /cormun/static/Resources/PXToolsHeaderActionsRight.png HTTP/1.1" 200 1201
186.67.172.234 - - [15/May/2018:12:26:35 -0300] "GET /cormun/static/gxui/gxui-all.js HTTP/1.1" 200 107772
186.67.172.234 - - [15/May/2018:12:26:35 -0300] "GET /cormun/static/cmcontrolpreferences.js?201752511465670 HTTP/1.1" 200 1375
186.67.172.234 - - [15/May/2018:12:26:35 -0300] "GET /cormun/static/Shared/jquery/jquery-1.4.2.min.js HTTP/1.1" 200 72174
186.67.172.234 - - [15/May/2018:12:26:35 -0300] "GET /cormun/static/SmoothNavMenu/resources/ddsmoothmenu.js HTTP/1.1" 200 12712
186.67.172.234 - - [15/May/2018:12:26:35 -0300] "GET /cormun/static/SmoothNavMenu/resources/SmoothNavMenuRender.js HTTP/1.1" 200 5951
186.67.172.234 - - [15/May/2018:12:26:35 -0300] "GET /cormun/static/scaMessage/js/jquery.pnotify.min.js HTTP/1.1" 200 13038
186.67.172.234 - - [15/May/2018:12:26:35 -0300] "GET /cormun/static/scaMessage/scaMessageRender.js HTTP/1.1" 200 11977
186.67.172.234 - - [15/May/2018:12:26:35 -0300] "GET /cormun/static/hmpwkw03.js?20177612122668 HTTP/1.1" 200 3965
186.67.172.234 - - [15/May/2018:12:26:35 -0300] "GET /cormun/static/Shared/jquery/jquery-1.10.2.min.js HTTP/1.1" 200 273199
186.67.172.234 - - [15/May/2018:12:26:35 -0300] "GET /cormun/static/Shared/jqueryui/jquery-ui.min.js HTTP/1.1" 200 240427
186.67.172.234 - - [15/May/2018:12:26:36 -0300] "GET /cormun/static/Shared/ext/ext-all.js HTTP/1.1" 200 1289687
186.67.172.234 - - [15/May/2018:12:26:36 -0300] "GET /cormun/static/SmoothNavMenu/resources/images/down.gif HTTP/1.1" 200 854
186.67.172.234 - - [15/May/2018:12:26:36 -0300] "GET /cormun/static/SmoothNavMenu/resources/images/right.gif HTTP/1.1" 200 860
186.67.172.234 - - [15/May/2018:12:26:36 -0300] "GET /cormun/servlet/hhome HTTP/1.1" 200 4231
200.111.191.210 - - [15/May/2018:12:26:39 -0300] "GET /cormun/servlet/trsolicitudot? HTTP/1.1" 200 7171
200.111.191.210 - - [15/May/2018:12:26:40 -0300] "GET /cormun/servlet/trsolicitudot? HTTP/1.1" 200 7171
200.111.191.210 - - [15/May/2018:12:26:47 -0300] "GET /cormun/static/menuarrow.gif HTTP/1.1" 404 1015
186.67.172.234 - - [15/May/2018:12:26:52 -0300] "GET /cormun/servlet/trlicencias? HTTP/1.1" 200 14365
186.67.172.234 - - [15/May/2018:12:26:52 -0300] "GET /cormun/static/gxcfg.js?20176272054169 HTTP/1.1" 200 953
186.67.172.234 - - [15/May/2018:12:26:52 -0300] "GET /cormun/static/calendar-es.js?85251 HTTP/1.1" 200 1901
186.67.172.234 - - [15/May/2018:12:26:52 -0300] "GET /cormun/static/calendar-setup.js?85251 HTTP/1.1" 200 2588
186.67.172.234 - - [15/May/2018:12:26:52 -0300] "GET /cormun/static/calendar.js?85251 HTTP/1.1" 200 26246
200.111.191.210 - - [15/May/2018:12:26:52 -0300] "POST /cormun/servlet/trsolicitudot?5cb8427006943301dc6e0b81f7a5d427,,gx-no-cache=1526397993723 HTTP/1.1" 200 24528
186.67.172.234 - - [15/May/2018:12:26:52 -0300] "GET /cormun/static/Resources/Spanish/PXTools.css?17315867 HTTP/1.1" 200 89042
186.67.172.234 - - [15/May/2018:12:26:52 -0300] "GET /cormun/static/gxdec.js?85251 HTTP/1.1" 200 19579
186.67.172.234 - - [15/May/2018:12:26:52 -0300] "GET /cormun/static/trlicencias.js?20176272054837 HTTP/1.1" 200 41883
186.67.172.234 - - [15/May/2018:12:26:52 -0300] "GET /cormun/static/Resources/PXTools/calendar.png HTTP/1.1" 200 1306
186.67.172.234 - - [15/May/2018:12:26:52 -0300] "GET /cormun/static/Resources/PXToolsDataSearch.png HTTP/1.1" 200 419
186.67.172.234 - - [15/May/2018:12:26:52 -0300] "GET /cormun/static/Resources/PXToolsGridFirstDisabled.gif HTTP/1.1" 200 100
186.67.172.234 - - [15/May/2018:12:26:52 -0300] "GET /cormun/static/Resources/PXToolsGridPreviousDisabled.gif HTTP/1.1" 200 90
186.67.172.234 - - [15/May/2018:12:26:53 -0300] "GET /cormun/static/Resources/PXToolsGridNextDisabled.gif HTTP/1.1" 200 90
186.67.172.234 - - [15/May/2018:12:26:53 -0300] "GET /cormun/static/Resources/PXToolsGridLastDisabled.gif HTTP/1.1" 200 98
200.111.191.210 - - [15/May/2018:12:26:53 -0300] "GET /cormun/static/Resources/PXToolsGridNext.gif HTTP/1.1" 200 369
186.67.172.234 - - [15/May/2018:12:26:53 -0300] "GET /cormun/static/Resources/PXToolsGridPage.gif HTTP/1.1" 200 725
200.111.191.210 - - [15/May/2018:12:26:53 -0300] "GET /cormun/static/Resources/PXToolsGridLast.gif HTTP/1.1" 200 370
186.67.172.234 - - [15/May/2018:12:26:53 -0300] "GET /cormun/static/Resources/PXToolsActionExcel.png HTTP/1.1" 200 3187
186.67.172.234 - - [15/May/2018:12:26:53 -0300] "GET /cormun/static/Resources/PXToolsGridNew.png HTTP/1.1" 200 2949
186.67.172.234 - - [15/May/2018:12:26:53 -0300] "GET /cormun/static/Resources/asc.gif HTTP/1.1" 200 67
186.67.172.234 - - [15/May/2018:12:26:53 -0300] "GET /cormun/static/Resources/desc.gif HTTP/1.1" 200 65
186.67.172.234 - - [15/May/2018:12:26:53 -0300] "GET /cormun//static/Resources/PXToolsActionDisabled.gif HTTP/1.1" 200 53
186.67.172.234 - - [15/May/2018:12:26:53 -0300] "GET /cormun//static/Resources/PXTools/ActionInsert.png HTTP/1.1" 200 1482
186.67.172.234 - - [15/May/2018:12:26:53 -0300] "GET /cormun//static/Resources/PXToolsGridDisplay.png HTTP/1.1" 200 362
186.67.172.234 - - [15/May/2018:12:26:53 -0300] "GET /cormun//static/Resources/PXToolsHeaderFavorites.png HTTP/1.1" 200 2744
186.67.172.234 - - [15/May/2018:12:26:53 -0300] "GET /cormun//static/Resources/PXToolsHeaderHelp.png HTTP/1.1" 200 4055
186.67.172.234 - - [15/May/2018:12:26:53 -0300] "GET /cormun//static/Resources/PXToolsActionPrint.png HTTP/1.1" 200 3317
186.67.172.234 - - [15/May/2018:12:26:53 -0300] "GET /cormun/static/Shared/ext/resources/themes/images/default/tools/tool-sprites.gif HTTP/1.1" 200 5434
186.67.172.234 - - [15/May/2018:12:26:53 -0300] "GET /cormun/static/Shared/ext/resources/themes/images/default/panel/bg-headersPanel.png HTTP/1.1" 200 255
186.67.172.234 - - [15/May/2018:12:26:53 -0300] "GET /cormun/servlet/trlicencias? HTTP/1.1" 200 14362
200.111.191.210 - - [15/May/2018:12:26:57 -0300] "GET /cormun/servlet/vesolicitudot?2018,11366,, HTTP/1.1" 200 8365
200.111.191.210 - - [15/May/2018:12:26:57 -0300] "GET /cormun/pexe_scrolldiv.js HTTP/1.1" 404 1009
200.111.191.210 - - [15/May/2018:12:26:58 -0300] "GET /cormun/servlet/vesolicitudot?2018,11366,, HTTP/1.1" 200 8365
200.111.191.210 - - [15/May/2018:12:26:59 -0300] "GET /cormun/servlet/vesolicitudot?2018,11366,,SolicitudOTLog HTTP/1.1" 200 9010
200.111.191.210 - - [15/May/2018:12:26:59 -0300] "GET /cormun/pexe_scrolldiv.js HTTP/1.1" 404 1009
200.111.191.210 - - [15/May/2018:12:27:00 -0300] "GET /cormun/servlet/vesolicitudot?2018,11366,,SolicitudOTLog HTTP/1.1" 200 9010
200.111.191.210 - - [15/May/2018:12:27:00 -0300] "POST /cormun/servlet/acontrolpreferencessavestate?None,CA-7,true HTTP/1.1" 200 35
200.111.191.210 - - [15/May/2018:12:27:02 -0300] "GET /cormun/servlet/vesolicitudot?2018,11366,, HTTP/1.1" 200 8365
200.111.191.210 - - [15/May/2018:12:27:02 -0300] "GET /cormun/pexe_scrolldiv.js HTTP/1.1" 404 1009
200.111.191.210 - - [15/May/2018:12:27:02 -0300] "GET /cormun/servlet/vesolicitudot?2018,11366,, HTTP/1.1" 200 8365
200.111.191.210 - - [15/May/2018:12:27:06 -0300] "GET /cormun/servlet/trsolicitudot? HTTP/1.1" 200 27204
200.111.191.210 - - [15/May/2018:12:27:07 -0300] "GET /cormun/servlet/trsolicitudot? HTTP/1.1" 200 27203
200.111.191.210 - - [15/May/2018:12:27:12 -0300] "GET /cormun/servlet/vesolicitudot?2018,11272,, HTTP/1.1" 200 8288
200.111.191.210 - - [15/May/2018:12:27:12 -0300] "GET /cormun/pexe_scrolldiv.js HTTP/1.1" 404 1009
200.111.191.210 - - [15/May/2018:12:27:12 -0300] "GET /cormun/servlet/vesolicitudot?2018,11272,, HTTP/1.1" 200 8287
200.111.191.210 - - [15/May/2018:12:27:14 -0300] "GET /cormun/servlet/vesolicitudot?2018,11272,,SolicitudOTLog HTTP/1.1" 200 9307
200.111.191.210 - - [15/May/2018:12:27:14 -0300] "GET /cormun/pexe_scrolldiv.js HTTP/1.1" 404 1009
200.111.191.210 - - [15/May/2018:12:27:14 -0300] "GET /cormun/servlet/vesolicitudot?2018,11272,,SolicitudOTLog HTTP/1.1" 200 9307
200.111.191.210 - - [15/May/2018:12:27:15 -0300] "POST /cormun/servlet/acontrolpreferencessavestate?None,CA-7,true HTTP/1.1" 200 35
186.103.159.204 - - [15/May/2018:12:27:16 -0300] "POST /cormun/servlet/trsolicitudot?f9efd6f1179c614c46fd38211c4e57f3,gx-no-cache=1526397977272 HTTP/1.1" 200 7817
200.111.191.210 - - [15/May/2018:12:27:23 -0300] "GET /cormun/servlet/vesolicitudot?2018,11272,, HTTP/1.1" 200 8288
200.111.191.210 - - [15/May/2018:12:27:24 -0300] "GET /cormun/servlet/vesolicitudot?2018,11272,, HTTP/1.1" 200 8287
186.103.159.204 - - [15/May/2018:12:27:39 -0300] "GET /cormun/servlet/trautorizarsolicitud? HTTP/1.1" 200 10836
186.103.159.204 - - [15/May/2018:12:27:39 -0300] "GET /cormun/static/gxcfg.js?2017111423403364 HTTP/1.1" 200 953
186.103.159.204 - - [15/May/2018:12:27:39 -0300] "GET /cormun/static/trautorizarsolicitud.js?201711142340425 HTTP/1.1" 200 53910
186.103.159.204 - - [15/May/2018:12:27:40 -0300] "GET /cormun/servlet/trautorizarsolicitud? HTTP/1.1" 200 10836
186.103.159.204 - - [15/May/2018:12:27:45 -0300] "POST /cormun/servlet/trautorizarsolicitud?f9efd6f1179c614c46fd38211c4e57f3,,gx-no-cache=1526398006806 HTTP/1.1" 200 7698
186.103.159.204 - - [15/May/2018:12:27:45 -0300] "GET /cormun/static/Shared/jqueryui/images/ui-bg_highlight-soft_100_c6c2c8_1x100.png HTTP/1.1" 404 1117
186.103.159.204 - - [15/May/2018:12:27:45 -0300] "GET /cormun/static/Shared/jqueryui/images/ui-icons_82798d_256x240.png HTTP/1.1" 404 1089
186.103.159.204 - - [15/May/2018:12:27:46 -0300] "GET /cormun/static/Shared/jqueryui/images/ui-bg_flat_55_fafafa_40x100.png HTTP/1.1" 404 1097
186.103.159.204 - - [15/May/2018:12:27:46 -0300] "GET /cormun/static/Shared/jqueryui/images/ui-icons_8d78a5_256x240.png HTTP/1.1" 404 1089
186.103.159.204 - - [15/May/2018:12:27:46 -0300] "POST /cormun/servlet/trautorizarsolicitud?f9efd6f1179c614c46fd38211c4e57f3,,gx-no-cache=1526398007282 HTTP/1.1" 200 7643
186.103.159.204 - - [15/May/2018:12:27:47 -0300] "POST /cormun/servlet/trautorizarsolicitud?f9efd6f1179c614c46fd38211c4e57f3,,gx-no-cache=1526398008596 HTTP/1.1" 200 7317
186.103.159.204 - - [15/May/2018:12:27:48 -0300] "POST /cormun/servlet/trautorizarsolicitud?f9efd6f1179c614c46fd38211c4e57f3,,gx-no-cache=1526398008950 HTTP/1.1" 200 7261
186.103.159.204 - - [15/May/2018:12:27:48 -0300] "POST /cormun/servlet/trautorizarsolicitud?f9efd6f1179c614c46fd38211c4e57f3,,gx-no-cache=1526398009866 HTTP/1.1" 200 6992
186.103.159.204 - - [15/May/2018:12:27:49 -0300] "POST /cormun/servlet/trautorizarsolicitud?f9efd6f1179c614c46fd38211c4e57f3,,gx-no-cache=1526398010216 HTTP/1.1" 200 6936
185.224.171.82 - - [15/May/2018:12:27:49 -0300] "GET /manager/html HTTP/1.1" 401 2474
185.224.171.82 - - [15/May/2018:12:27:49 -0300] "GET /manager/html HTTP/1.1" 401 2474
185.224.171.82 - - [15/May/2018:12:27:50 -0300] "GET /manager/html HTTP/1.1" 401 2474
185.224.171.82 - - [15/May/2018:12:27:50 -0300] "GET /manager/html HTTP/1.1" 401 2474
185.224.171.82 - - [15/May/2018:12:27:51 -0300] "GET /manager/html HTTP/1.1" 401 2474
185.224.171.82 - - [15/May/2018:12:27:51 -0300] "GET /manager/html HTTP/1.1" 401 2474
185.224.171.82 - - [15/May/2018:12:27:51 -0300] "GET /manager/html HTTP/1.1" 401 2474
185.224.171.82 - - [15/May/2018:12:27:52 -0300] "GET /manager/html HTTP/1.1" 401 2474
185.224.171.82 - - [15/May/2018:12:27:52 -0300] "GET /manager/html HTTP/1.1" 401 2474
185.224.171.82 - - [15/May/2018:12:27:53 -0300] "GET /manager/html HTTP/1.1" 401 2474
185.224.171.82 - - [15/May/2018:12:27:53 -0300] "GET /manager/html HTTP/1.1" 401 2474
186.103.159.204 - - [15/May/2018:12:27:53 -0300] "POST /cormun/servlet/trautorizarsolicitud?f9efd6f1179c614c46fd38211c4e57f3,,gx-no-cache=1526398014826 HTTP/1.1" 200 6618
185.224.171.82 - - [15/May/2018:12:27:53 -0300] "GET /manager/html HTTP/1.1" 401 2474
186.103.159.204 - - [15/May/2018:12:27:54 -0300] "POST /cormun/servlet/trautorizarsolicitud?f9efd6f1179c614c46fd38211c4e57f3,,gx-no-cache=1526398015210 HTTP/1.1" 200 6563
185.224.171.82 - - [15/May/2018:12:27:54 -0300] "GET /manager/html HTTP/1.1" 401 2474
185.224.171.82 - - [15/May/2018:12:27:54 -0300] "GET /manager/html HTTP/1.1" 401 2474
200.111.191.210 - - [15/May/2018:12:27:54 -0300] "GET /cormun/servlet/trsolicitudot? HTTP/1.1" 200 27208
185.224.171.82 - - [15/May/2018:12:27:55 -0300] "GET /manager/html HTTP/1.1" 401 2474
186.103.159.204 - - [15/May/2018:12:27:55 -0300] "POST /cormun/servlet/trautorizarsolicitud?f9efd6f1179c614c46fd38211c4e57f3,,gx-no-cache=1526398016616 HTTP/1.1" 200 6288
185.224.171.82 - - [15/May/2018:12:27:55 -0300] "GET /manager/html HTTP/1.1" 401 2474
200.111.191.210 - - [15/May/2018:12:27:55 -0300] "GET /cormun/servlet/trsolicitudot? HTTP/1.1" 200 27203
186.103.159.204 - - [15/May/2018:12:27:55 -0300] "POST /cormun/servlet/trautorizarsolicitud?f9efd6f1179c614c46fd38211c4e57f3,,gx-no-cache=1526398016982 HTTP/1.1" 200 6231
185.224.171.82 - - [15/May/2018:12:27:55 -0300] "GET /manager/html HTTP/1.1" 401 2474
185.224.171.82 - - [15/May/2018:12:27:56 -0300] "GET /manager/html HTTP/1.1" 401 2474
185.224.171.82 - - [15/May/2018:12:27:56 -0300] "GET /manager/html HTTP/1.1" 401 2474
185.224.171.82 - - [15/May/2018:12:27:57 -0300] "GET /manager/html HTTP/1.1" 401 2474
186.103.159.204 - - [15/May/2018:12:27:57 -0300] "POST /cormun/servlet/trautorizarsolicitud?f9efd6f1179c614c46fd38211c4e57f3,,gx-no-cache=1526398018248 HTTP/1.1" 200 5786
186.103.159.204 - - [15/May/2018:12:27:57 -0300] "POST /cormun/servlet/trautorizarsolicitud?f9efd6f1179c614c46fd38211c4e57f3,,gx-no-cache=1526398018512 HTTP/1.1" 200 5730
200.111.191.210 - - [15/May/2018:12:27:57 -0300] "GET /cormun/servlet/solicitudot?INS,0,0, HTTP/1.1" 200 13401
185.224.171.82 - - [15/May/2018:12:27:57 -0300] "GET /manager/html HTTP/1.1" 401 2474
200.111.191.210 - - [15/May/2018:12:27:57 -0300] "GET /cormun/servlet/solicitudot?INS,0,0, HTTP/1.1" 200 13406
186.103.159.204 - - [15/May/2018:12:27:58 -0300] "POST /cormun/servlet/trautorizarsolicitud?f9efd6f1179c614c46fd38211c4e57f3,,gx-no-cache=1526398019558 HTTP/1.1" 200 4619
185.224.171.82 - - [15/May/2018:12:27:58 -0300] "GET /manager/html HTTP/1.1" 401 2474
186.103.159.204 - - [15/May/2018:12:27:58 -0300] "POST /cormun/servlet/trautorizarsolicitud?f9efd6f1179c614c46fd38211c4e57f3,,gx-no-cache=1526398019804 HTTP/1.1" 200 4389
185.224.171.82 - - [15/May/2018:12:27:58 -0300] "GET /manager/html HTTP/1.1" 401 2474
185.224.171.82 - - [15/May/2018:12:27:59 -0300] "GET /manager/html HTTP/1.1" 401 2474
185.224.171.82 - - [15/May/2018:12:27:59 -0300] "GET /manager/html HTTP/1.1" 401 2474
185.224.171.82 - - [15/May/2018:12:28:00 -0300] "GET /manager/html HTTP/1.1" 401 2474
185.224.171.82 - - [15/May/2018:12:28:00 -0300] "GET /manager/html HTTP/1.1" 401 2474
185.224.171.82 - - [15/May/2018:12:28:01 -0300] "GET /manager/html HTTP/1.1" 401 2474
185.224.171.82 - - [15/May/2018:12:28:01 -0300] "GET /manager/html HTTP/1.1" 401 2474
185.224.171.82 - tomcat [15/May/2018:12:28:01 -0300] "GET /manager/html HTTP/1.1" 403 3196
185.224.171.82 - - [15/May/2018:12:28:02 -0300] "GET /manager/html HTTP/1.1" 401 2474
185.224.171.82 - - [15/May/2018:12:28:02 -0300] "GET /manager/html HTTP/1.1" 401 2474
185.224.171.82 - - [15/May/2018:12:28:02 -0300] "GET /manager/html HTTP/1.1" 401 2474
200.111.191.210 - - [15/May/2018:12:28:03 -0300] "POST /cormun/servlet/solicitudot?gx-no-cache=1526398064450 HTTP/1.1" 200 3391
185.224.171.82 - - [15/May/2018:12:28:03 -0300] "GET /manager/html HTTP/1.1" 401 2474
200.111.191.210 - - [15/May/2018:12:28:03 -0300] "POST /cormun/servlet/solicitudot?5cb8427006943301dc6e0b81f7a5d427,INS,0,0,,gx-no-cache=1526398064647 HTTP/1.1" 200 10375
185.224.171.82 - - [15/May/2018:12:28:03 -0300] "GET /manager/html HTTP/1.1" 401 2474
185.224.171.82 - - [15/May/2018:12:28:04 -0300] "GET /manager/html HTTP/1.1" 401 2474
185.224.171.82 - - [15/May/2018:12:28:04 -0300] "GET /manager/html HTTP/1.1" 401 2474
185.224.171.82 - - [15/May/2018:12:28:04 -0300] "GET /manager/html HTTP/1.1" 401 2474
185.224.171.82 - - [15/May/2018:12:28:05 -0300] "GET /manager/html HTTP/1.1" 401 2474
186.103.159.204 - - [15/May/2018:12:28:05 -0300] "POST /cormun/servlet/trautorizarsolicitud?f9efd6f1179c614c46fd38211c4e57f3,,gx-no-cache=1526398026670 HTTP/1.1" 200 4411
185.224.171.82 - - [15/May/2018:12:28:05 -0300] "GET /manager/html HTTP/1.1" 401 2474
185.224.171.82 - - [15/May/2018:12:28:05 -0300] "GET /manager/html HTTP/1.1" 401 2474
185.224.171.82 - - [15/May/2018:12:28:06 -0300] "GET /manager/html HTTP/1.1" 401 2474
185.224.171.82 - - [15/May/2018:12:28:06 -0300] "GET /manager/html HTTP/1.1" 401 2474
185.224.171.82 - - [15/May/2018:12:28:07 -0300] "GET /manager/html HTTP/1.1" 401 2474
185.224.171.82 - - [15/May/2018:12:28:07 -0300] "GET /manager/html HTTP/1.1" 401 2474
200.111.191.210 - - [15/May/2018:12:28:07 -0300] "GET /cormun/servlet/trpermisosgoce? HTTP/1.1" 200 15687
185.224.171.82 - - [15/May/2018:12:28:07 -0300] "GET /manager/html HTTP/1.1" 401 2474
200.111.191.210 - - [15/May/2018:12:28:08 -0300] "GET /cormun/servlet/trpermisosgoce? HTTP/1.1" 200 15673
185.224.171.82 - - [15/May/2018:12:28:08 -0300] "GET /manager/html HTTP/1.1" 401 2474
185.224.171.82 - - [15/May/2018:12:28:08 -0300] "GET /manager/html HTTP/1.1" 401 2474
185.224.171.82 - - [15/May/2018:12:28:09 -0300] "GET /manager/html HTTP/1.1" 401 2474
185.224.171.82 - - [15/May/2018:12:28:09 -0300] "GET /manager/html HTTP/1.1" 401 2474
185.224.171.82 - - [15/May/2018:12:28:09 -0300] "GET /manager/html HTTP/1.1" 401 2474
200.111.191.210 - - [15/May/2018:12:28:10 -0300] "GET /cormun/servlet/permisogoce?INS,0,,, HTTP/1.1" 200 6795
185.224.171.82 - - [15/May/2018:12:28:10 -0300] "GET /manager/html HTTP/1.1" 401 2474
200.111.191.210 - - [15/May/2018:12:28:10 -0300] "GET /cormun/servlet/permisogoce?INS,0,,, HTTP/1.1" 200 6794
185.224.171.82 - - [15/May/2018:12:28:10 -0300] "GET /manager/html HTTP/1.1" 401 2474
185.224.171.82 - - [15/May/2018:12:28:11 -0300] "GET /manager/html HTTP/1.1" 401 2474
185.224.171.82 - - [15/May/2018:12:28:11 -0300] "GET /manager/html HTTP/1.1" 401 2474
185.224.171.82 - - [15/May/2018:12:28:11 -0300] "GET /manager/html HTTP/1.1" 401 2474
185.224.171.82 - - [15/May/2018:12:28:12 -0300] "GET /manager/html HTTP/1.1" 401 2474
185.224.171.82 - - [15/May/2018:12:28:12 -0300] "GET /manager/html HTTP/1.1" 401 2474
185.224.171.82 - - [15/May/2018:12:28:13 -0300] "GET /manager/html HTTP/1.1" 401 2474
185.224.171.82 - - [15/May/2018:12:28:13 -0300] "GET /manager/html HTTP/1.1" 401 2474
185.224.171.82 - - [15/May/2018:12:28:13 -0300] "GET /manager/html HTTP/1.1" 401 2474
186.103.159.204 - - [15/May/2018:12:28:14 -0300] "GET /cormun/servlet/trvisualizadoreventos? HTTP/1.1" 200 6891
186.103.159.204 - - [15/May/2018:12:28:14 -0300] "GET /cormun/static/gxcfg.js?20175251251426 HTTP/1.1" 200 953
185.224.171.82 - - [15/May/2018:12:28:14 -0300] "GET /manager/html HTTP/1.1" 401 2474
186.103.159.204 - - [15/May/2018:12:28:14 -0300] "GET /cormun/static/Resources/PXToolsActionPrint.png HTTP/1.1" 200 3317
186.103.159.204 - - [15/May/2018:12:28:14 -0300] "GET /cormun/static/trvisualizadoreventos.js?20175251251768 HTTP/1.1" 200 19318
200.111.191.210 - - [15/May/2018:12:28:14 -0300] "GET /cormun/servlet/permisogoce?2b2409495a88b5df959dbc9785acd31a1a6b4c64b6c9f10dd96f1f69efef20d8e6d510c52d3bdeb459928bc2778b05be7aa201a13627e9196b7d6350f0f05720,gx-no-cache=1526398076162 HTTP/1.1" 200 83
185.224.171.82 - - [15/May/2018:12:28:14 -0300] "GET /manager/html HTTP/1.1" 401 2474
186.103.159.204 - - [15/May/2018:12:28:14 -0300] "GET /cormun/servlet/trvisualizadoreventos? HTTP/1.1" 200 6890
185.224.171.82 - - [15/May/2018:12:28:15 -0300] "GET /manager/html HTTP/1.1" 401 2474
185.224.171.82 - - [15/May/2018:12:28:15 -0300] "GET /manager/html HTTP/1.1" 401 2474
185.224.171.82 - - [15/May/2018:12:28:15 -0300] "GET /manager/html HTTP/1.1" 401 2474
185.224.171.82 - - [15/May/2018:12:28:16 -0300] "GET /manager/html HTTP/1.1" 401 2474
185.224.171.82 - - [15/May/2018:12:28:16 -0300] "GET /manager/html HTTP/1.1" 401 2474
185.224.171.82 - - [15/May/2018:12:28:16 -0300] "GET /manager/html HTTP/1.1" 401 2474
185.224.171.82 - - [15/May/2018:12:28:17 -0300] "GET /manager/html HTTP/1.1" 401 2474
185.224.171.82 - - [15/May/2018:12:28:17 -0300] "GET /manager/html HTTP/1.1" 401 2474
185.224.171.82 - - [15/May/2018:12:28:18 -0300] "GET /manager/html HTTP/1.1" 401 2474
185.224.171.82 - - [15/May/2018:12:28:18 -0300] "GET /manager/html HTTP/1.1" 401 2474
200.111.191.210 - - [15/May/2018:12:28:18 -0300] "GET /cormun/servlet/permisogoce?2b2409495a88b5df959dbc9785acd31aa14421ad8572e375a730c43cdb4184d517116483042ba56440ee00cdca2b5a6620c6fa59379f2ec91417cc5626b9b909,gx-no-cache=1526398080496 HTTP/1.1" 200 47
185.224.171.82 - - [15/May/2018:12:28:18 -0300] "GET /manager/html HTTP/1.1" 401 2474
185.224.171.82 - - [15/May/2018:12:28:19 -0300] "GET /manager/html HTTP/1.1" 401 2474
185.224.171.82 - - [15/May/2018:12:28:19 -0300] "GET /manager/html HTTP/1.1" 401 2474
185.224.171.82 - - [15/May/2018:12:28:20 -0300] "GET /manager/html HTTP/1.1" 401 2474
185.224.171.82 - - [15/May/2018:12:28:20 -0300] "GET /manager/html HTTP/1.1" 401 2474
185.224.171.82 - - [15/May/2018:12:28:20 -0300] "GET /manager/html HTTP/1.1" 401 2474
185.224.171.82 - - [15/May/2018:12:28:21 -0300] "GET /manager/html HTTP/1.1" 401 2474
185.224.171.82 - - [15/May/2018:12:28:21 -0300] "GET /manager/html HTTP/1.1" 401 2474
186.103.159.204 - - [15/May/2018:12:28:21 -0300] "POST /cormun/servlet/trvisualizadoreventos?f9efd6f1179c614c46fd38211c4e57f3,,gx-no-cache=1526398043006 HTTP/1.1" 200 4141
185.224.171.82 - - [15/May/2018:12:28:22 -0300] "GET /manager/html HTTP/1.1" 401 2474
185.224.171.82 - - [15/May/2018:12:28:22 -0300] "GET /manager/html HTTP/1.1" 401 2474
185.224.171.82 - - [15/May/2018:12:28:22 -0300] "GET /manager/html HTTP/1.1" 401 2474
185.224.171.82 - - [15/May/2018:12:28:23 -0300] "GET /manager/html HTTP/1.1" 401 2474
185.224.171.82 - - [15/May/2018:12:28:23 -0300] "GET /manager/html HTTP/1.1" 401 2474
185.224.171.82 - - [15/May/2018:12:28:23 -0300] "GET /manager/html HTTP/1.1" 401 2474
185.224.171.82 - - [15/May/2018:12:28:24 -0300] "GET /manager/html HTTP/1.1" 401 2474
185.224.171.82 - - [15/May/2018:12:28:24 -0300] "GET /manager/html HTTP/1.1" 401 2474
185.224.171.82 - - [15/May/2018:12:28:25 -0300] "GET /manager/html HTTP/1.1" 401 2474
185.224.171.82 - - [15/May/2018:12:28:25 -0300] "GET /manager/html HTTP/1.1" 401 2474
185.224.171.82 - - [15/May/2018:12:28:25 -0300] "GET /manager/html HTTP/1.1" 401 2474
185.224.171.82 - - [15/May/2018:12:28:26 -0300] "GET /manager/html HTTP/1.1" 401 2474
185.224.171.82 - - [15/May/2018:12:28:26 -0300] "GET /manager/html HTTP/1.1" 401 2474
185.224.171.82 - - [15/May/2018:12:28:26 -0300] "GET /manager/html HTTP/1.1" 401 2474
185.224.171.82 - - [15/May/2018:12:28:27 -0300] "GET /manager/html HTTP/1.1" 401 2474
185.224.171.82 - - [15/May/2018:12:28:27 -0300] "GET /manager/html HTTP/1.1" 401 2474
185.224.171.82 - - [15/May/2018:12:28:28 -0300] "GET /manager/html HTTP/1.1" 401 2474
185.224.171.82 - - [15/May/2018:12:28:28 -0300] "GET /manager/html HTTP/1.1" 401 2474
185.224.171.82 - - [15/May/2018:12:28:28 -0300] "GET /manager/html HTTP/1.1" 401 2474
200.111.191.210 - - [15/May/2018:12:28:31 -0300] "POST /cormun/servlet/permisogoce?5cb8427006943301dc6e0b81f7a5d427,INS,0,,,,gx-no-cache=1526398092681 HTTP/1.1" 200 93
200.111.191.210 - - [15/May/2018:12:28:31 -0300] "GET /cormun/servlet/hpexe_return? HTTP/1.1" 200 1010
200.111.191.210 - - [15/May/2018:12:28:31 -0300] "GET /cormun/servlet/trpermisosgoce HTTP/1.1" 200 15934
200.111.191.210 - - [15/May/2018:12:28:32 -0300] "GET /cormun/servlet/trpermisosgoce HTTP/1.1" 200 15949
200.111.191.210 - - [15/May/2018:12:28:35 -0300] "GET /cormun/servlet/apermisogoceprn?12292045,P,20180515112501,PU HTTP/1.1" 200 1681
200.111.191.210 - - [15/May/2018:12:29:17 -0300] "GET /cormun/servlet/trsolicitudot? HTTP/1.1" 200 27204
200.111.191.210 - - [15/May/2018:12:29:18 -0300] "GET /cormun/servlet/trsolicitudot? HTTP/1.1" 200 27203
200.111.191.210 - - [15/May/2018:12:29:30 -0300] "GET /cormun/servlet/vesolicitudot?2018,11272,, HTTP/1.1" 200 8288
200.111.191.210 - - [15/May/2018:12:29:30 -0300] "GET /cormun/pexe_scrolldiv.js HTTP/1.1" 404 1009
200.111.191.210 - - [15/May/2018:12:29:30 -0300] "GET /cormun/servlet/vesolicitudot?2018,11272,, HTTP/1.1" 200 8287
200.111.191.210 - - [15/May/2018:12:29:50 -0300] "GET /cormun/servlet/vesolicitudot?2018,11272,,SolicitudOTAdjuntos HTTP/1.1" 200 10832
200.111.191.210 - - [15/May/2018:12:29:50 -0300] "GET /cormun/pexe_scrolldiv.js HTTP/1.1" 404 1009
200.111.191.210 - - [15/May/2018:12:29:50 -0300] "GET /cormun/static/tbsolicitudot02.js?201711142258496 HTTP/1.1" 200 15626
200.111.191.210 - - [15/May/2018:12:29:51 -0300] "GET /cormun/servlet/vesolicitudot?2018,11272,,SolicitudOTAdjuntos HTTP/1.1" 200 10834
200.111.191.210 - - [15/May/2018:12:29:51 -0300] "POST /cormun/servlet/acontrolpreferencessavestate?None,CA-7,true HTTP/1.1" 200 35
200.111.191.210 - - [15/May/2018:12:29:57 -0300] "GET /cormun/servlet/vesolicitudot?2018,11272,,SolicitudOTLog HTTP/1.1" 200 9308
200.111.191.210 - - [15/May/2018:12:29:57 -0300] "GET /cormun/pexe_scrolldiv.js HTTP/1.1" 404 1009
200.111.191.210 - - [15/May/2018:12:29:57 -0300] "GET /cormun/servlet/vesolicitudot?2018,11272,,SolicitudOTLog HTTP/1.1" 200 9307
200.111.191.210 - - [15/May/2018:12:29:58 -0300] "POST /cormun/servlet/acontrolpreferencessavestate?None,CA-7,true HTTP/1.1" 200 35
85.93.171.4 - - [15/May/2018:12:29:59 -0300] "GET / HTTP/1.1" 200 11217
200.111.191.210 - - [15/May/2018:12:30:02 -0300] "GET /cormun/servlet/vesolicitudot?2018,11272,,General HTTP/1.1" 200 8294
200.111.191.210 - - [15/May/2018:12:30:02 -0300] "GET /cormun/pexe_scrolldiv.js HTTP/1.1" 404 1009
200.111.191.210 - - [15/May/2018:12:30:02 -0300] "GET /cormun/servlet/vesolicitudot?2018,11272,,General HTTP/1.1" 200 8293
192.168.10.96 - - [15/May/2018:12:30:52 -0300] "GET /cormun/servlet/trsolicitudgral? HTTP/1.1" 500 10
192.168.10.96 - - [15/May/2018:12:31:01 -0300] "GET /cormun/servlet/hlogin HTTP/1.1" 200 1719
192.168.10.96 - - [15/May/2018:12:31:01 -0300] "GET /cormun/servlet/hlogin HTTP/1.1" 200 1729
192.168.10.96 - - [15/May/2018:12:31:11 -0300] "POST /cormun/servlet/hlogin?ada1a509613a97b246dd5afc9500572d,gx-no-cache=1526398082487 HTTP/1.1" 200 90
192.168.10.96 - - [15/May/2018:12:31:11 -0300] "GET /cormun/servlet/hpexe_link HTTP/1.1" 200 952
192.168.10.96 - - [15/May/2018:12:31:11 -0300] "GET /cormun/servlet/hhome HTTP/1.1" 200 4707
192.168.10.96 - - [15/May/2018:12:31:12 -0300] "GET /cormun/servlet/hhome HTTP/1.1" 200 4707
200.111.191.210 - - [15/May/2018:12:31:19 -0300] "GET /cormun/servlet/vesolicitudot?2018,11272,,SolicitudOTLog HTTP/1.1" 200 9307
200.111.191.210 - - [15/May/2018:12:31:20 -0300] "GET /cormun/pexe_scrolldiv.js HTTP/1.1" 404 1009
200.111.191.210 - - [15/May/2018:12:31:20 -0300] "GET /cormun/servlet/vesolicitudot?2018,11272,,SolicitudOTLog HTTP/1.1" 200 9307
200.111.191.210 - - [15/May/2018:12:31:21 -0300] "POST /cormun/servlet/acontrolpreferencessavestate?None,CA-7,true HTTP/1.1" 200 35
200.111.191.210 - - [15/May/2018:12:31:39 -0300] "GET /cormun/servlet/vesolicitudot?2018,11272,,General HTTP/1.1" 200 8294
200.111.191.210 - - [15/May/2018:12:31:39 -0300] "GET /cormun/pexe_scrolldiv.js HTTP/1.1" 404 1009
200.111.191.210 - - [15/May/2018:12:31:39 -0300] "GET /cormun/servlet/vesolicitudot?2018,11272,,General HTTP/1.1" 200 8293
186.67.172.234 - - [15/May/2018:12:31:41 -0300] "GET /cormun/servlet/licenciaspermisos?INS,0,,, HTTP/1.1" 200 7765
186.67.172.234 - - [15/May/2018:12:31:41 -0300] "GET /cormun/static/gxcfg.js?201762917281167 HTTP/1.1" 200 953
186.67.172.234 - - [15/May/2018:12:31:42 -0300] "GET /cormun/static/licenciaspermisos.js?201762917281260 HTTP/1.1" 200 37491
186.67.172.234 - - [15/May/2018:12:31:42 -0300] "GET /cormun/static/Resources/prompt.gif HTTP/1.1" 200 902
186.67.172.234 - - [15/May/2018:12:31:42 -0300] "GET /cormun/servlet/licenciaspermisos?INS,0,,, HTTP/1.1" 200 7773
200.111.191.210 - - [15/May/2018:12:32:15 -0300] "POST /cormun/servlet/vesolicitudot?5cb8427006943301dc6e0b81f7a5d427,2018,11272,,General,gx-no-cache=1526398316458 HTTP/1.1" 200 93
200.111.191.210 - - [15/May/2018:12:32:15 -0300] "GET /cormun/servlet/hpexe_return? HTTP/1.1" 200 1016
186.67.172.234 - - [15/May/2018:12:32:15 -0300] "GET /cormun/static/Resources/resize.gif HTTP/1.1" 200 77
200.111.191.210 - - [15/May/2018:12:32:15 -0300] "GET /cormun/servlet/trsolicitudot HTTP/1.1" 200 27208
186.67.172.234 - - [15/May/2018:12:32:15 -0300] "GET /cormun/servlet/prfichaempleado?,MD,,gxPopupLevel%3D0%3B HTTP/1.1" 200 9399
186.67.172.234 - - [15/May/2018:12:32:15 -0300] "GET /cormun/static/gxcfg.js?20177612134814 HTTP/1.1" 200 953
186.67.172.234 - - [15/May/2018:12:32:15 -0300] "GET /cormun/static/Resources/PXToolsMenuSearch.png HTTP/1.1" 200 2914
186.67.172.234 - - [15/May/2018:12:32:15 -0300] "GET /cormun/static/menusearch.js?201610171694467 HTTP/1.1" 200 1424
186.67.172.234 - - [15/May/2018:12:32:15 -0300] "GET /cormun/static/hmpwkw011.js?20177612121862 HTTP/1.1" 200 1968
186.67.172.234 - - [15/May/2018:12:32:15 -0300] "GET /cormun/static/Resources/PXToolsMenuSearchCancel.png HTTP/1.1" 200 2972
186.67.172.234 - - [15/May/2018:12:32:15 -0300] "GET /cormun/static/prfichaempleado.js?20177612134999 HTTP/1.1" 200 16006
200.111.191.210 - - [15/May/2018:12:32:16 -0300] "GET /cormun/servlet/trsolicitudot HTTP/1.1" 200 27203
200.111.191.210 - - [15/May/2018:12:32:26 -0300] "GET /cormun/servlet/vesolicitudot?2018,11266,, HTTP/1.1" 200 8305
200.111.191.210 - - [15/May/2018:12:32:26 -0300] "GET /cormun/pexe_scrolldiv.js HTTP/1.1" 404 1009
200.111.191.210 - - [15/May/2018:12:32:27 -0300] "GET /cormun/servlet/vesolicitudot?2018,11266,, HTTP/1.1" 200 8304
200.111.191.210 - - [15/May/2018:12:32:31 -0300] "GET /cormun/servlet/vesolicitudot?2018,11266,,SolicitudOTLog HTTP/1.1" 200 9310
200.111.191.210 - - [15/May/2018:12:32:31 -0300] "GET /cormun/pexe_scrolldiv.js HTTP/1.1" 404 1009
200.111.191.210 - - [15/May/2018:12:32:31 -0300] "GET /cormun/servlet/vesolicitudot?2018,11266,,SolicitudOTLog HTTP/1.1" 200 9311
200.111.191.210 - - [15/May/2018:12:32:32 -0300] "POST /cormun/servlet/acontrolpreferencessavestate?None,CA-7,true HTTP/1.1" 200 35
186.67.172.234 - - [15/May/2018:12:32:34 -0300] "GET /cormun/servlet/licenciaspermisos?00dabd1e1d50d5106f07ac7f1c8595504ac5e8c8defc5a8f3e2857b87d7262a824481a2e129010208e3351ceb7e95b69,gx-no-cache=1526398295626 HTTP/1.1" 200 82
186.67.172.234 - - [15/May/2018:12:32:34 -0300] "POST /cormun/servlet/licenciaspermisos?8082a6fc938ed3057a6a74d56f72c256,INS,0,,,,gx-no-cache=1526398295669 HTTP/1.1" 200 4867
200.111.191.210 - - [15/May/2018:12:32:35 -0300] "GET /cormun/servlet/vesolicitudot?2018,11266,,General HTTP/1.1" 200 8310
200.111.191.210 - - [15/May/2018:12:32:35 -0300] "GET /cormun/pexe_scrolldiv.js HTTP/1.1" 404 1009
200.111.191.210 - - [15/May/2018:12:32:36 -0300] "GET /cormun/servlet/vesolicitudot?2018,11266,,General HTTP/1.1" 200 8310
200.111.191.210 - - [15/May/2018:12:32:38 -0300] "POST /cormun/servlet/vesolicitudot?5cb8427006943301dc6e0b81f7a5d427,2018,11266,,General,gx-no-cache=1526398339657 HTTP/1.1" 200 93
200.111.191.210 - - [15/May/2018:12:32:38 -0300] "GET /cormun/servlet/hpexe_return? HTTP/1.1" 200 1016
200.111.191.210 - - [15/May/2018:12:32:39 -0300] "GET /cormun/servlet/trsolicitudot HTTP/1.1" 200 27208
200.111.191.210 - - [15/May/2018:12:32:39 -0300] "GET /cormun/servlet/trsolicitudot HTTP/1.1" 200 27203
200.111.191.210 - - [15/May/2018:12:32:51 -0300] "GET /cormun/servlet/vesolicitudot?2018,11104,, HTTP/1.1" 200 8367
200.111.191.210 - - [15/May/2018:12:32:51 -0300] "GET /cormun/pexe_scrolldiv.js HTTP/1.1" 404 1009
200.111.191.210 - - [15/May/2018:12:32:51 -0300] "GET /cormun/servlet/vesolicitudot?2018,11104,, HTTP/1.1" 200 8367
200.111.191.210 - - [15/May/2018:12:32:56 -0300] "GET /cormun/servlet/hlogin HTTP/1.1" 200 1748
186.103.159.182 - - [15/May/2018:12:33:06 -0300] "GET /cormun/servlet/licenciaspermisos?INS,0,,, HTTP/1.1" 200 7802
186.103.159.182 - - [15/May/2018:12:33:09 -0300] "GET /cormun/servlet/licenciaspermisos?INS,0,,, HTTP/1.1" 200 7810
186.103.159.182 - - [15/May/2018:12:33:10 -0300] "GET /cormun/servlet/licenciaspermisos?INS,0,,, HTTP/1.1" 200 7810
186.103.159.182 - - [15/May/2018:12:33:11 -0300] "GET /cormun/servlet/licenciaspermisos?INS,0,,, HTTP/1.1" 200 7810
186.67.172.234 - - [15/May/2018:12:33:19 -0300] "GET /cormun/static/menuarrow.gif HTTP/1.1" 404 1015
186.103.159.182 - - [15/May/2018:12:33:40 -0300] "GET /cormun/servlet/prfichaempleado?,MD,,gxPopupLevel%3D0%3B HTTP/1.1" 200 9436
186.103.159.182 - - [15/May/2018:12:33:50 -0300] "POST /cormun/servlet/prfichaempleado?c19926665e12bcba75129a52adf14510,,MD,,gxPopupLevel%3D0%3B,gx-no-cache=1526394753496 HTTP/1.1" 200 3756
177.101.184.111 - - [15/May/2018:12:33:55 -0300] "GET / HTTP/1.1" 200 11217
186.103.159.182 - - [15/May/2018:12:33:57 -0300] "GET /cormun/servlet/licenciaspermisos?ed95f8fdf71566d6914f8fad1911c41241ac181ab80d2e6b7bf0acc35eb0edc6b2628f7826f60dbfe3b03addcdf3f059,gx-no-cache=1526394760831 HTTP/1.1" 200 110
186.103.159.182 - - [15/May/2018:12:33:57 -0300] "POST /cormun/servlet/licenciaspermisos?c19926665e12bcba75129a52adf14510,INS,0,,,,gx-no-cache=1526394760967 HTTP/1.1" 200 4911
186.103.159.182 - - [15/May/2018:12:34:45 -0300] "GET /cormun/static/menuarrow.gif HTTP/1.1" 404 1015
186.67.172.234 - - [15/May/2018:12:37:34 -0300] "GET /cormun/servlet/licenciaspermisos?00dabd1e1d50d5106f07ac7f1c8595507c6747bc08f33fa0098e1b75dcf145797f299d9888c7df8374fd96a4a64a597a49da0e343622dda4178d362ca99d4098851a3b4070469f5c8332acc8a37a2cafa6be4708201d00af5550e2103e8c171aeaff72a2dd3008d71cf31b525b17ef679d8720f81fdb66c2fdcf6fca897cb67f274c1d5bd556a327ac7e7a0b4ed3b6813a8eeaccdef533213b47e5851cf1bcc4439e929fec509a2d5b1b62ac8d1f8ad4,gx-no-cache=1526398595446 HTTP/1.1" 200 30
186.67.172.234 - - [15/May/2018:12:37:34 -0300] "GET /cormun/servlet/licenciaspermisos?00dabd1e1d50d5106f07ac7f1c859550aefc07091f52d67b8e230eb32a6f470c8f51559c6c86a19d308bbb2daf2f2820ea04a3cebaa937212301fdf3e0f01a49965711721595714fe62de6a68ce05862943cca7b7cf633efebc26f2d3e3623cb2fd1b00c477341d7a5ba84acf49618b80773222019ecd35ce4d97288af4a264391ca586ab80afeb8facf70b89f6793817d63b26dd7768276d43afe2366cb7edd8f193f99ee28559f673f86937826cd19,gx-no-cache=1526398595655 HTTP/1.1" 200 29
186.67.172.234 - - [15/May/2018:12:37:34 -0300] "POST /cormun/servlet/licenciaspermisos?8082a6fc938ed3057a6a74d56f72c256,INS,0,,,,gx-no-cache=1526398595726 HTTP/1.1" 200 5047
186.67.172.234 - - [15/May/2018:12:37:34 -0300] "GET /cormun/static/Shared/jqueryui/images/ui-bg_highlight-soft_100_c6c2c8_1x100.png HTTP/1.1" 404 1117
186.67.172.234 - - [15/May/2018:12:37:34 -0300] "GET /cormun/static/Shared/jqueryui/images/ui-icons_82798d_256x240.png HTTP/1.1" 404 1089
186.67.172.234 - - [15/May/2018:12:37:34 -0300] "GET /cormun/static/Shared/jqueryui/images/ui-bg_flat_55_994d53_40x100.png HTTP/1.1" 404 1097
186.67.172.234 - - [15/May/2018:12:37:34 -0300] "GET /cormun/static/Shared/jqueryui/images/ui-icons_ebccce_256x240.png HTTP/1.1" 404 1089
186.67.172.234 - - [15/May/2018:12:37:54 -0300] "GET /cormun/servlet/licenciaspermisos?00dabd1e1d50d5106f07ac7f1c8595507c6747bc08f33fa0098e1b75dcf145797f299d9888c7df8374fd96a4a64a597a49da0e343622dda4178d362ca99d4098851a3b4070469f5c8332acc8a37a2cafa6be4708201d00af5550e2103e8c171ac6cbfd2cb32e9e2594e2860577d936179d8720f81fdb66c2fdcf6fca897cb67f15901b51b02903446e8ac253ddbaf28ccf2aebdf39a0bab7a27d57775b79c5f31c78a0eeab1e0198ba48ce771cb5998071f4ef3fc6edb3eef80dc35f9ebf3fac28004eb0ba185fe45d8387470ba986fd0e39c44d5f6715467144c0f5a8ad5648,gx-no-cache=1526398615243 HTTP/1.1" 200 30
186.67.172.234 - - [15/May/2018:12:37:54 -0300] "GET /cormun/servlet/licenciaspermisos?00dabd1e1d50d5106f07ac7f1c859550aefc07091f52d67b8e230eb32a6f470c8f51559c6c86a19d308bbb2daf2f2820ea04a3cebaa937212301fdf3e0f01a49965711721595714fe62de6a68ce05862943cca7b7cf633efebc26f2d3e3623cb92408b162f8375e29c0c243940deb5c20773222019ecd35ce4d97288af4a2643b8d8869121679eea4c30c9beba36f533731ec86c47ce798bc082f0162263a93fcd697c5b77f316aed8ac0fe4eef68981092b8b8ba9ce4162953953df08d79ec271aed4eb4c22e280b88eaf69e544f95ca5874a797a4b78e97fcbe741a231adea,gx-no-cache=1526398615293 HTTP/1.1" 200 29
186.67.172.234 - - [15/May/2018:12:37:54 -0300] "POST /cormun/servlet/licenciaspermisos?8082a6fc938ed3057a6a74d56f72c256,INS,0,,,,gx-no-cache=1526398615347 HTTP/1.1" 200 93
186.67.172.234 - - [15/May/2018:12:37:54 -0300] "GET /cormun/servlet/hpexe_return? HTTP/1.1" 200 1007
186.67.172.234 - - [15/May/2018:12:37:54 -0300] "GET /cormun/static/gxcfg.js?2016101716175148 HTTP/1.1" 200 953
186.67.172.234 - - [15/May/2018:12:37:54 -0300] "GET /cormun/static/hpexe_return.js?2016101716175153 HTTP/1.1" 200 1633
186.67.172.234 - - [15/May/2018:12:37:54 -0300] "GET /cormun/static/Resources/Spanish/PXTools.css?167811 HTTP/1.1" 200 89042
186.67.172.234 - - [15/May/2018:12:37:54 -0300] "GET /cormun/servlet/trlicencias HTTP/1.1" 200 14837
186.67.172.234 - - [15/May/2018:12:37:55 -0300] "GET /cormun//static/Resources/PXToolsGridUpdate.png HTTP/1.1" 200 2984
186.67.172.234 - - [15/May/2018:12:37:55 -0300] "GET /cormun//static/Resources/PXToolsGridDelete.png HTTP/1.1" 200 357
186.67.172.234 - - [15/May/2018:12:37:55 -0300] "GET /cormun/servlet/trlicencias HTTP/1.1" 200 14831
186.67.172.234 - - [15/May/2018:12:37:59 -0300] "GET /cormun/servlet/alicenciaprn?4861347,L,20180515000000,PU HTTP/1.1" 200 1548
186.67.172.234 - - [15/May/2018:12:38:08 -0300] "GET /cormun/servlet/trlicenciaspermisosadjuntos?4861347,20180515000000,L, HTTP/1.1" 200 6579
186.67.172.234 - - [15/May/2018:12:38:08 -0300] "GET /cormun/static/gxcfg.js?20177612163414 HTTP/1.1" 200 953
186.67.172.234 - - [15/May/2018:12:38:08 -0300] "GET /cormun/static/trlicenciaspermisosadjuntos.js?20177612163719 HTTP/1.1" 200 21036
186.67.172.234 - - [15/May/2018:12:38:08 -0300] "GET /cormun/servlet/trlicenciaspermisosadjuntos?4861347,20180515000000,L, HTTP/1.1" 200 6579
186.67.172.234 - - [15/May/2018:12:38:10 -0300] "GET /cormun/servlet/licenciaspermisosadjuntos?INS,4861347,L,20180515000000,, HTTP/1.1" 200 5878
186.67.172.234 - - [15/May/2018:12:38:10 -0300] "GET /cormun/static/gxcfg.js?2017761263592 HTTP/1.1" 200 953
186.67.172.234 - - [15/May/2018:12:38:10 -0300] "GET /cormun/static/licenciaspermisosadjuntos.js?201776126362 HTTP/1.1" 200 8760
186.67.172.234 - - [15/May/2018:12:38:10 -0300] "GET /cormun/static/about:blank HTTP/1.1" 404 1011
186.67.172.234 - - [15/May/2018:12:38:11 -0300] "GET /cormun/servlet/licenciaspermisosadjuntos?INS,4861347,L,20180515000000,, HTTP/1.1" 200 5867
186.103.159.182 - - [15/May/2018:12:38:23 -0300] "GET /cormun/servlet/licenciaspermisos?ed95f8fdf71566d6914f8fad1911c4124cd38d306fcef574da2ffbbdc39101dd8231be16d29efd7bdab1aacc32b76956263a866b8bc15b17111f0d574c18b84de9d883ce2a3c054feb24d0297bef83091ec7edcc75382e7140717a1d008ed4520185ae203dc85af8a875e907c0740c2c1042b339c620619c481460cd55441c19b1ba91ce5a4b3cb8879aa01dd110c97373d65f17db50c8adaf19eaf96be403b5349b8d720ab0b35095dfa27d903154e385a64d44caffa5614aed77cbd853490df28bac3ad1e6fd43bc43e0bb128605a9ec6c42b4768cd19be89820fbfbe493e6,gx-no-cache=1526395026620 HTTP/1.1" 200 30
186.103.159.182 - - [15/May/2018:12:38:23 -0300] "GET /cormun/servlet/licenciaspermisos?ed95f8fdf71566d6914f8fad1911c412cc5b3662d556a18a7f69fbfd280fbc03452ff92762d21a87fcf13f59fc1e8f0d43d0fca3454f3fe12ff593743f8d81aa403665c2f799a55cadb75ad4890b0435f922386b0eb4f83d0b9828201fff7e083aad5aae8fd93dbb94a8f3c82d37f7a618231a12fe6199aa08ed2844edbcf5ce57ffb6e2cf6a8152d9b675fe2b33a04945eb4102898d5026f20e524f78a4b1b08c29d52507cb0be74bec2626a8384a4753c0d7cc00bf670e082821a7ea405d1ed66d4dd377efef4f1c960513fa3a189b2d0cb6a7bc962a8f9afe6e392df28754,gx-no-cache=1526395026770 HTTP/1.1" 200 29
186.103.159.182 - - [15/May/2018:12:38:23 -0300] "POST /cormun/servlet/licenciaspermisos?c19926665e12bcba75129a52adf14510,INS,0,,,,gx-no-cache=1526395026823 HTTP/1.1" 200 93
186.103.159.182 - - [15/May/2018:12:38:23 -0300] "GET /cormun/servlet/hpexe_return? HTTP/1.1" 200 1015
186.103.159.182 - - [15/May/2018:12:38:24 -0300] "GET /cormun/servlet/trlicencias HTTP/1.1" 200 10748
186.103.159.182 - - [15/May/2018:12:38:26 -0300] "GET /cormun/servlet/trlicencias HTTP/1.1" 200 10743
186.103.159.182 - - [15/May/2018:12:38:36 -0300] "GET /cormun/servlet/trlicenciaspermisosadjuntos?18379144,20180515000000,L, HTTP/1.1" 200 6617
186.103.159.182 - - [15/May/2018:12:38:38 -0300] "GET /cormun/servlet/trlicenciaspermisosadjuntos?18379144,20180515000000,L, HTTP/1.1" 200 6618
186.103.159.182 - - [15/May/2018:12:38:56 -0300] "GET /cormun/servlet/licenciaspermisosadjuntos?INS,18379144,L,20180515000000,, HTTP/1.1" 200 5916
186.103.159.182 - - [15/May/2018:12:38:57 -0300] "GET /cormun/static/about:blank HTTP/1.1" 404 1011
186.103.159.182 - - [15/May/2018:12:38:58 -0300] "GET /cormun/servlet/licenciaspermisosadjuntos?INS,18379144,L,20180515000000,, HTTP/1.1" 200 5905
186.67.172.234 - - [15/May/2018:12:38:59 -0300] "POST /cormun/servlet/licenciaspermisosadjuntos?8082a6fc938ed3057a6a74d56f72c256,INS,4861347,L,20180515000000,, HTTP/1.1" 200 116
186.67.172.234 - - [15/May/2018:12:38:59 -0300] "GET /cormun/servlet/hpexe_return? HTTP/1.1" 200 1037
186.67.172.234 - - [15/May/2018:12:39:00 -0300] "GET /cormun/servlet/trlicenciaspermisosadjuntos?4861347,20180515000000,L, HTTP/1.1" 200 7088
186.67.172.234 - - [15/May/2018:12:39:01 -0300] "GET /cormun/servlet/trlicenciaspermisosadjuntos?4861347,20180515000000,L, HTTP/1.1" 200 7085
186.67.172.234 - - [15/May/2018:12:39:17 -0300] "POST /cormun/servlet/trlicenciaspermisosadjuntos?8082a6fc938ed3057a6a74d56f72c256,4861347,20180515000000,L,,gx-no-cache=1526398698616 HTTP/1.1" 200 90
186.67.172.234 - - [15/May/2018:12:39:17 -0300] "GET /cormun/servlet/hpexe_link HTTP/1.1" 200 980
186.67.172.234 - - [15/May/2018:12:39:17 -0300] "GET /cormun/servlet/trlicencias HTTP/1.1" 200 14833
186.67.172.234 - - [15/May/2018:12:39:18 -0300] "GET /cormun/servlet/trlicencias HTTP/1.1" 200 14831
186.67.172.234 - - [15/May/2018:12:39:21 -0300] "GET /cormun/servlet/alicenciaprn?4861347,L,20180515000000,PU HTTP/1.1" 200 1548
