192.168.10.96 - - [11/May/2018:10:39:50 -0300] "GET /cormun/servlet/solicitudgral2?aee2cff9c29ff280fcc9891fd543a708d6258c74d08af37b04d4e999805f4860c1598dcd402778b581fd2f0cba7e677d175acf395398acaf28e2bb934a12d57f44766fc2f0043572467e829102ad3442393a0a458dde7e3d616aaee2eeb1240fc1d1ab95b1c8abd6ef3d0dfc6ff7b0ec2155ca60589fdc9f8505a8918aa112c268998e80f8cf43b3edf909a9b52c2320ca74cd3fa5a8c5cade1957c2345452d7,gx-no-cache=1526045803096 HTTP/1.1" 200 29
192.168.10.96 - - [11/May/2018:10:39:50 -0300] "POST /cormun/servlet/solicitudgral2?gx-no-cache=1526045803118 HTTP/1.1" 200 1327
192.168.10.96 - - [11/May/2018:10:39:50 -0300] "POST /cormun/servlet/solicitudgral2?gx-no-cache=1526045803153 HTTP/1.1" 200 1249
192.168.10.96 - - [11/May/2018:10:39:54 -0300] "GET /cormun/servlet/solicitudgral2?aee2cff9c29ff280fcc9891fd543a7084c554970e77b8198b4deff8e370d3a1c647175f3fb3b50fe95b1c2c2d7aeb410d4fc41806cb184bad78011e1b79f0b0fce6ceba12bab364ba5e17d1f57590f16c4e2dfef1ec1d8b47bfefb1aa8ba58ae7e9c61d8c3d26f69ce13c3b534b5011cf3a7c455e8731ea913d813f82ae34a62,gx-no-cache=1526045806691 HTTP/1.1" 200 30
192.168.10.96 - - [11/May/2018:10:39:54 -0300] "POST /cormun/servlet/solicitudgral2?59b7f16f99339c1b43577c25d19a85c1,UPD,2018,11271,,gx-no-cache=1526045806709 HTTP/1.1" 200 93
192.168.10.96 - - [11/May/2018:10:39:54 -0300] "GET /cormun/servlet/hpexe_return? HTTP/1.1" 200 1010
192.168.10.96 - - [11/May/2018:10:39:54 -0300] "GET /cormun/servlet/trsolicitudgral HTTP/1.1" 200 20152
192.168.10.96 - - [11/May/2018:10:39:55 -0300] "GET /cormun/servlet/trsolicitudgral HTTP/1.1" 200 20147
192.168.10.96 - - [11/May/2018:10:39:59 -0300] "GET /cormun/servlet/trsolicitudgral? HTTP/1.1" 200 20147
192.168.10.96 - - [11/May/2018:10:40:00 -0300] "GET /cormun/servlet/trsolicitudgral? HTTP/1.1" 200 20147
200.111.122.170 - - [11/May/2018:10:40:23 -0300] "GET /cormun/servlet/hlogin HTTP/1.1" 200 1714
200.72.197.82 - - [11/May/2018:10:40:33 -0300] "POST /cormun/servlet/hlogin?dd166bbbced8499bc3d45897bf55d35c,gx-no-cache=1526045971993 HTTP/1.1" 200 90
200.72.197.82 - - [11/May/2018:10:40:33 -0300] "GET /cormun/servlet/hpexe_link HTTP/1.1" 200 945
200.72.197.82 - - [11/May/2018:10:40:33 -0300] "GET /cormun/servlet/hhome HTTP/1.1" 200 4210
200.72.197.82 - - [11/May/2018:10:40:33 -0300] "GET /cormun/servlet/hhome HTTP/1.1" 200 4206
200.111.122.170 - - [11/May/2018:10:40:37 -0300] "GET /cormun/servlet/trpermisosgoce? HTTP/1.1" 200 10598
200.111.122.170 - - [11/May/2018:10:40:38 -0300] "GET /cormun/servlet/trpermisosgoce? HTTP/1.1" 200 10596
200.111.122.170 - - [11/May/2018:10:40:41 -0300] "GET /cormun/servlet/trpermisosadjuntos?17521210,20180510134812,P, HTTP/1.1" 200 6526
190.151.100.218 - - [11/May/2018:10:40:41 -0300] "GET /cormun/servlet/trpermisosadjuntos?17521210,20180510134812,P, HTTP/1.1" 200 6526
190.151.100.218 - - [11/May/2018:10:40:41 -0300] "GET /cormun/servlet/trpermisosadjuntos?17521210,20180510134812,P, HTTP/1.1" 200 6526
190.151.100.218 - - [11/May/2018:10:40:43 -0300] "GET /cormun/servlet/permisosadjuntos?INS,17521210,P,20180510134812,, HTTP/1.1" 200 5864
190.151.100.218 - - [11/May/2018:10:40:44 -0300] "GET /cormun/static/about:blank HTTP/1.1" 404 1011
190.151.100.218 - - [11/May/2018:10:40:44 -0300] "GET /cormun/servlet/permisosadjuntos?INS,17521210,P,20180510134812,, HTTP/1.1" 200 5852
187.10.159.217 - - [11/May/2018:10:40:58 -0300] "GET / HTTP/1.1" 200 11217
190.151.100.218 - - [11/May/2018:10:41:04 -0300] "POST /cormun/servlet/permisosadjuntos?dd166bbbced8499bc3d45897bf55d35c,INS,17521210,P,20180510134812,, HTTP/1.1" 200 116
190.151.100.218 - - [11/May/2018:10:41:04 -0300] "GET /cormun/servlet/hpexe_return? HTTP/1.1" 200 1033
190.151.100.218 - - [11/May/2018:10:41:04 -0300] "GET /cormun/servlet/trpermisosadjuntos?17521210,20180510134812,P, HTTP/1.1" 200 7023
190.151.100.218 - - [11/May/2018:10:41:05 -0300] "GET /cormun/servlet/trpermisosadjuntos?17521210,20180510134812,P, HTTP/1.1" 200 7019
200.72.197.82 - - [11/May/2018:10:41:09 -0300] "POST /cormun/servlet/trpermisosadjuntos?dd166bbbced8499bc3d45897bf55d35c,17521210,20180510134812,P,,gx-no-cache=1526046007992 HTTP/1.1" 200 90
200.72.197.82 - - [11/May/2018:10:41:09 -0300] "GET /cormun/servlet/hpexe_link HTTP/1.1" 200 976
200.72.197.82 - - [11/May/2018:10:41:09 -0300] "GET /cormun/servlet/trpermisosgoce HTTP/1.1" 200 10597
200.72.197.82 - - [11/May/2018:10:41:09 -0300] "GET /cormun/servlet/trpermisosgoce HTTP/1.1" 200 10596
200.72.197.82 - - [11/May/2018:10:41:13 -0300] "POST /cormun/servlet/trpermisosgoce?dd166bbbced8499bc3d45897bf55d35c,gx-no-cache=1526046012759 HTTP/1.1" 200 7759
200.72.197.82 - - [11/May/2018:10:41:14 -0300] "GET /cormun/static/Shared/jqueryui/images/ui-bg_highlight-soft_100_c6c2c8_1x100.png HTTP/1.1" 404 1117
200.72.197.82 - - [11/May/2018:10:41:14 -0300] "GET /cormun/static/Shared/jqueryui/images/ui-icons_82798d_256x240.png HTTP/1.1" 404 1089
186.67.203.186 - - [11/May/2018:10:41:14 -0300] "GET /cormun/static/Shared/jqueryui/images/ui-icons_8d78a5_256x240.png HTTP/1.1" 404 1089
200.72.197.82 - - [11/May/2018:10:41:14 -0300] "GET /cormun/static/Shared/jqueryui/images/ui-bg_flat_55_fafafa_40x100.png HTTP/1.1" 404 1097
200.111.122.170 - - [11/May/2018:10:41:20 -0300] "GET /cormun/servlet/trautorizarpermisogoce? HTTP/1.1" 200 7889
200.111.122.170 - - [11/May/2018:10:41:21 -0300] "GET /cormun/servlet/trautorizarpermisogoce? HTTP/1.1" 200 7889
200.111.122.170 - - [11/May/2018:10:41:24 -0300] "POST /cormun/servlet/trautorizarpermisogoce?dd166bbbced8499bc3d45897bf55d35c,,gx-no-cache=1526046023421 HTTP/1.1" 200 4353
200.111.122.170 - - [11/May/2018:10:41:24 -0300] "GET /cormun/static/Shared/jqueryui/images/ui-bg_highlight-soft_100_c6c2c8_1x100.png HTTP/1.1" 404 1117
200.111.122.170 - - [11/May/2018:10:41:24 -0300] "GET /cormun/static/Shared/jqueryui/images/ui-icons_8d78a5_256x240.png HTTP/1.1" 404 1089
200.111.122.170 - - [11/May/2018:10:41:24 -0300] "GET /cormun/static/Shared/jqueryui/images/ui-icons_82798d_256x240.png HTTP/1.1" 404 1089
186.103.132.155 - - [11/May/2018:10:41:24 -0300] "GET /cormun/static/Shared/jqueryui/images/ui-bg_flat_55_fafafa_40x100.png HTTP/1.1" 404 1097
186.67.203.186 - - [11/May/2018:10:41:27 -0300] "GET /cormun/servlet/trpermisosgoce? HTTP/1.1" 200 10558
186.67.203.186 - - [11/May/2018:10:41:28 -0300] "GET /cormun/servlet/trpermisosgoce? HTTP/1.1" 200 10557
186.67.203.186 - - [11/May/2018:10:41:32 -0300] "GET /cormun/servlet/permisogoce?INS,0,,, HTTP/1.1" 200 7075
192.168.10.58 - - [11/May/2018:10:41:32 -0300] "GET /cormun/servlet/hlogin HTTP/1.1" 200 1722
186.67.172.234 - - [11/May/2018:10:41:32 -0300] "GET /cormun/servlet/trpermisosgoce? HTTP/1.1" 200 13981
192.168.10.58 - - [11/May/2018:10:41:32 -0300] "GET /cormun/static/gxtimezone.js?85251 HTTP/1.1" 304 -
192.168.10.58 - - [11/May/2018:10:41:32 -0300] "GET /cormun/static/gxcfg.js?20175251213516 HTTP/1.1" 304 -
192.168.10.58 - - [11/May/2018:10:41:32 -0300] "GET /cormun/static/messages.spa.js?85251 HTTP/1.1" 304 -
192.168.10.58 - - [11/May/2018:10:41:33 -0300] "GET /cormun/servlet/hlogin HTTP/1.1" 200 1728
186.67.203.186 - - [11/May/2018:10:41:34 -0300] "GET /cormun/servlet/permisogoce?INS,0,,, HTTP/1.1" 200 7075
192.168.10.58 - - [11/May/2018:10:41:38 -0300] "POST /cormun/servlet/hlogin?17cc91d804519d8eb105527992e6bfa0,gx-no-cache=1526045911151 HTTP/1.1" 200 90
192.168.10.58 - - [11/May/2018:10:41:38 -0300] "GET /cormun/servlet/hpexe_link HTTP/1.1" 200 950
192.168.10.58 - - [11/May/2018:10:41:38 -0300] "GET /cormun/static/gxcfg.js?20177612121792 HTTP/1.1" 304 -
192.168.10.58 - - [11/May/2018:10:41:38 -0300] "GET /cormun/servlet/hhome HTTP/1.1" 200 3837
192.168.10.58 - - [11/May/2018:10:41:38 -0300] "GET /cormun/static/gxcfg.js?20175251212442 HTTP/1.1" 304 -
192.168.10.58 - - [11/May/2018:10:41:39 -0300] "GET /cormun/servlet/hhome HTTP/1.1" 200 3834
192.168.10.58 - - [11/May/2018:10:41:45 -0300] "GET /cormun/servlet/trsolicitudgral? HTTP/1.1" 200 27186
192.168.10.58 - - [11/May/2018:10:41:45 -0300] "GET /cormun/static/gxcfg.js?201813119461163 HTTP/1.1" 304 -
192.168.10.58 - - [11/May/2018:10:41:45 -0300] "GET /cormun/static/calendar.js?85251 HTTP/1.1" 304 -
192.168.10.58 - - [11/May/2018:10:41:45 -0300] "GET /cormun/static/calendar-es.js?85251 HTTP/1.1" 304 -
192.168.10.58 - - [11/May/2018:10:41:45 -0300] "GET /cormun/static/calendar-setup.js?85251 HTTP/1.1" 304 -
192.168.10.58 - - [11/May/2018:10:41:46 -0300] "GET /cormun/static/gxdec.js?85251 HTTP/1.1" 304 -
192.168.10.58 - - [11/May/2018:10:41:47 -0300] "GET /cormun/servlet/trsolicitudgral? HTTP/1.1" 200 27185
186.67.172.234 - - [11/May/2018:10:42:04 -0300] "GET /cormun/servlet/trpermisosadjuntos?13720077,20180511103140,P, HTTP/1.1" 200 6546
186.67.172.234 - - [11/May/2018:10:42:04 -0300] "GET /cormun/static/gxcfg.js?201762817193957 HTTP/1.1" 200 953
186.67.172.234 - - [11/May/2018:10:42:04 -0300] "GET /cormun/static/trpermisosadjuntos.js?201762817194366 HTTP/1.1" 200 20158
186.67.172.234 - - [11/May/2018:10:42:04 -0300] "GET /cormun/servlet/trpermisosadjuntos?13720077,20180511103140,P, HTTP/1.1" 200 6545
186.67.172.234 - - [11/May/2018:10:42:06 -0300] "GET /cormun/servlet/permisosadjuntos?INS,13720077,P,20180511103140,, HTTP/1.1" 200 5877
186.67.172.234 - - [11/May/2018:10:42:06 -0300] "GET /cormun/static/gxcfg.js?201762717441171 HTTP/1.1" 200 953
186.67.172.234 - - [11/May/2018:10:42:06 -0300] "GET /cormun/static/permisosadjuntos.js?201762717441184 HTTP/1.1" 200 8724
186.67.172.234 - - [11/May/2018:10:42:06 -0300] "GET /cormun/static/about:blank HTTP/1.1" 404 1011
186.67.172.234 - - [11/May/2018:10:42:07 -0300] "GET /cormun/servlet/permisosadjuntos?INS,13720077,P,20180511103140,, HTTP/1.1" 200 5867
186.67.172.234 - - [11/May/2018:10:42:14 -0300] "POST /cormun/servlet/permisosadjuntos?cac2742aef5fa9a7d3f3cfefe6964fe9,INS,13720077,P,20180511103140,, HTTP/1.1" 200 116
186.67.172.234 - - [11/May/2018:10:42:14 -0300] "GET /cormun/servlet/hpexe_return? HTTP/1.1" 200 1032
186.67.172.234 - - [11/May/2018:10:42:14 -0300] "GET /cormun/servlet/trpermisosadjuntos?13720077,20180511103140,P, HTTP/1.1" 200 7037
186.67.172.234 - - [11/May/2018:10:42:15 -0300] "GET /cormun/servlet/trpermisosadjuntos?13720077,20180511103140,P, HTTP/1.1" 200 7033
200.72.197.82 - - [11/May/2018:10:42:15 -0300] "GET /cormun/servlet/permisogoce?b1506ddb1dacbe8ab5e702f596f602a5d2075a982ac0926b12029de484fdc9a12e23255ae2bb22cc5e3a0caa39456f257de7ba135809ac950c5509cc5b46cbe7,gx-no-cache=1526046074444 HTTP/1.1" 200 78
186.67.172.234 - - [11/May/2018:10:42:17 -0300] "POST /cormun/servlet/trpermisosadjuntos?cac2742aef5fa9a7d3f3cfefe6964fe9,13720077,20180511103140,P,,gx-no-cache=1526046012858 HTTP/1.1" 200 90
186.67.172.234 - - [11/May/2018:10:42:17 -0300] "GET /cormun/servlet/hpexe_link HTTP/1.1" 200 977
186.67.172.234 - - [11/May/2018:10:42:17 -0300] "GET /cormun/servlet/trpermisosgoce HTTP/1.1" 200 13982
186.67.172.234 - - [11/May/2018:10:42:18 -0300] "GET /cormun/servlet/trpermisosgoce HTTP/1.1" 200 13991
192.168.10.58 - - [11/May/2018:10:42:19 -0300] "GET /cormun/static/menuarrow.gif HTTP/1.1" 404 1015
186.67.172.234 - - [11/May/2018:10:42:22 -0300] "POST /cormun/servlet/trpermisosgoce?cac2742aef5fa9a7d3f3cfefe6964fe9,gx-no-cache=1526046017325 HTTP/1.1" 200 11074
186.67.172.234 - - [11/May/2018:10:42:22 -0300] "GET /cormun/static/Shared/jqueryui/images/ui-bg_highlight-soft_100_c6c2c8_1x100.png HTTP/1.1" 404 1117
186.67.172.234 - - [11/May/2018:10:42:22 -0300] "GET /cormun/static/Shared/jqueryui/images/ui-icons_82798d_256x240.png HTTP/1.1" 404 1089
186.67.172.234 - - [11/May/2018:10:42:22 -0300] "GET /cormun/static/Shared/jqueryui/images/ui-bg_flat_55_fafafa_40x100.png HTTP/1.1" 404 1097
186.67.172.234 - - [11/May/2018:10:42:22 -0300] "GET /cormun/static/Shared/jqueryui/images/ui-icons_8d78a5_256x240.png HTTP/1.1" 404 1089
200.72.197.82 - - [11/May/2018:10:42:25 -0300] "GET /cormun/servlet/permisogoce?b1506ddb1dacbe8ab5e702f596f602a5524884e59f6a7cc62ef4fb0d290262a1fc9041cab44d7a15630cd723d83dd87804d61ae3f8aa5964126f51b1e33c2144,gx-no-cache=1526046084096 HTTP/1.1" 200 47
186.67.172.234 - - [11/May/2018:10:42:27 -0300] "GET /cormun/servlet/trpermisosgoce? HTTP/1.1" 200 13942
186.67.172.234 - - [11/May/2018:10:42:27 -0300] "GET /cormun/servlet/trpermisosgoce? HTTP/1.1" 200 13920
192.168.10.58 - - [11/May/2018:10:42:29 -0300] "POST /cormun/servlet/trsolicitudgral?17cc91d804519d8eb105527992e6bfa0,,gx-no-cache=1526045961319 HTTP/1.1" 200 24726
186.103.132.155 - - [11/May/2018:10:42:29 -0300] "POST /cormun/servlet/permisogoce?dd166bbbced8499bc3d45897bf55d35c,INS,0,,,,gx-no-cache=1526046088426 HTTP/1.1" 200 93
186.103.132.155 - - [11/May/2018:10:42:29 -0300] "GET /cormun/servlet/hpexe_return? HTTP/1.1" 200 1005
186.103.132.155 - - [11/May/2018:10:42:30 -0300] "GET /cormun/servlet/trpermisosgoce HTTP/1.1" 200 10837
186.103.132.155 - - [11/May/2018:10:42:30 -0300] "GET /cormun/servlet/trpermisosgoce HTTP/1.1" 200 10833
186.67.172.234 - - [11/May/2018:10:42:30 -0300] "GET /cormun/servlet/permisogoce?INS,0,,, HTTP/1.1" 200 7100
186.67.172.234 - - [11/May/2018:10:42:31 -0300] "GET /cormun/servlet/permisogoce?INS,0,,, HTTP/1.1" 200 7100
186.67.203.186 - - [11/May/2018:10:42:37 -0300] "GET /cormun/servlet/apermisogoceprn?16885126,P,20180511103825,PU HTTP/1.1" 200 1660
186.67.172.234 - - [11/May/2018:10:42:45 -0300] "GET /cormun/servlet/permisogoce?5888a3f469b3606e48cc3027cf2cdc6e97edc9268f07297ec33efe0dd13a8b3d22ebec1fb1723cca4ea1b519d2bed1e2b8597e71e14e6bbcade2f749127e4b70,gx-no-cache=1526046040971 HTTP/1.1" 200 78
186.67.172.234 - - [11/May/2018:10:42:45 -0300] "GET /cormun/static/menuarrow.gif HTTP/1.1" 404 1015
186.67.172.234 - - [11/May/2018:10:42:53 -0300] "GET /cormun/servlet/permisogoce?5888a3f469b3606e48cc3027cf2cdc6e16bc7d7fcd92e5b1d14be44c4b9869f1b3f4e49f63ae527d49555f346d8d2424bdefcb9a120bf614da6914c6bd4e7f65,gx-no-cache=1526046048885 HTTP/1.1" 200 47
186.67.172.234 - - [11/May/2018:10:42:58 -0300] "POST /cormun/servlet/permisogoce?cac2742aef5fa9a7d3f3cfefe6964fe9,INS,0,,,,gx-no-cache=1526046053198 HTTP/1.1" 200 93
186.67.172.234 - - [11/May/2018:10:42:58 -0300] "GET /cormun/servlet/hpexe_return? HTTP/1.1" 200 1004
186.67.172.234 - - [11/May/2018:10:42:58 -0300] "GET /cormun/servlet/trpermisosgoce HTTP/1.1" 200 14154
186.67.172.234 - - [11/May/2018:10:42:59 -0300] "GET /cormun/servlet/trpermisosgoce HTTP/1.1" 200 14144
186.67.172.234 - - [11/May/2018:10:43:02 -0300] "GET /cormun/servlet/trpermisosadjuntos?13947351,20180511103923,P, HTTP/1.1" 200 6539
186.67.172.234 - - [11/May/2018:10:43:03 -0300] "GET /cormun/servlet/trpermisosadjuntos?13947351,20180511103923,P, HTTP/1.1" 200 6540
186.67.172.234 - - [11/May/2018:10:43:04 -0300] "GET /cormun/servlet/permisosadjuntos?INS,13947351,P,20180511103923,, HTTP/1.1" 200 5868
186.67.172.234 - - [11/May/2018:10:43:05 -0300] "GET /cormun/static/about:blank HTTP/1.1" 404 1011
186.67.172.234 - - [11/May/2018:10:43:05 -0300] "GET /cormun/servlet/permisosadjuntos?INS,13947351,P,20180511103923,, HTTP/1.1" 200 5857
186.67.172.234 - - [11/May/2018:10:43:16 -0300] "POST /cormun/servlet/permisosadjuntos?cac2742aef5fa9a7d3f3cfefe6964fe9,INS,13947351,P,20180511103923,, HTTP/1.1" 200 116
186.67.172.234 - - [11/May/2018:10:43:16 -0300] "GET /cormun/servlet/hpexe_return? HTTP/1.1" 200 1032
192.168.10.58 - - [11/May/2018:10:43:16 -0300] "POST /cormun/servlet/trsolicitudgral?17cc91d804519d8eb105527992e6bfa0,,gx-no-cache=1526046008854 HTTP/1.1" 200 6994
186.67.172.234 - - [11/May/2018:10:43:16 -0300] "GET /cormun/servlet/trpermisosadjuntos?13947351,20180511103923,P, HTTP/1.1" 200 7024
186.67.172.234 - - [11/May/2018:10:43:16 -0300] "GET /cormun/servlet/trpermisosadjuntos?13947351,20180511103923,P, HTTP/1.1" 200 7021
186.67.172.234 - - [11/May/2018:10:43:19 -0300] "POST /cormun/servlet/trpermisosadjuntos?cac2742aef5fa9a7d3f3cfefe6964fe9,13947351,20180511103923,P,,gx-no-cache=1526046074622 HTTP/1.1" 200 90
186.67.172.234 - - [11/May/2018:10:43:19 -0300] "GET /cormun/servlet/hpexe_link HTTP/1.1" 200 978
186.67.172.234 - - [11/May/2018:10:43:19 -0300] "GET /cormun/servlet/trpermisosgoce HTTP/1.1" 200 14164
186.67.172.234 - - [11/May/2018:10:43:20 -0300] "GET /cormun/servlet/trpermisosgoce HTTP/1.1" 200 14175
186.67.172.234 - - [11/May/2018:10:43:25 -0300] "POST /cormun/servlet/trpermisosgoce?cac2742aef5fa9a7d3f3cfefe6964fe9,gx-no-cache=1526046080873 HTTP/1.1" 200 11284
186.67.172.234 - - [11/May/2018:10:43:25 -0300] "GET /cormun/static/Shared/jqueryui/images/ui-bg_highlight-soft_100_c6c2c8_1x100.png HTTP/1.1" 404 1117
186.67.172.234 - - [11/May/2018:10:43:25 -0300] "GET /cormun/static/Shared/jqueryui/images/ui-icons_82798d_256x240.png HTTP/1.1" 404 1089
186.67.172.234 - - [11/May/2018:10:43:25 -0300] "GET /cormun/static/Shared/jqueryui/images/ui-bg_flat_55_fafafa_40x100.png HTTP/1.1" 404 1097
186.67.172.234 - - [11/May/2018:10:43:25 -0300] "GET /cormun/static/Shared/jqueryui/images/ui-icons_8d78a5_256x240.png HTTP/1.1" 404 1089
192.168.10.58 - - [11/May/2018:10:43:26 -0300] "GET /cormun/servlet/trautorizarot? HTTP/1.1" 200 19152
192.168.10.58 - - [11/May/2018:10:43:26 -0300] "GET /cormun/static/gxcfg.js?201711151294486 HTTP/1.1" 304 -
192.168.10.58 - - [11/May/2018:10:43:27 -0300] "GET /cormun/servlet/trautorizarot? HTTP/1.1" 200 19151
192.168.10.58 - - [11/May/2018:10:43:39 -0300] "POST /cormun/servlet/trautorizarot?17cc91d804519d8eb105527992e6bfa0,,gx-no-cache=1526046032042 HTTP/1.1" 200 6544
186.103.159.183 - - [11/May/2018:10:43:48 -0300] "GET /cormun/servlet/hlogin HTTP/1.1" 200 1719
186.103.159.183 - - [11/May/2018:10:43:49 -0300] "GET /cormun/static/gxtimezone.js?85251 HTTP/1.1" 200 5781
186.103.159.183 - - [11/May/2018:10:43:49 -0300] "GET /cormun/static/gxcfg.js?20175251213516 HTTP/1.1" 200 953
186.103.159.183 - - [11/May/2018:10:43:49 -0300] "GET /cormun/static/Resources/Spanish/PXTools.css?11423723 HTTP/1.1" 200 89042
186.103.159.183 - - [11/May/2018:10:43:49 -0300] "GET /cormun/static/messages.spa.js?85251 HTTP/1.1" 200 30736
186.103.159.183 - - [11/May/2018:10:43:50 -0300] "GET /cormun/static/hlogin.js?20175251213537 HTTP/1.1" 200 2136
186.103.159.183 - - [11/May/2018:10:43:50 -0300] "GET /cormun/static/Resources/ComunLogin.png HTTP/1.1" 200 17326
186.103.159.183 - - [11/May/2018:10:43:50 -0300] "GET /cormun/static/gxgral.js?85251 HTTP/1.1" 200 384558
186.103.159.183 - - [11/May/2018:10:43:50 -0300] "GET /cormun/static/Resources/PXToolsLoginBottom.png HTTP/1.1" 200 1389
186.103.159.183 - - [11/May/2018:10:43:50 -0300] "GET /cormun/static/Resources/PXToolsLoginBackground.png HTTP/1.1" 200 1164
186.103.159.183 - - [11/May/2018:10:43:50 -0300] "GET /cormun/static/Resources/PXToolsButtonLeft21.png HTTP/1.1" 200 1287
186.103.159.183 - - [11/May/2018:10:43:50 -0300] "GET /cormun/static/Resources/PXToolsButtonBackground2.png HTTP/1.1" 200 1181
186.103.159.183 - - [11/May/2018:10:43:50 -0300] "GET /cormun/static/Resources/PXToolsButtonRight21.png HTTP/1.1" 200 1283
186.103.159.183 - - [11/May/2018:10:43:50 -0300] "GET /cormun/static/Resources/PXToolsLoginTop.png HTTP/1.1" 200 1337
186.103.159.183 - - [11/May/2018:10:43:50 -0300] "GET /cormun/static/Resources/indicator.gif HTTP/1.1" 200 1553
186.103.159.183 - - [11/May/2018:10:43:50 -0300] "GET /cormun/servlet/hlogin HTTP/1.1" 200 1730
186.103.159.183 - - [11/May/2018:10:43:50 -0300] "GET /favicon.ico HTTP/1.1" 200 21630
186.103.159.183 - - [11/May/2018:10:43:52 -0300] "POST /cormun/servlet/hlogin?e86478836bb0e1c3922a05b38420234d,gx-no-cache=1526046171519 HTTP/1.1" 200 90
186.103.159.183 - - [11/May/2018:10:43:52 -0300] "GET /cormun/servlet/hpexe_link HTTP/1.1" 200 949
186.103.159.183 - - [11/May/2018:10:43:52 -0300] "GET /cormun/static/gxcfg.js?20177612121792 HTTP/1.1" 200 953
186.103.159.183 - - [11/May/2018:10:43:52 -0300] "GET /cormun/static/hpexe_link.js?20177612121795 HTTP/1.1" 200 625
186.103.159.183 - - [11/May/2018:10:43:52 -0300] "GET /cormun/static/Resources/Spanish/PXTools.css?1155365 HTTP/1.1" 200 89042
186.103.159.183 - - [11/May/2018:10:43:53 -0300] "GET /cormun/servlet/hhome HTTP/1.1" 200 4192
186.103.159.183 - - [11/May/2018:10:43:53 -0300] "GET /cormun/static/Shared/jqueryui/jquery-ui.min.css?1245370 HTTP/1.1" 200 30288
186.103.159.183 - - [11/May/2018:10:43:53 -0300] "GET /cormun/static/scaMessage/css/jquery.pnotify.default.css?1716380 HTTP/1.1" 200 1707
186.103.159.183 - - [11/May/2018:10:43:53 -0300] "GET /cormun/static/SmoothNavMenu/resources/ddsmoothmenu-v.css?1012540 HTTP/1.1" 200 1188
186.103.159.183 - - [11/May/2018:10:43:53 -0300] "GET /cormun/static/SmoothNavMenu/resources/ddsmoothmenu.css?1012540 HTTP/1.1" 200 2223
186.103.159.183 - - [11/May/2018:10:43:53 -0300] "GET /cormun/static/gxcfg.js?20175251212442 HTTP/1.1" 200 953
186.103.159.183 - - [11/May/2018:10:43:53 -0300] "GET /cormun/static/PXToolsJavascripts/pexe_cookies.js HTTP/1.1" 200 792
186.103.159.183 - - [11/May/2018:10:43:53 -0300] "GET /cormun/static/PXToolsJavascripts/pexe_autoreload.js HTTP/1.1" 200 1762
186.103.159.183 - - [11/May/2018:10:43:53 -0300] "GET /cormun/static/PXToolsJavascripts/pexe_windows.js HTTP/1.1" 200 15207
186.103.159.183 - - [11/May/2018:10:43:53 -0300] "GET /cormun/static/PXToolsJavascripts/pexe_menudivfix.js HTTP/1.1" 200 333
186.103.159.183 - - [11/May/2018:10:43:53 -0300] "GET /cormun/static/PXToolsJavascripts/pexe_link.js HTTP/1.1" 200 5671
186.103.159.183 - - [11/May/2018:10:43:53 -0300] "GET /cormun/static/PXToolsJavascripts/pexe_grid.js HTTP/1.1" 200 7559
186.103.159.183 - - [11/May/2018:10:43:53 -0300] "GET /cormun/static/PXToolsJavascripts/pexe_menus.js HTTP/1.1" 200 1286
186.103.159.183 - - [11/May/2018:10:43:53 -0300] "GET /cormun/static/PXToolsJavascripts/pexe_griddivfix.js HTTP/1.1" 200 6644
186.103.159.183 - - [11/May/2018:10:43:53 -0300] "GET /cormun/static/PXToolsJavascripts/pexe_oavdivfix.js HTTP/1.1" 200 639
186.103.159.183 - - [11/May/2018:10:43:53 -0300] "GET /cormun/static/PXToolsJavascripts/pexe_popup.js HTTP/1.1" 200 13458
186.103.159.183 - - [11/May/2018:10:43:53 -0300] "GET /cormun/static/PXToolsJavascripts/pexe_layers.js HTTP/1.1" 200 4114
186.103.159.183 - - [11/May/2018:10:43:53 -0300] "GET /cormun/static/PXToolsJavascripts/pexe_scrolldiv.js HTTP/1.1" 200 4138
186.103.159.183 - - [11/May/2018:10:43:53 -0300] "GET /cormun/static/PXToolsJavascripts/pexe_oav.js HTTP/1.1" 200 645
186.103.159.183 - - [11/May/2018:10:43:53 -0300] "GET /cormun/static/PXToolsJavascripts/pexe_picture.js HTTP/1.1" 200 689
186.103.159.183 - - [11/May/2018:10:43:53 -0300] "GET /cormun/static/PXToolsJavascripts/pexe_upload.js HTTP/1.1" 200 1423
186.103.159.183 - - [11/May/2018:10:43:53 -0300] "GET /cormun/static/PXToolsJavascripts/PXToolsJavascriptsRender.js HTTP/1.1" 200 367
186.103.159.183 - - [11/May/2018:10:43:53 -0300] "GET /cormun/static/PXToolsJavascripts/pexe_tabs.js HTTP/1.1" 200 3748
186.103.159.183 - - [11/May/2018:10:43:53 -0300] "GET /cormun/static/PXToolsJavascripts/pexe_tabdivfix.js HTTP/1.1" 200 876
186.103.159.183 - - [11/May/2018:10:43:53 -0300] "GET /cormun/static/RunJS/RunJS.js HTTP/1.1" 200 288
186.103.159.183 - - [11/May/2018:10:43:53 -0300] "GET /cormun/static/Shared/ext/locale/ext-lang-en.js HTTP/1.1" 200 10940
186.103.159.183 - - [11/May/2018:10:43:53 -0300] "GET /cormun/static/hhome.js?20175251212450 HTTP/1.1" 200 777
186.103.159.183 - - [11/May/2018:10:43:53 -0300] "GET /cormun/static/hwchdr01.js?201752511465785 HTTP/1.1" 200 1183
186.103.159.183 - - [11/May/2018:10:43:53 -0300] "GET /cormun/static/hpexe_recentlink.js?20177611595044 HTTP/1.1" 200 2144
186.103.159.183 - - [11/May/2018:10:43:53 -0300] "GET /cormun/static/gxui/gxui-all.js HTTP/1.1" 200 107772
186.103.159.183 - - [11/May/2018:10:43:53 -0300] "GET /cormun/static/hpexe_scripts.js?201752511465715 HTTP/1.1" 200 1544
186.103.159.183 - - [11/May/2018:10:43:53 -0300] "GET /cormun/static/hpexe_messagecontroller.js?20177611595012 HTTP/1.1" 200 870
186.103.159.183 - - [11/May/2018:10:43:53 -0300] "GET /cormun/static/hpexe_messagepopupcomponent.js?20161017169425 HTTP/1.1" 200 605
186.103.159.183 - - [11/May/2018:10:43:53 -0300] "GET /cormun/static/Resources/PXToolsHeaderActionsLeft.png HTTP/1.1" 200 1118
186.103.159.183 - - [11/May/2018:10:43:53 -0300] "GET /cormun/static/Resources/PXToolsHeaderHome.png HTTP/1.1" 200 4147
186.103.159.183 - - [11/May/2018:10:43:53 -0300] "GET /cormun/static/Resources/PXToolsHeaderActionsBackground.png HTTP/1.1" 200 484
186.103.159.183 - - [11/May/2018:10:43:53 -0300] "GET /cormun/static/Resources/PXToolsHeaderLogin.png HTTP/1.1" 200 4279
186.103.159.183 - - [11/May/2018:10:43:53 -0300] "GET /cormun/static/Resources/logo4.png HTTP/1.1" 200 6582
186.103.159.183 - - [11/May/2018:10:43:53 -0300] "GET /cormun/static/Resources/PXToolsFooterBackground2.png HTTP/1.1" 200 1172
192.168.10.58 - - [11/May/2018:10:43:54 -0300] "POST /cormun/servlet/trautorizarot?17cc91d804519d8eb105527992e6bfa0,,gx-no-cache=1526046046640 HTTP/1.1" 200 5344
186.103.159.183 - - [11/May/2018:10:43:54 -0300] "GET /cormun/static/Resources/PXToolsHeaderBackground2.png HTTP/1.1" 200 1174
186.103.159.183 - - [11/May/2018:10:43:54 -0300] "GET /cormun/static/Resources/PXToolsDataTitle.png HTTP/1.1" 200 1173
186.103.159.183 - - [11/May/2018:10:43:54 -0300] "GET /cormun/static/Resources/PXToolsHeaderSecurity.png HTTP/1.1" 200 4166
186.103.159.183 - - [11/May/2018:10:43:54 -0300] "GET /cormun/static/Shared/ext/ext-all.js HTTP/1.1" 200 1289687
186.103.159.183 - - [11/May/2018:10:43:54 -0300] "GET /cormun/static/Resources/PXToolsHeaderActionsRight.png HTTP/1.1" 200 1201
186.103.159.183 - - [11/May/2018:10:43:54 -0300] "GET /cormun/static/hpexe_messagegenexuscomponent.js?201752511465344 HTTP/1.1" 200 587
186.103.159.183 - - [11/May/2018:10:43:54 -0300] "GET /cormun/static/cmcontrolpreferences.js?201752511465670 HTTP/1.1" 200 1375
186.103.159.183 - - [11/May/2018:10:43:54 -0300] "GET /cormun/static/Shared/jquery/jquery-1.4.2.min.js HTTP/1.1" 200 72174
186.103.159.183 - - [11/May/2018:10:43:54 -0300] "GET /cormun/static/Resources/PXToolsHeaderPreferences.png HTTP/1.1" 200 4189
186.103.159.183 - - [11/May/2018:10:43:54 -0300] "GET /cormun/static/Shared/jquery/jquery-1.10.2.min.js HTTP/1.1" 200 273199
186.103.159.183 - - [11/May/2018:10:43:54 -0300] "GET /cormun/static/SmoothNavMenu/resources/ddsmoothmenu.js HTTP/1.1" 200 12712
186.103.159.183 - - [11/May/2018:10:43:54 -0300] "GET /cormun/static/SmoothNavMenu/resources/SmoothNavMenuRender.js HTTP/1.1" 200 5951
186.103.159.183 - - [11/May/2018:10:43:54 -0300] "GET /cormun/static/Shared/jqueryui/jquery-ui.min.js HTTP/1.1" 200 240427
186.103.159.183 - - [11/May/2018:10:43:54 -0300] "GET /cormun/static/scaMessage/js/jquery.pnotify.min.js HTTP/1.1" 200 13038
186.103.159.183 - - [11/May/2018:10:43:54 -0300] "GET /cormun/static/scaMessage/scaMessageRender.js HTTP/1.1" 200 11977
186.103.159.183 - - [11/May/2018:10:43:54 -0300] "GET /cormun/static/hmpwkw03.js?20177612122668 HTTP/1.1" 200 3965
186.103.159.183 - - [11/May/2018:10:43:55 -0300] "GET /cormun/servlet/hhome HTTP/1.1" 200 4188
186.103.159.183 - - [11/May/2018:10:43:55 -0300] "GET /cormun/static/SmoothNavMenu/resources/images/right.gif HTTP/1.1" 200 860
186.103.159.183 - - [11/May/2018:10:43:55 -0300] "GET /cormun/static/SmoothNavMenu/resources/images/down.gif HTTP/1.1" 200 854
192.168.10.58 - - [11/May/2018:10:43:58 -0300] "GET /cormun/servlet/trsolicitudgral? HTTP/1.1" 200 10048
192.168.10.58 - - [11/May/2018:10:43:59 -0300] "GET /cormun/servlet/trsolicitudgral? HTTP/1.1" 200 10048
186.103.159.183 - - [11/May/2018:10:44:04 -0300] "GET /cormun/servlet/trsolicitudot? HTTP/1.1" 200 7408
186.103.159.183 - - [11/May/2018:10:44:04 -0300] "GET /cormun/static/gxui/gxui-all.css?120300 HTTP/1.1" 200 2179
186.103.159.183 - - [11/May/2018:10:44:04 -0300] "GET /cormun/static/gxcfg.js?2017111422585916 HTTP/1.1" 200 953
186.103.159.183 - - [11/May/2018:10:44:04 -0300] "GET /cormun/static/calendar-system.css?85620 HTTP/1.1" 200 5572
186.103.159.183 - - [11/May/2018:10:44:04 -0300] "GET /cormun/static/calendar.js?85251 HTTP/1.1" 200 26246
186.103.159.183 - - [11/May/2018:10:44:04 -0300] "GET /cormun/static/calendar-setup.js?85251 HTTP/1.1" 200 2588
186.103.159.183 - - [11/May/2018:10:44:04 -0300] "GET /cormun/static/calendar-es.js?85251 HTTP/1.1" 200 1901
186.103.159.183 - - [11/May/2018:10:44:04 -0300] "GET /cormun/static/Resources/Spanish/PXTools.css?1255365 HTTP/1.1" 200 89042
186.103.159.183 - - [11/May/2018:10:44:04 -0300] "GET /cormun/static/gxdec.js?85251 HTTP/1.1" 200 19579
186.103.159.183 - - [11/May/2018:10:44:04 -0300] "GET /cormun/static/trsolicitudot.js?201711142259839 HTTP/1.1" 200 54041
186.103.159.183 - - [11/May/2018:10:44:04 -0300] "GET /cormun/static/Shared/ext/resources/css/ext-all.css?215870 HTTP/1.1" 200 416045
186.103.159.183 - - [11/May/2018:10:44:04 -0300] "GET /cormun/static/Resources/PXTools/calendar.png HTTP/1.1" 200 1306
186.103.159.183 - - [11/May/2018:10:44:05 -0300] "GET /cormun/static/Resources/PXToolsDataSearch.png HTTP/1.1" 200 419
186.103.159.183 - - [11/May/2018:10:44:05 -0300] "GET /cormun/static/Resources/PXToolsGridFirstDisabled.gif HTTP/1.1" 200 100
186.103.159.183 - - [11/May/2018:10:44:05 -0300] "GET /cormun/static/Resources/PXToolsGridPreviousDisabled.gif HTTP/1.1" 200 90
186.103.159.183 - - [11/May/2018:10:44:05 -0300] "GET /cormun/static/Resources/PXToolsGridNextDisabled.gif HTTP/1.1" 200 90
186.103.159.183 - - [11/May/2018:10:44:05 -0300] "GET /cormun/static/Resources/PXToolsGridLastDisabled.gif HTTP/1.1" 200 98
186.103.159.183 - - [11/May/2018:10:44:05 -0300] "GET /cormun/static/Resources/PXToolsGridPage.gif HTTP/1.1" 200 725
186.103.159.183 - - [11/May/2018:10:44:05 -0300] "GET /cormun/static/Resources/PXToolsActionExcel.png HTTP/1.1" 200 3187
186.103.159.183 - - [11/May/2018:10:44:05 -0300] "GET /cormun/static/Resources/PXToolsGridNew.png HTTP/1.1" 200 2949
186.103.159.183 - - [11/May/2018:10:44:05 -0300] "GET /cormun/static/Resources/asc.gif HTTP/1.1" 200 67
186.103.159.183 - - [11/May/2018:10:44:05 -0300] "GET /cormun/static/Resources/desc.gif HTTP/1.1" 200 65
186.103.159.183 - - [11/May/2018:10:44:05 -0300] "GET /cormun/servlet/trsolicitudot? HTTP/1.1" 200 7408
186.103.159.183 - - [11/May/2018:10:44:05 -0300] "GET /cormun/static/Shared/ext/resources/themes/images/default/panel/bg-headersPanel.png HTTP/1.1" 200 255
186.103.159.183 - - [11/May/2018:10:44:05 -0300] "GET /cormun/static/Shared/ext/resources/themes/images/default/tools/tool-sprites.gif HTTP/1.1" 200 5434
192.168.10.58 - - [11/May/2018:10:44:09 -0300] "POST /cormun/servlet/trsolicitudgral?17cc91d804519d8eb105527992e6bfa0,,gx-no-cache=1526046062079 HTTP/1.1" 200 6999
186.103.159.183 - - [11/May/2018:10:44:10 -0300] "GET /cormun/static/menuarrow.gif HTTP/1.1" 404 1015
192.168.10.58 - - [11/May/2018:10:44:12 -0300] "POST /cormun/servlet/trsolicitudgral?17cc91d804519d8eb105527992e6bfa0,,gx-no-cache=1526046065493 HTTP/1.1" 200 6999
192.168.10.58 - - [11/May/2018:10:44:18 -0300] "GET /cormun/servlet/trsolicitudgral? HTTP/1.1" 200 10048
192.168.10.58 - - [11/May/2018:10:44:18 -0300] "GET /cormun/servlet/trsolicitudgral? HTTP/1.1" 200 10048
186.103.159.183 - - [11/May/2018:10:44:19 -0300] "POST /cormun/servlet/trsolicitudot?e86478836bb0e1c3922a05b38420234d,,gx-no-cache=1526046197781 HTTP/1.1" 200 7880
186.103.159.183 - - [11/May/2018:10:44:19 -0300] "GET /cormun//static/Resources/PXToolsActionView.png HTTP/1.1" 200 2995
186.103.159.183 - - [11/May/2018:10:44:19 -0300] "GET /cormun//static/Resources/PXToolsGridDelete.png HTTP/1.1" 200 357
186.103.159.183 - - [11/May/2018:10:44:19 -0300] "GET /cormun//static/Resources/PXToolsGridUpdate.png HTTP/1.1" 200 2984
186.103.159.183 - - [11/May/2018:10:44:19 -0300] "GET /cormun//static/Resources/PXToolsRemoveAllAction.png HTTP/1.1" 200 3558
186.103.159.183 - - [11/May/2018:10:44:19 -0300] "GET /cormun//static/Resources/PXTools/ActionInsert.png HTTP/1.1" 200 1482
192.168.10.96 - - [11/May/2018:10:44:42 -0300] "POST /cormun/servlet/trsolicitudgral?59b7f16f99339c1b43577c25d19a85c1,,gx-no-cache=1526046094693 HTTP/1.1" 200 5922
192.168.10.96 - - [11/May/2018:10:44:42 -0300] "POST /cormun/servlet/trsolicitudgral?59b7f16f99339c1b43577c25d19a85c1,,gx-no-cache=1526046095360 HTTP/1.1" 200 5923
192.168.10.96 - - [11/May/2018:10:44:42 -0300] "POST /cormun/servlet/trsolicitudgral?59b7f16f99339c1b43577c25d19a85c1,,gx-no-cache=1526046095543 HTTP/1.1" 200 5922
192.168.10.96 - - [11/May/2018:10:44:47 -0300] "POST /cormun/servlet/trsolicitudgral?59b7f16f99339c1b43577c25d19a85c1,,gx-no-cache=1526046099911 HTTP/1.1" 200 12960
192.168.10.58 - - [11/May/2018:10:45:20 -0300] "GET /cormun/servlet/trsolicitudgral? HTTP/1.1" 200 10048
192.168.10.58 - - [11/May/2018:10:45:21 -0300] "GET /cormun/servlet/trsolicitudgral? HTTP/1.1" 200 10048
192.168.10.58 - - [11/May/2018:10:45:49 -0300] "POST /cormun/servlet/trsolicitudgral?17cc91d804519d8eb105527992e6bfa0,,gx-no-cache=1526046161897 HTTP/1.1" 200 6995
192.168.10.89 - - [11/May/2018:10:45:53 -0300] "GET /cormun/servlet/hlogin HTTP/1.1" 200 1719
192.168.10.58 - - [11/May/2018:10:45:57 -0300] "GET /cormun/servlet/trsolicitudgral? HTTP/1.1" 200 10048
192.168.10.58 - - [11/May/2018:10:45:57 -0300] "GET /cormun/servlet/trsolicitudgral? HTTP/1.1" 200 10048
192.168.10.89 - - [11/May/2018:10:45:59 -0300] "POST /cormun/servlet/hlogin?ada8afa034f51656c890bf5f9348b17a,gx-no-cache=1526046171755 HTTP/1.1" 200 90
192.168.10.89 - - [11/May/2018:10:45:59 -0300] "GET /cormun/servlet/hpexe_link HTTP/1.1" 200 951
192.168.10.89 - - [11/May/2018:10:45:59 -0300] "GET /cormun/servlet/hhome HTTP/1.1" 200 4922
192.168.10.89 - - [11/May/2018:10:46:02 -0300] "GET /cormun/servlet/trsolicitudgral? HTTP/1.1" 200 28305
192.168.10.58 - - [11/May/2018:10:46:07 -0300] "POST /cormun/servlet/trsolicitudgral?17cc91d804519d8eb105527992e6bfa0,,gx-no-cache=1526046179648 HTTP/1.1" 200 24724
192.168.10.89 - - [11/May/2018:10:46:25 -0300] "POST /cormun/servlet/trsolicitudgral?ada8afa034f51656c890bf5f9348b17a,,gx-no-cache=1526046198281 HTTP/1.1" 200 7631
192.168.10.58 - - [11/May/2018:10:46:43 -0300] "POST /cormun/servlet/trsolicitudgral?17cc91d804519d8eb105527992e6bfa0,,gx-no-cache=1526046216118 HTTP/1.1" 200 11234
186.103.159.189 - - [11/May/2018:10:47:04 -0300] "GET /cormun/servlet/hlogin HTTP/1.1" 200 1725
186.103.159.183 - - [11/May/2018:10:47:05 -0300] "POST /cormun/servlet/trsolicitudot?e86478836bb0e1c3922a05b38420234d,,gx-no-cache=1526046364149 HTTP/1.1" 200 15845
186.103.159.189 - - [11/May/2018:10:47:05 -0300] "GET /cormun/servlet/hlogin HTTP/1.1" 200 1735
192.168.10.89 - - [11/May/2018:10:47:06 -0300] "GET /cormun/servlet/vesolicitudgral?2018,8686,, HTTP/1.1" 200 9520
192.168.10.89 - - [11/May/2018:10:47:06 -0300] "GET /cormun/pexe_scrolldiv.js HTTP/1.1" 404 1009
192.168.10.89 - - [11/May/2018:10:47:06 -0300] "GET /cormun/static/vesolicitudgral.js?201711151294244 HTTP/1.1" 304 -
186.67.172.234 - - [11/May/2018:10:47:06 -0300] "GET /cormun/servlet/permisogoce?INS,0,,, HTTP/1.1" 200 7100
186.67.172.234 - - [11/May/2018:10:47:07 -0300] "GET /cormun/servlet/permisogoce?INS,0,,, HTTP/1.1" 200 7099
186.103.159.189 - - [11/May/2018:10:47:07 -0300] "GET /favicon.ico HTTP/1.1" 200 21630
192.168.10.89 - - [11/May/2018:10:47:10 -0300] "GET /cormun/servlet/vesolicitudgral?2018,8686,,SolicitudOTLog HTTP/1.1" 200 10246
192.168.10.89 - - [11/May/2018:10:47:10 -0300] "GET /cormun/pexe_scrolldiv.js HTTP/1.1" 404 1009
192.168.10.89 - - [11/May/2018:10:47:12 -0300] "POST /cormun/servlet/acontrolpreferencessavestate?None,CDROGUETT,true HTTP/1.1" 200 35
192.168.10.89 - - [11/May/2018:10:47:14 -0300] "POST /cormun/servlet/vesolicitudgral?ada8afa034f51656c890bf5f9348b17a,2018,8686,,SolicitudOTLog,gx-no-cache=1526046247451 HTTP/1.1" 200 90
192.168.10.89 - - [11/May/2018:10:47:14 -0300] "GET /cormun/servlet/hpexe_link HTTP/1.1" 200 975
192.168.10.89 - - [11/May/2018:10:47:15 -0300] "GET /cormun/servlet/trsolicitudgral? HTTP/1.1" 200 11139
186.67.172.234 - - [11/May/2018:10:47:16 -0300] "GET /cormun/servlet/permisogoce?5888a3f469b3606e48cc3027cf2cdc6eb5d20b505a234c17d134aaef58812dbf22ebec1fb1723cca4ea1b519d2bed1e2b8597e71e14e6bbcade2f749127e4b70,gx-no-cache=1526046311572 HTTP/1.1" 200 78
186.67.172.234 - - [11/May/2018:10:47:16 -0300] "GET /cormun/static/menuarrow.gif HTTP/1.1" 404 1015
186.67.172.234 - - [11/May/2018:10:47:23 -0300] "GET /cormun/servlet/permisogoce?5888a3f469b3606e48cc3027cf2cdc6e0a414cba98f5803af6fa2d8d686713890b70566dfbb19cdf13d2c38990909990bdefcb9a120bf614da6914c6bd4e7f65,gx-no-cache=1526046318625 HTTP/1.1" 200 47
186.103.159.189 - - [11/May/2018:10:47:29 -0300] "POST /cormun/servlet/hlogin?0ff8fb6af83e3f16f39b2b5544e4357d,gx-no-cache=1526046389458 HTTP/1.1" 200 90
186.103.159.189 - - [11/May/2018:10:47:29 -0300] "GET /cormun/servlet/hpexe_link HTTP/1.1" 200 954
186.103.159.189 - - [11/May/2018:10:47:29 -0300] "GET /cormun/servlet/hhome HTTP/1.1" 200 3988
186.103.159.189 - - [11/May/2018:10:47:31 -0300] "GET /cormun/servlet/hhome HTTP/1.1" 200 3985
186.67.172.234 - - [11/May/2018:10:47:32 -0300] "POST /cormun/servlet/permisogoce?cac2742aef5fa9a7d3f3cfefe6964fe9,INS,0,,,,gx-no-cache=1526046327332 HTTP/1.1" 200 93
186.67.172.234 - - [11/May/2018:10:47:32 -0300] "GET /cormun/servlet/hpexe_return? HTTP/1.1" 200 1026
186.67.172.234 - - [11/May/2018:10:47:32 -0300] "GET /cormun/servlet/trpermisosgoce?gx-no-cache=1526046080873 HTTP/1.1" 200 14395
186.67.172.234 - - [11/May/2018:10:47:33 -0300] "GET /cormun/servlet/trpermisosgoce?gx-no-cache=1526046080873 HTTP/1.1" 200 14348
186.67.172.234 - - [11/May/2018:10:47:36 -0300] "GET /cormun/servlet/trpermisosadjuntos?15836320,20180511104359,P, HTTP/1.1" 200 6565
186.67.172.234 - - [11/May/2018:10:47:37 -0300] "GET /cormun/servlet/trpermisosadjuntos?15836320,20180511104359,P, HTTP/1.1" 200 6543
186.67.172.234 - - [11/May/2018:10:47:38 -0300] "GET /cormun/servlet/permisosadjuntos?INS,15836320,P,20180511104359,, HTTP/1.1" 200 5872
186.67.172.234 - - [11/May/2018:10:47:38 -0300] "GET /cormun/static/about:blank HTTP/1.1" 404 1011
186.67.172.234 - - [11/May/2018:10:47:38 -0300] "GET /cormun/servlet/permisosadjuntos?INS,15836320,P,20180511104359,, HTTP/1.1" 200 5862
186.103.159.189 - - [11/May/2018:10:47:45 -0300] "GET /cormun/servlet/trpermisosgoce? HTTP/1.1" 200 11975
186.67.172.234 - - [11/May/2018:10:47:46 -0300] "POST /cormun/servlet/permisosadjuntos?cac2742aef5fa9a7d3f3cfefe6964fe9,INS,15836320,P,20180511104359,, HTTP/1.1" 200 116
186.67.172.234 - - [11/May/2018:10:47:46 -0300] "GET /cormun/servlet/hpexe_return? HTTP/1.1" 200 1032
186.67.172.234 - - [11/May/2018:10:47:46 -0300] "GET /cormun/servlet/trpermisosadjuntos?15836320,20180511104359,P, HTTP/1.1" 200 7035
186.67.172.234 - - [11/May/2018:10:47:47 -0300] "GET /cormun/servlet/trpermisosadjuntos?15836320,20180511104359,P, HTTP/1.1" 200 7032
186.103.159.189 - - [11/May/2018:10:47:47 -0300] "GET /cormun/servlet/trpermisosgoce? HTTP/1.1" 200 11985
41.193.194.160 - - [11/May/2018:10:47:48 -0300] "GET / HTTP/1.1" 200 11217
186.67.172.234 - - [11/May/2018:10:47:50 -0300] "POST /cormun/servlet/trpermisosadjuntos?cac2742aef5fa9a7d3f3cfefe6964fe9,15836320,20180511104359,P,,gx-no-cache=1526046345330 HTTP/1.1" 200 90
186.67.172.234 - - [11/May/2018:10:47:50 -0300] "GET /cormun/servlet/hpexe_link HTTP/1.1" 200 999
186.67.172.234 - - [11/May/2018:10:47:50 -0300] "GET /cormun/servlet/trpermisosgoce?gx-no-cache=1526046080873 HTTP/1.1" 200 14392
186.67.172.234 - - [11/May/2018:10:47:50 -0300] "GET /cormun/servlet/trpermisosgoce?gx-no-cache=1526046080873 HTTP/1.1" 200 14408
186.67.172.234 - - [11/May/2018:10:47:54 -0300] "POST /cormun/servlet/trpermisosgoce?cac2742aef5fa9a7d3f3cfefe6964fe9,gx-no-cache=1526046080873,gx-no-cache=1526046349156 HTTP/1.1" 200 11489
186.67.172.234 - - [11/May/2018:10:47:54 -0300] "GET /cormun/static/Shared/jqueryui/images/ui-bg_highlight-soft_100_c6c2c8_1x100.png HTTP/1.1" 404 1117
186.67.172.234 - - [11/May/2018:10:47:54 -0300] "GET /cormun/static/Shared/jqueryui/images/ui-icons_82798d_256x240.png HTTP/1.1" 404 1089
186.67.172.234 - - [11/May/2018:10:47:54 -0300] "GET /cormun/static/Shared/jqueryui/images/ui-bg_flat_55_fafafa_40x100.png HTTP/1.1" 404 1097
186.67.172.234 - - [11/May/2018:10:47:54 -0300] "GET /cormun/static/Shared/jqueryui/images/ui-icons_8d78a5_256x240.png HTTP/1.1" 404 1089
186.103.159.189 - - [11/May/2018:10:47:56 -0300] "GET /cormun/servlet/apermisogoceprn?16191663,P,20180509165042,PU HTTP/1.1" 200 1656
186.67.172.234 - - [11/May/2018:10:47:57 -0300] "GET /cormun/servlet/permisogoce?INS,0,,, HTTP/1.1" 200 7121
186.67.172.234 - - [11/May/2018:10:47:57 -0300] "GET /cormun/servlet/permisogoce?INS,0,,, HTTP/1.1" 200 7099
186.67.172.234 - - [11/May/2018:10:48:09 -0300] "GET /cormun/servlet/permisogoce?5888a3f469b3606e48cc3027cf2cdc6e4730708fa3d8a9e18c8ffb77467ed5ea22ebec1fb1723cca4ea1b519d2bed1e2b8597e71e14e6bbcade2f749127e4b70,gx-no-cache=1526046364744 HTTP/1.1" 200 79
186.67.172.234 - - [11/May/2018:10:48:09 -0300] "GET /cormun/static/menuarrow.gif HTTP/1.1" 404 1015
186.67.172.234 - - [11/May/2018:10:48:18 -0300] "GET /cormun/servlet/permisogoce?5888a3f469b3606e48cc3027cf2cdc6ee1953520e1803290c1e9efe2be50aa892de438a224d530297ad7f0ef20ace2eebdefcb9a120bf614da6914c6bd4e7f65,gx-no-cache=1526046374069 HTTP/1.1" 200 47
192.168.10.58 - - [11/May/2018:10:48:18 -0300] "POST /cormun/servlet/trsolicitudgral?17cc91d804519d8eb105527992e6bfa0,,gx-no-cache=1526046311204 HTTP/1.1" 200 5492
192.168.10.58 - - [11/May/2018:10:48:18 -0300] "GET /cormun/static/Shared/jqueryui/images/ui-icons_82798d_256x240.png HTTP/1.1" 404 1089
192.168.10.58 - - [11/May/2018:10:48:18 -0300] "GET /cormun/static/Shared/jqueryui/images/ui-icons_8d78a5_256x240.png HTTP/1.1" 404 1089
192.168.10.58 - - [11/May/2018:10:48:18 -0300] "GET /cormun/static/Shared/jqueryui/images/ui-bg_flat_55_fafafa_40x100.png HTTP/1.1" 404 1097
192.168.10.58 - - [11/May/2018:10:48:19 -0300] "GET /cormun/static/Shared/jqueryui/images/ui-bg_highlight-soft_100_c6c2c8_1x100.png HTTP/1.1" 404 1117
192.168.10.58 - - [11/May/2018:10:48:22 -0300] "GET /cormun/servlet/trsolicitudgral? HTTP/1.1" 200 8324
192.168.10.58 - - [11/May/2018:10:48:22 -0300] "GET /cormun/servlet/trsolicitudgral? HTTP/1.1" 200 8324
186.67.172.234 - - [11/May/2018:10:48:23 -0300] "POST /cormun/servlet/permisogoce?cac2742aef5fa9a7d3f3cfefe6964fe9,INS,0,,,,gx-no-cache=1526046378975 HTTP/1.1" 200 93
186.67.172.234 - - [11/May/2018:10:48:23 -0300] "GET /cormun/servlet/hpexe_return? HTTP/1.1" 200 1026
186.67.172.234 - - [11/May/2018:10:48:24 -0300] "GET /cormun/servlet/trpermisosgoce?gx-no-cache=1526046080873 HTTP/1.1" 200 14560
186.67.172.234 - - [11/May/2018:10:48:24 -0300] "GET /cormun/servlet/trpermisosgoce?gx-no-cache=1526046080873 HTTP/1.1" 200 14562
186.67.172.234 - - [11/May/2018:10:48:28 -0300] "GET /cormun/servlet/trpermisosadjuntos?15113366,20180511104450,P, HTTP/1.1" 200 6555
192.168.10.58 - - [11/May/2018:10:48:28 -0300] "GET /cormun/static/menuarrow.gif HTTP/1.1" 404 1015
186.67.172.234 - - [11/May/2018:10:48:28 -0300] "GET /cormun/servlet/trpermisosadjuntos?15113366,20180511104450,P, HTTP/1.1" 200 6532
186.67.172.234 - - [11/May/2018:10:48:30 -0300] "GET /cormun/servlet/permisosadjuntos?INS,15113366,P,20180511104450,, HTTP/1.1" 200 5865
186.67.172.234 - - [11/May/2018:10:48:30 -0300] "GET /cormun/static/about:blank HTTP/1.1" 404 1011
186.67.172.234 - - [11/May/2018:10:48:30 -0300] "GET /cormun/servlet/permisosadjuntos?INS,15113366,P,20180511104450,, HTTP/1.1" 200 5855
192.168.10.58 - - [11/May/2018:10:48:34 -0300] "GET /cormun/servlet/trsolicitudgral? HTTP/1.1" 200 8324
192.168.10.58 - - [11/May/2018:10:48:34 -0300] "GET /cormun/servlet/trsolicitudgral? HTTP/1.1" 200 8324
186.67.172.234 - - [11/May/2018:10:48:36 -0300] "POST /cormun/servlet/permisosadjuntos?cac2742aef5fa9a7d3f3cfefe6964fe9,INS,15113366,P,20180511104450,, HTTP/1.1" 200 116
186.67.172.234 - - [11/May/2018:10:48:36 -0300] "GET /cormun/servlet/hpexe_return? HTTP/1.1" 200 1031
186.67.172.234 - - [11/May/2018:10:48:36 -0300] "GET /cormun/servlet/trpermisosadjuntos?15113366,20180511104450,P, HTTP/1.1" 200 7038
186.67.172.234 - - [11/May/2018:10:48:37 -0300] "GET /cormun/servlet/trpermisosadjuntos?15113366,20180511104450,P, HTTP/1.1" 200 7033
192.168.10.97 - - [11/May/2018:10:48:39 -0300] "GET /cormun/servlet/trsolicitudgral? HTTP/1.1" 200 23307
192.168.10.97 - - [11/May/2018:10:48:40 -0300] "GET /cormun/servlet/trsolicitudgral? HTTP/1.1" 200 23307
186.67.172.234 - - [11/May/2018:10:48:40 -0300] "POST /cormun/servlet/trpermisosadjuntos?cac2742aef5fa9a7d3f3cfefe6964fe9,15113366,20180511104450,P,,gx-no-cache=1526046395881 HTTP/1.1" 200 90
186.67.172.234 - - [11/May/2018:10:48:40 -0300] "GET /cormun/servlet/hpexe_link HTTP/1.1" 200 998
186.67.172.234 - - [11/May/2018:10:48:40 -0300] "GET /cormun/servlet/trpermisosgoce?gx-no-cache=1526046080873 HTTP/1.1" 200 14495
186.67.172.234 - - [11/May/2018:10:48:41 -0300] "GET /cormun/servlet/trpermisosgoce?gx-no-cache=1526046080873 HTTP/1.1" 200 14563
192.168.10.58 - - [11/May/2018:10:48:43 -0300] "POST /cormun/servlet/trsolicitudgral?17cc91d804519d8eb105527992e6bfa0,,gx-no-cache=1526046335786 HTTP/1.1" 200 25029
186.67.172.234 - - [11/May/2018:10:48:46 -0300] "POST /cormun/servlet/trpermisosgoce?cac2742aef5fa9a7d3f3cfefe6964fe9,gx-no-cache=1526046080873,gx-no-cache=1526046401761 HTTP/1.1" 200 11688
186.67.172.234 - - [11/May/2018:10:48:46 -0300] "GET /cormun/static/Shared/jqueryui/images/ui-bg_highlight-soft_100_c6c2c8_1x100.png HTTP/1.1" 404 1117
186.67.172.234 - - [11/May/2018:10:48:46 -0300] "GET /cormun/static/Shared/jqueryui/images/ui-icons_82798d_256x240.png HTTP/1.1" 404 1089
186.67.172.234 - - [11/May/2018:10:48:46 -0300] "GET /cormun/static/Shared/jqueryui/images/ui-bg_flat_55_fafafa_40x100.png HTTP/1.1" 404 1097
186.67.172.234 - - [11/May/2018:10:48:46 -0300] "GET /cormun/static/Shared/jqueryui/images/ui-icons_8d78a5_256x240.png HTTP/1.1" 404 1089
186.67.172.234 - - [11/May/2018:10:48:52 -0300] "GET /cormun/servlet/permisogoce?INS,0,,, HTTP/1.1" 200 7120
186.67.172.234 - - [11/May/2018:10:48:52 -0300] "GET /cormun/servlet/permisogoce?INS,0,,, HTTP/1.1" 200 7098
192.168.10.58 - - [11/May/2018:10:48:57 -0300] "POST /cormun/servlet/trsolicitudgral?17cc91d804519d8eb105527992e6bfa0,,gx-no-cache=1526046350341 HTTP/1.1" 200 5263
192.168.10.58 - - [11/May/2018:10:48:59 -0300] "POST /cormun/servlet/trsolicitudgral?17cc91d804519d8eb105527992e6bfa0,,gx-no-cache=1526046352166 HTTP/1.1" 200 5263
186.67.172.234 - - [11/May/2018:10:49:00 -0300] "GET /cormun/servlet/permisogoce?5888a3f469b3606e48cc3027cf2cdc6e46d4e0ea56fe99e5c8990a7bba2f7d5e22ebec1fb1723cca4ea1b519d2bed1e2b8597e71e14e6bbcade2f749127e4b70,gx-no-cache=1526046415879 HTTP/1.1" 200 78
186.67.172.234 - - [11/May/2018:10:49:00 -0300] "GET /cormun/static/menuarrow.gif HTTP/1.1" 404 1015
192.168.10.58 - - [11/May/2018:10:49:05 -0300] "GET /cormun/servlet/trautorizarot? HTTP/1.1" 200 8171
192.168.10.58 - - [11/May/2018:10:49:06 -0300] "GET /cormun/servlet/trautorizarot? HTTP/1.1" 200 8171
186.67.172.234 - - [11/May/2018:10:49:09 -0300] "GET /cormun/servlet/permisogoce?5888a3f469b3606e48cc3027cf2cdc6e14f8bd6bff03d955a69d0f7971515e219d7e4d137e2d0931a3b4cdf08556bf8fbdefcb9a120bf614da6914c6bd4e7f65,gx-no-cache=1526046424411 HTTP/1.1" 200 46
186.67.172.234 - - [11/May/2018:10:49:14 -0300] "POST /cormun/servlet/permisogoce?cac2742aef5fa9a7d3f3cfefe6964fe9,INS,0,,,,gx-no-cache=1526046429269 HTTP/1.1" 200 93
186.67.172.234 - - [11/May/2018:10:49:14 -0300] "GET /cormun/servlet/hpexe_return? HTTP/1.1" 200 1026
186.67.172.234 - - [11/May/2018:10:49:14 -0300] "GET /cormun/servlet/trpermisosgoce?gx-no-cache=1526046080873 HTTP/1.1" 200 14736
192.168.10.58 - - [11/May/2018:10:49:21 -0300] "POST /cormun/servlet/trautorizarot?17cc91d804519d8eb105527992e6bfa0,,gx-no-cache=1526046374560 HTTP/1.1" 200 8426
186.67.172.234 - - [11/May/2018:10:49:22 -0300] "GET /cormun/servlet/trpermisosgoce?gx-no-cache=1526046080873 HTTP/1.1" 200 14804
186.67.172.234 - - [11/May/2018:10:49:33 -0300] "GET /cormun/servlet/trpermisosadjuntos?15774663,20180511104545,P, HTTP/1.1" 200 6563
186.67.172.234 - - [11/May/2018:10:49:33 -0300] "GET /cormun/servlet/trpermisosadjuntos?15774663,20180511104545,P, HTTP/1.1" 200 6541
186.67.172.234 - - [11/May/2018:10:49:35 -0300] "GET /cormun/servlet/permisosadjuntos?INS,15774663,P,20180511104545,, HTTP/1.1" 200 5873
186.67.172.234 - - [11/May/2018:10:49:35 -0300] "GET /cormun/static/about:blank HTTP/1.1" 404 1011
186.67.172.234 - - [11/May/2018:10:49:35 -0300] "GET /cormun/servlet/permisosadjuntos?INS,15774663,P,20180511104545,, HTTP/1.1" 200 5861
186.67.172.234 - - [11/May/2018:10:49:42 -0300] "POST /cormun/servlet/permisosadjuntos?cac2742aef5fa9a7d3f3cfefe6964fe9,INS,15774663,P,20180511104545,, HTTP/1.1" 200 116
186.67.172.234 - - [11/May/2018:10:49:42 -0300] "GET /cormun/servlet/hpexe_return? HTTP/1.1" 200 1032
186.67.172.234 - - [11/May/2018:10:49:42 -0300] "GET /cormun/servlet/trpermisosadjuntos?15774663,20180511104545,P, HTTP/1.1" 200 7032
186.67.172.234 - - [11/May/2018:10:49:43 -0300] "GET /cormun/servlet/trpermisosadjuntos?15774663,20180511104545,P, HTTP/1.1" 200 7030
186.67.172.234 - - [11/May/2018:10:49:45 -0300] "POST /cormun/servlet/trpermisosadjuntos?cac2742aef5fa9a7d3f3cfefe6964fe9,15774663,20180511104545,P,,gx-no-cache=1526046460422 HTTP/1.1" 200 90
186.67.172.234 - - [11/May/2018:10:49:45 -0300] "GET /cormun/servlet/hpexe_link HTTP/1.1" 200 999
186.67.172.234 - - [11/May/2018:10:49:45 -0300] "GET /cormun/servlet/trpermisosgoce?gx-no-cache=1526046080873 HTTP/1.1" 200 14760
192.168.10.58 - - [11/May/2018:10:49:45 -0300] "POST /cormun/servlet/trautorizarot?17cc91d804519d8eb105527992e6bfa0,,gx-no-cache=1526046398313 HTTP/1.1" 200 5341
186.67.172.234 - - [11/May/2018:10:49:45 -0300] "GET /cormun/servlet/trpermisosgoce?gx-no-cache=1526046080873 HTTP/1.1" 200 14781
186.67.172.234 - - [11/May/2018:10:49:49 -0300] "POST /cormun/servlet/trpermisosgoce?cac2742aef5fa9a7d3f3cfefe6964fe9,gx-no-cache=1526046080873,gx-no-cache=1526046464080 HTTP/1.1" 200 11877
