200.111.191.210 - - [08/May/2018:12:18:58 -0300] "GET /cormun/servlet/trpermisosadjuntos?12914099,20180508120337,P, HTTP/1.1" 200 6270
200.111.191.210 - - [08/May/2018:12:18:58 -0300] "GET /cormun/servlet/trpermisosadjuntos?12914099,20180508120337,P, HTTP/1.1" 200 6270
200.111.191.210 - - [08/May/2018:12:19:00 -0300] "GET /cormun/servlet/permisosadjuntos?INS,12914099,P,20180508120337,, HTTP/1.1" 200 5600
200.111.191.210 - - [08/May/2018:12:19:00 -0300] "GET /cormun/static/about:blank HTTP/1.1" 404 1011
200.111.191.210 - - [08/May/2018:12:19:00 -0300] "GET /cormun/servlet/permisosadjuntos?INS,12914099,P,20180508120337,, HTTP/1.1" 200 5588
186.79.69.98 - - [08/May/2018:12:19:00 -0300] "GET /cormun/servlet/solicitudotadjuntos?8aa2c5f61667095ed82b51c93a70bf98a356b15273289847559980414ed3ab0a,gx-no-cache=1525792683231 HTTP/1.1" 200 30
186.103.159.46 - - [08/May/2018:12:19:00 -0300] "POST /cormun/servlet/solicitudot?gx-no-cache=1525792681956 HTTP/1.1" 200 3341
186.79.69.98 - - [08/May/2018:12:19:00 -0300] "GET /cormun/servlet/solicitudotadjuntos?8aa2c5f61667095ed82b51c93a70bf98a356b15273289847559980414ed3ab0a,gx-no-cache=1525792683355 HTTP/1.1" 200 30
186.103.159.46 - - [08/May/2018:12:19:00 -0300] "GET /cormun/static/Shared/jqueryui/images/ui-bg_highlight-soft_100_c6c2c8_1x100.png HTTP/1.1" 404 1117
186.103.159.46 - - [08/May/2018:12:19:00 -0300] "GET /cormun/static/Shared/jqueryui/images/ui-icons_82798d_256x240.png HTTP/1.1" 404 1089
186.103.159.46 - - [08/May/2018:12:19:00 -0300] "GET /cormun/static/Shared/jqueryui/images/ui-bg_flat_55_994d53_40x100.png HTTP/1.1" 404 1097
186.103.159.46 - - [08/May/2018:12:19:00 -0300] "GET /cormun/static/Shared/jqueryui/images/ui-icons_ebccce_256x240.png HTTP/1.1" 404 1089
186.103.159.46 - - [08/May/2018:12:19:00 -0300] "GET /cormun/servlet/solicitudot?20c03f98c96036387207048749173f7a3d76ab4b4a9cda17627b70447ef12877,gx-no-cache=1525792682187 HTTP/1.1" 200 111
186.103.159.46 - - [08/May/2018:12:19:00 -0300] "GET /cormun/servlet/solicitudot?20c03f98c96036387207048749173f7a94e4e0f46ec9b347c3531067b544ccd9,gx-no-cache=1525792682308 HTTP/1.1" 200 94
186.103.159.46 - - [08/May/2018:12:19:01 -0300] "GET /cormun/servlet/solicitudot?20c03f98c96036387207048749173f7af73cd4e3bd3f3328317f846379138c51,gx-no-cache=1525792682376 HTTP/1.1" 200 29
186.103.159.46 - - [08/May/2018:12:19:01 -0300] "GET /cormun/servlet/solicitudot?20c03f98c96036387207048749173f7a408f55765d208fb8fb95608b6ea0536241503a4e013438aeb0b3a7966461e69118b21803ab06a367622180bd4531c0da0ccb65fdb293872063c909222495d88931c220fae775dc4bd68893aa4ce93cf703305e0a2eee06cd3792b93bd7d62a10c2b78ae59e0189b288985f4886d652df430fc397a46587b13899ac7c15deb13978633bdfb85bd427174536cb54b9c5dffe3910b065b8c2da13db7bbf34d447978da9f69ffc65017a48629f7d90598cff14390271a6bdfd28404ce1d09d1683611d92d210929568f423ab5ebd680ac9e4dae418a88550a96f55d1c3919dd20122f152e4d3a85be3d5e3262bcb12abfcea01f3c953c3142628cd2413efa9ad7c30155d350f065149b1848c1ac313ee69f7227a620c97f46aeac6a27ab302efcefb53d93e7adb93ac5f0570ad627cd256dc4749e37b5596d173e128d6f97dc82c30,gx-no-cache=1525792682463 HTTP/1.1" 200 297
186.103.159.46 - - [08/May/2018:12:19:01 -0300] "GET /cormun/servlet/solicitudot?20c03f98c96036387207048749173f7a8ddf16b69be599ce7307a891a22d0ed09c8514dcc4f17cb96276b1c73218555e5d995c27542b180377a0f76c84efc51b11bb62a592199a330dd599ff2d26e080bb8e7bbd5f31b57413093981a1e4c3e9be9997ed104be952c1ddce632808b078c637ae78b7447713d5a4aba07471222a7a9e7dfd9ff2fbee17079f91baf5c176a82d083592b3ede290de47eafb540ab06eccc6171f94751f742aeac6481273676b4cdc23f8b8a0eb87886e1baa0561314dc936789800143bc5ccaf8173d03bb4c34000e0669b4dcb08bd6d2d99f6ce13e8f0e0b39ecc463f8e7579fb03c7d389daa468dfb85472840b3d8ebbaeee1d78ed2807324d2dd1aedef8c9c6e7609bb0a4262d81c0645855e8342e139f31763da9b784eb7cac973f00830cb9f7af1c87753685aed238d5780b520fbb516c5770c486bc41a89248f0093c254cdf2768cd3a1ab6422274e2180e766b923b745ab3c04dee529ac2dd3a8896eccb82bb35a1a78443cd886a36d991409cc5c65efe67d4db59a0d25f5805cd7dd00bd9bcae94,gx-no-cache=1525792682850 HTTP/1.1" 200 30
200.111.191.210 - - [08/May/2018:12:19:10 -0300] "POST /cormun/servlet/permisosadjuntos?9f6c0bbeea1676db5b58d3b0a255e7d9,INS,12914099,P,20180508120337,, HTTP/1.1" 200 116
200.111.191.210 - - [08/May/2018:12:19:10 -0300] "GET /cormun/servlet/hpexe_return? HTTP/1.1" 200 1038
200.111.191.210 - - [08/May/2018:12:19:10 -0300] "GET /cormun/servlet/trpermisosadjuntos?12914099,20180508120337,P, HTTP/1.1" 200 6732
200.111.191.210 - - [08/May/2018:12:19:11 -0300] "GET /cormun/servlet/trpermisosadjuntos?12914099,20180508120337,P, HTTP/1.1" 200 6729
200.111.191.210 - - [08/May/2018:12:19:12 -0300] "GET /cormun/PublicTempStorage/0905073005552.PDF HTTP/1.1" 200 614270
200.111.191.210 - - [08/May/2018:12:19:15 -0300] "GET /cormun/servlet/trpermisosadjuntos?12914099,20180508120337,P, HTTP/1.1" 200 6731
200.111.191.210 - - [08/May/2018:12:19:16 -0300] "GET /cormun/servlet/trpermisosadjuntos?12914099,20180508120337,P, HTTP/1.1" 200 6729
186.79.69.98 - - [08/May/2018:12:19:17 -0300] "POST /cormun/servlet/solicitudotadjuntos?3646401cd0fd08fff1cf2ad9d9d003c1,INS,2018,11322,,1, HTTP/1.1" 200 116
186.79.69.98 - - [08/May/2018:12:19:17 -0300] "GET /cormun/servlet/hpexe_return? HTTP/1.1" 200 1024
186.103.159.46 - - [08/May/2018:12:19:18 -0300] "POST /cormun/servlet/solicitudot?gx-no-cache=1525792699236 HTTP/1.1" 200 3284
186.79.69.98 - - [08/May/2018:12:19:18 -0300] "GET /cormun/servlet/trsolicitudadjuntos?2018,11322, HTTP/1.1" 200 8666
186.103.159.46 - - [08/May/2018:12:19:18 -0300] "POST /cormun/servlet/solicitudot?49ed54ecad9166b36a3c760ac9e68481,INS,0,0,,gx-no-cache=1525792699607 HTTP/1.1" 200 10242
200.111.191.210 - - [08/May/2018:12:19:18 -0300] "GET /cormun/servlet/trpermisosgoce? HTTP/1.1" 200 12830
186.103.159.46 - - [08/May/2018:12:19:18 -0300] "GET /cormun/servlet/solicitudot?20c03f98c96036387207048749173f7affe99e243adc22ee5cc6957ac0421f1b55a9722d2983d52625241e104dbc9897,gx-no-cache=1525792700097 HTTP/1.1" 200 111
200.111.191.210 - - [08/May/2018:12:19:18 -0300] "GET /cormun/servlet/trpermisosgoce? HTTP/1.1" 200 12775
186.103.159.46 - - [08/May/2018:12:19:18 -0300] "GET /cormun/servlet/solicitudot?20c03f98c96036387207048749173f7a94e4e0f46ec9b347c3531067b544ccd9,gx-no-cache=1525792700215 HTTP/1.1" 200 94
186.79.69.98 - - [08/May/2018:12:19:19 -0300] "GET /cormun/servlet/trsolicitudadjuntos?2018,11322, HTTP/1.1" 200 8663
200.111.191.210 - - [08/May/2018:12:19:24 -0300] "POST /cormun/servlet/trpermisosgoce?9f6c0bbeea1676db5b58d3b0a255e7d9,,gx-no-cache=1525792734925 HTTP/1.1" 200 9718
200.111.191.210 - - [08/May/2018:12:19:24 -0300] "GET /cormun/static/Shared/jqueryui/images/ui-bg_highlight-soft_100_c6c2c8_1x100.png HTTP/1.1" 404 1117
200.111.191.210 - - [08/May/2018:12:19:24 -0300] "GET /cormun/static/Shared/jqueryui/images/ui-icons_82798d_256x240.png HTTP/1.1" 404 1089
200.111.191.210 - - [08/May/2018:12:19:24 -0300] "GET /cormun/static/Shared/jqueryui/images/ui-bg_flat_55_fafafa_40x100.png HTTP/1.1" 404 1097
200.111.191.210 - - [08/May/2018:12:19:24 -0300] "GET /cormun/static/Shared/jqueryui/images/ui-icons_8d78a5_256x240.png HTTP/1.1" 404 1089
186.103.159.46 - - [08/May/2018:12:19:25 -0300] "POST /cormun/servlet/solicitudot?gx-no-cache=1525792706385 HTTP/1.1" 200 3368
186.103.159.46 - - [08/May/2018:12:19:25 -0300] "POST /cormun/servlet/solicitudot?49ed54ecad9166b36a3c760ac9e68481,INS,0,0,,gx-no-cache=1525792706725 HTTP/1.1" 200 10372
186.103.159.46 - - [08/May/2018:12:19:25 -0300] "GET /cormun/servlet/solicitudot?20c03f98c96036387207048749173f7acd150e50be6ee18ade322e2db684a28955a9722d2983d52625241e104dbc9897,gx-no-cache=1525792707138 HTTP/1.1" 200 30
186.103.159.46 - - [08/May/2018:12:19:25 -0300] "GET /cormun/servlet/solicitudot?20c03f98c96036387207048749173f7a94e4e0f46ec9b347c3531067b544ccd9,gx-no-cache=1525792707248 HTTP/1.1" 200 94
186.79.69.98 - - [08/May/2018:12:19:28 -0300] "GET /cormun/servlet/solicitudotadjuntos?INS,2018,11322,,1, HTTP/1.1" 200 5970
186.79.69.98 - - [08/May/2018:12:19:28 -0300] "GET /cormun/static/about:blank HTTP/1.1" 404 1011
186.79.69.98 - - [08/May/2018:12:19:28 -0300] "GET /cormun/servlet/solicitudotadjuntos?INS,2018,11322,,1, HTTP/1.1" 200 5963
186.79.69.98 - - [08/May/2018:12:19:29 -0300] "GET /cormun/servlet/solicitudotadjuntos?8aa2c5f61667095ed82b51c93a70bf98d9710bd95c1bf49cf9fa276b0b6109c0f089c966c27f0571fb7ced99ede817f9,gx-no-cache=1525792712072 HTTP/1.1" 200 30
186.79.76.59 - - [08/May/2018:12:19:29 -0300] "GET /cormun/servlet/trlicenciaspermisosadjuntos?9067815,20180508000000,L, HTTP/1.1" 200 6582
186.79.76.59 - - [08/May/2018:12:19:30 -0300] "GET /cormun/static/gxcfg.js?20177612163414 HTTP/1.1" 200 953
186.79.69.98 - - [08/May/2018:12:19:30 -0300] "POST /cormun/servlet/solicitudotadjuntos?3646401cd0fd08fff1cf2ad9d9d003c1,INS,2018,11322,,1,,gx-no-cache=1525792712349 HTTP/1.1" 200 3821
186.79.76.59 - - [08/May/2018:12:19:31 -0300] "GET /cormun/servlet/trlicenciaspermisosadjuntos?9067815,20180508000000,L, HTTP/1.1" 200 6582
186.103.159.46 - - [08/May/2018:12:19:32 -0300] "GET /cormun/servlet/solicitudot?20c03f98c96036387207048749173f7a65306ce54d2d0942325db4a9116dd326,gx-no-cache=1525792713275 HTTP/1.1" 200 53
186.103.159.46 - - [08/May/2018:12:19:33 -0300] "POST /cormun/servlet/solicitudot?gx-no-cache=1525792714289 HTTP/1.1" 200 255
186.79.76.59 - - [08/May/2018:12:19:33 -0300] "GET /cormun/servlet/licenciaspermisosadjuntos?INS,9067815,L,20180508000000,, HTTP/1.1" 200 5883
186.103.159.46 - - [08/May/2018:12:19:33 -0300] "GET /cormun/servlet/solicitudot?20c03f98c96036387207048749173f7a8ddf16b69be599ce7307a891a22d0ed0d6ebbee36b0957ddefc9e74b261c79645d995c27542b180377a0f76c84efc51b11bb62a592199a330dd599ff2d26e080bb8e7bbd5f31b57413093981a1e4c3e9be9997ed104be952c1ddce632808b078c637ae78b7447713d5a4aba07471222a7a9e7dfd9ff2fbee17079f91baf5c176a82d083592b3ede290de47eafb540ab06eccc6171f94751f742aeac6481273676b4cdc23f8b8a0eb87886e1baa0561314dc936789800143bc5ccaf8173d03bb4c34000e0669b4dcb08bd6d2d99f6ce13e8f0e0b39ecc463f8e7579fb03c7d38978f306cb3e443f55770307c9a1612b86ed2807324d2dd1aedef8c9c6e7609bb0508c1af614f61f1a5a1fad1caf885c6bddf1a5ec59df8a8563db8d92b30ad3f538da4bb6d20fd1011e13b3bba7f7c4e06f628a26345f0b5838c4681199c5bc64884ec69655acc3da774fd7afaabf7d124d4ef76e9c893c7f36c4b1df2cbea5cd5de8921a2cc5a1ad320e1bb26b17efbd,gx-no-cache=1525792714469 HTTP/1.1" 200 30
186.79.76.59 - - [08/May/2018:12:19:33 -0300] "GET /cormun/static/gxcfg.js?2017761263592 HTTP/1.1" 200 953
186.79.76.59 - - [08/May/2018:12:19:34 -0300] "GET /cormun/static/about:blank HTTP/1.1" 404 1011
186.79.76.59 - - [08/May/2018:12:19:34 -0300] "GET /cormun/servlet/licenciaspermisosadjuntos?INS,9067815,L,20180508000000,, HTTP/1.1" 200 5871
186.79.69.98 - - [08/May/2018:12:19:40 -0300] "POST /cormun/servlet/solicitudotadjuntos?gx-no-cache=1525792722544 HTTP/1.1" 200 26
201.214.54.200 - - [08/May/2018:12:19:44 -0300] "POST /cormun/servlet/licenciaspermisosadjuntos?0850befbaabb87a63ca2cfd25a843c23,INS,9067815,L,20180508000000,, HTTP/1.1" 200 116
201.214.54.200 - - [08/May/2018:12:19:45 -0300] "GET /cormun/servlet/hpexe_return? HTTP/1.1" 200 1042
201.214.54.200 - - [08/May/2018:12:19:45 -0300] "GET /cormun/servlet/trlicenciaspermisosadjuntos?9067815,20180508000000,L, HTTP/1.1" 200 7087
201.214.54.200 - - [08/May/2018:12:19:46 -0300] "GET /cormun/servlet/trlicenciaspermisosadjuntos?9067815,20180508000000,L, HTTP/1.1" 200 7085
201.214.54.200 - - [08/May/2018:12:19:48 -0300] "POST /cormun/servlet/trlicenciaspermisosadjuntos?0850befbaabb87a63ca2cfd25a843c23,9067815,20180508000000,L,,gx-no-cache=1525792730112 HTTP/1.1" 200 90
201.214.54.200 - - [08/May/2018:12:19:48 -0300] "GET /cormun/servlet/hpexe_link HTTP/1.1" 200 985
201.214.54.200 - - [08/May/2018:12:19:49 -0300] "GET /cormun/servlet/trlicencias HTTP/1.1" 200 14251
201.214.54.200 - - [08/May/2018:12:19:51 -0300] "GET /cormun/servlet/trlicencias HTTP/1.1" 200 14249
186.79.69.98 - - [08/May/2018:12:19:51 -0300] "GET /cormun/servlet/solicitudotadjuntos?8aa2c5f61667095ed82b51c93a70bf98a356b15273289847559980414ed3ab0a,gx-no-cache=1525792730209 HTTP/1.1" 200 30
186.79.69.98 - - [08/May/2018:12:19:51 -0300] "GET /cormun/servlet/solicitudotadjuntos?8aa2c5f61667095ed82b51c93a70bf98a356b15273289847559980414ed3ab0a,gx-no-cache=1525792734538 HTTP/1.1" 200 30
201.214.54.200 - - [08/May/2018:12:19:53 -0300] "GET /cormun/servlet/alicenciaprn?9067815,L,20180508000000,PU HTTP/1.1" 200 1560
186.79.69.98 - - [08/May/2018:12:20:09 -0300] "POST /cormun/servlet/solicitudotadjuntos?3646401cd0fd08fff1cf2ad9d9d003c1,INS,2018,11322,,1, HTTP/1.1" 200 116
186.79.69.98 - - [08/May/2018:12:20:09 -0300] "GET /cormun/servlet/hpexe_return? HTTP/1.1" 200 1024
186.79.69.98 - - [08/May/2018:12:20:10 -0300] "GET /cormun/servlet/trsolicitudadjuntos?2018,11322, HTTP/1.1" 200 8858
186.79.69.98 - - [08/May/2018:12:20:10 -0300] "GET /cormun/servlet/trsolicitudadjuntos?2018,11322, HTTP/1.1" 200 8857
186.103.159.46 - - [08/May/2018:12:20:14 -0300] "GET /cormun/servlet/trlicencias? HTTP/1.1" 200 10267
201.214.54.200 - - [08/May/2018:12:20:15 -0300] "POST /cormun/servlet/trlicencias?0850befbaabb87a63ca2cfd25a843c23,gx-no-cache=1525792755930 HTTP/1.1" 200 11826
201.214.54.200 - - [08/May/2018:12:20:15 -0300] "GET /cormun/static/Shared/jqueryui/images/ui-bg_highlight-soft_100_c6c2c8_1x100.png HTTP/1.1" 404 1117
201.214.54.200 - - [08/May/2018:12:20:15 -0300] "GET /cormun/static/Shared/jqueryui/images/ui-icons_82798d_256x240.png HTTP/1.1" 404 1089
201.214.54.200 - - [08/May/2018:12:20:15 -0300] "GET /cormun/static/Shared/jqueryui/images/ui-bg_flat_55_fafafa_40x100.png HTTP/1.1" 404 1097
201.214.54.200 - - [08/May/2018:12:20:15 -0300] "GET /cormun/static/Shared/jqueryui/images/ui-icons_8d78a5_256x240.png HTTP/1.1" 404 1089
186.103.159.46 - - [08/May/2018:12:20:16 -0300] "GET /cormun/servlet/trlicencias? HTTP/1.1" 200 10260
186.79.69.98 - - [08/May/2018:12:20:22 -0300] "GET /cormun/servlet/solicitudotadjuntos?INS,2018,11322,,1, HTTP/1.1" 200 5970
186.103.159.46 - - [08/May/2018:12:20:23 -0300] "GET /cormun/servlet/licenciaspermisos?DSP,10940177,L,20180427000000, HTTP/1.1" 200 7083
186.79.69.98 - - [08/May/2018:12:20:23 -0300] "GET /cormun/static/about:blank HTTP/1.1" 404 1011
186.103.159.46 - - [08/May/2018:12:20:23 -0300] "GET /cormun/static/gxcfg.js?201762917281167 HTTP/1.1" 304 -
186.79.69.98 - - [08/May/2018:12:20:23 -0300] "GET /cormun/servlet/solicitudotadjuntos?INS,2018,11322,,1, HTTP/1.1" 200 5963
186.79.69.98 - - [08/May/2018:12:20:24 -0300] "GET /cormun/servlet/solicitudotadjuntos?8aa2c5f61667095ed82b51c93a70bf98d9710bd95c1bf49cf9fa276b0b6109c0f089c966c27f0571fb7ced99ede817f9,gx-no-cache=1525792766469 HTTP/1.1" 200 30
186.103.159.46 - - [08/May/2018:12:20:24 -0300] "GET /cormun/servlet/licenciaspermisos?DSP,10940177,L,20180427000000, HTTP/1.1" 200 7083
186.79.69.98 - - [08/May/2018:12:20:25 -0300] "POST /cormun/servlet/solicitudotadjuntos?3646401cd0fd08fff1cf2ad9d9d003c1,INS,2018,11322,,1,,gx-no-cache=1525792766924 HTTP/1.1" 200 3822
186.67.172.234 - - [08/May/2018:12:20:28 -0300] "GET /cormun/servlet/hlogin HTTP/1.1" 200 1724
186.67.172.234 - - [08/May/2018:12:20:28 -0300] "GET /cormun/static/gxtimezone.js?85251 HTTP/1.1" 200 5781
186.67.172.234 - - [08/May/2018:12:20:28 -0300] "GET /cormun/static/gxcfg.js?20175251213516 HTTP/1.1" 200 953
186.67.172.234 - - [08/May/2018:12:20:28 -0300] "GET /cormun/static/Resources/Spanish/PXTools.css?11423723 HTTP/1.1" 200 89042
186.67.172.234 - - [08/May/2018:12:20:29 -0300] "GET /cormun/static/messages.spa.js?85251 HTTP/1.1" 200 30736
186.67.172.234 - - [08/May/2018:12:20:29 -0300] "GET /cormun/static/hlogin.js?20175251213537 HTTP/1.1" 200 2136
186.67.172.234 - - [08/May/2018:12:20:29 -0300] "GET /cormun/static/gxgral.js?85251 HTTP/1.1" 200 384558
186.79.69.98 - - [08/May/2018:12:20:29 -0300] "POST /cormun/servlet/solicitudotadjuntos?gx-no-cache=1525792771728 HTTP/1.1" 200 26
186.67.172.234 - - [08/May/2018:12:20:29 -0300] "GET /cormun/static/Resources/ComunLogin.png HTTP/1.1" 200 17326
186.67.172.234 - - [08/May/2018:12:20:29 -0300] "GET /cormun/static/Resources/PXToolsLoginBackground.png HTTP/1.1" 200 1164
186.67.172.234 - - [08/May/2018:12:20:29 -0300] "GET /cormun/static/Resources/PXToolsButtonLeft21.png HTTP/1.1" 200 1287
186.67.172.234 - - [08/May/2018:12:20:29 -0300] "GET /cormun/static/Resources/PXToolsButtonRight21.png HTTP/1.1" 200 1283
186.67.172.234 - - [08/May/2018:12:20:29 -0300] "GET /cormun/static/Resources/PXToolsButtonBackground2.png HTTP/1.1" 200 1181
186.67.172.234 - - [08/May/2018:12:20:29 -0300] "GET /cormun/static/Resources/PXToolsLoginTop.png HTTP/1.1" 200 1337
186.67.172.234 - - [08/May/2018:12:20:29 -0300] "GET /cormun/static/Resources/PXToolsLoginBottom.png HTTP/1.1" 200 1389
186.67.172.234 - - [08/May/2018:12:20:29 -0300] "GET /cormun/static/Resources/indicator.gif HTTP/1.1" 200 1553
186.67.172.234 - - [08/May/2018:12:20:29 -0300] "GET /cormun/servlet/hlogin HTTP/1.1" 200 1726
201.214.54.200 - - [08/May/2018:12:20:33 -0300] "GET /cormun/servlet/hlogin HTTP/1.1" 200 1738
186.79.69.98 - - [08/May/2018:12:20:37 -0300] "GET /cormun/servlet/solicitudotadjuntos?8aa2c5f61667095ed82b51c93a70bf98a356b15273289847559980414ed3ab0a,gx-no-cache=1525792779862 HTTP/1.1" 200 30
186.79.69.98 - - [08/May/2018:12:20:37 -0300] "GET /cormun/servlet/solicitudotadjuntos?8aa2c5f61667095ed82b51c93a70bf98a356b15273289847559980414ed3ab0a,gx-no-cache=1525792780096 HTTP/1.1" 200 30
186.67.172.234 - - [08/May/2018:12:20:43 -0300] "POST /cormun/servlet/hlogin?bc085ddd4dc0d99181a9368581907bf2,gx-no-cache=1525792784533 HTTP/1.1" 200 90
186.67.172.234 - - [08/May/2018:12:20:44 -0300] "GET /cormun/servlet/hpexe_link HTTP/1.1" 200 948
186.67.172.234 - - [08/May/2018:12:20:44 -0300] "GET /cormun/static/gxcfg.js?20177612121792 HTTP/1.1" 200 953
186.67.172.234 - - [08/May/2018:12:20:44 -0300] "GET /cormun/static/hpexe_link.js?20177612121795 HTTP/1.1" 200 625
186.67.172.234 - - [08/May/2018:12:20:44 -0300] "GET /cormun/static/Resources/Spanish/PXTools.css?1155365 HTTP/1.1" 200 89042
186.67.172.234 - - [08/May/2018:12:20:44 -0300] "GET /cormun/servlet/hhome HTTP/1.1" 200 4231
186.67.172.234 - - [08/May/2018:12:20:44 -0300] "GET /cormun/static/Shared/jqueryui/jquery-ui.min.css?1245370 HTTP/1.1" 200 30288
186.67.172.234 - - [08/May/2018:12:20:44 -0300] "GET /cormun/static/SmoothNavMenu/resources/ddsmoothmenu.css?1012540 HTTP/1.1" 200 2223
186.67.172.234 - - [08/May/2018:12:20:44 -0300] "GET /cormun/static/SmoothNavMenu/resources/ddsmoothmenu-v.css?1012540 HTTP/1.1" 200 1188
186.67.172.234 - - [08/May/2018:12:20:44 -0300] "GET /cormun/static/scaMessage/css/jquery.pnotify.default.css?1716380 HTTP/1.1" 200 1707
186.67.172.234 - - [08/May/2018:12:20:44 -0300] "GET /cormun/static/PXToolsJavascripts/pexe_autoreload.js HTTP/1.1" 200 1762
186.67.172.234 - - [08/May/2018:12:20:44 -0300] "GET /cormun/static/gxcfg.js?20175251212442 HTTP/1.1" 200 953
186.67.172.234 - - [08/May/2018:12:20:44 -0300] "GET /cormun/static/PXToolsJavascripts/pexe_cookies.js HTTP/1.1" 200 792
186.67.172.234 - - [08/May/2018:12:20:44 -0300] "GET /cormun/static/PXToolsJavascripts/pexe_grid.js HTTP/1.1" 200 7559
186.67.172.234 - - [08/May/2018:12:20:44 -0300] "GET /cormun/static/PXToolsJavascripts/pexe_windows.js HTTP/1.1" 200 15207
186.67.172.234 - - [08/May/2018:12:20:44 -0300] "GET /cormun/static/PXToolsJavascripts/pexe_griddivfix.js HTTP/1.1" 200 6644
186.67.172.234 - - [08/May/2018:12:20:44 -0300] "GET /cormun/static/PXToolsJavascripts/pexe_link.js HTTP/1.1" 200 5671
186.67.172.234 - - [08/May/2018:12:20:44 -0300] "GET /cormun/static/PXToolsJavascripts/pexe_oav.js HTTP/1.1" 200 645
186.67.172.234 - - [08/May/2018:12:20:44 -0300] "GET /cormun/static/PXToolsJavascripts/pexe_layers.js HTTP/1.1" 200 4114
186.67.172.234 - - [08/May/2018:12:20:44 -0300] "GET /cormun/static/PXToolsJavascripts/pexe_oavdivfix.js HTTP/1.1" 200 639
186.67.172.234 - - [08/May/2018:12:20:44 -0300] "GET /cormun/static/PXToolsJavascripts/pexe_menudivfix.js HTTP/1.1" 200 333
186.67.172.234 - - [08/May/2018:12:20:44 -0300] "GET /cormun/static/PXToolsJavascripts/pexe_menus.js HTTP/1.1" 200 1286
186.67.172.234 - - [08/May/2018:12:20:44 -0300] "GET /cormun/static/PXToolsJavascripts/pexe_picture.js HTTP/1.1" 200 689
186.67.172.234 - - [08/May/2018:12:20:44 -0300] "GET /cormun/static/PXToolsJavascripts/pexe_popup.js HTTP/1.1" 200 13458
186.67.172.234 - - [08/May/2018:12:20:44 -0300] "GET /cormun/static/PXToolsJavascripts/pexe_upload.js HTTP/1.1" 200 1423
186.67.172.234 - - [08/May/2018:12:20:44 -0300] "GET /cormun/static/PXToolsJavascripts/pexe_tabs.js HTTP/1.1" 200 3748
186.67.172.234 - - [08/May/2018:12:20:44 -0300] "GET /cormun/static/PXToolsJavascripts/pexe_tabdivfix.js HTTP/1.1" 200 876
186.67.172.234 - - [08/May/2018:12:20:44 -0300] "GET /cormun/static/PXToolsJavascripts/pexe_scrolldiv.js HTTP/1.1" 200 4138
186.67.172.234 - - [08/May/2018:12:20:44 -0300] "GET /cormun/static/PXToolsJavascripts/PXToolsJavascriptsRender.js HTTP/1.1" 200 367
186.67.172.234 - - [08/May/2018:12:20:44 -0300] "GET /cormun/static/RunJS/RunJS.js HTTP/1.1" 200 288
186.67.172.234 - - [08/May/2018:12:20:44 -0300] "GET /cormun/static/hhome.js?20175251212450 HTTP/1.1" 200 777
186.67.172.234 - - [08/May/2018:12:20:44 -0300] "GET /cormun/static/hwchdr01.js?201752511465785 HTTP/1.1" 200 1183
186.67.172.234 - - [08/May/2018:12:20:44 -0300] "GET /cormun/static/Shared/ext/locale/ext-lang-en.js HTTP/1.1" 200 10940
186.67.172.234 - - [08/May/2018:12:20:44 -0300] "GET /cormun/static/hpexe_recentlink.js?20177611595044 HTTP/1.1" 200 2144
186.67.172.234 - - [08/May/2018:12:20:44 -0300] "GET /cormun/static/Resources/PXToolsFooterBackground2.png HTTP/1.1" 200 1172
186.67.172.234 - - [08/May/2018:12:20:44 -0300] "GET /cormun/static/Resources/PXToolsHeaderBackground2.png HTTP/1.1" 200 1174
186.67.172.234 - - [08/May/2018:12:20:44 -0300] "GET /cormun/static/Resources/PXToolsHeaderActionsBackground.png HTTP/1.1" 200 484
186.67.172.234 - - [08/May/2018:12:20:44 -0300] "GET /cormun/static/Resources/PXToolsDataTitle.png HTTP/1.1" 200 1173
186.67.172.234 - - [08/May/2018:12:20:44 -0300] "GET /cormun/static/Resources/PXToolsHeaderActionsRight.png HTTP/1.1" 200 1201
186.67.172.234 - - [08/May/2018:12:20:44 -0300] "GET /cormun/static/Resources/PXToolsHeaderActionsLeft.png HTTP/1.1" 200 1118
186.67.172.234 - - [08/May/2018:12:20:44 -0300] "GET /cormun/static/Resources/PXToolsHeaderPreferences.png HTTP/1.1" 200 4189
186.67.172.234 - - [08/May/2018:12:20:44 -0300] "GET /cormun/static/Resources/logo4.png HTTP/1.1" 200 6582
186.67.172.234 - - [08/May/2018:12:20:45 -0300] "GET /cormun/static/gxui/gxui-all.js HTTP/1.1" 200 107772
186.67.172.234 - - [08/May/2018:12:20:45 -0300] "GET /cormun/static/Resources/PXToolsHeaderLogin.png HTTP/1.1" 200 4279
186.67.172.234 - - [08/May/2018:12:20:45 -0300] "GET /cormun/static/Resources/PXToolsHeaderHome.png HTTP/1.1" 200 4147
186.67.172.234 - - [08/May/2018:12:20:45 -0300] "GET /cormun/static/hpexe_scripts.js?201752511465715 HTTP/1.1" 200 1544
186.67.172.234 - - [08/May/2018:12:20:45 -0300] "GET /cormun/static/Resources/PXToolsHeaderSecurity.png HTTP/1.1" 200 4166
186.67.172.234 - - [08/May/2018:12:20:45 -0300] "GET /cormun/static/hpexe_messagepopupcomponent.js?20161017169425 HTTP/1.1" 200 605
186.67.172.234 - - [08/May/2018:12:20:45 -0300] "GET /cormun/static/hpexe_messagecontroller.js?20177611595012 HTTP/1.1" 200 870
186.67.172.234 - - [08/May/2018:12:20:45 -0300] "GET /cormun/static/cmcontrolpreferences.js?201752511465670 HTTP/1.1" 200 1375
186.67.172.234 - - [08/May/2018:12:20:45 -0300] "GET /cormun/static/hpexe_messagegenexuscomponent.js?201752511465344 HTTP/1.1" 200 587
186.67.172.234 - - [08/May/2018:12:20:45 -0300] "GET /cormun/static/SmoothNavMenu/resources/ddsmoothmenu.js HTTP/1.1" 200 12712
186.67.172.234 - - [08/May/2018:12:20:45 -0300] "GET /cormun/static/SmoothNavMenu/resources/SmoothNavMenuRender.js HTTP/1.1" 200 5951
186.67.172.234 - - [08/May/2018:12:20:45 -0300] "GET /cormun/static/Shared/jquery/jquery-1.4.2.min.js HTTP/1.1" 200 72174
186.67.172.234 - - [08/May/2018:12:20:45 -0300] "GET /cormun/static/scaMessage/js/jquery.pnotify.min.js HTTP/1.1" 200 13038
186.67.172.234 - - [08/May/2018:12:20:45 -0300] "GET /cormun/static/scaMessage/scaMessageRender.js HTTP/1.1" 200 11977
186.67.172.234 - - [08/May/2018:12:20:45 -0300] "GET /cormun/static/hmpwkw03.js?20177612122668 HTTP/1.1" 200 3965
186.67.172.234 - - [08/May/2018:12:20:45 -0300] "GET /cormun/static/Shared/jquery/jquery-1.10.2.min.js HTTP/1.1" 200 273199
186.67.172.234 - - [08/May/2018:12:20:45 -0300] "GET /cormun/static/Shared/jqueryui/jquery-ui.min.js HTTP/1.1" 200 240427
186.67.172.234 - - [08/May/2018:12:20:45 -0300] "GET /cormun/static/Shared/ext/ext-all.js HTTP/1.1" 200 1289687
186.67.172.234 - - [08/May/2018:12:20:46 -0300] "GET /cormun/servlet/hhome HTTP/1.1" 200 4227
186.67.172.234 - - [08/May/2018:12:20:46 -0300] "GET /cormun/static/SmoothNavMenu/resources/images/down.gif HTTP/1.1" 200 854
186.67.172.234 - - [08/May/2018:12:20:46 -0300] "GET /cormun/static/SmoothNavMenu/resources/images/right.gif HTTP/1.1" 200 860
186.79.69.98 - - [08/May/2018:12:20:48 -0300] "POST /cormun/servlet/solicitudotadjuntos?3646401cd0fd08fff1cf2ad9d9d003c1,INS,2018,11322,,1, HTTP/1.1" 200 116
186.79.69.98 - - [08/May/2018:12:20:49 -0300] "GET /cormun/servlet/hpexe_return? HTTP/1.1" 200 1024
186.79.69.98 - - [08/May/2018:12:20:49 -0300] "GET /cormun/servlet/trsolicitudadjuntos?2018,11322, HTTP/1.1" 200 9024
186.79.69.98 - - [08/May/2018:12:20:51 -0300] "GET /cormun/servlet/trsolicitudadjuntos?2018,11322, HTTP/1.1" 200 9024
186.67.172.234 - - [08/May/2018:12:20:53 -0300] "GET /cormun/servlet/trsolicitudot? HTTP/1.1" 200 10638
186.67.172.234 - - [08/May/2018:12:20:53 -0300] "GET /cormun/static/gxui/gxui-all.css?120300 HTTP/1.1" 200 2179
186.67.172.234 - - [08/May/2018:12:20:53 -0300] "GET /cormun/static/calendar-system.css?85620 HTTP/1.1" 200 5572
186.67.172.234 - - [08/May/2018:12:20:53 -0300] "GET /cormun/static/gxcfg.js?2017111422585916 HTTP/1.1" 200 953
186.67.172.234 - - [08/May/2018:12:20:53 -0300] "GET /cormun/static/Resources/Spanish/PXTools.css?1255365 HTTP/1.1" 200 89042
186.67.172.234 - - [08/May/2018:12:20:53 -0300] "GET /cormun/static/calendar.js?85251 HTTP/1.1" 200 26246
186.67.172.234 - - [08/May/2018:12:20:53 -0300] "GET /cormun/static/calendar-setup.js?85251 HTTP/1.1" 200 2588
186.67.172.234 - - [08/May/2018:12:20:53 -0300] "GET /cormun/static/calendar-es.js?85251 HTTP/1.1" 200 1901
186.67.172.234 - - [08/May/2018:12:20:53 -0300] "GET /cormun/static/Shared/ext/resources/css/ext-all.css?215870 HTTP/1.1" 200 416045
186.67.172.234 - - [08/May/2018:12:20:53 -0300] "GET /cormun/static/gxdec.js?85251 HTTP/1.1" 200 19579
186.67.172.234 - - [08/May/2018:12:20:53 -0300] "GET /cormun/static/trsolicitudot.js?201711142259839 HTTP/1.1" 200 54041
186.67.172.234 - - [08/May/2018:12:20:53 -0300] "GET /cormun/static/Resources/PXTools/calendar.png HTTP/1.1" 200 1306
186.67.172.234 - - [08/May/2018:12:20:53 -0300] "GET /cormun/static/Resources/PXToolsDataSearch.png HTTP/1.1" 200 419
186.67.172.234 - - [08/May/2018:12:20:53 -0300] "GET /cormun/static/Resources/PXToolsGridFirstDisabled.gif HTTP/1.1" 200 100
186.67.172.234 - - [08/May/2018:12:20:53 -0300] "GET /cormun/static/Resources/PXToolsGridNextDisabled.gif HTTP/1.1" 200 90
186.67.172.234 - - [08/May/2018:12:20:53 -0300] "GET /cormun/static/Resources/PXToolsGridPage.gif HTTP/1.1" 200 725
186.67.172.234 - - [08/May/2018:12:20:53 -0300] "GET /cormun/static/Resources/PXToolsGridLastDisabled.gif HTTP/1.1" 200 98
186.67.172.234 - - [08/May/2018:12:20:53 -0300] "GET /cormun/static/Resources/PXToolsGridPreviousDisabled.gif HTTP/1.1" 200 90
186.67.172.234 - - [08/May/2018:12:20:53 -0300] "GET /cormun/static/Resources/PXToolsActionExcel.png HTTP/1.1" 200 3187
186.67.172.234 - - [08/May/2018:12:20:53 -0300] "GET /cormun/static/Resources/PXToolsGridNew.png HTTP/1.1" 200 2949
186.67.172.234 - - [08/May/2018:12:20:54 -0300] "GET /cormun/static/Resources/desc.gif HTTP/1.1" 200 65
186.67.172.234 - - [08/May/2018:12:20:54 -0300] "GET /cormun//static/Resources/PXToolsActionView.png HTTP/1.1" 200 2995
186.67.172.234 - - [08/May/2018:12:20:54 -0300] "GET /cormun//static/Resources/PXToolsGridUpdate.png HTTP/1.1" 200 2984
186.67.172.234 - - [08/May/2018:12:20:54 -0300] "GET /cormun/static/Resources/asc.gif HTTP/1.1" 200 67
186.67.172.234 - - [08/May/2018:12:20:54 -0300] "GET /cormun//static/Resources/PXToolsGridDelete.png HTTP/1.1" 200 357
186.67.172.234 - - [08/May/2018:12:20:54 -0300] "GET /cormun//static/Resources/PXTools/ActionInsert.png HTTP/1.1" 200 1482
186.67.172.234 - - [08/May/2018:12:20:54 -0300] "GET /cormun//static/Resources/PXToolsRemoveAllAction.png HTTP/1.1" 200 3558
186.67.172.234 - - [08/May/2018:12:20:54 -0300] "GET /cormun/static/Shared/ext/resources/themes/images/default/panel/bg-headersPanel.png HTTP/1.1" 200 255
186.67.172.234 - - [08/May/2018:12:20:54 -0300] "GET /cormun/static/Shared/ext/resources/themes/images/default/tools/tool-sprites.gif HTTP/1.1" 200 5434
186.67.172.234 - - [08/May/2018:12:20:54 -0300] "GET /cormun/servlet/trsolicitudot? HTTP/1.1" 200 10636
186.79.69.98 - - [08/May/2018:12:20:59 -0300] "GET /cormun/servlet/solicitudotadjuntos?INS,2018,11322,,1, HTTP/1.1" 200 5970
186.79.69.98 - - [08/May/2018:12:21:00 -0300] "GET /cormun/static/about:blank HTTP/1.1" 404 1011
186.79.69.98 - - [08/May/2018:12:21:00 -0300] "GET /cormun/servlet/solicitudotadjuntos?INS,2018,11322,,1, HTTP/1.1" 200 5963
186.79.69.98 - - [08/May/2018:12:21:01 -0300] "GET /cormun/servlet/solicitudotadjuntos?8aa2c5f61667095ed82b51c93a70bf98d9710bd95c1bf49cf9fa276b0b6109c0f089c966c27f0571fb7ced99ede817f9,gx-no-cache=1525792803455 HTTP/1.1" 200 30
186.79.69.98 - - [08/May/2018:12:21:01 -0300] "POST /cormun/servlet/solicitudotadjuntos?3646401cd0fd08fff1cf2ad9d9d003c1,INS,2018,11322,,1,,gx-no-cache=1525792803946 HTTP/1.1" 200 3822
186.67.172.234 - - [08/May/2018:12:21:03 -0300] "GET /cormun/servlet/solicitudot?INS,0,0, HTTP/1.1" 200 13669
186.67.172.234 - - [08/May/2018:12:21:03 -0300] "GET /cormun/static/gxcfg.js?201812313224582 HTTP/1.1" 200 953
186.67.172.234 - - [08/May/2018:12:21:03 -0300] "GET /cormun/static/Resources/prompt.gif HTTP/1.1" 200 902
186.67.172.234 - - [08/May/2018:12:21:03 -0300] "GET /cormun/static/solicitudot.js?201812313224831 HTTP/1.1" 200 72336
186.67.172.234 - - [08/May/2018:12:21:04 -0300] "GET /cormun/servlet/solicitudot?INS,0,0, HTTP/1.1" 200 13674
186.79.69.98 - - [08/May/2018:12:21:09 -0300] "POST /cormun/servlet/solicitudotadjuntos?gx-no-cache=1525792808692 HTTP/1.1" 200 26
186.79.69.98 - - [08/May/2018:12:21:15 -0300] "GET /cormun/servlet/solicitudotadjuntos?8aa2c5f61667095ed82b51c93a70bf98a356b15273289847559980414ed3ab0a,gx-no-cache=1525792817643 HTTP/1.1" 200 30
186.79.69.98 - - [08/May/2018:12:21:15 -0300] "GET /cormun/servlet/solicitudotadjuntos?8aa2c5f61667095ed82b51c93a70bf98a356b15273289847559980414ed3ab0a,gx-no-cache=1525792817786 HTTP/1.1" 200 30
186.67.172.234 - - [08/May/2018:12:21:19 -0300] "GET /cormun/servlet/trautorizarsolicitud? HTTP/1.1" 200 9147
186.67.172.234 - - [08/May/2018:12:21:19 -0300] "GET /cormun/static/gxcfg.js?2017111423403364 HTTP/1.1" 200 953
186.67.172.234 - - [08/May/2018:12:21:19 -0300] "GET /cormun/static/trautorizarsolicitud.js?201711142340425 HTTP/1.1" 200 53910
186.67.172.234 - - [08/May/2018:12:21:20 -0300] "GET /cormun/servlet/trautorizarsolicitud? HTTP/1.1" 200 9142
186.67.172.234 - - [08/May/2018:12:21:26 -0300] "GET /cormun/servlet/solicitudot?INS,0,0, HTTP/1.1" 200 13666
186.67.172.234 - - [08/May/2018:12:21:27 -0300] "GET /cormun/servlet/solicitudot?INS,0,0, HTTP/1.1" 200 13671
186.79.69.98 - - [08/May/2018:12:21:28 -0300] "POST /cormun/servlet/solicitudotadjuntos?3646401cd0fd08fff1cf2ad9d9d003c1,INS,2018,11322,,1, HTTP/1.1" 200 116
186.79.69.98 - - [08/May/2018:12:21:28 -0300] "GET /cormun/servlet/hpexe_return? HTTP/1.1" 200 1024
186.79.69.98 - - [08/May/2018:12:21:29 -0300] "GET /cormun/servlet/trsolicitudadjuntos?2018,11322, HTTP/1.1" 200 9286
186.79.69.98 - - [08/May/2018:12:21:30 -0300] "GET /cormun/servlet/trsolicitudadjuntos?2018,11322, HTTP/1.1" 200 9285
186.79.69.98 - - [08/May/2018:12:21:36 -0300] "GET /cormun/servlet/solicitudotadjuntos?INS,2018,11322,,1, HTTP/1.1" 200 5969
186.79.69.98 - - [08/May/2018:12:21:36 -0300] "GET /cormun/static/about:blank HTTP/1.1" 404 1011
186.79.69.98 - - [08/May/2018:12:21:36 -0300] "GET /cormun/servlet/solicitudotadjuntos?INS,2018,11322,,1, HTTP/1.1" 200 5962
186.67.172.234 - - [08/May/2018:12:21:36 -0300] "GET /cormun/servlet/trsolicitudot? HTTP/1.1" 200 10642
186.79.69.98 - - [08/May/2018:12:21:37 -0300] "GET /cormun/servlet/solicitudotadjuntos?8aa2c5f61667095ed82b51c93a70bf98d9710bd95c1bf49cf9fa276b0b6109c0f089c966c27f0571fb7ced99ede817f9,gx-no-cache=1525792839771 HTTP/1.1" 200 30
186.67.172.234 - - [08/May/2018:12:21:37 -0300] "GET /cormun/servlet/trsolicitudot? HTTP/1.1" 200 10636
186.79.69.98 - - [08/May/2018:12:21:37 -0300] "POST /cormun/servlet/solicitudotadjuntos?3646401cd0fd08fff1cf2ad9d9d003c1,INS,2018,11322,,1,,gx-no-cache=1525792839898 HTTP/1.1" 200 3820
186.79.69.98 - - [08/May/2018:12:21:49 -0300] "POST /cormun/servlet/solicitudotadjuntos?gx-no-cache=1525792851770 HTTP/1.1" 200 26
186.103.159.46 - - [08/May/2018:12:21:58 -0300] "GET /cormun/servlet/trlicencias? HTTP/1.1" 200 10262
186.79.69.98 - - [08/May/2018:12:21:59 -0300] "GET /cormun/servlet/solicitudotadjuntos?8aa2c5f61667095ed82b51c93a70bf98a356b15273289847559980414ed3ab0a,gx-no-cache=1525792862041 HTTP/1.1" 200 30
186.79.69.98 - - [08/May/2018:12:21:59 -0300] "GET /cormun/servlet/solicitudotadjuntos?8aa2c5f61667095ed82b51c93a70bf98a356b15273289847559980414ed3ab0a,gx-no-cache=1525792862292 HTTP/1.1" 200 30
186.103.159.46 - - [08/May/2018:12:22:00 -0300] "GET /cormun/servlet/trlicencias? HTTP/1.1" 200 10260
186.103.159.46 - - [08/May/2018:12:22:03 -0300] "GET /cormun/servlet/licenciaspermisos?INS,0,,, HTTP/1.1" 200 7493
186.103.159.46 - - [08/May/2018:12:22:04 -0300] "GET /cormun/servlet/licenciaspermisos?INS,0,,, HTTP/1.1" 200 7491
186.103.159.46 - - [08/May/2018:12:22:07 -0300] "GET /cormun/servlet/licenciaspermisos?959658c0fe58533b81671d85690d93f70a7146ddcb000139a3508c56829a1ba68e6c578b51c9082dbbb6f91d72b767a6,gx-no-cache=1525792868667 HTTP/1.1" 200 180
186.103.159.46 - - [08/May/2018:12:22:07 -0300] "GET /cormun/static/Shared/jqueryui/images/ui-bg_highlight-soft_100_c6c2c8_1x100.png HTTP/1.1" 404 1117
186.103.159.46 - - [08/May/2018:12:22:07 -0300] "GET /cormun/static/Shared/jqueryui/images/ui-icons_82798d_256x240.png HTTP/1.1" 404 1089
186.103.159.46 - - [08/May/2018:12:22:07 -0300] "GET /cormun/static/Shared/jqueryui/images/ui-bg_flat_55_994d53_40x100.png HTTP/1.1" 404 1097
186.103.159.46 - - [08/May/2018:12:22:07 -0300] "GET /cormun/static/Shared/jqueryui/images/ui-icons_ebccce_256x240.png HTTP/1.1" 404 1089
186.103.159.46 - - [08/May/2018:12:22:10 -0300] "GET /cormun/servlet/licenciaspermisos?959658c0fe58533b81671d85690d93f7b72e462f2125256c6b8f2b95c42c2eb1daa468dfb85472840b3d8ebbaeee1d78ed2807324d2dd1aedef8c9c6e7609bb03da62cd3daa485f130d85b6767d4c9dc316dbdd7232610772ce094ff326f86c0b81c0e40df61703d2b60a5aba4099cebf719877821ee30457060b97eb4ab4c8384ac86f00a1cbb3af0be39bbaa3a953f28bb93924f5f3a730b113c5b61a3106ba3cc43d51cb2633895b5081faf1d1d796c944dbdb2abea592646407328ab25ff42edef5d803e7b2eb0ec2601ab55291c8f84d5ce527af244c2be91621334fba0,gx-no-cache=1525792871852 HTTP/1.1" 200 30
186.103.159.46 - - [08/May/2018:12:22:10 -0300] "POST /cormun/servlet/licenciaspermisos?49ed54ecad9166b36a3c760ac9e68481,INS,0,,,,gx-no-cache=1525792871925 HTTP/1.1" 200 4622
186.79.69.98 - - [08/May/2018:12:22:11 -0300] "POST /cormun/servlet/solicitudotadjuntos?3646401cd0fd08fff1cf2ad9d9d003c1,INS,2018,11322,,1, HTTP/1.1" 200 116
186.79.69.98 - - [08/May/2018:12:22:11 -0300] "GET /cormun/servlet/hpexe_return? HTTP/1.1" 200 1024
186.79.69.98 - - [08/May/2018:12:22:12 -0300] "GET /cormun/servlet/trsolicitudadjuntos?2018,11322, HTTP/1.1" 200 9546
186.79.69.98 - - [08/May/2018:12:22:13 -0300] "GET /cormun/servlet/trsolicitudadjuntos?2018,11322, HTTP/1.1" 200 9545
186.103.159.46 - - [08/May/2018:12:22:17 -0300] "GET /cormun/servlet/hlogin HTTP/1.1" 200 1720
186.103.159.46 - - [08/May/2018:12:22:26 -0300] "POST /cormun/servlet/licenciaspermisos?49ed54ecad9166b36a3c760ac9e68481,INS,0,,,,gx-no-cache=1525792887608 HTTP/1.1" 200 93
186.103.159.46 - - [08/May/2018:12:22:26 -0300] "GET /cormun/servlet/hpexe_return? HTTP/1.1" 200 1007
186.103.159.46 - - [08/May/2018:12:22:26 -0300] "GET /cormun/servlet/trlicencias HTTP/1.1" 200 10265
186.103.159.46 - - [08/May/2018:12:22:28 -0300] "GET /cormun/servlet/trlicencias HTTP/1.1" 200 10260
186.79.69.98 - - [08/May/2018:12:22:30 -0300] "GET /cormun/servlet/solicitudotadjuntos?INS,2018,11322,,2, HTTP/1.1" 200 5967
186.79.69.98 - - [08/May/2018:12:22:31 -0300] "GET /cormun/static/about:blank HTTP/1.1" 404 1011
186.79.69.98 - - [08/May/2018:12:22:31 -0300] "GET /cormun/servlet/solicitudotadjuntos?INS,2018,11322,,2, HTTP/1.1" 200 5960
186.79.69.98 - - [08/May/2018:12:22:32 -0300] "GET /cormun/servlet/solicitudotadjuntos?8aa2c5f61667095ed82b51c93a70bf98d9710bd95c1bf49cf9fa276b0b6109c0f089c966c27f0571fb7ced99ede817f9,gx-no-cache=1525792894638 HTTP/1.1" 200 30
186.79.69.98 - - [08/May/2018:12:22:32 -0300] "POST /cormun/servlet/solicitudotadjuntos?3646401cd0fd08fff1cf2ad9d9d003c1,INS,2018,11322,,2,,gx-no-cache=1525792894729 HTTP/1.1" 200 3964
186.103.159.46 - - [08/May/2018:12:22:32 -0300] "GET /cormun/servlet/hlogin HTTP/1.1" 200 1727
186.67.172.234 - - [08/May/2018:12:22:38 -0300] "POST /cormun/servlet/trsolicitudot?bc085ddd4dc0d99181a9368581907bf2,,gx-no-cache=1525792899227 HTTP/1.1" 200 105
186.67.172.234 - - [08/May/2018:12:22:38 -0300] "GET /cormun/servlet/solicitudot?UPD,2018,11323, HTTP/1.1" 200 15431
186.67.172.234 - - [08/May/2018:12:22:39 -0300] "GET /cormun/servlet/solicitudot?UPD,2018,11323, HTTP/1.1" 200 15440
186.67.172.234 - - [08/May/2018:12:22:39 -0300] "POST /cormun/servlet/solicitudot?gx-no-cache=1525792900259 HTTP/1.1" 200 3412
186.67.172.234 - - [08/May/2018:12:22:40 -0300] "POST /cormun/servlet/solicitudot?bc085ddd4dc0d99181a9368581907bf2,UPD,2018,11323,,gx-no-cache=1525792900508 HTTP/1.1" 200 11728
186.67.172.234 - - [08/May/2018:12:22:40 -0300] "GET /cormun/servlet/solicitudot?c184154c524e2eb8a2beba90ebd2cee04f22b33c5ab73190abf19ac27ca76ebd466d107c8fc6c6d48ac6f0590b10b6cd,gx-no-cache=1525792900810 HTTP/1.1" 200 30
186.67.172.234 - - [08/May/2018:12:22:40 -0300] "GET /cormun/servlet/solicitudot?c184154c524e2eb8a2beba90ebd2cee0b01dd25c839ce79d6eb71cd27ee8557ca3a1b0c6520a0517a58f1c1af3e627403bcc48065753fc7cdafab937d3ff421b,gx-no-cache=1525792900854 HTTP/1.1" 200 30
186.67.172.234 - - [08/May/2018:12:22:40 -0300] "GET /cormun/servlet/solicitudot?c184154c524e2eb8a2beba90ebd2cee0e2d92852b3213c38505d8a4909f35742ee66284ebdf33a7097141a0f88d032c7a4502b7a77b722ccee3483e1f4bfc956,gx-no-cache=1525792900893 HTTP/1.1" 200 53
186.67.172.234 - - [08/May/2018:12:22:40 -0300] "POST /cormun/servlet/solicitudot?gx-no-cache=1525792900933 HTTP/1.1" 200 257
186.67.172.234 - - [08/May/2018:12:22:40 -0300] "GET /cormun/servlet/solicitudot?c184154c524e2eb8a2beba90ebd2cee06a7af211651268e9e3171448c751075ad4d40d529cacaae03ff5c0e22b4ef0f08e5a6238dcf575c8d6e8986ada4783a853fb594c3ce3cd943db48190d1e53e9bc356c0c0033ae6a80e83e0e17adf2415caf8009d7b43b859be4fe68ff4dbcbf0a6e784ee9c726b034baa493660510f179ba1584870a7d09eb66d172b48c3eca25b9cf5b10a680ed0093ca613511aeac94917461f5861090dacf885b3456f8a2296600a68dae2d21a12f49d6f42a92923c9031fc2b1e86d9cc0799b410a0a59d94d48ebfba5b3fca34d2bbe26e304a50eb1f141041823f581bfe9d8142b5f703e7aa25fba01b0d3c8063ec7181f188869af7c15eefa7c972ae63463ca22e2aa35ca000a73264fd03a4b130997b1d11b69a387e67cbfdc13c7ff00d1c76a72eaf0d77ee5e79abb7dbde3c72557fdc81d80a045248da377845e4ca57a0a862a96c99cbebff11efea2ddd33c4e82adf308a09ff659e09876e4148d55c679fb65b76f6ea8a972d4bc33a01576a0de5913b909,gx-no-cache=1525792900964 HTTP/1.1" 200 30
186.67.172.234 - - [08/May/2018:12:22:40 -0300] "POST /cormun/servlet/solicitudot?gx-no-cache=1525792900987 HTTP/1.1" 200 30
186.67.172.234 - - [08/May/2018:12:22:40 -0300] "POST /cormun/servlet/solicitudot?gx-no-cache=1525792901019 HTTP/1.1" 200 1369
186.67.172.234 - - [08/May/2018:12:22:40 -0300] "POST /cormun/servlet/solicitudot?gx-no-cache=1525792901075 HTTP/1.1" 200 41
186.67.172.234 - - [08/May/2018:12:22:43 -0300] "GET /cormun/servlet/solicitudot?c184154c524e2eb8a2beba90ebd2cee0516e1615def9f0162d6a7d1606c7e622754646658e6da5ff11a8e622254da092b9e68ad6bf4d49085ed73f67bbffe4975e4f83b83c0cbdd23b9fd68773c977f394484c293aaa2b5fdb6b650dcbf76ce6fee222b628b269c815e51e139a85c6e29d354db7a16a5563a90807f8e4e1e4ca86ecea5b523deed8e802b99c54372de249d137f3428498e1c7ae849967dc14ed701a37da2c21f9fb2b8b613bcef6f2dbbb788bd5fc06cdaf47045601f3a909f41e7c5a26857d704dc0885a4eb02719b8,gx-no-cache=1525792903833 HTTP/1.1" 200 29
186.67.172.234 - - [08/May/2018:12:22:43 -0300] "POST /cormun/servlet/solicitudot?gx-no-cache=1525792903855 HTTP/1.1" 200 1350
186.67.172.234 - - [08/May/2018:12:22:43 -0300] "POST /cormun/servlet/solicitudot?gx-no-cache=1525792903891 HTTP/1.1" 200 1249
186.67.172.234 - - [08/May/2018:12:22:43 -0300] "GET /cormun/static/menuarrow.gif HTTP/1.1" 404 1015
186.67.172.234 - - [08/May/2018:12:22:47 -0300] "POST /cormun/servlet/solicitudot?gx-no-cache=1525792907704 HTTP/1.1" 200 1350
186.67.172.234 - - [08/May/2018:12:22:47 -0300] "POST /cormun/servlet/solicitudot?gx-no-cache=1525792907742 HTTP/1.1" 200 1249
186.103.159.46 - - [08/May/2018:12:23:03 -0300] "POST /cormun/servlet/hlogin?e6dfa053c011308930c4b3cbaf8da9cd,gx-no-cache=1525792921240 HTTP/1.1" 200 445
186.79.69.98 - - [08/May/2018:12:23:14 -0300] "POST /cormun/servlet/solicitudotadjuntos?gx-no-cache=1525792936382 HTTP/1.1" 200 26
186.67.172.234 - - [08/May/2018:12:23:15 -0300] "POST /cormun/servlet/solicitudot?gx-no-cache=1525792936398 HTTP/1.1" 200 30
186.67.172.234 - - [08/May/2018:12:23:15 -0300] "POST /cormun/servlet/solicitudot?gx-no-cache=1525792936513 HTTP/1.1" 200 1369
186.67.172.234 - - [08/May/2018:12:23:15 -0300] "POST /cormun/servlet/solicitudot?gx-no-cache=1525792936572 HTTP/1.1" 200 41
186.67.172.234 - - [08/May/2018:12:23:16 -0300] "POST /cormun/servlet/solicitudot?gx-no-cache=1525792936611 HTTP/1.1" 200 1350
186.67.172.234 - - [08/May/2018:12:23:17 -0300] "POST /cormun/servlet/solicitudot?gx-no-cache=1525792936674 HTTP/1.1" 200 1249
186.67.172.234 - - [08/May/2018:12:23:17 -0300] "GET /cormun/servlet/solicitudot?c184154c524e2eb8a2beba90ebd2cee0514f5844afdd83c0ddbb39ffea28d424cea543243e89109564d7545bc5e95edf,gx-no-cache=1525792938101 HTTP/1.1" 200 30
186.67.172.234 - - [08/May/2018:12:23:17 -0300] "POST /cormun/servlet/solicitudot?gx-no-cache=1525792938128 HTTP/1.1" 200 30
186.67.172.234 - - [08/May/2018:12:23:17 -0300] "POST /cormun/servlet/solicitudot?bc085ddd4dc0d99181a9368581907bf2,UPD,2018,11323,,gx-no-cache=1525792938156 HTTP/1.1" 200 93
186.67.172.234 - - [08/May/2018:12:23:17 -0300] "GET /cormun/servlet/hpexe_return? HTTP/1.1" 200 1012
186.67.172.234 - - [08/May/2018:12:23:17 -0300] "GET /cormun/static/gxcfg.js?2016101716175148 HTTP/1.1" 200 953
186.67.172.234 - - [08/May/2018:12:23:17 -0300] "GET /cormun/static/hpexe_return.js?2016101716175153 HTTP/1.1" 200 1633
186.67.172.234 - - [08/May/2018:12:23:17 -0300] "GET /cormun/static/Resources/Spanish/PXTools.css?167811 HTTP/1.1" 200 89042
186.67.172.234 - - [08/May/2018:12:23:17 -0300] "GET /cormun/servlet/trsolicitudot HTTP/1.1" 200 10640
186.67.172.234 - - [08/May/2018:12:23:18 -0300] "GET /cormun/servlet/trsolicitudot HTTP/1.1" 200 10636
186.103.159.46 - - [08/May/2018:12:23:23 -0300] "POST /cormun/servlet/hlogin?e6dfa053c011308930c4b3cbaf8da9cd,gx-no-cache=1525792944792 HTTP/1.1" 200 90
186.103.159.46 - - [08/May/2018:12:23:24 -0300] "GET /cormun/servlet/hpexe_link HTTP/1.1" 200 948
186.79.69.98 - - [08/May/2018:12:23:24 -0300] "GET /cormun/servlet/solicitudotadjuntos?8aa2c5f61667095ed82b51c93a70bf98a356b15273289847559980414ed3ab0a,gx-no-cache=1525792946704 HTTP/1.1" 200 30
186.79.69.98 - - [08/May/2018:12:23:24 -0300] "GET /cormun/servlet/solicitudotadjuntos?8aa2c5f61667095ed82b51c93a70bf98a356b15273289847559980414ed3ab0a,gx-no-cache=1525792946878 HTTP/1.1" 200 30
186.103.159.46 - - [08/May/2018:12:23:27 -0300] "GET /cormun/servlet/hhome HTTP/1.1" 200 4124
186.79.69.98 - - [08/May/2018:12:23:35 -0300] "POST /cormun/servlet/solicitudotadjuntos?3646401cd0fd08fff1cf2ad9d9d003c1,INS,2018,11322,,2, HTTP/1.1" 200 116
186.79.69.98 - - [08/May/2018:12:23:35 -0300] "GET /cormun/servlet/hpexe_return? HTTP/1.1" 200 1024
186.79.69.98 - - [08/May/2018:12:23:36 -0300] "GET /cormun/servlet/trsolicitudadjuntos?2018,11322, HTTP/1.1" 200 9689
186.79.69.98 - - [08/May/2018:12:23:37 -0300] "GET /cormun/servlet/trsolicitudadjuntos?2018,11322, HTTP/1.1" 200 9687
186.103.159.46 - - [08/May/2018:12:23:45 -0300] "GET /cormun/servlet/hhome HTTP/1.1" 200 4120
186.103.159.46 - - [08/May/2018:12:24:00 -0300] "GET /cormun/servlet/trautorizarsolicitud? HTTP/1.1" 200 8573
186.103.159.46 - - [08/May/2018:12:24:06 -0300] "GET /cormun/servlet/trautorizarsolicitud? HTTP/1.1" 200 8571
186.79.69.98 - - [08/May/2018:12:24:07 -0300] "GET /cormun/servlet/hlogin HTTP/1.1" 200 1722
186.79.69.98 - - [08/May/2018:12:24:10 -0300] "POST /cormun/servlet/hlogin?676f5094801145072ab2775fe2c53da1,gx-no-cache=1525792992829 HTTP/1.1" 200 90
186.79.69.98 - - [08/May/2018:12:24:10 -0300] "GET /cormun/servlet/hpexe_link HTTP/1.1" 200 952
186.79.69.98 - - [08/May/2018:12:24:10 -0300] "GET /cormun/servlet/hhome HTTP/1.1" 200 3931
186.79.69.98 - - [08/May/2018:12:24:11 -0300] "GET /cormun/servlet/hhome HTTP/1.1" 200 3927
186.79.69.98 - - [08/May/2018:12:24:14 -0300] "GET /cormun/servlet/trsolicitudot? HTTP/1.1" 200 8519
186.79.69.98 - - [08/May/2018:12:24:14 -0300] "GET /cormun/servlet/trsolicitudot? HTTP/1.1" 200 8517
186.103.159.46 - - [08/May/2018:12:24:19 -0300] "POST /cormun/servlet/trautorizarsolicitud?e6dfa053c011308930c4b3cbaf8da9cd,,gx-no-cache=1525792999845 HTTP/1.1" 200 4588
186.103.159.46 - - [08/May/2018:12:24:19 -0300] "GET /cormun/static/Shared/jqueryui/images/ui-bg_highlight-soft_100_c6c2c8_1x100.png HTTP/1.1" 404 1117
186.103.159.46 - - [08/May/2018:12:24:19 -0300] "GET /cormun/static/Shared/jqueryui/images/ui-icons_82798d_256x240.png HTTP/1.1" 404 1089
186.103.159.46 - - [08/May/2018:12:24:19 -0300] "GET /cormun/static/Shared/jqueryui/images/ui-icons_8d78a5_256x240.png HTTP/1.1" 404 1089
186.103.159.46 - - [08/May/2018:12:24:19 -0300] "GET /cormun/static/Shared/jqueryui/images/ui-bg_flat_55_fafafa_40x100.png HTTP/1.1" 404 1097
186.103.159.46 - - [08/May/2018:12:24:20 -0300] "POST /cormun/servlet/trautorizarsolicitud?e6dfa053c011308930c4b3cbaf8da9cd,,gx-no-cache=1525793001116 HTTP/1.1" 200 4370
186.103.159.46 - - [08/May/2018:12:24:32 -0300] "GET /cormun/servlet/trautorizarsolicitud? HTTP/1.1" 200 7234
186.79.69.98 - - [08/May/2018:12:24:33 -0300] "GET /cormun/servlet/treventos?2018,11322, HTTP/1.1" 200 5993
186.79.69.98 - - [08/May/2018:12:24:33 -0300] "GET /cormun/static/gxcfg.js?2016101716195975 HTTP/1.1" 200 953
186.103.159.46 - - [08/May/2018:12:24:33 -0300] "GET /cormun/servlet/trautorizarsolicitud? HTTP/1.1" 200 7234
186.79.69.98 - - [08/May/2018:12:24:33 -0300] "GET /cormun/static/treventos.js?201610171620222 HTTP/1.1" 200 16064
186.79.69.98 - - [08/May/2018:12:24:34 -0300] "GET /cormun/servlet/treventos?2018,11322, HTTP/1.1" 200 5993
186.79.69.98 - - [08/May/2018:12:24:38 -0300] "GET /cormun/servlet/trsolicitudot? HTTP/1.1" 200 8519
186.79.69.98 - - [08/May/2018:12:24:39 -0300] "GET /cormun/servlet/trsolicitudot? HTTP/1.1" 200 8517
186.79.69.98 - - [08/May/2018:12:24:51 -0300] "POST /cormun/servlet/trsolicitudot?676f5094801145072ab2775fe2c53da1,,gx-no-cache=1525793034001 HTTP/1.1" 200 106
186.79.69.98 - - [08/May/2018:12:24:52 -0300] "GET /cormun/servlet/trsolicitudadjuntos?2018,11322, HTTP/1.1" 200 9687
186.79.69.98 - - [08/May/2018:12:24:53 -0300] "GET /cormun/servlet/trsolicitudadjuntos?2018,11322, HTTP/1.1" 200 9692
186.79.69.98 - - [08/May/2018:12:24:59 -0300] "GET /cormun/servlet/trsolicitudot? HTTP/1.1" 200 8519
186.79.69.98 - - [08/May/2018:12:25:00 -0300] "GET /cormun/servlet/trsolicitudot? HTTP/1.1" 200 8517
186.79.69.98 - - [08/May/2018:12:25:06 -0300] "POST /cormun/servlet/trsolicitudot?676f5094801145072ab2775fe2c53da1,,gx-no-cache=1525793048092 HTTP/1.1" 200 4478
186.79.69.98 - - [08/May/2018:12:25:06 -0300] "GET /cormun/static/Shared/jqueryui/images/ui-bg_highlight-soft_100_c6c2c8_1x100.png HTTP/1.1" 404 1117
186.79.69.98 - - [08/May/2018:12:25:06 -0300] "GET /cormun/static/Shared/jqueryui/images/ui-icons_82798d_256x240.png HTTP/1.1" 404 1089
186.79.69.98 - - [08/May/2018:12:25:06 -0300] "GET /cormun/static/Shared/jqueryui/images/ui-bg_flat_55_fafafa_40x100.png HTTP/1.1" 404 1097
186.79.69.98 - - [08/May/2018:12:25:06 -0300] "GET /cormun/static/Shared/jqueryui/images/ui-icons_8d78a5_256x240.png HTTP/1.1" 404 1089
186.79.69.98 - - [08/May/2018:12:25:06 -0300] "POST /cormun/servlet/trsolicitudot?676f5094801145072ab2775fe2c53da1,,gx-no-cache=1525793049167 HTTP/1.1" 200 4252
186.103.159.46 - - [08/May/2018:12:25:18 -0300] "GET /cormun/static/menuarrow.gif HTTP/1.1" 404 1015
186.103.159.46 - - [08/May/2018:12:25:27 -0300] "GET /cormun/servlet/trautorizarpermisogoce? HTTP/1.1" 200 8054
186.103.159.46 - - [08/May/2018:12:25:29 -0300] "GET /cormun/servlet/trautorizarpermisogoce? HTTP/1.1" 200 8054
186.103.159.46 - - [08/May/2018:12:25:52 -0300] "POST /cormun/servlet/trautorizarpermisogoce?e6dfa053c011308930c4b3cbaf8da9cd,,gx-no-cache=1525793093228 HTTP/1.1" 200 5109
186.103.159.46 - - [08/May/2018:12:25:52 -0300] "GET /cormun/static/Shared/jqueryui/images/ui-icons_82798d_256x240.png HTTP/1.1" 404 1089
186.103.159.46 - - [08/May/2018:12:25:52 -0300] "GET /cormun/static/Shared/jqueryui/images/ui-bg_highlight-soft_100_c6c2c8_1x100.png HTTP/1.1" 404 1117
