186.67.172.234 - - [08/May/2018:12:04:02 -0300] "GET /cormun/static/Shared/jqueryui/images/ui-bg_highlight-soft_100_c6c2c8_1x100.png HTTP/1.1" 404 1117
186.67.172.234 - - [08/May/2018:12:04:02 -0300] "GET /cormun/static/Shared/jqueryui/images/ui-icons_82798d_256x240.png HTTP/1.1" 404 1089
186.67.172.234 - - [08/May/2018:12:04:02 -0300] "GET /cormun/static/Shared/jqueryui/images/ui-bg_flat_55_994d53_40x100.png HTTP/1.1" 404 1097
186.67.172.234 - - [08/May/2018:12:04:02 -0300] "GET /cormun/static/Shared/jqueryui/images/ui-icons_ebccce_256x240.png HTTP/1.1" 404 1089
186.67.172.234 - - [08/May/2018:12:04:07 -0300] "GET /cormun/static/menuarrow.gif HTTP/1.1" 404 1015
186.67.172.234 - - [08/May/2018:12:04:12 -0300] "GET /cormun/servlet/solicitudot?41d6232d3675e1c997cc64098fb2b8bbae70b85f08f7ac3ca2aaa95ff70bdef0ce1b7d59e9fa826f86317e43ca6aaa03,gx-no-cache=1525791792267 HTTP/1.1" 200 30
186.67.172.234 - - [08/May/2018:12:04:18 -0300] "POST /cormun/servlet/solicitudot?gx-no-cache=1525791798696 HTTP/1.1" 200 30
190.100.93.40 - - [08/May/2018:12:04:28 -0300] "GET /cormun/servlet/trlicencias? HTTP/1.1" 200 7268
190.100.93.40 - - [08/May/2018:12:04:29 -0300] "GET /cormun/servlet/hlogin HTTP/1.1" 200 1731
190.100.93.40 - - [08/May/2018:12:04:29 -0300] "GET /cormun/servlet/trlicencias? HTTP/1.1" 200 7260
190.100.93.40 - - [08/May/2018:12:04:31 -0300] "POST /cormun/servlet/hlogin?2ebaa5d4068a6576bc99fb481ccc5063,gx-no-cache=1525791812735 HTTP/1.1" 200 90
190.100.93.40 - - [08/May/2018:12:04:31 -0300] "GET /cormun/servlet/hpexe_link HTTP/1.1" 200 948
190.100.93.40 - - [08/May/2018:12:04:31 -0300] "GET /cormun/servlet/trlicencias HTTP/1.1" 200 10752
190.100.93.40 - - [08/May/2018:12:04:32 -0300] "GET /cormun/servlet/trlicencias HTTP/1.1" 200 10750
186.67.172.234 - - [08/May/2018:12:05:05 -0300] "GET /cormun/servlet/solicitudot?41d6232d3675e1c997cc64098fb2b8bbfe2d77fc43ab6c784f66a2b2bc5b393e7dd425647698e5cdb0d8af7e6778f803777045827b80764f4b0677851d4a18e94b1b842bd1bea5fb56bead93795389285bcdca50861ab76046e96b67658ac2f7057994cf1486fae212fd9a0a6872be92752429886cac922eb8dfb01dedba8a76fb1a792e935d7c2f3d965952a639db4476b3bd3841ad3c93dc496e3f1957d094836f36203f28a6af02eeaeea7cb860ef4c89dd4a2a94eeac43795170533f19b83090df6cec31be590391954a435d0829,gx-no-cache=1525791845500 HTTP/1.1" 200 29
186.67.172.234 - - [08/May/2018:12:05:08 -0300] "POST /cormun/servlet/solicitudot?gx-no-cache=1525791848084 HTTP/1.1" 200 1351
186.67.172.234 - - [08/May/2018:12:05:08 -0300] "POST /cormun/servlet/solicitudot?gx-no-cache=1525791848192 HTTP/1.1" 200 1248
186.67.172.234 - - [08/May/2018:12:05:08 -0300] "GET /cormun/servlet/solicitudot?41d6232d3675e1c997cc64098fb2b8bbae70b85f08f7ac3ca2aaa95ff70bdef0ce1b7d59e9fa826f86317e43ca6aaa03,gx-no-cache=1525791848275 HTTP/1.1" 200 30
186.67.172.234 - - [08/May/2018:12:05:08 -0300] "POST /cormun/servlet/solicitudot?gx-no-cache=1525791848321 HTTP/1.1" 200 30
186.67.172.234 - - [08/May/2018:12:05:24 -0300] "POST /cormun/servlet/solicitudot?gx-no-cache=1525791864399 HTTP/1.1" 200 1351
186.67.172.234 - - [08/May/2018:12:05:24 -0300] "POST /cormun/servlet/solicitudot?gx-no-cache=1525791864458 HTTP/1.1" 200 1248
186.67.172.234 - - [08/May/2018:12:06:12 -0300] "POST /cormun/servlet/solicitudot?gx-no-cache=1525791912646 HTTP/1.1" 200 1351
186.67.172.234 - - [08/May/2018:12:06:12 -0300] "POST /cormun/servlet/solicitudot?gx-no-cache=1525791912733 HTTP/1.1" 200 1248
186.67.172.234 - - [08/May/2018:12:06:12 -0300] "GET /cormun/servlet/solicitudot?41d6232d3675e1c997cc64098fb2b8bbae70b85f08f7ac3ca2aaa95ff70bdef0ce1b7d59e9fa826f86317e43ca6aaa03,gx-no-cache=1525791912825 HTTP/1.1" 200 30
186.67.172.234 - - [08/May/2018:12:06:12 -0300] "POST /cormun/servlet/solicitudot?gx-no-cache=1525791912893 HTTP/1.1" 200 30
186.67.172.234 - - [08/May/2018:12:06:13 -0300] "POST /cormun/servlet/solicitudot?b1327b566e551de3375afc0405aea558,INS,0,0,,gx-no-cache=1525791912979 HTTP/1.1" 200 93
186.67.172.234 - - [08/May/2018:12:06:13 -0300] "GET /cormun/servlet/hpexe_return? HTTP/1.1" 200 997
186.67.172.234 - - [08/May/2018:12:06:13 -0300] "GET /cormun/servlet/trsolicitudot HTTP/1.1" 200 9620
186.67.172.234 - - [08/May/2018:12:06:13 -0300] "GET /cormun/servlet/trsolicitudot HTTP/1.1" 200 9615
186.103.159.46 - - [08/May/2018:12:06:34 -0300] "POST /cormun/servlet/hlogin?0a64ab62ec2fc572948cf51e55833667,gx-no-cache=1525791936004 HTTP/1.1" 440 972
200.111.191.210 - - [08/May/2018:12:06:35 -0300] "GET /cormun/servlet/trpermisosgoce? HTTP/1.1" 200 6107
200.111.191.210 - - [08/May/2018:12:06:35 -0300] "GET /cormun/servlet/hlogin HTTP/1.1" 200 1738
200.111.191.210 - - [08/May/2018:12:06:35 -0300] "GET /cormun/servlet/trpermisosgoce? HTTP/1.1" 200 6103
186.103.159.46 - - [08/May/2018:12:06:36 -0300] "GET /cormun/servlet/hlogin HTTP/1.1" 200 1726
200.111.191.210 - - [08/May/2018:12:06:39 -0300] "POST /cormun/servlet/hlogin?9f6c0bbeea1676db5b58d3b0a255e7d9,gx-no-cache=1525791969752 HTTP/1.1" 200 90
200.111.191.210 - - [08/May/2018:12:06:39 -0300] "GET /cormun/servlet/hpexe_link HTTP/1.1" 200 955
200.111.191.210 - - [08/May/2018:12:06:39 -0300] "GET /cormun/servlet/trpermisosgoce HTTP/1.1" 200 12419
200.111.191.210 - - [08/May/2018:12:06:39 -0300] "GET /cormun/servlet/trpermisosgoce HTTP/1.1" 200 12420
200.111.191.210 - - [08/May/2018:12:06:41 -0300] "GET /cormun/servlet/trpermisosgoce? HTTP/1.1" 200 12422
200.111.191.210 - - [08/May/2018:12:06:41 -0300] "GET /cormun/servlet/trpermisosgoce? HTTP/1.1" 200 12420
200.111.191.210 - - [08/May/2018:12:06:42 -0300] "GET /cormun/servlet/permisogoce?INS,0,,, HTTP/1.1" 200 6793
200.111.191.210 - - [08/May/2018:12:06:43 -0300] "GET /cormun/servlet/permisogoce?INS,0,,, HTTP/1.1" 200 6793
200.111.191.210 - - [08/May/2018:12:06:50 -0300] "GET /cormun/servlet/permisogoce?e2c8157ca2bdad09bf8c4d740bc45b761a1e26ee8aa5ba9c897f8d0fe9b98d8f5484afeba99bca8cdac2f203c6c26fa0782ceb41124e3e0c607d66e3821605e8,gx-no-cache=1525791981021 HTTP/1.1" 200 80
186.103.159.46 - - [08/May/2018:12:06:51 -0300] "POST /cormun/servlet/hlogin?49ed54ecad9166b36a3c760ac9e68481,gx-no-cache=1525791953099 HTTP/1.1" 200 90
186.103.159.46 - - [08/May/2018:12:06:51 -0300] "GET /cormun/servlet/hpexe_link HTTP/1.1" 200 947
186.103.159.46 - - [08/May/2018:12:06:52 -0300] "GET /cormun/servlet/hhome HTTP/1.1" 200 3965
186.103.159.46 - - [08/May/2018:12:06:54 -0300] "GET /cormun/servlet/hhome HTTP/1.1" 200 3962
186.103.159.46 - - [08/May/2018:12:07:04 -0300] "GET /cormun/servlet/trsolicitudot? HTTP/1.1" 200 7179
186.103.159.46 - - [08/May/2018:12:07:05 -0300] "GET /cormun/servlet/trsolicitudot? HTTP/1.1" 200 7178
200.111.191.210 - - [08/May/2018:12:07:13 -0300] "GET /cormun/servlet/permisogoce?e2c8157ca2bdad09bf8c4d740bc45b762bd135d597a5e8d835fd4852cb7d987b7ddbe64a6e3eefddbbb68b6787be516b04d067969e578fb38aefcc025e927ba5,gx-no-cache=1525792003851 HTTP/1.1" 200 46
186.103.159.46 - - [08/May/2018:12:07:14 -0300] "GET /cormun/servlet/solicitudot?INS,0,0, HTTP/1.1" 200 13414
186.103.159.46 - - [08/May/2018:12:07:16 -0300] "GET /cormun/servlet/solicitudot?INS,0,0, HTTP/1.1" 200 13418
200.111.191.210 - - [08/May/2018:12:07:21 -0300] "POST /cormun/servlet/permisogoce?9f6c0bbeea1676db5b58d3b0a255e7d9,INS,0,,,,gx-no-cache=1525792011641 HTTP/1.1" 200 93
200.111.191.210 - - [08/May/2018:12:07:21 -0300] "GET /cormun/servlet/hpexe_return? HTTP/1.1" 200 1009
200.111.191.210 - - [08/May/2018:12:07:21 -0300] "GET /cormun/servlet/trpermisosgoce HTTP/1.1" 200 12784
200.111.191.210 - - [08/May/2018:12:07:22 -0300] "GET /cormun/servlet/trpermisosgoce HTTP/1.1" 200 12823
200.111.191.210 - - [08/May/2018:12:07:23 -0300] "GET /cormun/servlet/apermisogoceprn?12914099,P,20180508120337,PU HTTP/1.1" 200 1659
186.67.172.234 - - [08/May/2018:12:07:23 -0300] "GET /cormun/servlet/trcontratosolicitud? HTTP/1.1" 200 14398
186.67.172.234 - - [08/May/2018:12:07:24 -0300] "GET /cormun/static/gxcfg.js?20177612214014 HTTP/1.1" 200 953
186.67.172.234 - - [08/May/2018:12:07:24 -0300] "GET /cormun//static/Resources/PXToolsGridNew.png HTTP/1.1" 200 2949
186.67.172.234 - - [08/May/2018:12:07:24 -0300] "GET /cormun/servlet/trcontratosolicitud? HTTP/1.1" 200 14397
186.67.172.234 - - [08/May/2018:12:07:30 -0300] "POST /cormun/servlet/trcontratosolicitud?b1327b566e551de3375afc0405aea558,,gx-no-cache=1525791990612 HTTP/1.1" 200 12362
186.67.172.234 - - [08/May/2018:12:07:36 -0300] "POST /cormun/servlet/trcontratosolicitud?b1327b566e551de3375afc0405aea558,,gx-no-cache=1525791995823 HTTP/1.1" 200 12198
186.67.172.234 - - [08/May/2018:12:07:41 -0300] "POST /cormun/servlet/trcontratosolicitud?b1327b566e551de3375afc0405aea558,,gx-no-cache=1525792000564 HTTP/1.1" 200 12009
186.67.172.234 - - [08/May/2018:12:07:48 -0300] "GET /cormun/servlet/solicitudotcontratos?INS,2018,0,19020081,7,2,2018,2523,NADA,201803,29,M, HTTP/1.1" 200 9973
186.67.172.234 - - [08/May/2018:12:07:48 -0300] "GET /cormun/static/gxcfg.js?2018191138350 HTTP/1.1" 200 953
186.67.172.234 - - [08/May/2018:12:07:48 -0300] "GET /cormun/static/solicitudotcontratos.js?20181911383611 HTTP/1.1" 200 43152
186.67.172.234 - - [08/May/2018:12:07:49 -0300] "GET /cormun/servlet/solicitudotcontratos?INS,2018,0,19020081,7,2,2018,2523,NADA,201803,29,M, HTTP/1.1" 200 10004
186.67.172.234 - - [08/May/2018:12:07:49 -0300] "GET /cormun/servlet/solicitudotcontratos?41d6232d3675e1c997cc64098fb2b8bba3a2202aae4e8e813830fc54fd0e81edf71054fcf0fa3a306c73597222271515,gx-no-cache=1525792009726 HTTP/1.1" 200 30
186.67.172.234 - - [08/May/2018:12:07:49 -0300] "GET /cormun/servlet/solicitudotcontratos?41d6232d3675e1c997cc64098fb2b8bb9affdefb7d7fc9bf06f78f56c8866bb1759e62ebb98b850f09746b008b2af972,gx-no-cache=1525792009758 HTTP/1.1" 200 30
186.67.172.234 - - [08/May/2018:12:07:49 -0300] "GET /cormun/servlet/solicitudotcontratos?41d6232d3675e1c997cc64098fb2b8bbbf347e4225606a23c9ebda0c7358e61daa44a723948c3977f662f8bdbf2637dfa671df03e76a08241d75ada3e0f51776702388180aeed54dcf580cb74de8e30cd15b961f487c232b45ec4b82eb3274a297afa4e9f480c742cea397f3cc94c2ea69bb0a9e656367a6feb26dd2e9265857,gx-no-cache=1525792009788 HTTP/1.1" 200 48
186.67.172.234 - - [08/May/2018:12:07:49 -0300] "GET /cormun/servlet/solicitudotcontratos?41d6232d3675e1c997cc64098fb2b8bb950f1eb49caa5cc18777d062be9dc19085307463b66d3f90375f9110e21963bd,gx-no-cache=1525792009822 HTTP/1.1" 200 30
186.67.172.234 - - [08/May/2018:12:07:49 -0300] "GET /cormun/servlet/solicitudotcontratos?41d6232d3675e1c997cc64098fb2b8bb002c54fbeb7e430099070c4a33c396e52a129c51bbc4dc2cc335c890e64d0d1daa252aafb8f61989b2667636c935e18abe2962108fa3eb7f463193702cbdc1d46861b0d98a30b1782cd65f6448587d11b25e330d684523c12e126671e0d45419,gx-no-cache=1525792009853 HTTP/1.1" 200 30
186.67.172.234 - - [08/May/2018:12:07:49 -0300] "GET /cormun/servlet/solicitudotcontratos?41d6232d3675e1c997cc64098fb2b8bb40a5507bcafdb645bc833bd95369fb840b6c06ef03f1c6e1f38ec15c93b941e9a8fbb9306946a50c8b5f55c979e138129eed28536ab6f0d34ae556bd028b9235dfebbfa9b00b0ad75fc49bc1b8a00bd3eb4106c91169fdda457db7d40f68ad66cb21c5cc1b96521ef846cde4be9933032eeb22456eea17f513ee434159de11fa83574a250b83990dadd40aebdf3ef873b0b4e67d0d6b955bca6681c54bc16ee04eb70d1624fb32e77ab259ac883ae35aa6e68dd96bbf3de330998c5c8bd26c5e07b03c252e07f801bf8bb29b1599a0de4dbbb8373749d673bdfaa9761cbb05eaa8c822a103c2ba96c03d5a9c8df5affd0877fb45da3f3e643a9c730a4006b0ed8519fca7e93c36c29c9df3674b5ac448fa28f6c5519d7f3f5d02837af4486cefc767cd16bf07e35b62dbd9c62d78f1b5ffed4322e3f7bd091d000901ca4dc97d7c41c3054ae7f8cb410e90f7c8d43058ff45307297be13e5966499c3f76812724ae0472115b888e1e451ed7878a06eceb7156b03844667ea10fda27d50d4fedd47bef4b0b929bff07ce3036b0b05a20f4d4521d0a05d669becd68129af143563,gx-no-cache=1525792009903 HTTP/1.1" 200 72
186.67.172.234 - - [08/May/2018:12:08:14 -0300] "POST /cormun/servlet/solicitudotcontratos?b1327b566e551de3375afc0405aea558,INS,2018,0,19020081,7,2,2018,2523,NADA,201803,29,M,,gx-no-cache=1525792034590 HTTP/1.1" 200 93
186.67.172.234 - - [08/May/2018:12:08:14 -0300] "GET /cormun/servlet/hpexe_return? HTTP/1.1" 200 1038
186.67.172.234 - - [08/May/2018:12:08:15 -0300] "GET /cormun/servlet/trcontratosolicitud? HTTP/1.1" 200 14392
186.103.159.46 - - [08/May/2018:12:08:15 -0300] "POST /cormun/servlet/solicitudot?gx-no-cache=1525792036437 HTTP/1.1" 200 3368
186.67.172.234 - - [08/May/2018:12:08:15 -0300] "GET /cormun/servlet/trcontratosolicitud? HTTP/1.1" 200 14417
186.103.159.46 - - [08/May/2018:12:08:16 -0300] "POST /cormun/servlet/solicitudot?49ed54ecad9166b36a3c760ac9e68481,INS,0,0,,gx-no-cache=1525792036862 HTTP/1.1" 200 10320
186.103.159.46 - - [08/May/2018:12:08:20 -0300] "GET /cormun/servlet/solicitudot?20c03f98c96036387207048749173f7acd150e50be6ee18ade322e2db684a28955a9722d2983d52625241e104dbc9897,gx-no-cache=1525792042170 HTTP/1.1" 200 30
186.67.172.234 - - [08/May/2018:12:08:31 -0300] "GET /cormun/servlet/trsolicitudot? HTTP/1.1" 200 9616
186.67.172.234 - - [08/May/2018:12:08:31 -0300] "GET /cormun/servlet/trsolicitudot? HTTP/1.1" 200 9615
186.103.159.230 - - [08/May/2018:12:08:32 -0300] "GET /cormun/servlet/hpexe_return? HTTP/1.1" 200 981
186.103.159.230 - - [08/May/2018:12:08:32 -0300] "GET /cormun/servlet/hhome HTTP/1.1" 200 3419
186.103.159.230 - - [08/May/2018:12:08:33 -0300] "GET /cormun/servlet/hlogin HTTP/1.1" 200 1729
186.103.159.230 - - [08/May/2018:12:08:33 -0300] "GET /cormun/servlet/hhome HTTP/1.1" 200 3416
186.67.172.234 - - [08/May/2018:12:08:34 -0300] "GET /cormun/servlet/solicitudot?INS,0,0, HTTP/1.1" 200 13662
186.67.172.234 - - [08/May/2018:12:08:34 -0300] "GET /cormun/servlet/solicitudot?INS,0,0, HTTP/1.1" 200 13667
186.103.159.230 - - [08/May/2018:12:08:45 -0300] "POST /cormun/servlet/hlogin?adaced2de56600a91a50a93732a94f0c,gx-no-cache=1525792069123 HTTP/1.1" 200 90
186.103.159.230 - - [08/May/2018:12:08:45 -0300] "GET /cormun/servlet/hpexe_link HTTP/1.1" 200 949
186.103.159.230 - - [08/May/2018:12:08:45 -0300] "GET /cormun/servlet/hhome HTTP/1.1" 200 4176
186.103.159.230 - - [08/May/2018:12:08:45 -0300] "GET /cormun/servlet/hhome HTTP/1.1" 200 4172
186.103.159.230 - - [08/May/2018:12:08:50 -0300] "GET /cormun/servlet/trpermisosgoce? HTTP/1.1" 200 10166
186.103.159.230 - - [08/May/2018:12:08:50 -0300] "GET /cormun/static/gxcfg.js?20177612163875 HTTP/1.1" 200 953
186.103.159.230 - - [08/May/2018:12:08:50 -0300] "GET /cormun/static/trpermisosgoce.js?20177612164335 HTTP/1.1" 200 35904
186.103.159.230 - - [08/May/2018:12:08:50 -0300] "GET /cormun/servlet/trpermisosgoce? HTTP/1.1" 200 10165
186.79.69.98 - - [08/May/2018:12:08:51 -0300] "GET /cormun/servlet/solicitudot?8aa2c5f61667095ed82b51c93a70bf98a6214a203a5215ee019798cb70062f3cd59f3b4cdc4e91cd8187a4bf8836a5a9d7c0b5ad541cde84088b503daa0b8d81,gx-no-cache=1525792073765 HTTP/1.1" 200 30
186.67.172.234 - - [08/May/2018:12:08:55 -0300] "POST /cormun/servlet/solicitudot?gx-no-cache=1525792075464 HTTP/1.1" 200 3370
186.67.172.234 - - [08/May/2018:12:08:55 -0300] "POST /cormun/servlet/solicitudot?b1327b566e551de3375afc0405aea558,INS,0,0,,gx-no-cache=1525792075593 HTTP/1.1" 200 10527
186.79.69.98 - - [08/May/2018:12:08:56 -0300] "GET /cormun/servlet/prbanco?,MD,,gxPopupLevel%3D0%3B HTTP/1.1" 200 6557
186.79.69.98 - - [08/May/2018:12:08:57 -0300] "GET /cormun/static/gxcfg.js?20181161016094 HTTP/1.1" 200 953
186.79.69.98 - - [08/May/2018:12:08:57 -0300] "GET /cormun/static/prbanco.js?2018116101633 HTTP/1.1" 200 10693
186.67.172.234 - - [08/May/2018:12:08:59 -0300] "GET /cormun/servlet/solicitudot?41d6232d3675e1c997cc64098fb2b8bb9affdefb7d7fc9bf06f78f56c8866bb1b25e330d684523c12e126671e0d45419,gx-no-cache=1525792079628 HTTP/1.1" 200 30
186.67.172.234 - - [08/May/2018:12:08:59 -0300] "GET /cormun/servlet/solicitudot?41d6232d3675e1c997cc64098fb2b8bb7ae4d0b05665dd14a895a1511870b4f1d4cd381c23b95f6ce221533a1f610ca5,gx-no-cache=1525792079697 HTTP/1.1" 200 30
186.103.159.230 - - [08/May/2018:12:09:00 -0300] "GET /cormun/servlet/permisogoce?INS,0,,, HTTP/1.1" 200 7012
186.103.159.230 - - [08/May/2018:12:09:00 -0300] "GET /cormun/static/gxcfg.js?201776126440 HTTP/1.1" 200 953
186.103.159.230 - - [08/May/2018:12:09:00 -0300] "GET /cormun/static/permisogoce.js?2017761264459 HTTP/1.1" 200 27897
186.103.159.230 - - [08/May/2018:12:09:01 -0300] "GET /cormun/servlet/permisogoce?INS,0,,, HTTP/1.1" 200 7012
186.67.172.234 - - [08/May/2018:12:09:01 -0300] "GET /cormun/servlet/prbanco?,MD,,gxPopupLevel%3D0%3B HTTP/1.1" 200 6663
186.103.159.230 - - [08/May/2018:12:09:04 -0300] "GET /cormun/servlet/prfichaempleado?,MD,,gxPopupLevel%3D0%3B HTTP/1.1" 200 9333
186.67.172.234 - - [08/May/2018:12:09:13 -0300] "GET /cormun/servlet/solicitudot?41d6232d3675e1c997cc64098fb2b8bb0109c2c884566a3c03ec9dd8d310da36,gx-no-cache=1525792093259 HTTP/1.1" 200 51
200.112.4.132 - - [08/May/2018:12:09:13 -0300] "GET /cormun/servlet/trlicencias? HTTP/1.1" 200 11229
200.112.4.132 - - [08/May/2018:12:09:14 -0300] "GET /cormun/servlet/trlicencias? HTTP/1.1" 200 11228
186.67.172.234 - - [08/May/2018:12:09:22 -0300] "POST /cormun/servlet/solicitudot?gx-no-cache=1525792102357 HTTP/1.1" 200 255
186.67.172.234 - - [08/May/2018:12:09:22 -0300] "GET /cormun/servlet/solicitudot?41d6232d3675e1c997cc64098fb2b8bb19a3b4b3a0f1ee2bc3463f52a549f3ce0933bda06abbab694cc3ee1023361328346b35c553cea12afe83d09a861333506df3df1f60808372e42081324de8af3cfb5a92e76e5f39e204bf96b3816e4a6b275d0616d2763cff4f98b12c01a2629dcc34e81e0adbd8b090d3232f987be464dcb4ebea027d4e5db4ed0864978f40ecffd8708762e6b025a130c92cf8c59afc34fe579f402089bee38b461d2b5a51391bb9517bdb1eba4d4a0a4fe35c014fb0a30e3ce496c951db784cc6c441bf037c36deb3d26eb41bcbab98a833f575f390e7fa6fe22d18fb54992e3b36bb481dc2c83f4c7b1a21a9645636a22a4391733d720207c920e5fd8288bb9351a3501917cf45a74b3bc3cab11e7264a9bde87fb7f8fa6fca137b45307ca4a142097102402fcdd63f9865ed2c8c910c087dd101fa48002d1b60a7f6bbc52f54b3d6f7f867c32557edb2d0075158b62b43f2f4a3107b4636a2d6e24001e62976044d620d10cd27047d78f0d6ca78a5a1e9611279ef,gx-no-cache=1525792102462 HTTP/1.1" 200 30
186.103.159.230 - - [08/May/2018:12:09:23 -0300] "POST /cormun/servlet/prfichaempleado?adaced2de56600a91a50a93732a94f0c,,MD,,gxPopupLevel%3D0%3B,gx-no-cache=1525792107027 HTTP/1.1" 200 3410
186.67.172.234 - - [08/May/2018:12:09:25 -0300] "POST /cormun/servlet/solicitudot?gx-no-cache=1525792104986 HTTP/1.1" 200 30
186.79.69.98 - - [08/May/2018:12:09:27 -0300] "POST /cormun/servlet/acontrolpreferencessavestate?None,CD-12,true HTTP/1.1" 200 35
186.103.159.230 - - [08/May/2018:12:09:29 -0300] "GET /cormun/servlet/permisogoce?b1ce2d5f23210411a8d79238591aecb48cfdb077a8e468a51ec05becb64115f0f9370ac866cc49a898df8ca4cb7e86ee,gx-no-cache=1525792113896 HTTP/1.1" 200 75
186.79.69.98 - - [08/May/2018:12:09:36 -0300] "GET /cormun/servlet/solicitudot?8aa2c5f61667095ed82b51c93a70bf98cd12a51d1970891c7da3a8936e2796e6,gx-no-cache=1525792118905 HTTP/1.1" 200 53
186.103.159.230 - - [08/May/2018:12:09:44 -0300] "GET /cormun/servlet/permisogoce?b1ce2d5f23210411a8d79238591aecb480be467f1d2bcc05659c0b0752e5798c75d321b4b0895e8ef80e5552d57bfab9efdbbd1d35fddcabf235bab9e130d25f,gx-no-cache=1525792128464 HTTP/1.1" 200 47
186.67.172.234 - - [08/May/2018:12:09:50 -0300] "POST /cormun/servlet/solicitudot?gx-no-cache=1525792130140 HTTP/1.1" 200 1369
186.67.172.234 - - [08/May/2018:12:09:50 -0300] "POST /cormun/servlet/solicitudot?gx-no-cache=1525792130257 HTTP/1.1" 200 38
186.67.172.234 - - [08/May/2018:12:09:57 -0300] "POST /cormun/servlet/solicitudot?gx-no-cache=1525792136946 HTTP/1.1" 200 30
186.67.172.234 - - [08/May/2018:12:09:58 -0300] "GET /cormun/servlet/prcontratosol?19020081,,,,,MD,,gxPopupLevel%3D0%3B HTTP/1.1" 200 7524
186.79.69.98 - - [08/May/2018:12:10:02 -0300] "POST /cormun/servlet/solicitudot?gx-no-cache=1525792144751 HTTP/1.1" 200 255
186.79.69.98 - - [08/May/2018:12:10:07 -0300] "GET /cormun/servlet/solicitudot?8aa2c5f61667095ed82b51c93a70bf98619a316a8ab405989c082bbeb5b3e4912d4d9c92c41c1992561929c770429abaf66b5b00d1a29fc7d5df61b3c52b605d934835cd20c174886b660508326cf797641836d28ff47f303474958bfba69395f5d3e0d6785e90366dfb914dc21a0e55d467d0f4015f9c3be3a43753a77d186bfdb5f1c1e92e8e6489d0c9a1743036a75fc3068c58019e4062f0a6e8a6bf66c63eec43444b0dc1099a7b53bff6b94241c6315217383ea22c957139d9eca9da4cf9322c9506de48aa5634b75491b8ba5170c580d6e8831e8d408e0201991390f6901ff3ded573624e603714f308dfba433ea596b11555373598cf46896aa2120b762a084e1f0ec7c5daf7df5b710b881bd6d38df4aa9bfca0d8e4c56c43d274732ed19e9fb5eca96cbd0311877b8a194273fc7a734358cc8b94c2c796eea36a18f9d4ad73393cb2e29be2186a627979011242ff1651601ec937dd08d33b96d95e60b2c2404c5ee7a6142379e5e496f7a2be41ef281390f483ceb186ad8a7026aa,gx-no-cache=1525792149966 HTTP/1.1" 200 30
186.79.69.98 - - [08/May/2018:12:10:15 -0300] "POST /cormun/servlet/solicitudot?gx-no-cache=1525792158351 HTTP/1.1" 200 30
186.67.172.234 - - [08/May/2018:12:10:16 -0300] "POST /cormun/servlet/solicitudot?gx-no-cache=1525792156358 HTTP/1.1" 200 1369
186.67.172.234 - - [08/May/2018:12:10:16 -0300] "POST /cormun/servlet/solicitudot?gx-no-cache=1525792156465 HTTP/1.1" 200 38
186.67.172.234 - - [08/May/2018:12:10:16 -0300] "GET /cormun/servlet/solicitudot?41d6232d3675e1c997cc64098fb2b8bbfe2d77fc43ab6c784f66a2b2bc5b393e7dd425647698e5cdb0d8af7e6778f8033045a3d2d910ab38f094e350e68050d14b1b842bd1bea5fb56bead93795389285bcdca50861ab76046e96b67658ac2f7057994cf1486fae212fd9a0a6872be92752429886cac922eb8dfb01dedba8a76fb1a792e935d7c2f3d965952a639db4476b3bd3841ad3c93dc496e3f1957d094836f36203f28a6af02eeaeea7cb860ef4c89dd4a2a94eeac43795170533f19b83090df6cec31be590391954a435d0829,gx-no-cache=1525792156563 HTTP/1.1" 200 29
186.67.172.234 - - [08/May/2018:12:10:16 -0300] "POST /cormun/servlet/solicitudot?gx-no-cache=1525792156641 HTTP/1.1" 200 1351
186.67.172.234 - - [08/May/2018:12:10:16 -0300] "POST /cormun/servlet/solicitudot?gx-no-cache=1525792156759 HTTP/1.1" 200 1248
186.67.172.234 - - [08/May/2018:12:10:16 -0300] "GET /cormun/servlet/solicitudot?41d6232d3675e1c997cc64098fb2b8bb9292b63217a15b70a768935cfd90024a,gx-no-cache=1525792156825 HTTP/1.1" 200 30
186.67.172.234 - - [08/May/2018:12:10:18 -0300] "POST /cormun/servlet/solicitudot?gx-no-cache=1525792158682 HTTP/1.1" 200 30
186.79.69.98 - - [08/May/2018:12:10:19 -0300] "POST /cormun/servlet/solicitudot?gx-no-cache=1525792161398 HTTP/1.1" 200 1366
186.79.69.98 - - [08/May/2018:12:10:19 -0300] "POST /cormun/servlet/solicitudot?gx-no-cache=1525792162016 HTTP/1.1" 200 38
186.67.172.234 - - [08/May/2018:12:10:29 -0300] "POST /cormun/servlet/solicitudot?gx-no-cache=1525792169490 HTTP/1.1" 200 1369
186.67.172.234 - - [08/May/2018:12:10:29 -0300] "POST /cormun/servlet/solicitudot?gx-no-cache=1525792169561 HTTP/1.1" 200 38
186.103.159.46 - - [08/May/2018:12:10:39 -0300] "GET /cormun/servlet/solicitudot?20c03f98c96036387207048749173f7a76890a9844866ccf083f408861f6d4f38b37476d2e32e539e7d9f13e90971a5cbc0ed76b83b69bd5d04dfdd738a98a30,gx-no-cache=1525792180649 HTTP/1.1" 200 30
186.103.159.46 - - [08/May/2018:12:10:39 -0300] "GET /cormun/servlet/solicitudot?20c03f98c96036387207048749173f7a65306ce54d2d0942325db4a9116dd326,gx-no-cache=1525792180737 HTTP/1.1" 200 53
186.67.172.234 - - [08/May/2018:12:10:44 -0300] "GET /cormun/servlet/solicitudot?41d6232d3675e1c997cc64098fb2b8bbfe2d77fc43ab6c784f66a2b2bc5b393e7dd425647698e5cdb0d8af7e6778f803777045827b80764f4b0677851d4a18e94b1b842bd1bea5fb56bead93795389285bcdca50861ab76046e96b67658ac2f7057994cf1486fae212fd9a0a6872be92752429886cac922eb8dfb01dedba8a76fb1a792e935d7c2f3d965952a639db4476b3bd3841ad3c93dc496e3f1957d094836f36203f28a6af02eeaeea7cb860ef4c89dd4a2a94eeac43795170533f19b83090df6cec31be590391954a435d0829,gx-no-cache=1525792184274 HTTP/1.1" 200 29
186.67.172.234 - - [08/May/2018:12:10:46 -0300] "POST /cormun/servlet/solicitudot?gx-no-cache=1525792186547 HTTP/1.1" 200 1351
186.67.172.234 - - [08/May/2018:12:10:46 -0300] "POST /cormun/servlet/solicitudot?gx-no-cache=1525792186658 HTTP/1.1" 200 1248
186.67.172.234 - - [08/May/2018:12:10:46 -0300] "GET /cormun/static/menuarrow.gif HTTP/1.1" 404 1015
186.67.172.234 - - [08/May/2018:12:10:48 -0300] "POST /cormun/servlet/solicitudot?gx-no-cache=1525792188670 HTTP/1.1" 200 1351
186.67.172.234 - - [08/May/2018:12:10:48 -0300] "POST /cormun/servlet/solicitudot?gx-no-cache=1525792188737 HTTP/1.1" 200 1248
186.67.172.234 - - [08/May/2018:12:10:49 -0300] "GET /cormun/servlet/solicitudot?41d6232d3675e1c997cc64098fb2b8bbae70b85f08f7ac3ca2aaa95ff70bdef0ce1b7d59e9fa826f86317e43ca6aaa03,gx-no-cache=1525792189913 HTTP/1.1" 200 30
186.67.172.234 - - [08/May/2018:12:11:07 -0300] "POST /cormun/servlet/solicitudot?gx-no-cache=1525792207365 HTTP/1.1" 200 30
186.67.172.234 - - [08/May/2018:12:11:07 -0300] "POST /cormun/servlet/solicitudot?b1327b566e551de3375afc0405aea558,INS,0,0,,gx-no-cache=1525792207394 HTTP/1.1" 200 93
186.67.172.234 - - [08/May/2018:12:11:07 -0300] "GET /cormun/servlet/hpexe_return? HTTP/1.1" 200 997
186.67.172.234 - - [08/May/2018:12:11:07 -0300] "GET /cormun/servlet/trsolicitudot HTTP/1.1" 200 9909
186.67.172.234 - - [08/May/2018:12:11:08 -0300] "GET /cormun/servlet/trsolicitudot HTTP/1.1" 200 9904
186.103.159.230 - - [08/May/2018:12:11:13 -0300] "POST /cormun/servlet/permisogoce?adaced2de56600a91a50a93732a94f0c,INS,0,,,,gx-no-cache=1525792217433 HTTP/1.1" 200 93
186.103.159.230 - - [08/May/2018:12:11:13 -0300] "GET /cormun/servlet/hpexe_return? HTTP/1.1" 200 1008
186.103.159.230 - - [08/May/2018:12:11:14 -0300] "GET /cormun/servlet/trpermisosgoce HTTP/1.1" 200 10450
186.103.159.230 - - [08/May/2018:12:11:14 -0300] "GET /cormun/servlet/trpermisosgoce HTTP/1.1" 200 10448
186.103.159.46 - - [08/May/2018:12:11:20 -0300] "POST /cormun/servlet/solicitudot?gx-no-cache=1525792221464 HTTP/1.1" 200 255
186.103.159.46 - - [08/May/2018:12:11:20 -0300] "GET /cormun/servlet/solicitudot?20c03f98c96036387207048749173f7a8ddf16b69be599ce7307a891a22d0ed0d6ebbee36b0957ddefc9e74b261c79645d995c27542b180377a0f76c84efc51b11bb62a592199a330dd599ff2d26e080bb8e7bbd5f31b57413093981a1e4c3e9be9997ed104be952c1ddce632808b078c637ae78b7447713d5a4aba07471222a7a9e7dfd9ff2fbee17079f91baf5c176a82d083592b3ede290de47eafb540ab06eccc6171f94751f742aeac6481273676b4cdc23f8b8a0eb87886e1baa0561314dc936789800143bc5ccaf8173d03bb4c34000e0669b4dcb08bd6d2d99f6ce13e8f0e0b39ecc463f8e7579fb03c7d38978f306cb3e443f55770307c9a1612b86ed2807324d2dd1aedef8c9c6e7609bb0508c1af614f61f1a5a1fad1caf885c6bddf1a5ec59df8a8563db8d92b30ad3f538da4bb6d20fd1011e13b3bba7f7c4e06f628a26345f0b5838c4681199c5bc64884ec69655acc3da774fd7afaabf7d124d4ef76e9c893c7f36c4b1df2cbea5cd65f5241c71784500b3ef66c87ed9b8a4,gx-no-cache=1525792221575 HTTP/1.1" 200 30
186.67.172.234 - - [08/May/2018:12:11:22 -0300] "GET /cormun/servlet/trcontratosolicitud? HTTP/1.1" 200 14426
186.67.172.234 - - [08/May/2018:12:11:22 -0300] "GET /cormun/servlet/trcontratosolicitud? HTTP/1.1" 200 14388
186.79.69.98 - - [08/May/2018:12:11:52 -0300] "GET /cormun/servlet/solicitudot?8aa2c5f61667095ed82b51c93a70bf98e79166ec6a282742a6b9d25a41ad5c4355d82665554e3ffd120bd090b05a8726952d75cb5c462d0332a52a6e4209e4505f1e242adf166a27abc1549e828b50f41776a89ac2596a7d12d4cf607d41b011185702b8b6ae5bfdd7031c016a23106c,gx-no-cache=1525792255352 HTTP/1.1" 200 29
186.79.69.98 - - [08/May/2018:12:11:53 -0300] "POST /cormun/servlet/solicitudot?gx-no-cache=1525792255539 HTTP/1.1" 200 1350
186.79.69.98 - - [08/May/2018:12:11:53 -0300] "POST /cormun/servlet/solicitudot?gx-no-cache=1525792255796 HTTP/1.1" 200 1246
186.79.69.98 - - [08/May/2018:12:12:32 -0300] "GET /cormun/servlet/solicitudot?8aa2c5f61667095ed82b51c93a70bf982ef7bef0b1c0d1196f9494b72f0bd0ca78e09bb9b8fa037b809e37310f1ea870,gx-no-cache=1525792294710 HTTP/1.1" 200 30
186.79.69.98 - - [08/May/2018:12:12:43 -0300] "POST /cormun/servlet/solicitudot?gx-no-cache=1525792306328 HTTP/1.1" 200 30
186.67.172.234 - - [08/May/2018:12:13:23 -0300] "GET /cormun/servlet/trsolicitudot? HTTP/1.1" 200 9905
186.67.172.234 - - [08/May/2018:12:13:23 -0300] "GET /cormun/servlet/trsolicitudot? HTTP/1.1" 200 9904
186.67.172.234 - - [08/May/2018:12:13:25 -0300] "GET /cormun/servlet/solicitudot?INS,0,0, HTTP/1.1" 200 13660
186.67.172.234 - - [08/May/2018:12:13:26 -0300] "GET /cormun/servlet/solicitudot?INS,0,0, HTTP/1.1" 200 13665
201.214.54.200 - - [08/May/2018:12:13:37 -0300] "GET /cormun/servlet/hlogin HTTP/1.1" 200 1723
186.67.172.234 - - [08/May/2018:12:13:43 -0300] "POST /cormun/servlet/solicitudot?gx-no-cache=1525792363240 HTTP/1.1" 200 3392
186.67.172.234 - - [08/May/2018:12:13:44 -0300] "POST /cormun/servlet/solicitudot?b1327b566e551de3375afc0405aea558,INS,0,0,,gx-no-cache=1525792363822 HTTP/1.1" 200 10559
186.67.172.234 - - [08/May/2018:12:13:48 -0300] "GET /cormun/servlet/solicitudot?41d6232d3675e1c997cc64098fb2b8bbe8b35d1852c12017fa5ebf323b98c3fbb25e330d684523c12e126671e0d45419,gx-no-cache=1525792368692 HTTP/1.1" 200 30
186.67.172.234 - - [08/May/2018:12:13:48 -0300] "GET /cormun/servlet/solicitudot?41d6232d3675e1c997cc64098fb2b8bb6237d9c835bb4bcee2cef8147b1a624c891c52718eede4457b29010a3eea5e8882e059a5b2caddd9f0f7b20dfe288342,gx-no-cache=1525792368781 HTTP/1.1" 200 30
186.67.172.234 - - [08/May/2018:12:13:48 -0300] "GET /cormun/servlet/solicitudot?41d6232d3675e1c997cc64098fb2b8bbae7e73959da8e573723698b94e178c22,gx-no-cache=1525792368819 HTTP/1.1" 200 53
186.67.172.234 - - [08/May/2018:12:13:48 -0300] "POST /cormun/servlet/solicitudot?gx-no-cache=1525792368891 HTTP/1.1" 200 255
186.67.172.234 - - [08/May/2018:12:13:49 -0300] "GET /cormun/servlet/solicitudot?41d6232d3675e1c997cc64098fb2b8bb19a3b4b3a0f1ee2bc3463f52a549f3ce0933bda06abbab694cc3ee1023361328346b35c553cea12afe83d09a861333506df3df1f60808372e42081324de8af3cfb5a92e76e5f39e204bf96b3816e4a6b275d0616d2763cff4f98b12c01a2629dcc34e81e0adbd8b090d3232f987be464dcb4ebea027d4e5db4ed0864978f40ecffd8708762e6b025a130c92cf8c59afc34fe579f402089bee38b461d2b5a51391bb9517bdb1eba4d4a0a4fe35c014fb0a30e3ce496c951db784cc6c441bf037c36deb3d26eb41bcbab98a833f575f390e7fa6fe22d18fb54992e3b36bb481dc2c83f4c7b1a21a9645636a22a4391733d720207c920e5fd8288bb9351a3501917cf45a74b3bc3cab11e7264a9bde87fb7f8fa6fca137b45307ca4a142097102402fcdd63f9865ed2c8c910c087dd101fa48002d1b60a7f6bbc52f54b3d6f7f867c32557edb2d0075158b62b43f2f4a3107b4636a2d6e24001e62976044d620d10cd27047d78f0d6ca78a5a1e9611279ef,gx-no-cache=1525792368988 HTTP/1.1" 200 30
186.67.172.234 - - [08/May/2018:12:13:50 -0300] "POST /cormun/servlet/solicitudot?gx-no-cache=1525792370457 HTTP/1.1" 200 30
201.214.54.200 - - [08/May/2018:12:13:51 -0300] "POST /cormun/servlet/hlogin?0850befbaabb87a63ca2cfd25a843c23,gx-no-cache=1525792372920 HTTP/1.1" 200 90
201.214.54.200 - - [08/May/2018:12:13:51 -0300] "GET /cormun/servlet/hpexe_link HTTP/1.1" 200 952
201.214.54.200 - - [08/May/2018:12:13:51 -0300] "GET /cormun/servlet/hhome HTTP/1.1" 200 4231
201.214.54.200 - - [08/May/2018:12:13:53 -0300] "GET /cormun/servlet/hhome HTTP/1.1" 200 4227
201.214.54.200 - - [08/May/2018:12:13:55 -0300] "GET /cormun/servlet/trlicencias? HTTP/1.1" 200 13840
201.214.54.200 - - [08/May/2018:12:13:57 -0300] "GET /cormun/servlet/trlicencias? HTTP/1.1" 200 13838
201.214.54.200 - - [08/May/2018:12:14:03 -0300] "GET /cormun/servlet/licenciaspermisos?INS,0,,, HTTP/1.1" 200 7765
201.214.54.200 - - [08/May/2018:12:14:03 -0300] "GET /cormun/static/gxcfg.js?201762917281167 HTTP/1.1" 200 953
201.214.54.200 - - [08/May/2018:12:14:04 -0300] "GET /cormun/servlet/licenciaspermisos?INS,0,,, HTTP/1.1" 200 7773
186.67.172.234 - - [08/May/2018:12:14:04 -0300] "POST /cormun/servlet/solicitudot?gx-no-cache=1525792384837 HTTP/1.1" 200 1369
186.67.172.234 - - [08/May/2018:12:14:04 -0300] "POST /cormun/servlet/solicitudot?gx-no-cache=1525792384940 HTTP/1.1" 200 38
186.67.172.234 - - [08/May/2018:12:14:11 -0300] "GET /cormun/servlet/solicitudot?41d6232d3675e1c997cc64098fb2b8bbfe2d77fc43ab6c784f66a2b2bc5b393e7dd425647698e5cdb0d8af7e6778f803777045827b80764f4b0677851d4a18e94b1b842bd1bea5fb56bead93795389285bcdca50861ab76046e96b67658ac2f7057994cf1486fae212fd9a0a6872be92752429886cac922eb8dfb01dedba8a76fb1a792e935d7c2f3d965952a639db4476b3bd3841ad3c93dc496e3f1957d094836f36203f28a6af02eeaeea7cb860ef4c89dd4a2a94eeac43795170533f19b83090df6cec31be590391954a435d0829,gx-no-cache=1525792391538 HTTP/1.1" 200 29
186.103.159.46 - - [08/May/2018:12:14:50 -0300] "POST /cormun/servlet/solicitudot?gx-no-cache=1525792432183 HTTP/1.1" 200 30
186.103.159.46 - - [08/May/2018:12:15:07 -0300] "GET /cormun/servlet/prcontratosol?15524298,,,,,MD,,gxPopupLevel%3D0%3B HTTP/1.1" 200 7663
186.103.159.46 - - [08/May/2018:12:15:07 -0300] "GET /cormun/static/gxcfg.js?201761413223964 HTTP/1.1" 200 953
186.103.159.46 - - [08/May/2018:12:15:07 -0300] "GET /cormun/static/prcontratosol.js?201761413224174 HTTP/1.1" 200 15806
186.103.159.46 - - [08/May/2018:12:15:15 -0300] "POST /cormun/servlet/solicitudot?gx-no-cache=1525792457097 HTTP/1.1" 200 1449
186.103.159.46 - - [08/May/2018:12:15:15 -0300] "GET /cormun/static/Shared/jqueryui/images/ui-bg_highlight-soft_100_c6c2c8_1x100.png HTTP/1.1" 404 1117
186.103.159.46 - - [08/May/2018:12:15:15 -0300] "GET /cormun/static/Shared/jqueryui/images/ui-icons_82798d_256x240.png HTTP/1.1" 404 1089
186.103.159.46 - - [08/May/2018:12:15:15 -0300] "GET /cormun/static/Shared/jqueryui/images/ui-bg_flat_55_994d53_40x100.png HTTP/1.1" 404 1097
186.103.159.46 - - [08/May/2018:12:15:15 -0300] "GET /cormun/static/Shared/jqueryui/images/ui-icons_ebccce_256x240.png HTTP/1.1" 404 1089
186.103.159.46 - - [08/May/2018:12:15:16 -0300] "POST /cormun/servlet/solicitudot?gx-no-cache=1525792457334 HTTP/1.1" 200 117
186.103.159.46 - - [08/May/2018:12:15:16 -0300] "GET /cormun/servlet/solicitudot?20c03f98c96036387207048749173f7aa3959367683bfc068a917e0701c470d5f152e4d3a85be3d5e3262bcb12abfcea5d176a49c6816943ae0cf40857eb64dea454704d73b674c29403cef0f184a3c918dc5090f73387dc315565b2f3937423ee65ada88224a742b5e584588d6402e31818d20e91ab3cbbbebd51f1848ac712738795af01cf85dfc5f799d9d94f0adee7366e4ef2ed04091542530b77a47742,gx-no-cache=1525792457418 HTTP/1.1" 200 29
186.103.159.46 - - [08/May/2018:12:15:16 -0300] "GET /cormun/servlet/solicitudot?20c03f98c96036387207048749173f7a02499846c08d553149bd0c02a61d18ebcb7843f82df2c269ddeaf49866998a8e18b21803ab06a367622180bd4531c0dac71d128095230d138319cc97a8241e5592a9192ad419562d8e2bbe4ebfd22087691f021eed839935f411fd870a5a21b7b97d10067753c1de846c27199bdc0b554482263c9b6dca5c6518e93610d19b65b9b6fa9252a7fd1acb910a3271ba7c49e4b8c4a769a5f17c1d83f925fb8d29ea93f2c9a9cd475276638a4bc305935e9b,gx-no-cache=1525792457493 HTTP/1.1" 200 62
186.103.159.46 - - [08/May/2018:12:15:16 -0300] "GET /cormun/servlet/solicitudot?1861a311121c7cd88c4e97e1665b4d9907677e77f6d348391c7b5af9ac336fd8b7c4d8c8b516975dc1f799e0565c1a3d3eb621fb0a4a59c540c1ad3b4691a744d4db59a0d25f5805cd7dd00bd9bcae94,gx-no-cache=1525792457558 HTTP/1.1" 200 55
186.103.159.46 - - [08/May/2018:12:15:16 -0300] "GET /cormun/servlet/solicitudot?20c03f98c96036387207048749173f7a2dfede20d59d1b623cc37b7eababb097,gx-no-cache=1525792457614 HTTP/1.1" 200 30
186.103.159.46 - - [08/May/2018:12:15:37 -0300] "GET /cormun/servlet/prsolicitudot?15524298,,,,,MD,,gxPopupLevel%3D0%3B HTTP/1.1" 200 5659
186.103.159.46 - - [08/May/2018:12:15:37 -0300] "GET /cormun/static/gxcfg.js?2017111422591492 HTTP/1.1" 200 953
186.103.159.46 - - [08/May/2018:12:15:37 -0300] "GET /cormun/static/prsolicitudot.js?2017111422591715 HTTP/1.1" 200 13680
186.103.159.46 - - [08/May/2018:12:15:43 -0300] "POST /cormun/servlet/solicitudot?gx-no-cache=1525792484794 HTTP/1.1" 200 30
186.103.159.46 - - [08/May/2018:12:15:43 -0300] "POST /cormun/servlet/solicitudot?gx-no-cache=1525792484881 HTTP/1.1" 200 1449
186.103.159.46 - - [08/May/2018:12:15:43 -0300] "POST /cormun/servlet/solicitudot?gx-no-cache=1525792484983 HTTP/1.1" 200 117
186.103.159.46 - - [08/May/2018:12:15:43 -0300] "GET /cormun/servlet/solicitudot?20c03f98c96036387207048749173f7a02499846c08d553149bd0c02a61d18ebcb7843f82df2c269ddeaf49866998a8e18b21803ab06a367622180bd4531c0dac71d128095230d138319cc97a8241e5592a9192ad419562d8e2bbe4ebfd22087691f021eed839935f411fd870a5a21b7b97d10067753c1de846c27199bdc0b554482263c9b6dca5c6518e93610d19b65b9b6fa9252a7fd1acb910a3271ba7c49e4b8c4a769a5f17c1d83f925fb8d29ea93f2c9a9cd475276638a4bc305935e9b,gx-no-cache=1525792485070 HTTP/1.1" 200 62
186.103.159.46 - - [08/May/2018:12:15:43 -0300] "GET /cormun/servlet/solicitudot?1861a311121c7cd88c4e97e1665b4d9907677e77f6d348391c7b5af9ac336fd8b7c4d8c8b516975dc1f799e0565c1a3d3eb621fb0a4a59c540c1ad3b4691a744d4db59a0d25f5805cd7dd00bd9bcae94,gx-no-cache=1525792485135 HTTP/1.1" 200 55
186.79.69.98 - - [08/May/2018:12:16:25 -0300] "POST /cormun/servlet/solicitudot?3646401cd0fd08fff1cf2ad9d9d003c1,INS,0,0,,gx-no-cache=1525792527297 HTTP/1.1" 200 93
186.79.69.98 - - [08/May/2018:12:16:25 -0300] "GET /cormun/servlet/hpexe_return? HTTP/1.1" 200 1004
186.79.69.98 - - [08/May/2018:12:16:26 -0300] "GET /cormun/servlet/trsolicitudot HTTP/1.1" 200 8515
186.79.69.98 - - [08/May/2018:12:16:27 -0300] "GET /cormun/servlet/trsolicitudot HTTP/1.1" 200 8511
186.79.69.98 - - [08/May/2018:12:16:27 -0300] "GET /cormun//static/Resources/PXToolsActionView.png HTTP/1.1" 200 2995
186.79.69.98 - - [08/May/2018:12:16:27 -0300] "GET /cormun//static/Resources/PXToolsRemoveAllAction.png HTTP/1.1" 200 3558
201.214.54.200 - - [08/May/2018:12:16:30 -0300] "GET /cormun/servlet/licenciaspermisos?30793054c15e1063336fbcbc67992763d7e3fc12c990ca5d0329e4096306b046d3207fbdbdb7409625bdc3afad7ead95,gx-no-cache=1525792531619 HTTP/1.1" 200 103
201.214.54.200 - - [08/May/2018:12:16:30 -0300] "POST /cormun/servlet/licenciaspermisos?0850befbaabb87a63ca2cfd25a843c23,INS,0,,,,gx-no-cache=1525792531735 HTTP/1.1" 200 4899
186.79.69.98 - - [08/May/2018:12:16:34 -0300] "POST /cormun/servlet/trsolicitudot?3646401cd0fd08fff1cf2ad9d9d003c1,gx-no-cache=1525792537247 HTTP/1.1" 200 106
186.79.69.98 - - [08/May/2018:12:16:35 -0300] "GET /cormun/servlet/trsolicitudadjuntos?2018,11322, HTTP/1.1" 200 6024
186.79.69.98 - - [08/May/2018:12:16:35 -0300] "GET /cormun/static/gxcfg.js?20177612135366 HTTP/1.1" 200 953
186.79.69.98 - - [08/May/2018:12:16:35 -0300] "GET /cormun/static/trsolicitudadjuntos.js?20177612135632 HTTP/1.1" 200 17922
186.79.69.98 - - [08/May/2018:12:16:36 -0300] "GET /cormun/servlet/trsolicitudadjuntos?2018,11322, HTTP/1.1" 200 6024
186.79.69.98 - - [08/May/2018:12:16:43 -0300] "GET /cormun/servlet/solicitudotadjuntos?INS,2018,11322,,1, HTTP/1.1" 200 5970
186.79.69.98 - - [08/May/2018:12:16:43 -0300] "GET /cormun/static/gxcfg.js?2017761244068 HTTP/1.1" 200 953
186.79.69.98 - - [08/May/2018:12:16:43 -0300] "GET /cormun/static/about:blank HTTP/1.1" 404 1011
186.79.69.98 - - [08/May/2018:12:16:44 -0300] "GET /cormun/static/solicitudotadjuntos.js?2017761244086 HTTP/1.1" 200 11771
201.214.54.200 - - [08/May/2018:12:16:44 -0300] "GET /cormun/static/menuarrow.gif HTTP/1.1" 404 1015
186.79.69.98 - - [08/May/2018:12:16:44 -0300] "GET /cormun/servlet/solicitudotadjuntos?INS,2018,11322,,1, HTTP/1.1" 200 5963
186.79.69.98 - - [08/May/2018:12:16:45 -0300] "GET /cormun/servlet/solicitudotadjuntos?8aa2c5f61667095ed82b51c93a70bf98d9710bd95c1bf49cf9fa276b0b6109c0f089c966c27f0571fb7ced99ede817f9,gx-no-cache=1525792547709 HTTP/1.1" 200 30
186.79.69.98 - - [08/May/2018:12:16:45 -0300] "POST /cormun/servlet/solicitudotadjuntos?3646401cd0fd08fff1cf2ad9d9d003c1,INS,2018,11322,,1,,gx-no-cache=1525792547864 HTTP/1.1" 200 3822
186.79.69.98 - - [08/May/2018:12:16:48 -0300] "POST /cormun/servlet/solicitudotadjuntos?gx-no-cache=1525792551395 HTTP/1.1" 200 26
186.67.172.234 - - [08/May/2018:12:17:09 -0300] "POST /cormun/servlet/solicitudot?gx-no-cache=1525792569290 HTTP/1.1" 200 1350
186.67.172.234 - - [08/May/2018:12:17:09 -0300] "POST /cormun/servlet/solicitudot?gx-no-cache=1525792569466 HTTP/1.1" 200 1249
186.67.172.234 - - [08/May/2018:12:17:09 -0300] "GET /cormun/static/menuarrow.gif HTTP/1.1" 404 1015
186.67.172.234 - - [08/May/2018:12:17:11 -0300] "POST /cormun/servlet/solicitudot?gx-no-cache=1525792571070 HTTP/1.1" 200 1350
186.67.172.234 - - [08/May/2018:12:17:11 -0300] "POST /cormun/servlet/solicitudot?gx-no-cache=1525792571171 HTTP/1.1" 200 1249
186.67.172.234 - - [08/May/2018:12:17:12 -0300] "GET /cormun/servlet/solicitudot?41d6232d3675e1c997cc64098fb2b8bbae70b85f08f7ac3ca2aaa95ff70bdef0ce1b7d59e9fa826f86317e43ca6aaa03,gx-no-cache=1525792572408 HTTP/1.1" 200 30
186.103.159.46 - - [08/May/2018:12:17:27 -0300] "GET /cormun/servlet/trlicencias? HTTP/1.1" 200 10267
186.103.159.46 - - [08/May/2018:12:17:29 -0300] "GET /cormun/servlet/trlicencias? HTTP/1.1" 200 10260
186.67.172.234 - - [08/May/2018:12:17:33 -0300] "POST /cormun/servlet/solicitudot?gx-no-cache=1525792593445 HTTP/1.1" 200 30
186.67.172.234 - - [08/May/2018:12:17:33 -0300] "POST /cormun/servlet/solicitudot?b1327b566e551de3375afc0405aea558,INS,0,0,,gx-no-cache=1525792593477 HTTP/1.1" 200 93
186.67.172.234 - - [08/May/2018:12:17:34 -0300] "GET /cormun/servlet/hpexe_return? HTTP/1.1" 200 997
186.67.172.234 - - [08/May/2018:12:17:34 -0300] "GET /cormun/servlet/trsolicitudot HTTP/1.1" 200 10319
186.67.172.234 - - [08/May/2018:12:17:34 -0300] "GET /cormun/servlet/trsolicitudot HTTP/1.1" 200 10315
186.67.172.234 - - [08/May/2018:12:17:42 -0300] "GET /cormun/servlet/solicitudot?INS,0,0, HTTP/1.1" 200 13661
186.67.172.234 - - [08/May/2018:12:17:43 -0300] "GET /cormun/servlet/solicitudot?INS,0,0, HTTP/1.1" 200 13666
186.67.172.234 - - [08/May/2018:12:17:49 -0300] "POST /cormun/servlet/solicitudot?gx-no-cache=1525792609032 HTTP/1.1" 200 3392
186.67.172.234 - - [08/May/2018:12:17:49 -0300] "POST /cormun/servlet/solicitudot?b1327b566e551de3375afc0405aea558,INS,0,0,,gx-no-cache=1525792609320 HTTP/1.1" 200 10558
186.67.172.234 - - [08/May/2018:12:17:51 -0300] "GET /cormun/servlet/solicitudot?41d6232d3675e1c997cc64098fb2b8bbe8b35d1852c12017fa5ebf323b98c3fbb25e330d684523c12e126671e0d45419,gx-no-cache=1525792611740 HTTP/1.1" 200 30
186.67.172.234 - - [08/May/2018:12:17:51 -0300] "GET /cormun/servlet/solicitudot?41d6232d3675e1c997cc64098fb2b8bb6237d9c835bb4bcee2cef8147b1a624c891c52718eede4457b29010a3eea5e8882e059a5b2caddd9f0f7b20dfe288342,gx-no-cache=1525792611826 HTTP/1.1" 200 30
186.67.172.234 - - [08/May/2018:12:17:51 -0300] "GET /cormun/servlet/solicitudot?41d6232d3675e1c997cc64098fb2b8bbae7e73959da8e573723698b94e178c22,gx-no-cache=1525792611853 HTTP/1.1" 200 53
186.67.172.234 - - [08/May/2018:12:17:51 -0300] "POST /cormun/servlet/solicitudot?gx-no-cache=1525792611891 HTTP/1.1" 200 255
186.67.172.234 - - [08/May/2018:12:17:52 -0300] "GET /cormun/servlet/solicitudot?41d6232d3675e1c997cc64098fb2b8bb19a3b4b3a0f1ee2bc3463f52a549f3ce0933bda06abbab694cc3ee1023361328346b35c553cea12afe83d09a861333506df3df1f60808372e42081324de8af3cfb5a92e76e5f39e204bf96b3816e4a6b275d0616d2763cff4f98b12c01a2629dcc34e81e0adbd8b090d3232f987be464dcb4ebea027d4e5db4ed0864978f40ecffd8708762e6b025a130c92cf8c59afc34fe579f402089bee38b461d2b5a51391bb9517bdb1eba4d4a0a4fe35c014fb0a30e3ce496c951db784cc6c441bf037c36deb3d26eb41bcbab98a833f575f390e7fa6fe22d18fb54992e3b36bb481dc2c83f4c7b1a21a9645636a22a4391733d720207c920e5fd8288bb9351a3501917cf45a74b3bc3cab11e7264a9bde87fb7f8fa6fca137b45307ca4a142097102402fcdd63f9865ed2c8c910c087dd101fa48002d1b60a7f6bbc52f54b3d6f7f867c32557edb2d0075158b62b43f2f4a3107b4636a2d6e24001e62976044d620d10cd27047d78f0d6ca78a5a1e9611279ef,gx-no-cache=1525792611958 HTTP/1.1" 200 30
186.67.172.234 - - [08/May/2018:12:17:54 -0300] "POST /cormun/servlet/solicitudot?gx-no-cache=1525792614712 HTTP/1.1" 200 30
186.103.159.46 - - [08/May/2018:12:17:57 -0300] "GET /cormun/servlet/trlicenciaspermisoslog?10940177,L,20180427000000, HTTP/1.1" 200 6611
186.103.159.46 - - [08/May/2018:12:17:57 -0300] "GET /cormun/static/gxcfg.js?20176271755511 HTTP/1.1" 200 953
186.103.159.46 - - [08/May/2018:12:17:57 -0300] "GET /cormun/static/trlicenciaspermisoslog.js?201762717555393 HTTP/1.1" 200 20074
186.103.159.46 - - [08/May/2018:12:17:58 -0300] "GET /cormun/servlet/trlicenciaspermisoslog?10940177,L,20180427000000, HTTP/1.1" 200 6611
186.67.172.234 - - [08/May/2018:12:18:13 -0300] "POST /cormun/servlet/solicitudot?gx-no-cache=1525792632994 HTTP/1.1" 200 1369
186.67.172.234 - - [08/May/2018:12:18:13 -0300] "POST /cormun/servlet/solicitudot?gx-no-cache=1525792633078 HTTP/1.1" 200 38
186.67.172.234 - - [08/May/2018:12:18:19 -0300] "GET /cormun/servlet/solicitudot?41d6232d3675e1c997cc64098fb2b8bbfe2d77fc43ab6c784f66a2b2bc5b393e7dd425647698e5cdb0d8af7e6778f803777045827b80764f4b0677851d4a18e94b1b842bd1bea5fb56bead93795389285bcdca50861ab76046e96b67658ac2f7057994cf1486fae212fd9a0a6872be92752429886cac922eb8dfb01dedba8a76fb1a792e935d7c2f3d965952a639db4476b3bd3841ad3c93dc496e3f1957d094836f36203f28a6af02eeaeea7cb860ef4c89dd4a2a94eeac43795170533f19b83090df6cec31be590391954a435d0829,gx-no-cache=1525792639377 HTTP/1.1" 200 29
186.67.172.234 - - [08/May/2018:12:18:21 -0300] "POST /cormun/servlet/solicitudot?gx-no-cache=1525792640978 HTTP/1.1" 200 1351
186.67.172.234 - - [08/May/2018:12:18:21 -0300] "POST /cormun/servlet/solicitudot?gx-no-cache=1525792641078 HTTP/1.1" 200 1249
186.67.172.234 - - [08/May/2018:12:18:21 -0300] "GET /cormun/static/menuarrow.gif HTTP/1.1" 404 1015
186.67.172.234 - - [08/May/2018:12:18:23 -0300] "POST /cormun/servlet/solicitudot?gx-no-cache=1525792643597 HTTP/1.1" 200 1351
186.67.172.234 - - [08/May/2018:12:18:23 -0300] "POST /cormun/servlet/solicitudot?gx-no-cache=1525792643685 HTTP/1.1" 200 1249
186.67.172.234 - - [08/May/2018:12:18:25 -0300] "GET /cormun/servlet/solicitudot?41d6232d3675e1c997cc64098fb2b8bbae70b85f08f7ac3ca2aaa95ff70bdef0ce1b7d59e9fa826f86317e43ca6aaa03,gx-no-cache=1525792645240 HTTP/1.1" 200 30
186.79.69.98 - - [08/May/2018:12:18:26 -0300] "GET /cormun/servlet/solicitudotadjuntos?8aa2c5f61667095ed82b51c93a70bf98a356b15273289847559980414ed3ab0a,gx-no-cache=1525792649131 HTTP/1.1" 200 30
186.79.69.98 - - [08/May/2018:12:18:26 -0300] "GET /cormun/servlet/solicitudotadjuntos?8aa2c5f61667095ed82b51c93a70bf98a356b15273289847559980414ed3ab0a,gx-no-cache=1525792649275 HTTP/1.1" 200 30
186.79.69.98 - - [08/May/2018:12:18:34 -0300] "POST /cormun/servlet/solicitudotadjuntos?3646401cd0fd08fff1cf2ad9d9d003c1,INS,2018,11322,,1, HTTP/1.1" 200 116
186.79.69.98 - - [08/May/2018:12:18:34 -0300] "GET /cormun/servlet/hpexe_return? HTTP/1.1" 200 1024
186.79.69.98 - - [08/May/2018:12:18:35 -0300] "GET /cormun/servlet/trsolicitudadjuntos?2018,11322, HTTP/1.1" 200 8434
186.67.172.234 - - [08/May/2018:12:18:35 -0300] "GET /cormun/servlet/solicitudot?41d6232d3675e1c997cc64098fb2b8bb28c3c9cf6002e461ca97b2c3768d74bfce1b7d59e9fa826f86317e43ca6aaa03,gx-no-cache=1525792655568 HTTP/1.1" 200 30
186.79.69.98 - - [08/May/2018:12:18:35 -0300] "GET /cormun/servlet/trsolicitudadjuntos?2018,11322, HTTP/1.1" 200 8431
201.214.54.200 - - [08/May/2018:12:18:38 -0300] "GET /cormun/servlet/licenciaspermisos?30793054c15e1063336fbcbc67992763938726fda84985658cf7d89b3fd08c01b86619391051cad7cbbace2316f96cf97c93a9b86c548d0ee7122254b7ff06c7fa15d726761fd16e117d292cf7170cd5d0d21104df97c304a9a4b8a8991f10a545ae218d114efaccd7374701c8828e2ef0c07d79d931f22a0f0b4352d0e22337fd36615b5d86135d7d5c92f8015b23cbf502e2b78a703ebd3eba6b39e38a45788c348ce1e5947ecd9ca34fdf6ae0fdfe373b0b0186af42cd2bec6b95176d5ec249689b015b9cab27467fff73a9d799204f2d2e104dce2c8e9b3acfc3faf1aeb0,gx-no-cache=1525792659738 HTTP/1.1" 200 30
201.214.54.200 - - [08/May/2018:12:18:38 -0300] "GET /cormun/servlet/licenciaspermisos?30793054c15e1063336fbcbc67992763d6684b66ecb843b096e088e81c6df10e2d1c817f90b0bfd8cdae9def3979172c801208f42f524be93d3770777ff6b78051024b666a7d8d02903cb26f1c28b800bfc5d057404c14cdeff048d0fd46e5f0bf393b5b05b9d6c612fd8d06c63c6536f5fb6f6472880cd1db72c988d4dfbf7a66fb1f0f647102f3f4dd9ee8a837b733915800e628ed8a14305f1091f19fa89051e12de5d43de08ddf09e3d3637e950637db849858aa53f275ed988f3c996907b0baff6ef5ba208688e28a43eabfa4549f236e5c5d62ddd98f9152b3700b6e3d,gx-no-cache=1525792659931 HTTP/1.1" 200 29
201.214.54.200 - - [08/May/2018:12:18:39 -0300] "POST /cormun/servlet/licenciaspermisos?0850befbaabb87a63ca2cfd25a843c23,INS,0,,,,gx-no-cache=1525792660038 HTTP/1.1" 200 93
201.214.54.200 - - [08/May/2018:12:18:39 -0300] "GET /cormun/servlet/hpexe_return? HTTP/1.1" 200 1012
201.214.54.200 - - [08/May/2018:12:18:39 -0300] "GET /cormun/servlet/trlicencias HTTP/1.1" 200 14254
186.103.159.46 - - [08/May/2018:12:18:42 -0300] "GET /cormun/servlet/trsolicitudot? HTTP/1.1" 200 7203
201.214.54.200 - - [08/May/2018:12:18:42 -0300] "GET /cormun/servlet/trlicencias HTTP/1.1" 200 14301
186.103.159.46 - - [08/May/2018:12:18:43 -0300] "GET /cormun/servlet/trsolicitudot? HTTP/1.1" 200 7178
186.67.172.234 - - [08/May/2018:12:18:45 -0300] "POST /cormun/servlet/solicitudot?gx-no-cache=1525792665194 HTTP/1.1" 200 30
186.67.172.234 - - [08/May/2018:12:18:45 -0300] "POST /cormun/servlet/solicitudot?b1327b566e551de3375afc0405aea558,INS,0,0,,gx-no-cache=1525792665223 HTTP/1.1" 200 93
186.67.172.234 - - [08/May/2018:12:18:45 -0300] "GET /cormun/servlet/hpexe_return? HTTP/1.1" 200 997
186.67.172.234 - - [08/May/2018:12:18:45 -0300] "GET /cormun/servlet/trsolicitudot HTTP/1.1" 200 10632
186.67.172.234 - - [08/May/2018:12:18:46 -0300] "GET /cormun/servlet/trsolicitudot HTTP/1.1" 200 10628
186.79.69.98 - - [08/May/2018:12:18:47 -0300] "GET /cormun/servlet/solicitudotadjuntos?INS,2018,11322,,1, HTTP/1.1" 200 5970
186.79.69.98 - - [08/May/2018:12:18:47 -0300] "GET /cormun/static/about:blank HTTP/1.1" 404 1011
186.79.69.98 - - [08/May/2018:12:18:48 -0300] "GET /cormun/servlet/solicitudotadjuntos?INS,2018,11322,,1, HTTP/1.1" 200 5963
186.79.69.98 - - [08/May/2018:12:18:48 -0300] "GET /cormun/servlet/solicitudotadjuntos?8aa2c5f61667095ed82b51c93a70bf98d9710bd95c1bf49cf9fa276b0b6109c0f089c966c27f0571fb7ced99ede817f9,gx-no-cache=1525792671282 HTTP/1.1" 200 30
186.79.69.98 - - [08/May/2018:12:18:49 -0300] "POST /cormun/servlet/solicitudotadjuntos?3646401cd0fd08fff1cf2ad9d9d003c1,INS,2018,11322,,1,,gx-no-cache=1525792671398 HTTP/1.1" 200 3822
186.103.159.46 - - [08/May/2018:12:18:51 -0300] "GET /cormun/servlet/solicitudot?INS,0,0, HTTP/1.1" 200 13412
186.103.159.46 - - [08/May/2018:12:18:53 -0300] "GET /cormun/servlet/solicitudot?INS,0,0, HTTP/1.1" 200 13417
186.79.69.98 - - [08/May/2018:12:18:54 -0300] "POST /cormun/servlet/solicitudotadjuntos?gx-no-cache=1525792677443 HTTP/1.1" 200 26
