186.79.69.98 - - [08/May/2018:16:33:56 -0300] "POST /cormun/servlet/solicitudotadjuntos?55e51bcba86a6ab0952d3be4b5e12eca,INS,2018,11335,,1,,gx-no-cache=1525807954994 HTTP/1.1" 500 10
186.79.69.98 - - [08/May/2018:16:34:03 -0300] "GET /cormun/servlet/solicitudotadjuntos?1fc42db3e5870e8250539d4356e48f9dfae66c2bd8ecbe7b08af294195a059b7308fa81d94ae210a4d0924ee046ab0ab26cd0551e58af3bf4e1aceb1d2e5e4e8ca0a51492f7d412d68fd37f7a8eda20d,gx-no-cache=1525807985884 HTTP/1.1" 200 123
186.79.69.98 - - [08/May/2018:16:34:03 -0300] "GET /cormun/static/Shared/jqueryui/images/ui-bg_highlight-soft_100_c6c2c8_1x100.png HTTP/1.1" 404 1117
207.46.13.128 - - [08/May/2018:16:34:05 -0300] "GET /cormun/static/PXToolsJavascripts/pexe_grid.js HTTP/1.1" 200 7559
207.46.13.128 - - [08/May/2018:16:34:05 -0300] "GET /cormun/static/PXToolsJavascripts/pexe_link.js HTTP/1.1" 200 5671
207.46.13.128 - - [08/May/2018:16:34:05 -0300] "GET /cormun/static/PXToolsJavascripts/pexe_menudivfix.js HTTP/1.1" 200 333
207.46.13.128 - - [08/May/2018:16:34:06 -0300] "GET /cormun/static/PXToolsJavascripts/pexe_oav.js HTTP/1.1" 200 645
207.46.13.128 - - [08/May/2018:16:34:06 -0300] "GET /cormun/static/PXToolsJavascripts/pexe_popup.js HTTP/1.1" 200 13458
207.46.13.128 - - [08/May/2018:16:34:06 -0300] "GET /cormun/static/PXToolsJavascripts/pexe_tabdivfix.js HTTP/1.1" 200 876
157.55.39.243 - - [08/May/2018:16:34:10 -0300] "GET /cormun/static/PXToolsJavascripts/pexe_autoreload.js HTTP/1.1" 200 1762
157.55.39.243 - - [08/May/2018:16:34:10 -0300] "GET /cormun/static/PXToolsJavascripts/pexe_tabs.js HTTP/1.1" 200 3748
157.55.39.243 - - [08/May/2018:16:34:10 -0300] "GET /cormun/static/PXToolsJavascripts/pexe_windows.js HTTP/1.1" 200 15207
157.55.39.243 - - [08/May/2018:16:34:12 -0300] "GET /cormun/static/RunJS/RunJS.js HTTP/1.1" 200 288
157.55.39.243 - - [08/May/2018:16:34:12 -0300] "GET /cormun/static/Shared/ext/locale/ext-lang-en.js HTTP/1.1" 200 10940
207.46.13.18 - - [08/May/2018:16:34:15 -0300] "GET /cormun/static/PXToolsJavascripts/PXToolsJavascriptsRender.js HTTP/1.1" 200 367
207.46.13.18 - - [08/May/2018:16:34:15 -0300] "GET /cormun/static/PXToolsJavascripts/pexe_menus.js HTTP/1.1" 200 1286
207.46.13.18 - - [08/May/2018:16:34:15 -0300] "GET /cormun/static/PXToolsJavascripts/pexe_oavdivfix.js HTTP/1.1" 200 639
207.46.13.18 - - [08/May/2018:16:34:17 -0300] "GET /cormun/static/Shared/jqueryui/jquery-ui.min.js HTTP/1.1" 200 240427
207.46.13.18 - - [08/May/2018:16:34:18 -0300] "GET /cormun/static/calendar-es.js?85251 HTTP/1.1" 200 1901
207.46.13.18 - - [08/May/2018:16:34:18 -0300] "GET /cormun/static/SmoothNavMenu/resources/ddsmoothmenu.js HTTP/1.1" 200 12712
207.46.13.18 - - [08/May/2018:16:34:18 -0300] "GET /cormun/static/gxui/gxui-all.css?110300 HTTP/1.1" 200 2179
207.46.13.18 - - [08/May/2018:16:34:19 -0300] "GET /cormun/static/hpexe_messagecontroller.js?20177611595012 HTTP/1.1" 200 870
207.46.13.18 - - [08/May/2018:16:34:19 -0300] "GET /cormun/static/scaMessage/scaMessageRender.js HTTP/1.1" 200 11977
40.77.167.170 - - [08/May/2018:16:34:28 -0300] "GET /cormun/static/PXToolsJavascripts/pexe_cookies.js HTTP/1.1" 200 792
40.77.167.170 - - [08/May/2018:16:34:28 -0300] "GET /cormun/static/PXToolsJavascripts/pexe_griddivfix.js HTTP/1.1" 200 6644
40.77.167.170 - - [08/May/2018:16:34:28 -0300] "GET /cormun/static/PXToolsJavascripts/pexe_layers.js HTTP/1.1" 200 4114
40.77.167.170 - - [08/May/2018:16:34:29 -0300] "GET /cormun/static/PXToolsJavascripts/pexe_picture.js HTTP/1.1" 200 689
40.77.167.170 - - [08/May/2018:16:34:29 -0300] "GET /cormun/static/PXToolsJavascripts/pexe_scrolldiv.js HTTP/1.1" 200 4138
40.77.167.170 - - [08/May/2018:16:34:29 -0300] "GET /cormun/static/PXToolsJavascripts/pexe_upload.js HTTP/1.1" 200 1423
40.77.167.170 - - [08/May/2018:16:34:33 -0300] "GET /cormun/static/Resources/Spanish/PXTools.css?17315867 HTTP/1.1" 200 89042
40.77.167.170 - - [08/May/2018:16:34:41 -0300] "GET /cormun/static/Shared/jquery/jquery-1.10.2.min.js HTTP/1.1" 200 273199
40.77.167.170 - - [08/May/2018:16:34:42 -0300] "GET /cormun/static/Shared/ext/ext-all.js HTTP/1.1" 200 1289687
186.103.159.46 - - [08/May/2018:16:34:44 -0300] "GET /cormun/servlet/trautorizarsolicitud? HTTP/1.1" 200 6298
207.46.13.128 - - [08/May/2018:16:34:47 -0300] "GET /cormun/static/Shared/ext/resources/css/ext-all.css?205870 HTTP/1.1" 200 416045
40.77.167.170 - - [08/May/2018:16:34:48 -0300] "GET /cormun/static/Shared/jquery/jquery-1.4.2.min.js HTTP/1.1" 200 72174
207.46.13.128 - - [08/May/2018:16:34:48 -0300] "GET /cormun/static/SmoothNavMenu/resources/SmoothNavMenuRender.js HTTP/1.1" 200 5951
186.103.159.46 - - [08/May/2018:16:34:48 -0300] "GET /cormun/servlet/trautorizarsolicitud? HTTP/1.1" 200 6298
207.46.13.128 - - [08/May/2018:16:34:48 -0300] "GET /cormun/static/calendar-setup.js?85251 HTTP/1.1" 200 2588
186.103.159.46 - - [08/May/2018:16:34:48 -0300] "GET /cormun/servlet/hlogin HTTP/1.1" 200 1739
207.46.13.128 - - [08/May/2018:16:34:49 -0300] "GET /cormun/static/gxdec.js?85251 HTTP/1.1" 200 19579
207.46.13.128 - - [08/May/2018:16:34:49 -0300] "GET /cormun/static/hpexe_messagegenexuscomponent.js?201752511465344 HTTP/1.1" 200 587
207.46.13.128 - - [08/May/2018:16:34:49 -0300] "GET /cormun/static/hwchdr01.js?201752511465785 HTTP/1.1" 200 1183
157.55.39.162 - - [08/May/2018:16:34:50 -0300] "GET /robots.txt HTTP/1.1" 404 981
40.77.167.170 - - [08/May/2018:16:34:50 -0300] "GET /cormun/static/Shared/jqueryui/jquery-ui.min.css?1245370 HTTP/1.1" 200 30288
40.77.167.170 - - [08/May/2018:16:34:52 -0300] "GET /cormun/static/SmoothNavMenu/resources/ddsmoothmenu-v.css?1012540 HTTP/1.1" 200 1188
40.77.167.170 - - [08/May/2018:16:34:52 -0300] "GET /cormun/static/SmoothNavMenu/resources/ddsmoothmenu.css?1012540 HTTP/1.1" 200 2223
157.55.39.243 - - [08/May/2018:16:34:52 -0300] "GET /cormun/static/calendar-system.css?75620 HTTP/1.1" 200 5572
40.77.167.170 - - [08/May/2018:16:34:53 -0300] "GET /cormun/static/gxcfg.js?20176272054169 HTTP/1.1" 200 953
40.77.167.170 - - [08/May/2018:16:34:53 -0300] "GET /cormun/static/gxui/gxui-all.js HTTP/1.1" 200 107772
157.55.39.243 - - [08/May/2018:16:34:53 -0300] "GET /cormun/static/calendar.js?85251 HTTP/1.1" 200 26246
157.55.39.243 - - [08/May/2018:16:34:54 -0300] "GET /cormun/static/cmcontrolpreferences.js?201752511465670 HTTP/1.1" 200 1375
157.55.39.243 - - [08/May/2018:16:34:54 -0300] "GET /cormun/static/gxtimezone.js?85251 HTTP/1.1" 200 5781
157.55.39.243 - - [08/May/2018:16:34:55 -0300] "GET /cormun/static/hmpwkw03.js?20177612122668 HTTP/1.1" 200 3965
157.55.39.243 - - [08/May/2018:16:34:55 -0300] "GET /cormun/static/hpexe_scripts.js?201752511465715 HTTP/1.1" 200 1544
40.77.167.170 - - [08/May/2018:16:35:10 -0300] "GET /cormun/static/scaMessage/css/jquery.pnotify.default.css?1716380 HTTP/1.1" 200 1707
40.77.167.170 - - [08/May/2018:16:35:11 -0300] "GET /cormun/static/scaMessage/js/jquery.pnotify.min.js HTTP/1.1" 200 13038
186.79.69.98 - - [08/May/2018:16:35:21 -0300] "GET /cormun/servlet/hlogin HTTP/1.1" 200 1718
186.103.159.46 - - [08/May/2018:16:35:22 -0300] "POST /cormun/servlet/hlogin?a9a48e66b41c8cb93431a4587668f469,gx-no-cache=1525808064035 HTTP/1.1" 200 454
186.79.69.98 - - [08/May/2018:16:35:24 -0300] "POST /cormun/servlet/hlogin?5a3af753e718c24d0628a5aef97d9c0a,gx-no-cache=1525808067363 HTTP/1.1" 200 90
186.79.69.98 - - [08/May/2018:16:35:24 -0300] "GET /cormun/servlet/hpexe_link HTTP/1.1" 200 950
186.79.69.98 - - [08/May/2018:16:35:25 -0300] "GET /cormun/servlet/hhome HTTP/1.1" 200 3929
186.79.69.98 - - [08/May/2018:16:35:26 -0300] "GET /cormun/servlet/hhome HTTP/1.1" 200 3927
186.79.69.98 - - [08/May/2018:16:35:29 -0300] "GET /cormun/servlet/trsolicitudot? HTTP/1.1" 200 8528
186.79.69.98 - - [08/May/2018:16:35:30 -0300] "GET /cormun/servlet/trsolicitudot? HTTP/1.1" 200 8526
186.79.69.98 - - [08/May/2018:16:35:34 -0300] "POST /cormun/servlet/trsolicitudot?5a3af753e718c24d0628a5aef97d9c0a,,gx-no-cache=1525808076363 HTTP/1.1" 200 107
186.79.69.98 - - [08/May/2018:16:35:34 -0300] "GET /cormun/servlet/trsolicitudadjuntos?2018,11335, HTTP/1.1" 200 8435
186.103.159.46 - - [08/May/2018:16:35:34 -0300] "POST /cormun/servlet/hlogin?a9a48e66b41c8cb93431a4587668f469,gx-no-cache=1525808075463 HTTP/1.1" 200 90
186.103.159.46 - - [08/May/2018:16:35:34 -0300] "GET /cormun/servlet/hpexe_link HTTP/1.1" 200 959
186.103.159.46 - - [08/May/2018:16:35:34 -0300] "GET /cormun/servlet/trautorizarsolicitud HTTP/1.1" 200 9370
186.79.69.98 - - [08/May/2018:16:35:35 -0300] "GET /cormun/servlet/trsolicitudadjuntos?2018,11335, HTTP/1.1" 200 8435
186.103.159.46 - - [08/May/2018:16:35:36 -0300] "GET /cormun/servlet/trautorizarsolicitud HTTP/1.1" 200 9369
186.79.69.98 - - [08/May/2018:16:35:43 -0300] "GET /cormun/servlet/solicitudotadjuntos?INS,2018,11335,,1, HTTP/1.1" 200 5971
186.79.69.98 - - [08/May/2018:16:35:44 -0300] "GET /cormun/static/about:blank HTTP/1.1" 404 1011
186.79.69.98 - - [08/May/2018:16:35:44 -0300] "GET /cormun/servlet/solicitudotadjuntos?INS,2018,11335,,1, HTTP/1.1" 200 5964
186.79.69.98 - - [08/May/2018:16:35:44 -0300] "GET /cormun/servlet/solicitudotadjuntos?b870c60a740ac172fbbb38c2a21e10c83b0c0ff40ee4d8e29762a586b719b9fbf5febb4dee5e4fd6af120cc665916866,gx-no-cache=1525808087801 HTTP/1.1" 200 30
186.79.69.98 - - [08/May/2018:16:35:45 -0300] "POST /cormun/servlet/solicitudotadjuntos?5a3af753e718c24d0628a5aef97d9c0a,INS,2018,11335,,1,,gx-no-cache=1525808087982 HTTP/1.1" 200 3823
186.103.159.46 - - [08/May/2018:16:35:47 -0300] "POST /cormun/servlet/trautorizarsolicitud?a9a48e66b41c8cb93431a4587668f469,gx-no-cache=1525808088465 HTTP/1.1" 200 6091
186.103.159.46 - - [08/May/2018:16:35:47 -0300] "GET /cormun/static/Shared/jqueryui/images/ui-bg_highlight-soft_100_c6c2c8_1x100.png HTTP/1.1" 404 1117
186.103.159.46 - - [08/May/2018:16:35:47 -0300] "GET /cormun/static/Shared/jqueryui/images/ui-icons_8d78a5_256x240.png HTTP/1.1" 404 1089
186.103.159.46 - - [08/May/2018:16:35:47 -0300] "GET /cormun/static/Shared/jqueryui/images/ui-bg_flat_55_fafafa_40x100.png HTTP/1.1" 404 1097
186.103.159.46 - - [08/May/2018:16:35:47 -0300] "GET /cormun/static/Shared/jqueryui/images/ui-icons_82798d_256x240.png HTTP/1.1" 404 1089
186.103.159.46 - - [08/May/2018:16:35:47 -0300] "POST /cormun/servlet/trautorizarsolicitud?a9a48e66b41c8cb93431a4587668f469,gx-no-cache=1525808088981 HTTP/1.1" 200 6036
186.79.69.98 - - [08/May/2018:16:35:54 -0300] "POST /cormun/servlet/solicitudotadjuntos?gx-no-cache=1525808094014 HTTP/1.1" 200 26
186.103.159.46 - - [08/May/2018:16:35:58 -0300] "POST /cormun/servlet/trautorizarsolicitud?a9a48e66b41c8cb93431a4587668f469,gx-no-cache=1525808099531 HTTP/1.1" 200 5659
186.103.159.46 - - [08/May/2018:16:35:58 -0300] "POST /cormun/servlet/trautorizarsolicitud?a9a48e66b41c8cb93431a4587668f469,gx-no-cache=1525808099797 HTTP/1.1" 200 5604
186.103.159.46 - - [08/May/2018:16:36:00 -0300] "POST /cormun/servlet/trautorizarsolicitud?a9a48e66b41c8cb93431a4587668f469,gx-no-cache=1525808101596 HTTP/1.1" 200 4374
186.103.159.46 - - [08/May/2018:16:36:00 -0300] "POST /cormun/servlet/trautorizarsolicitud?a9a48e66b41c8cb93431a4587668f469,gx-no-cache=1525808101804 HTTP/1.1" 200 4105
186.103.132.155 - - [08/May/2018:16:36:39 -0300] "GET /cormun/servlet/trpermisosadjuntos?5296966,20180508161207,P, HTTP/1.1" 200 6442
186.103.132.155 - - [08/May/2018:16:36:39 -0300] "GET /cormun/servlet/trpermisosadjuntos?5296966,20180508161207,P, HTTP/1.1" 200 6442
186.103.132.155 - - [08/May/2018:16:36:43 -0300] "GET /cormun/servlet/permisosadjuntos?INS,5296966,P,20180508161207,, HTTP/1.1" 200 5772
186.103.132.155 - - [08/May/2018:16:36:44 -0300] "GET /cormun/static/about:blank HTTP/1.1" 404 1011
186.103.132.155 - - [08/May/2018:16:36:44 -0300] "GET /cormun/servlet/permisosadjuntos?INS,5296966,P,20180508161207,, HTTP/1.1" 200 5761
200.111.122.170 - - [08/May/2018:16:37:09 -0300] "POST /cormun/servlet/permisosadjuntos?cbfb563d0a24954da4a2374f68c1cb42,INS,5296966,P,20180508161207,, HTTP/1.1" 200 116
200.111.122.170 - - [08/May/2018:16:37:09 -0300] "GET /cormun/servlet/hpexe_return? HTTP/1.1" 200 1041
200.111.122.170 - - [08/May/2018:16:37:09 -0300] "GET /cormun/servlet/trpermisosadjuntos?5296966,20180508161207,P, HTTP/1.1" 200 6935
200.111.122.170 - - [08/May/2018:16:37:10 -0300] "GET /cormun/servlet/trpermisosadjuntos?5296966,20180508161207,P, HTTP/1.1" 200 6933
186.79.69.98 - - [08/May/2018:16:37:26 -0300] "GET /cormun/servlet/hlogin HTTP/1.1" 200 1719
186.79.69.98 - - [08/May/2018:16:37:28 -0300] "POST /cormun/servlet/hlogin?58a5586e0bfe79954ed1a8eb0063017a,gx-no-cache=1525808191337 HTTP/1.1" 200 90
186.79.69.98 - - [08/May/2018:16:37:29 -0300] "GET /cormun/servlet/hpexe_link HTTP/1.1" 200 949
186.79.69.98 - - [08/May/2018:16:37:29 -0300] "GET /cormun/servlet/hhome HTTP/1.1" 200 3926
186.79.69.98 - - [08/May/2018:16:37:30 -0300] "GET /cormun/servlet/hhome HTTP/1.1" 200 3922
186.79.69.98 - - [08/May/2018:16:37:32 -0300] "GET /cormun/servlet/trsolicitudot? HTTP/1.1" 200 8529
186.79.69.98 - - [08/May/2018:16:37:34 -0300] "GET /cormun/servlet/trsolicitudot? HTTP/1.1" 200 8527
186.79.69.98 - - [08/May/2018:16:37:37 -0300] "POST /cormun/servlet/trsolicitudot?58a5586e0bfe79954ed1a8eb0063017a,,gx-no-cache=1525808200031 HTTP/1.1" 200 107
186.79.69.98 - - [08/May/2018:16:37:38 -0300] "GET /cormun/servlet/trsolicitudadjuntos?2018,11335, HTTP/1.1" 200 8433
186.103.157.39 - - [08/May/2018:16:37:40 -0300] "GET /cormun/servlet/prbanco?,MD,,gxPopupLevel%3D0%3B HTTP/1.1" 200 6570
186.103.157.39 - - [08/May/2018:16:37:40 -0300] "GET /cormun/static/gxcfg.js?20181161016094 HTTP/1.1" 304 -
186.103.157.39 - - [08/May/2018:16:37:40 -0300] "GET /cormun/static/prbanco.js?2018116101633 HTTP/1.1" 304 -
186.103.157.39 - - [08/May/2018:16:37:40 -0300] "GET /cormun/static/menusearch.js?201610171694467 HTTP/1.1" 304 -
186.103.157.39 - - [08/May/2018:16:37:40 -0300] "GET /cormun/static/hmpwkw011.js?20177612121862 HTTP/1.1" 304 -
186.79.69.98 - - [08/May/2018:16:37:42 -0300] "GET /cormun/servlet/trsolicitudadjuntos?2018,11335, HTTP/1.1" 200 8433
186.103.157.39 - - [08/May/2018:16:37:46 -0300] "GET /cormun/servlet/solicitudot?1491c2aa66dcfd31489a4507fbf17dc1929fc41d23978374c2e223d4bbb04347,gx-no-cache=1525808208207 HTTP/1.1" 200 53
190.151.100.218 - - [08/May/2018:16:37:49 -0300] "GET /cormun/servlet/permisosadjuntos?INS,5296966,P,20180508161207,, HTTP/1.1" 200 5771
190.151.100.218 - - [08/May/2018:16:37:49 -0300] "GET /cormun/servlet/permisosadjuntos?INS,5296966,P,20180508161207,, HTTP/1.1" 200 5761
200.72.197.82 - - [08/May/2018:16:37:50 -0300] "GET /cormun/servlet/trpermisosadjuntos?5296966,20180508161207,P, HTTP/1.1" 200 6932
200.72.197.82 - - [08/May/2018:16:37:51 -0300] "GET /cormun/servlet/trpermisosadjuntos?5296966,20180508161207,P, HTTP/1.1" 200 6932
200.111.122.170 - - [08/May/2018:16:37:51 -0300] "GET /cormun/servlet/permisogoce?DSP,8467499,P,20180508162658, HTTP/1.1" 200 6907
186.103.161.206 - - [08/May/2018:16:37:52 -0300] "GET /cormun/servlet/trpermisosgoce HTTP/1.1" 200 9289
186.103.161.206 - - [08/May/2018:16:37:52 -0300] "GET /cormun/servlet/trpermisosgoce HTTP/1.1" 200 9303
200.111.122.170 - - [08/May/2018:16:37:53 -0300] "GET /cormun/servlet/permisogoce?DSP,8467499,P,20180508162658, HTTP/1.1" 200 6908
186.67.203.186 - - [08/May/2018:16:38:00 -0300] "POST /cormun/servlet/trpermisosgoce?cbfb563d0a24954da4a2374f68c1cb42,gx-no-cache=1525808222749 HTTP/1.1" 200 6522
186.67.203.186 - - [08/May/2018:16:38:00 -0300] "GET /cormun/static/Shared/jqueryui/images/ui-bg_highlight-soft_100_c6c2c8_1x100.png HTTP/1.1" 404 1117
190.151.100.218 - - [08/May/2018:16:38:00 -0300] "GET /cormun/static/Shared/jqueryui/images/ui-icons_82798d_256x240.png HTTP/1.1" 404 1089
186.67.203.186 - - [08/May/2018:16:38:00 -0300] "GET /cormun/static/Shared/jqueryui/images/ui-bg_flat_55_fafafa_40x100.png HTTP/1.1" 404 1097
200.72.197.82 - - [08/May/2018:16:38:00 -0300] "GET /cormun/static/Shared/jqueryui/images/ui-icons_8d78a5_256x240.png HTTP/1.1" 404 1089
186.103.157.39 - - [08/May/2018:16:38:06 -0300] "POST /cormun/servlet/solicitudot?gx-no-cache=1525808228840 HTTP/1.1" 200 30
186.103.157.39 - - [08/May/2018:16:38:06 -0300] "POST /cormun/servlet/solicitudot?gx-no-cache=1525808229034 HTTP/1.1" 200 1370
186.103.157.39 - - [08/May/2018:16:38:07 -0300] "POST /cormun/servlet/solicitudot?gx-no-cache=1525808229291 HTTP/1.1" 200 38
200.111.122.170 - - [08/May/2018:16:38:08 -0300] "GET /cormun/servlet/trpermisosgoce HTTP/1.1" 200 9828
200.111.122.170 - - [08/May/2018:16:38:09 -0300] "GET /cormun/servlet/trpermisosgoce HTTP/1.1" 200 9824
186.79.69.98 - - [08/May/2018:16:38:11 -0300] "GET /cormun/servlet/solicitudotadjuntos?INS,2018,11335,,1, HTTP/1.1" 200 5969
186.79.69.98 - - [08/May/2018:16:38:11 -0300] "GET /cormun/static/about:blank HTTP/1.1" 404 1011
186.79.69.98 - - [08/May/2018:16:38:12 -0300] "GET /cormun/servlet/solicitudotadjuntos?INS,2018,11335,,1, HTTP/1.1" 200 5962
186.79.69.98 - - [08/May/2018:16:38:12 -0300] "GET /cormun/servlet/solicitudotadjuntos?cf61d2f4337767490316c6c2c680881fe558a87eb50d65d566048808812074513b5c0c9bb38b94ee502a8dbff0a5aa28,gx-no-cache=1525808235438 HTTP/1.1" 200 30
186.79.69.98 - - [08/May/2018:16:38:13 -0300] "POST /cormun/servlet/solicitudotadjuntos?58a5586e0bfe79954ed1a8eb0063017a,INS,2018,11335,,1,,gx-no-cache=1525808236067 HTTP/1.1" 200 3820
186.79.69.98 - - [08/May/2018:16:38:22 -0300] "POST /cormun/servlet/solicitudotadjuntos?gx-no-cache=1525808245442 HTTP/1.1" 200 26
200.111.122.170 - - [08/May/2018:16:38:26 -0300] "GET /cormun/servlet/permisogoce?DSP,18040322,P,20180501000000, HTTP/1.1" 200 6863
200.111.122.170 - - [08/May/2018:16:38:27 -0300] "GET /cormun/servlet/permisogoce?DSP,18040322,P,20180501000000, HTTP/1.1" 200 6864
186.79.69.98 - - [08/May/2018:16:38:29 -0300] "GET /cormun/servlet/solicitudotadjuntos?cf61d2f4337767490316c6c2c680881f1e87867b3f287073fdfb0cab2ca6bbfa,gx-no-cache=1525808252145 HTTP/1.1" 200 30
186.79.69.98 - - [08/May/2018:16:38:29 -0300] "GET /cormun/servlet/solicitudotadjuntos?cf61d2f4337767490316c6c2c680881f1e87867b3f287073fdfb0cab2ca6bbfa,gx-no-cache=1525808252487 HTTP/1.1" 200 30
200.111.122.170 - - [08/May/2018:16:38:30 -0300] "GET /cormun/servlet/trpermisosgoce HTTP/1.1" 200 9825
200.111.122.170 - - [08/May/2018:16:38:32 -0300] "GET /cormun/servlet/trpermisosgoce HTTP/1.1" 200 9824
186.79.69.98 - - [08/May/2018:16:38:47 -0300] "POST /cormun/servlet/solicitudotadjuntos?58a5586e0bfe79954ed1a8eb0063017a,INS,2018,11335,,1, HTTP/1.1" 200 116
186.79.69.98 - - [08/May/2018:16:38:48 -0300] "GET /cormun/servlet/hpexe_return? HTTP/1.1" 200 1024
186.79.69.98 - - [08/May/2018:16:38:48 -0300] "GET /cormun/servlet/trsolicitudadjuntos?2018,11335, HTTP/1.1" 200 8668
186.79.69.98 - - [08/May/2018:16:38:49 -0300] "GET /cormun/servlet/trsolicitudadjuntos?2018,11335, HTTP/1.1" 200 8667
186.79.69.98 - - [08/May/2018:16:38:52 -0300] "GET /cormun/servlet/solicitudotadjuntos?INS,2018,11335,,1, HTTP/1.1" 200 5969
186.79.69.98 - - [08/May/2018:16:38:52 -0300] "GET /cormun/static/about:blank HTTP/1.1" 404 1011
186.79.69.98 - - [08/May/2018:16:38:53 -0300] "GET /cormun/servlet/solicitudotadjuntos?INS,2018,11335,,1, HTTP/1.1" 200 5962
186.67.203.186 - - [08/May/2018:16:38:53 -0300] "GET /cormun/servlet/trlicenciaspermisoslog?18040322,P,20180501000000, HTTP/1.1" 200 6421
186.67.203.186 - - [08/May/2018:16:38:53 -0300] "GET /cormun/static/gxcfg.js?20176271755511 HTTP/1.1" 200 953
200.72.197.82 - - [08/May/2018:16:38:53 -0300] "GET /cormun/static/trlicenciaspermisoslog.js?201762717555393 HTTP/1.1" 200 20074
186.79.69.98 - - [08/May/2018:16:38:53 -0300] "GET /cormun/servlet/solicitudotadjuntos?cf61d2f4337767490316c6c2c680881fe558a87eb50d65d566048808812074513b5c0c9bb38b94ee502a8dbff0a5aa28,gx-no-cache=1525808276541 HTTP/1.1" 200 30
186.79.69.98 - - [08/May/2018:16:38:54 -0300] "POST /cormun/servlet/solicitudotadjuntos?58a5586e0bfe79954ed1a8eb0063017a,INS,2018,11335,,1,,gx-no-cache=1525808276772 HTTP/1.1" 200 3820
200.72.197.82 - - [08/May/2018:16:38:54 -0300] "GET /cormun/servlet/trlicenciaspermisoslog?18040322,P,20180501000000, HTTP/1.1" 200 6422
186.67.203.186 - - [08/May/2018:16:38:58 -0300] "GET /cormun/servlet/trpermisosgoce HTTP/1.1" 200 9825
186.79.69.98 - - [08/May/2018:16:38:59 -0300] "POST /cormun/servlet/solicitudotadjuntos?gx-no-cache=1525808282250 HTTP/1.1" 200 26
186.67.203.186 - - [08/May/2018:16:38:59 -0300] "GET /cormun/servlet/trpermisosgoce HTTP/1.1" 200 9824
186.79.69.98 - - [08/May/2018:16:39:08 -0300] "GET /cormun/servlet/solicitudotadjuntos?cf61d2f4337767490316c6c2c680881f1e87867b3f287073fdfb0cab2ca6bbfa,gx-no-cache=1525808291053 HTTP/1.1" 200 30
186.79.69.98 - - [08/May/2018:16:39:08 -0300] "GET /cormun/servlet/solicitudotadjuntos?cf61d2f4337767490316c6c2c680881f1e87867b3f287073fdfb0cab2ca6bbfa,gx-no-cache=1525808291657 HTTP/1.1" 200 30
186.103.157.39 - - [08/May/2018:16:39:13 -0300] "GET /cormun/servlet/solicitudot?1491c2aa66dcfd31489a4507fbf17dc1f9e3e72eb71df640b052bafaf6415d8f5237a0c9b0ea87b34139d49e6ab5e4916d07a869b6f40d770a3bcdf58eb571235ad25381904912a33a1bb3ddf0b056f43fdc2241057c5029fa6df12cd640b411b329b86ac6adb08f2d5338e0fc83f380,gx-no-cache=1525808295745 HTTP/1.1" 200 29
186.103.157.39 - - [08/May/2018:16:39:14 -0300] "POST /cormun/servlet/solicitudot?gx-no-cache=1525808296508 HTTP/1.1" 200 1351
186.103.157.39 - - [08/May/2018:16:39:14 -0300] "POST /cormun/servlet/solicitudot?gx-no-cache=1525808296942 HTTP/1.1" 200 1249
186.103.157.39 - - [08/May/2018:16:39:15 -0300] "GET /cormun/static/menuarrow.gif HTTP/1.1" 404 1015
186.103.157.39 - - [08/May/2018:16:39:18 -0300] "POST /cormun/servlet/solicitudot?gx-no-cache=1525808299810 HTTP/1.1" 200 1351
186.103.157.39 - - [08/May/2018:16:39:18 -0300] "POST /cormun/servlet/solicitudot?gx-no-cache=1525808300264 HTTP/1.1" 200 1249
186.79.69.98 - - [08/May/2018:16:39:18 -0300] "POST /cormun/servlet/solicitudotadjuntos?58a5586e0bfe79954ed1a8eb0063017a,INS,2018,11335,,1, HTTP/1.1" 200 116
186.79.69.98 - - [08/May/2018:16:39:19 -0300] "GET /cormun/servlet/hpexe_return? HTTP/1.1" 200 1024
186.103.157.39 - - [08/May/2018:16:39:20 -0300] "GET /cormun/servlet/solicitudot?1491c2aa66dcfd31489a4507fbf17dc18560e4a7b152d70fc4887326daabcb67a871ac14143d92bc8ddb503081615841,gx-no-cache=1525808302465 HTTP/1.1" 200 30
186.79.69.98 - - [08/May/2018:16:39:20 -0300] "GET /cormun/servlet/trsolicitudadjuntos?2018,11335, HTTP/1.1" 200 8856
186.79.69.98 - - [08/May/2018:16:39:22 -0300] "GET /cormun/servlet/trsolicitudadjuntos?2018,11335, HTTP/1.1" 200 8856
186.79.69.98 - - [08/May/2018:16:39:27 -0300] "GET /cormun/servlet/solicitudotadjuntos?INS,2018,11335,,1, HTTP/1.1" 200 5971
186.79.69.98 - - [08/May/2018:16:39:28 -0300] "GET /cormun/static/about:blank HTTP/1.1" 404 1011
186.79.69.98 - - [08/May/2018:16:39:28 -0300] "GET /cormun/servlet/solicitudotadjuntos?INS,2018,11335,,1, HTTP/1.1" 200 5963
186.103.157.39 - - [08/May/2018:16:39:28 -0300] "POST /cormun/servlet/solicitudot?gx-no-cache=1525808310967 HTTP/1.1" 200 30
186.79.69.98 - - [08/May/2018:16:39:29 -0300] "GET /cormun/servlet/solicitudotadjuntos?cf61d2f4337767490316c6c2c680881fe558a87eb50d65d566048808812074513b5c0c9bb38b94ee502a8dbff0a5aa28,gx-no-cache=1525808311680 HTTP/1.1" 200 30
186.79.69.98 - - [08/May/2018:16:39:30 -0300] "POST /cormun/servlet/solicitudotadjuntos?58a5586e0bfe79954ed1a8eb0063017a,INS,2018,11335,,1,,gx-no-cache=1525808312083 HTTP/1.1" 200 3822
186.79.69.98 - - [08/May/2018:16:39:36 -0300] "POST /cormun/servlet/solicitudotadjuntos?gx-no-cache=1525808318749 HTTP/1.1" 200 26
186.103.157.39 - - [08/May/2018:16:39:44 -0300] "POST /cormun/servlet/solicitudot?d059320584b192d4b62ba7e15b2c6462,INS,0,0,,gx-no-cache=1525808326602 HTTP/1.1" 200 93
186.103.157.39 - - [08/May/2018:16:39:44 -0300] "GET /cormun/servlet/hpexe_return? HTTP/1.1" 200 1008
186.103.157.39 - - [08/May/2018:16:39:45 -0300] "GET /cormun/static/Resources/Spanish/PXTools.css?167811 HTTP/1.1" 304 -
186.103.157.39 - - [08/May/2018:16:39:45 -0300] "GET /cormun/static/gxcfg.js?2016101716175148 HTTP/1.1" 304 -
186.103.157.39 - - [08/May/2018:16:39:45 -0300] "GET /cormun/static/hpexe_return.js?2016101716175153 HTTP/1.1" 304 -
186.103.157.39 - - [08/May/2018:16:39:45 -0300] "GET /cormun/servlet/trsolicitudot? HTTP/1.1" 200 8544
186.103.157.39 - - [08/May/2018:16:39:46 -0300] "GET /cormun/servlet/trsolicitudot? HTTP/1.1" 200 8540
186.79.69.98 - - [08/May/2018:16:39:48 -0300] "GET /cormun/servlet/solicitudotadjuntos?cf61d2f4337767490316c6c2c680881f1e87867b3f287073fdfb0cab2ca6bbfa,gx-no-cache=1525808330968 HTTP/1.1" 200 30
186.79.69.98 - - [08/May/2018:16:39:48 -0300] "GET /cormun/servlet/solicitudotadjuntos?cf61d2f4337767490316c6c2c680881f1e87867b3f287073fdfb0cab2ca6bbfa,gx-no-cache=1525808331290 HTTP/1.1" 200 30
186.103.157.39 - - [08/May/2018:16:39:53 -0300] "GET /cormun/servlet/solicitudot?INS,0,0, HTTP/1.1" 200 13379
186.103.157.39 - - [08/May/2018:16:39:54 -0300] "GET /cormun/servlet/solicitudot?INS,0,0, HTTP/1.1" 200 13384
186.79.69.98 - - [08/May/2018:16:40:00 -0300] "POST /cormun/servlet/solicitudotadjuntos?58a5586e0bfe79954ed1a8eb0063017a,INS,2018,11335,,1, HTTP/1.1" 200 116
186.79.69.98 - - [08/May/2018:16:40:01 -0300] "GET /cormun/servlet/hpexe_return? HTTP/1.1" 200 1024
186.79.69.98 - - [08/May/2018:16:40:01 -0300] "GET /cormun/servlet/trsolicitudadjuntos?2018,11335, HTTP/1.1" 200 9026
186.79.69.98 - - [08/May/2018:16:40:03 -0300] "GET /cormun/servlet/trsolicitudadjuntos?2018,11335, HTTP/1.1" 200 9025
186.79.69.98 - - [08/May/2018:16:40:07 -0300] "GET /cormun/servlet/solicitudotadjuntos?INS,2018,11335,,1, HTTP/1.1" 200 5971
186.79.69.98 - - [08/May/2018:16:40:11 -0300] "GET /cormun/static/about:blank HTTP/1.1" 404 1011
186.79.69.98 - - [08/May/2018:16:40:14 -0300] "GET /cormun/servlet/solicitudotadjuntos?INS,2018,11335,,1, HTTP/1.1" 200 5963
186.79.69.98 - - [08/May/2018:16:40:15 -0300] "GET /cormun/servlet/solicitudotadjuntos?cf61d2f4337767490316c6c2c680881fe558a87eb50d65d566048808812074513b5c0c9bb38b94ee502a8dbff0a5aa28,gx-no-cache=1525808358065 HTTP/1.1" 200 30
186.79.69.98 - - [08/May/2018:16:40:22 -0300] "POST /cormun/servlet/solicitudotadjuntos?58a5586e0bfe79954ed1a8eb0063017a,INS,2018,11335,,1,,gx-no-cache=1525808358486 HTTP/1.1" 200 3822
186.103.157.39 - - [08/May/2018:16:40:28 -0300] "POST /cormun/servlet/solicitudot?gx-no-cache=1525808369463 HTTP/1.1" 200 3411
186.103.157.39 - - [08/May/2018:16:40:28 -0300] "POST /cormun/servlet/solicitudot?d059320584b192d4b62ba7e15b2c6462,INS,0,0,,gx-no-cache=1525808370472 HTTP/1.1" 200 10389
200.111.122.170 - - [08/May/2018:16:40:34 -0300] "GET /cormun/servlet/hlogin HTTP/1.1" 200 1721
186.79.69.98 - - [08/May/2018:16:40:34 -0300] "POST /cormun/servlet/solicitudotadjuntos?gx-no-cache=1525808377314 HTTP/1.1" 200 26
186.103.157.39 - - [08/May/2018:16:40:43 -0300] "GET /cormun/servlet/solicitudot?1491c2aa66dcfd31489a4507fbf17dc171924111dab6356a9e8a9a0b54dfacd37832531d9c313eb2717f614a8e55704a,gx-no-cache=1525808385592 HTTP/1.1" 200 30
186.103.157.39 - - [08/May/2018:16:40:43 -0300] "GET /cormun/servlet/solicitudot?1491c2aa66dcfd31489a4507fbf17dc1bdef0a563715fa8a69468581ea8f83f8acfe169a5f550cc8670444a165e6d09f47a6de2b3e2550ac2ae14205e78c14e8,gx-no-cache=1525808385742 HTTP/1.1" 200 30
186.103.157.39 - - [08/May/2018:16:40:43 -0300] "GET /cormun/servlet/solicitudot?1491c2aa66dcfd31489a4507fbf17dc1929fc41d23978374c2e223d4bbb04347,gx-no-cache=1525808385886 HTTP/1.1" 200 53
186.103.157.39 - - [08/May/2018:16:40:43 -0300] "POST /cormun/servlet/solicitudot?gx-no-cache=1525808385977 HTTP/1.1" 200 297
186.103.157.39 - - [08/May/2018:16:40:44 -0300] "GET /cormun/servlet/solicitudot?1491c2aa66dcfd31489a4507fbf17dc10fb342eb76e70cef6193fe3286349507a8441aea785def648bbc2f848a5bb7192af6e1c9cbcc3a2e114feee050caad78e53c12fdfcd7f07f442ca0bc471d12651f833375234f35997f526e69d9592dfac376f95d605e45da67cf79d1ec8de27d05a500bcf64f44a040fb225e66de6b780fd8a179dea6a6200792459fbd5056bfe4b7c855d10b5b439b27e7799abe68df1008f9da1b3db78d863f30da187255f96a6e10b040904d293fe66f54815ed06c989a4222b37d7df6eba416fd39246270252cfe720952cea177b84acd2d7a2b00b093ce43b43a83aac1ee2e54dbb67f043014269fcc48e52be9fccbd4a6f10c4aba4c3857c73c8122bd4b715ab957b6cc5760c1be431552452724263bb2b2d5b4c327718e52a26f877cdb4ef409d7f9c94c45a1fc5739a50489ac92a7b2a9f311063567899aa69cf31ef6422d7e1df9a737cc741702a42c0e042708045e492130ba3de6097ecce7207481f136964dbe687085259f6411c77274c4782796a5a628e1c50cf18b2384e1f9f2662a4bc045cd,gx-no-cache=1525808386129 HTTP/1.1" 200 30
200.111.122.170 - - [08/May/2018:16:40:45 -0300] "POST /cormun/servlet/hlogin?97d03c5eafac08fcf4ec658332f01d9b,gx-no-cache=1525808384976 HTTP/1.1" 200 90
200.111.122.170 - - [08/May/2018:16:40:45 -0300] "GET /cormun/servlet/hpexe_link HTTP/1.1" 200 958
200.111.122.170 - - [08/May/2018:16:40:46 -0300] "GET /cormun/servlet/trpermisosgoce HTTP/1.1" 200 9825
186.103.157.39 - - [08/May/2018:16:40:46 -0300] "POST /cormun/servlet/solicitudot?gx-no-cache=1525808388471 HTTP/1.1" 200 30
200.111.122.170 - - [08/May/2018:16:40:48 -0300] "GET /cormun/servlet/trpermisosgoce HTTP/1.1" 200 9824
186.103.157.39 - - [08/May/2018:16:40:49 -0300] "POST /cormun/servlet/solicitudot?gx-no-cache=1525808391897 HTTP/1.1" 200 1368
186.103.157.39 - - [08/May/2018:16:40:49 -0300] "POST /cormun/servlet/solicitudot?gx-no-cache=1525808392012 HTTP/1.1" 200 38
186.79.69.98 - - [08/May/2018:16:40:56 -0300] "GET /cormun/servlet/solicitudotadjuntos?cf61d2f4337767490316c6c2c680881f1e87867b3f287073fdfb0cab2ca6bbfa,gx-no-cache=1525808398784 HTTP/1.1" 200 30
186.79.69.98 - - [08/May/2018:16:40:56 -0300] "GET /cormun/servlet/solicitudotadjuntos?cf61d2f4337767490316c6c2c680881f1e87867b3f287073fdfb0cab2ca6bbfa,gx-no-cache=1525808398991 HTTP/1.1" 200 30
186.103.157.39 - - [08/May/2018:16:41:02 -0300] "GET /cormun/servlet/solicitudot?1491c2aa66dcfd31489a4507fbf17dc1f9e3e72eb71df640b052bafaf6415d8f5237a0c9b0ea87b34139d49e6ab5e4916d07a869b6f40d770a3bcdf58eb571235ad25381904912a33a1bb3ddf0b056f43fdc2241057c5029fa6df12cd640b411b329b86ac6adb08f2d5338e0fc83f380,gx-no-cache=1525808404164 HTTP/1.1" 200 29
186.103.157.39 - - [08/May/2018:16:41:02 -0300] "POST /cormun/servlet/solicitudot?gx-no-cache=1525808404228 HTTP/1.1" 200 1350
186.103.157.39 - - [08/May/2018:16:41:02 -0300] "POST /cormun/servlet/solicitudot?gx-no-cache=1525808404381 HTTP/1.1" 200 1249
186.103.157.39 - - [08/May/2018:16:41:02 -0300] "GET /cormun/static/menuarrow.gif HTTP/1.1" 404 1015
186.103.157.39 - - [08/May/2018:16:41:04 -0300] "POST /cormun/servlet/solicitudot?gx-no-cache=1525808406195 HTTP/1.1" 200 1350
186.103.157.39 - - [08/May/2018:16:41:04 -0300] "POST /cormun/servlet/solicitudot?gx-no-cache=1525808406301 HTTP/1.1" 200 1249
186.103.157.39 - - [08/May/2018:16:41:06 -0300] "GET /cormun/servlet/solicitudot?1491c2aa66dcfd31489a4507fbf17dc18560e4a7b152d70fc4887326daabcb67a871ac14143d92bc8ddb503081615841,gx-no-cache=1525808408341 HTTP/1.1" 200 30
186.79.69.98 - - [08/May/2018:16:41:11 -0300] "POST /cormun/servlet/solicitudotadjuntos?58a5586e0bfe79954ed1a8eb0063017a,INS,2018,11335,,1, HTTP/1.1" 200 116
186.79.69.98 - - [08/May/2018:16:41:11 -0300] "GET /cormun/servlet/hpexe_return? HTTP/1.1" 200 1024
186.79.69.98 - - [08/May/2018:16:41:12 -0300] "GET /cormun/servlet/trsolicitudadjuntos?2018,11335, HTTP/1.1" 200 9288
190.151.100.218 - - [08/May/2018:16:41:16 -0300] "GET /cormun/servlet/apermisogoceprn?8467499,P,20180508162658,PU HTTP/1.1" 200 1651
186.103.157.39 - - [08/May/2018:16:41:16 -0300] "POST /cormun/servlet/solicitudot?gx-no-cache=1525808418647 HTTP/1.1" 200 30
186.79.69.98 - - [08/May/2018:16:41:24 -0300] "GET /cormun/servlet/trsolicitudadjuntos?2018,11335, HTTP/1.1" 200 9289
186.79.69.98 - - [08/May/2018:16:41:28 -0300] "GET /cormun/servlet/solicitudotadjuntos?INS,2018,11335,,1, HTTP/1.1" 200 5971
186.79.69.98 - - [08/May/2018:16:41:28 -0300] "GET /cormun/static/about:blank HTTP/1.1" 404 1011
186.79.69.98 - - [08/May/2018:16:41:29 -0300] "GET /cormun/servlet/solicitudotadjuntos?INS,2018,11335,,1, HTTP/1.1" 200 5964
186.79.69.98 - - [08/May/2018:16:41:29 -0300] "GET /cormun/servlet/solicitudotadjuntos?cf61d2f4337767490316c6c2c680881fe558a87eb50d65d566048808812074513b5c0c9bb38b94ee502a8dbff0a5aa28,gx-no-cache=1525808432369 HTTP/1.1" 200 30
186.79.69.98 - - [08/May/2018:16:41:30 -0300] "POST /cormun/servlet/solicitudotadjuntos?58a5586e0bfe79954ed1a8eb0063017a,INS,2018,11335,,1,,gx-no-cache=1525808432597 HTTP/1.1" 200 3821
186.79.69.98 - - [08/May/2018:16:41:36 -0300] "POST /cormun/servlet/solicitudotadjuntos?gx-no-cache=1525808439045 HTTP/1.1" 200 26
186.79.69.98 - - [08/May/2018:16:41:41 -0300] "GET /cormun/servlet/solicitudotadjuntos?cf61d2f4337767490316c6c2c680881f1e87867b3f287073fdfb0cab2ca6bbfa,gx-no-cache=1525808444319 HTTP/1.1" 200 30
186.79.69.98 - - [08/May/2018:16:41:42 -0300] "GET /cormun/servlet/solicitudotadjuntos?cf61d2f4337767490316c6c2c680881f1e87867b3f287073fdfb0cab2ca6bbfa,gx-no-cache=1525808445096 HTTP/1.1" 200 30
186.79.69.98 - - [08/May/2018:16:41:50 -0300] "POST /cormun/servlet/solicitudotadjuntos?58a5586e0bfe79954ed1a8eb0063017a,INS,2018,11335,,1, HTTP/1.1" 200 116
186.79.69.98 - - [08/May/2018:16:41:50 -0300] "GET /cormun/servlet/hpexe_return? HTTP/1.1" 200 1024
186.79.69.98 - - [08/May/2018:16:41:52 -0300] "GET /cormun/servlet/trsolicitudadjuntos?2018,11335, HTTP/1.1" 200 9537
186.79.69.98 - - [08/May/2018:16:41:53 -0300] "GET /cormun/servlet/trsolicitudadjuntos?2018,11335, HTTP/1.1" 200 9541
186.103.157.39 - - [08/May/2018:16:42:20 -0300] "POST /cormun/servlet/solicitudot?gx-no-cache=1525808482910 HTTP/1.1" 200 297
186.103.157.39 - - [08/May/2018:16:42:21 -0300] "GET /cormun/servlet/solicitudot?1491c2aa66dcfd31489a4507fbf17dc10fb342eb76e70cef6193fe3286349507a8441aea785def648bbc2f848a5bb7192af6e1c9cbcc3a2e114feee050caad78e53c12fdfcd7f07f442ca0bc471d12651f833375234f35997f526e69d9592dfac376f95d605e45da67cf79d1ec8de27d05a500bcf64f44a040fb225e66de6b780fd8a179dea6a6200792459fbd5056bfe4b7c855d10b5b439b27e7799abe68df1008f9da1b3db78d863f30da187255f96a6e10b040904d293fe66f54815ed06c989a4222b37d7df6eba416fd39246270252cfe720952cea177b84acd2d7a2b00b093ce43b43a83aac1ee2e54dbb67f043014269fcc48e52be9fccbd4a6f10c4aba4c3857c73c8122bd4b715ab957b6cc5760c1be431552452724263bb2b2d5b4c327718e52a26f877cdb4ef409d7f9c94c45a1fc5739a50489ac92a7b2a9f311063567899aa69cf31ef6422d7e1df9a737cc741702a42c0e042708045e492130ba3de6097ecce7207481f136964dbe68a2159e5b3a91201961b2f641245370a1e1c50cf18b2384e1f9f2662a4bc045cd,gx-no-cache=1525808483153 HTTP/1.1" 200 30
186.103.157.39 - - [08/May/2018:16:42:21 -0300] "POST /cormun/servlet/solicitudot?gx-no-cache=1525808483479 HTTP/1.1" 200 30
186.103.157.39 - - [08/May/2018:16:42:21 -0300] "POST /cormun/servlet/solicitudot?gx-no-cache=1525808483627 HTTP/1.1" 200 1367
186.103.157.39 - - [08/May/2018:16:42:21 -0300] "POST /cormun/servlet/solicitudot?gx-no-cache=1525808483914 HTTP/1.1" 200 41
186.103.157.39 - - [08/May/2018:16:42:21 -0300] "POST /cormun/servlet/solicitudot?gx-no-cache=1525808484052 HTTP/1.1" 200 1350
186.103.157.39 - - [08/May/2018:16:42:22 -0300] "POST /cormun/servlet/solicitudot?gx-no-cache=1525808484194 HTTP/1.1" 200 1249
186.103.157.39 - - [08/May/2018:16:42:22 -0300] "GET /cormun/servlet/solicitudot?1491c2aa66dcfd31489a4507fbf17dc18560e4a7b152d70fc4887326daabcb67a871ac14143d92bc8ddb503081615841,gx-no-cache=1525808484297 HTTP/1.1" 200 30
186.103.157.39 - - [08/May/2018:16:42:22 -0300] "POST /cormun/servlet/solicitudot?gx-no-cache=1525808484380 HTTP/1.1" 200 30
186.103.157.39 - - [08/May/2018:16:42:22 -0300] "POST /cormun/servlet/solicitudot?d059320584b192d4b62ba7e15b2c6462,INS,0,0,,gx-no-cache=1525808484472 HTTP/1.1" 200 93
186.103.157.39 - - [08/May/2018:16:42:22 -0300] "GET /cormun/servlet/hpexe_return? HTTP/1.1" 200 1008
186.103.157.39 - - [08/May/2018:16:42:23 -0300] "GET /cormun/servlet/trsolicitudot HTTP/1.1" 200 8997
186.103.157.39 - - [08/May/2018:16:42:24 -0300] "GET /cormun/servlet/trsolicitudot HTTP/1.1" 200 8993
186.103.157.39 - - [08/May/2018:16:42:45 -0300] "POST /cormun/servlet/trsolicitudot?d059320584b192d4b62ba7e15b2c6462,gx-no-cache=1525808507456 HTTP/1.1" 200 5614
186.103.157.39 - - [08/May/2018:16:42:45 -0300] "POST /cormun/servlet/trsolicitudot?d059320584b192d4b62ba7e15b2c6462,gx-no-cache=1525808507843 HTTP/1.1" 200 5595
186.103.157.39 - - [08/May/2018:16:42:50 -0300] "GET /cormun/servlet/solicitudot?INS,0,0, HTTP/1.1" 200 13379
186.103.157.39 - - [08/May/2018:16:42:51 -0300] "GET /cormun/servlet/solicitudot?INS,0,0, HTTP/1.1" 200 13384
186.103.157.39 - - [08/May/2018:16:43:09 -0300] "POST /cormun/servlet/solicitudot?gx-no-cache=1525808531399 HTTP/1.1" 200 3292
186.103.157.39 - - [08/May/2018:16:43:09 -0300] "POST /cormun/servlet/solicitudot?d059320584b192d4b62ba7e15b2c6462,INS,0,0,,gx-no-cache=1525808531869 HTTP/1.1" 200 10259
186.103.157.39 - - [08/May/2018:16:43:18 -0300] "GET /cormun/servlet/solicitudot?1491c2aa66dcfd31489a4507fbf17dc1e51a77f400b2be564236a37c79ca730c7832531d9c313eb2717f614a8e55704a,gx-no-cache=1525808540338 HTTP/1.1" 200 30
186.103.157.39 - - [08/May/2018:16:44:27 -0300] "GET /cormun/servlet/prbanco?,MD,,gxPopupLevel%3D0%3B HTTP/1.1" 200 6570
186.103.157.39 - - [08/May/2018:16:44:32 -0300] "GET /cormun/servlet/solicitudot?1491c2aa66dcfd31489a4507fbf17dc19496c3fed7ae76c357ecb84d74084d6f,gx-no-cache=1525808614399 HTTP/1.1" 200 94
186.103.157.39 - - [08/May/2018:16:44:32 -0300] "GET /cormun/static/Shared/jqueryui/images/ui-bg_highlight-soft_100_c6c2c8_1x100.png HTTP/1.1" 404 1117
186.103.157.39 - - [08/May/2018:16:44:32 -0300] "GET /cormun/static/Shared/jqueryui/images/ui-icons_82798d_256x240.png HTTP/1.1" 404 1089
186.103.157.39 - - [08/May/2018:16:44:32 -0300] "GET /cormun/static/Shared/jqueryui/images/ui-bg_flat_55_994d53_40x100.png HTTP/1.1" 404 1097
186.103.157.39 - - [08/May/2018:16:44:32 -0300] "GET /cormun/static/Shared/jqueryui/images/ui-icons_ebccce_256x240.png HTTP/1.1" 404 1089
186.103.157.39 - - [08/May/2018:16:44:33 -0300] "GET /cormun/servlet/solicitudot?1491c2aa66dcfd31489a4507fbf17dc1929fc41d23978374c2e223d4bbb04347,gx-no-cache=1525808615758 HTTP/1.1" 200 53
186.103.157.39 - - [08/May/2018:16:44:47 -0300] "POST /cormun/servlet/solicitudot?gx-no-cache=1525808629528 HTTP/1.1" 200 255
186.103.157.39 - - [08/May/2018:16:44:55 -0300] "GET /cormun/servlet/solicitudot?1491c2aa66dcfd31489a4507fbf17dc10fb342eb76e70cef6193fe3286349507e0c2e6b19257d5e7643fa19ac9d1c1f32af6e1c9cbcc3a2e114feee050caad78e53c12fdfcd7f07f442ca0bc471d12651f833375234f35997f526e69d9592dfac376f95d605e45da67cf79d1ec8de27d05a500bcf64f44a040fb225e66de6b780fd8a179dea6a6200792459fbd5056bfe4b7c855d10b5b439b27e7799abe68df1008f9da1b3db78d863f30da187255f96a6e10b040904d293fe66f54815ed06c989a4222b37d7df6eba416fd39246270252cfe720952cea177b84acd2d7a2b00b093ce43b43a83aac1ee2e54dbb67f046dcd5adf04205a43cd460f14057bafe3ba4c3857c73c8122bd4b715ab957b6cc9e3b414c98b7e0e87f5d8d0b00923d7148cd235bf64fa4102eba6bfef3b2d54f0d31467e8251c4812fa802216d341fec1c3717bc3c3cf44a095ea6f6a63d05d205aa6a63c90d758ccc90258ad2094c9386bd553c1ea226393c948a65e793721fc4022d9e555bab8ebbb4caece2bf3ecb,gx-no-cache=1525808637416 HTTP/1.1" 200 30
186.103.157.39 - - [08/May/2018:16:45:02 -0300] "POST /cormun/servlet/solicitudot?gx-no-cache=1525808644376 HTTP/1.1" 200 30
186.103.157.39 - - [08/May/2018:16:45:04 -0300] "POST /cormun/servlet/solicitudot?gx-no-cache=1525808646986 HTTP/1.1" 200 1370
186.103.157.39 - - [08/May/2018:16:45:04 -0300] "POST /cormun/servlet/solicitudot?gx-no-cache=1525808647138 HTTP/1.1" 200 38
186.103.157.39 - - [08/May/2018:16:45:49 -0300] "GET /cormun/servlet/solicitudot?1491c2aa66dcfd31489a4507fbf17dc1f9e3e72eb71df640b052bafaf6415d8f5237a0c9b0ea87b34139d49e6ab5e4916d07a869b6f40d770a3bcdf58eb571235ad25381904912a33a1bb3ddf0b056f43fdc2241057c5029fa6df12cd640b411b329b86ac6adb08f2d5338e0fc83f380,gx-no-cache=1525808691514 HTTP/1.1" 200 29
186.103.157.39 - - [08/May/2018:16:45:49 -0300] "POST /cormun/servlet/solicitudot?gx-no-cache=1525808691710 HTTP/1.1" 200 1350
186.103.157.39 - - [08/May/2018:16:45:49 -0300] "POST /cormun/servlet/solicitudot?gx-no-cache=1525808691807 HTTP/1.1" 200 1249
186.103.157.39 - - [08/May/2018:16:46:00 -0300] "GET /cormun/static/menuarrow.gif HTTP/1.1" 404 1015
186.103.157.39 - - [08/May/2018:16:46:05 -0300] "GET /cormun/servlet/solicitudot?1491c2aa66dcfd31489a4507fbf17dc18560e4a7b152d70fc4887326daabcb67a871ac14143d92bc8ddb503081615841,gx-no-cache=1525808707876 HTTP/1.1" 200 30
186.103.157.39 - - [08/May/2018:16:46:12 -0300] "POST /cormun/servlet/solicitudot?gx-no-cache=1525808714699 HTTP/1.1" 200 30
186.103.157.39 - - [08/May/2018:16:46:30 -0300] "POST /cormun/servlet/solicitudot?d059320584b192d4b62ba7e15b2c6462,INS,0,0,,gx-no-cache=1525808732600 HTTP/1.1" 200 11701
186.103.157.39 - - [08/May/2018:16:46:57 -0300] "GET /cormun/servlet/solicitudot?1491c2aa66dcfd31489a4507fbf17dc19496c3fed7ae76c357ecb84d74084d6f,gx-no-cache=1525808759913 HTTP/1.1" 200 94
186.103.157.39 - - [08/May/2018:16:46:58 -0300] "GET /cormun/servlet/solicitudot?1491c2aa66dcfd31489a4507fbf17dc10fb342eb76e70cef6193fe3286349507e0c2e6b19257d5e7643fa19ac9d1c1f32af6e1c9cbcc3a2e114feee050caad78e53c12fdfcd7f07f442ca0bc471d12651f833375234f35997f526e69d9592dfac376f95d605e45da67cf79d1ec8de27d05a500bcf64f44a040fb225e66de6b780fd8a179dea6a6200792459fbd5056bfe4b7c855d10b5b439b27e7799abe68df1008f9da1b3db78d863f30da187255f96a6e10b040904d293fe66f54815ed06c989a4222b37d7df6eba416fd39246270252cfe720952cea177b84acd2d7a2b00b093ce43b43a83aac1ee2e54dbb67f046dcd5adf04205a43cd460f14057bafe3ba4c3857c73c8122bd4b715ab957b6cc9e3b414c98b7e0e87f5d8d0b00923d7148cd235bf64fa4102eba6bfef3b2d54f0d31467e8251c4812fa802216d341fec1c3717bc3c3cf44a095ea6f6a63d05d205aa6a63c90d758ccc90258ad2094c9386bd553c1ea226393c948a65e793721f07901384785209d9c572db7087fb0671,gx-no-cache=1525808760053 HTTP/1.1" 200 30
186.103.157.39 - - [08/May/2018:16:46:58 -0300] "POST /cormun/servlet/solicitudot?gx-no-cache=1525808760258 HTTP/1.1" 200 30
186.103.157.39 - - [08/May/2018:16:46:58 -0300] "POST /cormun/servlet/solicitudot?gx-no-cache=1525808760416 HTTP/1.1" 200 1368
186.103.157.39 - - [08/May/2018:16:46:58 -0300] "POST /cormun/servlet/solicitudot?gx-no-cache=1525808760551 HTTP/1.1" 200 41
186.103.157.39 - - [08/May/2018:16:46:58 -0300] "POST /cormun/servlet/solicitudot?gx-no-cache=1525808760690 HTTP/1.1" 200 1350
186.103.157.39 - - [08/May/2018:16:46:58 -0300] "POST /cormun/servlet/solicitudot?gx-no-cache=1525808760820 HTTP/1.1" 200 1249
186.103.157.39 - - [08/May/2018:16:46:58 -0300] "GET /cormun/servlet/solicitudot?1491c2aa66dcfd31489a4507fbf17dc18560e4a7b152d70fc4887326daabcb67a871ac14143d92bc8ddb503081615841,gx-no-cache=1525808760894 HTTP/1.1" 200 30
186.103.157.39 - - [08/May/2018:16:46:58 -0300] "POST /cormun/servlet/solicitudot?gx-no-cache=1525808760945 HTTP/1.1" 200 30
186.103.157.39 - - [08/May/2018:16:46:59 -0300] "POST /cormun/servlet/solicitudot?d059320584b192d4b62ba7e15b2c6462,INS,0,0,,gx-no-cache=1525808761063 HTTP/1.1" 200 11751
186.103.157.39 - - [08/May/2018:16:47:37 -0300] "GET /cormun/servlet/solicitudot?1491c2aa66dcfd31489a4507fbf17dc1b58d25035e877e4fb4a721639476ee63acec45121d20302948d9c375ea9d44139ee4bd791ef9623beb485332d37bcc4b,gx-no-cache=1525808799529 HTTP/1.1" 200 30
186.103.157.39 - - [08/May/2018:16:47:37 -0300] "GET /cormun/servlet/solicitudot?1491c2aa66dcfd31489a4507fbf17dc10fb342eb76e70cef6193fe3286349507e0c2e6b19257d5e7643fa19ac9d1c1f32af6e1c9cbcc3a2e114feee050caad78e53c12fdfcd7f07f442ca0bc471d12651f833375234f35997f526e69d9592dfac376f95d605e45da67cf79d1ec8de27d05a500bcf64f44a040fb225e66de6b780fd8a179dea6a6200792459fbd5056bfe4b7c855d10b5b439b27e7799abe68df1008f9da1b3db78d863f30da187255f96a6e10b040904d293fe66f54815ed06c989a4222b37d7df6eba416fd39246270252cfe720952cea177b84acd2d7a2b00b093ce43b43a83aac1ee2e54dbb67f046dcd5adf04205a43cd460f14057bafe3ba4c3857c73c8122bd4b715ab957b6cc9e3b414c98b7e0e87f5d8d0b00923d7148cd235bf64fa4102eba6bfef3b2d54f0d31467e8251c4812fa802216d341fec1c3717bc3c3cf44a095ea6f6a63d05d205aa6a63c90d758ccc90258ad2094c9386bd553c1ea226393c948a65e793721f07901384785209d9c572db7087fb0671,gx-no-cache=1525808799760 HTTP/1.1" 200 30
186.103.157.39 - - [08/May/2018:16:47:37 -0300] "POST /cormun/servlet/solicitudot?gx-no-cache=1525808799832 HTTP/1.1" 200 30
186.103.157.39 - - [08/May/2018:16:47:37 -0300] "POST /cormun/servlet/solicitudot?gx-no-cache=1525808799947 HTTP/1.1" 200 1368
186.103.157.39 - - [08/May/2018:16:47:37 -0300] "POST /cormun/servlet/solicitudot?gx-no-cache=1525808800080 HTTP/1.1" 200 41
186.103.157.39 - - [08/May/2018:16:47:38 -0300] "POST /cormun/servlet/solicitudot?gx-no-cache=1525808800161 HTTP/1.1" 200 1350
186.103.157.39 - - [08/May/2018:16:47:38 -0300] "POST /cormun/servlet/solicitudot?gx-no-cache=1525808800256 HTTP/1.1" 200 1249
186.103.157.39 - - [08/May/2018:16:47:38 -0300] "GET /cormun/servlet/solicitudot?1491c2aa66dcfd31489a4507fbf17dc18560e4a7b152d70fc4887326daabcb67a871ac14143d92bc8ddb503081615841,gx-no-cache=1525808800321 HTTP/1.1" 200 30
186.103.157.39 - - [08/May/2018:16:47:38 -0300] "POST /cormun/servlet/solicitudot?gx-no-cache=1525808800376 HTTP/1.1" 200 30
186.103.157.39 - - [08/May/2018:16:47:38 -0300] "POST /cormun/servlet/solicitudot?d059320584b192d4b62ba7e15b2c6462,INS,0,0,,gx-no-cache=1525808800470 HTTP/1.1" 200 93
186.103.157.39 - - [08/May/2018:16:47:38 -0300] "GET /cormun/servlet/hpexe_return? HTTP/1.1" 200 1029
186.103.157.39 - - [08/May/2018:16:47:38 -0300] "GET /cormun/servlet/trsolicitudot?gx-no-cache=1525808507843 HTTP/1.1" 200 8989
186.103.157.39 - - [08/May/2018:16:47:40 -0300] "GET /cormun/servlet/trsolicitudot?gx-no-cache=1525808507843 HTTP/1.1" 200 9006
186.103.157.39 - - [08/May/2018:16:48:07 -0300] "GET /cormun/servlet/solicitudot?INS,0,0, HTTP/1.1" 200 13401
186.103.157.39 - - [08/May/2018:16:48:08 -0300] "GET /cormun/servlet/solicitudot?INS,0,0, HTTP/1.1" 200 13384
186.103.157.39 - - [08/May/2018:16:48:45 -0300] "POST /cormun/servlet/solicitudot?gx-no-cache=1525808866435 HTTP/1.1" 200 3399
186.103.157.39 - - [08/May/2018:16:48:45 -0300] "POST /cormun/servlet/solicitudot?d059320584b192d4b62ba7e15b2c6462,INS,0,0,,gx-no-cache=1525808867471 HTTP/1.1" 200 10413
186.103.157.39 - - [08/May/2018:16:48:50 -0300] "GET /cormun/servlet/solicitudot?1491c2aa66dcfd31489a4507fbf17dc10cbc3b2e5cf36d37716f56930d914a598e644b9db81b56edd95b9ad8bff2327a,gx-no-cache=1525808872278 HTTP/1.1" 200 30
186.103.157.39 - - [08/May/2018:16:48:50 -0300] "GET /cormun/servlet/solicitudot?1491c2aa66dcfd31489a4507fbf17dc185af4e3c4d14a1d9abb2a5f6d441e78e90976d9f7a6555f17ebef6d27f2a59d9905e5757241377ab9efb609cb2529b43,gx-no-cache=1525808872383 HTTP/1.1" 200 30
186.103.157.39 - - [08/May/2018:16:48:50 -0300] "GET /cormun/servlet/solicitudot?1491c2aa66dcfd31489a4507fbf17dc1f3c9a814015f966d0eb3af1c4127fc5d,gx-no-cache=1525808872426 HTTP/1.1" 200 60
186.103.157.39 - - [08/May/2018:16:48:50 -0300] "POST /cormun/servlet/solicitudot?gx-no-cache=1525808872479 HTTP/1.1" 200 255
186.103.157.39 - - [08/May/2018:16:48:50 -0300] "GET /cormun/servlet/solicitudot?1491c2aa66dcfd31489a4507fbf17dc10fb342eb76e70cef6193fe3286349507e0c2e6b19257d5e7643fa19ac9d1c1f32af6e1c9cbcc3a2e114feee050caad78e53c12fdfcd7f07f442ca0bc471d12651f833375234f35997f526e69d9592dfac376f95d605e45da67cf79d1ec8de27d05a500bcf64f44a040fb225e66de6b780fd8a179dea6a6200792459fbd5056bfe4b7c855d10b5b439b27e7799abe68df1008f9da1b3db78d863f30da187255f96a6e10b040904d293fe66f54815ed06c989a4222b37d7df6eba416fd39246270252cfe720952cea177b84acd2d7a2b00b093ce43b43a83aac1ee2e54dbb67f046dcd5adf04205a43cd460f14057bafe3ba4c3857c73c8122bd4b715ab957b6cc9e3b414c98b7e0e87f5d8d0b00923d7148cd235bf64fa4102eba6bfef3b2d54f0d31467e8251c4812fa802216d341fec1c3717bc3c3cf44a095ea6f6a63d05d205aa6a63c90d758ccc90258ad2094c9386bd553c1ea226393c948a65e793721fc4022d9e555bab8ebbb4caece2bf3ecb,gx-no-cache=1525808872576 HTTP/1.1" 200 30
186.103.157.39 - - [08/May/2018:16:48:55 -0300] "POST /cormun/servlet/solicitudot?gx-no-cache=1525808878086 HTTP/1.1" 200 30
186.103.157.39 - - [08/May/2018:16:49:03 -0300] "GET /cormun/servlet/prcontratosol?9712790,,,,,MD,,gxPopupLevel%3D0%3B HTTP/1.1" 200 8076
186.103.157.39 - - [08/May/2018:16:49:03 -0300] "GET /cormun/static/gxui/gxui-all.css?110300 HTTP/1.1" 200 2179
186.103.157.39 - - [08/May/2018:16:49:04 -0300] "GET /cormun/static/gxcfg.js?201761413223964 HTTP/1.1" 200 953
186.103.157.39 - - [08/May/2018:16:49:04 -0300] "GET /cormun/static/prcontratosol.js?201761413224174 HTTP/1.1" 200 15806
186.103.157.39 - - [08/May/2018:16:49:11 -0300] "POST /cormun/servlet/solicitudot?gx-no-cache=1525808893425 HTTP/1.1" 200 1369
186.103.157.39 - - [08/May/2018:16:49:11 -0300] "POST /cormun/servlet/solicitudot?gx-no-cache=1525808893547 HTTP/1.1" 200 38
186.103.157.39 - - [08/May/2018:16:49:11 -0300] "GET /cormun/servlet/solicitudot?1491c2aa66dcfd31489a4507fbf17dc1f9e3e72eb71df640b052bafaf6415d8f5237a0c9b0ea87b34139d49e6ab5e4916d8c1c7fbe3001b49c47a60112aecae97ddf747f10e2655998697b61c1e0bc7b0fde39a80017a6a214d70a04fdb26f49d67a5c02c3e1bd77bd3f0d8bad51c52dad2a45a57bbef1e529d31f314c688459e5239f7eab46a8b8f5120bcc27d97f6dcffb46609dbea07cab2670998bbc872715a5fbdc67a8e82e7a6805157055e22d94feaf73c097737ba1188cfb13c827e906aaaed6b0a3979c25d91bd8cede30fa,gx-no-cache=1525808893601 HTTP/1.1" 200 29
186.103.157.39 - - [08/May/2018:16:49:11 -0300] "POST /cormun/servlet/solicitudot?gx-no-cache=1525808893720 HTTP/1.1" 200 1351
186.103.157.39 - - [08/May/2018:16:49:11 -0300] "POST /cormun/servlet/solicitudot?gx-no-cache=1525808893835 HTTP/1.1" 200 1250
186.103.157.39 - - [08/May/2018:16:49:11 -0300] "GET /cormun/servlet/solicitudot?1491c2aa66dcfd31489a4507fbf17dc1fbb4a5d79e5ebb876a0f4f5c36fc0cfc4b727c8d1722879bab9da343d5b2b003,gx-no-cache=1525808893903 HTTP/1.1" 200 134
186.103.157.39 - - [08/May/2018:16:49:11 -0300] "GET /cormun/static/Shared/jqueryui/images/ui-icons_82798d_256x240.png HTTP/1.1" 404 1089
186.103.157.39 - - [08/May/2018:16:49:11 -0300] "GET /cormun/static/Shared/jqueryui/images/ui-bg_flat_55_994d53_40x100.png HTTP/1.1" 404 1097
186.103.157.39 - - [08/May/2018:16:49:11 -0300] "GET /cormun/static/Shared/jqueryui/images/ui-bg_highlight-soft_100_c6c2c8_1x100.png HTTP/1.1" 404 1117
