186.103.158.250 - - [04/May/2018:10:00:14 -0300] "GET /cormun/servlet/trsolicitudot? HTTP/1.1" 200 8777
186.103.158.250 - - [04/May/2018:10:00:22 -0300] "POST /cormun/servlet/trsolicitudot?890af7087a65c6434b20977743f915c0,,gx-no-cache=1525438762955 HTTP/1.1" 200 4691
186.103.158.250 - - [04/May/2018:10:00:22 -0300] "GET /cormun/static/Shared/jqueryui/images/ui-bg_highlight-soft_100_c6c2c8_1x100.png HTTP/1.1" 404 1117
186.103.158.250 - - [04/May/2018:10:00:23 -0300] "GET /cormun/static/Shared/jqueryui/images/ui-icons_82798d_256x240.png HTTP/1.1" 404 1089
186.103.158.250 - - [04/May/2018:10:00:23 -0300] "GET /cormun/static/Shared/jqueryui/images/ui-bg_flat_55_fafafa_40x100.png HTTP/1.1" 404 1097
186.103.158.250 - - [04/May/2018:10:00:23 -0300] "GET /cormun/static/Shared/jqueryui/images/ui-icons_8d78a5_256x240.png HTTP/1.1" 404 1089
186.103.158.250 - - [04/May/2018:10:00:23 -0300] "POST /cormun/servlet/trsolicitudot?890af7087a65c6434b20977743f915c0,,gx-no-cache=1525438763341 HTTP/1.1" 200 4463
186.67.203.186 - - [04/May/2018:10:00:27 -0300] "GET /cormun/servlet/licenciaspermisos?11940113f459065a3f45b3c18799dadf956a54c436149ca30b242680a5884e1a2a8586c05528a341df5c3b49cd6f8a6e,gx-no-cache=1525438766318 HTTP/1.1" 200 112
186.67.203.186 - - [04/May/2018:10:00:27 -0300] "POST /cormun/servlet/licenciaspermisos?965caddb0163ad942a120dfac4386210,INS,0,,,,gx-no-cache=1525438766517 HTTP/1.1" 200 4893
186.103.159.46 - - [04/May/2018:10:00:33 -0300] "GET /cormun/static/menuarrow.gif HTTP/1.1" 404 1015
186.103.132.155 - - [04/May/2018:10:01:01 -0300] "GET /cormun/static/menuarrow.gif HTTP/1.1" 404 1015
201.215.248.160 - - [04/May/2018:10:01:01 -0300] "GET /cormun/servlet/trlicencias? HTTP/1.1" 200 11880
201.215.248.160 - - [04/May/2018:10:01:02 -0300] "GET /cormun/servlet/trlicencias? HTTP/1.1" 200 11879
31.184.193.154 - - [04/May/2018:10:02:50 -0300] "GET / HTTP/1.0" 200 11197
200.111.122.170 - - [04/May/2018:10:03:00 -0300] "GET /cormun/servlet/licenciaspermisos?11940113f459065a3f45b3c18799dadf9fb8f7373dd2640315edf05292b3e313d05e6ce4804c9588ab173fb0e5e93da04d4bcb13528f1b0b6738016eafda0f2121dd206e1d6ee85217d27a031d32d2af83cd5a2937f318ab601a47823755ec4973c7ca747049b43657e5ef4328a1f1660e1c7c86456165b5ef09cdddf5f14321f87db7efea04e389d1fb7e5a403480961fcbb43a6231493bc02e05b7345b1f8786174265c1dba4ecf99f7d1bb76e7ad4,gx-no-cache=1525438919520 HTTP/1.1" 200 30
200.111.122.170 - - [04/May/2018:10:03:00 -0300] "GET /cormun/servlet/licenciaspermisos?11940113f459065a3f45b3c18799dadf51320681dd9aa5b273c3f16071fcdd6dced6a0af0b6834dddad047ca72a08844b062709d3312da095bd0cbd10b24815594d4c00a4f3fd8830d80fcc820d16f48ab39c378e0fc33b5d9a9ac045979409b83419465b76c8eaf4945711e581eea5dcfe7772700501f6cbcd6b1b87b31c1faf72871ec56867849d75db57c93d15705709920c3c90b41674059af89b3fbf9ca8e500e504b37c69cd55d438239f0018c,gx-no-cache=1525438919628 HTTP/1.1" 200 29
200.111.122.170 - - [04/May/2018:10:03:00 -0300] "POST /cormun/servlet/licenciaspermisos?965caddb0163ad942a120dfac4386210,INS,0,,,,gx-no-cache=1525438919730 HTTP/1.1" 200 93
200.111.122.170 - - [04/May/2018:10:03:00 -0300] "GET /cormun/servlet/hpexe_return? HTTP/1.1" 200 1014
200.111.122.170 - - [04/May/2018:10:03:00 -0300] "GET /cormun/servlet/trlicencias HTTP/1.1" 200 11454
186.103.159.204 - - [04/May/2018:10:03:00 -0300] "POST /cormun/servlet/trsolicitudot?955f3ae6b87b7c89b9e271f9d7360d55,,gx-no-cache=1525438919957 HTTP/1.1" 440 972
200.111.122.170 - - [04/May/2018:10:03:02 -0300] "GET /cormun/servlet/trlicencias HTTP/1.1" 200 11449
186.103.159.204 - - [04/May/2018:10:03:03 -0300] "GET /cormun/servlet/trsolicitudot? HTTP/1.1" 200 6398
186.103.159.204 - - [04/May/2018:10:03:03 -0300] "GET /cormun/servlet/hlogin HTTP/1.1" 200 1736
186.103.159.204 - - [04/May/2018:10:03:03 -0300] "GET /cormun/servlet/trsolicitudot? HTTP/1.1" 200 6398
186.103.159.230 - - [04/May/2018:10:03:03 -0300] "GET /cormun/servlet/licenciaspermisos?c6b1b2fb76a53de741051e8a6f8270f3d76ec131292a30d3285401cc44242e5975d8df6f45f767e7e622fddb101b35af493231ab2973a60ca67cf4230f5de43d9936dcb6c6f0ef7fe2ad8b5dc19711e1055588d5991307e3f167e15959442219fe22faf9059d77d2f53fa31f0d7629e0af6620b1cd3a6cca26adc05abbba1c1f61762a47824067a2c303ea74c5f0706702cdf35ba67699945896c53c7cc43f5131fbd0548a091da3d9e3d8914e408480,gx-no-cache=1525438934712 HTTP/1.1" 200 30
186.103.159.230 - - [04/May/2018:10:03:03 -0300] "GET /cormun/servlet/licenciaspermisos?c6b1b2fb76a53de741051e8a6f8270f3bdda20e7c71ec1feaa66de36ffd812ca6ea87a2e3717e4ff6adadde463ed1cd66ac6d1990f80a710b094484b503fbfd524cd5046479416c8606cbc6012c8e99a8c4fb093b11ce83ec6539e46352c1060a9d5d6a0bf97bd54af518b4333026ec9daa2225a5ac64edf0d046025418ac5c6a33430042984047942d98bb52f9e2328f9c7d8b4da80150077a9d2e4ff21f1b8332e648b404a68b0e0fadfd808f5fd87,gx-no-cache=1525438934750 HTTP/1.1" 200 29
186.103.159.230 - - [04/May/2018:10:03:04 -0300] "POST /cormun/servlet/licenciaspermisos?95c5a94004e524afdf1485723d77e616,INS,0,,,,gx-no-cache=1525438934784 HTTP/1.1" 200 93
186.103.159.230 - - [04/May/2018:10:03:04 -0300] "GET /cormun/servlet/hpexe_return? HTTP/1.1" 200 1007
186.103.159.230 - - [04/May/2018:10:03:04 -0300] "GET /cormun/servlet/trlicencias HTTP/1.1" 200 9942
186.103.159.230 - - [04/May/2018:10:03:04 -0300] "GET /cormun//static/Resources/PXToolsGridUpdate.png HTTP/1.1" 200 2984
186.103.159.230 - - [04/May/2018:10:03:04 -0300] "GET /cormun//static/Resources/PXToolsGridDelete.png HTTP/1.1" 200 357
186.103.159.230 - - [04/May/2018:10:03:04 -0300] "GET /cormun/servlet/trlicencias HTTP/1.1" 200 9937
186.103.159.204 - - [04/May/2018:10:03:09 -0300] "POST /cormun/servlet/hlogin?47027c3c406c96649e559467c8391330,gx-no-cache=1525438929012 HTTP/1.1" 200 449
186.103.159.230 - - [04/May/2018:10:03:10 -0300] "GET /cormun/servlet/trlicenciaspermisosadjuntos?7374023,20180504000000,L, HTTP/1.1" 200 6508
186.103.159.230 - - [04/May/2018:10:03:10 -0300] "GET /cormun/static/gxcfg.js?20177612163414 HTTP/1.1" 200 953
186.103.159.230 - - [04/May/2018:10:03:10 -0300] "GET /cormun/static/trlicenciaspermisosadjuntos.js?20177612163719 HTTP/1.1" 200 21036
186.103.159.230 - - [04/May/2018:10:03:10 -0300] "GET /cormun/servlet/trlicenciaspermisosadjuntos?7374023,20180504000000,L, HTTP/1.1" 200 6508
186.103.159.230 - - [04/May/2018:10:03:14 -0300] "GET /cormun/servlet/licenciaspermisosadjuntos?INS,7374023,L,20180504000000,, HTTP/1.1" 200 5801
186.103.159.230 - - [04/May/2018:10:03:14 -0300] "GET /cormun/static/gxcfg.js?2017761263592 HTTP/1.1" 200 953
186.103.159.230 - - [04/May/2018:10:03:14 -0300] "GET /cormun/static/licenciaspermisosadjuntos.js?201776126362 HTTP/1.1" 200 8760
186.103.159.230 - - [04/May/2018:10:03:14 -0300] "GET /cormun/static/about:blank HTTP/1.1" 404 1011
186.103.159.230 - - [04/May/2018:10:03:14 -0300] "GET /cormun/servlet/licenciaspermisosadjuntos?INS,7374023,L,20180504000000,, HTTP/1.1" 200 5790
192.168.10.97 - - [04/May/2018:10:03:30 -0300] "GET /cormun/servlet/hlogin HTTP/1.1" 200 1721
192.168.10.97 - - [04/May/2018:10:03:30 -0300] "GET /cormun/static/Resources/Spanish/PXTools.css?11423723 HTTP/1.1" 304 -
192.168.10.97 - - [04/May/2018:10:03:30 -0300] "GET /cormun/static/hlogin.js?20175251213537 HTTP/1.1" 304 -
192.168.10.97 - - [04/May/2018:10:03:30 -0300] "GET /cormun/servlet/hlogin HTTP/1.1" 200 1727
192.168.10.97 - - [04/May/2018:10:03:33 -0300] "POST /cormun/servlet/hlogin?faf6bd19ed673c020fe669fb7b81fc72,gx-no-cache=1525438828516 HTTP/1.1" 200 90
192.168.10.97 - - [04/May/2018:10:03:33 -0300] "GET /cormun/servlet/hpexe_link HTTP/1.1" 200 946
192.168.10.97 - - [04/May/2018:10:03:33 -0300] "GET /cormun/static/Resources/Spanish/PXTools.css?1155365 HTTP/1.1" 304 -
192.168.10.97 - - [04/May/2018:10:03:33 -0300] "GET /cormun/static/hpexe_link.js?20177612121795 HTTP/1.1" 304 -
192.168.10.97 - - [04/May/2018:10:03:33 -0300] "GET /cormun/servlet/hhome HTTP/1.1" 200 4585
192.168.10.97 - - [04/May/2018:10:03:33 -0300] "GET /cormun/static/hpexe_recentlink.js?20177611595044 HTTP/1.1" 304 -
192.168.10.97 - - [04/May/2018:10:03:33 -0300] "GET /cormun/static/hwchdr01.js?201752511465785 HTTP/1.1" 304 -
192.168.10.97 - - [04/May/2018:10:03:33 -0300] "GET /cormun/static/hhome.js?20175251212450 HTTP/1.1" 304 -
192.168.10.97 - - [04/May/2018:10:03:33 -0300] "GET /cormun/static/hpexe_scripts.js?201752511465715 HTTP/1.1" 304 -
192.168.10.97 - - [04/May/2018:10:03:33 -0300] "GET /cormun/static/hpexe_messagecontroller.js?20177611595012 HTTP/1.1" 304 -
192.168.10.97 - - [04/May/2018:10:03:33 -0300] "GET /cormun/static/hpexe_messagepopupcomponent.js?20161017169425 HTTP/1.1" 304 -
192.168.10.97 - - [04/May/2018:10:03:33 -0300] "GET /cormun/static/hpexe_messagegenexuscomponent.js?201752511465344 HTTP/1.1" 304 -
192.168.10.97 - - [04/May/2018:10:03:33 -0300] "GET /cormun/static/cmcontrolpreferences.js?201752511465670 HTTP/1.1" 304 -
192.168.10.97 - - [04/May/2018:10:03:33 -0300] "GET /cormun/static/hmpwkw03.js?20177612122668 HTTP/1.1" 304 -
192.168.10.97 - - [04/May/2018:10:03:33 -0300] "GET /cormun/servlet/hhome HTTP/1.1" 200 4582
186.103.132.155 - - [04/May/2018:10:03:35 -0300] "GET /cormun/servlet/trlicenciaspermisosadjuntos?17967465,20180504000000,L, HTTP/1.1" 200 6549
186.103.132.155 - - [04/May/2018:10:03:36 -0300] "GET /cormun/servlet/trlicenciaspermisosadjuntos?17967465,20180504000000,L, HTTP/1.1" 200 6549
192.168.10.97 - - [04/May/2018:10:03:37 -0300] "GET /cormun/servlet/trsolicitudgral? HTTP/1.1" 200 24940
192.168.10.97 - - [04/May/2018:10:03:37 -0300] "GET /cormun/static/Resources/Spanish/PXTools.css?1255365 HTTP/1.1" 304 -
192.168.10.97 - - [04/May/2018:10:03:37 -0300] "GET /cormun/static/trsolicitudgral.js?201813119462015 HTTP/1.1" 304 -
192.168.10.97 - - [04/May/2018:10:03:37 -0300] "GET /cormun/servlet/trsolicitudgral? HTTP/1.1" 200 24937
186.103.159.230 - - [04/May/2018:10:03:38 -0300] "POST /cormun/servlet/licenciaspermisosadjuntos?95c5a94004e524afdf1485723d77e616,INS,7374023,L,20180504000000,, HTTP/1.1" 200 116
186.103.159.230 - - [04/May/2018:10:03:38 -0300] "GET /cormun/servlet/hpexe_return? HTTP/1.1" 200 1036
186.103.159.230 - - [04/May/2018:10:03:39 -0300] "GET /cormun/servlet/trlicenciaspermisosadjuntos?7374023,20180504000000,L, HTTP/1.1" 200 6992
186.103.159.230 - - [04/May/2018:10:03:39 -0300] "GET /cormun/servlet/trlicenciaspermisosadjuntos?7374023,20180504000000,L, HTTP/1.1" 200 6989
186.103.132.155 - - [04/May/2018:10:03:40 -0300] "GET /cormun/servlet/licenciaspermisosadjuntos?INS,17967465,L,20180504000000,, HTTP/1.1" 200 5848
186.103.132.155 - - [04/May/2018:10:03:40 -0300] "GET /cormun/static/about:blank HTTP/1.1" 404 1011
186.103.132.155 - - [04/May/2018:10:03:41 -0300] "GET /cormun/servlet/licenciaspermisosadjuntos?INS,17967465,L,20180504000000,, HTTP/1.1" 200 5837
186.103.159.230 - - [04/May/2018:10:03:47 -0300] "GET /cormun/servlet/licenciaspermisosadjuntos?INS,7374023,L,20180504000000,, HTTP/1.1" 200 5802
186.103.159.230 - - [04/May/2018:10:03:47 -0300] "GET /cormun/static/about:blank HTTP/1.1" 404 1011
186.103.159.230 - - [04/May/2018:10:03:47 -0300] "GET /cormun/servlet/licenciaspermisosadjuntos?INS,7374023,L,20180504000000,, HTTP/1.1" 200 5791
186.103.159.230 - - [04/May/2018:10:03:52 -0300] "POST /cormun/servlet/licenciaspermisosadjuntos?95c5a94004e524afdf1485723d77e616,INS,7374023,L,20180504000000,,,gx-no-cache=1525438983134 HTTP/1.1" 200 93
186.103.159.230 - - [04/May/2018:10:03:52 -0300] "GET /cormun/servlet/hpexe_return? HTTP/1.1" 200 1036
186.103.159.230 - - [04/May/2018:10:03:52 -0300] "GET /cormun/servlet/trlicenciaspermisosadjuntos?7374023,20180504000000,L, HTTP/1.1" 200 6994
186.103.159.230 - - [04/May/2018:10:03:53 -0300] "GET /cormun/servlet/trlicenciaspermisosadjuntos?7374023,20180504000000,L, HTTP/1.1" 200 6990
186.103.159.230 - - [04/May/2018:10:03:55 -0300] "GET /cormun/PublicTempStorage/pilar8683658.pdf HTTP/1.1" 200 1107139
192.168.10.97 - - [04/May/2018:10:04:04 -0300] "POST /cormun/servlet/trsolicitudgral?faf6bd19ed673c020fe669fb7b81fc72,,gx-no-cache=1525438860127 HTTP/1.1" 200 7269
186.103.159.230 - - [04/May/2018:10:04:11 -0300] "GET /cormun/servlet/hpexe_return? HTTP/1.1" 200 982
186.103.159.230 - - [04/May/2018:10:04:11 -0300] "GET /cormun/servlet/trlicencias HTTP/1.1" 200 9942
186.103.159.230 - - [04/May/2018:10:04:12 -0300] "GET /cormun/servlet/trlicencias HTTP/1.1" 200 9937
186.103.159.230 - - [04/May/2018:10:04:16 -0300] "POST /cormun/servlet/trlicencias?95c5a94004e524afdf1485723d77e616,gx-no-cache=1525439007307 HTTP/1.1" 200 7269
186.103.159.230 - - [04/May/2018:10:04:16 -0300] "GET /cormun/static/Shared/jqueryui/images/ui-icons_82798d_256x240.png HTTP/1.1" 404 1089
186.103.159.230 - - [04/May/2018:10:04:16 -0300] "GET /cormun/static/Shared/jqueryui/images/ui-bg_highlight-soft_100_c6c2c8_1x100.png HTTP/1.1" 404 1117
186.103.159.230 - - [04/May/2018:10:04:16 -0300] "GET /cormun/static/Shared/jqueryui/images/ui-icons_8d78a5_256x240.png HTTP/1.1" 404 1089
186.103.159.230 - - [04/May/2018:10:04:16 -0300] "GET /cormun/static/Shared/jqueryui/images/ui-bg_flat_55_fafafa_40x100.png HTTP/1.1" 404 1097
186.103.132.155 - - [04/May/2018:10:04:19 -0300] "POST /cormun/servlet/licenciaspermisosadjuntos?965caddb0163ad942a120dfac4386210,INS,17967465,L,20180504000000,, HTTP/1.1" 200 116
186.103.132.155 - - [04/May/2018:10:04:19 -0300] "GET /cormun/servlet/hpexe_return? HTTP/1.1" 200 1045
186.103.132.155 - - [04/May/2018:10:04:20 -0300] "GET /cormun/servlet/trlicenciaspermisosadjuntos?17967465,20180504000000,L, HTTP/1.1" 200 7071
192.168.10.97 - - [04/May/2018:10:04:20 -0300] "POST /cormun/servlet/trsolicitudgral?faf6bd19ed673c020fe669fb7b81fc72,,gx-no-cache=1525438876185 HTTP/1.1" 200 6105
192.168.10.97 - - [04/May/2018:10:04:20 -0300] "GET /cormun/static/Shared/jqueryui/images/ui-bg_highlight-soft_100_c6c2c8_1x100.png HTTP/1.1" 404 1117
192.168.10.97 - - [04/May/2018:10:04:20 -0300] "GET /cormun/static/Shared/jqueryui/images/ui-icons_82798d_256x240.png HTTP/1.1" 404 1089
192.168.10.97 - - [04/May/2018:10:04:20 -0300] "GET /cormun/static/Shared/jqueryui/images/ui-bg_flat_55_fafafa_40x100.png HTTP/1.1" 404 1097
192.168.10.97 - - [04/May/2018:10:04:20 -0300] "GET /cormun/static/Shared/jqueryui/images/ui-icons_8d78a5_256x240.png HTTP/1.1" 404 1089
186.103.132.155 - - [04/May/2018:10:04:21 -0300] "GET /cormun/servlet/trlicenciaspermisosadjuntos?17967465,20180504000000,L, HTTP/1.1" 200 7068
186.103.132.155 - - [04/May/2018:10:04:32 -0300] "POST /cormun/servlet/trlicenciaspermisosadjuntos?965caddb0163ad942a120dfac4386210,17967465,20180504000000,L,,gx-no-cache=1525439012295 HTTP/1.1" 200 90
186.103.132.155 - - [04/May/2018:10:04:33 -0300] "GET /cormun/servlet/hpexe_link HTTP/1.1" 200 985
186.103.132.155 - - [04/May/2018:10:04:33 -0300] "GET /cormun/servlet/trlicencias HTTP/1.1" 200 11463
186.103.132.155 - - [04/May/2018:10:04:35 -0300] "GET /cormun/servlet/trlicencias HTTP/1.1" 200 11461
192.168.10.97 - - [04/May/2018:10:04:47 -0300] "POST /cormun/servlet/trsolicitudgral?faf6bd19ed673c020fe669fb7b81fc72,,gx-no-cache=1525438902941 HTTP/1.1" 200 9343
186.103.132.155 - - [04/May/2018:10:04:51 -0300] "POST /cormun/servlet/trlicencias?965caddb0163ad942a120dfac4386210,gx-no-cache=1525439031052 HTTP/1.1" 200 8847
186.103.132.155 - - [04/May/2018:10:04:52 -0300] "GET /cormun/static/Shared/jqueryui/images/ui-bg_highlight-soft_100_c6c2c8_1x100.png HTTP/1.1" 404 1117
186.103.132.155 - - [04/May/2018:10:04:52 -0300] "GET /cormun/static/Shared/jqueryui/images/ui-icons_82798d_256x240.png HTTP/1.1" 404 1089
186.103.132.155 - - [04/May/2018:10:04:52 -0300] "GET /cormun/static/Shared/jqueryui/images/ui-bg_flat_55_fafafa_40x100.png HTTP/1.1" 404 1097
186.103.132.155 - - [04/May/2018:10:04:52 -0300] "GET /cormun/static/Shared/jqueryui/images/ui-icons_8d78a5_256x240.png HTTP/1.1" 404 1089
186.103.159.204 - - [04/May/2018:10:04:58 -0300] "POST /cormun/servlet/hlogin?47027c3c406c96649e559467c8391330,gx-no-cache=1525439037207 HTTP/1.1" 200 90
186.103.159.204 - - [04/May/2018:10:04:58 -0300] "GET /cormun/servlet/hpexe_link HTTP/1.1" 200 954
186.103.159.204 - - [04/May/2018:10:04:58 -0300] "GET /cormun/servlet/trsolicitudot HTTP/1.1" 200 6927
186.103.159.204 - - [04/May/2018:10:04:58 -0300] "GET /cormun/servlet/trsolicitudot HTTP/1.1" 200 6925
186.103.159.204 - - [04/May/2018:10:05:19 -0300] "POST /cormun/servlet/trsolicitudot?47027c3c406c96649e559467c8391330,gx-no-cache=1525439058592 HTTP/1.1" 200 4010
186.103.159.204 - - [04/May/2018:10:05:25 -0300] "GET /cormun/static/menuarrow.gif HTTP/1.1" 404 1015
186.103.161.206 - - [04/May/2018:10:05:25 -0300] "GET /cormun/servlet/alicenciaprn?17503831,L,20180504000000,PU HTTP/1.1" 200 1614
192.168.10.97 - - [04/May/2018:10:06:22 -0300] "POST /cormun/servlet/trsolicitudgral?faf6bd19ed673c020fe669fb7b81fc72,,gx-no-cache=1525438998230 HTTP/1.1" 200 6115
192.168.10.97 - - [04/May/2018:10:06:42 -0300] "POST /cormun/servlet/trsolicitudgral?faf6bd19ed673c020fe669fb7b81fc72,,gx-no-cache=1525439018044 HTTP/1.1" 200 9177
186.103.161.206 - - [04/May/2018:10:06:53 -0300] "GET /cormun/servlet/alicenciaprn?17967465,L,20180504000000,PU HTTP/1.1" 200 1541
192.168.10.97 - - [04/May/2018:10:07:42 -0300] "POST /cormun/servlet/trsolicitudgral?faf6bd19ed673c020fe669fb7b81fc72,,gx-no-cache=1525439077685 HTTP/1.1" 200 6120
192.168.10.97 - - [04/May/2018:10:08:03 -0300] "POST /cormun/servlet/trsolicitudgral?faf6bd19ed673c020fe669fb7b81fc72,,gx-no-cache=1525439099128 HTTP/1.1" 200 8062
192.168.10.97 - - [04/May/2018:10:08:29 -0300] "POST /cormun/servlet/trsolicitudgral?faf6bd19ed673c020fe669fb7b81fc72,,gx-no-cache=1525439124882 HTTP/1.1" 200 6097
192.168.10.97 - - [04/May/2018:10:08:37 -0300] "GET /cormun/servlet/trcoordinadores? HTTP/1.1" 200 7576
192.168.10.97 - - [04/May/2018:10:08:37 -0300] "GET /cormun/static/gxcfg.js?20182817343370 HTTP/1.1" 304 -
192.168.10.97 - - [04/May/2018:10:08:37 -0300] "GET /cormun/static/trcoordinadores.js?20182817343662 HTTP/1.1" 304 -
192.168.10.97 - - [04/May/2018:10:08:38 -0300] "GET /cormun/servlet/trcoordinadores? HTTP/1.1" 200 7575
192.168.10.97 - - [04/May/2018:10:08:54 -0300] "GET /cormun/servlet/trsolicitudgral? HTTP/1.1" 200 9088
192.168.10.97 - - [04/May/2018:10:08:54 -0300] "GET /cormun/servlet/trsolicitudgral? HTTP/1.1" 200 9088
192.168.10.97 - - [04/May/2018:10:09:29 -0300] "POST /cormun/servlet/trsolicitudgral?faf6bd19ed673c020fe669fb7b81fc72,,gx-no-cache=1525439184654 HTTP/1.1" 200 7302
192.168.10.97 - - [04/May/2018:10:10:00 -0300] "POST /cormun/servlet/trsolicitudgral?faf6bd19ed673c020fe669fb7b81fc72,,gx-no-cache=1525439215717 HTTP/1.1" 200 5919
192.168.10.97 - - [04/May/2018:10:10:05 -0300] "POST /cormun/servlet/trsolicitudgral?faf6bd19ed673c020fe669fb7b81fc72,,gx-no-cache=1525439221059 HTTP/1.1" 200 5918
192.168.10.97 - - [04/May/2018:10:10:14 -0300] "POST /cormun/servlet/trsolicitudgral?faf6bd19ed673c020fe669fb7b81fc72,,gx-no-cache=1525439229724 HTTP/1.1" 200 5918
192.168.4.251 - - [04/May/2018:10:10:17 -0300] "GET /cormun/servlet/hlogin HTTP/1.1" 200 1733
192.168.10.97 - - [04/May/2018:10:10:20 -0300] "POST /cormun/servlet/trsolicitudgral?faf6bd19ed673c020fe669fb7b81fc72,,gx-no-cache=1525439235907 HTTP/1.1" 200 5916
192.168.4.251 - - [04/May/2018:10:10:20 -0300] "POST /cormun/servlet/hlogin?017dd45b66559798abaabc0f09b3aa7b,gx-no-cache=1525439590978 HTTP/1.1" 200 90
192.168.4.251 - - [04/May/2018:10:10:20 -0300] "GET /cormun/servlet/hpexe_link HTTP/1.1" 200 947
192.168.4.251 - - [04/May/2018:10:10:21 -0300] "GET /cormun/servlet/hhome HTTP/1.1" 200 3832
192.168.4.251 - - [04/May/2018:10:10:22 -0300] "GET /cormun/servlet/hhome HTTP/1.1" 200 3829
192.168.10.97 - - [04/May/2018:10:10:26 -0300] "POST /cormun/servlet/trsolicitudgral?faf6bd19ed673c020fe669fb7b81fc72,,gx-no-cache=1525439242229 HTTP/1.1" 200 7263
192.168.10.97 - - [04/May/2018:10:10:40 -0300] "GET /cormun/servlet/solicitudgral2?UPD,2018,11262, HTTP/1.1" 200 13076
192.168.10.97 - - [04/May/2018:10:10:40 -0300] "GET /cormun/servlet/solicitudgral2?UPD,2018,11262, HTTP/1.1" 200 13086
192.168.10.97 - - [04/May/2018:10:10:41 -0300] "POST /cormun/servlet/solicitudgral2?gx-no-cache=1525439256646 HTTP/1.1" 200 3883
192.168.10.97 - - [04/May/2018:10:10:41 -0300] "GET /cormun/servlet/solicitudgral2?dbf86a3ea7d3f8d5aea05c73988f83d4fb3af2dbaaec4bd19a533c9ecbcf3a475f754fa7aae83cba0eb45ae449c3c3e01518d1b124112f4f540e86afc22ddc6a8c7e39539739dce09ee7aa1b3ebfd9cbd1469b6a1c70ccb7953026602dec83130c447f1c08e71baad5c38a37f29c0084aca532ff747f7a614aabafe844f36db3b8f981d2fa0ea0496e89fc56570793a42a94173bbac551e0db6d3782b007bfe2a33863391e68d340d00f868d53df4591ef006867651c2f22104e25ecd8fa9a1a1a37e9b24bffe95cd6b18885e1fbab98c3d20f11db9fbe172586c2655755235bf9ac9cf3a37b404f027820a542a5dd5296f8c8f0925b60baa073a58e0f78f2a3267cbcfe7f11887705548accc8e5fb98accce604461d66de62817bcf048f2429f465e8c64630103a1c3b9c8633a01715cd39df4129f631fed54c6f40a20c3a75f11dd4b8995027096a14d2988797f61d,gx-no-cache=1525439256754 HTTP/1.1" 200 255
192.168.10.97 - - [04/May/2018:10:10:41 -0300] "POST /cormun/servlet/solicitudgral2?gx-no-cache=1525439256795 HTTP/1.1" 200 1428
192.168.10.97 - - [04/May/2018:10:10:41 -0300] "GET /cormun/servlet/solicitudgral2?dbf86a3ea7d3f8d5aea05c73988f83d44529cf4315cf4f892463816c6be58d2998891dcce0880bf40bfce6a4ec45c2cd05237e7f90425af0178ae801fe267e73d3f769c8cc075fac288acb029dfb32b927087b6d4ff1c366dde64d54f460d55a1aeba8585ef673cafcdf1b69f9acd521,gx-no-cache=1525439256830 HTTP/1.1" 200 41
192.168.4.251 - - [04/May/2018:10:10:47 -0300] "GET /cormun/servlet/trautorizarot? HTTP/1.1" 200 16496
192.168.4.251 - - [04/May/2018:10:10:47 -0300] "GET /cormun/static/gxcfg.js?201711151294486 HTTP/1.1" 200 953
192.168.4.251 - - [04/May/2018:10:10:47 -0300] "GET /cormun/static/trautorizarot.js?201711151295562 HTTP/1.1" 200 53844
192.168.4.251 - - [04/May/2018:10:10:48 -0300] "GET /cormun//static/Resources/PXToolsDataSearchRemember.gif HTTP/1.1" 200 1153
192.168.10.97 - - [04/May/2018:10:10:52 -0300] "POST /cormun/servlet/solicitudgral2?faf6bd19ed673c020fe669fb7b81fc72,UPD,2018,11262,,gx-no-cache=1525439266341 HTTP/1.1" 200 93
192.168.4.251 - - [04/May/2018:10:10:52 -0300] "GET /cormun/servlet/trautorizarot? HTTP/1.1" 200 16494
192.168.10.97 - - [04/May/2018:10:10:52 -0300] "GET /cormun/servlet/hpexe_return? HTTP/1.1" 200 1011
192.168.10.97 - - [04/May/2018:10:10:52 -0300] "GET /cormun/servlet/trsolicitudgral? HTTP/1.1" 200 10422
192.168.10.97 - - [04/May/2018:10:10:52 -0300] "GET /cormun/servlet/trsolicitudgral? HTTP/1.1" 200 10418
192.168.4.251 - - [04/May/2018:10:10:59 -0300] "POST /cormun/servlet/trautorizarot?017dd45b66559798abaabc0f09b3aa7b,,gx-no-cache=1525439629248 HTTP/1.1" 200 6560
192.168.4.251 - - [04/May/2018:10:11:05 -0300] "POST /cormun/servlet/trautorizarot?017dd45b66559798abaabc0f09b3aa7b,,gx-no-cache=1525439635273 HTTP/1.1" 200 5342
192.168.4.251 - - [04/May/2018:10:11:06 -0300] "GET /cormun/servlet/hlogin HTTP/1.1" 200 1732
192.168.10.97 - - [04/May/2018:10:12:13 -0300] "POST /cormun/servlet/trsolicitudgral?faf6bd19ed673c020fe669fb7b81fc72,,gx-no-cache=1525439349073 HTTP/1.1" 200 5912
186.103.159.46 - - [04/May/2018:10:12:18 -0300] "GET /cormun/servlet/licenciaspermisos?2abcc8e0a8b2093b292746bdd08c060348659d22b7d1717a854c56d39eeddbe85abf36c428967ccc4aa08c9fffcaed428b09e793376a84738cf969db0d19d59971a3105d16cdb525848ebcbc7f06fe62b27f3de36cfa857f6a923d8b79dc96171f278bc8accb345801fe4185d4a2c883ebfd3ef256c308d8a73e50821e7bf404aca58fadf3b2a8adbe25dccc23e3b641c5370022fb40f95dbd956eb4caa599cec4da0ecc30fbc9669ac189ec6790d81c0853a4f71b51cd6f0991c46f7051c0e15b7a2dc52f7a5d163f015db416bb2762580a7fa7f145e4db6adab8be2c693a31,gx-no-cache=1525439480118 HTTP/1.1" 200 30
186.103.159.46 - - [04/May/2018:10:12:18 -0300] "GET /cormun/servlet/licenciaspermisos?2abcc8e0a8b2093b292746bdd08c0603d267f34b79780c19c8ed4b990c0ab847eb40707a60af3609b8b62f85cf86ff36098be57f860b250d33ea9fbd8748f24ba833c5c332c17a1d2ae39f401a1f4bd424cdf520d202d083822f319e81289587ecb5d4527cb35619eef2f756f8d4d9d8dda41a83a32b9fcfbd1065f5f5f1d93151b4210fb14d8d940ba031ec75a77e080dcb8e597369608eb0a3a9b52eff4169c1c00362370d27171c7f357b69059286ac470b9bc141944f2353ae58a65fc223889bbc3650a057dfa65eed94d9c892b662a6d72d4d9b9f89300fd4674e69b2f9,gx-no-cache=1525439480300 HTTP/1.1" 200 29
186.103.159.46 - - [04/May/2018:10:12:18 -0300] "POST /cormun/servlet/licenciaspermisos?cc024f9a09972e6188e62e6ea77bad1c,INS,0,,,,gx-no-cache=1525439480393 HTTP/1.1" 200 93
186.103.159.46 - - [04/May/2018:10:12:18 -0300] "GET /cormun/servlet/hpexe_return? HTTP/1.1" 200 998
186.103.159.46 - - [04/May/2018:10:12:19 -0300] "GET /cormun/servlet/trlicencias HTTP/1.1" 200 10988
186.103.159.46 - - [04/May/2018:10:12:21 -0300] "GET /cormun/servlet/trlicencias HTTP/1.1" 200 10983
192.168.10.97 - - [04/May/2018:10:12:21 -0300] "POST /cormun/servlet/trsolicitudgral?faf6bd19ed673c020fe669fb7b81fc72,,gx-no-cache=1525439357413 HTTP/1.1" 200 5911
192.168.10.97 - - [04/May/2018:10:12:30 -0300] "POST /cormun/servlet/trsolicitudgral?faf6bd19ed673c020fe669fb7b81fc72,,gx-no-cache=1525439366084 HTTP/1.1" 200 5912
192.168.10.97 - - [04/May/2018:10:12:37 -0300] "POST /cormun/servlet/trsolicitudgral?faf6bd19ed673c020fe669fb7b81fc72,,gx-no-cache=1525439372565 HTTP/1.1" 200 7334
186.103.159.46 - - [04/May/2018:10:12:38 -0300] "GET /cormun/servlet/alicenciaprn?15993773,L,20180504000000,PU HTTP/1.1" 200 1552
192.168.10.97 - - [04/May/2018:10:12:51 -0300] "GET /cormun/servlet/solicitudgral3?UPD,2018,11282, HTTP/1.1" 200 13796
192.168.10.97 - - [04/May/2018:10:12:51 -0300] "GET /cormun/static/gxcfg.js?20181911363991 HTTP/1.1" 200 953
192.168.10.97 - - [04/May/2018:10:12:51 -0300] "GET /cormun/static/solicitudgral3.js?20181911364079 HTTP/1.1" 304 -
192.168.10.97 - - [04/May/2018:10:12:51 -0300] "GET /cormun/static/Resources/prompt.gif HTTP/1.1" 200 902
192.168.10.97 - - [04/May/2018:10:12:51 -0300] "GET /cormun/servlet/solicitudgral3?UPD,2018,11282, HTTP/1.1" 200 13806
192.168.10.97 - - [04/May/2018:10:12:52 -0300] "POST /cormun/servlet/solicitudgral3?gx-no-cache=1525439387837 HTTP/1.1" 200 4033
192.168.10.97 - - [04/May/2018:10:12:52 -0300] "GET /cormun/servlet/solicitudgral3?dbf86a3ea7d3f8d5aea05c73988f83d4fb3af2dbaaec4bd19a533c9ecbcf3a475c87fe18a7dd27f884ad5cb20398b95a1518d1b124112f4f540e86afc22ddc6a8c7e39539739dce09ee7aa1b3ebfd9cbd1469b6a1c70ccb7953026602dec83130c447f1c08e71baad5c38a37f29c0084aca532ff747f7a614aabafe844f36db3b8f981d2fa0ea0496e89fc56570793a42a94173bbac551e0db6d3782b007bfe2a33863391e68d340d00f868d53df4591ef006867651c2f22104e25ecd8fa9a1a1a37e9b24bffe95cd6b18885e1fbab98c3d20f11db9fbe172586c2655755235bf9ac9cf3a37b404f027820a542a5dd5296f8c8f0925b60baa073a58e0f78f2a3267cbcfe7f11887705548accc8e5fb98accce604461d66de62817bcf048f2429f465e8c64630103a1c3b9c8633a01715cd39df4129f631fed54c6f40a20c3a75f11dd4b8995027096a14d2988797f61d,gx-no-cache=1525439387953 HTTP/1.1" 200 297
192.168.10.97 - - [04/May/2018:10:12:52 -0300] "POST /cormun/servlet/solicitudgral3?gx-no-cache=1525439387975 HTTP/1.1" 200 1431
192.168.10.97 - - [04/May/2018:10:12:52 -0300] "GET /cormun/servlet/solicitudgral3?dbf86a3ea7d3f8d5aea05c73988f83d44529cf4315cf4f892463816c6be58d2998891dcce0880bf40bfce6a4ec45c2cd05237e7f90425af0178ae801fe267e73d3f769c8cc075fac288acb029dfb32b9dddd16a99f5b82e70d9a891509d25625fbe53733fd369237deabcb3d1069d9f5971b537045acc17b229e76bca18c3561,gx-no-cache=1525439388046 HTTP/1.1" 200 41
186.103.159.46 - - [04/May/2018:10:14:23 -0300] "GET /cormun/servlet/trpermisosgoce? HTTP/1.1" 200 13341
186.103.159.46 - - [04/May/2018:10:14:25 -0300] "GET /cormun/servlet/trpermisosgoce? HTTP/1.1" 200 13370
200.112.7.84 - - [04/May/2018:10:14:44 -0300] "GET /cormun/servlet/trlicencias? HTTP/1.1" 200 7261
200.112.7.84 - - [04/May/2018:10:14:45 -0300] "GET /cormun/servlet/hlogin HTTP/1.1" 200 1733
200.112.7.84 - - [04/May/2018:10:14:45 -0300] "GET /cormun/servlet/trlicencias? HTTP/1.1" 200 7261
200.112.7.84 - - [04/May/2018:10:14:46 -0300] "POST /cormun/servlet/hlogin?e8a638a26259483a8f4081c98ebee663,gx-no-cache=1525439629136 HTTP/1.1" 200 90
200.112.7.84 - - [04/May/2018:10:14:47 -0300] "GET /cormun/servlet/hpexe_link HTTP/1.1" 200 951
200.112.7.84 - - [04/May/2018:10:14:47 -0300] "GET /cormun/servlet/trlicencias HTTP/1.1" 200 9808
200.112.7.84 - - [04/May/2018:10:14:48 -0300] "GET /cormun/servlet/trlicencias HTTP/1.1" 200 9806
192.168.10.97 - - [04/May/2018:10:15:12 -0300] "POST /cormun/servlet/solicitudgral3?faf6bd19ed673c020fe669fb7b81fc72,UPD,2018,11282,,gx-no-cache=1525439528093 HTTP/1.1" 200 12285
192.168.10.97 - - [04/May/2018:10:15:12 -0300] "GET /cormun/servlet/solicitudgral3?dbf86a3ea7d3f8d5aea05c73988f83d4161ebc5b10d1dca95695b5cf2581f9b5110cbf2281659ac0cf57ecdb67272bb4f26691efbe12fda6b868f57dac87d7bca91ab28885c0d494c54e0adf6d0ed82be80a28d993b16b186695b6ac4588a5bebbdceca0002597ae008de2be48f792c1,gx-no-cache=1525439528244 HTTP/1.1" 200 29
192.168.10.97 - - [04/May/2018:10:15:12 -0300] "POST /cormun/servlet/solicitudgral3?gx-no-cache=1525439528260 HTTP/1.1" 200 1325
192.168.10.97 - - [04/May/2018:10:15:12 -0300] "POST /cormun/servlet/solicitudgral3?gx-no-cache=1525439528288 HTTP/1.1" 200 1248
192.168.10.97 - - [04/May/2018:10:15:12 -0300] "GET /cormun/servlet/solicitudgral3?dbf86a3ea7d3f8d5aea05c73988f83d4b92444351e86256e673cd8e683a7f44a564d5fe80fd1311c9b6dcde07b3c5e18c0906598b3bb5ee938ae5afc037db3ca1518d1b124112f4f540e86afc22ddc6a9d0dabc55b4837e12487fee657e163b3bc177f2eb7995476ff07ba19b409ab9361d0c4a400e963561a58653f4538e9b31982ac8ca6d4dec2bd058e868fc1994b,gx-no-cache=1525439528314 HTTP/1.1" 200 30
192.168.10.97 - - [04/May/2018:10:15:12 -0300] "POST /cormun/servlet/solicitudgral3?faf6bd19ed673c020fe669fb7b81fc72,UPD,2018,11282,,gx-no-cache=1525439528332 HTTP/1.1" 200 93
192.168.10.97 - - [04/May/2018:10:15:12 -0300] "GET /cormun/servlet/hpexe_return? HTTP/1.1" 200 1011
192.168.10.97 - - [04/May/2018:10:15:13 -0300] "GET /cormun/servlet/trsolicitudgral? HTTP/1.1" 200 10504
192.168.10.97 - - [04/May/2018:10:15:13 -0300] "GET /cormun/servlet/trsolicitudgral? HTTP/1.1" 200 10500
192.168.10.97 - - [04/May/2018:10:15:20 -0300] "POST /cormun/servlet/trsolicitudgral?faf6bd19ed673c020fe669fb7b81fc72,,gx-no-cache=1525439536289 HTTP/1.1" 200 6139
192.168.10.97 - - [04/May/2018:10:15:20 -0300] "GET /cormun/static/Shared/jqueryui/images/ui-bg_highlight-soft_100_c6c2c8_1x100.png HTTP/1.1" 404 1117
192.168.10.97 - - [04/May/2018:10:15:20 -0300] "GET /cormun/static/Shared/jqueryui/images/ui-icons_82798d_256x240.png HTTP/1.1" 404 1089
192.168.10.97 - - [04/May/2018:10:15:20 -0300] "GET /cormun/static/Shared/jqueryui/images/ui-bg_flat_55_fafafa_40x100.png HTTP/1.1" 404 1097
192.168.10.97 - - [04/May/2018:10:15:20 -0300] "GET /cormun/static/Shared/jqueryui/images/ui-icons_8d78a5_256x240.png HTTP/1.1" 404 1089
192.168.10.97 - - [04/May/2018:10:15:27 -0300] "POST /cormun/servlet/trsolicitudgral?faf6bd19ed673c020fe669fb7b81fc72,,gx-no-cache=1525439542867 HTTP/1.1" 200 5913
192.168.10.97 - - [04/May/2018:10:15:35 -0300] "POST /cormun/servlet/trsolicitudgral?faf6bd19ed673c020fe669fb7b81fc72,,gx-no-cache=1525439551418 HTTP/1.1" 200 5913
192.168.10.97 - - [04/May/2018:10:15:41 -0300] "POST /cormun/servlet/trsolicitudgral?faf6bd19ed673c020fe669fb7b81fc72,,gx-no-cache=1525439556779 HTTP/1.1" 200 5912
192.168.10.97 - - [04/May/2018:10:15:50 -0300] "POST /cormun/servlet/trsolicitudgral?faf6bd19ed673c020fe669fb7b81fc72,,gx-no-cache=1525439565963 HTTP/1.1" 200 5912
192.168.10.97 - - [04/May/2018:10:16:00 -0300] "POST /cormun/servlet/trsolicitudgral?faf6bd19ed673c020fe669fb7b81fc72,,gx-no-cache=1525439576402 HTTP/1.1" 200 5913
192.168.10.97 - - [04/May/2018:10:16:06 -0300] "POST /cormun/servlet/trsolicitudgral?faf6bd19ed673c020fe669fb7b81fc72,,gx-no-cache=1525439582202 HTTP/1.1" 200 5914
192.168.10.97 - - [04/May/2018:10:16:11 -0300] "POST /cormun/servlet/trsolicitudgral?faf6bd19ed673c020fe669fb7b81fc72,,gx-no-cache=1525439587201 HTTP/1.1" 200 5914
192.168.10.97 - - [04/May/2018:10:16:16 -0300] "POST /cormun/servlet/trsolicitudgral?faf6bd19ed673c020fe669fb7b81fc72,,gx-no-cache=1525439591969 HTTP/1.1" 200 5914
192.168.10.97 - - [04/May/2018:10:16:24 -0300] "POST /cormun/servlet/trsolicitudgral?faf6bd19ed673c020fe669fb7b81fc72,,gx-no-cache=1525439600362 HTTP/1.1" 200 5913
192.168.10.97 - - [04/May/2018:10:16:30 -0300] "POST /cormun/servlet/trsolicitudgral?faf6bd19ed673c020fe669fb7b81fc72,,gx-no-cache=1525439606393 HTTP/1.1" 200 5914
192.168.10.97 - - [04/May/2018:10:16:39 -0300] "POST /cormun/servlet/trsolicitudgral?faf6bd19ed673c020fe669fb7b81fc72,,gx-no-cache=1525439614753 HTTP/1.1" 200 5915
192.168.10.97 - - [04/May/2018:10:16:44 -0300] "POST /cormun/servlet/trsolicitudgral?faf6bd19ed673c020fe669fb7b81fc72,,gx-no-cache=1525439620385 HTTP/1.1" 200 5917
192.168.10.97 - - [04/May/2018:10:16:52 -0300] "GET /cormun/servlet/trcoordinadores? HTTP/1.1" 200 7576
192.168.10.97 - - [04/May/2018:10:16:53 -0300] "GET /cormun/servlet/trcoordinadores? HTTP/1.1" 200 7575
186.103.159.46 - - [04/May/2018:10:17:02 -0300] "GET /cormun/servlet/trpermisosadjuntos?9999971,20180503120215,P, HTTP/1.1" 200 6264
186.103.159.46 - - [04/May/2018:10:17:04 -0300] "GET /cormun/servlet/trpermisosadjuntos?9999971,20180503120215,P, HTTP/1.1" 200 6264
186.103.159.46 - - [04/May/2018:10:17:06 -0300] "GET /cormun/servlet/permisosadjuntos?INS,9999971,P,20180503120215,, HTTP/1.1" 200 5596
186.103.159.46 - - [04/May/2018:10:17:07 -0300] "GET /cormun/static/about:blank HTTP/1.1" 404 1011
186.103.159.46 - - [04/May/2018:10:17:08 -0300] "GET /cormun/servlet/permisosadjuntos?INS,9999971,P,20180503120215,, HTTP/1.1" 200 5586
186.103.159.46 - - [04/May/2018:10:17:31 -0300] "POST /cormun/servlet/permisosadjuntos?cc024f9a09972e6188e62e6ea77bad1c,INS,9999971,P,20180503120215,, HTTP/1.1" 200 116
186.103.159.46 - - [04/May/2018:10:17:31 -0300] "GET /cormun/servlet/hpexe_return? HTTP/1.1" 200 1022
186.103.159.46 - - [04/May/2018:10:17:31 -0300] "GET /cormun/servlet/trpermisosadjuntos?9999971,20180503120215,P, HTTP/1.1" 200 6754
186.103.159.46 - - [04/May/2018:10:17:33 -0300] "GET /cormun/servlet/trpermisosadjuntos?9999971,20180503120215,P, HTTP/1.1" 200 6750
186.103.159.46 - - [04/May/2018:10:17:39 -0300] "GET /cormun/servlet/trpermisosgoce? HTTP/1.1" 200 13353
186.103.159.46 - - [04/May/2018:10:17:41 -0300] "GET /cormun/servlet/trpermisosgoce? HTTP/1.1" 200 13334
186.103.159.186 - - [04/May/2018:10:18:27 -0300] "GET /cormun/servlet/hlogin HTTP/1.1" 200 1720
186.103.159.186 - - [04/May/2018:10:18:38 -0300] "POST /cormun/servlet/hlogin?040f14494c247393829dd097bca03987,gx-no-cache=1525439860333 HTTP/1.1" 200 90
186.103.159.186 - - [04/May/2018:10:18:38 -0300] "GET /cormun/servlet/hpexe_link HTTP/1.1" 200 952
186.103.159.186 - - [04/May/2018:10:18:38 -0300] "GET /cormun/servlet/hhome HTTP/1.1" 200 3951
186.103.159.186 - - [04/May/2018:10:18:40 -0300] "GET /cormun/servlet/hhome HTTP/1.1" 200 3947
186.103.159.46 - - [04/May/2018:10:18:48 -0300] "GET /cormun/servlet/permisogoce?INS,0,,, HTTP/1.1" 200 6791
186.103.159.46 - - [04/May/2018:10:18:50 -0300] "GET /cormun/servlet/permisogoce?INS,0,,, HTTP/1.1" 200 6790
186.103.159.46 - - [04/May/2018:10:19:10 -0300] "GET /cormun/servlet/permisogoce?2abcc8e0a8b2093b292746bdd08c0603c07bc88e69943841e2eeedc7313e4b004a81b3c6fa54a39b2b175dea2fc73ba551d2331abf765f9cb8b896bf2ab73842,gx-no-cache=1525439892162 HTTP/1.1" 200 78
186.103.159.46 - - [04/May/2018:10:19:34 -0300] "GET /cormun/static/menuarrow.gif HTTP/1.1" 404 1015
186.103.159.46 - - [04/May/2018:10:20:37 -0300] "GET /cormun/servlet/permisogoce?2abcc8e0a8b2093b292746bdd08c060370180438dd25c65d7bc154f1f175c9638869bf4c0ea1b779293000ca5c8f5019b4c406eb48c8056b4f64b8499387afd1,gx-no-cache=1525439979575 HTTP/1.1" 200 46
186.103.159.46 - - [04/May/2018:10:20:57 -0300] "POST /cormun/servlet/permisogoce?cc024f9a09972e6188e62e6ea77bad1c,INS,0,,,,gx-no-cache=1525439998697 HTTP/1.1" 200 93
186.103.159.46 - - [04/May/2018:10:20:57 -0300] "GET /cormun/servlet/hpexe_return? HTTP/1.1" 200 996
186.103.159.46 - - [04/May/2018:10:20:57 -0300] "GET /cormun/servlet/trpermisosgoce HTTP/1.1" 200 13633
186.103.159.46 - - [04/May/2018:10:20:59 -0300] "GET /cormun/servlet/trpermisosgoce HTTP/1.1" 200 13634
186.103.159.46 - - [04/May/2018:10:21:16 -0300] "GET /cormun/servlet/apermisogoceprn?11547957,P,20180504101544,PU HTTP/1.1" 200 1657
186.103.159.46 - - [04/May/2018:10:26:02 -0300] "GET /cormun/servlet/hlogin HTTP/1.1" 200 1710
186.103.159.186 - - [04/May/2018:10:26:09 -0300] "GET /cormun/servlet/trlicencias? HTTP/1.1" 200 8397
186.103.159.186 - - [04/May/2018:10:26:11 -0300] "GET /cormun/servlet/trlicencias? HTTP/1.1" 200 8394
186.103.159.46 - - [04/May/2018:10:26:12 -0300] "POST /cormun/servlet/hlogin?cc024f9a09972e6188e62e6ea77bad1c,gx-no-cache=1525440314223 HTTP/1.1" 200 90
186.103.159.46 - - [04/May/2018:10:26:12 -0300] "GET /cormun/servlet/hpexe_link HTTP/1.1" 200 943
186.103.159.46 - - [04/May/2018:10:26:12 -0300] "GET /cormun/servlet/trpermisosgoce HTTP/1.1" 200 13636
186.103.159.186 - - [04/May/2018:10:26:15 -0300] "GET /cormun/servlet/licenciaspermisos?INS,0,,, HTTP/1.1" 200 7479
186.103.159.46 - - [04/May/2018:10:26:15 -0300] "GET /cormun/servlet/trpermisosgoce HTTP/1.1" 200 13619
186.103.159.186 - - [04/May/2018:10:26:15 -0300] "GET /cormun/static/gxcfg.js?201762917281167 HTTP/1.1" 200 953
186.103.159.186 - - [04/May/2018:10:26:15 -0300] "GET /cormun/static/licenciaspermisos.js?201762917281260 HTTP/1.1" 200 37491
186.103.159.186 - - [04/May/2018:10:26:16 -0300] "GET /cormun/servlet/licenciaspermisos?INS,0,,, HTTP/1.1" 200 7479
186.103.159.46 - - [04/May/2018:10:26:21 -0300] "GET /cormun/servlet/trlicencias? HTTP/1.1" 200 10984
186.103.159.46 - - [04/May/2018:10:26:22 -0300] "GET /cormun/servlet/trlicencias? HTTP/1.1" 200 10983
186.103.159.186 - - [04/May/2018:10:26:29 -0300] "GET /cormun/servlet/licenciaspermisos?06f64481a158cf11abff587e5f4bff46e785330f648b56b45ceaf9b0d9108b9841f2663ce6a33ccb22736d6768c31ccb,gx-no-cache=1525440331307 HTTP/1.1" 200 79
186.103.159.186 - - [04/May/2018:10:26:29 -0300] "POST /cormun/servlet/licenciaspermisos?040f14494c247393829dd097bca03987,INS,0,,,,gx-no-cache=1525440331378 HTTP/1.1" 200 4667
186.103.159.46 - - [04/May/2018:10:26:37 -0300] "GET /cormun/servlet/trlicenciaspermisosadjuntos?15993773,20180504000000,L, HTTP/1.1" 200 6298
186.103.159.46 - - [04/May/2018:10:26:39 -0300] "GET /cormun/servlet/trlicenciaspermisosadjuntos?15993773,20180504000000,L, HTTP/1.1" 200 6298
186.103.159.46 - - [04/May/2018:10:26:42 -0300] "GET /cormun/servlet/licenciaspermisosadjuntos?INS,15993773,L,20180504000000,, HTTP/1.1" 200 5597
186.103.159.46 - - [04/May/2018:10:26:42 -0300] "GET /cormun/static/about:blank HTTP/1.1" 404 1011
186.103.159.46 - - [04/May/2018:10:26:43 -0300] "GET /cormun/servlet/licenciaspermisosadjuntos?INS,15993773,L,20180504000000,, HTTP/1.1" 200 5586
186.103.159.186 - - [04/May/2018:10:26:59 -0300] "GET /cormun/static/menuarrow.gif HTTP/1.1" 404 1015
186.103.159.46 - - [04/May/2018:10:27:27 -0300] "POST /cormun/servlet/licenciaspermisosadjuntos?cc024f9a09972e6188e62e6ea77bad1c,INS,15993773,L,20180504000000,, HTTP/1.1" 200 116
186.103.159.46 - - [04/May/2018:10:27:27 -0300] "GET /cormun/servlet/hpexe_return? HTTP/1.1" 200 1029
186.103.159.46 - - [04/May/2018:10:27:27 -0300] "GET /cormun/servlet/trlicenciaspermisosadjuntos?15993773,20180504000000,L, HTTP/1.1" 200 6784
186.103.159.46 - - [04/May/2018:10:27:29 -0300] "GET /cormun/servlet/trlicenciaspermisosadjuntos?15993773,20180504000000,L, HTTP/1.1" 200 6780
186.103.159.46 - - [04/May/2018:10:27:32 -0300] "GET /cormun/servlet/licenciaspermisosadjuntos?INS,15993773,L,20180504000000,, HTTP/1.1" 200 5597
186.103.159.46 - - [04/May/2018:10:27:33 -0300] "GET /cormun/static/about:blank HTTP/1.1" 404 1011
186.103.159.46 - - [04/May/2018:10:27:34 -0300] "GET /cormun/servlet/licenciaspermisosadjuntos?INS,15993773,L,20180504000000,, HTTP/1.1" 200 5585
186.67.164.142 - - [04/May/2018:10:27:41 -0300] "GET /cormun/servlet/trcontratosolicitud HTTP/1.1" 200 5748
186.67.164.142 - - [04/May/2018:10:27:42 -0300] "GET /cormun/servlet/trcontratosolicitud HTTP/1.1" 200 5758
186.67.164.142 - - [04/May/2018:10:27:42 -0300] "GET /cormun/servlet/hlogin HTTP/1.1" 200 1741
186.103.159.46 - - [04/May/2018:10:27:45 -0300] "POST /cormun/servlet/licenciaspermisosadjuntos?cc024f9a09972e6188e62e6ea77bad1c,INS,15993773,L,20180504000000,, HTTP/1.1" 200 116
186.103.159.46 - - [04/May/2018:10:27:45 -0300] "GET /cormun/servlet/hpexe_return? HTTP/1.1" 200 1029
186.103.159.46 - - [04/May/2018:10:27:46 -0300] "GET /cormun/servlet/trlicenciaspermisosadjuntos?15993773,20180504000000,L, HTTP/1.1" 200 6891
186.103.159.46 - - [04/May/2018:10:27:47 -0300] "GET /cormun/servlet/trlicenciaspermisosadjuntos?15993773,20180504000000,L, HTTP/1.1" 200 6887
186.103.159.46 - - [04/May/2018:10:27:55 -0300] "GET /cormun/servlet/trpermisosgoce? HTTP/1.1" 200 13639
186.103.159.46 - - [04/May/2018:10:27:57 -0300] "GET /cormun/servlet/trpermisosgoce? HTTP/1.1" 200 13629
186.103.159.186 - - [04/May/2018:10:27:59 -0300] "GET /cormun/servlet/licenciaspermisos?06f64481a158cf11abff587e5f4bff46005fe4671610501d6722ab95e0df664a21f2da6cd9b83fc85e322f706200d8631af678f169afbf1c4eb7cf1ac909f339a0dff3a1077968ff7ea2eb0bdb5473a12c458022c0cb4d68839274fdf6b11628d86f7b5d5730a66b833986a3957127f5d756d8e88caf000c6b6faea8288d98549f6e66d699dfba19cdf358fb27966ce938ed997e605d414b6067082b4cc0d64fc34ce676a28e1146bda1bb4d386d8599,gx-no-cache=1525440421114 HTTP/1.1" 200 30
186.103.159.186 - - [04/May/2018:10:27:59 -0300] "POST /cormun/servlet/licenciaspermisos?040f14494c247393829dd097bca03987,INS,0,,,,gx-no-cache=1525440421157 HTTP/1.1" 200 4745
186.103.159.46 - - [04/May/2018:10:27:59 -0300] "GET /cormun/servlet/trlicencias? HTTP/1.1" 200 10984
186.103.159.186 - - [04/May/2018:10:28:01 -0300] "GET /cormun/servlet/prfichaempleado?,MD,,gxPopupLevel%3D0%3B HTTP/1.1" 200 9306
186.103.159.186 - - [04/May/2018:10:28:01 -0300] "GET /cormun/static/gxcfg.js?20177612134814 HTTP/1.1" 200 953
186.103.159.186 - - [04/May/2018:10:28:01 -0300] "GET /cormun/static/prfichaempleado.js?20177612134999 HTTP/1.1" 200 16006
186.67.164.142 - - [04/May/2018:10:28:01 -0300] "POST /cormun/servlet/hlogin?8bb3d03bd646f3acbc84f6e2cce2d011,gx-no-cache=1525440426404 HTTP/1.1" 200 453
186.103.159.46 - - [04/May/2018:10:28:03 -0300] "GET /cormun/servlet/trlicencias? HTTP/1.1" 200 10983
186.103.159.46 - - [04/May/2018:10:28:07 -0300] "POST /cormun/servlet/trlicencias?cc024f9a09972e6188e62e6ea77bad1c,,gx-no-cache=1525440429393 HTTP/1.1" 200 8331
186.103.159.46 - - [04/May/2018:10:28:08 -0300] "GET /cormun/static/Shared/jqueryui/images/ui-bg_highlight-soft_100_c6c2c8_1x100.png HTTP/1.1" 404 1117
186.103.159.46 - - [04/May/2018:10:28:08 -0300] "GET /cormun/static/Shared/jqueryui/images/ui-icons_82798d_256x240.png HTTP/1.1" 404 1089
186.103.159.46 - - [04/May/2018:10:28:08 -0300] "GET /cormun/static/Shared/jqueryui/images/ui-bg_flat_55_fafafa_40x100.png HTTP/1.1" 404 1097
186.103.159.46 - - [04/May/2018:10:28:08 -0300] "GET /cormun/static/Shared/jqueryui/images/ui-icons_8d78a5_256x240.png HTTP/1.1" 404 1089
186.103.159.46 - - [04/May/2018:10:28:13 -0300] "GET /cormun/servlet/trpermisosgoce? HTTP/1.1" 200 13631
186.103.159.186 - - [04/May/2018:10:28:13 -0300] "POST /cormun/servlet/prfichaempleado?040f14494c247393829dd097bca03987,,MD,,gxPopupLevel%3D0%3B,gx-no-cache=1525440435159 HTTP/1.1" 200 3433
186.103.159.46 - - [04/May/2018:10:28:15 -0300] "GET /cormun/servlet/trpermisosgoce? HTTP/1.1" 200 13632
186.67.164.142 - - [04/May/2018:10:28:16 -0300] "POST /cormun/servlet/hlogin?8bb3d03bd646f3acbc84f6e2cce2d011,gx-no-cache=1525440441335 HTTP/1.1" 200 90
186.67.164.142 - - [04/May/2018:10:28:16 -0300] "GET /cormun/servlet/hpexe_link HTTP/1.1" 200 960
186.67.164.142 - - [04/May/2018:10:28:16 -0300] "GET /cormun/servlet/trcontratosolicitud HTTP/1.1" 200 14335
186.67.164.142 - - [04/May/2018:10:28:17 -0300] "GET /cormun/servlet/trcontratosolicitud HTTP/1.1" 200 14328
186.103.159.46 - - [04/May/2018:10:28:29 -0300] "POST /cormun/servlet/trpermisosgoce?cc024f9a09972e6188e62e6ea77bad1c,,gx-no-cache=1525440450931 HTTP/1.1" 200 10809
186.103.159.46 - - [04/May/2018:10:28:29 -0300] "GET /cormun/static/Shared/jqueryui/images/ui-bg_highlight-soft_100_c6c2c8_1x100.png HTTP/1.1" 404 1117
186.103.159.46 - - [04/May/2018:10:28:29 -0300] "GET /cormun/static/Shared/jqueryui/images/ui-icons_82798d_256x240.png HTTP/1.1" 404 1089
186.103.159.46 - - [04/May/2018:10:28:29 -0300] "GET /cormun/static/Shared/jqueryui/images/ui-bg_flat_55_fafafa_40x100.png HTTP/1.1" 404 1097
186.103.159.46 - - [04/May/2018:10:28:29 -0300] "GET /cormun/static/Shared/jqueryui/images/ui-icons_8d78a5_256x240.png HTTP/1.1" 404 1089
186.103.159.46 - - [04/May/2018:10:28:34 -0300] "GET /cormun/servlet/trpermisosadjuntos?13944224,20180503081029,P, HTTP/1.1" 200 6752
186.103.159.46 - - [04/May/2018:10:28:36 -0300] "GET /cormun/servlet/trpermisosadjuntos?13944224,20180503081029,P, HTTP/1.1" 200 6753
186.103.159.46 - - [04/May/2018:10:28:50 -0300] "GET /cormun/servlet/trpermisosgoce? HTTP/1.1" 200 13633
186.103.159.46 - - [04/May/2018:10:28:52 -0300] "GET /cormun/servlet/trpermisosgoce? HTTP/1.1" 200 13627
186.103.159.46 - - [04/May/2018:10:28:58 -0300] "GET /cormun/servlet/trpermisosadjuntos?9999971,20180503120215,P, HTTP/1.1" 200 6751
186.103.159.46 - - [04/May/2018:10:29:00 -0300] "GET /cormun/servlet/trpermisosadjuntos?9999971,20180503120215,P, HTTP/1.1" 200 6751
186.103.159.46 - - [04/May/2018:10:29:05 -0300] "GET /cormun/servlet/trpermisosgoce? HTTP/1.1" 200 13642
186.103.159.46 - - [04/May/2018:10:29:07 -0300] "GET /cormun/servlet/trpermisosgoce? HTTP/1.1" 200 13619
186.103.159.44 - - [04/May/2018:10:30:14 -0300] "GET /cormun/servlet/trlicencias? HTTP/1.1" 200 7270
186.103.159.44 - - [04/May/2018:10:30:15 -0300] "GET /cormun/servlet/hlogin HTTP/1.1" 200 1739
186.103.159.44 - - [04/May/2018:10:30:15 -0300] "GET /cormun/servlet/trlicencias? HTTP/1.1" 200 7270
186.67.164.142 - - [04/May/2018:10:30:20 -0300] "POST /cormun/servlet/trcontratosolicitud?8bb3d03bd646f3acbc84f6e2cce2d011,gx-no-cache=1525440565570 HTTP/1.1" 200 11933
186.67.164.142 - - [04/May/2018:10:30:21 -0300] "GET /cormun/static/Resources/PXToolsGridNext.gif HTTP/1.1" 200 369
186.67.164.142 - - [04/May/2018:10:30:21 -0300] "GET /cormun/static/Resources/PXToolsGridLast.gif HTTP/1.1" 200 370
186.67.164.142 - - [04/May/2018:10:30:25 -0300] "POST /cormun/servlet/trcontratosolicitud?8bb3d03bd646f3acbc84f6e2cce2d011,gx-no-cache=1525440570094 HTTP/1.1" 200 11715
186.67.164.142 - - [04/May/2018:10:30:25 -0300] "GET /cormun/static/Resources/PXToolsGridPrevious.gif HTTP/1.1" 200 369
186.67.164.142 - - [04/May/2018:10:30:25 -0300] "GET /cormun/static/Resources/PXToolsGridFirst.gif HTTP/1.1" 200 379
186.67.164.142 - - [04/May/2018:10:30:29 -0300] "POST /cormun/servlet/trcontratosolicitud?8bb3d03bd646f3acbc84f6e2cce2d011,gx-no-cache=1525440574704 HTTP/1.1" 200 11647
186.67.164.142 - - [04/May/2018:10:30:33 -0300] "POST /cormun/servlet/trcontratosolicitud?8bb3d03bd646f3acbc84f6e2cce2d011,gx-no-cache=1525440578651 HTTP/1.1" 200 10180
186.103.159.186 - - [04/May/2018:10:30:48 -0300] "GET /cormun/servlet/licenciaspermisos?06f64481a158cf11abff587e5f4bff46a048ec8dfc52a7dd4adf0f66796dba0a792dab289ea6974b8bb28ecd54971c24d433adeb7829001aea26af65d104d5402d903b23434678a050d20619e5cc717d6fb36344f7e3e455d3e2389f38fd265ca297b40047b7ec1fd2b6f61fd513551af6e9cfee1d51d05f35c3e34968bfdca9d2d53f4bd64ba4d6eaeb701a0d1995e6eddebad7fc9b4e9ddcfd5de934b5d955b7fb8ea1aa4a09a330351fd169e658831fc92de4be116049cda8beb9613560ae2ab661b3a1a957e864a2f92a4a79e9db2b9e8ab9d85f4038349df5b4862291cdd234af8ed0a090e458134a197ba445ff,gx-no-cache=1525440590569 HTTP/1.1" 200 62
186.103.159.186 - - [04/May/2018:10:30:49 -0300] "POST /cormun/servlet/licenciaspermisos?040f14494c247393829dd097bca03987,INS,0,,,,gx-no-cache=1525440590947 HTTP/1.1" 200 93
186.103.159.186 - - [04/May/2018:10:30:49 -0300] "GET /cormun/servlet/hpexe_return? HTTP/1.1" 200 1013
186.103.159.186 - - [04/May/2018:10:30:49 -0300] "GET /cormun/servlet/trlicencias HTTP/1.1" 200 8767
186.103.159.186 - - [04/May/2018:10:30:50 -0300] "GET /cormun/servlet/trlicencias HTTP/1.1" 200 8763
186.103.159.186 - - [04/May/2018:10:30:55 -0300] "GET /cormun/servlet/trlicenciaspermisosadjuntos?15106697,20180504000000,L, HTTP/1.1" 200 6296
186.103.159.186 - - [04/May/2018:10:30:55 -0300] "GET /cormun/static/gxcfg.js?20177612163414 HTTP/1.1" 200 953
186.103.159.186 - - [04/May/2018:10:30:55 -0300] "GET /cormun/static/trlicenciaspermisosadjuntos.js?20177612163719 HTTP/1.1" 200 21036
186.103.159.186 - - [04/May/2018:10:30:56 -0300] "GET /cormun/servlet/trlicenciaspermisosadjuntos?15106697,20180504000000,L, HTTP/1.1" 200 6296
186.103.159.186 - - [04/May/2018:10:30:57 -0300] "GET /cormun/servlet/licenciaspermisosadjuntos?INS,15106697,L,20180504000000,, HTTP/1.1" 200 5592
186.103.159.186 - - [04/May/2018:10:30:57 -0300] "GET /cormun/static/gxcfg.js?2017761263592 HTTP/1.1" 200 953
186.103.159.186 - - [04/May/2018:10:30:57 -0300] "GET /cormun/static/licenciaspermisosadjuntos.js?201776126362 HTTP/1.1" 200 8760
186.103.159.186 - - [04/May/2018:10:30:57 -0300] "GET /cormun/static/about:blank HTTP/1.1" 404 1011
186.103.159.186 - - [04/May/2018:10:30:58 -0300] "GET /cormun/servlet/licenciaspermisosadjuntos?INS,15106697,L,20180504000000,, HTTP/1.1" 200 5582
186.103.159.186 - - [04/May/2018:10:31:22 -0300] "POST /cormun/servlet/licenciaspermisosadjuntos?040f14494c247393829dd097bca03987,INS,15106697,L,20180504000000,, HTTP/1.1" 200 116
186.103.159.186 - - [04/May/2018:10:31:22 -0300] "GET /cormun/servlet/hpexe_return? HTTP/1.1" 200 1044
186.103.159.186 - - [04/May/2018:10:31:22 -0300] "GET /cormun/servlet/trlicenciaspermisosadjuntos?15106697,20180504000000,L, HTTP/1.1" 200 6796
186.103.159.186 - - [04/May/2018:10:31:24 -0300] "GET /cormun/servlet/trlicenciaspermisosadjuntos?15106697,20180504000000,L, HTTP/1.1" 200 6794
186.103.159.186 - - [04/May/2018:10:31:26 -0300] "POST /cormun/servlet/trlicenciaspermisosadjuntos?040f14494c247393829dd097bca03987,15106697,20180504000000,L,,gx-no-cache=1525440628489 HTTP/1.1" 200 90
186.103.159.186 - - [04/May/2018:10:31:26 -0300] "GET /cormun/servlet/hpexe_link HTTP/1.1" 200 985
