186.103.159.187 - - [04/May/2018:13:27:42 -0300] "GET /cormun/static/Shared/jqueryui/images/ui-icons_82798d_256x240.png HTTP/1.1" 404 1089
186.103.159.187 - - [04/May/2018:13:27:42 -0300] "POST /cormun/servlet/solicitudot?gx-no-cache=1525454879320 HTTP/1.1" 200 117
186.103.159.187 - - [04/May/2018:13:27:42 -0300] "GET /cormun/static/Shared/jqueryui/images/ui-icons_ebccce_256x240.png HTTP/1.1" 404 1089
186.103.159.187 - - [04/May/2018:13:27:42 -0300] "GET /cormun/servlet/solicitudot?903c19f30b81a9c09ccb580a0b2f9382e7f4805d3ea623e87ba0b5258cd441c30655fc3669380321add54b4906df476e779bdcca68a73243b04e3f2c7c461b26b1f4e784efa3d7c981742aeccba80d8304034daf31dd33e446de97216c261d42fefcfc4511bc25eeeb257588e668a03c57fe2c8ac7c541f8caf1e85059afc4d4bbf426c4e1e3643c70a1819b994fafd8212769e3da0d65a67784e8b5b2b84fb0,gx-no-cache=1525454879425 HTTP/1.1" 200 29
186.103.159.187 - - [04/May/2018:13:27:42 -0300] "GET /cormun/servlet/solicitudot?903c19f30b81a9c09ccb580a0b2f938281a9021e4c1a12d23d20c6795dcbccafc1618d0c7c8b4dd0a32b6fcbc041edf4ddba4f26b1b3356d11d7370df2c247c30cc7d7fefd874b03d06d32e0949e9f456170f0eabfd2306c19d32d5f8d086cb82d34d1078ce6c84547027d70b260ff557b3a84b5db3e7d5e00e07b7e236059df3faef62578073076381eddd03d686b3fffd51fbc0a54cd0c48e38f037ed5418ca9972225e9d07ad7e1b9e719ad853b2b102d74eade2c8da9b7bb74c73dbd0bb1,gx-no-cache=1525454879493 HTTP/1.1" 200 62
186.103.159.187 - - [04/May/2018:13:27:42 -0300] "GET /cormun/servlet/solicitudot?63907edca8ca221b768c1e42ec61f8572c472ce4421fed1483e89a41fc265c56478d302543ff508e5697c7e3caadfcc169b306c683edb903e1c266fd7caaf8fee15e3675ffd4a6f9773f2f67d3447118,gx-no-cache=1525454879561 HTTP/1.1" 200 55
186.103.159.187 - - [04/May/2018:13:27:42 -0300] "GET /cormun/servlet/solicitudot?903c19f30b81a9c09ccb580a0b2f938203aa5ea6162ec05b1e16129112520d65d7a619825bad0819e30828e637cf88eb,gx-no-cache=1525454879640 HTTP/1.1" 200 134
186.103.159.46 - - [04/May/2018:13:28:23 -0300] "GET /cormun/servlet/trpermisosgoce? HTTP/1.1" 200 13637
186.103.159.46 - - [04/May/2018:13:28:25 -0300] "GET /cormun/servlet/trpermisosgoce? HTTP/1.1" 200 13634
186.103.159.46 - - [04/May/2018:13:28:30 -0300] "GET /cormun/servlet/permisogoce?INS,0,,, HTTP/1.1" 200 6805
186.103.159.46 - - [04/May/2018:13:28:32 -0300] "GET /cormun/servlet/permisogoce?INS,0,,, HTTP/1.1" 200 6805
186.103.159.187 - - [04/May/2018:13:28:43 -0300] "POST /cormun/servlet/solicitudot?gx-no-cache=1525454940565 HTTP/1.1" 200 30
186.103.159.187 - - [04/May/2018:13:28:51 -0300] "POST /cormun/servlet/solicitudot?gx-no-cache=1525454948300 HTTP/1.1" 200 1369
186.103.159.187 - - [04/May/2018:13:28:51 -0300] "POST /cormun/servlet/solicitudot?gx-no-cache=1525454948452 HTTP/1.1" 200 41
186.103.159.46 - - [04/May/2018:13:28:53 -0300] "GET /cormun/servlet/permisogoce?4b20b564943c37c5392a2f954f0550eb1293decdc3fd6136a191abe76973860c621c17b47c3a0a14b89a6a20ebfa22a1,gx-no-cache=1525451275058 HTTP/1.1" 200 74
186.103.159.187 - - [04/May/2018:13:28:57 -0300] "POST /cormun/servlet/solicitudot?gx-no-cache=1525454954458 HTTP/1.1" 200 1351
186.103.159.187 - - [04/May/2018:13:28:57 -0300] "POST /cormun/servlet/solicitudot?gx-no-cache=1525454954548 HTTP/1.1" 200 1249
186.103.159.187 - - [04/May/2018:13:28:57 -0300] "GET /cormun/servlet/solicitudot?903c19f30b81a9c09ccb580a0b2f938203aa5ea6162ec05b1e16129112520d65d7a619825bad0819e30828e637cf88eb,gx-no-cache=1525454954627 HTTP/1.1" 200 134
186.103.159.187 - - [04/May/2018:13:28:57 -0300] "POST /cormun/servlet/solicitudot?gx-no-cache=1525454954702 HTTP/1.1" 200 30
186.103.159.46 - - [04/May/2018:13:29:08 -0300] "GET /cormun/static/menuarrow.gif HTTP/1.1" 404 1015
186.103.159.46 - - [04/May/2018:13:29:16 -0300] "GET /cormun/servlet/permisogoce?4b20b564943c37c5392a2f954f0550eba53964e7f0de65aae34333f462e1f35c22239c737cdece669e97e8eb9a8fee5001796625ee7e9c845eaaf62f5e999a3e,gx-no-cache=1525451298704 HTTP/1.1" 200 46
186.103.159.46 - - [04/May/2018:13:29:47 -0300] "POST /cormun/servlet/permisogoce?328befd22515e52ca4ab9ebb76402c18,INS,0,,,,gx-no-cache=1525451329431 HTTP/1.1" 200 93
186.103.159.46 - - [04/May/2018:13:29:47 -0300] "GET /cormun/servlet/hpexe_return? HTTP/1.1" 200 1010
186.103.159.46 - - [04/May/2018:13:29:48 -0300] "GET /cormun/servlet/trpermisosgoce HTTP/1.1" 200 13928
186.103.159.46 - - [04/May/2018:13:29:50 -0300] "GET /cormun/servlet/trpermisosgoce HTTP/1.1" 200 13917
186.103.159.46 - - [04/May/2018:13:29:57 -0300] "GET /cormun/servlet/apermisogoceprn?7650750,P,20180504132526,PU HTTP/1.1" 200 1658
186.103.159.46 - - [04/May/2018:13:30:21 -0300] "GET /cormun/servlet/permisogoce?INS,0,,, HTTP/1.1" 200 6805
186.103.159.46 - - [04/May/2018:13:30:22 -0300] "GET /cormun/servlet/permisogoce?INS,0,,, HTTP/1.1" 200 6805
186.103.159.187 - - [04/May/2018:13:30:38 -0300] "POST /cormun/servlet/solicitudot?2725c3051262740f0ce1ca44d27d84e6,INS,0,0,,gx-no-cache=1525455055142 HTTP/1.1" 200 93
186.103.159.187 - - [04/May/2018:13:30:38 -0300] "GET /cormun/servlet/hpexe_return? HTTP/1.1" 200 1006
186.103.159.187 - - [04/May/2018:13:30:39 -0300] "GET /cormun/servlet/trsolicitudot HTTP/1.1" 200 8517
186.103.159.187 - - [04/May/2018:13:30:40 -0300] "GET /cormun/servlet/trsolicitudot HTTP/1.1" 200 8513
186.103.159.46 - - [04/May/2018:13:30:45 -0300] "GET /cormun/servlet/permisogoce?4b20b564943c37c5392a2f954f0550eb8566684380435f94d6f6000fb7fc7dfcb8613995989401267a4fac8e624f41860f2bc1f0a41239d3ea217a34ad2c2591,gx-no-cache=1525451386958 HTTP/1.1" 200 87
186.103.159.187 - - [04/May/2018:13:30:45 -0300] "GET /cormun/servlet/solicitudot?INS,0,0, HTTP/1.1" 200 13382
186.103.159.187 - - [04/May/2018:13:30:46 -0300] "GET /cormun/servlet/solicitudot?INS,0,0, HTTP/1.1" 200 13387
186.103.159.46 - - [04/May/2018:13:30:54 -0300] "GET /cormun/static/menuarrow.gif HTTP/1.1" 404 1015
186.103.159.187 - - [04/May/2018:13:31:03 -0300] "POST /cormun/servlet/solicitudot?gx-no-cache=1525455080835 HTTP/1.1" 200 3376
186.103.159.187 - - [04/May/2018:13:31:04 -0300] "POST /cormun/servlet/solicitudot?2725c3051262740f0ce1ca44d27d84e6,INS,0,0,,gx-no-cache=1525455081018 HTTP/1.1" 200 10354
186.103.159.46 - - [04/May/2018:13:31:12 -0300] "GET /cormun/servlet/permisogoce?4b20b564943c37c5392a2f954f0550eb077347cdc24c03b186bc6da5fca9571a963b00c1e09bf886f8a01ec2d61e95852c3774ab45ff116b3e8c3bcd20d9a918,gx-no-cache=1525451413924 HTTP/1.1" 200 46
186.103.159.187 - - [04/May/2018:13:31:16 -0300] "GET /cormun/servlet/solicitudot?903c19f30b81a9c09ccb580a0b2f9382554392d735ce71fdfba025de4dd3b0cbb649103659b59d51fec57e3977aaff67,gx-no-cache=1525455092964 HTTP/1.1" 200 30
186.103.159.187 - - [04/May/2018:13:31:16 -0300] "GET /cormun/servlet/solicitudot?903c19f30b81a9c09ccb580a0b2f938226dd9635cde16484cdf673d2a044b594e4cb10e968a3bc7041210128bbcb3687,gx-no-cache=1525455093028 HTTP/1.1" 200 103
186.103.159.187 - - [04/May/2018:13:31:16 -0300] "GET /cormun/static/Shared/jqueryui/images/ui-bg_highlight-soft_100_c6c2c8_1x100.png HTTP/1.1" 404 1117
186.103.159.187 - - [04/May/2018:13:31:16 -0300] "GET /cormun/static/Shared/jqueryui/images/ui-icons_82798d_256x240.png HTTP/1.1" 404 1089
186.103.159.187 - - [04/May/2018:13:31:16 -0300] "GET /cormun/static/Shared/jqueryui/images/ui-bg_flat_55_994d53_40x100.png HTTP/1.1" 404 1097
186.103.159.187 - - [04/May/2018:13:31:16 -0300] "GET /cormun/static/Shared/jqueryui/images/ui-icons_ebccce_256x240.png HTTP/1.1" 404 1089
186.103.159.187 - - [04/May/2018:13:31:16 -0300] "GET /cormun/servlet/solicitudot?903c19f30b81a9c09ccb580a0b2f9382c8badcc9456fd61e6b725ed301552638,gx-no-cache=1525455093107 HTTP/1.1" 200 51
186.103.159.187 - - [04/May/2018:13:31:16 -0300] "POST /cormun/servlet/solicitudot?gx-no-cache=1525455093150 HTTP/1.1" 200 255
186.103.159.187 - - [04/May/2018:13:31:16 -0300] "GET /cormun/servlet/solicitudot?903c19f30b81a9c09ccb580a0b2f938286f9c73e27a1c29c419aec2e5ae8ede277d50e64ef6f317a4358c63f2497a07401c89673644d3f3c1b4522e0bb1531d398c94fbdbaedc616eee35d9c2f50634384b4a71b69093dfbb95d89b970459d4e5fcccf873b3c3f912b7f7ae293f08be107beab8f96f637a9f2ef999a86efde56cd06d82dd358064f999ee00798e767f213f3efefbf3977618008ed9cbf3cde1eb67bb1b4fea1644eaff70722309fde5fc046ad678719f95c5680e88900c17cc2cf58305868dbe9273ce80aaa29774cebd9fe89f90ab3415acbfd8ea8905c1e2c15905c75b491349cac33dc62482f635c7635799e053c016d7d45ca24732f5d74ef0bf74f46b7a0cf8928b0e10acb7dae264511068658f920dc8704f16f9dd744bac488dff7b330c02686cd6357c7279dd8e20ca582758aa247df2255943f171ff17284c2e7881e7742abc1d06031982a624e1409978296f5ce4bc21dae18b33d159cb2525d6fe61088e8f18f7dd400fe8d11c09a91f1b70e7d23a5378a432161,gx-no-cache=1525455093199 HTTP/1.1" 200 30
186.103.159.187 - - [04/May/2018:13:31:24 -0300] "POST /cormun/servlet/solicitudot?gx-no-cache=1525455101362 HTTP/1.1" 200 30
186.103.159.187 - - [04/May/2018:13:31:26 -0300] "GET /cormun/servlet/prcontratosol?9543879,,,,,MD,,gxPopupLevel%3D0%3B HTTP/1.1" 200 8064
190.100.93.40 - - [04/May/2018:13:31:34 -0300] "GET /cormun/servlet/trlicenciaspermisosadjuntos?15986634,20180504000000,L, HTTP/1.1" 200 6691
190.100.93.40 - - [04/May/2018:13:31:34 -0300] "GET /cormun/static/gxcfg.js?20177612163414 HTTP/1.1" 200 953
190.100.93.40 - - [04/May/2018:13:31:34 -0300] "GET /cormun/static/trlicenciaspermisosadjuntos.js?20177612163719 HTTP/1.1" 200 21036
190.100.93.40 - - [04/May/2018:13:31:34 -0300] "GET /cormun/servlet/trlicenciaspermisosadjuntos?15986634,20180504000000,L, HTTP/1.1" 200 6696
190.100.93.40 - - [04/May/2018:13:31:36 -0300] "GET /cormun/servlet/licenciaspermisosadjuntos?INS,15986634,L,20180504000000,, HTTP/1.1" 200 5987
190.100.93.40 - - [04/May/2018:13:31:36 -0300] "GET /cormun/static/gxcfg.js?2017761263592 HTTP/1.1" 200 953
190.100.93.40 - - [04/May/2018:13:31:36 -0300] "GET /cormun/static/licenciaspermisosadjuntos.js?201776126362 HTTP/1.1" 200 8760
190.100.93.40 - - [04/May/2018:13:31:36 -0300] "GET /cormun/static/about:blank HTTP/1.1" 404 1011
190.100.93.40 - - [04/May/2018:13:31:36 -0300] "GET /cormun/servlet/licenciaspermisosadjuntos?INS,15986634,L,20180504000000,, HTTP/1.1" 200 5976
186.103.159.46 - - [04/May/2018:13:31:42 -0300] "POST /cormun/servlet/permisogoce?328befd22515e52ca4ab9ebb76402c18,INS,0,,,,gx-no-cache=1525451444325 HTTP/1.1" 200 93
186.103.159.46 - - [04/May/2018:13:31:42 -0300] "GET /cormun/servlet/hpexe_return? HTTP/1.1" 200 1010
186.103.159.46 - - [04/May/2018:13:31:43 -0300] "GET /cormun/servlet/trpermisosgoce HTTP/1.1" 200 14154
186.103.159.46 - - [04/May/2018:13:31:45 -0300] "GET /cormun/servlet/trpermisosgoce HTTP/1.1" 200 14144
190.100.93.40 - - [04/May/2018:13:31:45 -0300] "POST /cormun/servlet/licenciaspermisosadjuntos?fa74c4da8a2547dcdc124d57b2922af2,INS,15986634,L,20180504000000,, HTTP/1.1" 200 116
190.100.93.40 - - [04/May/2018:13:31:45 -0300] "GET /cormun/servlet/hpexe_return? HTTP/1.1" 200 1038
190.100.93.40 - - [04/May/2018:13:31:46 -0300] "GET /cormun/servlet/trlicenciaspermisosadjuntos?15986634,20180504000000,L, HTTP/1.1" 200 7229
190.100.93.40 - - [04/May/2018:13:31:46 -0300] "GET /cormun/servlet/trlicenciaspermisosadjuntos?15986634,20180504000000,L, HTTP/1.1" 200 7227
190.100.93.40 - - [04/May/2018:13:31:51 -0300] "POST /cormun/servlet/trlicenciaspermisosadjuntos?fa74c4da8a2547dcdc124d57b2922af2,15986634,20180504000000,L,,gx-no-cache=1525451454382 HTTP/1.1" 200 90
190.100.93.40 - - [04/May/2018:13:31:51 -0300] "GET /cormun/servlet/hpexe_link HTTP/1.1" 200 981
190.100.93.40 - - [04/May/2018:13:31:51 -0300] "GET /cormun/servlet/trlicencias HTTP/1.1" 200 10892
190.100.93.40 - - [04/May/2018:13:31:51 -0300] "GET /cormun/servlet/trlicencias HTTP/1.1" 200 10890
186.103.159.46 - - [04/May/2018:13:31:54 -0300] "GET /cormun/servlet/apermisogoceprn?17235429,P,20180504132716,PU HTTP/1.1" 200 1644
186.103.159.187 - - [04/May/2018:13:31:59 -0300] "POST /cormun/servlet/solicitudot?gx-no-cache=1525455136476 HTTP/1.1" 200 1369
186.103.159.187 - - [04/May/2018:13:31:59 -0300] "POST /cormun/servlet/solicitudot?gx-no-cache=1525455136593 HTTP/1.1" 200 38
186.103.159.187 - - [04/May/2018:13:31:59 -0300] "GET /cormun/servlet/solicitudot?903c19f30b81a9c09ccb580a0b2f9382e7f4805d3ea623e87ba0b5258cd441c30655fc3669380321add54b4906df476e779bdcca68a73243b04e3f2c7c461b26b1f4e784efa3d7c981742aeccba80d8304034daf31dd33e446de97216c261d42fefcfc4511bc25eeeb257588e668a03c57fe2c8ac7c541f8caf1e85059afc4d4bbf426c4e1e3643c70a1819b994fafd8212769e3da0d65a67784e8b5b2b84fb0,gx-no-cache=1525455136639 HTTP/1.1" 200 29
186.103.159.187 - - [04/May/2018:13:31:59 -0300] "POST /cormun/servlet/solicitudot?gx-no-cache=1525455136680 HTTP/1.1" 200 1351
186.103.159.187 - - [04/May/2018:13:31:59 -0300] "POST /cormun/servlet/solicitudot?gx-no-cache=1525455136830 HTTP/1.1" 200 1249
186.103.159.187 - - [04/May/2018:13:31:59 -0300] "GET /cormun/servlet/solicitudot?903c19f30b81a9c09ccb580a0b2f9382f432bb555c5512d05b87c98ac146a5dad7a619825bad0819e30828e637cf88eb,gx-no-cache=1525455136888 HTTP/1.1" 200 134
186.103.159.187 - - [04/May/2018:13:32:07 -0300] "GET /cormun/servlet/prcontratosol?9543879,,,,,MD,,gxPopupLevel%3D0%3B HTTP/1.1" 200 8064
186.103.159.187 - - [04/May/2018:13:32:14 -0300] "POST /cormun/servlet/solicitudot?gx-no-cache=1525455151704 HTTP/1.1" 200 1369
186.103.159.187 - - [04/May/2018:13:32:14 -0300] "POST /cormun/servlet/solicitudot?gx-no-cache=1525455151779 HTTP/1.1" 200 41
186.103.159.187 - - [04/May/2018:13:32:14 -0300] "POST /cormun/servlet/solicitudot?gx-no-cache=1525455151825 HTTP/1.1" 200 1351
186.103.159.187 - - [04/May/2018:13:32:14 -0300] "POST /cormun/servlet/solicitudot?gx-no-cache=1525455151881 HTTP/1.1" 200 1249
186.103.159.187 - - [04/May/2018:13:32:15 -0300] "GET /cormun/servlet/solicitudot?903c19f30b81a9c09ccb580a0b2f938211771a8f5459a7e358da1424ba5042e8d7a619825bad0819e30828e637cf88eb,gx-no-cache=1525455151935 HTTP/1.1" 200 134
186.103.159.187 - - [04/May/2018:13:32:22 -0300] "GET /cormun/servlet/prcontratosol?9543879,,,,,MD,,gxPopupLevel%3D0%3B HTTP/1.1" 200 8064
186.103.159.187 - - [04/May/2018:13:32:33 -0300] "POST /cormun/servlet/solicitudot?gx-no-cache=1525455170336 HTTP/1.1" 200 1369
186.103.159.187 - - [04/May/2018:13:32:33 -0300] "POST /cormun/servlet/solicitudot?gx-no-cache=1525455170418 HTTP/1.1" 200 41
186.103.159.187 - - [04/May/2018:13:32:33 -0300] "POST /cormun/servlet/solicitudot?gx-no-cache=1525455170458 HTTP/1.1" 200 1351
186.103.159.187 - - [04/May/2018:13:32:33 -0300] "POST /cormun/servlet/solicitudot?gx-no-cache=1525455170527 HTTP/1.1" 200 1249
186.103.159.187 - - [04/May/2018:13:32:33 -0300] "GET /cormun/servlet/solicitudot?903c19f30b81a9c09ccb580a0b2f9382f432bb555c5512d05b87c98ac146a5dad7a619825bad0819e30828e637cf88eb,gx-no-cache=1525455170591 HTTP/1.1" 200 134
186.103.159.187 - - [04/May/2018:13:32:43 -0300] "GET /cormun/static/menuarrow.gif HTTP/1.1" 404 1015
46.174.191.29 - - [04/May/2018:13:32:55 -0300] "GET / HTTP/1.0" 200 11197
186.103.159.187 - - [04/May/2018:13:33:57 -0300] "POST /cormun/servlet/solicitudot?gx-no-cache=1525455254136 HTTP/1.1" 200 30
186.103.159.187 - - [04/May/2018:13:33:57 -0300] "POST /cormun/servlet/solicitudot?gx-no-cache=1525455254290 HTTP/1.1" 200 1369
186.103.159.187 - - [04/May/2018:13:33:57 -0300] "POST /cormun/servlet/solicitudot?gx-no-cache=1525455254477 HTTP/1.1" 200 41
186.103.159.187 - - [04/May/2018:13:34:11 -0300] "POST /cormun/servlet/solicitudot?gx-no-cache=1525455267963 HTTP/1.1" 200 1350
186.103.159.187 - - [04/May/2018:13:34:11 -0300] "POST /cormun/servlet/solicitudot?gx-no-cache=1525455268036 HTTP/1.1" 200 1249
186.103.159.187 - - [04/May/2018:13:34:11 -0300] "GET /cormun/servlet/solicitudot?903c19f30b81a9c09ccb580a0b2f938261f2246ef52f2e5108ba63d0a358d7e1d7a619825bad0819e30828e637cf88eb,gx-no-cache=1525455268093 HTTP/1.1" 200 30
186.103.159.46 - - [04/May/2018:13:34:40 -0300] "GET /cormun/servlet/permisogoce?INS,0,,, HTTP/1.1" 200 6805
186.103.159.46 - - [04/May/2018:13:34:42 -0300] "GET /cormun/servlet/permisogoce?INS,0,,, HTTP/1.1" 200 6805
186.103.159.187 - - [04/May/2018:13:34:46 -0300] "POST /cormun/servlet/solicitudot?gx-no-cache=1525455303364 HTTP/1.1" 200 1350
186.103.159.187 - - [04/May/2018:13:34:46 -0300] "POST /cormun/servlet/solicitudot?gx-no-cache=1525455303490 HTTP/1.1" 200 1249
186.103.159.187 - - [04/May/2018:13:34:51 -0300] "POST /cormun/servlet/solicitudot?gx-no-cache=1525455308178 HTTP/1.1" 200 1350
186.103.159.187 - - [04/May/2018:13:34:51 -0300] "POST /cormun/servlet/solicitudot?gx-no-cache=1525455308240 HTTP/1.1" 200 1249
186.103.159.46 - - [04/May/2018:13:35:01 -0300] "GET /cormun/servlet/permisogoce?4b20b564943c37c5392a2f954f0550eb72b9544fd1afbc40b20338ae33080331b8613995989401267a4fac8e624f41860f2bc1f0a41239d3ea217a34ad2c2591,gx-no-cache=1525451643460 HTTP/1.1" 200 84
186.103.159.46 - - [04/May/2018:13:35:08 -0300] "GET /cormun/static/menuarrow.gif HTTP/1.1" 404 1015
186.103.159.46 - - [04/May/2018:13:35:26 -0300] "GET /cormun/servlet/permisogoce?4b20b564943c37c5392a2f954f0550eb3f48667ab5c5e2a2da68ff813e42d40b14a04037fa5eb9fa3f0615b4f7e36f9662763a57c9d0679a666c6bdfb85c7c3b,gx-no-cache=1525451668388 HTTP/1.1" 200 48
186.103.159.46 - - [04/May/2018:13:35:52 -0300] "POST /cormun/servlet/permisogoce?328befd22515e52ca4ab9ebb76402c18,INS,0,,,,gx-no-cache=1525451694334 HTTP/1.1" 200 93
186.103.159.46 - - [04/May/2018:13:35:52 -0300] "GET /cormun/servlet/hpexe_return? HTTP/1.1" 200 1010
186.103.159.46 - - [04/May/2018:13:35:53 -0300] "GET /cormun/servlet/trpermisosgoce HTTP/1.1" 200 14353
186.103.159.46 - - [04/May/2018:13:35:55 -0300] "GET /cormun/servlet/trpermisosgoce HTTP/1.1" 200 14365
186.103.159.46 - - [04/May/2018:13:36:06 -0300] "GET /cormun/servlet/apermisogoceprn?12366021,P,20180504133136,PU HTTP/1.1" 200 1655
186.103.159.187 - - [04/May/2018:13:36:15 -0300] "POST /cormun/servlet/solicitudot?gx-no-cache=1525455392368 HTTP/1.1" 200 137
186.103.159.183 - - [04/May/2018:13:37:04 -0300] "GET /cormun/servlet/hlogin HTTP/1.1" 200 1720
186.103.159.183 - - [04/May/2018:13:38:53 -0300] "POST /cormun/servlet/hlogin?bb286e2d56dda96b1b83bf4c9a69876f,gx-no-cache=1525451876176 HTTP/1.1" 200 90
186.103.159.183 - - [04/May/2018:13:38:53 -0300] "GET /cormun/servlet/hpexe_link HTTP/1.1" 200 957
186.103.159.183 - - [04/May/2018:13:38:53 -0300] "GET /cormun/servlet/trpermisosgoce HTTP/1.1" 200 8942
200.111.191.210 - - [04/May/2018:13:38:53 -0300] "GET /cormun/servlet/hlogin HTTP/1.1" 200 1739
186.103.159.183 - - [04/May/2018:13:38:54 -0300] "GET /cormun/static/Shared/ext/ext-all.js HTTP/1.1" 200 1289687
186.103.159.183 - - [04/May/2018:13:38:54 -0300] "GET /cormun/servlet/trpermisosgoce HTTP/1.1" 200 8941
186.103.159.183 - - [04/May/2018:13:38:59 -0300] "GET /cormun/servlet/trpermisosadjuntos?13096500,20180504131752,P, HTTP/1.1" 200 6244
186.103.159.183 - - [04/May/2018:13:38:59 -0300] "GET /cormun/static/Resources/Spanish/PXTools.css?17315867 HTTP/1.1" 200 89042
186.103.159.183 - - [04/May/2018:13:38:59 -0300] "GET /cormun/static/gxcfg.js?201762817193957 HTTP/1.1" 200 953
186.103.159.183 - - [04/May/2018:13:38:59 -0300] "GET /cormun/static/trpermisosadjuntos.js?201762817194366 HTTP/1.1" 200 20158
186.103.159.183 - - [04/May/2018:13:39:00 -0300] "GET /cormun/static/Shared/ext/ext-all.js HTTP/1.1" 200 1289687
186.103.159.183 - - [04/May/2018:13:39:00 -0300] "GET /cormun/servlet/trpermisosadjuntos?13096500,20180504131752,P, HTTP/1.1" 200 6243
186.103.159.187 - - [04/May/2018:13:39:52 -0300] "POST /cormun/servlet/solicitudot?gx-no-cache=1525455609649 HTTP/1.1" 200 33
186.103.159.187 - - [04/May/2018:13:39:52 -0300] "POST /cormun/servlet/solicitudot?2725c3051262740f0ce1ca44d27d84e6,INS,0,0,,gx-no-cache=1525455609752 HTTP/1.1" 200 11780
186.103.159.187 - - [04/May/2018:13:40:11 -0300] "GET /cormun/servlet/solicitudot?903c19f30b81a9c09ccb580a0b2f9382cf7c9537add55f90af724905e9cfe78ba3bba0bc56e9631b557a0188f6472a94ff6626c7aeb5ccbaf30ff4764a3b9be8,gx-no-cache=1525455628377 HTTP/1.1" 200 30
186.103.159.187 - - [04/May/2018:13:40:11 -0300] "POST /cormun/servlet/solicitudot?gx-no-cache=1525455628436 HTTP/1.1" 200 256
186.103.159.187 - - [04/May/2018:13:40:11 -0300] "GET /cormun/servlet/solicitudot?903c19f30b81a9c09ccb580a0b2f938286f9c73e27a1c29c419aec2e5ae8ede277d50e64ef6f317a4358c63f2497a07401c89673644d3f3c1b4522e0bb1531d398c94fbdbaedc616eee35d9c2f50634384b4a71b69093dfbb95d89b970459d4e5fcccf873b3c3f912b7f7ae293f08be107beab8f96f637a9f2ef999a86efde56cd06d82dd358064f999ee00798e767f213f3efefbf3977618008ed9cbf3cde1eb67bb1b4fea1644eaff70722309fde5fc046ad678719f95c5680e88900c17cc2cf58305868dbe9273ce80aaa29774cebd9fe89f90ab3415acbfd8ea8905c1e2c15905c75b491349cac33dc62482f635c7635799e053c016d7d45ca24732f5d74ef0bf74f46b7a0cf8928b0e10acb7dae264511068658f920dc8704f16f9dd744bac488dff7b330c02686cd6357c7279dd8e20ca582758aa247df2255943f171ff17284c2e7881e7742abc1d06031982a624e1409978296f5ce4bc21dae18b33d159cb2525d6fe61088e8f18f7dd400fe9d1a9ef9a9dec8520395cd448ea6c059,gx-no-cache=1525455628483 HTTP/1.1" 200 30
186.103.159.187 - - [04/May/2018:13:40:11 -0300] "POST /cormun/servlet/solicitudot?gx-no-cache=1525455628819 HTTP/1.1" 200 30
186.103.159.187 - - [04/May/2018:13:40:11 -0300] "POST /cormun/servlet/solicitudot?gx-no-cache=1525455628862 HTTP/1.1" 200 1368
186.103.159.187 - - [04/May/2018:13:40:12 -0300] "POST /cormun/servlet/solicitudot?gx-no-cache=1525455628930 HTTP/1.1" 200 41
186.103.159.187 - - [04/May/2018:13:40:12 -0300] "POST /cormun/servlet/solicitudot?gx-no-cache=1525455628970 HTTP/1.1" 200 1350
186.103.159.187 - - [04/May/2018:13:40:12 -0300] "POST /cormun/servlet/solicitudot?gx-no-cache=1525455629024 HTTP/1.1" 200 1249
186.103.159.187 - - [04/May/2018:13:40:12 -0300] "GET /cormun/servlet/solicitudot?903c19f30b81a9c09ccb580a0b2f938261f2246ef52f2e5108ba63d0a358d7e1d7a619825bad0819e30828e637cf88eb,gx-no-cache=1525455629073 HTTP/1.1" 200 30
186.103.159.187 - - [04/May/2018:13:40:12 -0300] "POST /cormun/servlet/solicitudot?gx-no-cache=1525455629106 HTTP/1.1" 200 33
186.103.159.187 - - [04/May/2018:13:40:12 -0300] "POST /cormun/servlet/solicitudot?2725c3051262740f0ce1ca44d27d84e6,INS,0,0,,gx-no-cache=1525455629196 HTTP/1.1" 200 11833
186.103.159.183 - - [04/May/2018:13:40:20 -0300] "GET /cormun/servlet/permisosadjuntos?INS,13096500,P,20180504131752,, HTTP/1.1" 200 5569
186.103.159.183 - - [04/May/2018:13:40:21 -0300] "GET /cormun/static/gxcfg.js?201762717441171 HTTP/1.1" 200 953
186.103.159.183 - - [04/May/2018:13:40:21 -0300] "GET /cormun/static/permisosadjuntos.js?201762717441184 HTTP/1.1" 200 8724
186.103.159.183 - - [04/May/2018:13:40:21 -0300] "GET /cormun/static/about:blank HTTP/1.1" 404 1011
186.103.159.183 - - [04/May/2018:13:40:21 -0300] "GET /cormun/static/Shared/ext/ext-all.js HTTP/1.1" 200 1289687
186.103.159.183 - - [04/May/2018:13:40:22 -0300] "GET /cormun/servlet/permisosadjuntos?INS,13096500,P,20180504131752,, HTTP/1.1" 200 5559
186.103.159.187 - - [04/May/2018:13:40:32 -0300] "GET /cormun/servlet/solicitudot?903c19f30b81a9c09ccb580a0b2f9382fbc437bc54d9c35d7cfa4c1b1d77f075a3b5c194681f6b36ac2bb13559fc98f9f270a4e97bfa02590280ebc9c664dfcc,gx-no-cache=1525455649609 HTTP/1.1" 200 103
186.103.159.187 - - [04/May/2018:13:40:32 -0300] "POST /cormun/servlet/solicitudot?gx-no-cache=1525455649678 HTTP/1.1" 200 256
186.103.159.187 - - [04/May/2018:13:40:33 -0300] "GET /cormun/servlet/solicitudot?903c19f30b81a9c09ccb580a0b2f938286f9c73e27a1c29c419aec2e5ae8ede277d50e64ef6f317a4358c63f2497a07401c89673644d3f3c1b4522e0bb1531d398c94fbdbaedc616eee35d9c2f50634384b4a71b69093dfbb95d89b970459d4e5fcccf873b3c3f912b7f7ae293f08be107beab8f96f637a9f2ef999a86efde56cd06d82dd358064f999ee00798e767f213f3efefbf3977618008ed9cbf3cde1eb67bb1b4fea1644eaff70722309fde5fc046ad678719f95c5680e88900c17cc2cf58305868dbe9273ce80aaa29774cebd9fe89f90ab3415acbfd8ea8905c1e2c15905c75b491349cac33dc62482f635c7635799e053c016d7d45ca24732f5d74ef0bf74f46b7a0cf8928b0e10acb7dae264511068658f920dc8704f16f9dd744bac488dff7b330c02686cd6357c7279dd8e20ca582758aa247df2255943f171ff17284c2e7881e7742abc1d06031982a624e1409978296f5ce4bc21dae18b33d159cb2525d6fe61088e8f18f7dd400fe9d1a9ef9a9dec8520395cd448ea6c059,gx-no-cache=1525455649725 HTTP/1.1" 200 30
186.103.159.187 - - [04/May/2018:13:40:33 -0300] "POST /cormun/servlet/solicitudot?gx-no-cache=1525455650058 HTTP/1.1" 200 30
186.103.159.187 - - [04/May/2018:13:40:33 -0300] "POST /cormun/servlet/solicitudot?gx-no-cache=1525455650104 HTTP/1.1" 200 1368
186.103.159.187 - - [04/May/2018:13:40:33 -0300] "POST /cormun/servlet/solicitudot?gx-no-cache=1525455650196 HTTP/1.1" 200 41
186.103.159.187 - - [04/May/2018:13:40:33 -0300] "POST /cormun/servlet/solicitudot?gx-no-cache=1525455650238 HTTP/1.1" 200 1350
186.103.159.187 - - [04/May/2018:13:40:33 -0300] "POST /cormun/servlet/solicitudot?gx-no-cache=1525455650323 HTTP/1.1" 200 1249
186.103.159.187 - - [04/May/2018:13:40:33 -0300] "GET /cormun/servlet/solicitudot?903c19f30b81a9c09ccb580a0b2f938261f2246ef52f2e5108ba63d0a358d7e1d7a619825bad0819e30828e637cf88eb,gx-no-cache=1525455650381 HTTP/1.1" 200 30
186.103.159.187 - - [04/May/2018:13:40:33 -0300] "POST /cormun/servlet/solicitudot?gx-no-cache=1525455650416 HTTP/1.1" 200 33
186.103.159.187 - - [04/May/2018:13:40:33 -0300] "POST /cormun/servlet/solicitudot?2725c3051262740f0ce1ca44d27d84e6,INS,0,0,,gx-no-cache=1525455650474 HTTP/1.1" 200 11881
186.103.159.183 - - [04/May/2018:13:40:38 -0300] "POST /cormun/servlet/permisosadjuntos?bb286e2d56dda96b1b83bf4c9a69876f,INS,13096500,P,20180504131752,, HTTP/1.1" 200 116
186.103.159.183 - - [04/May/2018:13:40:38 -0300] "GET /cormun/servlet/hpexe_return? HTTP/1.1" 200 1038
186.103.159.183 - - [04/May/2018:13:40:38 -0300] "GET /cormun/servlet/trpermisosadjuntos?13096500,20180504131752,P, HTTP/1.1" 200 6707
186.103.159.183 - - [04/May/2018:13:40:39 -0300] "GET /cormun/static/Shared/ext/ext-all.js HTTP/1.1" 200 1289687
186.103.159.183 - - [04/May/2018:13:40:40 -0300] "GET /cormun/PublicTempStorage/claudio_v384302214.pdf HTTP/1.1" 200 29405
186.103.159.183 - - [04/May/2018:13:40:40 -0300] "GET /cormun/servlet/trpermisosadjuntos?13096500,20180504131752,P, HTTP/1.1" 200 6703
186.103.159.183 - - [04/May/2018:13:40:44 -0300] "GET /cormun/servlet/trpermisosgoce? HTTP/1.1" 200 8941
186.103.159.183 - - [04/May/2018:13:40:44 -0300] "GET /cormun/static/Shared/ext/ext-all.js HTTP/1.1" 200 1289687
186.103.159.183 - - [04/May/2018:13:40:45 -0300] "GET /cormun/servlet/trpermisosgoce? HTTP/1.1" 200 8941
186.103.159.183 - - [04/May/2018:13:40:48 -0300] "POST /cormun/servlet/trpermisosgoce?bb286e2d56dda96b1b83bf4c9a69876f,,gx-no-cache=1525451991920 HTTP/1.1" 200 6166
186.103.159.183 - - [04/May/2018:13:40:49 -0300] "GET /cormun/static/Shared/jqueryui/images/ui-bg_highlight-soft_100_c6c2c8_1x100.png HTTP/1.1" 404 1117
186.103.159.183 - - [04/May/2018:13:40:49 -0300] "GET /cormun/static/Shared/jqueryui/images/ui-icons_82798d_256x240.png HTTP/1.1" 404 1089
186.103.159.183 - - [04/May/2018:13:40:49 -0300] "GET /cormun/static/Shared/jqueryui/images/ui-bg_flat_55_fafafa_40x100.png HTTP/1.1" 404 1097
186.103.159.183 - - [04/May/2018:13:40:49 -0300] "GET /cormun/static/Shared/jqueryui/images/ui-icons_8d78a5_256x240.png HTTP/1.1" 404 1089
186.103.159.187 - - [04/May/2018:13:41:03 -0300] "GET /cormun/servlet/solicitudot?903c19f30b81a9c09ccb580a0b2f9382fbc437bc54d9c35d7cfa4c1b1d77f075c9ef8689350c194284817a0178830f20d6cf4f44c9744c8816b38ee1cdf1c8f2,gx-no-cache=1525455680765 HTTP/1.1" 200 30
186.103.159.187 - - [04/May/2018:13:41:03 -0300] "POST /cormun/servlet/solicitudot?gx-no-cache=1525455680815 HTTP/1.1" 200 256
186.103.159.187 - - [04/May/2018:13:41:04 -0300] "GET /cormun/servlet/solicitudot?903c19f30b81a9c09ccb580a0b2f938286f9c73e27a1c29c419aec2e5ae8ede277d50e64ef6f317a4358c63f2497a07401c89673644d3f3c1b4522e0bb1531d398c94fbdbaedc616eee35d9c2f50634384b4a71b69093dfbb95d89b970459d4e5fcccf873b3c3f912b7f7ae293f08be107beab8f96f637a9f2ef999a86efde56cd06d82dd358064f999ee00798e767f213f3efefbf3977618008ed9cbf3cde1eb67bb1b4fea1644eaff70722309fde5fc046ad678719f95c5680e88900c17cc2cf58305868dbe9273ce80aaa29774cebd9fe89f90ab3415acbfd8ea8905c1e2c15905c75b491349cac33dc62482f635c7635799e053c016d7d45ca24732f5d74ef0bf74f46b7a0cf8928b0e10acb7dae264511068658f920dc8704f16f9dd744bac488dff7b330c02686cd6357c7279dd8e20ca582758aa247df2255943f171ff17284c2e7881e7742abc1d06031982a624e1409978296f5ce4bc21dae18b33d159cb2525d6fe61088e8f18f7dd400fe9d1a9ef9a9dec8520395cd448ea6c059,gx-no-cache=1525455680857 HTTP/1.1" 200 30
186.103.159.187 - - [04/May/2018:13:41:04 -0300] "POST /cormun/servlet/solicitudot?gx-no-cache=1525455681192 HTTP/1.1" 200 30
186.103.159.187 - - [04/May/2018:13:41:04 -0300] "POST /cormun/servlet/solicitudot?gx-no-cache=1525455681230 HTTP/1.1" 200 1368
186.103.159.187 - - [04/May/2018:13:41:04 -0300] "POST /cormun/servlet/solicitudot?gx-no-cache=1525455681314 HTTP/1.1" 200 41
186.103.159.187 - - [04/May/2018:13:41:04 -0300] "POST /cormun/servlet/solicitudot?gx-no-cache=1525455681352 HTTP/1.1" 200 1350
186.103.159.187 - - [04/May/2018:13:41:04 -0300] "POST /cormun/servlet/solicitudot?gx-no-cache=1525455681410 HTTP/1.1" 200 1249
186.103.159.187 - - [04/May/2018:13:41:04 -0300] "GET /cormun/servlet/solicitudot?903c19f30b81a9c09ccb580a0b2f938261f2246ef52f2e5108ba63d0a358d7e1d7a619825bad0819e30828e637cf88eb,gx-no-cache=1525455681461 HTTP/1.1" 200 30
186.103.159.187 - - [04/May/2018:13:41:04 -0300] "POST /cormun/servlet/solicitudot?gx-no-cache=1525455681495 HTTP/1.1" 200 33
186.103.159.187 - - [04/May/2018:13:41:04 -0300] "POST /cormun/servlet/solicitudot?2725c3051262740f0ce1ca44d27d84e6,INS,0,0,,gx-no-cache=1525455681554 HTTP/1.1" 200 11924
186.103.159.183 - - [04/May/2018:13:41:27 -0300] "GET /cormun/servlet/hlogin HTTP/1.1" 200 1737
186.103.159.187 - - [04/May/2018:13:41:43 -0300] "GET /cormun/servlet/solicitudot?903c19f30b81a9c09ccb580a0b2f9382fbc437bc54d9c35d7cfa4c1b1d77f075cc20c674b603ed3a6d1eea05f636c9927ab734bb1706eb6174544518b4aacd5d,gx-no-cache=1525455719941 HTTP/1.1" 200 30
186.103.159.187 - - [04/May/2018:13:41:43 -0300] "POST /cormun/servlet/solicitudot?gx-no-cache=1525455719983 HTTP/1.1" 200 256
186.103.159.187 - - [04/May/2018:13:41:43 -0300] "GET /cormun/servlet/solicitudot?903c19f30b81a9c09ccb580a0b2f938286f9c73e27a1c29c419aec2e5ae8ede277d50e64ef6f317a4358c63f2497a07401c89673644d3f3c1b4522e0bb1531d398c94fbdbaedc616eee35d9c2f50634384b4a71b69093dfbb95d89b970459d4e5fcccf873b3c3f912b7f7ae293f08be107beab8f96f637a9f2ef999a86efde56cd06d82dd358064f999ee00798e767f213f3efefbf3977618008ed9cbf3cde1eb67bb1b4fea1644eaff70722309fde5fc046ad678719f95c5680e88900c17cc2cf58305868dbe9273ce80aaa29774cebd9fe89f90ab3415acbfd8ea8905c1e2c15905c75b491349cac33dc62482f635c7635799e053c016d7d45ca24732f5d74ef0bf74f46b7a0cf8928b0e10acb7dae264511068658f920dc8704f16f9dd744bac488dff7b330c02686cd6357c7279dd8e20ca582758aa247df2255943f171ff17284c2e7881e7742abc1d06031982a624e1409978296f5ce4bc21dae18b33d159cb2525d6fe61088e8f18f7dd400fe9d1a9ef9a9dec8520395cd448ea6c059,gx-no-cache=1525455720028 HTTP/1.1" 200 30
186.103.159.187 - - [04/May/2018:13:41:43 -0300] "POST /cormun/servlet/solicitudot?gx-no-cache=1525455720067 HTTP/1.1" 200 30
186.103.159.187 - - [04/May/2018:13:41:43 -0300] "POST /cormun/servlet/solicitudot?gx-no-cache=1525455720108 HTTP/1.1" 200 1368
186.103.159.187 - - [04/May/2018:13:41:43 -0300] "POST /cormun/servlet/solicitudot?gx-no-cache=1525455720172 HTTP/1.1" 200 41
186.103.159.187 - - [04/May/2018:13:41:43 -0300] "POST /cormun/servlet/solicitudot?gx-no-cache=1525455720214 HTTP/1.1" 200 1350
186.103.159.187 - - [04/May/2018:13:41:43 -0300] "POST /cormun/servlet/solicitudot?gx-no-cache=1525455720266 HTTP/1.1" 200 1249
186.103.159.187 - - [04/May/2018:13:41:43 -0300] "GET /cormun/servlet/solicitudot?903c19f30b81a9c09ccb580a0b2f938261f2246ef52f2e5108ba63d0a358d7e1d7a619825bad0819e30828e637cf88eb,gx-no-cache=1525455720314 HTTP/1.1" 200 30
186.103.159.187 - - [04/May/2018:13:41:43 -0300] "POST /cormun/servlet/solicitudot?gx-no-cache=1525455720347 HTTP/1.1" 200 33
186.103.159.187 - - [04/May/2018:13:41:43 -0300] "POST /cormun/servlet/solicitudot?2725c3051262740f0ce1ca44d27d84e6,INS,0,0,,gx-no-cache=1525455720411 HTTP/1.1" 200 12001
186.103.159.187 - - [04/May/2018:13:41:50 -0300] "GET /cormun/servlet/solicitudot?903c19f30b81a9c09ccb580a0b2f938226dd9635cde16484cdf673d2a044b594e4cb10e968a3bc7041210128bbcb3687,gx-no-cache=1525455727265 HTTP/1.1" 200 103
186.103.159.187 - - [04/May/2018:13:41:50 -0300] "POST /cormun/servlet/solicitudot?gx-no-cache=1525455727349 HTTP/1.1" 200 256
186.103.159.187 - - [04/May/2018:13:41:50 -0300] "GET /cormun/servlet/solicitudot?903c19f30b81a9c09ccb580a0b2f938286f9c73e27a1c29c419aec2e5ae8ede277d50e64ef6f317a4358c63f2497a07401c89673644d3f3c1b4522e0bb1531d398c94fbdbaedc616eee35d9c2f50634384b4a71b69093dfbb95d89b970459d4e5fcccf873b3c3f912b7f7ae293f08be107beab8f96f637a9f2ef999a86efde56cd06d82dd358064f999ee00798e767f213f3efefbf3977618008ed9cbf3cde1eb67bb1b4fea1644eaff70722309fde5fc046ad678719f95c5680e88900c17cc2cf58305868dbe9273ce80aaa29774cebd9fe89f90ab3415acbfd8ea8905c1e2c15905c75b491349cac33dc62482f635c7635799e053c016d7d45ca24732f5d74ef0bf74f46b7a0cf8928b0e10acb7dae264511068658f920dc8704f16f9dd744bac488dff7b330c02686cd6357c7279dd8e20ca582758aa247df2255943f171ff17284c2e7881e7742abc1d06031982a624e1409978296f5ce4bc21dae18b33d159cb2525d6fe61088e8f18f7dd400fe9d1a9ef9a9dec8520395cd448ea6c059,gx-no-cache=1525455727725 HTTP/1.1" 200 30
186.103.159.187 - - [04/May/2018:13:41:50 -0300] "POST /cormun/servlet/solicitudot?gx-no-cache=1525455727785 HTTP/1.1" 200 30
186.103.159.187 - - [04/May/2018:13:41:50 -0300] "POST /cormun/servlet/solicitudot?gx-no-cache=1525455727844 HTTP/1.1" 200 1368
186.103.159.187 - - [04/May/2018:13:41:51 -0300] "POST /cormun/servlet/solicitudot?gx-no-cache=1525455727956 HTTP/1.1" 200 41
186.103.159.187 - - [04/May/2018:13:41:51 -0300] "POST /cormun/servlet/solicitudot?gx-no-cache=1525455728025 HTTP/1.1" 200 1350
186.103.159.187 - - [04/May/2018:13:41:51 -0300] "POST /cormun/servlet/solicitudot?gx-no-cache=1525455728109 HTTP/1.1" 200 1249
186.103.159.187 - - [04/May/2018:13:41:51 -0300] "GET /cormun/servlet/solicitudot?903c19f30b81a9c09ccb580a0b2f938261f2246ef52f2e5108ba63d0a358d7e1d7a619825bad0819e30828e637cf88eb,gx-no-cache=1525455728157 HTTP/1.1" 200 30
186.103.159.187 - - [04/May/2018:13:41:51 -0300] "POST /cormun/servlet/solicitudot?gx-no-cache=1525455728190 HTTP/1.1" 200 33
186.103.159.187 - - [04/May/2018:13:41:51 -0300] "POST /cormun/servlet/solicitudot?2725c3051262740f0ce1ca44d27d84e6,INS,0,0,,gx-no-cache=1525455728250 HTTP/1.1" 200 12069
190.100.93.40 - - [04/May/2018:13:42:05 -0300] "POST /cormun/servlet/trlicencias?fa74c4da8a2547dcdc124d57b2922af2,gx-no-cache=1525452068461 HTTP/1.1" 200 7939
190.100.93.40 - - [04/May/2018:13:42:05 -0300] "GET /cormun/static/Shared/jqueryui/images/ui-bg_highlight-soft_100_c6c2c8_1x100.png HTTP/1.1" 404 1117
190.100.93.40 - - [04/May/2018:13:42:05 -0300] "GET /cormun/static/Shared/jqueryui/images/ui-icons_82798d_256x240.png HTTP/1.1" 404 1089
190.100.93.40 - - [04/May/2018:13:42:05 -0300] "GET /cormun/static/Shared/jqueryui/images/ui-bg_flat_55_fafafa_40x100.png HTTP/1.1" 404 1097
190.100.93.40 - - [04/May/2018:13:42:05 -0300] "GET /cormun/static/Shared/jqueryui/images/ui-icons_8d78a5_256x240.png HTTP/1.1" 404 1089
186.103.159.187 - - [04/May/2018:13:42:24 -0300] "GET /cormun/servlet/solicitudot?903c19f30b81a9c09ccb580a0b2f9382fbc437bc54d9c35d7cfa4c1b1d77f075cc20c674b603ed3a6d1eea05f636c9927ab734bb1706eb6174544518b4aacd5d,gx-no-cache=1525455761861 HTTP/1.1" 200 30
186.103.159.187 - - [04/May/2018:13:42:24 -0300] "POST /cormun/servlet/solicitudot?gx-no-cache=1525455761905 HTTP/1.1" 200 256
186.103.159.187 - - [04/May/2018:13:42:25 -0300] "GET /cormun/servlet/solicitudot?903c19f30b81a9c09ccb580a0b2f938286f9c73e27a1c29c419aec2e5ae8ede277d50e64ef6f317a4358c63f2497a07401c89673644d3f3c1b4522e0bb1531d398c94fbdbaedc616eee35d9c2f50634384b4a71b69093dfbb95d89b970459d4e5fcccf873b3c3f912b7f7ae293f08be107beab8f96f637a9f2ef999a86efde56cd06d82dd358064f999ee00798e767f213f3efefbf3977618008ed9cbf3cde1eb67bb1b4fea1644eaff70722309fde5fc046ad678719f95c5680e88900c17cc2cf58305868dbe9273ce80aaa29774cebd9fe89f90ab3415acbfd8ea8905c1e2c15905c75b491349cac33dc62482f635c7635799e053c016d7d45ca24732f5d74ef0bf74f46b7a0cf8928b0e10acb7dae264511068658f920dc8704f16f9dd744bac488dff7b330c02686cd6357c7279dd8e20ca582758aa247df2255943f171ff17284c2e7881e7742abc1d06031982a624e1409978296f5ce4bc21dae18b33d159cb2525d6fe61088e8f18f7dd400fe9d1a9ef9a9dec8520395cd448ea6c059,gx-no-cache=1525455761949 HTTP/1.1" 200 30
186.103.159.187 - - [04/May/2018:13:42:25 -0300] "POST /cormun/servlet/solicitudot?gx-no-cache=1525455762285 HTTP/1.1" 200 30
186.103.159.187 - - [04/May/2018:13:42:25 -0300] "POST /cormun/servlet/solicitudot?gx-no-cache=1525455762325 HTTP/1.1" 200 1368
186.103.159.187 - - [04/May/2018:13:42:25 -0300] "POST /cormun/servlet/solicitudot?gx-no-cache=1525455762406 HTTP/1.1" 200 41
186.103.159.187 - - [04/May/2018:13:42:25 -0300] "POST /cormun/servlet/solicitudot?gx-no-cache=1525455762445 HTTP/1.1" 200 1350
186.103.159.187 - - [04/May/2018:13:42:25 -0300] "POST /cormun/servlet/solicitudot?gx-no-cache=1525455762502 HTTP/1.1" 200 1249
186.103.159.187 - - [04/May/2018:13:42:25 -0300] "GET /cormun/servlet/solicitudot?903c19f30b81a9c09ccb580a0b2f938261f2246ef52f2e5108ba63d0a358d7e1d7a619825bad0819e30828e637cf88eb,gx-no-cache=1525455762556 HTTP/1.1" 200 30
186.103.159.187 - - [04/May/2018:13:42:25 -0300] "POST /cormun/servlet/solicitudot?gx-no-cache=1525455762591 HTTP/1.1" 200 33
186.103.159.187 - - [04/May/2018:13:42:25 -0300] "POST /cormun/servlet/solicitudot?2725c3051262740f0ce1ca44d27d84e6,INS,0,0,,gx-no-cache=1525455762654 HTTP/1.1" 200 12119
192.168.10.58 - - [04/May/2018:13:42:39 -0300] "GET /cormun/servlet/hlogin HTTP/1.1" 200 1719
192.168.10.58 - - [04/May/2018:13:42:39 -0300] "GET /cormun/servlet/hlogin HTTP/1.1" 200 1725
192.168.10.58 - - [04/May/2018:13:42:41 -0300] "POST /cormun/servlet/hlogin?2261a875a1ae68793d7e4f8f8bd03e9c,gx-no-cache=1525451977035 HTTP/1.1" 200 90
192.168.10.58 - - [04/May/2018:13:42:41 -0300] "GET /cormun/servlet/hpexe_link HTTP/1.1" 200 945
192.168.10.58 - - [04/May/2018:13:42:41 -0300] "GET /cormun/servlet/hhome HTTP/1.1" 200 3834
192.168.10.58 - - [04/May/2018:13:42:42 -0300] "GET /cormun/servlet/hhome HTTP/1.1" 200 3831
192.168.10.58 - - [04/May/2018:13:42:46 -0300] "GET /cormun/servlet/trsolicitudgral? HTTP/1.1" 200 28331
186.103.159.187 - - [04/May/2018:13:42:47 -0300] "GET /cormun/servlet/solicitudot?903c19f30b81a9c09ccb580a0b2f9382fbc437bc54d9c35d7cfa4c1b1d77f075bfcd4dd29bc58267adf23028e8c1c72821e945500046e8ecf37a88948bc9d38e,gx-no-cache=1525455784037 HTTP/1.1" 200 30
186.103.159.187 - - [04/May/2018:13:42:47 -0300] "POST /cormun/servlet/solicitudot?gx-no-cache=1525455784170 HTTP/1.1" 200 256
186.103.159.187 - - [04/May/2018:13:42:47 -0300] "GET /cormun/servlet/solicitudot?903c19f30b81a9c09ccb580a0b2f938286f9c73e27a1c29c419aec2e5ae8ede277d50e64ef6f317a4358c63f2497a07401c89673644d3f3c1b4522e0bb1531d398c94fbdbaedc616eee35d9c2f50634384b4a71b69093dfbb95d89b970459d4e5fcccf873b3c3f912b7f7ae293f08be107beab8f96f637a9f2ef999a86efde56cd06d82dd358064f999ee00798e767f213f3efefbf3977618008ed9cbf3cde1eb67bb1b4fea1644eaff70722309fde5fc046ad678719f95c5680e88900c17cc2cf58305868dbe9273ce80aaa29774cebd9fe89f90ab3415acbfd8ea8905c1e2c15905c75b491349cac33dc62482f635c7635799e053c016d7d45ca24732f5d74ef0bf74f46b7a0cf8928b0e10acb7dae264511068658f920dc8704f16f9dd744bac488dff7b330c02686cd6357c7279dd8e20ca582758aa247df2255943f171ff17284c2e7881e7742abc1d06031982a624e1409978296f5ce4bc21dae18b33d159cb2525d6fe61088e8f18f7dd400fe9d1a9ef9a9dec8520395cd448ea6c059,gx-no-cache=1525455784267 HTTP/1.1" 200 30
186.103.159.187 - - [04/May/2018:13:42:47 -0300] "POST /cormun/servlet/solicitudot?gx-no-cache=1525455784369 HTTP/1.1" 200 30
192.168.10.58 - - [04/May/2018:13:42:47 -0300] "GET /cormun/servlet/trsolicitudgral? HTTP/1.1" 200 28329
186.103.159.187 - - [04/May/2018:13:42:48 -0300] "POST /cormun/servlet/solicitudot?gx-no-cache=1525455784492 HTTP/1.1" 200 1368
186.103.159.187 - - [04/May/2018:13:42:48 -0300] "POST /cormun/servlet/solicitudot?gx-no-cache=1525455785251 HTTP/1.1" 200 41
186.103.159.187 - - [04/May/2018:13:42:48 -0300] "POST /cormun/servlet/solicitudot?gx-no-cache=1525455785299 HTTP/1.1" 200 1350
186.103.159.187 - - [04/May/2018:13:42:48 -0300] "POST /cormun/servlet/solicitudot?gx-no-cache=1525455785376 HTTP/1.1" 200 1249
186.103.159.187 - - [04/May/2018:13:42:48 -0300] "GET /cormun/servlet/solicitudot?903c19f30b81a9c09ccb580a0b2f938261f2246ef52f2e5108ba63d0a358d7e1d7a619825bad0819e30828e637cf88eb,gx-no-cache=1525455785451 HTTP/1.1" 200 30
186.103.159.187 - - [04/May/2018:13:42:48 -0300] "POST /cormun/servlet/solicitudot?gx-no-cache=1525455785510 HTTP/1.1" 200 33
186.103.159.187 - - [04/May/2018:13:42:48 -0300] "POST /cormun/servlet/solicitudot?2725c3051262740f0ce1ca44d27d84e6,INS,0,0,,gx-no-cache=1525455785596 HTTP/1.1" 200 12167
186.103.159.187 - - [04/May/2018:13:43:30 -0300] "GET /cormun/servlet/solicitudot?903c19f30b81a9c09ccb580a0b2f9382fbc437bc54d9c35d7cfa4c1b1d77f075de1611b11bc8c458c966bacb02d77b2bd9adf37388213ec9007d2ea6cd86e78a,gx-no-cache=1525455827021 HTTP/1.1" 200 30
186.103.159.187 - - [04/May/2018:13:43:30 -0300] "POST /cormun/servlet/solicitudot?gx-no-cache=1525455827078 HTTP/1.1" 200 256
186.103.159.187 - - [04/May/2018:13:43:30 -0300] "GET /cormun/servlet/solicitudot?903c19f30b81a9c09ccb580a0b2f938286f9c73e27a1c29c419aec2e5ae8ede277d50e64ef6f317a4358c63f2497a07401c89673644d3f3c1b4522e0bb1531d398c94fbdbaedc616eee35d9c2f50634384b4a71b69093dfbb95d89b970459d4e5fcccf873b3c3f912b7f7ae293f08be107beab8f96f637a9f2ef999a86efde56cd06d82dd358064f999ee00798e767f213f3efefbf3977618008ed9cbf3cde1eb67bb1b4fea1644eaff70722309fde5fc046ad678719f95c5680e88900c17cc2cf58305868dbe9273ce80aaa29774cebd9fe89f90ab3415acbfd8ea8905c1e2c15905c75b491349cac33dc62482f635c7635799e053c016d7d45ca24732f5d74ef0bf74f46b7a0cf8928b0e10acb7dae264511068658f920dc8704f16f9dd744bac488dff7b330c02686cd6357c7279dd8e20ca582758aa247df2255943f171ff17284c2e7881e7742abc1d06031982a624e1409978296f5ce4bc21dae18b33d159cb2525d6fe61088e8f18f7dd400fe9d1a9ef9a9dec8520395cd448ea6c059,gx-no-cache=1525455827122 HTTP/1.1" 200 30
186.103.159.187 - - [04/May/2018:13:43:30 -0300] "POST /cormun/servlet/solicitudot?gx-no-cache=1525455827467 HTTP/1.1" 200 30
186.103.159.187 - - [04/May/2018:13:43:31 -0300] "POST /cormun/servlet/solicitudot?gx-no-cache=1525455827936 HTTP/1.1" 200 1368
186.103.159.187 - - [04/May/2018:13:43:31 -0300] "POST /cormun/servlet/solicitudot?gx-no-cache=1525455828122 HTTP/1.1" 200 41
186.103.159.187 - - [04/May/2018:13:43:31 -0300] "POST /cormun/servlet/solicitudot?gx-no-cache=1525455828180 HTTP/1.1" 200 1350
186.103.159.187 - - [04/May/2018:13:43:31 -0300] "POST /cormun/servlet/solicitudot?gx-no-cache=1525455828381 HTTP/1.1" 200 1249
186.103.159.187 - - [04/May/2018:13:43:31 -0300] "GET /cormun/servlet/solicitudot?903c19f30b81a9c09ccb580a0b2f938261f2246ef52f2e5108ba63d0a358d7e1d7a619825bad0819e30828e637cf88eb,gx-no-cache=1525455828723 HTTP/1.1" 200 30
186.103.159.187 - - [04/May/2018:13:43:31 -0300] "POST /cormun/servlet/solicitudot?gx-no-cache=1525455828800 HTTP/1.1" 200 33
186.103.159.187 - - [04/May/2018:13:43:32 -0300] "POST /cormun/servlet/solicitudot?2725c3051262740f0ce1ca44d27d84e6,INS,0,0,,gx-no-cache=1525455828906 HTTP/1.1" 200 12201
200.54.247.70 - - [04/May/2018:13:43:33 -0300] "POST /cormun/servlet/trlicencias?62d44e9dee869ba525bda40aaff59648,,gx-no-cache=1525452161746 HTTP/1.1" 200 4020
192.168.10.58 - - [04/May/2018:13:43:51 -0300] "GET /cormun/servlet/trsolicitudgral? HTTP/1.1" 200 28329
192.168.10.58 - - [04/May/2018:13:43:52 -0300] "GET /cormun/servlet/trsolicitudgral? HTTP/1.1" 200 28329
186.103.159.187 - - [04/May/2018:13:43:53 -0300] "GET /cormun/servlet/solicitudot?903c19f30b81a9c09ccb580a0b2f9382fbc437bc54d9c35d7cfa4c1b1d77f075de1611b11bc8c458c966bacb02d77b2bd9adf37388213ec9007d2ea6cd86e78a,gx-no-cache=1525455850620 HTTP/1.1" 200 30
186.103.159.187 - - [04/May/2018:13:43:53 -0300] "POST /cormun/servlet/solicitudot?gx-no-cache=1525455850664 HTTP/1.1" 200 256
186.103.159.187 - - [04/May/2018:13:43:54 -0300] "GET /cormun/servlet/solicitudot?903c19f30b81a9c09ccb580a0b2f938286f9c73e27a1c29c419aec2e5ae8ede277d50e64ef6f317a4358c63f2497a07401c89673644d3f3c1b4522e0bb1531d398c94fbdbaedc616eee35d9c2f50634384b4a71b69093dfbb95d89b970459d4e5fcccf873b3c3f912b7f7ae293f08be107beab8f96f637a9f2ef999a86efde56cd06d82dd358064f999ee00798e767f213f3efefbf3977618008ed9cbf3cde1eb67bb1b4fea1644eaff70722309fde5fc046ad678719f95c5680e88900c17cc2cf58305868dbe9273ce80aaa29774cebd9fe89f90ab3415acbfd8ea8905c1e2c15905c75b491349cac33dc62482f635c7635799e053c016d7d45ca24732f5d74ef0bf74f46b7a0cf8928b0e10acb7dae264511068658f920dc8704f16f9dd744bac488dff7b330c02686cd6357c7279dd8e20ca582758aa247df2255943f171ff17284c2e7881e7742abc1d06031982a624e1409978296f5ce4bc21dae18b33d159cb2525d6fe61088e8f18f7dd400fe9d1a9ef9a9dec8520395cd448ea6c059,gx-no-cache=1525455850706 HTTP/1.1" 200 30
186.103.159.187 - - [04/May/2018:13:43:54 -0300] "POST /cormun/servlet/solicitudot?gx-no-cache=1525455851056 HTTP/1.1" 200 30
186.103.159.187 - - [04/May/2018:13:43:54 -0300] "POST /cormun/servlet/solicitudot?gx-no-cache=1525455851113 HTTP/1.1" 200 1368
186.103.159.187 - - [04/May/2018:13:43:54 -0300] "POST /cormun/servlet/solicitudot?gx-no-cache=1525455851213 HTTP/1.1" 200 41
186.103.159.187 - - [04/May/2018:13:43:54 -0300] "POST /cormun/servlet/solicitudot?gx-no-cache=1525455851251 HTTP/1.1" 200 1350
186.103.159.187 - - [04/May/2018:13:43:54 -0300] "POST /cormun/servlet/solicitudot?gx-no-cache=1525455851311 HTTP/1.1" 200 1249
186.103.159.187 - - [04/May/2018:13:43:54 -0300] "GET /cormun/servlet/solicitudot?903c19f30b81a9c09ccb580a0b2f938261f2246ef52f2e5108ba63d0a358d7e1d7a619825bad0819e30828e637cf88eb,gx-no-cache=1525455851365 HTTP/1.1" 200 30
186.103.159.187 - - [04/May/2018:13:43:54 -0300] "POST /cormun/servlet/solicitudot?gx-no-cache=1525455851398 HTTP/1.1" 200 33
186.103.159.187 - - [04/May/2018:13:43:54 -0300] "POST /cormun/servlet/solicitudot?2725c3051262740f0ce1ca44d27d84e6,INS,0,0,,gx-no-cache=1525455851458 HTTP/1.1" 200 12234
186.103.159.187 - - [04/May/2018:13:44:28 -0300] "GET /cormun/servlet/solicitudot?903c19f30b81a9c09ccb580a0b2f9382fbc437bc54d9c35d7cfa4c1b1d77f075de1611b11bc8c458c966bacb02d77b2bd9adf37388213ec9007d2ea6cd86e78a,gx-no-cache=1525455885101 HTTP/1.1" 200 30
186.103.159.187 - - [04/May/2018:13:44:28 -0300] "POST /cormun/servlet/solicitudot?gx-no-cache=1525455885158 HTTP/1.1" 200 256
186.103.159.187 - - [04/May/2018:13:44:28 -0300] "GET /cormun/servlet/solicitudot?903c19f30b81a9c09ccb580a0b2f938286f9c73e27a1c29c419aec2e5ae8ede277d50e64ef6f317a4358c63f2497a07401c89673644d3f3c1b4522e0bb1531d398c94fbdbaedc616eee35d9c2f50634384b4a71b69093dfbb95d89b970459d4e5fcccf873b3c3f912b7f7ae293f08be107beab8f96f637a9f2ef999a86efde56cd06d82dd358064f999ee00798e767f213f3efefbf3977618008ed9cbf3cde1eb67bb1b4fea1644eaff70722309fde5fc046ad678719f95c5680e88900c17cc2cf58305868dbe9273ce80aaa29774cebd9fe89f90ab3415acbfd8ea8905c1e2c15905c75b491349cac33dc62482f635c7635799e053c016d7d45ca24732f5d74ef0bf74f46b7a0cf8928b0e10acb7dae264511068658f920dc8704f16f9dd744bac488dff7b330c02686cd6357c7279dd8e20ca582758aa247df2255943f171ff17284c2e7881e7742abc1d06031982a624e1409978296f5ce4bc21dae18b33d159cb2525d6fe61088e8f18f7dd400fe9d1a9ef9a9dec8520395cd448ea6c059,gx-no-cache=1525455885201 HTTP/1.1" 200 30
186.103.159.187 - - [04/May/2018:13:44:28 -0300] "POST /cormun/servlet/solicitudot?gx-no-cache=1525455885532 HTTP/1.1" 200 30
186.103.159.187 - - [04/May/2018:13:44:28 -0300] "POST /cormun/servlet/solicitudot?gx-no-cache=1525455885571 HTTP/1.1" 200 1368
186.103.159.187 - - [04/May/2018:13:44:28 -0300] "POST /cormun/servlet/solicitudot?gx-no-cache=1525455885649 HTTP/1.1" 200 41
186.103.159.187 - - [04/May/2018:13:44:28 -0300] "POST /cormun/servlet/solicitudot?gx-no-cache=1525455885688 HTTP/1.1" 200 1350
186.103.159.187 - - [04/May/2018:13:44:28 -0300] "POST /cormun/servlet/solicitudot?gx-no-cache=1525455885747 HTTP/1.1" 200 1249
186.103.159.187 - - [04/May/2018:13:44:28 -0300] "GET /cormun/servlet/solicitudot?903c19f30b81a9c09ccb580a0b2f938261f2246ef52f2e5108ba63d0a358d7e1d7a619825bad0819e30828e637cf88eb,gx-no-cache=1525455885802 HTTP/1.1" 200 30
186.103.159.187 - - [04/May/2018:13:44:28 -0300] "POST /cormun/servlet/solicitudot?gx-no-cache=1525455885837 HTTP/1.1" 200 33
186.103.159.187 - - [04/May/2018:13:44:29 -0300] "POST /cormun/servlet/solicitudot?2725c3051262740f0ce1ca44d27d84e6,INS,0,0,,gx-no-cache=1525455885896 HTTP/1.1" 200 12304
186.103.159.187 - - [04/May/2018:13:44:49 -0300] "POST /cormun/servlet/solicitudot?2725c3051262740f0ce1ca44d27d84e6,INS,0,0,,gx-no-cache=1525455906236 HTTP/1.1" 200 93
186.103.159.187 - - [04/May/2018:13:44:49 -0300] "GET /cormun/servlet/hpexe_return? HTTP/1.1" 200 1006
186.103.159.187 - - [04/May/2018:13:44:50 -0300] "GET /cormun/servlet/trsolicitudot HTTP/1.1" 200 8517
186.103.159.187 - - [04/May/2018:13:44:52 -0300] "GET /cormun/servlet/trsolicitudot HTTP/1.1" 200 8513
186.103.159.187 - - [04/May/2018:13:44:54 -0300] "GET /cormun/servlet/solicitudot?INS,0,0, HTTP/1.1" 200 13382
186.103.159.187 - - [04/May/2018:13:44:55 -0300] "GET /cormun/servlet/solicitudot?INS,0,0, HTTP/1.1" 200 13387
186.103.159.187 - - [04/May/2018:13:45:12 -0300] "POST /cormun/servlet/solicitudot?gx-no-cache=1525455928826 HTTP/1.1" 200 3391
186.103.159.187 - - [04/May/2018:13:45:12 -0300] "POST /cormun/servlet/solicitudot?2725c3051262740f0ce1ca44d27d84e6,INS,0,0,,gx-no-cache=1525455929086 HTTP/1.1" 200 10369
186.103.159.187 - - [04/May/2018:13:45:23 -0300] "GET /cormun/servlet/solicitudot?903c19f30b81a9c09ccb580a0b2f93828d6cd615f5202adaf760e9be5c9bb5bcb649103659b59d51fec57e3977aaff67,gx-no-cache=1525455940050 HTTP/1.1" 200 30
186.103.159.187 - - [04/May/2018:13:45:23 -0300] "GET /cormun/servlet/solicitudot?903c19f30b81a9c09ccb580a0b2f938280796c6da363e9c4c3bd51cd04a50936686a0b17b6890597cbf1563892723b5eb649103659b59d51fec57e3977aaff67,gx-no-cache=1525455940107 HTTP/1.1" 200 30
186.103.159.187 - - [04/May/2018:13:45:23 -0300] "GET /cormun/servlet/solicitudot?903c19f30b81a9c09ccb580a0b2f93820c8dabe986f6dcdd53dff29cdcef406d,gx-no-cache=1525455940164 HTTP/1.1" 200 59
