192.168.4.251 - - [04/May/2018:09:51:22 -0300] "GET /cormun/static/Resources/PXToolsHeaderActionsRight.png HTTP/1.1" 200 1201
192.168.4.251 - - [04/May/2018:09:51:22 -0300] "GET /cormun/static/Resources/PXToolsFooterBackground2.png HTTP/1.1" 200 1172
192.168.4.251 - - [04/May/2018:09:51:22 -0300] "GET /cormun/static/Resources/PXToolsHeaderHome.png HTTP/1.1" 200 4147
192.168.4.251 - - [04/May/2018:09:51:22 -0300] "GET /cormun/static/Resources/PXToolsHeaderBackground2.png HTTP/1.1" 200 1174
192.168.4.251 - - [04/May/2018:09:51:22 -0300] "GET /cormun/static/hpexe_messagepopupcomponent.js?20161017169425 HTTP/1.1" 200 605
192.168.4.251 - - [04/May/2018:09:51:22 -0300] "GET /cormun/static/hpexe_messagegenexuscomponent.js?201752511465344 HTTP/1.1" 200 587
192.168.4.251 - - [04/May/2018:09:51:22 -0300] "GET /cormun/static/Shared/jquery/jquery-1.4.2.min.js HTTP/1.1" 200 72174
192.168.4.251 - - [04/May/2018:09:51:22 -0300] "GET /cormun/static/cmcontrolpreferences.js?201752511465670 HTTP/1.1" 200 1375
192.168.4.251 - - [04/May/2018:09:51:22 -0300] "GET /cormun/static/SmoothNavMenu/resources/ddsmoothmenu.js HTTP/1.1" 200 12712
192.168.4.251 - - [04/May/2018:09:51:22 -0300] "GET /cormun/static/SmoothNavMenu/resources/SmoothNavMenuRender.js HTTP/1.1" 200 5951
192.168.4.251 - - [04/May/2018:09:51:22 -0300] "GET /cormun/static/scaMessage/js/jquery.pnotify.min.js HTTP/1.1" 200 13038
192.168.4.251 - - [04/May/2018:09:51:22 -0300] "GET /cormun/static/scaMessage/scaMessageRender.js HTTP/1.1" 200 11977
192.168.4.251 - - [04/May/2018:09:51:22 -0300] "GET /cormun/static/hmpwkw03.js?20177612122668 HTTP/1.1" 200 3965
192.168.4.251 - - [04/May/2018:09:51:22 -0300] "GET /cormun/static/Shared/jqueryui/jquery-ui.min.js HTTP/1.1" 200 240427
192.168.4.251 - - [04/May/2018:09:51:22 -0300] "GET /cormun/static/Shared/jquery/jquery-1.10.2.min.js HTTP/1.1" 200 273199
192.168.4.251 - - [04/May/2018:09:51:22 -0300] "GET /cormun/static/Shared/ext/ext-all.js HTTP/1.1" 200 1289687
192.168.4.251 - - [04/May/2018:09:51:24 -0300] "GET /cormun/servlet/hhome HTTP/1.1" 200 4504
192.168.4.251 - - [04/May/2018:09:51:24 -0300] "GET /cormun/static/SmoothNavMenu/resources/images/down.gif HTTP/1.1" 200 854
192.168.4.251 - - [04/May/2018:09:51:24 -0300] "GET /cormun/static/SmoothNavMenu/resources/images/right.gif HTTP/1.1" 200 860
192.168.4.251 - - [04/May/2018:09:51:28 -0300] "GET /cormun/servlet/trsolicitudgral? HTTP/1.1" 200 28683
192.168.4.251 - - [04/May/2018:09:51:28 -0300] "GET /cormun/static/calendar-system.css?85620 HTTP/1.1" 200 5572
192.168.4.251 - - [04/May/2018:09:51:28 -0300] "GET /cormun/static/Resources/Spanish/PXTools.css?1255365 HTTP/1.1" 200 89042
192.168.4.251 - - [04/May/2018:09:51:28 -0300] "GET /cormun/static/gxui/gxui-all.css?120300 HTTP/1.1" 200 2179
192.168.4.251 - - [04/May/2018:09:51:28 -0300] "GET /cormun/static/gxcfg.js?201813119461163 HTTP/1.1" 200 953
192.168.4.251 - - [04/May/2018:09:51:28 -0300] "GET /cormun/static/calendar-setup.js?85251 HTTP/1.1" 200 2588
192.168.4.251 - - [04/May/2018:09:51:28 -0300] "GET /cormun/static/calendar.js?85251 HTTP/1.1" 200 26246
192.168.4.251 - - [04/May/2018:09:51:28 -0300] "GET /cormun/static/calendar-es.js?85251 HTTP/1.1" 200 1901
192.168.4.251 - - [04/May/2018:09:51:28 -0300] "GET /cormun/static/gxdec.js?85251 HTTP/1.1" 200 19579
192.168.4.251 - - [04/May/2018:09:51:28 -0300] "GET /cormun/static/Shared/ext/resources/css/ext-all.css?215870 HTTP/1.1" 200 416045
192.168.4.251 - - [04/May/2018:09:51:28 -0300] "GET /cormun/static/trsolicitudgral.js?201813119462015 HTTP/1.1" 200 55173
192.168.4.251 - - [04/May/2018:09:51:28 -0300] "GET /cormun/static/Resources/PXTools/calendar.png HTTP/1.1" 200 1306
192.168.4.251 - - [04/May/2018:09:51:28 -0300] "GET /cormun/static/Resources/PXToolsDataSearch.png HTTP/1.1" 200 419
192.168.4.251 - - [04/May/2018:09:51:28 -0300] "GET /cormun/static/Resources/PXToolsGridFirstDisabled.gif HTTP/1.1" 200 100
192.168.4.251 - - [04/May/2018:09:51:28 -0300] "GET /cormun/static/Resources/PXToolsGridPreviousDisabled.gif HTTP/1.1" 200 90
192.168.4.251 - - [04/May/2018:09:51:28 -0300] "GET /cormun/static/Resources/PXToolsGridNextDisabled.gif HTTP/1.1" 200 90
192.168.4.251 - - [04/May/2018:09:51:28 -0300] "GET /cormun/static/Resources/PXToolsGridLastDisabled.gif HTTP/1.1" 200 98
192.168.4.251 - - [04/May/2018:09:51:28 -0300] "GET /cormun/static/Resources/PXToolsGridPage.gif HTTP/1.1" 200 725
192.168.4.251 - - [04/May/2018:09:51:28 -0300] "GET /cormun/static/Resources/PXToolsActionExcel.png HTTP/1.1" 200 3187
192.168.4.251 - - [04/May/2018:09:51:28 -0300] "GET /cormun/static/Resources/PXToolsAddAllStandardAction.png HTTP/1.1" 200 628
192.168.4.251 - - [04/May/2018:09:51:29 -0300] "GET /cormun/static/Resources/PXToolsRemoveAllStandardAction.png HTTP/1.1" 200 495
192.168.4.251 - - [04/May/2018:09:51:31 -0300] "GET /cormun/static/Resources/asc.gif HTTP/1.1" 200 67
192.168.4.251 - - [04/May/2018:09:51:31 -0300] "GET /cormun/static/Resources/desc.gif HTTP/1.1" 200 65
192.168.4.251 - - [04/May/2018:09:51:31 -0300] "GET /cormun//static/Resources/PXToolsGridUpdate.png HTTP/1.1" 200 2984
192.168.4.251 - - [04/May/2018:09:51:31 -0300] "GET /cormun//static/Resources/PXToolsGridDelete.png HTTP/1.1" 200 357
192.168.4.251 - - [04/May/2018:09:51:31 -0300] "GET /cormun/servlet/trsolicitudgral? HTTP/1.1" 200 28681
192.168.4.251 - - [04/May/2018:09:51:32 -0300] "GET /cormun/static/Shared/ext/resources/themes/images/default/tools/tool-sprites.gif HTTP/1.1" 200 5434
192.168.4.251 - - [04/May/2018:09:51:32 -0300] "GET /cormun/static/Shared/ext/resources/themes/images/default/panel/bg-headersPanel.png HTTP/1.1" 200 255
192.168.4.251 - - [04/May/2018:09:51:36 -0300] "GET /cormun/static/menuarrow.gif HTTP/1.1" 404 1015
186.103.158.250 - - [04/May/2018:09:51:46 -0300] "GET /cormun/servlet/prbanco?,MD,,gxPopupLevel%3D0%3B HTTP/1.1" 200 6633
186.103.158.250 - - [04/May/2018:09:51:47 -0300] "GET /cormun/static/gxcfg.js?20181161016094 HTTP/1.1" 304 -
186.103.158.250 - - [04/May/2018:09:51:47 -0300] "GET /cormun/static/menusearch.js?201610171694467 HTTP/1.1" 304 -
186.103.158.250 - - [04/May/2018:09:51:47 -0300] "GET /cormun/static/hmpwkw011.js?20177612121862 HTTP/1.1" 304 -
192.168.4.251 - - [04/May/2018:09:51:48 -0300] "POST /cormun/servlet/trsolicitudgral?017dd45b66559798abaabc0f09b3aa7b,,gx-no-cache=1525438478991 HTTP/1.1" 200 7814
186.103.158.250 - - [04/May/2018:09:51:52 -0300] "GET /cormun/servlet/solicitudot?2a9091ca2bba1865fdb595843a82d7c342df5ed4ea808bd1165927c59697e397,gx-no-cache=1525438252992 HTTP/1.1" 200 53
186.103.158.250 - - [04/May/2018:09:52:10 -0300] "POST /cormun/servlet/solicitudot?gx-no-cache=1525438270221 HTTP/1.1" 200 255
186.103.158.250 - - [04/May/2018:09:52:15 -0300] "POST /cormun/servlet/solicitudot?gx-no-cache=1525438275223 HTTP/1.1" 200 256
186.103.158.250 - - [04/May/2018:09:52:18 -0300] "GET /cormun/servlet/solicitudot?2a9091ca2bba1865fdb595843a82d7c369d09c3325668f03a3bfac66c018804d835f450c1d7d0403dcf1bd921f565a9df99674f119708e35db8ada9994120ef7013fda6345b8e4ff7802b4184a3bf931c71798f2bc3421e7aad5c16a820b0e79b50a79f25c6deabbb350f5eaff63e04e4d8a7bdaeee71b534ca014b36f371920a341b1b86ccbd83f91674756fb876cf0ef536fe11e54d29cacf308e2d24b744a894557e6fc3d674b4c3bb928a9f0b43f4f3503300ebca2a39c22abf969a582c3be49d5ff0363ce818d7dbe67af4166f721d0592f1823687b2b2919dc119b3d1c78e2259cc2b9ed8b7da5b1ef02efd9a82e4678b4c53554ea02765197e2bbe8bad3d2e5cf9549bc246c0a6a71af2d6f49118d68483353647a0b75bccea5115e04106a71c9340de4b09878f53968f564bc10d5ac5a55622e86e48bcb492dea708b0a7cab5ab2786549f09af26e16d62ac0aba1f2ac3923efe0f3b924f7f3911f1d93ab73a0563f4a2fe709d06ce273be74998bba7dc14c1d66619d294e0289ffd9,gx-no-cache=1525438278657 HTTP/1.1" 200 30
186.103.158.250 - - [04/May/2018:09:52:21 -0300] "POST /cormun/servlet/solicitudot?gx-no-cache=1525438282039 HTTP/1.1" 200 30
192.168.4.251 - - [04/May/2018:09:52:21 -0300] "GET /cormun/servlet/solicitudgral3?UPD,2018,11178, HTTP/1.1" 200 13731
192.168.4.251 - - [04/May/2018:09:52:21 -0300] "GET /cormun/static/gxcfg.js?20181911363991 HTTP/1.1" 200 953
192.168.4.251 - - [04/May/2018:09:52:22 -0300] "GET /cormun/static/Resources/prompt.gif HTTP/1.1" 200 902
192.168.4.251 - - [04/May/2018:09:52:22 -0300] "GET /cormun/static/solicitudgral3.js?20181911364079 HTTP/1.1" 200 45896
192.168.4.251 - - [04/May/2018:09:52:23 -0300] "GET /cormun/servlet/solicitudgral3?UPD,2018,11178, HTTP/1.1" 200 13741
186.103.158.250 - - [04/May/2018:09:52:23 -0300] "POST /cormun/servlet/solicitudot?gx-no-cache=1525438283677 HTTP/1.1" 200 1366
186.103.158.250 - - [04/May/2018:09:52:23 -0300] "POST /cormun/servlet/solicitudot?gx-no-cache=1525438283876 HTTP/1.1" 200 38
192.168.4.251 - - [04/May/2018:09:52:24 -0300] "POST /cormun/servlet/solicitudgral3?gx-no-cache=1525438514195 HTTP/1.1" 200 4035
192.168.4.251 - - [04/May/2018:09:52:24 -0300] "GET /cormun/servlet/solicitudgral3?8fbb004b8cda4955c64d8da7bac811e944362bcb5f40f0a7af0777e73fa356cb44ba00149385a54017b446fce5e0f785975301bd1ab83aa21ea84d87cde41a34e33e0b3c235f262852c3b0cb75775d7cec7debfcbffc91d2487fced76e258c462c146ce559aed32fb6af3214a4668d1d1b825dd6c791330e75da3ead998bbf27a9dea57fa0b94660f1bba209b22d4861374cdfa646ab8f5641899023fef0748867e92f3a9ec56a3aa93f3adc9db243582d466eaab105491cef2b21e7b14200a305de2831399e62b7f5d99918f7b0b9d5141f1f99d30de6fff5a8666fbfd3f056bed15f84513639388e3c3b4ef5c938e7b6cda111c38907fe7ff3d3d67f81d097042879c52c319625b1927bc55681339d90d008e2c9d3a8e98565d503354b0db9bb3637e04dba79110771fc6d6363c3ac73f7debd6e52705dcc158331d0235587633d8131ca5edffce84145db38b51c2c,gx-no-cache=1525438514615 HTTP/1.1" 200 297
192.168.4.251 - - [04/May/2018:09:52:24 -0300] "POST /cormun/servlet/solicitudgral3?gx-no-cache=1525438514768 HTTP/1.1" 200 1432
192.168.4.251 - - [04/May/2018:09:52:24 -0300] "GET /cormun/servlet/solicitudgral3?8fbb004b8cda4955c64d8da7bac811e9d10a1964f1283d8eb891b6b344251486d4b7197fdf8627b8d0b353a543592e48259543d5425d11bb4e493a5e6317bde50286398f7d2f81927fdff61dcb950d7957f87b4d72807d94c821a4de263192fbc7d239392b29bc6755e384babbe2123f62c3f6d1d49fb7d8d36d8b2decf1e98a,gx-no-cache=1525438515004 HTTP/1.1" 200 41
192.168.4.251 - - [04/May/2018:09:52:57 -0300] "POST /cormun/servlet/solicitudgral3?017dd45b66559798abaabc0f09b3aa7b,UPD,2018,11178,,gx-no-cache=1525438547768 HTTP/1.1" 200 12294
192.168.4.251 - - [04/May/2018:09:52:58 -0300] "GET /cormun/servlet/solicitudgral3?8fbb004b8cda4955c64d8da7bac811e97c45380683bffea5ac02bba120b1dd63a0e84a521bb742a93f684bf6125c95d0fdd5539ca7631e0410a4e26e9225b9a77093557a5609f27713d52fc6cc1b624c6cfb1b1483b9af2bccfa8ed51c401933e7b681c7773e6d81e8a6a41b0cbcf52d,gx-no-cache=1525438548239 HTTP/1.1" 200 29
192.168.4.251 - - [04/May/2018:09:52:58 -0300] "POST /cormun/servlet/solicitudgral3?gx-no-cache=1525438548312 HTTP/1.1" 200 1326
192.168.4.251 - - [04/May/2018:09:52:58 -0300] "POST /cormun/servlet/solicitudgral3?gx-no-cache=1525438548410 HTTP/1.1" 200 1249
192.168.4.251 - - [04/May/2018:09:52:58 -0300] "GET /cormun/static/menuarrow.gif HTTP/1.1" 404 1015
192.168.4.251 - - [04/May/2018:09:54:14 -0300] "POST /cormun/servlet/solicitudgral3?gx-no-cache=1525438624792 HTTP/1.1" 200 1326
192.168.4.251 - - [04/May/2018:09:54:14 -0300] "POST /cormun/servlet/solicitudgral3?gx-no-cache=1525438624904 HTTP/1.1" 200 1249
192.168.4.251 - - [04/May/2018:09:54:14 -0300] "GET /cormun/servlet/solicitudgral3?8fbb004b8cda4955c64d8da7bac811e9627134bf07715d72c1d51cc8413c0b6994dac849865b836ec6d494f7a33df0a5d66748693c4285de79e2e3ce41201af0975301bd1ab83aa21ea84d87cde41a34a6fe8433a9a9feb5c60ab6d97ca48c847fb1ecf23fc154a66b1b4667b62939b97fedc63b27ce0fe7f63e5b747c7383f8a94d0861b9ebfdf4e0129d4003a09235,gx-no-cache=1525438624971 HTTP/1.1" 200 30
192.168.4.251 - - [04/May/2018:09:54:15 -0300] "POST /cormun/servlet/solicitudgral3?017dd45b66559798abaabc0f09b3aa7b,UPD,2018,11178,,gx-no-cache=1525438625036 HTTP/1.1" 200 93
192.168.4.251 - - [04/May/2018:09:54:15 -0300] "GET /cormun/servlet/hpexe_return? HTTP/1.1" 200 1012
192.168.4.251 - - [04/May/2018:09:54:15 -0300] "GET /cormun/static/gxcfg.js?2016101716175148 HTTP/1.1" 200 953
192.168.4.251 - - [04/May/2018:09:54:15 -0300] "GET /cormun/static/hpexe_return.js?2016101716175153 HTTP/1.1" 200 1633
192.168.4.251 - - [04/May/2018:09:54:15 -0300] "GET /cormun/static/Resources/Spanish/PXTools.css?167811 HTTP/1.1" 200 89042
192.168.4.251 - - [04/May/2018:09:54:15 -0300] "GET /cormun/servlet/trsolicitudgral? HTTP/1.1" 200 10900
192.168.4.251 - - [04/May/2018:09:54:17 -0300] "GET /cormun/servlet/trsolicitudgral? HTTP/1.1" 200 10896
192.168.4.251 - - [04/May/2018:09:54:27 -0300] "POST /cormun/servlet/trsolicitudgral?017dd45b66559798abaabc0f09b3aa7b,,gx-no-cache=1525438637415 HTTP/1.1" 200 7329
192.168.4.251 - - [04/May/2018:09:54:27 -0300] "GET /cormun/static/Shared/jqueryui/images/ui-bg_highlight-soft_100_c6c2c8_1x100.png HTTP/1.1" 404 1117
192.168.4.251 - - [04/May/2018:09:54:27 -0300] "GET /cormun/static/Shared/jqueryui/images/ui-icons_82798d_256x240.png HTTP/1.1" 404 1089
192.168.4.251 - - [04/May/2018:09:54:27 -0300] "GET /cormun/static/Shared/jqueryui/images/ui-bg_flat_55_fafafa_40x100.png HTTP/1.1" 404 1097
192.168.4.251 - - [04/May/2018:09:54:27 -0300] "GET /cormun/static/Shared/jqueryui/images/ui-icons_8d78a5_256x240.png HTTP/1.1" 404 1089
186.103.159.230 - - [04/May/2018:09:54:41 -0300] "GET /cormun/servlet/hpexe_return? HTTP/1.1" 200 978
186.103.159.230 - - [04/May/2018:09:54:41 -0300] "GET /cormun/static/gxcfg.js?2016101716175148 HTTP/1.1" 200 953
186.103.159.230 - - [04/May/2018:09:54:41 -0300] "GET /cormun/static/RunJS/RunJS.js HTTP/1.1" 200 288
186.103.159.230 - - [04/May/2018:09:54:41 -0300] "GET /cormun/static/gxtimezone.js?85251 HTTP/1.1" 200 5781
186.103.159.230 - - [04/May/2018:09:54:41 -0300] "GET /cormun/static/messages.spa.js?85251 HTTP/1.1" 200 30736
186.103.159.230 - - [04/May/2018:09:54:41 -0300] "GET /cormun/static/hpexe_return.js?2016101716175153 HTTP/1.1" 200 1633
186.103.159.230 - - [04/May/2018:09:54:41 -0300] "GET /cormun/static/gxgral.js?85251 HTTP/1.1" 200 384558
186.103.159.230 - - [04/May/2018:09:54:41 -0300] "GET /cormun/static/Resources/Spanish/PXTools.css?167811 HTTP/1.1" 200 89042
186.103.159.230 - - [04/May/2018:09:54:41 -0300] "GET /cormun/static/Resources/indicator.gif HTTP/1.1" 200 1553
186.103.159.230 - - [04/May/2018:09:54:41 -0300] "GET /cormun/servlet/hhome HTTP/1.1" 200 3416
186.103.159.230 - - [04/May/2018:09:54:42 -0300] "GET /cormun/static/SmoothNavMenu/resources/ddsmoothmenu.css?1012540 HTTP/1.1" 200 2223
186.103.159.230 - - [04/May/2018:09:54:42 -0300] "GET /cormun/static/SmoothNavMenu/resources/ddsmoothmenu-v.css?1012540 HTTP/1.1" 200 1188
186.103.159.230 - - [04/May/2018:09:54:42 -0300] "GET /cormun/static/gxcfg.js?20175251212442 HTTP/1.1" 200 953
186.103.159.230 - - [04/May/2018:09:54:42 -0300] "GET /cormun/static/scaMessage/css/jquery.pnotify.default.css?1716380 HTTP/1.1" 200 1707
186.103.159.230 - - [04/May/2018:09:54:42 -0300] "GET /cormun/static/Shared/jqueryui/jquery-ui.min.css?1245370 HTTP/1.1" 200 30288
186.103.159.230 - - [04/May/2018:09:54:42 -0300] "GET /cormun/static/PXToolsJavascripts/pexe_cookies.js HTTP/1.1" 200 792
186.103.159.230 - - [04/May/2018:09:54:42 -0300] "GET /cormun/static/PXToolsJavascripts/pexe_autoreload.js HTTP/1.1" 200 1762
186.103.159.230 - - [04/May/2018:09:54:42 -0300] "GET /cormun/static/Resources/Spanish/PXTools.css?11423723 HTTP/1.1" 200 89042
186.103.159.230 - - [04/May/2018:09:54:42 -0300] "GET /cormun/static/PXToolsJavascripts/pexe_link.js HTTP/1.1" 200 5671
186.103.159.230 - - [04/May/2018:09:54:42 -0300] "GET /cormun/static/PXToolsJavascripts/pexe_grid.js HTTP/1.1" 200 7559
186.103.159.230 - - [04/May/2018:09:54:42 -0300] "GET /cormun/static/PXToolsJavascripts/pexe_menudivfix.js HTTP/1.1" 200 333
186.103.159.230 - - [04/May/2018:09:54:42 -0300] "GET /cormun/static/PXToolsJavascripts/pexe_windows.js HTTP/1.1" 200 15207
186.103.159.230 - - [04/May/2018:09:54:42 -0300] "GET /cormun/static/PXToolsJavascripts/pexe_griddivfix.js HTTP/1.1" 200 6644
186.103.159.230 - - [04/May/2018:09:54:42 -0300] "GET /cormun/static/PXToolsJavascripts/pexe_layers.js HTTP/1.1" 200 4114
186.103.159.230 - - [04/May/2018:09:54:42 -0300] "GET /cormun/static/PXToolsJavascripts/pexe_menus.js HTTP/1.1" 200 1286
186.103.159.230 - - [04/May/2018:09:54:42 -0300] "GET /cormun/static/PXToolsJavascripts/pexe_oav.js HTTP/1.1" 200 645
186.103.159.230 - - [04/May/2018:09:54:42 -0300] "GET /cormun/static/PXToolsJavascripts/pexe_oavdivfix.js HTTP/1.1" 200 639
186.103.159.230 - - [04/May/2018:09:54:42 -0300] "GET /cormun/static/PXToolsJavascripts/pexe_picture.js HTTP/1.1" 200 689
186.103.159.230 - - [04/May/2018:09:54:42 -0300] "GET /cormun/static/PXToolsJavascripts/pexe_scrolldiv.js HTTP/1.1" 200 4138
186.103.159.230 - - [04/May/2018:09:54:42 -0300] "GET /cormun/static/PXToolsJavascripts/pexe_tabdivfix.js HTTP/1.1" 200 876
186.103.159.230 - - [04/May/2018:09:54:42 -0300] "GET /cormun/static/PXToolsJavascripts/pexe_popup.js HTTP/1.1" 200 13458
186.103.159.230 - - [04/May/2018:09:54:42 -0300] "GET /cormun/static/PXToolsJavascripts/pexe_tabs.js HTTP/1.1" 200 3748
186.103.159.230 - - [04/May/2018:09:54:42 -0300] "GET /cormun/static/PXToolsJavascripts/pexe_upload.js HTTP/1.1" 200 1423
186.103.159.230 - - [04/May/2018:09:54:42 -0300] "GET /cormun/static/PXToolsJavascripts/PXToolsJavascriptsRender.js HTTP/1.1" 200 367
186.103.159.230 - - [04/May/2018:09:54:42 -0300] "GET /cormun/static/Shared/ext/locale/ext-lang-en.js HTTP/1.1" 200 10940
186.103.159.230 - - [04/May/2018:09:54:42 -0300] "GET /cormun/static/hwchdr01.js?201752511465785 HTTP/1.1" 200 1183
186.103.159.230 - - [04/May/2018:09:54:42 -0300] "GET /cormun/static/hpexe_recentlink.js?20177611595044 HTTP/1.1" 200 2144
186.103.159.230 - - [04/May/2018:09:54:42 -0300] "GET /cormun/static/hhome.js?20175251212450 HTTP/1.1" 200 777
186.103.159.230 - - [04/May/2018:09:54:42 -0300] "GET /cormun/static/hpexe_scripts.js?201752511465715 HTTP/1.1" 200 1544
186.103.159.230 - - [04/May/2018:09:54:42 -0300] "GET /cormun/static/hpexe_messagecontroller.js?20177611595012 HTTP/1.1" 200 870
186.103.159.230 - - [04/May/2018:09:54:42 -0300] "GET /cormun/static/hpexe_messagepopupcomponent.js?20161017169425 HTTP/1.1" 200 605
186.103.159.230 - - [04/May/2018:09:54:42 -0300] "GET /cormun/static/Resources/PXToolsHeaderBackground2.png HTTP/1.1" 200 1174
186.103.159.230 - - [04/May/2018:09:54:42 -0300] "GET /cormun/static/Resources/PXToolsDataTitle.png HTTP/1.1" 200 1173
186.103.159.230 - - [04/May/2018:09:54:42 -0300] "GET /cormun/static/Resources/logo4.png HTTP/1.1" 200 6582
186.103.159.230 - - [04/May/2018:09:54:42 -0300] "GET /cormun/static/Resources/PXToolsFooterBackground2.png HTTP/1.1" 200 1172
186.103.159.230 - - [04/May/2018:09:54:42 -0300] "GET /cormun/static/Resources/PXToolsHeaderLogin.png HTTP/1.1" 200 4279
186.103.159.230 - - [04/May/2018:09:54:42 -0300] "GET /cormun/static/Resources/PXToolsHeaderActionsBackground.png HTTP/1.1" 200 484
186.103.159.230 - - [04/May/2018:09:54:42 -0300] "GET /cormun/static/Resources/PXToolsHeaderHome.png HTTP/1.1" 200 4147
186.103.159.230 - - [04/May/2018:09:54:42 -0300] "GET /cormun/static/Resources/PXToolsHeaderPreferences.png HTTP/1.1" 200 4189
186.103.159.230 - - [04/May/2018:09:54:42 -0300] "GET /cormun/static/Resources/PXToolsHeaderActionsRight.png HTTP/1.1" 200 1201
186.103.159.230 - - [04/May/2018:09:54:42 -0300] "GET /cormun/static/Resources/PXToolsHeaderActionsLeft.png HTTP/1.1" 200 1118
186.103.159.230 - - [04/May/2018:09:54:42 -0300] "GET /cormun/static/Resources/PXToolsHeaderSecurity.png HTTP/1.1" 200 4166
186.103.159.230 - - [04/May/2018:09:54:42 -0300] "GET /cormun/static/hpexe_messagegenexuscomponent.js?201752511465344 HTTP/1.1" 200 587
186.103.159.230 - - [04/May/2018:09:54:42 -0300] "GET /cormun/static/cmcontrolpreferences.js?201752511465670 HTTP/1.1" 200 1375
186.103.159.230 - - [04/May/2018:09:54:42 -0300] "GET /cormun/static/SmoothNavMenu/resources/ddsmoothmenu.js HTTP/1.1" 200 12712
186.103.159.230 - - [04/May/2018:09:54:42 -0300] "GET /cormun/static/Shared/jquery/jquery-1.4.2.min.js HTTP/1.1" 200 72174
186.103.159.230 - - [04/May/2018:09:54:42 -0300] "GET /cormun/static/SmoothNavMenu/resources/SmoothNavMenuRender.js HTTP/1.1" 200 5951
186.103.159.230 - - [04/May/2018:09:54:42 -0300] "GET /cormun/static/scaMessage/js/jquery.pnotify.min.js HTTP/1.1" 200 13038
186.103.159.230 - - [04/May/2018:09:54:42 -0300] "GET /cormun/static/scaMessage/scaMessageRender.js HTTP/1.1" 200 11977
186.103.159.230 - - [04/May/2018:09:54:42 -0300] "GET /cormun/static/hmpwkw03.js?20177612122668 HTTP/1.1" 200 3965
186.103.159.230 - - [04/May/2018:09:54:42 -0300] "GET /cormun/static/Shared/jquery/jquery-1.10.2.min.js HTTP/1.1" 200 273199
186.103.159.230 - - [04/May/2018:09:54:42 -0300] "GET /cormun/static/gxui/gxui-all.js HTTP/1.1" 200 107772
186.103.159.230 - - [04/May/2018:09:54:42 -0300] "GET /cormun/static/Shared/jqueryui/jquery-ui.min.js HTTP/1.1" 200 240427
186.103.159.230 - - [04/May/2018:09:54:43 -0300] "GET /cormun/static/Shared/ext/ext-all.js HTTP/1.1" 200 1289687
186.103.159.230 - - [04/May/2018:09:54:43 -0300] "GET /cormun/servlet/hlogin HTTP/1.1" 200 1724
186.103.159.230 - - [04/May/2018:09:54:43 -0300] "GET /cormun/servlet/hhome HTTP/1.1" 200 3410
186.103.159.230 - - [04/May/2018:09:54:43 -0300] "GET /cormun/static/gxcfg.js?20175251213516 HTTP/1.1" 200 953
186.103.159.230 - - [04/May/2018:09:54:43 -0300] "GET /cormun/static/Resources/ComunLogin.png HTTP/1.1" 200 17326
186.103.159.230 - - [04/May/2018:09:54:43 -0300] "GET /cormun/static/hlogin.js?20175251213537 HTTP/1.1" 200 2136
186.103.159.230 - - [04/May/2018:09:54:43 -0300] "GET /cormun/static/Resources/PXToolsLoginBottom.png HTTP/1.1" 200 1389
186.103.159.230 - - [04/May/2018:09:54:43 -0300] "GET /cormun/static/Resources/PXToolsButtonRight21.png HTTP/1.1" 200 1283
186.103.159.230 - - [04/May/2018:09:54:43 -0300] "GET /cormun/static/Resources/PXToolsButtonBackground2.png HTTP/1.1" 200 1181
186.103.159.230 - - [04/May/2018:09:54:43 -0300] "GET /cormun/static/Resources/PXToolsLoginBackground.png HTTP/1.1" 200 1164
186.103.159.230 - - [04/May/2018:09:54:43 -0300] "GET /cormun/static/Resources/PXToolsLoginTop.png HTTP/1.1" 200 1337
186.103.159.230 - - [04/May/2018:09:54:43 -0300] "GET /cormun/static/Resources/PXToolsButtonLeft21.png HTTP/1.1" 200 1287
186.103.158.250 - - [04/May/2018:09:54:48 -0300] "GET /cormun/servlet/solicitudot?2a9091ca2bba1865fdb595843a82d7c3500c2e990c65a9f2fb699d8fe6ff683dc6d981c55f0bac94330eb4f9771914326fbc5520df3a03e42bea52a0da7c5175616e7149cc897d81455e46a1a06b90b5187b7b168be684146ed5fd802585b10894fb717db4d8535b5ac5c3e731ff2cb4,gx-no-cache=1525438428534 HTTP/1.1" 200 29
186.103.158.250 - - [04/May/2018:09:54:48 -0300] "POST /cormun/servlet/solicitudot?gx-no-cache=1525438428606 HTTP/1.1" 200 1350
186.103.158.250 - - [04/May/2018:09:54:48 -0300] "POST /cormun/servlet/solicitudot?gx-no-cache=1525438428705 HTTP/1.1" 200 1246
186.103.158.250 - - [04/May/2018:09:54:58 -0300] "GET /cormun/static/menuarrow.gif HTTP/1.1" 404 1015
186.103.158.250 - - [04/May/2018:09:55:02 -0300] "GET /cormun/servlet/solicitudot?2a9091ca2bba1865fdb595843a82d7c32825e2f6975c710a513be0bde689b491a785dddb47b7f824755173329d647b5e,gx-no-cache=1525438443101 HTTP/1.1" 200 30
186.103.158.250 - - [04/May/2018:09:56:59 -0300] "POST /cormun/servlet/solicitudot?gx-no-cache=1525438559926 HTTP/1.1" 200 30
201.215.248.160 - - [04/May/2018:09:57:11 -0300] "GET /cormun/servlet/hhome HTTP/1.1" 200 3402
201.215.248.160 - - [04/May/2018:09:57:12 -0300] "GET /cormun/servlet/hhome HTTP/1.1" 200 3412
201.215.248.160 - - [04/May/2018:09:57:12 -0300] "GET /cormun/servlet/hlogin HTTP/1.1" 200 1728
186.103.158.250 - - [04/May/2018:09:57:21 -0300] "POST /cormun/servlet/solicitudot?890af7087a65c6434b20977743f915c0,INS,0,0,,gx-no-cache=1525438581649 HTTP/1.1" 200 93
186.103.158.250 - - [04/May/2018:09:57:21 -0300] "GET /cormun/servlet/hpexe_return? HTTP/1.1" 200 1007
186.103.158.250 - - [04/May/2018:09:57:21 -0300] "GET /cormun/static/gxcfg.js?2016101716175148 HTTP/1.1" 304 -
186.103.158.250 - - [04/May/2018:09:57:22 -0300] "GET /cormun/servlet/trsolicitudot HTTP/1.1" 200 8781
186.103.158.250 - - [04/May/2018:09:57:24 -0300] "GET /cormun/servlet/trsolicitudot HTTP/1.1" 200 8777
201.215.248.160 - - [04/May/2018:09:57:26 -0300] "POST /cormun/servlet/hlogin?513867ae7e9d4f455c414cf9060ac941,gx-no-cache=1525438658686 HTTP/1.1" 200 90
201.215.248.160 - - [04/May/2018:09:57:26 -0300] "GET /cormun/servlet/hpexe_link HTTP/1.1" 200 948
201.215.248.160 - - [04/May/2018:09:57:26 -0300] "GET /cormun/servlet/hhome HTTP/1.1" 200 3984
201.215.248.160 - - [04/May/2018:09:57:27 -0300] "GET /cormun/servlet/hhome HTTP/1.1" 200 3980
186.103.158.250 - - [04/May/2018:09:57:29 -0300] "POST /cormun/servlet/trsolicitudot?890af7087a65c6434b20977743f915c0,gx-no-cache=1525438589565 HTTP/1.1" 200 106
186.103.158.250 - - [04/May/2018:09:57:29 -0300] "GET /cormun/servlet/trsolicitudadjuntos?2018,11288, HTTP/1.1" 200 6296
186.103.158.250 - - [04/May/2018:09:57:29 -0300] "GET /cormun/static/gxcfg.js?20177612135366 HTTP/1.1" 304 -
186.103.158.250 - - [04/May/2018:09:57:29 -0300] "GET /cormun/static/trsolicitudadjuntos.js?20177612135632 HTTP/1.1" 304 -
201.215.248.160 - - [04/May/2018:09:57:30 -0300] "GET /cormun/servlet/trlicencias? HTTP/1.1" 200 11881
186.103.158.250 - - [04/May/2018:09:57:31 -0300] "GET /cormun/servlet/trsolicitudadjuntos?2018,11288, HTTP/1.1" 200 6296
201.215.248.160 - - [04/May/2018:09:57:31 -0300] "GET /cormun/servlet/trlicencias? HTTP/1.1" 200 11869
186.103.158.250 - - [04/May/2018:09:57:33 -0300] "GET /cormun/servlet/solicitudotadjuntos?INS,2018,11288,,1, HTTP/1.1" 200 6244
186.103.158.250 - - [04/May/2018:09:57:33 -0300] "GET /cormun/static/gxcfg.js?2017761244068 HTTP/1.1" 304 -
186.103.158.250 - - [04/May/2018:09:57:33 -0300] "GET /cormun/static/solicitudotadjuntos.js?2017761244086 HTTP/1.1" 304 -
186.103.158.250 - - [04/May/2018:09:57:33 -0300] "GET /cormun/static/about:blank HTTP/1.1" 404 1011
186.103.158.250 - - [04/May/2018:09:57:34 -0300] "GET /cormun/servlet/solicitudotadjuntos?INS,2018,11288,,1, HTTP/1.1" 200 6238
186.103.158.250 - - [04/May/2018:09:57:35 -0300] "GET /cormun/servlet/solicitudotadjuntos?2a9091ca2bba1865fdb595843a82d7c3bbcc07293d50de94c94ee16e06426898572f789895969769c0ce02d5fea37553,gx-no-cache=1525438595433 HTTP/1.1" 200 30
186.103.158.250 - - [04/May/2018:09:57:35 -0300] "POST /cormun/servlet/solicitudotadjuntos?890af7087a65c6434b20977743f915c0,INS,2018,11288,,1,,gx-no-cache=1525438595491 HTTP/1.1" 200 4020
186.103.158.250 - - [04/May/2018:09:57:40 -0300] "POST /cormun/servlet/solicitudotadjuntos?gx-no-cache=1525438600340 HTTP/1.1" 200 26
201.215.248.160 - - [04/May/2018:09:57:40 -0300] "GET /cormun/servlet/trpermisosgoce? HTTP/1.1" 200 10664
201.215.248.160 - - [04/May/2018:09:57:41 -0300] "GET /cormun/servlet/trpermisosgoce? HTTP/1.1" 200 10669
201.215.248.160 - - [04/May/2018:09:57:47 -0300] "GET /cormun/servlet/permisogoce?INS,0,,, HTTP/1.1" 200 6820
201.215.248.160 - - [04/May/2018:09:57:48 -0300] "GET /cormun/servlet/permisogoce?INS,0,,, HTTP/1.1" 200 6819
186.103.158.250 - - [04/May/2018:09:58:06 -0300] "GET /cormun/servlet/solicitudotadjuntos?2a9091ca2bba1865fdb595843a82d7c3665928723f5964030f40cb053ca430f2,gx-no-cache=1525438626453 HTTP/1.1" 200 30
186.103.158.250 - - [04/May/2018:09:58:06 -0300] "GET /cormun/servlet/solicitudotadjuntos?2a9091ca2bba1865fdb595843a82d7c3665928723f5964030f40cb053ca430f2,gx-no-cache=1525438626488 HTTP/1.1" 200 30
186.103.158.250 - - [04/May/2018:09:58:06 -0300] "POST /cormun/servlet/solicitudotadjuntos?890af7087a65c6434b20977743f915c0,INS,2018,11288,,1, HTTP/1.1" 200 116
186.103.158.250 - - [04/May/2018:09:58:06 -0300] "GET /cormun/servlet/hpexe_return? HTTP/1.1" 200 1027
186.103.158.250 - - [04/May/2018:09:58:07 -0300] "GET /cormun/servlet/trsolicitudadjuntos?2018,11288, HTTP/1.1" 200 8764
186.103.159.230 - - [04/May/2018:09:58:07 -0300] "POST /cormun/servlet/hlogin?95c5a94004e524afdf1485723d77e616,gx-no-cache=1525438638687 HTTP/1.1" 200 442
186.103.158.250 - - [04/May/2018:09:58:08 -0300] "GET /cormun/servlet/trsolicitudadjuntos?2018,11288, HTTP/1.1" 200 8758
186.103.159.230 - - [04/May/2018:09:58:12 -0300] "POST /cormun/servlet/hlogin?95c5a94004e524afdf1485723d77e616,gx-no-cache=1525438643112 HTTP/1.1" 200 90
186.103.159.230 - - [04/May/2018:09:58:12 -0300] "GET /cormun/servlet/hpexe_link HTTP/1.1" 200 945
186.103.159.230 - - [04/May/2018:09:58:12 -0300] "GET /cormun/static/gxcfg.js?20177612121792 HTTP/1.1" 200 953
186.103.159.230 - - [04/May/2018:09:58:12 -0300] "GET /cormun/static/hpexe_link.js?20177612121795 HTTP/1.1" 200 625
201.215.248.160 - - [04/May/2018:09:58:12 -0300] "GET /cormun/servlet/permisogoce?bb917a9aee6f1f414752f2854d44701985d5c1b10c3b86b043ea25f7e8ab5fab394b9668355f34b55d6601f65902afb0,gx-no-cache=1525438704646 HTTP/1.1" 200 80
186.103.159.230 - - [04/May/2018:09:58:12 -0300] "GET /cormun/static/Resources/Spanish/PXTools.css?1155365 HTTP/1.1" 200 89042
186.103.159.230 - - [04/May/2018:09:58:12 -0300] "GET /cormun/servlet/hhome HTTP/1.1" 200 4170
186.103.159.230 - - [04/May/2018:09:58:13 -0300] "GET /cormun/servlet/hhome HTTP/1.1" 200 4166
186.103.159.230 - - [04/May/2018:09:58:13 -0300] "GET /cormun/static/SmoothNavMenu/resources/images/down.gif HTTP/1.1" 200 854
186.103.159.230 - - [04/May/2018:09:58:13 -0300] "GET /cormun/static/SmoothNavMenu/resources/images/right.gif HTTP/1.1" 200 860
186.103.158.250 - - [04/May/2018:09:58:14 -0300] "GET /cormun/servlet/solicitudotadjuntos?INS,2018,11288,,1, HTTP/1.1" 200 6244
186.103.158.250 - - [04/May/2018:09:58:14 -0300] "GET /cormun/static/about:blank HTTP/1.1" 404 1011
186.103.158.250 - - [04/May/2018:09:58:15 -0300] "GET /cormun/servlet/solicitudotadjuntos?INS,2018,11288,,1, HTTP/1.1" 200 6238
186.103.158.250 - - [04/May/2018:09:58:16 -0300] "GET /cormun/servlet/solicitudotadjuntos?2a9091ca2bba1865fdb595843a82d7c3bbcc07293d50de94c94ee16e06426898572f789895969769c0ce02d5fea37553,gx-no-cache=1525438636456 HTTP/1.1" 200 30
186.103.158.250 - - [04/May/2018:09:58:16 -0300] "POST /cormun/servlet/solicitudotadjuntos?890af7087a65c6434b20977743f915c0,INS,2018,11288,,1,,gx-no-cache=1525438636499 HTTP/1.1" 200 4020
186.103.158.250 - - [04/May/2018:09:58:19 -0300] "POST /cormun/servlet/solicitudotadjuntos?gx-no-cache=1525438639655 HTTP/1.1" 200 26
200.73.230.197 - - [04/May/2018:09:58:22 -0300] "GET /cormun/servlet/hlogin HTTP/1.1" 200 1715
186.103.158.250 - - [04/May/2018:09:58:29 -0300] "GET /cormun/servlet/solicitudotadjuntos?2a9091ca2bba1865fdb595843a82d7c3665928723f5964030f40cb053ca430f2,gx-no-cache=1525438649834 HTTP/1.1" 200 30
186.103.158.250 - - [04/May/2018:09:58:29 -0300] "GET /cormun/servlet/solicitudotadjuntos?2a9091ca2bba1865fdb595843a82d7c3665928723f5964030f40cb053ca430f2,gx-no-cache=1525438649861 HTTP/1.1" 200 30
186.103.158.250 - - [04/May/2018:09:58:29 -0300] "POST /cormun/servlet/solicitudotadjuntos?890af7087a65c6434b20977743f915c0,INS,2018,11288,,1, HTTP/1.1" 200 116
186.103.158.250 - - [04/May/2018:09:58:29 -0300] "GET /cormun/servlet/hpexe_return? HTTP/1.1" 200 1027
186.103.159.230 - - [04/May/2018:09:58:30 -0300] "GET /cormun/servlet/trlicencias? HTTP/1.1" 200 9539
186.103.159.230 - - [04/May/2018:09:58:30 -0300] "GET /cormun/static/gxui/gxui-all.css?110300 HTTP/1.1" 200 2179
186.103.159.230 - - [04/May/2018:09:58:30 -0300] "GET /cormun/static/calendar-system.css?75620 HTTP/1.1" 200 5572
186.103.159.230 - - [04/May/2018:09:58:30 -0300] "GET /cormun/static/gxcfg.js?20176272054169 HTTP/1.1" 200 953
186.103.159.230 - - [04/May/2018:09:58:30 -0300] "GET /cormun/static/calendar.js?85251 HTTP/1.1" 200 26246
186.103.159.230 - - [04/May/2018:09:58:30 -0300] "GET /cormun/static/calendar-es.js?85251 HTTP/1.1" 200 1901
186.103.158.250 - - [04/May/2018:09:58:30 -0300] "GET /cormun/servlet/trsolicitudadjuntos?2018,11288, HTTP/1.1" 200 9043
186.103.159.230 - - [04/May/2018:09:58:30 -0300] "GET /cormun/static/Resources/Spanish/PXTools.css?17315867 HTTP/1.1" 200 89042
186.103.159.230 - - [04/May/2018:09:58:30 -0300] "GET /cormun/static/Shared/ext/resources/css/ext-all.css?205870 HTTP/1.1" 200 416045
186.103.159.230 - - [04/May/2018:09:58:30 -0300] "GET /cormun/static/calendar-setup.js?85251 HTTP/1.1" 200 2588
186.103.159.230 - - [04/May/2018:09:58:30 -0300] "GET /cormun/static/gxdec.js?85251 HTTP/1.1" 200 19579
186.103.159.230 - - [04/May/2018:09:58:30 -0300] "GET /cormun/static/trlicencias.js?20176272054837 HTTP/1.1" 200 41883
186.103.159.230 - - [04/May/2018:09:58:30 -0300] "GET /cormun/static/Resources/PXTools/calendar.png HTTP/1.1" 200 1306
186.103.159.230 - - [04/May/2018:09:58:30 -0300] "GET /cormun/static/Resources/PXToolsDataSearch.png HTTP/1.1" 200 419
186.103.159.230 - - [04/May/2018:09:58:30 -0300] "GET /cormun/static/Resources/PXToolsGridFirstDisabled.gif HTTP/1.1" 200 100
186.103.159.230 - - [04/May/2018:09:58:30 -0300] "GET /cormun/static/Resources/PXToolsGridPreviousDisabled.gif HTTP/1.1" 200 90
186.103.159.230 - - [04/May/2018:09:58:30 -0300] "GET /cormun/static/Resources/PXToolsGridNextDisabled.gif HTTP/1.1" 200 90
186.103.159.230 - - [04/May/2018:09:58:30 -0300] "GET /cormun/static/Resources/PXToolsGridLastDisabled.gif HTTP/1.1" 200 98
186.103.159.230 - - [04/May/2018:09:58:30 -0300] "GET /cormun/static/Resources/PXToolsGridPage.gif HTTP/1.1" 200 725
186.103.159.230 - - [04/May/2018:09:58:30 -0300] "GET /cormun/static/Resources/PXToolsActionExcel.png HTTP/1.1" 200 3187
186.103.159.230 - - [04/May/2018:09:58:30 -0300] "GET /cormun/static/Resources/PXToolsGridNew.png HTTP/1.1" 200 2949
186.103.159.230 - - [04/May/2018:09:58:30 -0300] "GET /cormun/static/Resources/desc.gif HTTP/1.1" 200 65
186.103.159.230 - - [04/May/2018:09:58:30 -0300] "GET /cormun/static/Resources/asc.gif HTTP/1.1" 200 67
186.103.159.230 - - [04/May/2018:09:58:30 -0300] "GET /cormun//static/Resources/PXTools/ActionInsert.png HTTP/1.1" 200 1482
186.103.159.230 - - [04/May/2018:09:58:30 -0300] "GET /cormun//static/Resources/PXToolsGridDisplay.png HTTP/1.1" 200 362
186.103.159.230 - - [04/May/2018:09:58:30 -0300] "GET /cormun//static/Resources/PXToolsActionDisabled.gif HTTP/1.1" 200 53
186.103.159.230 - - [04/May/2018:09:58:30 -0300] "GET /cormun//static/Resources/PXToolsActionPrint.png HTTP/1.1" 200 3317
186.103.159.230 - - [04/May/2018:09:58:31 -0300] "GET /cormun//static/Resources/PXToolsHeaderFavorites.png HTTP/1.1" 200 2744
186.103.159.230 - - [04/May/2018:09:58:31 -0300] "GET /cormun//static/Resources/PXToolsHeaderHelp.png HTTP/1.1" 200 4055
186.103.159.230 - - [04/May/2018:09:58:31 -0300] "GET /cormun/servlet/trlicencias? HTTP/1.1" 200 9537
186.103.159.230 - - [04/May/2018:09:58:31 -0300] "GET /cormun/static/Shared/ext/resources/themes/images/default/panel/bg-headersPanel.png HTTP/1.1" 200 255
186.103.159.230 - - [04/May/2018:09:58:31 -0300] "GET /cormun/static/Shared/ext/resources/themes/images/default/tools/tool-sprites.gif HTTP/1.1" 200 5434
186.103.158.250 - - [04/May/2018:09:58:31 -0300] "GET /cormun/servlet/trsolicitudadjuntos?2018,11288, HTTP/1.1" 200 9042
186.103.158.250 - - [04/May/2018:09:58:34 -0300] "GET /cormun/servlet/solicitudotadjuntos?INS,2018,11288,,1, HTTP/1.1" 200 6244
186.103.159.230 - - [04/May/2018:09:58:34 -0300] "GET /cormun/servlet/licenciaspermisos?INS,0,,, HTTP/1.1" 200 7702
186.103.159.230 - - [04/May/2018:09:58:34 -0300] "GET /cormun/static/gxcfg.js?201762917281167 HTTP/1.1" 200 953
186.103.159.230 - - [04/May/2018:09:58:34 -0300] "GET /cormun/static/Resources/prompt.gif HTTP/1.1" 200 902
186.103.159.230 - - [04/May/2018:09:58:34 -0300] "GET /cormun/static/licenciaspermisos.js?201762917281260 HTTP/1.1" 200 37491
186.103.158.250 - - [04/May/2018:09:58:34 -0300] "GET /cormun/static/about:blank HTTP/1.1" 404 1011
186.103.159.230 - - [04/May/2018:09:58:34 -0300] "GET /cormun/servlet/licenciaspermisos?INS,0,,, HTTP/1.1" 200 7710
186.103.158.250 - - [04/May/2018:09:58:35 -0300] "GET /cormun/servlet/solicitudotadjuntos?INS,2018,11288,,1, HTTP/1.1" 200 6238
186.103.158.250 - - [04/May/2018:09:58:36 -0300] "GET /cormun/servlet/solicitudotadjuntos?2a9091ca2bba1865fdb595843a82d7c3bbcc07293d50de94c94ee16e06426898572f789895969769c0ce02d5fea37553,gx-no-cache=1525438656323 HTTP/1.1" 200 30
186.103.158.250 - - [04/May/2018:09:58:36 -0300] "POST /cormun/servlet/solicitudotadjuntos?890af7087a65c6434b20977743f915c0,INS,2018,11288,,1,,gx-no-cache=1525438656366 HTTP/1.1" 200 4020
186.103.159.230 - - [04/May/2018:09:58:37 -0300] "GET /cormun/static/Resources/resize.gif HTTP/1.1" 200 77
186.103.159.230 - - [04/May/2018:09:58:37 -0300] "GET /cormun/servlet/prfichaempleado?,MD,,gxPopupLevel%3D0%3B HTTP/1.1" 200 9331
186.103.159.230 - - [04/May/2018:09:58:37 -0300] "GET /cormun/static/gxcfg.js?20177612134814 HTTP/1.1" 200 953
186.103.159.230 - - [04/May/2018:09:58:37 -0300] "GET /cormun/static/Resources/PXToolsMenuSearch.png HTTP/1.1" 200 2914
186.103.159.230 - - [04/May/2018:09:58:37 -0300] "GET /cormun/static/Resources/PXToolsMenuSearchCancel.png HTTP/1.1" 200 2972
186.103.159.230 - - [04/May/2018:09:58:37 -0300] "GET /cormun/static/menusearch.js?201610171694467 HTTP/1.1" 200 1424
186.103.159.230 - - [04/May/2018:09:58:37 -0300] "GET /cormun/static/prfichaempleado.js?20177612134999 HTTP/1.1" 200 16006
186.103.159.230 - - [04/May/2018:09:58:37 -0300] "GET /cormun/static/hmpwkw011.js?20177612121862 HTTP/1.1" 200 1968
200.54.247.70 - - [04/May/2018:09:58:38 -0300] "POST /cormun/servlet/trlicencias?4048112c085d9e54adcf81b1dc464502,gx-no-cache=1525438667156 HTTP/1.1" 200 10374
186.103.158.250 - - [04/May/2018:09:58:39 -0300] "POST /cormun/servlet/solicitudotadjuntos?gx-no-cache=1525438659586 HTTP/1.1" 200 26
186.103.159.230 - - [04/May/2018:09:58:52 -0300] "POST /cormun/servlet/prfichaempleado?95c5a94004e524afdf1485723d77e616,,MD,,gxPopupLevel%3D0%3B,gx-no-cache=1525438683458 HTTP/1.1" 200 3408
186.103.158.250 - - [04/May/2018:09:58:55 -0300] "GET /cormun/servlet/solicitudotadjuntos?2a9091ca2bba1865fdb595843a82d7c3665928723f5964030f40cb053ca430f2,gx-no-cache=1525438675562 HTTP/1.1" 200 30
186.103.158.250 - - [04/May/2018:09:58:55 -0300] "GET /cormun/servlet/solicitudotadjuntos?2a9091ca2bba1865fdb595843a82d7c3665928723f5964030f40cb053ca430f2,gx-no-cache=1525438675592 HTTP/1.1" 200 30
186.103.158.250 - - [04/May/2018:09:58:55 -0300] "POST /cormun/servlet/solicitudotadjuntos?890af7087a65c6434b20977743f915c0,INS,2018,11288,,1, HTTP/1.1" 200 116
186.103.158.250 - - [04/May/2018:09:58:55 -0300] "GET /cormun/servlet/hpexe_return? HTTP/1.1" 200 1027
186.103.158.250 - - [04/May/2018:09:58:55 -0300] "GET /cormun/servlet/trsolicitudadjuntos?2018,11288, HTTP/1.1" 200 9206
186.103.158.250 - - [04/May/2018:09:58:57 -0300] "GET /cormun/servlet/trsolicitudadjuntos?2018,11288, HTTP/1.1" 200 9205
200.73.230.197 - - [04/May/2018:09:58:59 -0300] "POST /cormun/servlet/hlogin?978cde6ea54c6ab9f19cb9f4ad9b358b,gx-no-cache=1525438680861 HTTP/1.1" 200 90
200.73.230.197 - - [04/May/2018:09:58:59 -0300] "GET /cormun/servlet/hpexe_link HTTP/1.1" 200 953
200.73.230.197 - - [04/May/2018:09:58:59 -0300] "GET /cormun/servlet/trlicencias HTTP/1.1" 200 8549
186.103.159.230 - - [04/May/2018:09:58:59 -0300] "GET /cormun/servlet/licenciaspermisos?c6b1b2fb76a53de741051e8a6f8270f388efbf2ccee8ebb9b31d8648656501060a0afaf8af166618b57e81b1694b93c2,gx-no-cache=1525438690664 HTTP/1.1" 200 83
186.103.159.230 - - [04/May/2018:09:58:59 -0300] "POST /cormun/servlet/licenciaspermisos?95c5a94004e524afdf1485723d77e616,INS,0,,,,gx-no-cache=1525438690724 HTTP/1.1" 200 4863
186.103.158.250 - - [04/May/2018:09:59:00 -0300] "GET /cormun/servlet/solicitudotadjuntos?INS,2018,11288,,1, HTTP/1.1" 200 6244
186.103.158.250 - - [04/May/2018:09:59:00 -0300] "GET /cormun/static/about:blank HTTP/1.1" 404 1011
201.215.248.160 - - [04/May/2018:09:59:01 -0300] "GET /cormun/servlet/permisogoce?bb917a9aee6f1f414752f2854d4470197bf1b9239055384457aeeb74124ba7c40668b7a8130168ae4d0187887ebb41d755cdbfae8113624df01841365870993e,gx-no-cache=1525438753405 HTTP/1.1" 200 46
200.73.230.197 - - [04/May/2018:09:59:01 -0300] "GET /cormun/servlet/trlicencias HTTP/1.1" 200 8547
186.103.158.250 - - [04/May/2018:09:59:01 -0300] "GET /cormun/servlet/solicitudotadjuntos?INS,2018,11288,,1, HTTP/1.1" 200 6238
186.103.158.250 - - [04/May/2018:09:59:02 -0300] "GET /cormun/servlet/solicitudotadjuntos?2a9091ca2bba1865fdb595843a82d7c3bbcc07293d50de94c94ee16e06426898572f789895969769c0ce02d5fea37553,gx-no-cache=1525438682505 HTTP/1.1" 200 30
186.103.158.250 - - [04/May/2018:09:59:02 -0300] "POST /cormun/servlet/solicitudotadjuntos?890af7087a65c6434b20977743f915c0,INS,2018,11288,,1,,gx-no-cache=1525438682547 HTTP/1.1" 200 4020
186.103.159.46 - - [04/May/2018:09:59:03 -0300] "GET /cormun/servlet/hlogin HTTP/1.1" 200 1710
186.103.158.250 - - [04/May/2018:09:59:07 -0300] "POST /cormun/servlet/solicitudotadjuntos?gx-no-cache=1525438687404 HTTP/1.1" 200 26
201.215.248.160 - - [04/May/2018:09:59:11 -0300] "POST /cormun/servlet/permisogoce?513867ae7e9d4f455c414cf9060ac941,INS,0,,,,gx-no-cache=1525438763440 HTTP/1.1" 200 93
201.215.248.160 - - [04/May/2018:09:59:11 -0300] "GET /cormun/servlet/hpexe_return? HTTP/1.1" 200 1007
201.215.248.160 - - [04/May/2018:09:59:11 -0300] "GET /cormun/servlet/trpermisosgoce HTTP/1.1" 200 10933
201.215.248.160 - - [04/May/2018:09:59:12 -0300] "GET /cormun/servlet/trpermisosgoce HTTP/1.1" 200 10928
186.103.159.46 - - [04/May/2018:09:59:15 -0300] "POST /cormun/servlet/hlogin?cc024f9a09972e6188e62e6ea77bad1c,gx-no-cache=1525438697059 HTTP/1.1" 200 90
186.103.159.46 - - [04/May/2018:09:59:15 -0300] "GET /cormun/servlet/hpexe_link HTTP/1.1" 200 938
186.103.159.46 - - [04/May/2018:09:59:15 -0300] "GET /cormun/servlet/hhome HTTP/1.1" 200 3956
186.103.158.250 - - [04/May/2018:09:59:15 -0300] "GET /cormun/servlet/solicitudotadjuntos?2a9091ca2bba1865fdb595843a82d7c3665928723f5964030f40cb053ca430f2,gx-no-cache=1525438695737 HTTP/1.1" 200 30
186.103.158.250 - - [04/May/2018:09:59:15 -0300] "GET /cormun/servlet/solicitudotadjuntos?2a9091ca2bba1865fdb595843a82d7c3665928723f5964030f40cb053ca430f2,gx-no-cache=1525438695773 HTTP/1.1" 200 30
186.103.158.250 - - [04/May/2018:09:59:15 -0300] "POST /cormun/servlet/solicitudotadjuntos?890af7087a65c6434b20977743f915c0,INS,2018,11288,,1, HTTP/1.1" 200 116
186.103.158.250 - - [04/May/2018:09:59:15 -0300] "GET /cormun/servlet/hpexe_return? HTTP/1.1" 200 1027
186.103.158.250 - - [04/May/2018:09:59:16 -0300] "GET /cormun/servlet/trsolicitudadjuntos?2018,11288, HTTP/1.1" 200 9444
186.103.159.46 - - [04/May/2018:09:59:17 -0300] "GET /cormun/servlet/hhome HTTP/1.1" 200 3952
186.103.158.250 - - [04/May/2018:09:59:17 -0300] "GET /cormun/servlet/trsolicitudadjuntos?2018,11288, HTTP/1.1" 200 9441
186.103.158.250 - - [04/May/2018:09:59:20 -0300] "GET /cormun/servlet/solicitudotadjuntos?INS,2018,11288,,1, HTTP/1.1" 200 6244
186.103.158.250 - - [04/May/2018:09:59:20 -0300] "GET /cormun/static/about:blank HTTP/1.1" 404 1011
186.103.158.250 - - [04/May/2018:09:59:21 -0300] "GET /cormun/servlet/solicitudotadjuntos?INS,2018,11288,,1, HTTP/1.1" 200 6238
186.103.158.250 - - [04/May/2018:09:59:22 -0300] "GET /cormun/servlet/solicitudotadjuntos?2a9091ca2bba1865fdb595843a82d7c3bbcc07293d50de94c94ee16e06426898572f789895969769c0ce02d5fea37553,gx-no-cache=1525438702213 HTTP/1.1" 200 30
186.103.158.250 - - [04/May/2018:09:59:22 -0300] "POST /cormun/servlet/solicitudotadjuntos?890af7087a65c6434b20977743f915c0,INS,2018,11288,,1,,gx-no-cache=1525438702262 HTTP/1.1" 200 4020
186.103.159.46 - - [04/May/2018:09:59:22 -0300] "GET /cormun/servlet/trlicencias? HTTP/1.1" 200 10539
186.103.161.206 - - [04/May/2018:09:59:23 -0300] "GET /cormun/servlet/trlicencias? HTTP/1.1" 200 11088
186.103.159.46 - - [04/May/2018:09:59:24 -0300] "GET /cormun/servlet/trlicencias? HTTP/1.1" 200 10536
186.103.161.206 - - [04/May/2018:09:59:24 -0300] "GET /cormun/servlet/trlicencias? HTTP/1.1" 200 11088
186.103.158.250 - - [04/May/2018:09:59:26 -0300] "POST /cormun/servlet/solicitudotadjuntos?gx-no-cache=1525438706624 HTTP/1.1" 200 26
186.103.158.250 - - [04/May/2018:09:59:27 -0300] "GET /cormun/servlet/solicitudotadjuntos?2a9091ca2bba1865fdb595843a82d7c3665928723f5964030f40cb053ca430f2,gx-no-cache=1525438707676 HTTP/1.1" 200 30
186.103.158.250 - - [04/May/2018:09:59:27 -0300] "GET /cormun/servlet/solicitudotadjuntos?2a9091ca2bba1865fdb595843a82d7c3665928723f5964030f40cb053ca430f2,gx-no-cache=1525438707702 HTTP/1.1" 200 30
186.103.158.250 - - [04/May/2018:09:59:27 -0300] "POST /cormun/servlet/solicitudotadjuntos?890af7087a65c6434b20977743f915c0,INS,2018,11288,,1,,gx-no-cache=1525438707731 HTTP/1.1" 200 93
186.103.158.250 - - [04/May/2018:09:59:27 -0300] "GET /cormun/servlet/hpexe_return? HTTP/1.1" 200 1027
186.103.158.250 - - [04/May/2018:09:59:27 -0300] "GET /cormun/servlet/trsolicitudadjuntos?2018,11288, HTTP/1.1" 200 9589
186.103.158.250 - - [04/May/2018:09:59:29 -0300] "GET /cormun/servlet/trsolicitudadjuntos?2018,11288, HTTP/1.1" 200 9588
186.103.159.46 - - [04/May/2018:09:59:30 -0300] "GET /cormun/servlet/licenciaspermisos?INS,0,,, HTTP/1.1" 200 7484
186.103.158.250 - - [04/May/2018:09:59:31 -0300] "GET /cormun/servlet/solicitudotadjuntos?INS,2018,11288,,1, HTTP/1.1" 200 6244
186.103.158.250 - - [04/May/2018:09:59:31 -0300] "GET /cormun/static/about:blank HTTP/1.1" 404 1011
186.103.159.46 - - [04/May/2018:09:59:32 -0300] "GET /cormun/servlet/licenciaspermisos?INS,0,,, HTTP/1.1" 200 7482
201.215.248.160 - - [04/May/2018:09:59:32 -0300] "GET /cormun/servlet/apermisogoceprn?8212761,P,20180504095443,PU HTTP/1.1" 200 1660
186.103.158.250 - - [04/May/2018:09:59:32 -0300] "GET /cormun/servlet/solicitudotadjuntos?INS,2018,11288,,1, HTTP/1.1" 200 6238
186.103.158.250 - - [04/May/2018:09:59:33 -0300] "GET /cormun/servlet/solicitudotadjuntos?2a9091ca2bba1865fdb595843a82d7c3bbcc07293d50de94c94ee16e06426898572f789895969769c0ce02d5fea37553,gx-no-cache=1525438713418 HTTP/1.1" 200 30
186.103.158.250 - - [04/May/2018:09:59:33 -0300] "POST /cormun/servlet/solicitudotadjuntos?890af7087a65c6434b20977743f915c0,INS,2018,11288,,1,,gx-no-cache=1525438713461 HTTP/1.1" 200 4020
186.103.161.206 - - [04/May/2018:09:59:33 -0300] "GET /cormun/servlet/licenciaspermisos?INS,0,,, HTTP/1.1" 200 7735
186.103.161.206 - - [04/May/2018:09:59:35 -0300] "GET /cormun/servlet/licenciaspermisos?INS,0,,, HTTP/1.1" 200 7744
186.103.158.250 - - [04/May/2018:09:59:38 -0300] "POST /cormun/servlet/solicitudotadjuntos?gx-no-cache=1525438718222 HTTP/1.1" 200 26
186.103.161.206 - - [04/May/2018:09:59:38 -0300] "GET /cormun/servlet/prfichaempleado?,MD,,gxPopupLevel%3D0%3B HTTP/1.1" 200 9368
186.103.158.250 - - [04/May/2018:09:59:45 -0300] "GET /cormun/servlet/solicitudotadjuntos?2a9091ca2bba1865fdb595843a82d7c3665928723f5964030f40cb053ca430f2,gx-no-cache=1525438725323 HTTP/1.1" 200 30
186.103.158.250 - - [04/May/2018:09:59:45 -0300] "GET /cormun/servlet/solicitudotadjuntos?2a9091ca2bba1865fdb595843a82d7c3665928723f5964030f40cb053ca430f2,gx-no-cache=1525438725370 HTTP/1.1" 200 30
186.103.158.250 - - [04/May/2018:09:59:45 -0300] "POST /cormun/servlet/solicitudotadjuntos?890af7087a65c6434b20977743f915c0,INS,2018,11288,,1, HTTP/1.1" 200 6408
186.103.158.250 - - [04/May/2018:09:59:45 -0300] "GET /home/sistema/apache-tomcat-7.0.65/webapps/cormun/PrivateTempStorage/upload_00033369.pdf HTTP/1.1" 404 1135
186.103.158.250 - - [04/May/2018:09:59:45 -0300] "GET /home/sistema/apache-tomcat-7.0.65/webapps/cormun/PrivateTempStorage/upload_00033369.pdf HTTP/1.1" 404 1135
186.103.158.250 - - [04/May/2018:09:59:45 -0300] "GET /cormun/static/Shared/jqueryui/images/ui-bg_highlight-soft_100_c6c2c8_1x100.png HTTP/1.1" 404 1117
186.103.158.250 - - [04/May/2018:09:59:45 -0300] "GET /cormun/static/Shared/jqueryui/images/ui-icons_82798d_256x240.png HTTP/1.1" 404 1089
186.103.158.250 - - [04/May/2018:09:59:45 -0300] "GET /cormun/static/Shared/jqueryui/images/ui-bg_flat_55_994d53_40x100.png HTTP/1.1" 404 1097
186.103.158.250 - - [04/May/2018:09:59:45 -0300] "GET /cormun/static/Shared/jqueryui/images/ui-icons_ebccce_256x240.png HTTP/1.1" 404 1089
186.103.158.250 - - [04/May/2018:09:59:45 -0300] "GET /cormun/PrivateTempStorage/upload_00033369.pdf HTTP/1.1" 200 394425
186.103.158.250 - - [04/May/2018:09:59:45 -0300] "GET /cormun/PrivateTempStorage/upload_00033369.pdf HTTP/1.1" 304 -
186.103.159.46 - - [04/May/2018:09:59:48 -0300] "GET /cormun/servlet/licenciaspermisos?2abcc8e0a8b2093b292746bdd08c0603c995431b132bb58fe190d2e570fbae4513fadaffb1c1dd5e97a2f77e9a781ae6,gx-no-cache=1525438730303 HTTP/1.1" 200 95
186.103.159.46 - - [04/May/2018:09:59:48 -0300] "POST /cormun/servlet/licenciaspermisos?cc024f9a09972e6188e62e6ea77bad1c,INS,0,,,,gx-no-cache=1525438730446 HTTP/1.1" 200 4681
186.103.158.250 - - [04/May/2018:09:59:50 -0300] "POST /cormun/servlet/solicitudotadjuntos?gx-no-cache=1525438730267 HTTP/1.1" 200 26
186.103.161.206 - - [04/May/2018:09:59:52 -0300] "POST /cormun/servlet/prfichaempleado?965caddb0163ad942a120dfac4386210,,MD,,gxPopupLevel%3D0%3B,gx-no-cache=1525438731649 HTTP/1.1" 200 3432
186.103.158.250 - - [04/May/2018:10:00:00 -0300] "GET /cormun/servlet/solicitudotadjuntos?2a9091ca2bba1865fdb595843a82d7c32cdce648b15d12d3c4029be312c1d1e2221b65bca55f63c75b24cb5a980793cf,gx-no-cache=1525438740766 HTTP/1.1" 200 30
186.103.158.250 - - [04/May/2018:10:00:00 -0300] "GET /cormun/servlet/solicitudotadjuntos?2a9091ca2bba1865fdb595843a82d7c38039295faad40925b629fee3e9fb0374221b65bca55f63c75b24cb5a980793cf,gx-no-cache=1525438740791 HTTP/1.1" 200 30
186.103.158.250 - - [04/May/2018:10:00:01 -0300] "POST /cormun/servlet/solicitudotadjuntos?890af7087a65c6434b20977743f915c0,INS,2018,11288,,1, HTTP/1.1" 200 116
186.103.158.250 - - [04/May/2018:10:00:01 -0300] "GET /cormun/servlet/hpexe_return? HTTP/1.1" 200 1027
186.103.158.250 - - [04/May/2018:10:00:01 -0300] "GET /cormun/servlet/trsolicitudadjuntos?2018,11288, HTTP/1.1" 200 9902
186.103.158.250 - - [04/May/2018:10:00:03 -0300] "GET /cormun/servlet/trsolicitudadjuntos?2018,11288, HTTP/1.1" 200 9905
186.103.158.250 - - [04/May/2018:10:00:12 -0300] "GET /cormun/servlet/trsolicitudot? HTTP/1.1" 200 8784
