192.168.10.97 - - [03/May/2018:08:35:43 -0300] "GET /cormun/servlet/solicitudgral?09f4088a478e1bfefa0c0455588865c363515858c3eb7115083322539296de207f6a7a358f0f0cdbe9f30430bbf70d8caa2661e88266113c008c800c7ce078a366564abc28f85e6dc817872ded6dfaad0074cdb19fdae43ff0dbb04d4b4373aa9b830fd9025eb0bea66c3f150f1fffdcd79490783a0e45e916174a6150a4fe985682cef6d5e819cdedca43e62c0d2317b02a9a71159d79360fb93f362aaf9ba4374a0fdebaf10347505014a4dd44afc4193dd09d30e39c25108eb7ec4d0f22e91378eac704e5534eea79efdd85375240eee09d26da16b05d2bab7221ecd9ed58de0a8880402b45e4039b1692fb213e8c7614a92ad039e9768f6905f35e1ccdecf6da72fa911cb794e1d9e304c01f2a6e9b7ec101da2bb3e03ce8d62ccab1bb5a4eaafeba31f1e596c8f54612954939e448dd34b062d780c86aa1cdce3cd0c6711e17c4d34943975e9af496b513c2ecae,gx-no-cache=1525347159044 HTTP/1.1" 200 297
192.168.10.97 - - [03/May/2018:08:36:00 -0300] "POST /cormun/servlet/solicitudgral?7cbe75880554212712feada80621ae2e,UPD,2018,11266,,gx-no-cache=1525347176368 HTTP/1.1" 200 93
192.168.10.97 - - [03/May/2018:08:36:00 -0300] "GET /cormun/servlet/hpexe_return? HTTP/1.1" 200 1018
192.168.10.97 - - [03/May/2018:08:36:00 -0300] "GET /cormun/static/gxcfg.js?2016101716175148 HTTP/1.1" 304 -
192.168.10.97 - - [03/May/2018:08:36:00 -0300] "GET /cormun/servlet/trsolicitudgral? HTTP/1.1" 200 12174
192.168.10.97 - - [03/May/2018:08:36:01 -0300] "GET /cormun/servlet/trsolicitudgral? HTTP/1.1" 200 12169
186.103.132.155 - - [03/May/2018:08:36:04 -0300] "POST /cormun/servlet/hlogin?09803b4f238fd2842a3c2f5b4c798076,gx-no-cache=1525347305562 HTTP/1.1" 200 90
186.103.132.155 - - [03/May/2018:08:36:04 -0300] "GET /cormun/servlet/hpexe_link HTTP/1.1" 200 944
186.103.132.155 - - [03/May/2018:08:36:04 -0300] "GET /cormun/servlet/hhome HTTP/1.1" 200 4210
192.168.10.97 - - [03/May/2018:08:36:05 -0300] "GET /cormun/servlet/solicitudgral?UPD,2018,11254, HTTP/1.1" 200 13019
186.103.132.155 - - [03/May/2018:08:36:05 -0300] "GET /cormun/servlet/hhome HTTP/1.1" 200 4206
192.168.10.97 - - [03/May/2018:08:36:05 -0300] "GET /cormun/servlet/solicitudgral?UPD,2018,11254, HTTP/1.1" 200 13029
192.168.10.97 - - [03/May/2018:08:36:06 -0300] "POST /cormun/servlet/solicitudgral?gx-no-cache=1525347181908 HTTP/1.1" 200 3857
192.168.10.97 - - [03/May/2018:08:36:06 -0300] "GET /cormun/servlet/solicitudgral?09f4088a478e1bfefa0c0455588865c363515858c3eb7115083322539296de207f6a7a358f0f0cdbe9f30430bbf70d8caa2661e88266113c008c800c7ce078a366564abc28f85e6dc817872ded6dfaad0074cdb19fdae43ff0dbb04d4b4373aa9b830fd9025eb0bea66c3f150f1fffdcd79490783a0e45e916174a6150a4fe985682cef6d5e819cdedca43e62c0d2317b02a9a71159d79360fb93f362aaf9ba4374a0fdebaf10347505014a4dd44afc4193dd09d30e39c25108eb7ec4d0f22e91378eac704e5534eea79efdd85375240eee09d26da16b05d2bab7221ecd9ed58de0a8880402b45e4039b1692fb213e8c7614a92ad039e9768f6905f35e1ccdecf6da72fa911cb794e1d9e304c01f2a6e9b7ec101da2bb3e03ce8d62ccab1bb5a4eaafeba31f1e596c8f54612954939e448dd34b062d780c86aa1cdce3cd0c6711e17c4d34943975e9af496b513c2ecae,gx-no-cache=1525347182009 HTTP/1.1" 200 297
186.103.161.206 - - [03/May/2018:08:36:11 -0300] "GET /cormun/servlet/trpermisosgoce? HTTP/1.1" 200 9354
186.103.161.206 - - [03/May/2018:08:36:12 -0300] "GET /cormun/servlet/trpermisosgoce? HTTP/1.1" 200 9352
186.67.203.186 - - [03/May/2018:08:36:22 -0300] "GET /cormun/servlet/trautorizarpermisogoce? HTTP/1.1" 200 7878
186.67.203.186 - - [03/May/2018:08:36:23 -0300] "GET /cormun/servlet/trautorizarpermisogoce? HTTP/1.1" 200 7878
200.111.191.210 - - [03/May/2018:08:36:24 -0300] "GET /cormun/servlet/prbanco?,MD,,gxPopupLevel%3D0%3B HTTP/1.1" 200 6592
186.67.203.186 - - [03/May/2018:08:36:26 -0300] "POST /cormun/servlet/trautorizarpermisogoce?09803b4f238fd2842a3c2f5b4c798076,,gx-no-cache=1525347327691 HTTP/1.1" 200 4346
186.67.203.186 - - [03/May/2018:08:36:26 -0300] "GET /cormun/static/Shared/jqueryui/images/ui-bg_highlight-soft_100_c6c2c8_1x100.png HTTP/1.1" 404 1117
186.103.161.206 - - [03/May/2018:08:36:26 -0300] "GET /cormun/static/Shared/jqueryui/images/ui-icons_82798d_256x240.png HTTP/1.1" 404 1089
200.72.197.82 - - [03/May/2018:08:36:26 -0300] "GET /cormun/static/Shared/jqueryui/images/ui-bg_flat_55_fafafa_40x100.png HTTP/1.1" 404 1097
200.111.122.170 - - [03/May/2018:08:36:26 -0300] "GET /cormun/static/Shared/jqueryui/images/ui-icons_8d78a5_256x240.png HTTP/1.1" 404 1089
200.111.191.210 - - [03/May/2018:08:36:27 -0300] "GET /cormun/servlet/solicitudot?37ca7600af6d0e20a2087df38907c0e660dcd7a2e1e50574b279fb8ff507f98826397e0df2c3b6d61b19f19cc2ba086705af2399c4e7f5750c89fdc2c262c332,gx-no-cache=1525347350815 HTTP/1.1" 200 30
192.168.10.97 - - [03/May/2018:08:36:28 -0300] "GET /cormun/servlet/solicitudgral?09f4088a478e1bfefa0c0455588865c35366e5c5061da2278035a5757da9c4d61af326b4c16525ba2587aa2762665692f6da72fa911cb794e1d9e304c01f2a6ee5572f2ccc812275093fee64f3d6381f599a5c7ffeec686b7613a61e1e2a486cc6d84c777f23b6a0fc3fc9d0cbd2e66d79f03af657419855961a150339bdb6b340bd42d0316731d3c5816899d3e5d6cc012c53078edfeae4cf1c185ccf10be7953b7b1e4d1d40731fc6e388d4e3b82a5ae287789a04177e2d21e0c9dec447700a12a72003e6ad53f9c4f342e1b674b40baa802b6a3fd4c5045e2bda0409bd15d0cde3eedc98e5596e79b5c6b4f4b76b7b585d6c97afb71d6bc1c8fa949b34ce94421adff97e475c4428fc3891765265e0c60bf145e86f6dd4d781bebe57c3930b11acb8449cfd860fe2aadd688e8ecf566b6582db2c788b6e495607487c6dcb9c6f4373f1b6a653f3d01ca994f5102a6209e96daa11141ddaf78b320fc6215904421adff97e475c4428fc3891765265eecee8d59f45179816f107c34ff88f5ac1703c72906b30c8278f2cc4de73c2ddd3587a5ef0c06fd5c626acc19b8a1afcec94e795fe8374935cdf4d655db25542b,gx-no-cache=1525347204744 HTTP/1.1" 200 48
192.168.10.97 - - [03/May/2018:08:36:28 -0300] "POST /cormun/servlet/solicitudgral?7cbe75880554212712feada80621ae2e,UPD,2018,11254,,gx-no-cache=1525347204766 HTTP/1.1" 200 11826
200.111.191.210 - - [03/May/2018:08:36:28 -0300] "GET /cormun/servlet/solicitudot?37ca7600af6d0e20a2087df38907c0e61e979200c90adc325f95521ece13b90c,gx-no-cache=1525347351752 HTTP/1.1" 200 53
192.168.10.97 - - [03/May/2018:08:36:28 -0300] "GET /cormun/servlet/solicitudgral?09f4088a478e1bfefa0c0455588865c38223025d87ae266b3475cc0d1c326b0d3bbb42aa4bfc0be86bcb9586daf0ff40040c3da80ad588e1ed06d72648fe989100cbe04c75bbe9e13037bbf8bcdbe96f742c7a7718a2346d928f48788a3ca9b5150066866f29be5bf45eb9242118d146,gx-no-cache=1525347204904 HTTP/1.1" 200 29
192.168.10.97 - - [03/May/2018:08:36:28 -0300] "POST /cormun/servlet/solicitudgral?gx-no-cache=1525347204920 HTTP/1.1" 200 1325
192.168.10.97 - - [03/May/2018:08:36:29 -0300] "POST /cormun/servlet/solicitudgral?gx-no-cache=1525347204946 HTTP/1.1" 200 1249
192.168.10.97 - - [03/May/2018:08:36:29 -0300] "POST /cormun/servlet/solicitudgral?7cbe75880554212712feada80621ae2e,UPD,2018,11254,,gx-no-cache=1525347204974 HTTP/1.1" 200 93
192.168.10.97 - - [03/May/2018:08:36:29 -0300] "GET /cormun/servlet/hpexe_return? HTTP/1.1" 200 1018
192.168.10.97 - - [03/May/2018:08:36:29 -0300] "GET /cormun/servlet/trsolicitudgral HTTP/1.1" 200 12174
192.168.10.97 - - [03/May/2018:08:36:29 -0300] "GET /cormun/servlet/trsolicitudgral HTTP/1.1" 200 12169
186.103.132.155 - - [03/May/2018:08:36:29 -0300] "GET /cormun/servlet/trpermisosgoce? HTTP/1.1" 200 9349
186.103.132.155 - - [03/May/2018:08:36:30 -0300] "GET /cormun/servlet/trpermisosgoce? HTTP/1.1" 200 9348
186.103.132.155 - - [03/May/2018:08:36:33 -0300] "GET /cormun/servlet/permisogoce?INS,0,,, HTTP/1.1" 200 7071
192.168.10.97 - - [03/May/2018:08:36:33 -0300] "GET /cormun/servlet/solicitudgral?UPD,2018,11253, HTTP/1.1" 200 13037
186.103.132.155 - - [03/May/2018:08:36:33 -0300] "GET /cormun/servlet/permisogoce?INS,0,,, HTTP/1.1" 200 7070
192.168.10.97 - - [03/May/2018:08:36:34 -0300] "GET /cormun/servlet/solicitudgral?UPD,2018,11253, HTTP/1.1" 200 13046
192.168.10.97 - - [03/May/2018:08:36:34 -0300] "POST /cormun/servlet/solicitudgral?gx-no-cache=1525347210551 HTTP/1.1" 200 3892
192.168.10.97 - - [03/May/2018:08:36:34 -0300] "GET /cormun/servlet/solicitudgral?09f4088a478e1bfefa0c0455588865c363515858c3eb7115083322539296de207f6a7a358f0f0cdbe9f30430bbf70d8caa2661e88266113c008c800c7ce078a366564abc28f85e6dc817872ded6dfaad0074cdb19fdae43ff0dbb04d4b4373aa9b830fd9025eb0bea66c3f150f1fffdcd79490783a0e45e916174a6150a4fe985682cef6d5e819cdedca43e62c0d2317b02a9a71159d79360fb93f362aaf9ba4374a0fdebaf10347505014a4dd44afc4193dd09d30e39c25108eb7ec4d0f22e91378eac704e5534eea79efdd85375240eee09d26da16b05d2bab7221ecd9ed58de0a8880402b45e4039b1692fb213e8c7614a92ad039e9768f6905f35e1ccdecf6da72fa911cb794e1d9e304c01f2a6e9b7ec101da2bb3e03ce8d62ccab1bb5a4eaafeba31f1e596c8f54612954939e448dd34b062d780c86aa1cdce3cd0c6711e17c4d34943975e9af496b513c2ecae,gx-no-cache=1525347210653 HTTP/1.1" 200 297
200.111.191.210 - - [03/May/2018:08:36:38 -0300] "POST /cormun/servlet/solicitudot?gx-no-cache=1525347361267 HTTP/1.1" 200 297
200.111.191.210 - - [03/May/2018:08:36:38 -0300] "GET /cormun/servlet/solicitudot?37ca7600af6d0e20a2087df38907c0e64d4c7d5d77a7057e7650f883a5e674d32c1409a03ece6e99b0ba1c3329347b593f7aad3939c9e7640f1117e3a50c12e222e8cad520e0cc2ffcab5b9379b654485e31e5221367c112fb9b5b59e33599bfe37c3144f862369688ef02840841d10ceb6b3d7d289fc1d986c10c97b20dd290857544b7aa59647d9f0f375aed987900781d0ed1b56c6a10a8e2d9ca60f7c63a90076cca8d18a1b5fe3f4f69379ee93a4e4168b4bf206eaa48f53042d7c54f2599cc46d5e5f22e0ccda27ee9554b509c4c5bdd76a188fa388c59a291f7f82651d0b429ee35703d131e6477a1bd26f146d1ad0b92872f6bbb3fcfced026b1899e1a572f0384bf6068f0daef11ef3d986ba0c52d829d2c7b43f523c09934b7e0c53dfb6d1ab45f94e25383a869ddeac5a6e6cc758e2f7c6212651c3aaa90ce667947fe382c421d0c55c101d2cafda2a54d3fdfe9b2fe563fd1ef70c2c555b7380ecc0d0f28c4cb0d4e875eba7da75500a026d38089f6961ca2e02ece551e9cd9a7b227ef82b2eda5d6e2ad55204b0b1374,gx-no-cache=1525347361298 HTTP/1.1" 200 30
200.111.191.210 - - [03/May/2018:08:36:39 -0300] "POST /cormun/servlet/solicitudot?gx-no-cache=1525347362607 HTTP/1.1" 200 30
200.111.191.210 - - [03/May/2018:08:36:41 -0300] "POST /cormun/servlet/solicitudot?gx-no-cache=1525347363863 HTTP/1.1" 200 1366
200.111.191.210 - - [03/May/2018:08:36:41 -0300] "POST /cormun/servlet/solicitudot?gx-no-cache=1525347363944 HTTP/1.1" 200 38
192.168.10.97 - - [03/May/2018:08:36:54 -0300] "POST /cormun/servlet/solicitudgral?7cbe75880554212712feada80621ae2e,UPD,2018,11253,,gx-no-cache=1525347230524 HTTP/1.1" 200 93
192.168.10.97 - - [03/May/2018:08:36:54 -0300] "GET /cormun/servlet/hpexe_return? HTTP/1.1" 200 1017
192.168.10.97 - - [03/May/2018:08:36:54 -0300] "GET /cormun/servlet/trsolicitudgral HTTP/1.1" 200 12174
192.168.10.97 - - [03/May/2018:08:36:55 -0300] "GET /cormun/servlet/trsolicitudgral HTTP/1.1" 200 12169
186.103.159.189 - - [03/May/2018:08:36:57 -0300] "GET /cormun/servlet/hlogin HTTP/1.1" 200 1708
186.103.159.189 - - [03/May/2018:08:36:58 -0300] "GET /cormun/servlet/hlogin HTTP/1.1" 200 1719
192.168.10.97 - - [03/May/2018:08:36:59 -0300] "GET /cormun/servlet/solicitudgral?UPD,2018,11241, HTTP/1.1" 200 13087
192.168.10.97 - - [03/May/2018:08:36:59 -0300] "GET /cormun/servlet/solicitudgral?UPD,2018,11241, HTTP/1.1" 200 13096
192.168.10.97 - - [03/May/2018:08:37:00 -0300] "POST /cormun/servlet/solicitudgral?gx-no-cache=1525347235954 HTTP/1.1" 200 3996
192.168.10.97 - - [03/May/2018:08:37:00 -0300] "GET /cormun/static/Shared/jqueryui/images/ui-bg_highlight-soft_100_c6c2c8_1x100.png HTTP/1.1" 404 1117
192.168.10.97 - - [03/May/2018:08:37:00 -0300] "GET /cormun/static/Shared/jqueryui/images/ui-icons_82798d_256x240.png HTTP/1.1" 404 1089
192.168.10.97 - - [03/May/2018:08:37:00 -0300] "GET /cormun/static/Shared/jqueryui/images/ui-bg_flat_55_994d53_40x100.png HTTP/1.1" 404 1097
192.168.10.97 - - [03/May/2018:08:37:00 -0300] "GET /cormun/static/Shared/jqueryui/images/ui-icons_ebccce_256x240.png HTTP/1.1" 404 1089
192.168.10.97 - - [03/May/2018:08:37:00 -0300] "GET /cormun/servlet/solicitudgral?09f4088a478e1bfefa0c0455588865c363515858c3eb7115083322539296de207f6a7a358f0f0cdbe9f30430bbf70d8caa2661e88266113c008c800c7ce078a366564abc28f85e6dc817872ded6dfaad0074cdb19fdae43ff0dbb04d4b4373aa9b830fd9025eb0bea66c3f150f1fffdcd79490783a0e45e916174a6150a4fe985682cef6d5e819cdedca43e62c0d2317b02a9a71159d79360fb93f362aaf9ba4374a0fdebaf10347505014a4dd44afc4193dd09d30e39c25108eb7ec4d0f22e91378eac704e5534eea79efdd85375240eee09d26da16b05d2bab7221ecd9ed58de0a8880402b45e4039b1692fb213e8c7614a92ad039e9768f6905f35e1ccdecf6da72fa911cb794e1d9e304c01f2a6e9b7ec101da2bb3e03ce8d62ccab1bb5a4eaafeba31f1e596c8f54612954939e448dd34b062d780c86aa1cdce3cd0c6711e17c4d34943975e9af496b513c2ecae,gx-no-cache=1525347236130 HTTP/1.1" 200 297
200.111.191.210 - - [03/May/2018:08:37:03 -0300] "GET /cormun/servlet/solicitudot?37ca7600af6d0e20a2087df38907c0e688031686955a133685460fb1137be780d7088cacec5405b76becd8d7911cd1b935d8503db2e95325c5ad1ee6902aa6c09c21013285868a82d1ed4b870f860750975a5ad06465c08f0d0d182bfe8c53f6233c8b030ecee77a751455be71a6951e,gx-no-cache=1525347386592 HTTP/1.1" 200 29
200.111.191.210 - - [03/May/2018:08:37:03 -0300] "POST /cormun/servlet/solicitudot?gx-no-cache=1525347386616 HTTP/1.1" 200 1349
200.111.191.210 - - [03/May/2018:08:37:03 -0300] "POST /cormun/servlet/solicitudot?gx-no-cache=1525347386656 HTTP/1.1" 200 1246
200.111.191.210 - - [03/May/2018:08:37:13 -0300] "GET /cormun/servlet/solicitudot?37ca7600af6d0e20a2087df38907c0e62297a333a2620328e0f321035000a4a10a47d471c66237fd4034111f3a783b13,gx-no-cache=1525347396720 HTTP/1.1" 200 30
200.72.197.82 - - [03/May/2018:08:37:13 -0300] "GET /cormun/servlet/prfichaempleado?,MD,,gxPopupLevel%3D0%3B HTTP/1.1" 200 9369
200.111.191.210 - - [03/May/2018:08:37:16 -0300] "POST /cormun/servlet/solicitudot?gx-no-cache=1525347398904 HTTP/1.1" 200 30
190.151.100.218 - - [03/May/2018:08:37:21 -0300] "POST /cormun/servlet/prfichaempleado?09803b4f238fd2842a3c2f5b4c798076,,MD,,gxPopupLevel%3D0%3B,gx-no-cache=1525347383109 HTTP/1.1" 200 6287
190.151.100.218 - - [03/May/2018:08:37:22 -0300] "GET /cormun/static/Resources/PXToolsGridNext.gif HTTP/1.1" 200 369
186.103.132.155 - - [03/May/2018:08:37:22 -0300] "GET /cormun/static/Resources/PXToolsGridLast.gif HTTP/1.1" 200 370
192.168.10.97 - - [03/May/2018:08:37:30 -0300] "POST /cormun/servlet/solicitudgral?7cbe75880554212712feada80621ae2e,UPD,2018,11241,,gx-no-cache=1525347266043 HTTP/1.1" 200 93
192.168.10.97 - - [03/May/2018:08:37:30 -0300] "GET /cormun/servlet/hpexe_return? HTTP/1.1" 200 1018
192.168.10.97 - - [03/May/2018:08:37:30 -0300] "GET /cormun/servlet/trsolicitudgral HTTP/1.1" 200 12174
200.111.191.210 - - [03/May/2018:08:37:30 -0300] "POST /cormun/servlet/solicitudot?ec24dfa54b592ba08a28e43dda96c7a0,INS,0,0,,gx-no-cache=1525347413166 HTTP/1.1" 200 93
200.111.191.210 - - [03/May/2018:08:37:30 -0300] "GET /cormun/servlet/hpexe_return? HTTP/1.1" 200 1005
192.168.10.97 - - [03/May/2018:08:37:30 -0300] "GET /cormun/servlet/trsolicitudgral HTTP/1.1" 200 12169
200.111.191.210 - - [03/May/2018:08:37:31 -0300] "GET /cormun/servlet/trsolicitudot HTTP/1.1" 200 8392
200.111.191.210 - - [03/May/2018:08:37:31 -0300] "GET /cormun/servlet/trsolicitudot HTTP/1.1" 200 8387
186.67.203.186 - - [03/May/2018:08:37:35 -0300] "GET /cormun/servlet/permisogoce?86cafc62156941c412ab5c3ae20e51ca8ec44f5b60d1efe5f3645d2a946b1d4a3c50fd686796f497da30913df84ceb0602ea96b432a960015148b61084359475,gx-no-cache=1525347396449 HTTP/1.1" 200 82
192.168.10.97 - - [03/May/2018:08:37:36 -0300] "GET /cormun/servlet/solicitudgral2?UPD,2018,11229, HTTP/1.1" 200 13116
192.168.10.97 - - [03/May/2018:08:37:36 -0300] "GET /cormun/static/gxcfg.js?20181911361990 HTTP/1.1" 304 -
192.168.10.97 - - [03/May/2018:08:37:36 -0300] "GET /cormun/static/solicitudgral2.js?20181911362067 HTTP/1.1" 304 -
192.168.10.97 - - [03/May/2018:08:37:36 -0300] "GET /cormun/servlet/solicitudgral2?UPD,2018,11229, HTTP/1.1" 200 13127
192.168.10.97 - - [03/May/2018:08:37:36 -0300] "POST /cormun/servlet/solicitudgral2?gx-no-cache=1525347272792 HTTP/1.1" 200 3912
192.168.10.97 - - [03/May/2018:08:37:36 -0300] "GET /cormun/servlet/solicitudgral2?09f4088a478e1bfefa0c0455588865c363515858c3eb7115083322539296de207f6a7a358f0f0cdbe9f30430bbf70d8caa2661e88266113c008c800c7ce078a366564abc28f85e6dc817872ded6dfaad0074cdb19fdae43ff0dbb04d4b4373aa9b830fd9025eb0bea66c3f150f1fffdcd79490783a0e45e916174a6150a4fe985682cef6d5e819cdedca43e62c0d2317b02a9a71159d79360fb93f362aaf9ba4374a0fdebaf10347505014a4dd44afc4193dd09d30e39c25108eb7ec4d0f22e91378eac704e5534eea79efdd85375240eee09d26da16b05d2bab7221ecd9ed58de0a8880402b45e4039b1692fb213e8c7614a92ad039e9768f6905f35e1ccdecf6da72fa911cb794e1d9e304c01f2a6e9b7ec101da2bb3e03ce8d62ccab1bb5a4eaafeba31f1e596c8f54612954939e448dd34b062d780c86aa1cdce3cd0c6711e17c4d34943975e9af496b513c2ecae,gx-no-cache=1525347272927 HTTP/1.1" 200 297
192.168.10.97 - - [03/May/2018:08:37:37 -0300] "POST /cormun/servlet/solicitudgral2?gx-no-cache=1525347272949 HTTP/1.1" 200 1427
192.168.10.97 - - [03/May/2018:08:37:37 -0300] "GET /cormun/servlet/solicitudgral2?09f4088a478e1bfefa0c0455588865c3afb46e81ab328dbafc7cd8c906e12c006ed8256771cc4daf9d3c860dd480f4afba3317be0d61ec9bd7bd737a62c98ec301093aff9487a50ee1bc47f982c323f18c1b7b92101b93dda6d10c5aef32cc22ddc4c38bb4dfccd4c6827e21dafda534,gx-no-cache=1525347272982 HTTP/1.1" 200 41
186.103.132.155 - - [03/May/2018:08:37:41 -0300] "GET /cormun/servlet/permisogoce?86cafc62156941c412ab5c3ae20e51ca038ac73cb2f5a0a493ac5c14458750ebe8046d55cecf7cf9e3e7cd7fd38b05d2c29754c5a5f7cbc9aeb3dd5a67ba5090,gx-no-cache=1525347402486 HTTP/1.1" 200 46
186.103.132.155 - - [03/May/2018:08:37:44 -0300] "POST /cormun/servlet/permisogoce?09803b4f238fd2842a3c2f5b4c798076,INS,0,,,,gx-no-cache=1525347405288 HTTP/1.1" 200 93
186.103.132.155 - - [03/May/2018:08:37:44 -0300] "GET /cormun/servlet/hpexe_return? HTTP/1.1" 200 1002
186.103.132.155 - - [03/May/2018:08:37:44 -0300] "GET /cormun/servlet/trpermisosgoce HTTP/1.1" 200 9606
186.103.132.155 - - [03/May/2018:08:37:45 -0300] "GET /cormun/servlet/trpermisosgoce HTTP/1.1" 200 9601
192.168.10.97 - - [03/May/2018:08:37:57 -0300] "POST /cormun/servlet/solicitudgral2?7cbe75880554212712feada80621ae2e,UPD,2018,11229,,gx-no-cache=1525347293414 HTTP/1.1" 200 93
192.168.10.97 - - [03/May/2018:08:37:57 -0300] "GET /cormun/servlet/hpexe_return? HTTP/1.1" 200 1019
192.168.10.97 - - [03/May/2018:08:37:57 -0300] "GET /cormun/servlet/trsolicitudgral HTTP/1.1" 200 12174
192.168.10.97 - - [03/May/2018:08:37:58 -0300] "GET /cormun/servlet/trsolicitudgral HTTP/1.1" 200 12169
186.103.132.155 - - [03/May/2018:08:37:59 -0300] "GET /cormun/servlet/apermisogoceprn?15002348,P,20180503083329,PU HTTP/1.1" 200 1659
192.168.10.97 - - [03/May/2018:08:38:01 -0300] "GET /cormun/servlet/solicitudgral?UPD,2018,11228, HTTP/1.1" 200 13036
192.168.10.97 - - [03/May/2018:08:38:01 -0300] "GET /cormun/servlet/solicitudgral?UPD,2018,11228, HTTP/1.1" 200 13045
192.168.10.97 - - [03/May/2018:08:38:02 -0300] "POST /cormun/servlet/solicitudgral?gx-no-cache=1525347297977 HTTP/1.1" 200 3916
192.168.10.97 - - [03/May/2018:08:38:02 -0300] "GET /cormun/servlet/solicitudgral?09f4088a478e1bfefa0c0455588865c363515858c3eb7115083322539296de207f6a7a358f0f0cdbe9f30430bbf70d8caa2661e88266113c008c800c7ce078a366564abc28f85e6dc817872ded6dfaad0074cdb19fdae43ff0dbb04d4b4373aa9b830fd9025eb0bea66c3f150f1fffdcd79490783a0e45e916174a6150a4fe985682cef6d5e819cdedca43e62c0d2317b02a9a71159d79360fb93f362aaf9ba4374a0fdebaf10347505014a4dd44afc4193dd09d30e39c25108eb7ec4d0f22e91378eac704e5534eea79efdd85375240eee09d26da16b05d2bab7221ecd9ed58de0a8880402b45e4039b1692fb213e8c7614a92ad039e9768f6905f35e1ccdecf6da72fa911cb794e1d9e304c01f2a6e9b7ec101da2bb3e03ce8d62ccab1bb5a4eaafeba31f1e596c8f54612954939e448dd34b062d780c86aa1cdce3cd0c6711e17c4d34943975e9af496b513c2ecae,gx-no-cache=1525347298078 HTTP/1.1" 200 297
192.168.10.97 - - [03/May/2018:08:38:16 -0300] "POST /cormun/servlet/solicitudgral?7cbe75880554212712feada80621ae2e,UPD,2018,11228,,gx-no-cache=1525347312677 HTTP/1.1" 200 93
192.168.10.97 - - [03/May/2018:08:38:16 -0300] "GET /cormun/servlet/hpexe_return? HTTP/1.1" 200 1018
192.168.10.97 - - [03/May/2018:08:38:16 -0300] "GET /cormun/servlet/trsolicitudgral HTTP/1.1" 200 12174
192.168.10.97 - - [03/May/2018:08:38:17 -0300] "GET /cormun/servlet/trsolicitudgral HTTP/1.1" 200 12169
192.168.10.97 - - [03/May/2018:08:38:28 -0300] "POST /cormun/servlet/trsolicitudgral?7cbe75880554212712feada80621ae2e,gx-no-cache=1525347324070 HTTP/1.1" 200 9188
200.111.191.210 - - [03/May/2018:08:38:30 -0300] "POST /cormun/servlet/trsolicitudot?ec24dfa54b592ba08a28e43dda96c7a0,gx-no-cache=1525347473519 HTTP/1.1" 200 106
200.111.191.210 - - [03/May/2018:08:38:30 -0300] "GET /cormun/servlet/trsolicitudadjuntos?2018,11272, HTTP/1.1" 200 6056
200.111.191.210 - - [03/May/2018:08:38:31 -0300] "GET /cormun/servlet/trsolicitudadjuntos?2018,11272, HTTP/1.1" 200 6056
200.111.191.210 - - [03/May/2018:08:38:32 -0300] "GET /cormun/servlet/solicitudotadjuntos?INS,2018,11272,,1, HTTP/1.1" 200 6003
200.111.191.210 - - [03/May/2018:08:38:33 -0300] "GET /cormun/static/about:blank HTTP/1.1" 404 1011
200.111.191.210 - - [03/May/2018:08:38:33 -0300] "GET /cormun/servlet/solicitudotadjuntos?INS,2018,11272,,1, HTTP/1.1" 200 5997
200.111.191.210 - - [03/May/2018:08:38:33 -0300] "GET /cormun/servlet/solicitudotadjuntos?37ca7600af6d0e20a2087df38907c0e63723a977d2c5f1a71dc6d5cbf2c85a23b5f689e849318c11ad20b11c7bd7ad6b,gx-no-cache=1525347476481 HTTP/1.1" 200 30
200.111.191.210 - - [03/May/2018:08:38:34 -0300] "POST /cormun/servlet/solicitudotadjuntos?ec24dfa54b592ba08a28e43dda96c7a0,INS,2018,11272,,1,,gx-no-cache=1525347476565 HTTP/1.1" 200 3784
192.168.10.56 - - [03/May/2018:08:38:35 -0300] "POST /cormun/servlet/hlogin?03925d1a1e2d24f4d21cd73ed1c81fb0,gx-no-cache=1525347331210 HTTP/1.1" 200 90
192.168.10.56 - - [03/May/2018:08:38:35 -0300] "GET /cormun/servlet/hpexe_link HTTP/1.1" 200 950
192.168.10.56 - - [03/May/2018:08:38:35 -0300] "GET /cormun/static/Resources/Spanish/PXTools.css?1155365 HTTP/1.1" 200 89042
192.168.10.56 - - [03/May/2018:08:38:35 -0300] "GET /cormun/static/gxcfg.js?20177612121792 HTTP/1.1" 200 953
192.168.10.56 - - [03/May/2018:08:38:35 -0300] "GET /cormun/static/hpexe_link.js?20177612121795 HTTP/1.1" 200 625
192.168.10.56 - - [03/May/2018:08:38:35 -0300] "GET /cormun/servlet/hhome HTTP/1.1" 200 4511
192.168.10.56 - - [03/May/2018:08:38:35 -0300] "GET /cormun/static/Shared/jqueryui/jquery-ui.min.css?1245370 HTTP/1.1" 200 30288
192.168.10.56 - - [03/May/2018:08:38:35 -0300] "GET /cormun/static/SmoothNavMenu/resources/ddsmoothmenu-v.css?1012540 HTTP/1.1" 200 1188
192.168.10.56 - - [03/May/2018:08:38:35 -0300] "GET /cormun/static/scaMessage/css/jquery.pnotify.default.css?1716380 HTTP/1.1" 200 1707
192.168.10.56 - - [03/May/2018:08:38:35 -0300] "GET /cormun/static/SmoothNavMenu/resources/ddsmoothmenu.css?1012540 HTTP/1.1" 200 2223
192.168.10.56 - - [03/May/2018:08:38:35 -0300] "GET /cormun/static/gxcfg.js?20175251212442 HTTP/1.1" 200 953
192.168.10.56 - - [03/May/2018:08:38:35 -0300] "GET /cormun/static/PXToolsJavascripts/pexe_autoreload.js HTTP/1.1" 200 1762
192.168.10.56 - - [03/May/2018:08:38:35 -0300] "GET /cormun/static/PXToolsJavascripts/pexe_cookies.js HTTP/1.1" 200 792
192.168.10.56 - - [03/May/2018:08:38:35 -0300] "GET /cormun/static/PXToolsJavascripts/pexe_grid.js HTTP/1.1" 200 7559
192.168.10.56 - - [03/May/2018:08:38:35 -0300] "GET /cormun/static/PXToolsJavascripts/pexe_windows.js HTTP/1.1" 200 15207
192.168.10.56 - - [03/May/2018:08:38:35 -0300] "GET /cormun/static/PXToolsJavascripts/pexe_griddivfix.js HTTP/1.1" 200 6644
192.168.10.56 - - [03/May/2018:08:38:35 -0300] "GET /cormun/static/PXToolsJavascripts/pexe_link.js HTTP/1.1" 200 5671
192.168.10.56 - - [03/May/2018:08:38:35 -0300] "GET /cormun/static/PXToolsJavascripts/pexe_menudivfix.js HTTP/1.1" 200 333
192.168.10.56 - - [03/May/2018:08:38:35 -0300] "GET /cormun/static/PXToolsJavascripts/pexe_menus.js HTTP/1.1" 200 1286
192.168.10.56 - - [03/May/2018:08:38:35 -0300] "GET /cormun/static/PXToolsJavascripts/pexe_layers.js HTTP/1.1" 200 4114
192.168.10.56 - - [03/May/2018:08:38:35 -0300] "GET /cormun/static/PXToolsJavascripts/pexe_oav.js HTTP/1.1" 200 645
192.168.10.56 - - [03/May/2018:08:38:35 -0300] "GET /cormun/static/PXToolsJavascripts/pexe_oavdivfix.js HTTP/1.1" 200 639
192.168.10.56 - - [03/May/2018:08:38:35 -0300] "GET /cormun/static/PXToolsJavascripts/pexe_picture.js HTTP/1.1" 200 689
192.168.10.56 - - [03/May/2018:08:38:35 -0300] "GET /cormun/static/PXToolsJavascripts/pexe_popup.js HTTP/1.1" 200 13458
192.168.10.56 - - [03/May/2018:08:38:35 -0300] "GET /cormun/static/PXToolsJavascripts/pexe_scrolldiv.js HTTP/1.1" 200 4138
192.168.10.56 - - [03/May/2018:08:38:35 -0300] "GET /cormun/static/PXToolsJavascripts/pexe_tabdivfix.js HTTP/1.1" 200 876
192.168.10.56 - - [03/May/2018:08:38:35 -0300] "GET /cormun/static/PXToolsJavascripts/pexe_tabs.js HTTP/1.1" 200 3748
192.168.10.56 - - [03/May/2018:08:38:35 -0300] "GET /cormun/static/PXToolsJavascripts/pexe_upload.js HTTP/1.1" 200 1423
192.168.10.56 - - [03/May/2018:08:38:35 -0300] "GET /cormun/static/PXToolsJavascripts/PXToolsJavascriptsRender.js HTTP/1.1" 200 367
200.111.191.210 - - [03/May/2018:08:38:35 -0300] "POST /cormun/servlet/solicitudotadjuntos?gx-no-cache=1525347478781 HTTP/1.1" 200 26
192.168.10.56 - - [03/May/2018:08:38:35 -0300] "GET /cormun/static/RunJS/RunJS.js HTTP/1.1" 200 288
192.168.10.56 - - [03/May/2018:08:38:35 -0300] "GET /cormun/static/Shared/ext/locale/ext-lang-en.js HTTP/1.1" 200 10940
192.168.10.56 - - [03/May/2018:08:38:35 -0300] "GET /cormun/static/hhome.js?20175251212450 HTTP/1.1" 200 777
192.168.10.56 - - [03/May/2018:08:38:35 -0300] "GET /cormun/static/hwchdr01.js?201752511465785 HTTP/1.1" 200 1183
192.168.10.56 - - [03/May/2018:08:38:36 -0300] "GET /cormun/static/gxui/gxui-all.js HTTP/1.1" 200 107772
192.168.10.56 - - [03/May/2018:08:38:36 -0300] "GET /cormun/static/hpexe_recentlink.js?20177611595044 HTTP/1.1" 200 2144
192.168.10.56 - - [03/May/2018:08:38:36 -0300] "GET /cormun/static/hpexe_scripts.js?201752511465715 HTTP/1.1" 200 1544
192.168.10.56 - - [03/May/2018:08:38:36 -0300] "GET /cormun/static/Resources/PXToolsHeaderPreferences.png HTTP/1.1" 200 4189
192.168.10.56 - - [03/May/2018:08:38:36 -0300] "GET /cormun/static/Resources/PXToolsFooterBackground2.png HTTP/1.1" 200 1172
192.168.10.56 - - [03/May/2018:08:38:36 -0300] "GET /cormun/static/Shared/ext/ext-all.js HTTP/1.1" 200 1289687
192.168.10.56 - - [03/May/2018:08:38:36 -0300] "GET /cormun/static/Resources/PXToolsHeaderBackground2.png HTTP/1.1" 200 1174
192.168.10.56 - - [03/May/2018:08:38:36 -0300] "GET /cormun/static/Resources/PXToolsDataTitle.png HTTP/1.1" 200 1173
192.168.10.56 - - [03/May/2018:08:38:36 -0300] "GET /cormun/static/Resources/PXToolsHeaderActionsBackground.png HTTP/1.1" 200 484
192.168.10.56 - - [03/May/2018:08:38:36 -0300] "GET /cormun/static/Resources/PXToolsHeaderActionsLeft.png HTTP/1.1" 200 1118
192.168.10.56 - - [03/May/2018:08:38:36 -0300] "GET /cormun/static/Resources/PXToolsHeaderLogin.png HTTP/1.1" 200 4279
192.168.10.56 - - [03/May/2018:08:38:36 -0300] "GET /cormun/static/Resources/PXToolsHeaderSecurity.png HTTP/1.1" 200 4166
192.168.10.56 - - [03/May/2018:08:38:36 -0300] "GET /cormun/static/Resources/PXToolsHeaderActionsRight.png HTTP/1.1" 200 1201
192.168.10.56 - - [03/May/2018:08:38:36 -0300] "GET /cormun/static/Resources/logo4.png HTTP/1.1" 200 6582
192.168.10.56 - - [03/May/2018:08:38:36 -0300] "GET /cormun/static/Resources/PXToolsHeaderHome.png HTTP/1.1" 200 4147
192.168.10.56 - - [03/May/2018:08:38:36 -0300] "GET /cormun/static/hpexe_messagecontroller.js?20177611595012 HTTP/1.1" 200 870
192.168.10.56 - - [03/May/2018:08:38:36 -0300] "GET /cormun/static/hpexe_messagepopupcomponent.js?20161017169425 HTTP/1.1" 200 605
192.168.10.56 - - [03/May/2018:08:38:36 -0300] "GET /cormun/static/hpexe_messagegenexuscomponent.js?201752511465344 HTTP/1.1" 200 587
192.168.10.56 - - [03/May/2018:08:38:36 -0300] "GET /cormun/static/cmcontrolpreferences.js?201752511465670 HTTP/1.1" 200 1375
192.168.10.56 - - [03/May/2018:08:38:36 -0300] "GET /cormun/static/Shared/jquery/jquery-1.4.2.min.js HTTP/1.1" 200 72174
192.168.10.56 - - [03/May/2018:08:38:36 -0300] "GET /cormun/static/Shared/jquery/jquery-1.10.2.min.js HTTP/1.1" 200 273199
192.168.10.56 - - [03/May/2018:08:38:36 -0300] "GET /cormun/static/SmoothNavMenu/resources/ddsmoothmenu.js HTTP/1.1" 200 12712
192.168.10.56 - - [03/May/2018:08:38:36 -0300] "GET /cormun/static/Shared/jqueryui/jquery-ui.min.js HTTP/1.1" 200 240427
192.168.10.56 - - [03/May/2018:08:38:36 -0300] "GET /cormun/static/SmoothNavMenu/resources/SmoothNavMenuRender.js HTTP/1.1" 200 5951
192.168.10.56 - - [03/May/2018:08:38:36 -0300] "GET /cormun/static/scaMessage/js/jquery.pnotify.min.js HTTP/1.1" 200 13038
192.168.10.56 - - [03/May/2018:08:38:36 -0300] "GET /cormun/static/scaMessage/scaMessageRender.js HTTP/1.1" 200 11977
192.168.10.56 - - [03/May/2018:08:38:37 -0300] "GET /cormun/static/hmpwkw03.js?20177612122668 HTTP/1.1" 200 3965
192.168.10.56 - - [03/May/2018:08:38:37 -0300] "GET /cormun/servlet/hhome HTTP/1.1" 200 4508
192.168.10.56 - - [03/May/2018:08:38:37 -0300] "GET /cormun/static/SmoothNavMenu/resources/images/right.gif HTTP/1.1" 200 860
192.168.10.56 - - [03/May/2018:08:38:37 -0300] "GET /cormun/static/SmoothNavMenu/resources/images/down.gif HTTP/1.1" 200 854
192.168.10.97 - - [03/May/2018:08:38:39 -0300] "GET /cormun/servlet/solicitudgral2?UPD,2018,11252, HTTP/1.1" 200 13134
192.168.10.97 - - [03/May/2018:08:38:40 -0300] "GET /cormun/servlet/solicitudgral2?UPD,2018,11252, HTTP/1.1" 200 13144
192.168.10.56 - - [03/May/2018:08:38:40 -0300] "GET /cormun/servlet/trsolicitudgral? HTTP/1.1" 200 28687
192.168.10.56 - - [03/May/2018:08:38:40 -0300] "GET /cormun/static/gxui/gxui-all.css?120300 HTTP/1.1" 200 2179
192.168.10.56 - - [03/May/2018:08:38:40 -0300] "GET /cormun/static/calendar-system.css?85620 HTTP/1.1" 200 5572
192.168.10.56 - - [03/May/2018:08:38:40 -0300] "GET /cormun/static/gxcfg.js?201813119461163 HTTP/1.1" 200 953
192.168.10.56 - - [03/May/2018:08:38:40 -0300] "GET /cormun/static/calendar.js?85251 HTTP/1.1" 200 26246
192.168.10.56 - - [03/May/2018:08:38:40 -0300] "GET /cormun/static/Resources/Spanish/PXTools.css?1255365 HTTP/1.1" 200 89042
192.168.10.56 - - [03/May/2018:08:38:40 -0300] "GET /cormun/static/calendar-setup.js?85251 HTTP/1.1" 200 2588
192.168.10.56 - - [03/May/2018:08:38:40 -0300] "GET /cormun/static/Shared/ext/resources/css/ext-all.css?215870 HTTP/1.1" 200 416045
192.168.10.56 - - [03/May/2018:08:38:40 -0300] "GET /cormun/static/calendar-es.js?85251 HTTP/1.1" 200 1901
192.168.10.56 - - [03/May/2018:08:38:40 -0300] "GET /cormun/static/gxdec.js?85251 HTTP/1.1" 200 19579
192.168.10.56 - - [03/May/2018:08:38:40 -0300] "GET /cormun/static/trsolicitudgral.js?201813119462015 HTTP/1.1" 200 55173
192.168.10.56 - - [03/May/2018:08:38:40 -0300] "GET /cormun/static/Resources/PXTools/calendar.png HTTP/1.1" 200 1306
192.168.10.56 - - [03/May/2018:08:38:40 -0300] "GET /cormun/static/Resources/PXToolsDataSearch.png HTTP/1.1" 200 419
192.168.10.56 - - [03/May/2018:08:38:40 -0300] "GET /cormun/static/Resources/PXToolsGridFirstDisabled.gif HTTP/1.1" 200 100
192.168.10.56 - - [03/May/2018:08:38:40 -0300] "GET /cormun/static/Resources/PXToolsGridPreviousDisabled.gif HTTP/1.1" 200 90
192.168.10.56 - - [03/May/2018:08:38:40 -0300] "GET /cormun/static/Resources/PXToolsGridNextDisabled.gif HTTP/1.1" 200 90
192.168.10.56 - - [03/May/2018:08:38:40 -0300] "GET /cormun/static/Resources/PXToolsGridLastDisabled.gif HTTP/1.1" 200 98
192.168.10.56 - - [03/May/2018:08:38:40 -0300] "GET /cormun/static/Resources/PXToolsGridPage.gif HTTP/1.1" 200 725
192.168.10.56 - - [03/May/2018:08:38:40 -0300] "GET /cormun/static/Resources/PXToolsActionExcel.png HTTP/1.1" 200 3187
192.168.10.97 - - [03/May/2018:08:38:40 -0300] "POST /cormun/servlet/solicitudgral2?gx-no-cache=1525347336597 HTTP/1.1" 200 3915
192.168.10.56 - - [03/May/2018:08:38:40 -0300] "GET /cormun/static/Resources/PXToolsAddAllStandardAction.png HTTP/1.1" 200 628
192.168.10.97 - - [03/May/2018:08:38:40 -0300] "GET /cormun/servlet/solicitudgral2?09f4088a478e1bfefa0c0455588865c363515858c3eb7115083322539296de2026a260019789621cf63d50c21c72b1d9aa2661e88266113c008c800c7ce078a366564abc28f85e6dc817872ded6dfaad0074cdb19fdae43ff0dbb04d4b4373aa9b830fd9025eb0bea66c3f150f1fffdcd79490783a0e45e916174a6150a4fe985682cef6d5e819cdedca43e62c0d2317b02a9a71159d79360fb93f362aaf9ba4374a0fdebaf10347505014a4dd44afc4193dd09d30e39c25108eb7ec4d0f22e91378eac704e5534eea79efdd85375240eee09d26da16b05d2bab7221ecd9ed58de0a8880402b45e4039b1692fb213e8c7614a92ad039e9768f6905f35e1ccdecf6da72fa911cb794e1d9e304c01f2a6e9b7ec101da2bb3e03ce8d62ccab1bb5a4eaafeba31f1e596c8f54612954939e448dd34b062d780c86aa1cdce3cd0c6711e17c4d34943975e9af496b513c2ecae,gx-no-cache=1525347336700 HTTP/1.1" 200 255
192.168.10.97 - - [03/May/2018:08:38:40 -0300] "POST /cormun/servlet/solicitudgral2?gx-no-cache=1525347336722 HTTP/1.1" 200 1427
192.168.10.56 - - [03/May/2018:08:38:40 -0300] "GET /cormun/static/Resources/PXToolsRemoveAllStandardAction.png HTTP/1.1" 200 495
192.168.10.97 - - [03/May/2018:08:38:40 -0300] "GET /cormun/servlet/solicitudgral2?09f4088a478e1bfefa0c0455588865c3afb46e81ab328dbafc7cd8c906e12c006ed8256771cc4daf9d3c860dd480f4afba3317be0d61ec9bd7bd737a62c98ec301093aff9487a50ee1bc47f982c323f18c1b7b92101b93dda6d10c5aef32cc22ddc4c38bb4dfccd4c6827e21dafda534,gx-no-cache=1525347336756 HTTP/1.1" 200 41
192.168.10.56 - - [03/May/2018:08:38:41 -0300] "GET /cormun/static/Resources/asc.gif HTTP/1.1" 200 67
192.168.10.56 - - [03/May/2018:08:38:41 -0300] "GET /cormun//static/Resources/PXToolsGridUpdate.png HTTP/1.1" 200 2984
192.168.10.56 - - [03/May/2018:08:38:41 -0300] "GET /cormun//static/Resources/PXToolsGridDelete.png HTTP/1.1" 200 357
192.168.10.56 - - [03/May/2018:08:38:41 -0300] "GET /cormun/static/Resources/desc.gif HTTP/1.1" 200 65
192.168.10.56 - - [03/May/2018:08:38:41 -0300] "GET /cormun/static/Shared/ext/resources/themes/images/default/panel/bg-headersPanel.png HTTP/1.1" 200 255
192.168.10.56 - - [03/May/2018:08:38:41 -0300] "GET /cormun/static/Shared/ext/resources/themes/images/default/tools/tool-sprites.gif HTTP/1.1" 200 5434
192.168.10.56 - - [03/May/2018:08:38:41 -0300] "GET /cormun/servlet/trsolicitudgral? HTTP/1.1" 200 28685
186.103.159.186 - - [03/May/2018:08:38:42 -0300] "GET /cormun/servlet/trlicencias? HTTP/1.1" 200 8407
192.168.10.56 - - [03/May/2018:08:38:42 -0300] "GET /cormun/static/menuarrow.gif HTTP/1.1" 404 1015
186.103.159.186 - - [03/May/2018:08:38:42 -0300] "GET /cormun/static/gxcfg.js?20176272054169 HTTP/1.1" 200 953
186.103.159.186 - - [03/May/2018:08:38:43 -0300] "GET /cormun/static/trlicencias.js?20176272054837 HTTP/1.1" 200 41883
186.103.159.186 - - [03/May/2018:08:38:45 -0300] "GET /cormun/servlet/trlicencias? HTTP/1.1" 200 8406
200.111.191.210 - - [03/May/2018:08:38:46 -0300] "GET /cormun/servlet/solicitudotadjuntos?37ca7600af6d0e20a2087df38907c0e6bb4cf3def29c7b9e3a06dd48511b089f,gx-no-cache=1525347489712 HTTP/1.1" 200 30
200.111.191.210 - - [03/May/2018:08:38:46 -0300] "GET /cormun/servlet/solicitudotadjuntos?37ca7600af6d0e20a2087df38907c0e6bb4cf3def29c7b9e3a06dd48511b089f,gx-no-cache=1525347489755 HTTP/1.1" 200 30
200.111.191.210 - - [03/May/2018:08:38:48 -0300] "POST /cormun/servlet/solicitudotadjuntos?ec24dfa54b592ba08a28e43dda96c7a0,INS,2018,11272,,1, HTTP/1.1" 200 116
200.111.191.210 - - [03/May/2018:08:38:48 -0300] "GET /cormun/servlet/hpexe_return? HTTP/1.1" 200 1025
200.111.191.210 - - [03/May/2018:08:38:48 -0300] "GET /cormun/servlet/trsolicitudadjuntos?2018,11272, HTTP/1.1" 200 8472
200.111.191.210 - - [03/May/2018:08:38:48 -0300] "GET /cormun/servlet/trsolicitudadjuntos?2018,11272, HTTP/1.1" 200 8469
192.168.10.56 - - [03/May/2018:08:38:50 -0300] "POST /cormun/servlet/trsolicitudgral?03925d1a1e2d24f4d21cd73ed1c81fb0,,gx-no-cache=1525347345979 HTTP/1.1" 200 8918
200.111.191.210 - - [03/May/2018:08:38:50 -0300] "GET /cormun/servlet/solicitudotadjuntos?INS,2018,11272,,1, HTTP/1.1" 200 6003
192.168.10.97 - - [03/May/2018:08:38:50 -0300] "POST /cormun/servlet/solicitudgral2?7cbe75880554212712feada80621ae2e,UPD,2018,11252,,gx-no-cache=1525347346606 HTTP/1.1" 200 93
192.168.10.97 - - [03/May/2018:08:38:50 -0300] "GET /cormun/servlet/hpexe_return? HTTP/1.1" 200 1038
200.111.191.210 - - [03/May/2018:08:38:50 -0300] "GET /cormun/static/about:blank HTTP/1.1" 404 1011
192.168.10.97 - - [03/May/2018:08:38:50 -0300] "GET /cormun/servlet/trsolicitudgral?gx-no-cache=1525347324070 HTTP/1.1" 200 12300
200.111.191.210 - - [03/May/2018:08:38:51 -0300] "GET /cormun/servlet/solicitudotadjuntos?INS,2018,11272,,1, HTTP/1.1" 200 5997
200.111.191.210 - - [03/May/2018:08:38:51 -0300] "GET /cormun/servlet/solicitudotadjuntos?37ca7600af6d0e20a2087df38907c0e63723a977d2c5f1a71dc6d5cbf2c85a23b5f689e849318c11ad20b11c7bd7ad6b,gx-no-cache=1525347494324 HTTP/1.1" 200 30
192.168.10.97 - - [03/May/2018:08:38:51 -0300] "GET /cormun/servlet/trsolicitudgral?gx-no-cache=1525347324070 HTTP/1.1" 200 12318
200.111.191.210 - - [03/May/2018:08:38:52 -0300] "POST /cormun/servlet/solicitudotadjuntos?ec24dfa54b592ba08a28e43dda96c7a0,INS,2018,11272,,1,,gx-no-cache=1525347494388 HTTP/1.1" 200 3784
200.111.191.210 - - [03/May/2018:08:38:53 -0300] "POST /cormun/servlet/solicitudotadjuntos?gx-no-cache=1525347496407 HTTP/1.1" 200 26
200.111.191.210 - - [03/May/2018:08:38:59 -0300] "GET /cormun/servlet/solicitudotadjuntos?37ca7600af6d0e20a2087df38907c0e6bb4cf3def29c7b9e3a06dd48511b089f,gx-no-cache=1525347501951 HTTP/1.1" 200 30
200.111.191.210 - - [03/May/2018:08:38:59 -0300] "GET /cormun/servlet/solicitudotadjuntos?37ca7600af6d0e20a2087df38907c0e6bb4cf3def29c7b9e3a06dd48511b089f,gx-no-cache=1525347501994 HTTP/1.1" 200 30
200.111.191.210 - - [03/May/2018:08:39:03 -0300] "POST /cormun/servlet/solicitudotadjuntos?ec24dfa54b592ba08a28e43dda96c7a0,INS,2018,11272,,1, HTTP/1.1" 200 116
200.111.191.210 - - [03/May/2018:08:39:03 -0300] "GET /cormun/servlet/hpexe_return? HTTP/1.1" 200 1025
200.111.191.210 - - [03/May/2018:08:39:04 -0300] "GET /cormun/servlet/trsolicitudadjuntos?2018,11272, HTTP/1.1" 200 8685
200.111.191.210 - - [03/May/2018:08:39:04 -0300] "GET /cormun/servlet/trsolicitudadjuntos?2018,11272, HTTP/1.1" 200 8685
200.111.191.210 - - [03/May/2018:08:39:06 -0300] "GET /cormun/servlet/solicitudotadjuntos?INS,2018,11272,,1, HTTP/1.1" 200 6002
200.111.191.210 - - [03/May/2018:08:39:06 -0300] "GET /cormun/static/about:blank HTTP/1.1" 404 1011
200.111.191.210 - - [03/May/2018:08:39:06 -0300] "GET /cormun/servlet/solicitudotadjuntos?INS,2018,11272,,1, HTTP/1.1" 200 5996
200.111.191.210 - - [03/May/2018:08:39:06 -0300] "GET /cormun/servlet/solicitudotadjuntos?37ca7600af6d0e20a2087df38907c0e63723a977d2c5f1a71dc6d5cbf2c85a23b5f689e849318c11ad20b11c7bd7ad6b,gx-no-cache=1525347509851 HTTP/1.1" 200 30
200.111.191.210 - - [03/May/2018:08:39:07 -0300] "POST /cormun/servlet/solicitudotadjuntos?ec24dfa54b592ba08a28e43dda96c7a0,INS,2018,11272,,1,,gx-no-cache=1525347509896 HTTP/1.1" 200 3783
200.111.191.210 - - [03/May/2018:08:39:08 -0300] "POST /cormun/servlet/solicitudotadjuntos?gx-no-cache=1525347511544 HTTP/1.1" 200 26
200.111.191.210 - - [03/May/2018:08:39:13 -0300] "GET /cormun/servlet/solicitudotadjuntos?37ca7600af6d0e20a2087df38907c0e6bb4cf3def29c7b9e3a06dd48511b089f,gx-no-cache=1525347516160 HTTP/1.1" 200 30
200.111.191.210 - - [03/May/2018:08:39:13 -0300] "GET /cormun/servlet/solicitudotadjuntos?37ca7600af6d0e20a2087df38907c0e6bb4cf3def29c7b9e3a06dd48511b089f,gx-no-cache=1525347516207 HTTP/1.1" 200 30
200.111.191.210 - - [03/May/2018:08:39:15 -0300] "POST /cormun/servlet/solicitudotadjuntos?ec24dfa54b592ba08a28e43dda96c7a0,INS,2018,11272,,1, HTTP/1.1" 200 116
200.111.191.210 - - [03/May/2018:08:39:15 -0300] "GET /cormun/servlet/hpexe_return? HTTP/1.1" 200 1025
200.111.191.210 - - [03/May/2018:08:39:15 -0300] "GET /cormun/servlet/trsolicitudadjuntos?2018,11272, HTTP/1.1" 200 8875
200.111.191.210 - - [03/May/2018:08:39:16 -0300] "GET /cormun/servlet/trsolicitudadjuntos?2018,11272, HTTP/1.1" 200 8875
200.111.191.210 - - [03/May/2018:08:39:18 -0300] "GET /cormun/servlet/solicitudotadjuntos?INS,2018,11272,,1, HTTP/1.1" 200 6002
200.111.191.210 - - [03/May/2018:08:39:18 -0300] "GET /cormun/static/about:blank HTTP/1.1" 404 1011
200.111.191.210 - - [03/May/2018:08:39:18 -0300] "GET /cormun/servlet/solicitudotadjuntos?INS,2018,11272,,1, HTTP/1.1" 200 5996
200.111.191.210 - - [03/May/2018:08:39:18 -0300] "GET /cormun/servlet/solicitudotadjuntos?37ca7600af6d0e20a2087df38907c0e63723a977d2c5f1a71dc6d5cbf2c85a23b5f689e849318c11ad20b11c7bd7ad6b,gx-no-cache=1525347521584 HTTP/1.1" 200 30
200.111.191.210 - - [03/May/2018:08:39:18 -0300] "POST /cormun/servlet/solicitudotadjuntos?ec24dfa54b592ba08a28e43dda96c7a0,INS,2018,11272,,1,,gx-no-cache=1525347521636 HTTP/1.1" 200 3783
200.111.191.210 - - [03/May/2018:08:39:21 -0300] "POST /cormun/servlet/solicitudotadjuntos?gx-no-cache=1525347523919 HTTP/1.1" 200 26
200.111.191.210 - - [03/May/2018:08:39:33 -0300] "GET /cormun/servlet/solicitudotadjuntos?37ca7600af6d0e20a2087df38907c0e6bb4cf3def29c7b9e3a06dd48511b089f,gx-no-cache=1525347536596 HTTP/1.1" 200 30
200.111.191.210 - - [03/May/2018:08:39:33 -0300] "GET /cormun/servlet/solicitudotadjuntos?37ca7600af6d0e20a2087df38907c0e6bb4cf3def29c7b9e3a06dd48511b089f,gx-no-cache=1525347536642 HTTP/1.1" 200 30
200.111.191.210 - - [03/May/2018:08:39:35 -0300] "POST /cormun/servlet/solicitudotadjuntos?ec24dfa54b592ba08a28e43dda96c7a0,INS,2018,11272,,1, HTTP/1.1" 200 116
200.111.191.210 - - [03/May/2018:08:39:35 -0300] "GET /cormun/servlet/hpexe_return? HTTP/1.1" 200 1025
200.111.191.210 - - [03/May/2018:08:39:36 -0300] "GET /cormun/servlet/trsolicitudadjuntos?2018,11272, HTTP/1.1" 200 9056
200.111.191.210 - - [03/May/2018:08:39:37 -0300] "GET /cormun/servlet/trsolicitudadjuntos?2018,11272, HTTP/1.1" 200 9055
200.111.191.210 - - [03/May/2018:08:39:39 -0300] "GET /cormun/servlet/solicitudotadjuntos?INS,2018,11272,,1, HTTP/1.1" 200 6002
200.111.191.210 - - [03/May/2018:08:39:39 -0300] "GET /cormun/static/about:blank HTTP/1.1" 404 1011
200.111.191.210 - - [03/May/2018:08:39:39 -0300] "GET /cormun/servlet/solicitudotadjuntos?INS,2018,11272,,1, HTTP/1.1" 200 5996
200.111.191.210 - - [03/May/2018:08:39:40 -0300] "GET /cormun/servlet/solicitudotadjuntos?37ca7600af6d0e20a2087df38907c0e63723a977d2c5f1a71dc6d5cbf2c85a23b5f689e849318c11ad20b11c7bd7ad6b,gx-no-cache=1525347542738 HTTP/1.1" 200 30
200.111.191.210 - - [03/May/2018:08:39:40 -0300] "POST /cormun/servlet/solicitudotadjuntos?ec24dfa54b592ba08a28e43dda96c7a0,INS,2018,11272,,1,,gx-no-cache=1525347543052 HTTP/1.1" 200 3783
200.111.191.210 - - [03/May/2018:08:39:42 -0300] "POST /cormun/servlet/solicitudotadjuntos?gx-no-cache=1525347545251 HTTP/1.1" 200 26
200.111.191.210 - - [03/May/2018:08:39:50 -0300] "GET /cormun/servlet/solicitudotadjuntos?37ca7600af6d0e20a2087df38907c0e6bb4cf3def29c7b9e3a06dd48511b089f,gx-no-cache=1525347553616 HTTP/1.1" 200 30
200.111.191.210 - - [03/May/2018:08:39:51 -0300] "GET /cormun/servlet/solicitudotadjuntos?37ca7600af6d0e20a2087df38907c0e6bb4cf3def29c7b9e3a06dd48511b089f,gx-no-cache=1525347553659 HTTP/1.1" 200 30
192.168.10.97 - - [03/May/2018:08:39:57 -0300] "GET /cormun/servlet/solicitudgral2?UPD,2018,11251, HTTP/1.1" 200 13126
200.112.14.178 - - [03/May/2018:08:39:57 -0300] "POST /cormun/servlet/trsolicitudot?586721aa3b5a3111e64953582b70e7ef,,gx-no-cache=1525347538430 HTTP/1.1" 200 9138
192.168.10.97 - - [03/May/2018:08:39:57 -0300] "GET /cormun/servlet/solicitudgral2?UPD,2018,11251, HTTP/1.1" 200 13116
192.168.10.97 - - [03/May/2018:08:39:58 -0300] "POST /cormun/servlet/solicitudgral2?gx-no-cache=1525347414295 HTTP/1.1" 200 3899
192.168.10.97 - - [03/May/2018:08:39:58 -0300] "GET /cormun/servlet/solicitudgral2?09f4088a478e1bfefa0c0455588865c363515858c3eb7115083322539296de2026a260019789621cf63d50c21c72b1d9aa2661e88266113c008c800c7ce078a366564abc28f85e6dc817872ded6dfaad0074cdb19fdae43ff0dbb04d4b4373aa9b830fd9025eb0bea66c3f150f1fffdcd79490783a0e45e916174a6150a4fe985682cef6d5e819cdedca43e62c0d2317b02a9a71159d79360fb93f362aaf9ba4374a0fdebaf10347505014a4dd44afc4193dd09d30e39c25108eb7ec4d0f22e91378eac704e5534eea79efdd85375240eee09d26da16b05d2bab7221ecd9ed58de0a8880402b45e4039b1692fb213e8c7614a92ad039e9768f6905f35e1ccdecf6da72fa911cb794e1d9e304c01f2a6e9b7ec101da2bb3e03ce8d62ccab1bb5a4eaafeba31f1e596c8f54612954939e448dd34b062d780c86aa1cdce3cd0c6711e17c4d34943975e9af496b513c2ecae,gx-no-cache=1525347414395 HTTP/1.1" 200 255
192.168.10.97 - - [03/May/2018:08:39:58 -0300] "POST /cormun/servlet/solicitudgral2?gx-no-cache=1525347414418 HTTP/1.1" 200 1426
192.168.10.97 - - [03/May/2018:08:39:58 -0300] "GET /cormun/servlet/solicitudgral2?09f4088a478e1bfefa0c0455588865c3afb46e81ab328dbafc7cd8c906e12c006ed8256771cc4daf9d3c860dd480f4afba3317be0d61ec9bd7bd737a62c98ec301093aff9487a50ee1bc47f982c323f18c1b7b92101b93dda6d10c5aef32cc22ddc4c38bb4dfccd4c6827e21dafda534,gx-no-cache=1525347414451 HTTP/1.1" 200 41
200.111.191.210 - - [03/May/2018:08:40:06 -0300] "POST /cormun/servlet/solicitudotadjuntos?ec24dfa54b592ba08a28e43dda96c7a0,INS,2018,11272,,1, HTTP/1.1" 200 116
200.111.191.210 - - [03/May/2018:08:40:06 -0300] "GET /cormun/servlet/hpexe_return? HTTP/1.1" 200 1025
200.111.191.210 - - [03/May/2018:08:40:06 -0300] "GET /cormun/servlet/trsolicitudadjuntos?2018,11272, HTTP/1.1" 200 9299
200.111.191.210 - - [03/May/2018:08:40:07 -0300] "GET /cormun/servlet/trsolicitudadjuntos?2018,11272, HTTP/1.1" 200 9297
200.111.191.210 - - [03/May/2018:08:40:09 -0300] "GET /cormun/servlet/solicitudotadjuntos?INS,2018,11272,,1, HTTP/1.1" 200 6003
200.111.191.210 - - [03/May/2018:08:40:09 -0300] "GET /cormun/static/about:blank HTTP/1.1" 404 1011
200.111.191.210 - - [03/May/2018:08:40:09 -0300] "GET /cormun/servlet/solicitudotadjuntos?INS,2018,11272,,1, HTTP/1.1" 200 5997
200.111.191.210 - - [03/May/2018:08:40:09 -0300] "GET /cormun/servlet/solicitudotadjuntos?37ca7600af6d0e20a2087df38907c0e63723a977d2c5f1a71dc6d5cbf2c85a23b5f689e849318c11ad20b11c7bd7ad6b,gx-no-cache=1525347572815 HTTP/1.1" 200 30
200.111.191.210 - - [03/May/2018:08:40:11 -0300] "POST /cormun/servlet/solicitudotadjuntos?ec24dfa54b592ba08a28e43dda96c7a0,INS,2018,11272,,1,,gx-no-cache=1525347572869 HTTP/1.1" 200 3784
200.111.191.210 - - [03/May/2018:08:40:12 -0300] "POST /cormun/servlet/solicitudotadjuntos?gx-no-cache=1525347575780 HTTP/1.1" 200 26
192.168.10.97 - - [03/May/2018:08:40:14 -0300] "POST /cormun/servlet/solicitudgral2?7cbe75880554212712feada80621ae2e,UPD,2018,11251,,gx-no-cache=1525347430807 HTTP/1.1" 200 93
192.168.10.97 - - [03/May/2018:08:40:14 -0300] "GET /cormun/servlet/hpexe_return? HTTP/1.1" 200 1039
192.168.10.97 - - [03/May/2018:08:40:15 -0300] "GET /cormun/servlet/trsolicitudgral?gx-no-cache=1525347324070 HTTP/1.1" 200 12300
192.168.10.97 - - [03/May/2018:08:40:15 -0300] "GET /cormun/servlet/trsolicitudgral?gx-no-cache=1525347324070 HTTP/1.1" 200 12318
200.111.191.210 - - [03/May/2018:08:40:17 -0300] "GET /cormun/servlet/solicitudotadjuntos?37ca7600af6d0e20a2087df38907c0e6bb4cf3def29c7b9e3a06dd48511b089f,gx-no-cache=1525347580724 HTTP/1.1" 200 30
200.111.191.210 - - [03/May/2018:08:40:17 -0300] "GET /cormun/servlet/solicitudotadjuntos?37ca7600af6d0e20a2087df38907c0e6bb4cf3def29c7b9e3a06dd48511b089f,gx-no-cache=1525347580760 HTTP/1.1" 200 30
200.111.191.210 - - [03/May/2018:08:40:19 -0300] "POST /cormun/servlet/solicitudotadjuntos?ec24dfa54b592ba08a28e43dda96c7a0,INS,2018,11272,,1, HTTP/1.1" 200 116
200.111.191.210 - - [03/May/2018:08:40:19 -0300] "GET /cormun/servlet/hpexe_return? HTTP/1.1" 200 1025
200.111.191.210 - - [03/May/2018:08:40:20 -0300] "GET /cormun/servlet/trsolicitudadjuntos?2018,11272, HTTP/1.1" 200 9535
200.111.191.210 - - [03/May/2018:08:40:21 -0300] "GET /cormun/servlet/trsolicitudadjuntos?2018,11272, HTTP/1.1" 200 9531
200.111.191.210 - - [03/May/2018:08:40:27 -0300] "GET /cormun/servlet/trsolicitudot? HTTP/1.1" 200 8394
200.111.191.210 - - [03/May/2018:08:40:28 -0300] "GET /cormun/servlet/trsolicitudot? HTTP/1.1" 200 8388
200.111.191.210 - - [03/May/2018:08:40:30 -0300] "POST /cormun/servlet/trsolicitudot?ec24dfa54b592ba08a28e43dda96c7a0,,gx-no-cache=1525347593277 HTTP/1.1" 200 4204
200.111.191.210 - - [03/May/2018:08:40:30 -0300] "GET /cormun/static/Shared/jqueryui/images/ui-bg_highlight-soft_100_c6c2c8_1x100.png HTTP/1.1" 404 1117
200.111.191.210 - - [03/May/2018:08:40:30 -0300] "GET /cormun/static/Shared/jqueryui/images/ui-bg_flat_55_fafafa_40x100.png HTTP/1.1" 404 1097
200.111.191.210 - - [03/May/2018:08:40:30 -0300] "GET /cormun/static/Shared/jqueryui/images/ui-icons_82798d_256x240.png HTTP/1.1" 404 1089
200.111.191.210 - - [03/May/2018:08:40:30 -0300] "GET /cormun/static/Shared/jqueryui/images/ui-icons_8d78a5_256x240.png HTTP/1.1" 404 1089
200.111.191.210 - - [03/May/2018:08:40:30 -0300] "POST /cormun/servlet/trsolicitudot?ec24dfa54b592ba08a28e43dda96c7a0,,gx-no-cache=1525347593498 HTTP/1.1" 200 3993
200.111.191.210 - - [03/May/2018:08:40:33 -0300] "GET /cormun/servlet/trpermisosgoce? HTTP/1.1" 200 12603
200.111.191.210 - - [03/May/2018:08:40:33 -0300] "GET /cormun/static/gxcfg.js?20177612163875 HTTP/1.1" 200 953
200.111.191.210 - - [03/May/2018:08:40:33 -0300] "GET /cormun/static/trpermisosgoce.js?20177612164335 HTTP/1.1" 200 35904
200.111.191.210 - - [03/May/2018:08:40:33 -0300] "GET /cormun/servlet/trpermisosgoce? HTTP/1.1" 200 12604
200.111.191.210 - - [03/May/2018:08:40:34 -0300] "GET /cormun/servlet/hlogin HTTP/1.1" 200 1736
200.111.191.210 - - [03/May/2018:08:40:41 -0300] "POST /cormun/servlet/hlogin?ec24dfa54b592ba08a28e43dda96c7a0,gx-no-cache=1525347604771 HTTP/1.1" 200 90
200.111.191.210 - - [03/May/2018:08:40:42 -0300] "GET /cormun/servlet/hpexe_link HTTP/1.1" 200 948
200.111.191.210 - - [03/May/2018:08:40:42 -0300] "GET /cormun/servlet/hhome HTTP/1.1" 200 4190
200.111.191.210 - - [03/May/2018:08:40:42 -0300] "GET /cormun/servlet/hhome HTTP/1.1" 200 4186
200.111.191.210 - - [03/May/2018:08:40:45 -0300] "GET /cormun/servlet/trautorizarsolicitud? HTTP/1.1" 200 8624
200.111.191.210 - - [03/May/2018:08:40:46 -0300] "GET /cormun/servlet/trautorizarsolicitud? HTTP/1.1" 200 8622
