200.111.191.210 - - [03/May/2018:08:40:48 -0300] "POST /cormun/servlet/trautorizarsolicitud?ec24dfa54b592ba08a28e43dda96c7a0,,gx-no-cache=1525347610939 HTTP/1.1" 200 4580
200.111.191.210 - - [03/May/2018:08:40:48 -0300] "GET /cormun/static/Shared/jqueryui/images/ui-bg_highlight-soft_100_c6c2c8_1x100.png HTTP/1.1" 404 1117
200.111.191.210 - - [03/May/2018:08:40:48 -0300] "GET /cormun/static/Shared/jqueryui/images/ui-icons_8d78a5_256x240.png HTTP/1.1" 404 1089
200.111.191.210 - - [03/May/2018:08:40:48 -0300] "GET /cormun/static/Shared/jqueryui/images/ui-bg_flat_55_fafafa_40x100.png HTTP/1.1" 404 1097
200.111.191.210 - - [03/May/2018:08:40:48 -0300] "GET /cormun/static/Shared/jqueryui/images/ui-icons_82798d_256x240.png HTTP/1.1" 404 1089
200.111.191.210 - - [03/May/2018:08:40:48 -0300] "POST /cormun/servlet/trautorizarsolicitud?ec24dfa54b592ba08a28e43dda96c7a0,,gx-no-cache=1525347611132 HTTP/1.1" 200 4368
200.111.191.210 - - [03/May/2018:08:40:53 -0300] "POST /cormun/servlet/trautorizarsolicitud?ec24dfa54b592ba08a28e43dda96c7a0,,gx-no-cache=1525347615521 HTTP/1.1" 200 13670
192.168.10.97 - - [03/May/2018:08:40:54 -0300] "GET /cormun/servlet/solicitudgral2?UPD,2018,11249, HTTP/1.1" 200 13106
192.168.10.97 - - [03/May/2018:08:40:54 -0300] "GET /cormun/servlet/solicitudgral2?UPD,2018,11249, HTTP/1.1" 200 13097
192.168.10.97 - - [03/May/2018:08:40:55 -0300] "POST /cormun/servlet/solicitudgral2?gx-no-cache=1525347470942 HTTP/1.1" 200 3896
192.168.10.97 - - [03/May/2018:08:40:55 -0300] "GET /cormun/servlet/solicitudgral2?09f4088a478e1bfefa0c0455588865c363515858c3eb7115083322539296de2026a260019789621cf63d50c21c72b1d9aa2661e88266113c008c800c7ce078a366564abc28f85e6dc817872ded6dfaad0074cdb19fdae43ff0dbb04d4b4373aa9b830fd9025eb0bea66c3f150f1fffdcd79490783a0e45e916174a6150a4fe985682cef6d5e819cdedca43e62c0d2317b02a9a71159d79360fb93f362aaf9ba4374a0fdebaf10347505014a4dd44afc4193dd09d30e39c25108eb7ec4d0f22e91378eac704e5534eea79efdd85375240eee09d26da16b05d2bab7221ecd9ed58de0a8880402b45e4039b1692fb213e8c7614a92ad039e9768f6905f35e1ccdecf6da72fa911cb794e1d9e304c01f2a6e9b7ec101da2bb3e03ce8d62ccab1bb5a4eaafeba31f1e596c8f54612954939e448dd34b062d780c86aa1cdce3cd0c6711e17c4d34943975e9af496b513c2ecae,gx-no-cache=1525347471043 HTTP/1.1" 200 255
192.168.10.97 - - [03/May/2018:08:40:55 -0300] "POST /cormun/servlet/solicitudgral2?gx-no-cache=1525347471064 HTTP/1.1" 200 1427
192.168.10.97 - - [03/May/2018:08:40:55 -0300] "GET /cormun/servlet/solicitudgral2?09f4088a478e1bfefa0c0455588865c3afb46e81ab328dbafc7cd8c906e12c006ed8256771cc4daf9d3c860dd480f4afba3317be0d61ec9bd7bd737a62c98ec301093aff9487a50ee1bc47f982c323f18c1b7b92101b93dda6d10c5aef32cc22ddc4c38bb4dfccd4c6827e21dafda534,gx-no-cache=1525347471099 HTTP/1.1" 200 41
200.111.191.210 - - [03/May/2018:08:40:57 -0300] "GET /cormun/servlet/treventos?2018,11266, HTTP/1.1" 200 8091
200.111.191.210 - - [03/May/2018:08:40:58 -0300] "GET /cormun/servlet/treventos?2018,11266, HTTP/1.1" 200 8095
192.168.10.97 - - [03/May/2018:08:41:10 -0300] "POST /cormun/servlet/solicitudgral2?7cbe75880554212712feada80621ae2e,UPD,2018,11249,,gx-no-cache=1525347486089 HTTP/1.1" 200 93
192.168.10.97 - - [03/May/2018:08:41:10 -0300] "GET /cormun/servlet/hpexe_return? HTTP/1.1" 200 1039
192.168.10.97 - - [03/May/2018:08:41:10 -0300] "GET /cormun/servlet/trsolicitudgral?gx-no-cache=1525347324070 HTTP/1.1" 200 12300
192.168.10.97 - - [03/May/2018:08:41:10 -0300] "GET /cormun/servlet/trsolicitudgral?gx-no-cache=1525347324070 HTTP/1.1" 200 12318
200.111.191.210 - - [03/May/2018:08:41:43 -0300] "GET /cormun/servlet/trpermisosgoce? HTTP/1.1" 200 12819
200.111.191.210 - - [03/May/2018:08:41:43 -0300] "GET /cormun/servlet/trpermisosgoce? HTTP/1.1" 200 12812
192.168.10.97 - - [03/May/2018:08:41:47 -0300] "GET /cormun/servlet/solicitudgral2?UPD,2018,11248, HTTP/1.1" 200 13129
192.168.10.97 - - [03/May/2018:08:41:47 -0300] "GET /cormun/servlet/solicitudgral2?UPD,2018,11248, HTTP/1.1" 200 13121
192.168.10.97 - - [03/May/2018:08:41:47 -0300] "POST /cormun/servlet/solicitudgral2?gx-no-cache=1525347523821 HTTP/1.1" 200 3894
192.168.10.97 - - [03/May/2018:08:41:48 -0300] "GET /cormun/servlet/solicitudgral2?09f4088a478e1bfefa0c0455588865c363515858c3eb7115083322539296de2026a260019789621cf63d50c21c72b1d9aa2661e88266113c008c800c7ce078a366564abc28f85e6dc817872ded6dfaad0074cdb19fdae43ff0dbb04d4b4373aa9b830fd9025eb0bea66c3f150f1fffdcd79490783a0e45e916174a6150a4fe985682cef6d5e819cdedca43e62c0d2317b02a9a71159d79360fb93f362aaf9ba4374a0fdebaf10347505014a4dd44afc4193dd09d30e39c25108eb7ec4d0f22e91378eac704e5534eea79efdd85375240eee09d26da16b05d2bab7221ecd9ed58de0a8880402b45e4039b1692fb213e8c7614a92ad039e9768f6905f35e1ccdecf6da72fa911cb794e1d9e304c01f2a6e9b7ec101da2bb3e03ce8d62ccab1bb5a4eaafeba31f1e596c8f54612954939e448dd34b062d780c86aa1cdce3cd0c6711e17c4d34943975e9af496b513c2ecae,gx-no-cache=1525347523926 HTTP/1.1" 200 255
192.168.10.97 - - [03/May/2018:08:41:48 -0300] "POST /cormun/servlet/solicitudgral2?gx-no-cache=1525347523987 HTTP/1.1" 200 1426
192.168.10.97 - - [03/May/2018:08:41:48 -0300] "GET /cormun/servlet/solicitudgral2?09f4088a478e1bfefa0c0455588865c3afb46e81ab328dbafc7cd8c906e12c006ed8256771cc4daf9d3c860dd480f4afba3317be0d61ec9bd7bd737a62c98ec301093aff9487a50ee1bc47f982c323f18c1b7b92101b93dda6d10c5aef32cc22ddc4c38bb4dfccd4c6827e21dafda534,gx-no-cache=1525347524020 HTTP/1.1" 200 41
200.111.191.210 - - [03/May/2018:08:41:51 -0300] "GET /cormun/servlet/trpermisosadjuntos?12961977,20180427100359,P, HTTP/1.1" 200 6498
200.111.191.210 - - [03/May/2018:08:41:51 -0300] "GET /cormun/static/gxcfg.js?201762817193957 HTTP/1.1" 200 953
200.111.191.210 - - [03/May/2018:08:41:51 -0300] "GET /cormun/static/trpermisosadjuntos.js?201762817194366 HTTP/1.1" 200 20158
200.111.191.210 - - [03/May/2018:08:41:51 -0300] "GET /cormun/servlet/trpermisosadjuntos?12961977,20180427100359,P, HTTP/1.1" 200 6499
192.168.10.97 - - [03/May/2018:08:42:02 -0300] "POST /cormun/servlet/solicitudgral2?7cbe75880554212712feada80621ae2e,UPD,2018,11248,,gx-no-cache=1525347537985 HTTP/1.1" 200 93
192.168.10.97 - - [03/May/2018:08:42:02 -0300] "GET /cormun/servlet/hpexe_return? HTTP/1.1" 200 1039
192.168.10.97 - - [03/May/2018:08:42:02 -0300] "GET /cormun/servlet/trsolicitudgral?gx-no-cache=1525347324070 HTTP/1.1" 200 12300
192.168.10.97 - - [03/May/2018:08:42:02 -0300] "GET /cormun/servlet/trsolicitudgral?gx-no-cache=1525347324070 HTTP/1.1" 200 12318
192.168.10.97 - - [03/May/2018:08:42:28 -0300] "GET /cormun/servlet/solicitudgral2?UPD,2018,11247, HTTP/1.1" 200 13125
192.168.10.97 - - [03/May/2018:08:42:28 -0300] "GET /cormun/servlet/solicitudgral2?UPD,2018,11247, HTTP/1.1" 200 13118
192.168.10.97 - - [03/May/2018:08:42:29 -0300] "POST /cormun/servlet/solicitudgral2?gx-no-cache=1525347565158 HTTP/1.1" 200 3904
192.168.10.97 - - [03/May/2018:08:42:29 -0300] "GET /cormun/servlet/solicitudgral2?09f4088a478e1bfefa0c0455588865c363515858c3eb7115083322539296de20774f05f4369abfdaf63100f8cdcfc2f5aa2661e88266113c008c800c7ce078a366564abc28f85e6dc817872ded6dfaad0074cdb19fdae43ff0dbb04d4b4373aa9b830fd9025eb0bea66c3f150f1fffdcd79490783a0e45e916174a6150a4fe985682cef6d5e819cdedca43e62c0d2317b02a9a71159d79360fb93f362aaf9ba4374a0fdebaf10347505014a4dd44afc4193dd09d30e39c25108eb7ec4d0f22e91378eac704e5534eea79efdd85375240eee09d26da16b05d2bab7221ecd9ed58de0a8880402b45e4039b1692fb213e8c7614a92ad039e9768f6905f35e1ccdecf6da72fa911cb794e1d9e304c01f2a6e9b7ec101da2bb3e03ce8d62ccab1bb5a4eaafeba31f1e596c8f54612954939e448dd34b062d780c86aa1cdce3cd0c6711e17c4d34943975e9af496b513c2ecae,gx-no-cache=1525347565262 HTTP/1.1" 200 256
192.168.10.97 - - [03/May/2018:08:42:29 -0300] "POST /cormun/servlet/solicitudgral2?gx-no-cache=1525347565285 HTTP/1.1" 200 1427
192.168.10.97 - - [03/May/2018:08:42:29 -0300] "GET /cormun/servlet/solicitudgral2?09f4088a478e1bfefa0c0455588865c3afb46e81ab328dbafc7cd8c906e12c006ed8256771cc4daf9d3c860dd480f4afba3317be0d61ec9bd7bd737a62c98ec301093aff9487a50ee1bc47f982c323f18c1b7b92101b93dda6d10c5aef32cc22ddc4c38bb4dfccd4c6827e21dafda534,gx-no-cache=1525347565321 HTTP/1.1" 200 41
192.168.10.97 - - [03/May/2018:08:42:40 -0300] "POST /cormun/servlet/solicitudgral2?7cbe75880554212712feada80621ae2e,UPD,2018,11247,,gx-no-cache=1525347576713 HTTP/1.1" 200 93
192.168.10.97 - - [03/May/2018:08:42:40 -0300] "GET /cormun/servlet/hpexe_return? HTTP/1.1" 200 1039
192.168.10.97 - - [03/May/2018:08:42:40 -0300] "GET /cormun/servlet/trsolicitudgral?gx-no-cache=1525347324070 HTTP/1.1" 200 12300
192.168.10.97 - - [03/May/2018:08:42:41 -0300] "GET /cormun/servlet/trsolicitudgral?gx-no-cache=1525347324070 HTTP/1.1" 200 12318
192.168.10.97 - - [03/May/2018:08:43:00 -0300] "GET /cormun/servlet/solicitudgral2?UPD,2018,11246, HTTP/1.1" 200 13124
192.168.10.97 - - [03/May/2018:08:43:01 -0300] "GET /cormun/servlet/solicitudgral2?UPD,2018,11246, HTTP/1.1" 200 13115
192.168.10.97 - - [03/May/2018:08:43:01 -0300] "POST /cormun/servlet/solicitudgral2?gx-no-cache=1525347597562 HTTP/1.1" 200 3884
192.168.10.97 - - [03/May/2018:08:43:01 -0300] "GET /cormun/servlet/solicitudgral2?09f4088a478e1bfefa0c0455588865c363515858c3eb7115083322539296de20774f05f4369abfdaf63100f8cdcfc2f5aa2661e88266113c008c800c7ce078a366564abc28f85e6dc817872ded6dfaad0074cdb19fdae43ff0dbb04d4b4373aa9b830fd9025eb0bea66c3f150f1fffdcd79490783a0e45e916174a6150a4fe985682cef6d5e819cdedca43e62c0d2317b02a9a71159d79360fb93f362aaf9ba4374a0fdebaf10347505014a4dd44afc4193dd09d30e39c25108eb7ec4d0f22e91378eac704e5534eea79efdd85375240eee09d26da16b05d2bab7221ecd9ed58de0a8880402b45e4039b1692fb213e8c7614a92ad039e9768f6905f35e1ccdecf6da72fa911cb794e1d9e304c01f2a6e9b7ec101da2bb3e03ce8d62ccab1bb5a4eaafeba31f1e596c8f54612954939e448dd34b062d780c86aa1cdce3cd0c6711e17c4d34943975e9af496b513c2ecae,gx-no-cache=1525347597665 HTTP/1.1" 200 256
192.168.10.97 - - [03/May/2018:08:43:01 -0300] "POST /cormun/servlet/solicitudgral2?gx-no-cache=1525347597687 HTTP/1.1" 200 1427
192.168.10.97 - - [03/May/2018:08:43:01 -0300] "GET /cormun/servlet/solicitudgral2?09f4088a478e1bfefa0c0455588865c3afb46e81ab328dbafc7cd8c906e12c006ed8256771cc4daf9d3c860dd480f4afba3317be0d61ec9bd7bd737a62c98ec301093aff9487a50ee1bc47f982c323f18c1b7b92101b93dda6d10c5aef32cc22ddc4c38bb4dfccd4c6827e21dafda534,gx-no-cache=1525347597721 HTTP/1.1" 200 41
192.168.10.97 - - [03/May/2018:08:43:06 -0300] "POST /cormun/servlet/solicitudgral2?7cbe75880554212712feada80621ae2e,UPD,2018,11246,,gx-no-cache=1525347602001 HTTP/1.1" 200 93
192.168.10.97 - - [03/May/2018:08:43:06 -0300] "GET /cormun/servlet/hpexe_return? HTTP/1.1" 200 1039
192.168.10.97 - - [03/May/2018:08:43:06 -0300] "GET /cormun/servlet/trsolicitudgral?gx-no-cache=1525347324070 HTTP/1.1" 200 12300
192.168.10.97 - - [03/May/2018:08:43:06 -0300] "GET /cormun/servlet/trsolicitudgral?gx-no-cache=1525347324070 HTTP/1.1" 200 12318
192.168.10.97 - - [03/May/2018:08:43:44 -0300] "POST /cormun/servlet/trsolicitudgral?7cbe75880554212712feada80621ae2e,gx-no-cache=1525347324070,gx-no-cache=1525347640728 HTTP/1.1" 200 5919
200.112.14.178 - - [03/May/2018:08:43:50 -0300] "GET /cormun/servlet/trsolicitudot? HTTP/1.1" 200 12136
200.112.14.178 - - [03/May/2018:08:43:51 -0300] "GET /cormun/servlet/trsolicitudot? HTTP/1.1" 200 12136
192.168.10.97 - - [03/May/2018:08:44:16 -0300] "POST /cormun/servlet/trsolicitudgral?7cbe75880554212712feada80621ae2e,gx-no-cache=1525347324070,gx-no-cache=1525347672256 HTTP/1.1" 200 5920
190.100.93.40 - - [03/May/2018:08:44:35 -0300] "GET /cormun/servlet/hlogin HTTP/1.1" 200 1718
192.168.10.97 - - [03/May/2018:08:44:37 -0300] "POST /cormun/servlet/trsolicitudgral?7cbe75880554212712feada80621ae2e,gx-no-cache=1525347324070,gx-no-cache=1525347692928 HTTP/1.1" 200 5916
190.100.93.40 - - [03/May/2018:08:44:37 -0300] "POST /cormun/servlet/hlogin?5f2654d547b2887d09a3cd922d224a20,gx-no-cache=1525347820157 HTTP/1.1" 200 90
190.100.93.40 - - [03/May/2018:08:44:37 -0300] "GET /cormun/servlet/hpexe_link HTTP/1.1" 200 949
190.100.93.40 - - [03/May/2018:08:44:37 -0300] "GET /cormun/servlet/hhome HTTP/1.1" 200 4347
190.100.93.40 - - [03/May/2018:08:44:38 -0300] "GET /cormun/servlet/hhome HTTP/1.1" 200 4344
190.100.93.40 - - [03/May/2018:08:44:42 -0300] "GET /cormun/servlet/hlogin HTTP/1.1" 200 1725
190.100.93.40 - - [03/May/2018:08:44:43 -0300] "GET /cormun/static/gxcfg.js?20175251213516 HTTP/1.1" 304 -
190.100.93.40 - - [03/May/2018:08:44:43 -0300] "GET /cormun/servlet/hlogin HTTP/1.1" 200 1735
190.100.93.40 - - [03/May/2018:08:44:43 -0300] "GET /favicon.ico HTTP/1.1" 200 21630
190.100.93.40 - - [03/May/2018:08:44:53 -0300] "POST /cormun/servlet/hlogin?3c66f3dd5fc96458530c7240b3ecdc8d,gx-no-cache=1525347836517 HTTP/1.1" 200 90
190.100.93.40 - - [03/May/2018:08:44:53 -0300] "GET /cormun/servlet/hpexe_link HTTP/1.1" 200 956
190.100.93.40 - - [03/May/2018:08:44:54 -0300] "GET /cormun/static/gxcfg.js?20177612121792 HTTP/1.1" 304 -
190.100.93.40 - - [03/May/2018:08:44:54 -0300] "GET /cormun/servlet/hhome HTTP/1.1" 200 4356
190.100.93.40 - - [03/May/2018:08:44:54 -0300] "GET /cormun/static/gxcfg.js?20175251212442 HTTP/1.1" 304 -
190.100.93.40 - - [03/May/2018:08:44:55 -0300] "GET /cormun/servlet/hhome HTTP/1.1" 200 4352
190.100.93.40 - - [03/May/2018:08:44:57 -0300] "GET /cormun/servlet/trcontratosolicitud? HTTP/1.1" 200 14925
190.100.93.40 - - [03/May/2018:08:44:57 -0300] "GET /cormun/static/gxcfg.js?20177612214014 HTTP/1.1" 304 -
190.100.93.40 - - [03/May/2018:08:44:58 -0300] "GET /cormun/servlet/trcontratosolicitud? HTTP/1.1" 200 14931
200.54.247.70 - - [03/May/2018:08:50:42 -0300] "GET /cormun/servlet/hlogin HTTP/1.1" 200 1716
200.54.247.70 - - [03/May/2018:08:50:42 -0300] "GET /cormun/static/Resources/Spanish/PXTools.css?11423723 HTTP/1.1" 304 -
200.54.247.70 - - [03/May/2018:08:50:42 -0300] "GET /cormun/static/gxtimezone.js?85251 HTTP/1.1" 304 -
200.54.247.70 - - [03/May/2018:08:50:42 -0300] "GET /cormun/static/gxgral.js?85251 HTTP/1.1" 304 -
200.54.247.70 - - [03/May/2018:08:50:42 -0300] "GET /cormun/static/gxcfg.js?20175251213516 HTTP/1.1" 304 -
200.54.247.70 - - [03/May/2018:08:50:42 -0300] "GET /cormun/static/hlogin.js?20175251213537 HTTP/1.1" 304 -
200.54.247.70 - - [03/May/2018:08:50:42 -0300] "GET /cormun/static/messages.spa.js?85251 HTTP/1.1" 304 -
200.54.247.70 - - [03/May/2018:08:50:42 -0300] "GET /cormun/static/Resources/ComunLogin.png HTTP/1.1" 304 -
200.54.247.70 - - [03/May/2018:08:50:42 -0300] "GET /cormun/static/Resources/PXToolsButtonBackground2.png HTTP/1.1" 304 -
200.54.247.70 - - [03/May/2018:08:50:42 -0300] "GET /cormun/static/Resources/PXToolsLoginBackground.png HTTP/1.1" 304 -
200.54.247.70 - - [03/May/2018:08:50:42 -0300] "GET /cormun/static/Resources/PXToolsLoginBottom.png HTTP/1.1" 304 -
200.54.247.70 - - [03/May/2018:08:50:42 -0300] "GET /cormun/static/Resources/PXToolsButtonRight21.png HTTP/1.1" 304 -
200.54.247.70 - - [03/May/2018:08:50:42 -0300] "GET /cormun/static/Resources/PXToolsButtonLeft21.png HTTP/1.1" 304 -
200.54.247.70 - - [03/May/2018:08:50:42 -0300] "GET /cormun/static/Resources/PXToolsLoginTop.png HTTP/1.1" 304 -
200.54.247.70 - - [03/May/2018:08:50:43 -0300] "GET /cormun/static/Resources/indicator.gif HTTP/1.1" 304 -
200.54.247.70 - - [03/May/2018:08:50:54 -0300] "POST /cormun/servlet/hlogin?faac27d20dda5b47d68941f9a92ca286,gx-no-cache=1525348195132 HTTP/1.1" 200 90
200.54.247.70 - - [03/May/2018:08:50:54 -0300] "GET /cormun/servlet/hpexe_link HTTP/1.1" 200 949
200.54.247.70 - - [03/May/2018:08:50:54 -0300] "GET /cormun/servlet/hhome HTTP/1.1" 200 4232
200.54.247.70 - - [03/May/2018:08:51:03 -0300] "GET /cormun/servlet/trsolicitudot? HTTP/1.1" 200 7446
200.54.247.70 - - [03/May/2018:08:51:06 -0300] "GET /cormun/servlet/solicitudot?INS,0,0, HTTP/1.1" 200 13674
186.103.159.46 - - [03/May/2018:08:51:14 -0300] "GET /cormun/servlet/hlogin HTTP/1.1" 200 1725
200.54.247.70 - - [03/May/2018:08:51:22 -0300] "POST /cormun/servlet/solicitudot?gx-no-cache=1525348223297 HTTP/1.1" 200 3284
200.54.247.70 - - [03/May/2018:08:51:22 -0300] "POST /cormun/servlet/solicitudot?faac27d20dda5b47d68941f9a92ca286,INS,0,0,,gx-no-cache=1525348223516 HTTP/1.1" 200 10440
186.103.159.46 - - [03/May/2018:08:51:24 -0300] "POST /cormun/servlet/hlogin?b4d6d4502ca1057eee23e7378cfd692f,gx-no-cache=1525348227038 HTTP/1.1" 200 90
186.103.159.46 - - [03/May/2018:08:51:24 -0300] "GET /cormun/servlet/hpexe_link HTTP/1.1" 200 951
186.103.159.46 - - [03/May/2018:08:51:25 -0300] "GET /cormun/servlet/hhome HTTP/1.1" 200 3969
186.103.159.46 - - [03/May/2018:08:51:27 -0300] "GET /cormun/servlet/hhome HTTP/1.1" 200 3967
186.103.159.46 - - [03/May/2018:08:51:30 -0300] "GET /cormun/servlet/trlicencias? HTTP/1.1" 200 10012
186.103.159.46 - - [03/May/2018:08:51:33 -0300] "GET /cormun/servlet/trlicencias? HTTP/1.1" 200 10010
200.54.247.70 - - [03/May/2018:08:51:53 -0300] "GET /cormun/servlet/solicitudot?0041362816f9fd753b4209effac82daf78689c57479d2c36aa608487a69daf733d8ae27e618eb00cb3c98213b22cf325,gx-no-cache=1525348254356 HTTP/1.1" 200 30
186.103.159.46 - - [03/May/2018:08:51:57 -0300] "GET /cormun/servlet/licenciaspermisos?INS,0,,, HTTP/1.1" 200 7498
186.103.159.46 - - [03/May/2018:08:51:59 -0300] "GET /cormun/servlet/licenciaspermisos?INS,0,,, HTTP/1.1" 200 7496
186.103.159.46 - - [03/May/2018:08:52:11 -0300] "GET /cormun/servlet/licenciaspermisos?4916b66e7458f064c12b77fb657b33695fd52a83e72a4dd65743d69500cd00187e80c144202271fffd3e65e61a74b122,gx-no-cache=1525348273746 HTTP/1.1" 200 86
186.103.159.46 - - [03/May/2018:08:52:11 -0300] "POST /cormun/servlet/licenciaspermisos?b4d6d4502ca1057eee23e7378cfd692f,INS,0,,,,gx-no-cache=1525348273877 HTTP/1.1" 200 4686
190.100.93.40 - - [03/May/2018:08:52:18 -0300] "GET /cormun/servlet/trrenuncias? HTTP/1.1" 200 8539
190.100.93.40 - - [03/May/2018:08:52:18 -0300] "GET /cormun/static/gxcfg.js?20175251282642 HTTP/1.1" 200 953
190.100.93.40 - - [03/May/2018:08:52:18 -0300] "GET /cormun/static/trrenuncias.js?20175251283179 HTTP/1.1" 200 31174
190.100.93.40 - - [03/May/2018:08:52:19 -0300] "GET /cormun/servlet/trrenuncias? HTTP/1.1" 200 8537
190.100.93.40 - - [03/May/2018:08:52:22 -0300] "GET /cormun/servlet/renuncias?INS,0, HTTP/1.1" 200 6481
190.100.93.40 - - [03/May/2018:08:52:22 -0300] "GET /cormun/static/gxcfg.js?2017426922787 HTTP/1.1" 200 953
190.100.93.40 - - [03/May/2018:08:52:22 -0300] "GET /cormun/static/Resources/Spanish/PXTools.css?11294912 HTTP/1.1" 200 89042
190.100.93.40 - - [03/May/2018:08:52:22 -0300] "GET /cormun/static/renuncias.js?201742692287 HTTP/1.1" 200 14762
190.100.93.40 - - [03/May/2018:08:52:22 -0300] "GET /cormun/servlet/renuncias?INS,0, HTTP/1.1" 200 6482
190.100.93.40 - - [03/May/2018:08:52:26 -0300] "GET /cormun/servlet/renuncias?6c9d9d4e55cb829411b9aa74b3078654862e87587ef12e468c3444f09f9c256bcfbb819f41520f2108c5b15169729527,gx-no-cache=1525348288914 HTTP/1.1" 200 33
186.103.159.46 - - [03/May/2018:08:52:33 -0300] "GET /cormun/static/menuarrow.gif HTTP/1.1" 404 1015
190.100.93.40 - - [03/May/2018:08:52:49 -0300] "GET /cormun/servlet/renuncias?6c9d9d4e55cb829411b9aa74b3078654daad7e197890e87d83d9fd9da745b04e060510b55ac65939cbb7c04688e6889e,gx-no-cache=1525348312171 HTTP/1.1" 200 73
190.100.93.40 - - [03/May/2018:08:52:53 -0300] "GET /cormun/static/Resources/resize.gif HTTP/1.1" 200 77
190.100.93.40 - - [03/May/2018:08:52:53 -0300] "GET /cormun/servlet/prcontrato?17016640,,,MD,,gxPopupLevel%3D0%3B HTTP/1.1" 200 6117
190.100.93.40 - - [03/May/2018:08:52:53 -0300] "GET /cormun/static/gxcfg.js?20175251232326 HTTP/1.1" 200 953
190.100.93.40 - - [03/May/2018:08:52:53 -0300] "GET /cormun/static/Resources/PXToolsMenuSearch.png HTTP/1.1" 200 2914
190.100.93.40 - - [03/May/2018:08:52:54 -0300] "GET /cormun/static/prcontrato.js?20175251232552 HTTP/1.1" 200 13820
190.100.93.40 - - [03/May/2018:08:52:54 -0300] "GET /cormun/static/Resources/PXToolsMenuSearchCancel.png HTTP/1.1" 200 2972
190.100.93.40 - - [03/May/2018:08:52:54 -0300] "GET /cormun/static/menusearch.js?201610171694467 HTTP/1.1" 200 1424
190.100.93.40 - - [03/May/2018:08:52:54 -0300] "GET /cormun/static/hmpwkw011.js?20177612121862 HTTP/1.1" 200 1968
190.100.93.40 - - [03/May/2018:08:53:05 -0300] "POST /cormun/servlet/renuncias?5f2654d547b2887d09a3cd922d224a20,INS,0,,gx-no-cache=1525348328055 HTTP/1.1" 200 93
190.100.93.40 - - [03/May/2018:08:53:05 -0300] "GET /cormun/servlet/hpexe_return? HTTP/1.1" 200 1002
190.100.93.40 - - [03/May/2018:08:53:06 -0300] "GET /cormun/servlet/trrenuncias HTTP/1.1" 200 8788
190.100.93.40 - - [03/May/2018:08:53:06 -0300] "GET /cormun/servlet/trrenuncias HTTP/1.1" 200 8784
190.100.93.40 - - [03/May/2018:08:53:09 -0300] "GET /cormun/servlet/arenunciaprn?150,PU HTTP/1.1" 200 1563
200.111.191.210 - - [03/May/2018:08:53:13 -0300] "GET /cormun/servlet/permisosadjuntos?INS,12961977,P,20180427100359,, HTTP/1.1" 200 5836
200.111.191.210 - - [03/May/2018:08:53:13 -0300] "GET /cormun/static/gxcfg.js?201762717441171 HTTP/1.1" 200 953
200.111.191.210 - - [03/May/2018:08:53:13 -0300] "GET /cormun/static/permisosadjuntos.js?201762717441184 HTTP/1.1" 200 8724
200.111.191.210 - - [03/May/2018:08:53:13 -0300] "GET /cormun/static/about:blank HTTP/1.1" 404 1011
200.111.191.210 - - [03/May/2018:08:53:13 -0300] "GET /cormun/servlet/permisosadjuntos?INS,12961977,P,20180427100359,, HTTP/1.1" 200 5826
200.111.191.210 - - [03/May/2018:08:53:29 -0300] "POST /cormun/servlet/permisosadjuntos?ec24dfa54b592ba08a28e43dda96c7a0,INS,12961977,P,20180427100359,, HTTP/1.1" 200 116
200.111.191.210 - - [03/May/2018:08:53:29 -0300] "GET /cormun/servlet/hpexe_return? HTTP/1.1" 200 1037
200.111.191.210 - - [03/May/2018:08:53:29 -0300] "GET /cormun/servlet/trpermisosadjuntos?12961977,20180427100359,P, HTTP/1.1" 200 6995
200.111.191.210 - - [03/May/2018:08:53:30 -0300] "GET /cormun/servlet/trpermisosadjuntos?12961977,20180427100359,P, HTTP/1.1" 200 6988
200.111.191.210 - - [03/May/2018:08:53:32 -0300] "GET /cormun/PublicTempStorage/0531173023072.PDF HTTP/1.1" 200 681276
200.111.191.210 - - [03/May/2018:08:53:34 -0300] "GET /cormun/servlet/trpermisosadjuntos?12961977,20180427100359,P, HTTP/1.1" 200 6993
200.111.191.210 - - [03/May/2018:08:53:34 -0300] "GET /cormun/servlet/trpermisosadjuntos?12961977,20180427100359,P, HTTP/1.1" 200 6988
200.111.191.210 - - [03/May/2018:08:53:38 -0300] "GET /cormun/servlet/trpermisosgoce? HTTP/1.1" 200 12811
200.111.191.210 - - [03/May/2018:08:53:38 -0300] "GET /cormun/servlet/trpermisosgoce? HTTP/1.1" 200 12802
200.111.191.210 - - [03/May/2018:08:53:46 -0300] "POST /cormun/servlet/trpermisosgoce?ec24dfa54b592ba08a28e43dda96c7a0,,gx-no-cache=1525348388939 HTTP/1.1" 200 9958
200.111.191.210 - - [03/May/2018:08:53:46 -0300] "GET /cormun/static/Shared/jqueryui/images/ui-bg_highlight-soft_100_c6c2c8_1x100.png HTTP/1.1" 404 1117
200.111.191.210 - - [03/May/2018:08:53:46 -0300] "GET /cormun/static/Shared/jqueryui/images/ui-icons_82798d_256x240.png HTTP/1.1" 404 1089
200.111.191.210 - - [03/May/2018:08:53:46 -0300] "GET /cormun/static/Shared/jqueryui/images/ui-bg_flat_55_fafafa_40x100.png HTTP/1.1" 404 1097
200.111.191.210 - - [03/May/2018:08:53:46 -0300] "GET /cormun/static/Shared/jqueryui/images/ui-icons_8d78a5_256x240.png HTTP/1.1" 404 1089
200.111.191.210 - - [03/May/2018:08:53:48 -0300] "GET /cormun/servlet/trpermisosadjuntos?15589626,20180426151022,P, HTTP/1.1" 200 6500
200.111.191.210 - - [03/May/2018:08:53:48 -0300] "GET /cormun/servlet/trpermisosadjuntos?15589626,20180426151022,P, HTTP/1.1" 200 6500
200.111.191.210 - - [03/May/2018:08:53:49 -0300] "GET /cormun/servlet/permisosadjuntos?INS,15589626,P,20180426151022,, HTTP/1.1" 200 5839
200.111.191.210 - - [03/May/2018:08:53:49 -0300] "GET /cormun/static/about:blank HTTP/1.1" 404 1011
200.111.191.210 - - [03/May/2018:08:53:49 -0300] "GET /cormun/servlet/permisosadjuntos?INS,15589626,P,20180426151022,, HTTP/1.1" 200 5828
200.111.191.210 - - [03/May/2018:08:53:59 -0300] "POST /cormun/servlet/permisosadjuntos?ec24dfa54b592ba08a28e43dda96c7a0,INS,15589626,P,20180426151022,, HTTP/1.1" 200 116
200.111.191.210 - - [03/May/2018:08:53:59 -0300] "GET /cormun/servlet/hpexe_return? HTTP/1.1" 200 1037
200.111.191.210 - - [03/May/2018:08:54:00 -0300] "GET /cormun/servlet/trpermisosadjuntos?15589626,20180426151022,P, HTTP/1.1" 200 6996
200.111.191.210 - - [03/May/2018:08:54:00 -0300] "GET /cormun/servlet/trpermisosadjuntos?15589626,20180426151022,P, HTTP/1.1" 200 6990
200.111.191.210 - - [03/May/2018:08:54:05 -0300] "GET /cormun/PublicTempStorage/0530346822283.PDF HTTP/1.1" 200 641030
200.111.191.210 - - [03/May/2018:08:54:08 -0300] "GET /cormun/servlet/trpermisosadjuntos?15589626,20180426151022,P, HTTP/1.1" 200 6996
200.111.191.210 - - [03/May/2018:08:54:08 -0300] "GET /cormun/servlet/trpermisosadjuntos?15589626,20180426151022,P, HTTP/1.1" 200 6992
200.111.191.210 - - [03/May/2018:08:54:11 -0300] "GET /cormun/servlet/trpermisosgoce? HTTP/1.1" 200 12803
200.111.191.210 - - [03/May/2018:08:54:12 -0300] "GET /cormun/servlet/trpermisosgoce? HTTP/1.1" 200 12790
200.111.191.210 - - [03/May/2018:08:54:13 -0300] "POST /cormun/servlet/trpermisosgoce?ec24dfa54b592ba08a28e43dda96c7a0,,gx-no-cache=1525348416612 HTTP/1.1" 200 9946
200.111.191.210 - - [03/May/2018:08:54:14 -0300] "GET /cormun/static/Shared/jqueryui/images/ui-bg_highlight-soft_100_c6c2c8_1x100.png HTTP/1.1" 404 1117
200.111.191.210 - - [03/May/2018:08:54:14 -0300] "GET /cormun/static/Shared/jqueryui/images/ui-icons_82798d_256x240.png HTTP/1.1" 404 1089
200.111.191.210 - - [03/May/2018:08:54:14 -0300] "GET /cormun/static/Shared/jqueryui/images/ui-bg_flat_55_fafafa_40x100.png HTTP/1.1" 404 1097
200.111.191.210 - - [03/May/2018:08:54:14 -0300] "GET /cormun/static/Shared/jqueryui/images/ui-icons_8d78a5_256x240.png HTTP/1.1" 404 1089
190.100.93.40 - - [03/May/2018:08:57:48 -0300] "GET /cormun/servlet/hlogin HTTP/1.1" 200 1725
186.103.159.46 - - [03/May/2018:08:58:13 -0300] "GET /cormun/servlet/licenciaspermisos?4916b66e7458f064c12b77fb657b33693ee4737425a062449a7ec7a76761f66bb83f1d108eb9f82b4942e9f4fc8385702312030538a611e75f6b0c7ed4c73f4963186d972f8208c9a3c604dbfc845e6f3fc925f7ea662edec303128fd602bf40e40289cb8d626606bd770cde0c2e1bc4f3f67b729994ce4548f1d8bc4d8792b5264897ab3626b1c7c8595671760a4f16a7b3d7da55aae9edbbf113f2b19fb4ae2c077fe659080b9b5a8112e3465049b698ce2625e6e289195eaf1a8e8a27d2f10706bb093548ac22fae5654762f48d474827fcac130ddad2b234a890fccee892,gx-no-cache=1525348635757 HTTP/1.1" 200 30
186.103.159.46 - - [03/May/2018:08:58:13 -0300] "POST /cormun/servlet/licenciaspermisos?b4d6d4502ca1057eee23e7378cfd692f,INS,0,,,,gx-no-cache=1525348635910 HTTP/1.1" 200 4792
186.103.159.46 - - [03/May/2018:08:58:40 -0300] "GET /cormun/servlet/licenciaspermisos?4916b66e7458f064c12b77fb657b33694aa421b93729c8cd7d24a5d152fde7a03d42cc8631fd688ba4e620bc1dbbaf6486bb32d19c729cc27600486549650ff32cf350b5d2b0b1f0e04f48e8617bb92cde5cf2c69999d5117b2538f1c0db57bedef5be4246a20c4d777d000b5a79f3c61875073d094e6b6213cb51db4e5af87ea6c138605cf625ed3082f26378edc6117f3d4a128f9430e908517e91289fe29af6cb45e3380b6a76c182d2aba2e1cca0482827f729c4bf087572c4a7eda962c009a2a0f9e8286d6b3646112ae31a9b00adea3274e0b7b07e3362eef27c3be55896b748543a15e799ff68cb957931545e,gx-no-cache=1525348662532 HTTP/1.1" 200 60
186.103.159.46 - - [03/May/2018:08:58:49 -0300] "POST /cormun/servlet/licenciaspermisos?b4d6d4502ca1057eee23e7378cfd692f,INS,0,,,,gx-no-cache=1525348671639 HTTP/1.1" 200 93
186.103.159.46 - - [03/May/2018:08:58:49 -0300] "GET /cormun/servlet/hpexe_return? HTTP/1.1" 200 1012
186.103.159.46 - - [03/May/2018:08:58:50 -0300] "GET /cormun/servlet/trlicencias HTTP/1.1" 200 10412
186.103.159.46 - - [03/May/2018:08:58:52 -0300] "GET /cormun/servlet/trlicencias HTTP/1.1" 200 10407
186.103.159.46 - - [03/May/2018:08:59:05 -0300] "GET /cormun/servlet/alicenciaprn?9517647,L,20180503000000,PU HTTP/1.1" 200 1621
200.112.14.178 - - [03/May/2018:09:02:19 -0300] "GET /cormun/static/menuarrow.gif HTTP/1.1" 404 1015
200.112.14.178 - - [03/May/2018:09:02:29 -0300] "POST /cormun/servlet/trsolicitudot?586721aa3b5a3111e64953582b70e7ef,,gx-no-cache=1525348890618 HTTP/1.1" 200 19682
192.168.10.97 - - [03/May/2018:09:03:06 -0300] "POST /cormun/servlet/trsolicitudgral?7cbe75880554212712feada80621ae2e,gx-no-cache=1525347324070,gx-no-cache=1525348801883 HTTP/1.1" 200 7309
192.168.10.97 - - [03/May/2018:09:03:16 -0300] "GET /cormun/servlet/solicitudgral2?UPD,2018,11271, HTTP/1.1" 200 13128
192.168.10.97 - - [03/May/2018:09:03:16 -0300] "GET /cormun/servlet/solicitudgral2?UPD,2018,11271, HTTP/1.1" 200 13120
192.168.10.97 - - [03/May/2018:09:03:17 -0300] "POST /cormun/servlet/solicitudgral2?gx-no-cache=1525348813345 HTTP/1.1" 200 3901
192.168.10.97 - - [03/May/2018:09:03:17 -0300] "GET /cormun/servlet/solicitudgral2?09f4088a478e1bfefa0c0455588865c363515858c3eb7115083322539296de2026a260019789621cf63d50c21c72b1d9aa2661e88266113c008c800c7ce078a366564abc28f85e6dc817872ded6dfaad0074cdb19fdae43ff0dbb04d4b4373aa9b830fd9025eb0bea66c3f150f1fffdcd79490783a0e45e916174a6150a4fe985682cef6d5e819cdedca43e62c0d2317b02a9a71159d79360fb93f362aaf9ba4374a0fdebaf10347505014a4dd44afc4193dd09d30e39c25108eb7ec4d0f22e91378eac704e5534eea79efdd85375240eee09d26da16b05d2bab7221ecd9ed58de0a8880402b45e4039b1692fb213e8c7614a92ad039e9768f6905f35e1ccdecf6da72fa911cb794e1d9e304c01f2a6e9b7ec101da2bb3e03ce8d62ccab1bb5a4eaafeba31f1e596c8f54612954939e448dd34b062d780c86aa1cdce3cd0c6711e17c4d34943975e9af496b513c2ecae,gx-no-cache=1525348813448 HTTP/1.1" 200 255
192.168.10.97 - - [03/May/2018:09:03:17 -0300] "POST /cormun/servlet/solicitudgral2?gx-no-cache=1525348813470 HTTP/1.1" 200 1428
192.168.10.97 - - [03/May/2018:09:03:17 -0300] "GET /cormun/servlet/solicitudgral2?09f4088a478e1bfefa0c0455588865c3afb46e81ab328dbafc7cd8c906e12c006ed8256771cc4daf9d3c860dd480f4afba3317be0d61ec9bd7bd737a62c98ec301093aff9487a50ee1bc47f982c323f18c1b7b92101b93dda6d10c5aef32cc22dd2cad8f5de5c744602b39da82f12fa3,gx-no-cache=1525348813503 HTTP/1.1" 200 41
192.168.10.97 - - [03/May/2018:09:03:34 -0300] "POST /cormun/servlet/solicitudgral2?7cbe75880554212712feada80621ae2e,UPD,2018,11271,,gx-no-cache=1525348830062 HTTP/1.1" 200 93
192.168.10.97 - - [03/May/2018:09:03:34 -0300] "GET /cormun/servlet/hpexe_return? HTTP/1.1" 200 1038
192.168.10.97 - - [03/May/2018:09:03:34 -0300] "GET /cormun/servlet/trsolicitudgral?gx-no-cache=1525347324070 HTTP/1.1" 200 10476
192.168.10.97 - - [03/May/2018:09:03:34 -0300] "GET /cormun/servlet/trsolicitudgral?gx-no-cache=1525347324070 HTTP/1.1" 200 10493
200.54.247.70 - - [03/May/2018:09:04:36 -0300] "GET /cormun/servlet/hlogin HTTP/1.1" 200 1728
200.54.247.70 - - [03/May/2018:09:04:36 -0300] "GET /cormun/servlet/hlogin HTTP/1.1" 200 1734
192.168.10.97 - - [03/May/2018:09:04:38 -0300] "GET /cormun/servlet/solicitudgral2?UPD,2018,11271, HTTP/1.1" 200 13128
192.168.10.97 - - [03/May/2018:09:04:39 -0300] "GET /cormun/servlet/solicitudgral2?UPD,2018,11271, HTTP/1.1" 200 13120
192.168.10.97 - - [03/May/2018:09:04:39 -0300] "POST /cormun/servlet/solicitudgral2?gx-no-cache=1525348895695 HTTP/1.1" 200 3901
192.168.10.97 - - [03/May/2018:09:04:39 -0300] "GET /cormun/servlet/solicitudgral2?09f4088a478e1bfefa0c0455588865c363515858c3eb7115083322539296de2026a260019789621cf63d50c21c72b1d9aa2661e88266113c008c800c7ce078a366564abc28f85e6dc817872ded6dfaad0074cdb19fdae43ff0dbb04d4b4373aa9b830fd9025eb0bea66c3f150f1fffdcd79490783a0e45e916174a6150a4fe985682cef6d5e819cdedca43e62c0d2317b02a9a71159d79360fb93f362aaf9ba4374a0fdebaf10347505014a4dd44afc4193dd09d30e39c25108eb7ec4d0f22e91378eac704e5534eea79efdd85375240eee09d26da16b05d2bab7221ecd9ed58de0a8880402b45e4039b1692fb213e8c7614a92ad039e9768f6905f35e1ccdecf6da72fa911cb794e1d9e304c01f2a6e9b7ec101da2bb3e03ce8d62ccab1bb5a4eaafeba31f1e596c8f54612954939e448dd34b062d780c86aa1cdce3cd0c6711e17c4d34943975e9af496b513c2ecae,gx-no-cache=1525348895796 HTTP/1.1" 200 255
192.168.10.97 - - [03/May/2018:09:04:39 -0300] "POST /cormun/servlet/solicitudgral2?gx-no-cache=1525348895818 HTTP/1.1" 200 1428
192.168.10.97 - - [03/May/2018:09:04:39 -0300] "GET /cormun/servlet/solicitudgral2?09f4088a478e1bfefa0c0455588865c3afb46e81ab328dbafc7cd8c906e12c006ed8256771cc4daf9d3c860dd480f4afba3317be0d61ec9bd7bd737a62c98ec301093aff9487a50ee1bc47f982c323f18c1b7b92101b93dda6d10c5aef32cc22dd2cad8f5de5c744602b39da82f12fa3,gx-no-cache=1525348895852 HTTP/1.1" 200 41
192.168.10.97 - - [03/May/2018:09:04:41 -0300] "POST /cormun/servlet/solicitudgral2?7cbe75880554212712feada80621ae2e,UPD,2018,11271,,gx-no-cache=1525348897689 HTTP/1.1" 200 93
192.168.10.97 - - [03/May/2018:09:04:41 -0300] "GET /cormun/servlet/hpexe_return? HTTP/1.1" 200 1038
192.168.10.97 - - [03/May/2018:09:04:41 -0300] "GET /cormun/servlet/trsolicitudgral?gx-no-cache=1525347324070 HTTP/1.1" 200 10476
192.168.10.97 - - [03/May/2018:09:04:42 -0300] "GET /cormun/servlet/trsolicitudgral?gx-no-cache=1525347324070 HTTP/1.1" 200 10493
200.54.247.70 - - [03/May/2018:09:04:42 -0300] "POST /cormun/servlet/hlogin?f6b6dbd485451ecc2baeb11d21774de8,gx-no-cache=1525349030673 HTTP/1.1" 200 90
200.54.247.70 - - [03/May/2018:09:04:42 -0300] "GET /cormun/servlet/hpexe_link HTTP/1.1" 200 954
200.54.247.70 - - [03/May/2018:09:04:43 -0300] "GET /cormun/servlet/hhome HTTP/1.1" 200 4238
200.54.247.70 - - [03/May/2018:09:04:44 -0300] "GET /cormun/servlet/hhome HTTP/1.1" 200 4234
192.168.10.97 - - [03/May/2018:09:04:50 -0300] "POST /cormun/servlet/trsolicitudgral?7cbe75880554212712feada80621ae2e,gx-no-cache=1525347324070,gx-no-cache=1525348906712 HTTP/1.1" 200 5923
200.54.247.70 - - [03/May/2018:09:04:55 -0300] "GET /cormun/servlet/trlicencias? HTTP/1.1" 200 13459
200.54.247.70 - - [03/May/2018:09:04:55 -0300] "GET /cormun/static/Resources/Spanish/PXTools.css?17315867 HTTP/1.1" 304 -
200.54.247.70 - - [03/May/2018:09:04:55 -0300] "GET /cormun/static/gxcfg.js?20176272054169 HTTP/1.1" 304 -
200.54.247.70 - - [03/May/2018:09:04:55 -0300] "GET /cormun/static/trlicencias.js?20176272054837 HTTP/1.1" 304 -
200.54.247.70 - - [03/May/2018:09:04:56 -0300] "GET /cormun/servlet/trlicencias? HTTP/1.1" 200 13452
192.168.10.97 - - [03/May/2018:09:05:11 -0300] "POST /cormun/servlet/trsolicitudgral?7cbe75880554212712feada80621ae2e,gx-no-cache=1525347324070,gx-no-cache=1525348927087 HTTP/1.1" 200 5922
192.168.10.97 - - [03/May/2018:09:05:32 -0300] "POST /cormun/servlet/trsolicitudgral?7cbe75880554212712feada80621ae2e,gx-no-cache=1525347324070,gx-no-cache=1525348947935 HTTP/1.1" 200 5921
200.54.247.70 - - [03/May/2018:09:05:33 -0300] "POST /cormun/servlet/trlicencias?f6b6dbd485451ecc2baeb11d21774de8,,gx-no-cache=1525349080995 HTTP/1.1" 200 5563
192.168.10.97 - - [03/May/2018:09:05:36 -0300] "POST /cormun/servlet/trsolicitudgral?7cbe75880554212712feada80621ae2e,gx-no-cache=1525347324070,gx-no-cache=1525348952054 HTTP/1.1" 200 5921
192.168.10.97 - - [03/May/2018:09:05:55 -0300] "POST /cormun/servlet/trsolicitudgral?7cbe75880554212712feada80621ae2e,gx-no-cache=1525347324070,gx-no-cache=1525348971134 HTTP/1.1" 200 5922
200.111.191.210 - - [03/May/2018:09:05:59 -0300] "GET /cormun/servlet/trlicencias? HTTP/1.1" 200 13770
200.111.191.210 - - [03/May/2018:09:06:00 -0300] "GET /cormun/servlet/trlicencias? HTTP/1.1" 200 13768
192.168.10.97 - - [03/May/2018:09:06:18 -0300] "POST /cormun/servlet/trsolicitudgral?7cbe75880554212712feada80621ae2e,gx-no-cache=1525347324070,gx-no-cache=1525348994527 HTTP/1.1" 200 5924
200.111.191.210 - - [03/May/2018:09:06:21 -0300] "GET /cormun/servlet/licenciaspermisos?DSP,9742137,L,20180502000000, HTTP/1.1" 200 7259
200.111.191.210 - - [03/May/2018:09:06:21 -0300] "GET /cormun/servlet/licenciaspermisos?DSP,9742137,L,20180502000000, HTTP/1.1" 200 7258
200.111.191.210 - - [03/May/2018:09:06:41 -0300] "GET /cormun/servlet/trlicencias? HTTP/1.1" 200 13895
200.111.191.210 - - [03/May/2018:09:06:41 -0300] "GET /cormun/servlet/trlicencias? HTTP/1.1" 200 13770
192.168.10.97 - - [03/May/2018:09:06:42 -0300] "POST /cormun/servlet/trsolicitudgral?7cbe75880554212712feada80621ae2e,gx-no-cache=1525347324070,gx-no-cache=1525349018310 HTTP/1.1" 200 7265
200.111.191.210 - - [03/May/2018:09:06:45 -0300] "GET /cormun/servlet/licenciaspermisos?DSP,16845945,L,20180502000000, HTTP/1.1" 200 7276
200.111.191.210 - - [03/May/2018:09:06:45 -0300] "GET /cormun/servlet/licenciaspermisos?DSP,16845945,L,20180502000000, HTTP/1.1" 200 7275
201.214.54.200 - - [03/May/2018:09:06:51 -0300] "GET /cormun/servlet/hlogin HTTP/1.1" 200 1718
200.111.191.210 - - [03/May/2018:09:06:59 -0300] "GET /cormun/servlet/trlicencias? HTTP/1.1" 200 13770
200.111.191.210 - - [03/May/2018:09:06:59 -0300] "GET /cormun/servlet/trlicencias? HTTP/1.1" 200 13894
201.214.54.200 - - [03/May/2018:09:07:00 -0300] "POST /cormun/servlet/hlogin?e2a1f1fc3562e387559826b540e51050,gx-no-cache=1525349164119 HTTP/1.1" 200 90
201.214.54.200 - - [03/May/2018:09:07:00 -0300] "GET /cormun/servlet/hpexe_link HTTP/1.1" 200 949
201.214.54.200 - - [03/May/2018:09:07:00 -0300] "GET /cormun/servlet/hhome HTTP/1.1" 200 4229
201.214.54.200 - - [03/May/2018:09:07:02 -0300] "GET /cormun/servlet/hhome HTTP/1.1" 200 4225
201.214.54.200 - - [03/May/2018:09:07:06 -0300] "GET /cormun/servlet/trsolicitudot? HTTP/1.1" 200 7441
201.214.54.200 - - [03/May/2018:09:07:06 -0300] "GET /cormun/static/Resources/Spanish/PXTools.css?1255365 HTTP/1.1" 304 -
201.214.54.200 - - [03/May/2018:09:07:06 -0300] "GET /cormun/static/gxcfg.js?2017111422585916 HTTP/1.1" 304 -
201.214.54.200 - - [03/May/2018:09:07:06 -0300] "GET /cormun/static/trsolicitudot.js?201711142259839 HTTP/1.1" 304 -
200.111.191.210 - - [03/May/2018:09:07:07 -0300] "GET /cormun/servlet/licenciaspermisos?DSP,17137508,L,20180502000000, HTTP/1.1" 200 7303
200.111.191.210 - - [03/May/2018:09:07:07 -0300] "GET /cormun/servlet/licenciaspermisos?DSP,17137508,L,20180502000000, HTTP/1.1" 200 7302
201.214.54.200 - - [03/May/2018:09:07:08 -0300] "GET /cormun/servlet/trsolicitudot? HTTP/1.1" 200 7440
201.214.54.200 - - [03/May/2018:09:07:10 -0300] "GET /cormun/servlet/solicitudot?INS,0,0, HTTP/1.1" 200 13666
201.214.54.200 - - [03/May/2018:09:07:10 -0300] "GET /cormun/static/gxcfg.js?201812313224582 HTTP/1.1" 304 -
201.214.54.200 - - [03/May/2018:09:07:10 -0300] "GET /cormun/static/solicitudot.js?201812313224831 HTTP/1.1" 304 -
201.214.54.200 - - [03/May/2018:09:07:12 -0300] "GET /cormun/servlet/solicitudot?INS,0,0, HTTP/1.1" 200 13671
200.111.191.210 - - [03/May/2018:09:07:16 -0300] "GET /cormun/servlet/trlicencias? HTTP/1.1" 200 13773
200.111.191.210 - - [03/May/2018:09:07:16 -0300] "GET /cormun/servlet/trlicencias? HTTP/1.1" 200 13894
200.111.191.210 - - [03/May/2018:09:07:19 -0300] "GET /cormun/servlet/licenciaspermisos?DSP,9064135,L,20180502000000, HTTP/1.1" 200 7302
201.214.54.200 - - [03/May/2018:09:07:19 -0300] "POST /cormun/servlet/solicitudot?gx-no-cache=1525349183074 HTTP/1.1" 200 3396
200.111.191.210 - - [03/May/2018:09:07:19 -0300] "GET /cormun/servlet/licenciaspermisos?DSP,9064135,L,20180502000000, HTTP/1.1" 200 7303
201.214.54.200 - - [03/May/2018:09:07:19 -0300] "POST /cormun/servlet/solicitudot?e2a1f1fc3562e387559826b540e51050,INS,0,0,,gx-no-cache=1525349183448 HTTP/1.1" 200 10550
201.214.54.200 - - [03/May/2018:09:07:24 -0300] "GET /cormun/servlet/solicitudot?5748111f93fa5d451af5d0bf25b87ab4bfe01471e48e1d286b0dc34647788a2e2a630363d2593e5070b3c777e681d033,gx-no-cache=1525349187697 HTTP/1.1" 200 30
201.214.54.200 - - [03/May/2018:09:07:24 -0300] "GET /cormun/servlet/solicitudot?5748111f93fa5d451af5d0bf25b87ab43d4fb8c41ef7da7b8e2fb0e88d1888c254c869a3aeb23ffeaf9b06c26492ebcf0ab77886718b8546a4b7b702a021fb05,gx-no-cache=1525349187826 HTTP/1.1" 200 30
201.214.54.200 - - [03/May/2018:09:07:24 -0300] "GET /cormun/servlet/solicitudot?5748111f93fa5d451af5d0bf25b87ab497c20afb9375384abd26d68c2dd12e30,gx-no-cache=1525349187914 HTTP/1.1" 200 53
201.214.54.200 - - [03/May/2018:09:07:24 -0300] "POST /cormun/servlet/solicitudot?gx-no-cache=1525349188016 HTTP/1.1" 200 255
201.214.54.200 - - [03/May/2018:09:07:24 -0300] "GET /cormun/servlet/solicitudot?5748111f93fa5d451af5d0bf25b87ab45b68777b44179f4981a5874a4129e64f87aa276116630c0d4b4ca6c166c910c9ce363443c72f028ceb2868ba8b45f098bfc763083d623dc23c2b8b5e30b2d62a3ae08cd269810910dd58b06e72c38cbcee20f897a3a47132564f7afd332192208caa4867c8aec8f8cbc64db473b504dacd4c69f85e683a0f955ead9ba916f96111fb04ef8819e6609c6e47d8b73fa1cd4af2815aeb20557280445e1d5a56dfc4327311e453a5851a878bbce933879b3f5ec735a63fe4154096ef030460f870ff7ebe31b460cb05472a995d647f764bab602b69935e27696942e907cec49c686f7ebd7bef1fe5714116ee9d08eef5fac0e74c1f8d156c4728f51fc591357b350e64b447e27f1bc18a7a74b9e3e03e457f32098accb28923af621aad910a1f5a8f28ff3a6cad28464a8bbf126fab46d373ea1a78918a4d11672a3735f4978edb445db7a8420badd61653b2aec9ba7147a42e5ebf9fe7b4fac638ca7c1a1a60de96ce2864e34b130196ad563c72a1b3d4df,gx-no-cache=1525349188125 HTTP/1.1" 200 30
201.214.54.200 - - [03/May/2018:09:07:28 -0300] "POST /cormun/servlet/solicitudot?gx-no-cache=1525349191755 HTTP/1.1" 200 30
201.214.54.200 - - [03/May/2018:09:07:31 -0300] "POST /cormun/servlet/solicitudot?gx-no-cache=1525349195005 HTTP/1.1" 200 1366
201.214.54.200 - - [03/May/2018:09:07:31 -0300] "POST /cormun/servlet/solicitudot?gx-no-cache=1525349195185 HTTP/1.1" 200 38
192.168.10.97 - - [03/May/2018:09:07:34 -0300] "GET /cormun/servlet/solicitudgral?UPD,2018,11260, HTTP/1.1" 200 13085
192.168.10.97 - - [03/May/2018:09:07:34 -0300] "GET /cormun/servlet/solicitudgral?UPD,2018,11260, HTTP/1.1" 200 13076
186.103.159.189 - - [03/May/2018:09:07:34 -0300] "POST /cormun/servlet/hlogin?877319781db1df6b9692784d6c5a1af6,gx-no-cache=1525349198105 HTTP/1.1" 440 972
192.168.10.97 - - [03/May/2018:09:07:34 -0300] "POST /cormun/servlet/solicitudgral?gx-no-cache=1525349070800 HTTP/1.1" 200 3887
192.168.10.97 - - [03/May/2018:09:07:35 -0300] "GET /cormun/servlet/solicitudgral?09f4088a478e1bfefa0c0455588865c363515858c3eb7115083322539296de20070a6f6ff6477c83a95cb991fc658e23aa2661e88266113c008c800c7ce078a366564abc28f85e6dc817872ded6dfaad0074cdb19fdae43ff0dbb04d4b4373aa9b830fd9025eb0bea66c3f150f1fffdcd79490783a0e45e916174a6150a4fe985682cef6d5e819cdedca43e62c0d2317b02a9a71159d79360fb93f362aaf9ba4374a0fdebaf10347505014a4dd44afc4193dd09d30e39c25108eb7ec4d0f22e91378eac704e5534eea79efdd85375240eee09d26da16b05d2bab7221ecd9ed58de0a8880402b45e4039b1692fb213e8c7614a92ad039e9768f6905f35e1ccdecf6da72fa911cb794e1d9e304c01f2a6e9b7ec101da2bb3e03ce8d62ccab1bb5a4eaafeba31f1e596c8f54612954939e448dd34b062d780c86aa1cdce3cd0c6711e17c4d34943975e9af496b513c2ecae,gx-no-cache=1525349070944 HTTP/1.1" 200 240
186.103.159.189 - - [03/May/2018:09:07:37 -0300] "GET /cormun/servlet/hlogin HTTP/1.1" 200 1733
200.111.191.210 - - [03/May/2018:09:07:41 -0300] "GET /cormun/servlet/trlicencias? HTTP/1.1" 200 13770
201.214.54.200 - - [03/May/2018:09:07:42 -0300] "GET /cormun/servlet/solicitudot?5748111f93fa5d451af5d0bf25b87ab4565a6475684ad44edc43416b5c6d30a35957d2ca9d68d67ce9e61d83836b11ae761fe5d2cfb30021b62f63e6d8d69b6cf8ca415e8672a8fb3be80356f3057517020d76a67b462e1bfcbfb6853ce931dde5efee06e91bb609ea4a1921da5aa071570d3e0ad7a391556aa1f9c1d357cef359a7ac882ce709603a0069083983c97f9efb05f32cb88181298f94d2496eb3bb,gx-no-cache=1525349205616 HTTP/1.1" 200 29
200.111.191.210 - - [03/May/2018:09:07:42 -0300] "GET /cormun/servlet/trlicencias? HTTP/1.1" 200 13770
201.214.54.200 - - [03/May/2018:09:07:42 -0300] "POST /cormun/servlet/solicitudot?gx-no-cache=1525349205719 HTTP/1.1" 200 1350
201.214.54.200 - - [03/May/2018:09:07:42 -0300] "POST /cormun/servlet/solicitudot?gx-no-cache=1525349206252 HTTP/1.1" 200 1250
186.103.159.189 - - [03/May/2018:09:07:43 -0300] "POST /cormun/servlet/hlogin?7549f170d1bc983b184d8e668d99bf54,gx-no-cache=1525349207414 HTTP/1.1" 200 90
186.103.159.189 - - [03/May/2018:09:07:44 -0300] "GET /cormun/servlet/hpexe_link HTTP/1.1" 200 955
186.103.159.189 - - [03/May/2018:09:07:44 -0300] "GET /cormun/servlet/hhome HTTP/1.1" 200 3987
186.103.159.189 - - [03/May/2018:09:07:45 -0300] "GET /cormun/servlet/hhome HTTP/1.1" 200 3985
201.214.54.200 - - [03/May/2018:09:07:54 -0300] "GET /cormun/static/menuarrow.gif HTTP/1.1" 404 1015
201.214.54.200 - - [03/May/2018:09:08:05 -0300] "GET /cormun/servlet/solicitudot?5748111f93fa5d451af5d0bf25b87ab4334e2726cad400943b19e0abf4245f59fd00bab4e46f1f9bc0ac7a54a97dc8b7,gx-no-cache=1525349229190 HTTP/1.1" 200 30
192.168.10.97 - - [03/May/2018:09:08:06 -0300] "GET /cormun/servlet/solicitudgral?09f4088a478e1bfefa0c0455588865c35366e5c5061da2278035a5757da9c4d695ea466b05c879581a93b535daa5cd67f6da72fa911cb794e1d9e304c01f2a6ee5572f2ccc812275093fee64f3d6381f599a5c7ffeec686b7613a61e1e2a486cc6d84c777f23b6a0fc3fc9d0cbd2e66d79f03af657419855961a150339bdb6b340bd42d0316731d3c5816899d3e5d6cc012c53078edfeae4cf1c185ccf10be7953b7b1e4d1d40731fc6e388d4e3b82a5ae287789a04177e2d21e0c9dec447700a12a72003e6ad53f9c4f342e1b674b40baa802b6a3fd4c5045e2bda0409bd15d0cde3eedc98e5596e79b5c6b4f4b76b7b585d6c97afb71d6bc1c8fa949b34ce94421adff97e475c4428fc3891765265e0c60bf145e86f6dd4d781bebe57c3930b11acb8449cfd860fe2aadd688e8ecf566b6582db2c788b6e495607487c6dcb9c6f4373f1b6a653f3d01ca994f5102a6209e96daa11141ddaf78b320fc6215904421adff97e475c4428fc3891765265eecee8d59f45179816f107c34ff88f5ac1703c72906b30c8278f2cc4de73c2ddd3587a5ef0c06fd5c626acc19b8a1afcec94e795fe8374935cdf4d655db25542b,gx-no-cache=1525349101963 HTTP/1.1" 200 48
192.168.10.97 - - [03/May/2018:09:08:06 -0300] "POST /cormun/servlet/solicitudgral?7cbe75880554212712feada80621ae2e,UPD,2018,11260,,gx-no-cache=1525349101986 HTTP/1.1" 200 11835
192.168.10.97 - - [03/May/2018:09:08:06 -0300] "GET /cormun/servlet/solicitudgral?09f4088a478e1bfefa0c0455588865c3a5d75d9f612b28609a5f9683f16ca02a3bbb42aa4bfc0be86bcb9586daf0ff40ef0891fc44c592ea0598429c0f4ca661fa449dc9d9be78baf10d344a8e5f69fc340e1b82bd42d81fd7aac683c726f2615b5eac6030b6064948bdaf2a8140bac1813767d01904360190a1e312f4ca4967330f078267ccd64e7b26130c76c21bc5db8dc76750ed2369f50b83cd51e849f9e685ffe5b5fad7e8336e8e808e36fa73a3cacaf25b6200d378d58dd8dfd56e4daf2179a75d0b60c215fad1079dd8e1f2,gx-no-cache=1525349102127 HTTP/1.1" 200 29
192.168.10.97 - - [03/May/2018:09:08:06 -0300] "POST /cormun/servlet/solicitudgral?gx-no-cache=1525349102143 HTTP/1.1" 200 1326
192.168.10.97 - - [03/May/2018:09:08:06 -0300] "POST /cormun/servlet/solicitudgral?gx-no-cache=1525349102173 HTTP/1.1" 200 1249
192.168.10.97 - - [03/May/2018:09:08:06 -0300] "POST /cormun/servlet/solicitudgral?7cbe75880554212712feada80621ae2e,UPD,2018,11260,,gx-no-cache=1525349102202 HTTP/1.1" 200 93
192.168.10.97 - - [03/May/2018:09:08:06 -0300] "GET /cormun/servlet/hpexe_return? HTTP/1.1" 200 1037
192.168.10.97 - - [03/May/2018:09:08:06 -0300] "GET /cormun/servlet/trsolicitudgral?gx-no-cache=1525347324070 HTTP/1.1" 200 10431
192.168.10.97 - - [03/May/2018:09:08:07 -0300] "GET /cormun/servlet/trsolicitudgral?gx-no-cache=1525347324070 HTTP/1.1" 200 10447
201.214.54.200 - - [03/May/2018:09:08:12 -0300] "POST /cormun/servlet/solicitudot?gx-no-cache=1525349236364 HTTP/1.1" 200 30
192.168.10.97 - - [03/May/2018:09:08:12 -0300] "POST /cormun/servlet/trsolicitudgral?7cbe75880554212712feada80621ae2e,gx-no-cache=1525347324070,gx-no-cache=1525349108656 HTTP/1.1" 200 6119
192.168.10.97 - - [03/May/2018:09:08:12 -0300] "GET /cormun/static/Shared/jqueryui/images/ui-bg_highlight-soft_100_c6c2c8_1x100.png HTTP/1.1" 404 1117
192.168.10.97 - - [03/May/2018:09:08:12 -0300] "GET /cormun/static/Shared/jqueryui/images/ui-icons_82798d_256x240.png HTTP/1.1" 404 1089
192.168.10.97 - - [03/May/2018:09:08:12 -0300] "GET /cormun/static/Shared/jqueryui/images/ui-icons_8d78a5_256x240.png HTTP/1.1" 404 1089
192.168.10.97 - - [03/May/2018:09:08:12 -0300] "GET /cormun/static/Shared/jqueryui/images/ui-bg_flat_55_fafafa_40x100.png HTTP/1.1" 404 1097
192.168.10.97 - - [03/May/2018:09:08:30 -0300] "POST /cormun/servlet/trsolicitudgral?7cbe75880554212712feada80621ae2e,gx-no-cache=1525347324070,gx-no-cache=1525349126034 HTTP/1.1" 200 5919
201.214.54.200 - - [03/May/2018:09:08:33 -0300] "POST /cormun/servlet/solicitudot?e2a1f1fc3562e387559826b540e51050,INS,0,0,,gx-no-cache=1525349256477 HTTP/1.1" 200 93
201.214.54.200 - - [03/May/2018:09:08:33 -0300] "GET /cormun/servlet/hpexe_return? HTTP/1.1" 200 1006
201.214.54.200 - - [03/May/2018:09:08:33 -0300] "GET /cormun/servlet/trsolicitudot HTTP/1.1" 200 8788
201.214.54.200 - - [03/May/2018:09:08:35 -0300] "GET /cormun/servlet/trsolicitudot HTTP/1.1" 200 8784
201.214.54.200 - - [03/May/2018:09:08:51 -0300] "POST /cormun/servlet/trsolicitudot?e2a1f1fc3562e387559826b540e51050,gx-no-cache=1525349274736 HTTP/1.1" 200 106
201.214.54.200 - - [03/May/2018:09:08:51 -0300] "GET /cormun/servlet/solicitudot?UPD,2018,11273, HTTP/1.1" 200 15440
201.214.54.200 - - [03/May/2018:09:08:53 -0300] "GET /cormun/servlet/solicitudot?UPD,2018,11273, HTTP/1.1" 200 15450
201.214.54.200 - - [03/May/2018:09:08:53 -0300] "POST /cormun/servlet/solicitudot?gx-no-cache=1525349277055 HTTP/1.1" 200 3408
201.214.54.200 - - [03/May/2018:09:08:53 -0300] "POST /cormun/servlet/solicitudot?e2a1f1fc3562e387559826b540e51050,UPD,2018,11273,,gx-no-cache=1525349277350 HTTP/1.1" 200 11718
201.214.54.200 - - [03/May/2018:09:08:54 -0300] "GET /cormun/servlet/solicitudot?5748111f93fa5d451af5d0bf25b87ab4bfe01471e48e1d286b0dc34647788a2e9e4c3f8bcb05d20fba92c607eab282f5,gx-no-cache=1525349277747 HTTP/1.1" 200 30
201.214.54.200 - - [03/May/2018:09:08:54 -0300] "GET /cormun/servlet/solicitudot?5748111f93fa5d451af5d0bf25b87ab43d4fb8c41ef7da7b8e2fb0e88d1888c254c869a3aeb23ffeaf9b06c26492ebcfbfc23461e5156687723047193b62e347,gx-no-cache=1525349277882 HTTP/1.1" 200 30
201.214.54.200 - - [03/May/2018:09:08:54 -0300] "GET /cormun/servlet/solicitudot?5748111f93fa5d451af5d0bf25b87ab43581bfa9e80aba59672c33809f444fc30eb79884198e30e98b8469441b623f62cd96075112b108dc2fff16c49f26de96,gx-no-cache=1525349277959 HTTP/1.1" 200 53
201.214.54.200 - - [03/May/2018:09:08:54 -0300] "POST /cormun/servlet/solicitudot?gx-no-cache=1525349278050 HTTP/1.1" 200 254
