186.103.132.155 - - [03/May/2018:12:54:08 -0300] "GET /cormun/servlet/hpexe_link HTTP/1.1" 200 954
186.103.132.155 - - [03/May/2018:12:54:08 -0300] "GET /cormun/servlet/hhome HTTP/1.1" 200 4202
186.103.132.155 - - [03/May/2018:12:54:10 -0300] "GET /cormun/servlet/hhome HTTP/1.1" 200 4198
200.112.233.47 - - [03/May/2018:12:54:11 -0300] "GET /cormun/servlet/solicitudotadjuntos?INS,2018,11279,,1, HTTP/1.1" 200 6273
200.112.233.47 - - [03/May/2018:12:54:13 -0300] "GET /cormun/static/about:blank HTTP/1.1" 404 1011
186.67.172.234 - - [03/May/2018:12:54:15 -0300] "POST /cormun/servlet/hlogin?b4a37059edd9e36562efc202299ead6e,gx-no-cache=1525362734199 HTTP/1.1" 200 90
186.67.172.234 - - [03/May/2018:12:54:15 -0300] "GET /cormun/servlet/hpexe_link HTTP/1.1" 200 952
186.67.172.234 - - [03/May/2018:12:54:15 -0300] "GET /cormun/servlet/hhome HTTP/1.1" 200 4229
186.67.172.234 - - [03/May/2018:12:54:15 -0300] "GET /cormun/static/gxcfg.js?20175251212442 HTTP/1.1" 304 -
200.112.233.47 - - [03/May/2018:12:54:15 -0300] "GET /cormun/servlet/solicitudotadjuntos?INS,2018,11279,,1, HTTP/1.1" 200 6266
200.112.233.47 - - [03/May/2018:12:54:16 -0300] "GET /cormun/servlet/solicitudotadjuntos?d092dc8eceeb0b5420cd89a9709e908235b760b34cb8d8d2bfbf4bc9e95805d3422f2dfcf3964a7c6d2e31e9e81b6ae0,gx-no-cache=1525362798040 HTTP/1.1" 200 30
186.67.172.234 - - [03/May/2018:12:54:16 -0300] "GET /cormun/servlet/hhome HTTP/1.1" 200 4225
186.103.132.155 - - [03/May/2018:12:54:17 -0300] "GET /cormun/servlet/trsolicitudot? HTTP/1.1" 200 7416
200.111.122.170 - - [03/May/2018:12:54:17 -0300] "GET /cormun/static/gxui/gxui-all.css?120300 HTTP/1.1" 200 2179
190.151.100.218 - - [03/May/2018:12:54:17 -0300] "GET /cormun/static/calendar-system.css?85620 HTTP/1.1" 200 5572
200.72.197.82 - - [03/May/2018:12:54:17 -0300] "GET /cormun/static/gxcfg.js?2017111422585916 HTTP/1.1" 200 953
190.151.100.218 - - [03/May/2018:12:54:17 -0300] "GET /cormun/static/Resources/Spanish/PXTools.css?1255365 HTTP/1.1" 200 89042
186.103.132.155 - - [03/May/2018:12:54:17 -0300] "GET /cormun/static/Shared/ext/resources/css/ext-all.css?215870 HTTP/1.1" 200 416045
190.151.100.218 - - [03/May/2018:12:54:18 -0300] "GET /cormun/static/trsolicitudot.js?201711142259839 HTTP/1.1" 200 54041
190.151.100.218 - - [03/May/2018:12:54:19 -0300] "GET /cormun/servlet/trsolicitudot? HTTP/1.1" 200 7416
186.67.172.234 - - [03/May/2018:12:54:20 -0300] "GET /cormun/servlet/trpermisosgoce? HTTP/1.1" 200 14912
186.67.172.234 - - [03/May/2018:12:54:21 -0300] "GET /cormun/servlet/trpermisosgoce? HTTP/1.1" 200 14906
190.151.100.218 - - [03/May/2018:12:54:21 -0300] "GET /cormun/servlet/solicitudot?INS,0,0, HTTP/1.1" 200 13651
190.151.100.218 - - [03/May/2018:12:54:22 -0300] "GET /cormun/static/gxcfg.js?201812313224582 HTTP/1.1" 200 953
190.151.100.218 - - [03/May/2018:12:54:22 -0300] "GET /cormun/static/solicitudot.js?201812313224831 HTTP/1.1" 200 72336
190.151.100.218 - - [03/May/2018:12:54:23 -0300] "GET /cormun/servlet/solicitudot?INS,0,0, HTTP/1.1" 200 13656
200.112.233.47 - - [03/May/2018:12:54:23 -0300] "POST /cormun/servlet/solicitudotadjuntos?bff93c926b8fb4dbd9962b9e8bcbaee6,INS,2018,11279,,1,,gx-no-cache=1525362798084 HTTP/1.1" 200 3994
186.67.172.234 - - [03/May/2018:12:54:23 -0300] "GET /cormun/servlet/permisogoce?INS,0,,, HTTP/1.1" 200 7096
186.67.172.234 - - [03/May/2018:12:54:23 -0300] "GET /cormun/servlet/permisogoce?INS,0,,, HTTP/1.1" 200 7095
190.151.100.218 - - [03/May/2018:12:54:26 -0300] "GET /cormun/servlet/prfichaempleado?,MD,,gxPopupLevel%3D0%3B HTTP/1.1" 200 9368
200.112.233.47 - - [03/May/2018:12:54:27 -0300] "POST /cormun/servlet/solicitudotadjuntos?gx-no-cache=1525362809607 HTTP/1.1" 200 26
186.67.172.234 - - [03/May/2018:12:54:31 -0300] "GET /cormun/servlet/permisogoce?ebea225d3696f7828c40ba256a0e90d9930edf2f67afff80292b2b5d5a4e333770fd08fdf4f2e21040bf6d8eb024774d14b8c7c60f3c9907b8761947d5b75094,gx-no-cache=1525362750761 HTTP/1.1" 200 77
186.67.172.234 - - [03/May/2018:12:54:31 -0300] "GET /cormun/static/menuarrow.gif HTTP/1.1" 404 1015
200.112.233.47 - - [03/May/2018:12:54:38 -0300] "GET /cormun/servlet/solicitudotadjuntos?d092dc8eceeb0b5420cd89a9709e90823808b573f6259e0c99a86b76306312a3,gx-no-cache=1525362820095 HTTP/1.1" 200 30
200.112.233.47 - - [03/May/2018:12:54:38 -0300] "GET /cormun/servlet/solicitudotadjuntos?d092dc8eceeb0b5420cd89a9709e90823808b573f6259e0c99a86b76306312a3,gx-no-cache=1525362820145 HTTP/1.1" 200 30
190.151.100.218 - - [03/May/2018:12:54:38 -0300] "POST /cormun/servlet/prfichaempleado?9702df6721b218057b5995400d0967f0,,MD,,gxPopupLevel%3D0%3B,gx-no-cache=1525362818607 HTTP/1.1" 200 3190
186.67.172.234 - - [03/May/2018:12:54:38 -0300] "GET /favicon.ico HTTP/1.1" 200 21630
200.112.233.47 - - [03/May/2018:12:54:38 -0300] "POST /cormun/servlet/solicitudotadjuntos?bff93c926b8fb4dbd9962b9e8bcbaee6,INS,2018,11279,,1, HTTP/1.1" 200 116
200.112.233.47 - - [03/May/2018:12:54:38 -0300] "GET /cormun/servlet/hpexe_return? HTTP/1.1" 200 1024
200.112.233.47 - - [03/May/2018:12:54:39 -0300] "GET /cormun/servlet/trsolicitudadjuntos?2018,11279, HTTP/1.1" 200 9653
200.112.233.47 - - [03/May/2018:12:54:40 -0300] "GET /cormun/servlet/trsolicitudadjuntos?2018,11279, HTTP/1.1" 200 9651
200.112.233.47 - - [03/May/2018:12:54:42 -0300] "GET /cormun/servlet/solicitudotadjuntos?INS,2018,11279,,1, HTTP/1.1" 200 6273
186.67.172.234 - - [03/May/2018:12:54:42 -0300] "GET /cormun/servlet/permisogoce?ebea225d3696f7828c40ba256a0e90d915d079b95b209bfed09a90d04d8f2365bf6b53f87e9f367f0a4ef68313fbe954d713aef67601ff06755a57923e2b9c7c,gx-no-cache=1525362762021 HTTP/1.1" 200 47
200.112.233.47 - - [03/May/2018:12:54:43 -0300] "GET /cormun/static/about:blank HTTP/1.1" 404 1011
200.112.233.47 - - [03/May/2018:12:54:43 -0300] "GET /cormun/servlet/solicitudotadjuntos?INS,2018,11279,,1, HTTP/1.1" 200 6266
200.112.233.47 - - [03/May/2018:12:54:43 -0300] "GET /cormun/servlet/solicitudotadjuntos?d092dc8eceeb0b5420cd89a9709e908235b760b34cb8d8d2bfbf4bc9e95805d3422f2dfcf3964a7c6d2e31e9e81b6ae0,gx-no-cache=1525362825734 HTTP/1.1" 200 30
200.112.233.47 - - [03/May/2018:12:54:43 -0300] "POST /cormun/servlet/solicitudotadjuntos?bff93c926b8fb4dbd9962b9e8bcbaee6,INS,2018,11279,,1,,gx-no-cache=1525362825854 HTTP/1.1" 200 3994
186.67.172.234 - - [03/May/2018:12:54:47 -0300] "POST /cormun/servlet/permisogoce?b4a37059edd9e36562efc202299ead6e,INS,0,,,,gx-no-cache=1525362766113 HTTP/1.1" 200 93
186.67.172.234 - - [03/May/2018:12:54:47 -0300] "GET /cormun/servlet/hpexe_return? HTTP/1.1" 200 1010
186.67.172.234 - - [03/May/2018:12:54:47 -0300] "GET /cormun/servlet/trpermisosgoce HTTP/1.1" 200 15158
186.67.172.234 - - [03/May/2018:12:54:48 -0300] "GET /cormun/servlet/trpermisosgoce HTTP/1.1" 200 15175
200.112.233.47 - - [03/May/2018:12:54:48 -0300] "POST /cormun/servlet/solicitudotadjuntos?gx-no-cache=1525362830697 HTTP/1.1" 200 26
186.103.159.189 - - [03/May/2018:12:54:48 -0300] "POST /cormun/servlet/trlicencias?3950f81b50b5003e46eaa96713a03561,gx-no-cache=1525362832499 HTTP/1.1" 200 7812
186.103.159.189 - - [03/May/2018:12:54:49 -0300] "GET /cormun/static/Shared/jqueryui/images/ui-bg_highlight-soft_100_c6c2c8_1x100.png HTTP/1.1" 404 1117
186.103.159.189 - - [03/May/2018:12:54:49 -0300] "GET /cormun/static/Shared/jqueryui/images/ui-icons_82798d_256x240.png HTTP/1.1" 404 1089
186.103.159.189 - - [03/May/2018:12:54:49 -0300] "GET /cormun/static/Shared/jqueryui/images/ui-bg_flat_55_fafafa_40x100.png HTTP/1.1" 404 1097
186.103.159.189 - - [03/May/2018:12:54:49 -0300] "GET /cormun/static/Shared/jqueryui/images/ui-icons_8d78a5_256x240.png HTTP/1.1" 404 1089
186.67.172.234 - - [03/May/2018:12:54:52 -0300] "GET /cormun/servlet/trpermisosadjuntos?12163978,20180503125119,P, HTTP/1.1" 200 6532
186.67.172.234 - - [03/May/2018:12:54:52 -0300] "GET /cormun/static/gxcfg.js?201762817193957 HTTP/1.1" 304 -
186.67.172.234 - - [03/May/2018:12:54:52 -0300] "GET /cormun/servlet/trpermisosadjuntos?12163978,20180503125119,P, HTTP/1.1" 200 6531
186.67.172.234 - - [03/May/2018:12:54:53 -0300] "GET /cormun/servlet/permisosadjuntos?INS,12163978,P,20180503125119,, HTTP/1.1" 200 5863
186.67.172.234 - - [03/May/2018:12:54:53 -0300] "GET /cormun/static/gxcfg.js?201762717441171 HTTP/1.1" 304 -
186.67.172.234 - - [03/May/2018:12:54:53 -0300] "GET /cormun/static/about:blank HTTP/1.1" 404 1011
186.67.172.234 - - [03/May/2018:12:54:54 -0300] "GET /cormun/servlet/permisosadjuntos?INS,12163978,P,20180503125119,, HTTP/1.1" 200 5851
200.112.233.47 - - [03/May/2018:12:54:59 -0300] "GET /cormun/servlet/solicitudotadjuntos?d092dc8eceeb0b5420cd89a9709e90823808b573f6259e0c99a86b76306312a3,gx-no-cache=1525362841167 HTTP/1.1" 200 30
200.112.233.47 - - [03/May/2018:12:54:59 -0300] "GET /cormun/servlet/solicitudotadjuntos?d092dc8eceeb0b5420cd89a9709e90823808b573f6259e0c99a86b76306312a3,gx-no-cache=1525362841224 HTTP/1.1" 200 30
186.103.161.206 - - [03/May/2018:12:55:00 -0300] "POST /cormun/servlet/solicitudot?gx-no-cache=1525362840472 HTTP/1.1" 200 3292
200.112.233.47 - - [03/May/2018:12:55:00 -0300] "POST /cormun/servlet/solicitudotadjuntos?bff93c926b8fb4dbd9962b9e8bcbaee6,INS,2018,11279,,1, HTTP/1.1" 200 116
200.112.233.47 - - [03/May/2018:12:55:01 -0300] "GET /cormun/servlet/hpexe_return? HTTP/1.1" 200 1024
186.103.161.206 - - [03/May/2018:12:55:01 -0300] "POST /cormun/servlet/solicitudot?9702df6721b218057b5995400d0967f0,INS,0,0,,gx-no-cache=1525362841788 HTTP/1.1" 200 10458
186.67.172.234 - - [03/May/2018:12:55:01 -0300] "POST /cormun/servlet/permisosadjuntos?b4a37059edd9e36562efc202299ead6e,INS,12163978,P,20180503125119,, HTTP/1.1" 200 116
200.112.233.47 - - [03/May/2018:12:55:01 -0300] "GET /cormun/servlet/trsolicitudadjuntos?2018,11279, HTTP/1.1" 200 9931
186.67.172.234 - - [03/May/2018:12:55:01 -0300] "GET /cormun/servlet/hpexe_return? HTTP/1.1" 200 1039
186.67.172.234 - - [03/May/2018:12:55:01 -0300] "GET /cormun/servlet/trpermisosadjuntos?12163978,20180503125119,P, HTTP/1.1" 200 7020
186.67.172.234 - - [03/May/2018:12:55:02 -0300] "GET /cormun/servlet/trpermisosadjuntos?12163978,20180503125119,P, HTTP/1.1" 200 7014
200.112.233.47 - - [03/May/2018:12:55:02 -0300] "GET /cormun/servlet/trsolicitudadjuntos?2018,11279, HTTP/1.1" 200 9929
186.103.161.206 - - [03/May/2018:12:55:03 -0300] "GET /cormun/servlet/solicitudot?8204a9e1a65068f35d936d9770a60fcaa03fbb6322970824964a704b913108e0664c5cad35a87920a2fbfeb31224f163,gx-no-cache=1525362844066 HTTP/1.1" 200 30
186.67.172.234 - - [03/May/2018:12:55:04 -0300] "POST /cormun/servlet/trpermisosadjuntos?b4a37059edd9e36562efc202299ead6e,12163978,20180503125119,P,,gx-no-cache=1525362783923 HTTP/1.1" 200 90
186.67.172.234 - - [03/May/2018:12:55:04 -0300] "GET /cormun/servlet/hpexe_link HTTP/1.1" 200 983
186.67.172.234 - - [03/May/2018:12:55:05 -0300] "GET /cormun/servlet/trpermisosgoce HTTP/1.1" 200 15180
186.67.172.234 - - [03/May/2018:12:55:05 -0300] "GET /cormun/servlet/trpermisosgoce HTTP/1.1" 200 15177
200.112.233.47 - - [03/May/2018:12:55:08 -0300] "POST /cormun/servlet/trsolicitudadjuntos?bff93c926b8fb4dbd9962b9e8bcbaee6,2018,11279,,gx-no-cache=1525362850682 HTTP/1.1" 200 90
200.112.233.47 - - [03/May/2018:12:55:08 -0300] "GET /cormun/servlet/hpexe_link HTTP/1.1" 200 966
200.112.233.47 - - [03/May/2018:12:55:09 -0300] "GET /cormun/servlet/trsolicitudot HTTP/1.1" 200 8786
186.67.172.234 - - [03/May/2018:12:55:09 -0300] "POST /cormun/servlet/trpermisosgoce?b4a37059edd9e36562efc202299ead6e,gx-no-cache=1525362788487 HTTP/1.1" 200 12294
186.67.172.234 - - [03/May/2018:12:55:09 -0300] "GET /cormun/static/Shared/jqueryui/images/ui-bg_highlight-soft_100_c6c2c8_1x100.png HTTP/1.1" 404 1117
186.67.172.234 - - [03/May/2018:12:55:09 -0300] "GET /cormun/static/Shared/jqueryui/images/ui-icons_82798d_256x240.png HTTP/1.1" 404 1089
186.67.172.234 - - [03/May/2018:12:55:09 -0300] "GET /cormun/static/Shared/jqueryui/images/ui-bg_flat_55_fafafa_40x100.png HTTP/1.1" 404 1097
186.67.172.234 - - [03/May/2018:12:55:09 -0300] "GET /cormun/static/Shared/jqueryui/images/ui-icons_8d78a5_256x240.png HTTP/1.1" 404 1089
186.67.172.234 - - [03/May/2018:12:55:13 -0300] "GET /cormun/servlet/trautorizarpermisogoce? HTTP/1.1" 200 7897
186.67.172.234 - - [03/May/2018:12:55:14 -0300] "GET /cormun/servlet/trautorizarpermisogoce? HTTP/1.1" 200 7896
186.67.172.234 - - [03/May/2018:12:55:17 -0300] "POST /cormun/servlet/trautorizarpermisogoce?b4a37059edd9e36562efc202299ead6e,,gx-no-cache=1525362795980 HTTP/1.1" 200 4358
186.67.172.234 - - [03/May/2018:12:55:17 -0300] "GET /cormun/static/Shared/jqueryui/images/ui-bg_highlight-soft_100_c6c2c8_1x100.png HTTP/1.1" 404 1117
186.67.172.234 - - [03/May/2018:12:55:17 -0300] "GET /cormun/static/Shared/jqueryui/images/ui-icons_82798d_256x240.png HTTP/1.1" 404 1089
186.67.172.234 - - [03/May/2018:12:55:17 -0300] "GET /cormun/static/Shared/jqueryui/images/ui-icons_8d78a5_256x240.png HTTP/1.1" 404 1089
186.67.172.234 - - [03/May/2018:12:55:17 -0300] "GET /cormun/static/Shared/jqueryui/images/ui-bg_flat_55_fafafa_40x100.png HTTP/1.1" 404 1097
200.112.233.47 - - [03/May/2018:12:55:17 -0300] "GET /cormun/servlet/trsolicitudot HTTP/1.1" 200 8785
200.112.233.47 - - [03/May/2018:12:55:55 -0300] "POST /cormun/servlet/trsolicitudot?bff93c926b8fb4dbd9962b9e8bcbaee6,gx-no-cache=1525362897010 HTTP/1.1" 200 4676
200.112.233.47 - - [03/May/2018:12:55:55 -0300] "GET /cormun/static/Shared/jqueryui/images/ui-bg_highlight-soft_100_c6c2c8_1x100.png HTTP/1.1" 404 1117
200.112.233.47 - - [03/May/2018:12:55:55 -0300] "GET /cormun/static/Shared/jqueryui/images/ui-icons_82798d_256x240.png HTTP/1.1" 404 1089
200.112.233.47 - - [03/May/2018:12:55:55 -0300] "GET /cormun/static/Shared/jqueryui/images/ui-icons_8d78a5_256x240.png HTTP/1.1" 404 1089
200.112.233.47 - - [03/May/2018:12:55:55 -0300] "GET /cormun/static/Shared/jqueryui/images/ui-bg_flat_55_fafafa_40x100.png HTTP/1.1" 404 1097
200.112.233.47 - - [03/May/2018:12:55:55 -0300] "POST /cormun/servlet/trsolicitudot?bff93c926b8fb4dbd9962b9e8bcbaee6,gx-no-cache=1525362897620 HTTP/1.1" 200 4457
200.112.233.47 - - [03/May/2018:12:55:59 -0300] "GET /cormun/servlet/trautorizarsolicitud? HTTP/1.1" 200 8674
200.112.233.47 - - [03/May/2018:12:55:59 -0300] "GET /cormun/static/gxcfg.js?2017111423403364 HTTP/1.1" 304 -
200.112.233.47 - - [03/May/2018:12:56:00 -0300] "GET /cormun/servlet/trautorizarsolicitud? HTTP/1.1" 200 8675
200.112.233.47 - - [03/May/2018:12:56:35 -0300] "POST /cormun/servlet/trautorizarsolicitud?bff93c926b8fb4dbd9962b9e8bcbaee6,,gx-no-cache=1525362936993 HTTP/1.1" 200 4609
200.112.233.47 - - [03/May/2018:12:56:37 -0300] "POST /cormun/servlet/trautorizarsolicitud?bff93c926b8fb4dbd9962b9e8bcbaee6,,gx-no-cache=1525362938062 HTTP/1.1" 200 4391
186.103.159.204 - - [03/May/2018:12:59:33 -0300] "GET /cormun/servlet/hlogin HTTP/1.1" 200 1725
186.103.159.204 - - [03/May/2018:12:59:33 -0300] "GET /cormun/static/gxcfg.js?20175251213516 HTTP/1.1" 200 953
186.103.159.204 - - [03/May/2018:12:59:33 -0300] "GET /cormun/static/gxtimezone.js?85251 HTTP/1.1" 200 5781
186.103.159.204 - - [03/May/2018:12:59:33 -0300] "GET /cormun/static/Resources/Spanish/PXTools.css?11423723 HTTP/1.1" 200 89042
186.103.159.204 - - [03/May/2018:12:59:33 -0300] "GET /cormun/static/messages.spa.js?85251 HTTP/1.1" 200 30736
186.103.159.204 - - [03/May/2018:12:59:33 -0300] "GET /cormun/static/hlogin.js?20175251213537 HTTP/1.1" 200 2136
186.103.159.204 - - [03/May/2018:12:59:33 -0300] "GET /cormun/static/Resources/ComunLogin.png HTTP/1.1" 200 17326
186.103.159.204 - - [03/May/2018:12:59:33 -0300] "GET /cormun/static/gxgral.js?85251 HTTP/1.1" 200 384558
186.103.159.204 - - [03/May/2018:12:59:34 -0300] "GET /cormun/static/Resources/PXToolsLoginTop.png HTTP/1.1" 200 1337
186.103.159.204 - - [03/May/2018:12:59:34 -0300] "GET /cormun/static/Resources/PXToolsLoginBackground.png HTTP/1.1" 200 1164
186.103.159.204 - - [03/May/2018:12:59:34 -0300] "GET /cormun/static/Resources/PXToolsButtonLeft21.png HTTP/1.1" 200 1287
186.103.159.204 - - [03/May/2018:12:59:34 -0300] "GET /cormun/static/Resources/PXToolsButtonRight21.png HTTP/1.1" 200 1283
186.103.159.204 - - [03/May/2018:12:59:34 -0300] "GET /cormun/static/Resources/PXToolsButtonBackground2.png HTTP/1.1" 200 1181
186.103.159.204 - - [03/May/2018:12:59:34 -0300] "GET /cormun/static/Resources/PXToolsLoginBottom.png HTTP/1.1" 200 1389
186.103.159.204 - - [03/May/2018:12:59:34 -0300] "GET /cormun/static/Resources/indicator.gif HTTP/1.1" 200 1553
186.103.159.204 - - [03/May/2018:12:59:34 -0300] "GET /cormun/servlet/hlogin HTTP/1.1" 200 1729
186.103.159.204 - - [03/May/2018:12:59:34 -0300] "GET /favicon.ico HTTP/1.1" 200 21630
186.103.159.204 - - [03/May/2018:12:59:55 -0300] "POST /cormun/servlet/hlogin?52d1d7f21012e5c4b069015550e1903e,gx-no-cache=1525366831751 HTTP/1.1" 200 90
186.103.159.204 - - [03/May/2018:12:59:55 -0300] "GET /cormun/servlet/hpexe_link HTTP/1.1" 200 951
186.103.159.204 - - [03/May/2018:12:59:55 -0300] "GET /cormun/static/gxcfg.js?20177612121792 HTTP/1.1" 200 953
186.103.159.204 - - [03/May/2018:12:59:55 -0300] "GET /cormun/static/hpexe_link.js?20177612121795 HTTP/1.1" 200 625
186.103.159.204 - - [03/May/2018:12:59:55 -0300] "GET /cormun/static/Resources/Spanish/PXTools.css?1155365 HTTP/1.1" 200 89042
186.103.159.204 - - [03/May/2018:12:59:55 -0300] "GET /cormun/servlet/hhome HTTP/1.1" 200 3900
186.103.159.204 - - [03/May/2018:12:59:55 -0300] "GET /cormun/static/SmoothNavMenu/resources/ddsmoothmenu-v.css?1012540 HTTP/1.1" 200 1188
186.103.159.204 - - [03/May/2018:12:59:55 -0300] "GET /cormun/static/SmoothNavMenu/resources/ddsmoothmenu.css?1012540 HTTP/1.1" 200 2223
186.103.159.204 - - [03/May/2018:12:59:55 -0300] "GET /cormun/static/Shared/jqueryui/jquery-ui.min.css?1245370 HTTP/1.1" 200 30288
186.103.159.204 - - [03/May/2018:12:59:55 -0300] "GET /cormun/static/scaMessage/css/jquery.pnotify.default.css?1716380 HTTP/1.1" 200 1707
186.103.159.204 - - [03/May/2018:12:59:55 -0300] "GET /cormun/static/gxcfg.js?20175251212442 HTTP/1.1" 200 953
186.103.159.204 - - [03/May/2018:12:59:55 -0300] "GET /cormun/static/PXToolsJavascripts/pexe_autoreload.js HTTP/1.1" 200 1762
186.103.159.204 - - [03/May/2018:12:59:55 -0300] "GET /cormun/static/PXToolsJavascripts/pexe_windows.js HTTP/1.1" 200 15207
186.103.159.204 - - [03/May/2018:12:59:55 -0300] "GET /cormun/static/PXToolsJavascripts/pexe_cookies.js HTTP/1.1" 200 792
186.103.159.204 - - [03/May/2018:12:59:55 -0300] "GET /cormun/static/PXToolsJavascripts/pexe_grid.js HTTP/1.1" 200 7559
186.103.159.204 - - [03/May/2018:12:59:55 -0300] "GET /cormun/static/PXToolsJavascripts/pexe_griddivfix.js HTTP/1.1" 200 6644
186.103.159.204 - - [03/May/2018:12:59:55 -0300] "GET /cormun/static/PXToolsJavascripts/pexe_link.js HTTP/1.1" 200 5671
186.103.159.204 - - [03/May/2018:12:59:55 -0300] "GET /cormun/static/PXToolsJavascripts/pexe_menudivfix.js HTTP/1.1" 200 333
186.103.159.204 - - [03/May/2018:12:59:55 -0300] "GET /cormun/static/PXToolsJavascripts/pexe_menus.js HTTP/1.1" 200 1286
186.103.159.204 - - [03/May/2018:12:59:55 -0300] "GET /cormun/static/PXToolsJavascripts/pexe_oav.js HTTP/1.1" 200 645
186.103.159.204 - - [03/May/2018:12:59:55 -0300] "GET /cormun/static/PXToolsJavascripts/pexe_layers.js HTTP/1.1" 200 4114
186.103.159.204 - - [03/May/2018:12:59:55 -0300] "GET /cormun/static/PXToolsJavascripts/pexe_oavdivfix.js HTTP/1.1" 200 639
186.103.159.204 - - [03/May/2018:12:59:55 -0300] "GET /cormun/static/PXToolsJavascripts/pexe_picture.js HTTP/1.1" 200 689
186.103.159.204 - - [03/May/2018:12:59:55 -0300] "GET /cormun/static/PXToolsJavascripts/pexe_scrolldiv.js HTTP/1.1" 200 4138
186.103.159.204 - - [03/May/2018:12:59:55 -0300] "GET /cormun/static/PXToolsJavascripts/pexe_popup.js HTTP/1.1" 200 13458
186.103.159.204 - - [03/May/2018:12:59:55 -0300] "GET /cormun/static/PXToolsJavascripts/pexe_tabdivfix.js HTTP/1.1" 200 876
186.103.159.204 - - [03/May/2018:12:59:55 -0300] "GET /cormun/static/PXToolsJavascripts/pexe_tabs.js HTTP/1.1" 200 3748
186.103.159.204 - - [03/May/2018:12:59:55 -0300] "GET /cormun/static/PXToolsJavascripts/PXToolsJavascriptsRender.js HTTP/1.1" 200 367
186.103.159.204 - - [03/May/2018:12:59:55 -0300] "GET /cormun/static/PXToolsJavascripts/pexe_upload.js HTTP/1.1" 200 1423
186.103.159.204 - - [03/May/2018:12:59:55 -0300] "GET /cormun/static/RunJS/RunJS.js HTTP/1.1" 200 288
186.103.159.204 - - [03/May/2018:12:59:55 -0300] "GET /cormun/static/hhome.js?20175251212450 HTTP/1.1" 200 777
186.103.159.204 - - [03/May/2018:12:59:55 -0300] "GET /cormun/static/Shared/ext/locale/ext-lang-en.js HTTP/1.1" 200 10940
186.103.159.204 - - [03/May/2018:12:59:55 -0300] "GET /cormun/static/hwchdr01.js?201752511465785 HTTP/1.1" 200 1183
186.103.159.204 - - [03/May/2018:12:59:55 -0300] "GET /cormun/static/hpexe_recentlink.js?20177611595044 HTTP/1.1" 200 2144
186.103.159.204 - - [03/May/2018:12:59:55 -0300] "GET /cormun/static/Resources/PXToolsDataTitle.png HTTP/1.1" 200 1173
186.103.159.204 - - [03/May/2018:12:59:55 -0300] "GET /cormun/static/Resources/PXToolsHeaderActionsBackground.png HTTP/1.1" 200 484
186.103.159.204 - - [03/May/2018:12:59:55 -0300] "GET /cormun/static/Resources/PXToolsFooterBackground2.png HTTP/1.1" 200 1172
186.103.159.204 - - [03/May/2018:12:59:55 -0300] "GET /cormun/static/gxui/gxui-all.js HTTP/1.1" 200 107772
186.103.159.204 - - [03/May/2018:12:59:55 -0300] "GET /cormun/static/Resources/logo4.png HTTP/1.1" 200 6582
186.103.159.204 - - [03/May/2018:12:59:55 -0300] "GET /cormun/static/Resources/PXToolsHeaderHome.png HTTP/1.1" 200 4147
186.103.159.204 - - [03/May/2018:12:59:55 -0300] "GET /cormun/static/Resources/PXToolsHeaderActionsRight.png HTTP/1.1" 200 1201
186.103.159.204 - - [03/May/2018:12:59:55 -0300] "GET /cormun/static/Resources/PXToolsHeaderLogin.png HTTP/1.1" 200 4279
186.103.159.204 - - [03/May/2018:12:59:55 -0300] "GET /cormun/static/Resources/PXToolsHeaderActionsLeft.png HTTP/1.1" 200 1118
186.103.159.204 - - [03/May/2018:12:59:55 -0300] "GET /cormun/static/Resources/PXToolsHeaderSecurity.png HTTP/1.1" 200 4166
186.103.159.204 - - [03/May/2018:12:59:55 -0300] "GET /cormun/static/Resources/PXToolsHeaderPreferences.png HTTP/1.1" 200 4189
186.103.159.204 - - [03/May/2018:12:59:55 -0300] "GET /cormun/static/Resources/PXToolsHeaderBackground2.png HTTP/1.1" 200 1174
186.103.159.204 - - [03/May/2018:12:59:55 -0300] "GET /cormun/static/hpexe_scripts.js?201752511465715 HTTP/1.1" 200 1544
186.103.159.204 - - [03/May/2018:12:59:55 -0300] "GET /cormun/static/hpexe_messagecontroller.js?20177611595012 HTTP/1.1" 200 870
186.103.159.204 - - [03/May/2018:12:59:55 -0300] "GET /cormun/static/hpexe_messagepopupcomponent.js?20161017169425 HTTP/1.1" 200 605
186.103.159.204 - - [03/May/2018:12:59:55 -0300] "GET /cormun/static/hpexe_messagegenexuscomponent.js?201752511465344 HTTP/1.1" 200 587
186.103.159.204 - - [03/May/2018:12:59:55 -0300] "GET /cormun/static/cmcontrolpreferences.js?201752511465670 HTTP/1.1" 200 1375
186.103.159.204 - - [03/May/2018:12:59:55 -0300] "GET /cormun/static/Shared/jquery/jquery-1.10.2.min.js HTTP/1.1" 200 273199
186.103.159.204 - - [03/May/2018:12:59:55 -0300] "GET /cormun/static/SmoothNavMenu/resources/ddsmoothmenu.js HTTP/1.1" 200 12712
186.103.159.204 - - [03/May/2018:12:59:55 -0300] "GET /cormun/static/Shared/jquery/jquery-1.4.2.min.js HTTP/1.1" 200 72174
186.103.159.204 - - [03/May/2018:12:59:55 -0300] "GET /cormun/static/SmoothNavMenu/resources/SmoothNavMenuRender.js HTTP/1.1" 200 5951
186.103.159.204 - - [03/May/2018:12:59:55 -0300] "GET /cormun/static/scaMessage/js/jquery.pnotify.min.js HTTP/1.1" 200 13038
186.103.159.204 - - [03/May/2018:12:59:55 -0300] "GET /cormun/static/scaMessage/scaMessageRender.js HTTP/1.1" 200 11977
186.103.159.204 - - [03/May/2018:12:59:55 -0300] "GET /cormun/static/Shared/jqueryui/jquery-ui.min.js HTTP/1.1" 200 240427
186.103.159.204 - - [03/May/2018:12:59:55 -0300] "GET /cormun/static/hmpwkw03.js?20177612122668 HTTP/1.1" 200 3965
186.103.159.204 - - [03/May/2018:12:59:56 -0300] "GET /cormun/static/Shared/ext/ext-all.js HTTP/1.1" 200 1289687
186.103.159.204 - - [03/May/2018:12:59:56 -0300] "GET /cormun/servlet/hhome HTTP/1.1" 200 3897
186.103.159.204 - - [03/May/2018:12:59:56 -0300] "GET /cormun/static/SmoothNavMenu/resources/images/down.gif HTTP/1.1" 200 854
186.103.159.204 - - [03/May/2018:13:00:06 -0300] "GET /cormun/servlet/trpermisosgoce? HTTP/1.1" 200 8438
186.103.159.204 - - [03/May/2018:13:00:06 -0300] "GET /cormun/static/gxui/gxui-all.css?110300 HTTP/1.1" 200 2179
186.103.159.204 - - [03/May/2018:13:00:06 -0300] "GET /cormun/static/calendar-system.css?75620 HTTP/1.1" 200 5572
186.103.159.204 - - [03/May/2018:13:00:06 -0300] "GET /cormun/static/calendar-setup.js?85251 HTTP/1.1" 200 2588
186.103.159.204 - - [03/May/2018:13:00:06 -0300] "GET /cormun/static/gxcfg.js?20177612163875 HTTP/1.1" 200 953
186.103.159.204 - - [03/May/2018:13:00:06 -0300] "GET /cormun/static/calendar.js?85251 HTTP/1.1" 200 26246
186.103.159.204 - - [03/May/2018:13:00:06 -0300] "GET /cormun/static/calendar-es.js?85251 HTTP/1.1" 200 1901
186.103.159.204 - - [03/May/2018:13:00:06 -0300] "GET /cormun/static/gxdec.js?85251 HTTP/1.1" 200 19579
186.103.159.204 - - [03/May/2018:13:00:06 -0300] "GET /cormun/static/trpermisosgoce.js?20177612164335 HTTP/1.1" 200 35904
186.103.159.204 - - [03/May/2018:13:00:06 -0300] "GET /cormun/static/Shared/ext/resources/css/ext-all.css?205870 HTTP/1.1" 200 416045
186.103.159.204 - - [03/May/2018:13:00:06 -0300] "GET /cormun/static/Resources/PXTools/calendar.png HTTP/1.1" 200 1306
186.103.159.204 - - [03/May/2018:13:00:06 -0300] "GET /cormun/static/Resources/PXToolsDataSearch.png HTTP/1.1" 200 419
186.103.159.204 - - [03/May/2018:13:00:06 -0300] "GET /cormun/static/Resources/PXToolsGridFirstDisabled.gif HTTP/1.1" 200 100
186.103.159.204 - - [03/May/2018:13:00:06 -0300] "GET /cormun/static/Resources/PXToolsGridPreviousDisabled.gif HTTP/1.1" 200 90
186.103.159.204 - - [03/May/2018:13:00:06 -0300] "GET /cormun/static/Resources/PXToolsGridNextDisabled.gif HTTP/1.1" 200 90
186.103.159.204 - - [03/May/2018:13:00:06 -0300] "GET /cormun/static/Resources/PXToolsGridLastDisabled.gif HTTP/1.1" 200 98
186.103.159.204 - - [03/May/2018:13:00:06 -0300] "GET /cormun/static/Resources/PXToolsGridPage.gif HTTP/1.1" 200 725
186.103.159.204 - - [03/May/2018:13:00:06 -0300] "GET /cormun/static/Resources/PXToolsActionExcel.png HTTP/1.1" 200 3187
186.103.159.204 - - [03/May/2018:13:00:06 -0300] "GET /cormun/static/Resources/PXToolsGridNew.png HTTP/1.1" 200 2949
186.103.159.204 - - [03/May/2018:13:00:07 -0300] "GET /cormun/static/Resources/asc.gif HTTP/1.1" 200 67
186.103.159.204 - - [03/May/2018:13:00:07 -0300] "GET /cormun/static/Resources/desc.gif HTTP/1.1" 200 65
186.103.159.204 - - [03/May/2018:13:00:07 -0300] "GET /cormun//static/Resources/PXToolsGridDisplay.png HTTP/1.1" 200 362
186.103.159.204 - - [03/May/2018:13:00:07 -0300] "GET /cormun//static/Resources/PXToolsActionDisabled.gif HTTP/1.1" 200 53
186.103.159.204 - - [03/May/2018:13:00:07 -0300] "GET /cormun//static/Resources/PXTools/ActionInsert.png HTTP/1.1" 200 1482
186.103.159.204 - - [03/May/2018:13:00:07 -0300] "GET /cormun//static/Resources/PXToolsGridDelete.png HTTP/1.1" 200 357
186.103.159.204 - - [03/May/2018:13:00:07 -0300] "GET /cormun//static/Resources/PXToolsActionPrint.png HTTP/1.1" 200 3317
186.103.159.204 - - [03/May/2018:13:00:07 -0300] "GET /cormun//static/Resources/PXToolsHeaderHelp.png HTTP/1.1" 200 4055
186.103.159.204 - - [03/May/2018:13:00:07 -0300] "GET /cormun//static/Resources/PXToolsHeaderFavorites.png HTTP/1.1" 200 2744
186.103.159.204 - - [03/May/2018:13:00:07 -0300] "GET /cormun/servlet/trpermisosgoce? HTTP/1.1" 200 8431
186.103.159.204 - - [03/May/2018:13:00:07 -0300] "GET /cormun/static/Shared/ext/resources/themes/images/default/panel/bg-headersPanel.png HTTP/1.1" 200 255
186.103.159.204 - - [03/May/2018:13:00:07 -0300] "GET /cormun/static/Shared/ext/resources/themes/images/default/tools/tool-sprites.gif HTTP/1.1" 200 5434
186.103.159.204 - - [03/May/2018:13:00:22 -0300] "GET /cormun/servlet/permisogoce?INS,0,,, HTTP/1.1" 200 6740
186.103.159.204 - - [03/May/2018:13:00:22 -0300] "GET /cormun/static/gxcfg.js?201776126440 HTTP/1.1" 200 953
186.103.159.204 - - [03/May/2018:13:00:22 -0300] "GET /cormun/static/Resources/prompt.gif HTTP/1.1" 200 902
186.103.159.204 - - [03/May/2018:13:00:22 -0300] "GET /cormun/static/permisogoce.js?2017761264459 HTTP/1.1" 200 27897
186.103.159.204 - - [03/May/2018:13:00:22 -0300] "GET /cormun/servlet/permisogoce?INS,0,,, HTTP/1.1" 200 6739
200.72.197.82 - - [03/May/2018:13:00:55 -0300] "POST /cormun/servlet/solicitudot?9702df6721b218057b5995400d0967f0,INS,0,0,,gx-no-cache=1525363195774 HTTP/1.1" 200 10612
200.72.197.82 - - [03/May/2018:13:00:57 -0300] "GET /cormun/static/Shared/jqueryui/images/ui-bg_highlight-soft_100_c6c2c8_1x100.png HTTP/1.1" 404 1117
186.67.203.186 - - [03/May/2018:13:00:57 -0300] "GET /cormun/static/Shared/jqueryui/images/ui-icons_82798d_256x240.png HTTP/1.1" 404 1089
200.72.197.82 - - [03/May/2018:13:00:57 -0300] "GET /cormun/static/Shared/jqueryui/images/ui-icons_8d78a5_256x240.png HTTP/1.1" 404 1089
190.151.100.218 - - [03/May/2018:13:00:57 -0300] "GET /cormun/static/Shared/jqueryui/images/ui-bg_flat_55_fafafa_40x100.png HTTP/1.1" 404 1097
186.67.203.186 - - [03/May/2018:13:01:03 -0300] "GET /cormun/servlet/solicitudot?8204a9e1a65068f35d936d9770a60fca73cbc8278ee0ed6172620e22409194ce42501c5b7a37725f2f89e1e6186729ac70781f94d49ffc7ac04824af4eae4b8a,gx-no-cache=1525363204133 HTTP/1.1" 200 30
186.67.203.186 - - [03/May/2018:13:01:03 -0300] "GET /cormun/servlet/solicitudot?8204a9e1a65068f35d936d9770a60fcab66be73d36d97fc5650b3e661213ebf6,gx-no-cache=1525363204218 HTTP/1.1" 200 29
186.103.159.204 - - [03/May/2018:13:01:05 -0300] "GET /cormun/static/Resources/resize.gif HTTP/1.1" 200 77
186.103.159.204 - - [03/May/2018:13:01:05 -0300] "GET /cormun/servlet/prfichaempleado?,MD,,gxPopupLevel%3D0%3B HTTP/1.1" 200 9241
186.103.159.204 - - [03/May/2018:13:01:05 -0300] "GET /cormun/static/gxcfg.js?20177612134814 HTTP/1.1" 200 953
186.103.159.204 - - [03/May/2018:13:01:05 -0300] "GET /cormun/static/Resources/PXToolsMenuSearch.png HTTP/1.1" 200 2914
186.103.159.204 - - [03/May/2018:13:01:05 -0300] "GET /cormun/static/prfichaempleado.js?20177612134999 HTTP/1.1" 200 16006
186.103.159.204 - - [03/May/2018:13:01:05 -0300] "GET /cormun/static/hmpwkw011.js?20177612121862 HTTP/1.1" 200 1968
186.103.159.204 - - [03/May/2018:13:01:05 -0300] "GET /cormun/static/Resources/PXToolsMenuSearchCancel.png HTTP/1.1" 200 2972
186.103.159.204 - - [03/May/2018:13:01:05 -0300] "GET /cormun/static/menusearch.js?201610171694467 HTTP/1.1" 200 1424
186.67.203.186 - - [03/May/2018:13:01:06 -0300] "POST /cormun/servlet/solicitudot?gx-no-cache=1525363206754 HTTP/1.1" 200 255
186.67.203.186 - - [03/May/2018:13:01:09 -0300] "GET /cormun/servlet/solicitudot?8204a9e1a65068f35d936d9770a60fca13c9886fd0d737d80e62d6fec6ae0e7a86f72b1a23c9201edaed2a2f71d740666ded995cd50e8c325fb0cb248b4fb61bbb2bd146db05bc2f1d4fac0de1e9ff5c995950b1a4b0bfae9876215072d7f8cec4b918759266aed8ad17aa4b940a71d08ea7767d17131417c853c73ecb6033a3ee6b6d5d0bdb8e48477386a0929338d3e3a1618886ca0092f2f262eb5c865f272fd2339875c151fd1eee9bfc619ec7b64c807632a684663cfc8b93b1e18ed3bf918846519876f6a989840069492b810510257847fd98ed3839c4ed31a11a5d24a493871bc49cb82f3cddb4f5221cc4a57399b05776d5cdc8f19aa6ac37befd48c15fad1b6e02f940361dbf188e76c7c53bce9c7df391adca016f9cde56d45f926ca494959604854854c2cc6e57dddbe68c9aae4e0dfc9f111bb9196588a08b843161025e138c124797ee7328ffc533daf6b386a4d6bf90241858199d443d3511de13cc4f79eb74288502139f90a80d907bf243b8b7a89a78878de6abc3615d8d,gx-no-cache=1525363210348 HTTP/1.1" 200 30
186.67.203.186 - - [03/May/2018:13:01:14 -0300] "POST /cormun/servlet/solicitudot?gx-no-cache=1525363215365 HTTP/1.1" 200 30
186.67.203.186 - - [03/May/2018:13:01:19 -0300] "GET /cormun/servlet/prsolicitudot?16816748,,,,,MD,,gxPopupLevel%3D0%3B HTTP/1.1" 200 6048
186.67.203.186 - - [03/May/2018:13:01:19 -0300] "GET /cormun/static/gxcfg.js?2017111422591492 HTTP/1.1" 200 953
186.103.161.206 - - [03/May/2018:13:01:19 -0300] "GET /cormun/static/prsolicitudot.js?2017111422591715 HTTP/1.1" 200 13680
186.103.161.206 - - [03/May/2018:13:01:32 -0300] "POST /cormun/servlet/solicitudot?gx-no-cache=1525363232583 HTTP/1.1" 200 1369
186.103.161.206 - - [03/May/2018:13:01:32 -0300] "POST /cormun/servlet/solicitudot?gx-no-cache=1525363232726 HTTP/1.1" 200 38
186.103.161.206 - - [03/May/2018:13:01:32 -0300] "GET /cormun/servlet/solicitudot?8204a9e1a65068f35d936d9770a60fcaca838a1af68b2f3ab4123c893b905ab841d3170368d5e813807d4a3744d523e1f251a941bb85bd4a665d151f5fd20532dc963be591d5e1a3f368905ad08e9367543599db5b9a2b301c3d88dea5f3cf4e933e55722c4d5d7ec747fdba462f3b63,gx-no-cache=1525363232813 HTTP/1.1" 200 29
186.103.161.206 - - [03/May/2018:13:01:32 -0300] "POST /cormun/servlet/solicitudot?gx-no-cache=1525363232901 HTTP/1.1" 200 1351
186.103.161.206 - - [03/May/2018:13:01:32 -0300] "POST /cormun/servlet/solicitudot?gx-no-cache=1525363233018 HTTP/1.1" 200 1249
186.103.161.206 - - [03/May/2018:13:01:32 -0300] "GET /cormun/servlet/solicitudot?8204a9e1a65068f35d936d9770a60fca214fc39a31eb90554253272705a6fb1b6ea4f09c518b2c091c86eac9a9697942,gx-no-cache=1525363233174 HTTP/1.1" 200 134
186.67.203.186 - - [03/May/2018:13:01:32 -0300] "GET /cormun/static/Shared/jqueryui/images/ui-icons_ebccce_256x240.png HTTP/1.1" 404 1089
186.103.161.206 - - [03/May/2018:13:01:32 -0300] "GET /cormun/static/Shared/jqueryui/images/ui-bg_flat_55_994d53_40x100.png HTTP/1.1" 404 1097
186.103.161.206 - - [03/May/2018:13:01:32 -0300] "POST /cormun/servlet/solicitudot?gx-no-cache=1525363233443 HTTP/1.1" 200 30
186.103.161.206 - - [03/May/2018:13:01:33 -0300] "POST /cormun/servlet/solicitudot?gx-no-cache=1525363233531 HTTP/1.1" 200 1369
186.103.161.206 - - [03/May/2018:13:01:33 -0300] "POST /cormun/servlet/solicitudot?gx-no-cache=1525363233694 HTTP/1.1" 200 41
186.103.159.204 - - [03/May/2018:13:01:33 -0300] "GET /cormun/servlet/permisogoce?INS,0,,, HTTP/1.1" 200 6728
186.103.161.206 - - [03/May/2018:13:01:33 -0300] "POST /cormun/servlet/solicitudot?gx-no-cache=1525363233778 HTTP/1.1" 200 1351
186.103.161.206 - - [03/May/2018:13:01:33 -0300] "POST /cormun/servlet/solicitudot?gx-no-cache=1525363233935 HTTP/1.1" 200 1249
186.103.161.206 - - [03/May/2018:13:01:33 -0300] "GET /cormun/servlet/solicitudot?8204a9e1a65068f35d936d9770a60fca214fc39a31eb90554253272705a6fb1b6ea4f09c518b2c091c86eac9a9697942,gx-no-cache=1525363234070 HTTP/1.1" 200 134
186.103.159.204 - - [03/May/2018:13:01:33 -0300] "GET /cormun/servlet/permisogoce?INS,0,,, HTTP/1.1" 200 6738
186.103.159.204 - - [03/May/2018:13:01:34 -0300] "POST /cormun/servlet/prfichaempleado?52d1d7f21012e5c4b069015550e1903e,,MD,,gxPopupLevel%3D0%3B,gx-no-cache=1525366937373 HTTP/1.1" 200 3195
186.103.159.204 - - [03/May/2018:13:01:38 -0300] "POST /cormun/servlet/prfichaempleado?52d1d7f21012e5c4b069015550e1903e,,MD,,gxPopupLevel%3D0%3B,gx-no-cache=1525366941223 HTTP/1.1" 200 3195
66.249.83.5 - - [03/May/2018:13:01:55 -0300] "GET /cormun/servlet/hlogin HTTP/1.1" 200 1717
66.249.83.7 - - [03/May/2018:13:01:55 -0300] "GET /cormun/servlet/hlogin?_escaped_fragment_= HTTP/1.1" 200 1712
66.249.83.5 - - [03/May/2018:13:01:55 -0300] "GET /favicon.ico HTTP/1.1" 200 21630
186.103.159.46 - - [03/May/2018:13:02:07 -0300] "GET /cormun/servlet/hlogin HTTP/1.1" 200 1726
93.158.161.6 - - [03/May/2018:13:02:10 -0300] "GET /robots.txt HTTP/1.1" 404 981
93.158.161.6 - - [03/May/2018:13:02:14 -0300] "GET /examples/jsp/sessions/crt.html HTTP/1.1" 200 1388
186.103.159.46 - - [03/May/2018:13:02:18 -0300] "POST /cormun/servlet/hlogin?ed732db442d2482e615b820b545c9ace,gx-no-cache=1525363280747 HTTP/1.1" 200 90
186.103.159.46 - - [03/May/2018:13:02:18 -0300] "GET /cormun/servlet/hpexe_link HTTP/1.1" 200 951
186.103.159.46 - - [03/May/2018:13:02:19 -0300] "GET /cormun/servlet/hhome HTTP/1.1" 200 3970
186.103.159.46 - - [03/May/2018:13:02:20 -0300] "GET /cormun/servlet/hhome HTTP/1.1" 200 3967
186.103.159.46 - - [03/May/2018:13:02:24 -0300] "GET /cormun/servlet/trlicencias? HTTP/1.1" 200 10317
186.103.161.206 - - [03/May/2018:13:02:27 -0300] "POST /cormun/servlet/solicitudot?gx-no-cache=1525363287680 HTTP/1.1" 200 1351
186.103.159.46 - - [03/May/2018:13:02:27 -0300] "GET /cormun/servlet/trlicencias? HTTP/1.1" 200 10314
186.103.161.206 - - [03/May/2018:13:02:27 -0300] "POST /cormun/servlet/solicitudot?gx-no-cache=1525363288024 HTTP/1.1" 200 1249
186.103.161.206 - - [03/May/2018:13:02:27 -0300] "GET /cormun/static/menuarrow.gif HTTP/1.1" 404 1015
186.103.159.188 - - [03/May/2018:13:02:30 -0300] "GET /cormun/servlet/hlogin HTTP/1.1" 200 1719
186.103.159.46 - - [03/May/2018:13:02:30 -0300] "GET /cormun/servlet/licenciaspermisos?INS,0,,, HTTP/1.1" 200 7498
186.103.159.188 - - [03/May/2018:13:02:30 -0300] "GET /cormun/servlet/hlogin HTTP/1.1" 200 1725
186.103.161.206 - - [03/May/2018:13:02:30 -0300] "POST /cormun/servlet/solicitudot?gx-no-cache=1525363290781 HTTP/1.1" 200 1351
186.103.161.206 - - [03/May/2018:13:02:30 -0300] "POST /cormun/servlet/solicitudot?gx-no-cache=1525363290999 HTTP/1.1" 200 1249
186.103.159.46 - - [03/May/2018:13:02:32 -0300] "GET /cormun/servlet/licenciaspermisos?INS,0,,, HTTP/1.1" 200 7496
186.103.159.188 - - [03/May/2018:13:02:41 -0300] "POST /cormun/servlet/hlogin?2231fa1a8098ef4e28e4ecc3bcc8eff6,gx-no-cache=1525363303516 HTTP/1.1" 200 90
186.103.159.188 - - [03/May/2018:13:02:41 -0300] "GET /cormun/servlet/hpexe_link HTTP/1.1" 200 946
186.103.159.188 - - [03/May/2018:13:02:41 -0300] "GET /cormun/servlet/hhome HTTP/1.1" 200 3939
186.103.159.188 - - [03/May/2018:13:02:42 -0300] "GET /cormun/servlet/hhome HTTP/1.1" 200 3937
186.103.159.46 - - [03/May/2018:13:02:44 -0300] "GET /cormun/servlet/licenciaspermisos?119dfc61704b1b3e7dc1e953faf5210a92ddf3fb2cd85cdaa3414f7d221dedb641f25138eadef88036b5ff8201acb5e3,gx-no-cache=1525363306972 HTTP/1.1" 200 102
186.103.159.46 - - [03/May/2018:13:02:45 -0300] "POST /cormun/servlet/licenciaspermisos?ed732db442d2482e615b820b545c9ace,INS,0,,,,gx-no-cache=1525363307120 HTTP/1.1" 200 4696
186.103.159.188 - - [03/May/2018:13:02:45 -0300] "GET /cormun/servlet/trlicencias? HTTP/1.1" 200 12417
186.103.159.188 - - [03/May/2018:13:02:45 -0300] "GET /cormun/static/gxcfg.js?20176272054169 HTTP/1.1" 200 953
186.103.159.188 - - [03/May/2018:13:02:46 -0300] "GET /cormun/servlet/trlicencias? HTTP/1.1" 200 12415
186.103.159.188 - - [03/May/2018:13:02:54 -0300] "GET /cormun/servlet/alicenciaprn?13947002,L,20180423000000,PU HTTP/1.1" 200 1533
186.103.159.46 - - [03/May/2018:13:03:10 -0300] "GET /cormun/static/menuarrow.gif HTTP/1.1" 404 1015
200.72.197.82 - - [03/May/2018:13:03:11 -0300] "GET /cormun/servlet/solicitudot?8204a9e1a65068f35d936d9770a60fcab95253b9038696da5e6bc4e89e8dae386ea4f09c518b2c091c86eac9a9697942,gx-no-cache=1525363331914 HTTP/1.1" 200 30
200.72.197.82 - - [03/May/2018:13:03:11 -0300] "POST /cormun/servlet/solicitudot?gx-no-cache=1525363332019 HTTP/1.1" 200 33
192.168.10.56 - - [03/May/2018:13:03:24 -0300] "POST /cormun/servlet/hlogin?368491e9a298ec7e2e8a2923b812d26d,gx-no-cache=1525363220778 HTTP/1.1" 440 972
192.168.10.56 - - [03/May/2018:13:03:26 -0300] "GET /cormun/servlet/hlogin HTTP/1.1" 200 1725
192.168.10.56 - - [03/May/2018:13:03:27 -0300] "POST /cormun/servlet/hlogin?8a3b908533e7559960cf410f07b06dfe,gx-no-cache=1525363223280 HTTP/1.1" 200 90
192.168.10.56 - - [03/May/2018:13:03:27 -0300] "GET /cormun/servlet/hpexe_link HTTP/1.1" 200 945
192.168.10.56 - - [03/May/2018:13:03:27 -0300] "GET /cormun/servlet/hhome HTTP/1.1" 200 4508
192.168.10.56 - - [03/May/2018:13:03:28 -0300] "GET /cormun/servlet/hhome HTTP/1.1" 200 4504
192.168.10.56 - - [03/May/2018:13:04:13 -0300] "GET /cormun/servlet/trsolicitudgral? HTTP/1.1" 200 28529
192.168.10.56 - - [03/May/2018:13:04:15 -0300] "GET /cormun/servlet/trsolicitudgral? HTTP/1.1" 200 28528
192.168.10.56 - - [03/May/2018:13:04:16 -0300] "GET /cormun/static/menuarrow.gif HTTP/1.1" 404 1015
192.168.10.56 - - [03/May/2018:13:04:29 -0300] "POST /cormun/servlet/trsolicitudgral?8a3b908533e7559960cf410f07b06dfe,,gx-no-cache=1525363285361 HTTP/1.1" 200 7270
190.151.100.218 - - [03/May/2018:13:04:53 -0300] "POST /cormun/servlet/solicitudot?9702df6721b218057b5995400d0967f0,INS,0,0,,gx-no-cache=1525363433285 HTTP/1.1" 200 11970
186.103.159.46 - - [03/May/2018:13:05:12 -0300] "GET /cormun/servlet/licenciaspermisos?119dfc61704b1b3e7dc1e953faf5210ae4f313fca529fac1444701d4d62676ad9f96dca0dafd5d6a9907338768c108877fc3b35f3c7bcb48ab5551f53394ffe5d9bbf949d6d5de8e60ae5ce275a692affb8444a8d7a75dd7ca296db0c39d27befeae354a4dddfbd5b629ee97096611d47673c8240ad5401079fcafafb2e514b41fdd3340d7cbcbbe425981a0946082d2985397f7c2f23f8b2e2df6cc5124a8e22cdd71db621e4985bc2015fc6363d0203236ad84adbd1616c89a532850e3bb765ddcda3ca24c79a8bc9edda6416011533992520db5a10e06288e826db63ef764,gx-no-cache=1525363454093 HTTP/1.1" 200 30
186.103.159.46 - - [03/May/2018:13:05:13 -0300] "POST /cormun/servlet/licenciaspermisos?ed732db442d2482e615b820b545c9ace,INS,0,,,,gx-no-cache=1525363455478 HTTP/1.1" 200 4759
186.103.159.46 - - [03/May/2018:13:05:35 -0300] "GET /cormun/servlet/licenciaspermisos?119dfc61704b1b3e7dc1e953faf5210a6f5721603c524bc0e16c2d26b1444da60f13c9cf3829459ba8435f0c467b29880005cb1eb34ed2e6b75b33a6f0a8e9678440cee4b4e5111f55cf611732fdbab30cb526b6834f40f0af72de8759e661b229ec6cadac69c686661de3dc707fbf2741a27e6e7d446e636acadec8576c10442dde2cbc5108243e24c3e437e1bf8c170953156c42d77af6e2d85207d26f6f7d2ac6aa5165c630f0d9505e88a30be19a8739bc3af361faa6f261cf8f734cba69698e62cbcf7333f65cfe3ff889408d3a7c79869f2b872324a9309e3fa9e4c07275836d92e6b7e92d01900b63e2b8a928,gx-no-cache=1525363475693 HTTP/1.1" 200 54
186.103.159.46 - - [03/May/2018:13:05:38 -0300] "POST /cormun/servlet/licenciaspermisos?ed732db442d2482e615b820b545c9ace,INS,0,,,,gx-no-cache=1525363479979 HTTP/1.1" 200 93
186.103.159.46 - - [03/May/2018:13:05:38 -0300] "GET /cormun/servlet/hpexe_return? HTTP/1.1" 200 1011
186.103.159.46 - - [03/May/2018:13:05:38 -0300] "GET /cormun/servlet/trlicencias HTTP/1.1" 200 10666
190.100.93.40 - - [03/May/2018:13:05:39 -0300] "GET /cormun/servlet/trautorizarenuncias? HTTP/1.1" 200 5918
190.100.93.40 - - [03/May/2018:13:05:40 -0300] "GET /cormun/servlet/trautorizarenuncias? HTTP/1.1" 200 5915
190.100.93.40 - - [03/May/2018:13:05:40 -0300] "GET /cormun/servlet/hlogin HTTP/1.1" 200 1745
186.103.159.46 - - [03/May/2018:13:05:40 -0300] "GET /cormun/servlet/trlicencias HTTP/1.1" 200 10611
190.100.93.40 - - [03/May/2018:13:05:50 -0300] "POST /cormun/servlet/hlogin?1c8c7105f97324a752fc6244a67bc5ab,gx-no-cache=1525363492982 HTTP/1.1" 200 90
190.100.93.40 - - [03/May/2018:13:05:50 -0300] "GET /cormun/servlet/hpexe_link HTTP/1.1" 200 964
190.100.93.40 - - [03/May/2018:13:05:50 -0300] "GET /cormun/servlet/trautorizarenuncias HTTP/1.1" 200 6909
190.100.93.40 - - [03/May/2018:13:05:51 -0300] "GET /cormun/servlet/trautorizarenuncias HTTP/1.1" 200 6907
190.100.93.40 - - [03/May/2018:13:05:54 -0300] "GET /cormun/servlet/trlicencias? HTTP/1.1" 200 10634
190.100.93.40 - - [03/May/2018:13:05:54 -0300] "GET /cormun/servlet/trlicencias? HTTP/1.1" 200 10633
186.103.159.46 - - [03/May/2018:13:06:42 -0300] "GET /cormun/servlet/alicenciaprn?11142601,L,20180503000000,PU HTTP/1.1" 200 1605
192.168.10.89 - - [03/May/2018:13:06:47 -0300] "GET /cormun/servlet/hlogin HTTP/1.1" 200 1741
186.103.161.206 - - [03/May/2018:13:08:11 -0300] "GET /cormun/servlet/solicitudot?8204a9e1a65068f35d936d9770a60fca13c9886fd0d737d80e62d6fec6ae0e7a86f72b1a23c9201edaed2a2f71d740666ded995cd50e8c325fb0cb248b4fb61bbb2bd146db05bc2f1d4fac0de1e9ff5c995950b1a4b0bfae9876215072d7f8cec4b918759266aed8ad17aa4b940a71d08ea7767d17131417c853c73ecb6033a3ee6b6d5d0bdb8e48477386a0929338d3e3a1618886ca0092f2f262eb5c865f272fd2339875c151fd1eee9bfc619ec7b64c807632a684663cfc8b93b1e18ed3bf918846519876f6a989840069492b810510257847fd98ed3839c4ed31a11a5d24a493871bc49cb82f3cddb4f5221cc4a57399b05776d5cdc8f19aa6ac37befd48c15fad1b6e02f940361dbf188e76c7c53bce9c7df391adca016f9cde56d45f926ca494959604854854c2cc6e57dddbe68c9aae4e0dfc9f111bb9196588a08b843161025e138c124797ee7328ffc533daf6b386a4d6bf90241858199d443d3511de13cc4f79eb74288502139f90a80d90dfa05ca10e5a8fb4df4222dd375f1a44,gx-no-cache=1525363631221 HTTP/1.1" 200 30
186.103.161.206 - - [03/May/2018:13:08:11 -0300] "POST /cormun/servlet/solicitudot?gx-no-cache=1525363631797 HTTP/1.1" 200 30
186.103.161.206 - - [03/May/2018:13:08:11 -0300] "POST /cormun/servlet/solicitudot?gx-no-cache=1525363632045 HTTP/1.1" 200 1369
186.103.161.206 - - [03/May/2018:13:08:11 -0300] "POST /cormun/servlet/solicitudot?gx-no-cache=1525363632347 HTTP/1.1" 200 41
186.103.161.206 - - [03/May/2018:13:08:12 -0300] "POST /cormun/servlet/solicitudot?gx-no-cache=1525363632475 HTTP/1.1" 200 1351
186.103.161.206 - - [03/May/2018:13:08:12 -0300] "POST /cormun/servlet/solicitudot?gx-no-cache=1525363632760 HTTP/1.1" 200 1249
186.103.161.206 - - [03/May/2018:13:08:12 -0300] "GET /cormun/servlet/solicitudot?8204a9e1a65068f35d936d9770a60fcab95253b9038696da5e6bc4e89e8dae386ea4f09c518b2c091c86eac9a9697942,gx-no-cache=1525363632913 HTTP/1.1" 200 30
186.103.161.206 - - [03/May/2018:13:08:12 -0300] "POST /cormun/servlet/solicitudot?gx-no-cache=1525363633338 HTTP/1.1" 200 33
186.103.161.206 - - [03/May/2018:13:08:13 -0300] "POST /cormun/servlet/solicitudot?9702df6721b218057b5995400d0967f0,INS,0,0,,gx-no-cache=1525363633469 HTTP/1.1" 200 93
186.103.161.206 - - [03/May/2018:13:08:13 -0300] "GET /cormun/servlet/hpexe_return? HTTP/1.1" 200 1009
186.103.161.206 - - [03/May/2018:13:08:14 -0300] "GET /cormun/servlet/trsolicitudot HTTP/1.1" 200 8808
200.72.197.82 - - [03/May/2018:13:08:16 -0300] "GET /cormun//static/Resources/PXToolsActionView.png HTTP/1.1" 200 2995
200.72.197.82 - - [03/May/2018:13:08:16 -0300] "GET /cormun//static/Resources/PXToolsRemoveAllAction.png HTTP/1.1" 200 3558
186.103.161.206 - - [03/May/2018:13:08:17 -0300] "GET /cormun/servlet/trsolicitudot HTTP/1.1" 200 8804
186.103.161.206 - - [03/May/2018:13:08:40 -0300] "POST /cormun/servlet/trsolicitudot?9702df6721b218057b5995400d0967f0,gx-no-cache=1525363660595 HTTP/1.1" 200 4697
186.103.161.206 - - [03/May/2018:13:08:40 -0300] "GET /cormun/static/Shared/jqueryui/images/ui-bg_highlight-soft_100_c6c2c8_1x100.png HTTP/1.1" 404 1117
200.72.197.82 - - [03/May/2018:13:08:40 -0300] "GET /cormun/static/Shared/jqueryui/images/ui-icons_82798d_256x240.png HTTP/1.1" 404 1089
186.67.203.186 - - [03/May/2018:13:08:40 -0300] "GET /cormun/static/Shared/jqueryui/images/ui-icons_8d78a5_256x240.png HTTP/1.1" 404 1089
186.103.161.206 - - [03/May/2018:13:08:40 -0300] "GET /cormun/static/Shared/jqueryui/images/ui-bg_flat_55_fafafa_40x100.png HTTP/1.1" 404 1097
186.103.161.206 - - [03/May/2018:13:08:40 -0300] "POST /cormun/servlet/trsolicitudot?9702df6721b218057b5995400d0967f0,gx-no-cache=1525363661113 HTTP/1.1" 200 4459
186.103.161.206 - - [03/May/2018:13:08:44 -0300] "GET /cormun/servlet/trautorizarsolicitud? HTTP/1.1" 200 8696
186.67.203.186 - - [03/May/2018:13:08:44 -0300] "GET /cormun/static/gxcfg.js?2017111423403364 HTTP/1.1" 200 953
186.103.161.206 - - [03/May/2018:13:08:46 -0300] "GET /cormun/static/trautorizarsolicitud.js?201711142340425 HTTP/1.1" 200 53910
186.103.161.206 - - [03/May/2018:13:08:46 -0300] "GET /cormun/servlet/trautorizarsolicitud? HTTP/1.1" 200 8695
190.151.100.218 - - [03/May/2018:13:09:09 -0300] "POST /cormun/servlet/trautorizarsolicitud?9702df6721b218057b5995400d0967f0,,gx-no-cache=1525363689917 HTTP/1.1" 200 6738
190.151.100.218 - - [03/May/2018:13:09:10 -0300] "GET /cormun/static/Shared/jqueryui/images/ui-bg_highlight-soft_100_c6c2c8_1x100.png HTTP/1.1" 404 1117
190.151.100.218 - - [03/May/2018:13:09:10 -0300] "GET /cormun/static/Shared/jqueryui/images/ui-icons_82798d_256x240.png HTTP/1.1" 404 1089
190.151.100.218 - - [03/May/2018:13:09:10 -0300] "GET /cormun/static/Shared/jqueryui/images/ui-bg_flat_55_fafafa_40x100.png HTTP/1.1" 404 1097
190.151.100.218 - - [03/May/2018:13:09:10 -0300] "GET /cormun/static/Shared/jqueryui/images/ui-icons_8d78a5_256x240.png HTTP/1.1" 404 1089
190.151.100.218 - - [03/May/2018:13:09:10 -0300] "POST /cormun/servlet/trautorizarsolicitud?9702df6721b218057b5995400d0967f0,,gx-no-cache=1525363690884 HTTP/1.1" 200 6684
190.151.100.218 - - [03/May/2018:13:09:24 -0300] "GET /cormun/servlet/veautorizarsolicitud?2018,11280,, HTTP/1.1" 200 8554
190.151.100.218 - - [03/May/2018:13:09:24 -0300] "GET /cormun/static/gxcfg.js?2017111423404691 HTTP/1.1" 200 953
190.151.100.218 - - [03/May/2018:13:09:24 -0300] "GET /cormun/pexe_scrolldiv.js HTTP/1.1" 404 1009
190.151.100.218 - - [03/May/2018:13:09:24 -0300] "GET /cormun/static/Resources/PXToolsTabFirstSelected.png HTTP/1.1" 200 1259
190.151.100.218 - - [03/May/2018:13:09:25 -0300] "GET /cormun/static/Resources/PXToolsTabPrevious.gif HTTP/1.1" 200 172
190.151.100.218 - - [03/May/2018:13:09:25 -0300] "GET /cormun/static/Resources/PXToolsTabNext.gif HTTP/1.1" 200 168
186.67.203.186 - - [03/May/2018:13:09:25 -0300] "GET /cormun/pexe_scrolldiv.js HTTP/1.1" 404 1009
190.151.100.218 - - [03/May/2018:13:09:25 -0300] "GET /cormun/static/Resources/PXToolsTabLastUnselected.png HTTP/1.1" 200 1291
186.103.132.155 - - [03/May/2018:13:09:25 -0300] "GET /cormun/static/veautorizarsolicitud.js?2017111423404756 HTTP/1.1" 200 6140
186.67.203.186 - - [03/May/2018:13:09:25 -0300] "GET /cormun/static/hwcviewtabs.js?20177611594913 HTTP/1.1" 200 1074
190.151.100.218 - - [03/May/2018:13:09:25 -0300] "GET /cormun/static/hpexe_tabsview.js?201610171694228 HTTP/1.1" 200 1661
190.151.100.218 - - [03/May/2018:13:09:25 -0300] "GET /cormun/static/tbautorizarsolicitud01.js?2017111423392092 HTTP/1.1" 200 30580
190.151.100.218 - - [03/May/2018:13:09:26 -0300] "GET /cormun/static/calendar-system.css HTTP/1.1" 200 5572
190.151.100.218 - - [03/May/2018:13:09:26 -0300] "GET /cormun/static/Resources/PXToolsTabBackUnselected.png HTTP/1.1" 200 1175
186.67.203.186 - - [03/May/2018:13:09:26 -0300] "GET /cormun/static/Resources/PXToolsTabBackSelected.png HTTP/1.1" 200 1157
