201.214.54.200 - - [03/May/2018:09:08:54 -0300] "GET /cormun/servlet/solicitudot?5748111f93fa5d451af5d0bf25b87ab45b68777b44179f4981a5874a4129e64f87aa276116630c0d4b4ca6c166c910c9ce363443c72f028ceb2868ba8b45f098bfc763083d623dc23c2b8b5e30b2d62a3ae08cd269810910dd58b06e72c38cbcee20f897a3a47132564f7afd332192208caa4867c8aec8f8cbc64db473b504dacd4c69f85e683a0f955ead9ba916f96111fb04ef8819e6609c6e47d8b73fa1cd4af2815aeb20557280445e1d5a56dfc4327311e453a5851a878bbce933879b3f5ec735a63fe4154096ef030460f870ff7ebe31b460cb05472a995d647f764bab602b69935e27696942e907cec49c686f7ebd7bef1fe5714116ee9d08eef5fac0e74c1f8d156c4728f51fc591357b350e64b447e27f1bc18a7a74b9e3e03e457f32098accb28923af621aad910a1f5a8f28ff3a6cad28464a8bbf126fab46d373ea1a78918a4d11672a3735f4978edb445db7a8420badd61653b2aec9ba7147a42e5ebf9fe7b4fac638ca7c1a1a60de96ebd251c8566e65b9bfb9861cd8d8ec17,gx-no-cache=1525349278175 HTTP/1.1" 200 30
201.214.54.200 - - [03/May/2018:09:08:54 -0300] "POST /cormun/servlet/solicitudot?gx-no-cache=1525349278266 HTTP/1.1" 200 30
201.214.54.200 - - [03/May/2018:09:08:54 -0300] "POST /cormun/servlet/solicitudot?gx-no-cache=1525349278380 HTTP/1.1" 200 1367
201.214.54.200 - - [03/May/2018:09:08:54 -0300] "POST /cormun/servlet/solicitudot?gx-no-cache=1525349278512 HTTP/1.1" 200 41
192.168.10.97 - - [03/May/2018:09:08:56 -0300] "POST /cormun/servlet/trsolicitudgral?7cbe75880554212712feada80621ae2e,gx-no-cache=1525347324070,gx-no-cache=1525349152326 HTTP/1.1" 200 5918
201.214.54.200 - - [03/May/2018:09:08:57 -0300] "GET /cormun/servlet/solicitudot?5748111f93fa5d451af5d0bf25b87ab4a60a718b9dd0d8c0e5718d365aac19516d9f5ba4f45fddfedfba925c3270801d4fcb29533f52cbe1cb7d4443786f3f010cbd574ddde63f430a1beac769c41a9c6ccb434d4d75ca5f57af4eebbdb8e18706b2f371e0f4e9360ded2e9e49dc3f3ec777cc143be4c323194d7d63fde95a6fa2bed5f94e18856984fb834b67f94f8bd28f7214a1465dd4c2cd58fe3b786b46,gx-no-cache=1525349280795 HTTP/1.1" 200 29
201.214.54.200 - - [03/May/2018:09:08:57 -0300] "POST /cormun/servlet/solicitudot?gx-no-cache=1525349280892 HTTP/1.1" 200 1350
201.214.54.200 - - [03/May/2018:09:08:57 -0300] "POST /cormun/servlet/solicitudot?gx-no-cache=1525349281060 HTTP/1.1" 200 1250
201.214.54.200 - - [03/May/2018:09:09:12 -0300] "GET /cormun/servlet/solicitudot?5748111f93fa5d451af5d0bf25b87ab4334e2726cad400943b19e0abf4245f59fd00bab4e46f1f9bc0ac7a54a97dc8b7,gx-no-cache=1525349295929 HTTP/1.1" 200 30
201.214.54.200 - - [03/May/2018:09:09:12 -0300] "POST /cormun/servlet/solicitudot?gx-no-cache=1525349296036 HTTP/1.1" 200 30
192.168.10.97 - - [03/May/2018:09:09:25 -0300] "POST /cormun/servlet/trsolicitudgral?7cbe75880554212712feada80621ae2e,gx-no-cache=1525347324070,gx-no-cache=1525349181463 HTTP/1.1" 200 5920
201.214.54.200 - - [03/May/2018:09:09:28 -0300] "POST /cormun/servlet/solicitudot?e2a1f1fc3562e387559826b540e51050,UPD,2018,11273,,gx-no-cache=1525349312098 HTTP/1.1" 200 93
201.214.54.200 - - [03/May/2018:09:09:28 -0300] "GET /cormun/servlet/hpexe_return? HTTP/1.1" 200 1013
201.214.54.200 - - [03/May/2018:09:09:29 -0300] "GET /cormun/servlet/trsolicitudot HTTP/1.1" 200 8793
201.214.54.200 - - [03/May/2018:09:09:30 -0300] "GET /cormun/servlet/trsolicitudot HTTP/1.1" 200 8789
201.214.54.200 - - [03/May/2018:09:09:39 -0300] "GET /cormun/servlet/solicitudot?INS,0,0, HTTP/1.1" 200 13664
201.214.54.200 - - [03/May/2018:09:09:41 -0300] "GET /cormun/servlet/solicitudot?INS,0,0, HTTP/1.1" 200 13669
200.54.247.70 - - [03/May/2018:09:09:42 -0300] "GET /cormun/servlet/solicitudot?0041362816f9fd753b4209effac82daf0df8631eb0002537f24018d209af4b96fcb4db7109fa588935d797b6ae75a7b62286baba8256318466a2191fa9731318,gx-no-cache=1525349323377 HTTP/1.1" 200 30
200.54.247.70 - - [03/May/2018:09:09:42 -0300] "GET /cormun/servlet/solicitudot?0041362816f9fd753b4209effac82daf6b8bbb9cb568c41cf0ed9e8c6eb8cac2,gx-no-cache=1525349323522 HTTP/1.1" 200 29
200.54.247.70 - - [03/May/2018:09:09:42 -0300] "POST /cormun/servlet/solicitudot?gx-no-cache=1525349323602 HTTP/1.1" 200 297
200.54.247.70 - - [03/May/2018:09:09:42 -0300] "GET /cormun/servlet/solicitudot?0041362816f9fd753b4209effac82dafdb8aa7c11157e124b46b2f2fbcc7f1aaba6477d7e17755f3ca423d293e63a64713fd1e7356cd8115920ddcfb59eb0971b4264081f93260b98abbcb3d41177222f82549752a850e6d7808d399f8cb5f988c24c02c5fc0c8ba12047b4b188438fad9e3ca1babeb79fc9a4219bc1d12bb158e0c31c9c6b26be15eaf421e6b5ecf0e5eb902ac230ee4d657c7d78c1c3f42ac827bbb27d42c52ae3f79ae068a8139e1cf7d16f3dc6474776c07e530629bd833dc843469b4ebdb8ecbb325c9d20dad9b0dd59d82e0e238e9a075547e2ce8541229835fdcff6b3ca64ca1a89f917273a8db1708fa7903c931e9ab4a207aa29962dc370355d7f3dd14208fc3c9a2b1b33468ffdd0fa6f396c1c6dbfca6a8fb0c23c822ae1e0895edf9d66d7d8fb0fa09ec8ec2c0c59004b4afdc37324d52482e74c09f4e545c0b7d2c98d7519e154e4e8e94263c5a87a41848dbcd27a7d7716490dd74287d0a32c7151bff040d9ab5893445d9ace4ddc1117db625b859c63bb036175ce3147f025382c51c8aaa20ce8181,gx-no-cache=1525349323663 HTTP/1.1" 200 30
200.54.247.70 - - [03/May/2018:09:09:44 -0300] "POST /cormun/servlet/solicitudot?gx-no-cache=1525349325751 HTTP/1.1" 200 30
200.54.247.70 - - [03/May/2018:09:09:46 -0300] "POST /cormun/servlet/solicitudot?gx-no-cache=1525349327784 HTTP/1.1" 200 1366
200.54.247.70 - - [03/May/2018:09:09:46 -0300] "POST /cormun/servlet/solicitudot?gx-no-cache=1525349327949 HTTP/1.1" 200 38
201.214.54.200 - - [03/May/2018:09:09:55 -0300] "POST /cormun/servlet/solicitudot?gx-no-cache=1525349338876 HTTP/1.1" 200 3400
201.214.54.200 - - [03/May/2018:09:09:55 -0300] "POST /cormun/servlet/solicitudot?e2a1f1fc3562e387559826b540e51050,INS,0,0,,gx-no-cache=1525349339158 HTTP/1.1" 200 10565
201.214.54.200 - - [03/May/2018:09:09:59 -0300] "GET /cormun/servlet/solicitudot?5748111f93fa5d451af5d0bf25b87ab420ee2d44c183fad39c34be918a78b4a12a630363d2593e5070b3c777e681d033,gx-no-cache=1525349343028 HTTP/1.1" 200 30
201.214.54.200 - - [03/May/2018:09:09:59 -0300] "GET /cormun/servlet/solicitudot?5748111f93fa5d451af5d0bf25b87ab4d3da8f450822939391323ecaf43bc4e59ff5b30ececde6719725d8735da9a859ab67d37c59fc18cd43f89ac3ba84b57c,gx-no-cache=1525349343163 HTTP/1.1" 200 30
201.214.54.200 - - [03/May/2018:09:09:59 -0300] "GET /cormun/servlet/solicitudot?5748111f93fa5d451af5d0bf25b87ab497c20afb9375384abd26d68c2dd12e30,gx-no-cache=1525349343254 HTTP/1.1" 200 53
201.214.54.200 - - [03/May/2018:09:09:59 -0300] "POST /cormun/servlet/solicitudot?gx-no-cache=1525349343368 HTTP/1.1" 200 255
201.214.54.200 - - [03/May/2018:09:09:59 -0300] "GET /cormun/servlet/solicitudot?5748111f93fa5d451af5d0bf25b87ab45b68777b44179f4981a5874a4129e64f87aa276116630c0d4b4ca6c166c910c9ce363443c72f028ceb2868ba8b45f098bfc763083d623dc23c2b8b5e30b2d62a3ae08cd269810910dd58b06e72c38cbcee20f897a3a47132564f7afd332192208caa4867c8aec8f8cbc64db473b504dacd4c69f85e683a0f955ead9ba916f96111fb04ef8819e6609c6e47d8b73fa1cd4af2815aeb20557280445e1d5a56dfc4327311e453a5851a878bbce933879b3f5ec735a63fe4154096ef030460f870ff7ebe31b460cb05472a995d647f764bab602b69935e27696942e907cec49c686f7ebd7bef1fe5714116ee9d08eef5fac0e74c1f8d156c4728f51fc591357b350e64b447e27f1bc18a7a74b9e3e03e457f32098accb28923af621aad910a1f5a8f28ff3a6cad28464a8bbf126fab46d373ea1a78918a4d11672a3735f4978edb445db7a8420badd61653b2aec9ba7147a42e5ebf9fe7b4fac638ca7c1a1a60de96ce2864e34b130196ad563c72a1b3d4df,gx-no-cache=1525349343502 HTTP/1.1" 200 30
201.214.54.200 - - [03/May/2018:09:10:02 -0300] "POST /cormun/servlet/solicitudot?gx-no-cache=1525349345660 HTTP/1.1" 200 30
201.214.54.200 - - [03/May/2018:09:10:04 -0300] "POST /cormun/servlet/solicitudot?gx-no-cache=1525349348266 HTTP/1.1" 200 1368
201.214.54.200 - - [03/May/2018:09:10:04 -0300] "POST /cormun/servlet/solicitudot?gx-no-cache=1525349348434 HTTP/1.1" 200 38
192.168.10.97 - - [03/May/2018:09:10:05 -0300] "POST /cormun/servlet/trsolicitudgral?7cbe75880554212712feada80621ae2e,gx-no-cache=1525347324070,gx-no-cache=1525349221084 HTTP/1.1" 200 5921
200.54.247.70 - - [03/May/2018:09:10:05 -0300] "GET /cormun/servlet/solicitudot?0041362816f9fd753b4209effac82dafc41f3f748faa69edc6530a39679e60db746a6935bcf18bd7a9863745e82fc35ed6643696fa10b3dc707e196f2fd674012a9d77a5de266aec195f3a514fda97b0ecff6b282da0fe07267436ce956a156c916192bceb5fe9dea123bf2fb6edcb48,gx-no-cache=1525349346415 HTTP/1.1" 200 29
200.54.247.70 - - [03/May/2018:09:10:05 -0300] "POST /cormun/servlet/solicitudot?gx-no-cache=1525349346499 HTTP/1.1" 200 1349
200.54.247.70 - - [03/May/2018:09:10:06 -0300] "POST /cormun/servlet/solicitudot?gx-no-cache=1525349347267 HTTP/1.1" 200 1246
201.214.54.200 - - [03/May/2018:09:10:12 -0300] "GET /cormun/servlet/solicitudot?5748111f93fa5d451af5d0bf25b87ab4565a6475684ad44edc43416b5c6d30a35957d2ca9d68d67ce9e61d83836b11ae761fe5d2cfb30021b62f63e6d8d69b6cf8ca415e8672a8fb3be80356f3057517020d76a67b462e1bfcbfb6853ce931dde5efee06e91bb609ea4a1921da5aa071570d3e0ad7a391556aa1f9c1d357cef359a7ac882ce709603a0069083983c97f9efb05f32cb88181298f94d2496eb3bb,gx-no-cache=1525349356088 HTTP/1.1" 200 29
201.214.54.200 - - [03/May/2018:09:10:12 -0300] "POST /cormun/servlet/solicitudot?gx-no-cache=1525349356185 HTTP/1.1" 200 1349
201.214.54.200 - - [03/May/2018:09:10:12 -0300] "POST /cormun/servlet/solicitudot?gx-no-cache=1525349356313 HTTP/1.1" 200 1249
192.168.10.97 - - [03/May/2018:09:10:14 -0300] "POST /cormun/servlet/trsolicitudgral?7cbe75880554212712feada80621ae2e,gx-no-cache=1525347324070,gx-no-cache=1525349230420 HTTP/1.1" 200 5917
201.214.54.200 - - [03/May/2018:09:10:20 -0300] "GET /cormun/static/menuarrow.gif HTTP/1.1" 404 1015
201.214.54.200 - - [03/May/2018:09:10:23 -0300] "GET /cormun/servlet/solicitudot?5748111f93fa5d451af5d0bf25b87ab4334e2726cad400943b19e0abf4245f59fd00bab4e46f1f9bc0ac7a54a97dc8b7,gx-no-cache=1525349367274 HTTP/1.1" 200 30
200.54.247.70 - - [03/May/2018:09:10:24 -0300] "GET /cormun/static/menuarrow.gif HTTP/1.1" 404 1015
200.54.247.70 - - [03/May/2018:09:10:28 -0300] "GET /cormun/servlet/solicitudot?0041362816f9fd753b4209effac82daf24283f1313cb13b046f9423ff51c2d5e70abe5fecfd311b2b275b0794a4e5a2c,gx-no-cache=1525349369727 HTTP/1.1" 200 30
201.214.54.200 - - [03/May/2018:09:10:29 -0300] "POST /cormun/servlet/solicitudot?gx-no-cache=1525349372696 HTTP/1.1" 200 30
192.168.10.97 - - [03/May/2018:09:10:39 -0300] "POST /cormun/servlet/trsolicitudgral?7cbe75880554212712feada80621ae2e,gx-no-cache=1525347324070,gx-no-cache=1525349255070 HTTP/1.1" 200 5918
192.168.10.97 - - [03/May/2018:09:10:45 -0300] "POST /cormun/servlet/trsolicitudgral?7cbe75880554212712feada80621ae2e,gx-no-cache=1525347324070,gx-no-cache=1525349261483 HTTP/1.1" 200 5922
192.168.10.97 - - [03/May/2018:09:10:53 -0300] "POST /cormun/servlet/trsolicitudgral?7cbe75880554212712feada80621ae2e,gx-no-cache=1525347324070,gx-no-cache=1525349269747 HTTP/1.1" 200 5920
201.214.54.200 - - [03/May/2018:09:10:55 -0300] "POST /cormun/servlet/solicitudot?e2a1f1fc3562e387559826b540e51050,INS,0,0,,gx-no-cache=1525349398305 HTTP/1.1" 200 93
201.214.54.200 - - [03/May/2018:09:10:55 -0300] "GET /cormun/servlet/hpexe_return? HTTP/1.1" 200 1006
201.214.54.200 - - [03/May/2018:09:10:55 -0300] "GET /cormun/servlet/trsolicitudot HTTP/1.1" 200 9195
201.214.54.200 - - [03/May/2018:09:10:57 -0300] "GET /cormun/servlet/trsolicitudot HTTP/1.1" 200 9191
192.168.10.97 - - [03/May/2018:09:10:59 -0300] "POST /cormun/servlet/trsolicitudgral?7cbe75880554212712feada80621ae2e,gx-no-cache=1525347324070,gx-no-cache=1525349275243 HTTP/1.1" 200 5919
186.103.159.189 - - [03/May/2018:09:11:03 -0300] "GET /cormun/servlet/trlicencias? HTTP/1.1" 200 9733
192.168.10.97 - - [03/May/2018:09:11:04 -0300] "POST /cormun/servlet/trsolicitudgral?7cbe75880554212712feada80621ae2e,gx-no-cache=1525347324070,gx-no-cache=1525349280013 HTTP/1.1" 200 5920
186.103.159.189 - - [03/May/2018:09:11:05 -0300] "GET /cormun/servlet/trlicencias? HTTP/1.1" 200 9731
192.168.10.97 - - [03/May/2018:09:11:11 -0300] "POST /cormun/servlet/trsolicitudgral?7cbe75880554212712feada80621ae2e,gx-no-cache=1525347324070,gx-no-cache=1525349287405 HTTP/1.1" 200 5920
201.214.54.200 - - [03/May/2018:09:11:16 -0300] "GET /cormun/servlet/solicitudot?INS,0,0, HTTP/1.1" 200 13663
201.214.54.200 - - [03/May/2018:09:11:18 -0300] "GET /cormun/servlet/solicitudot?INS,0,0, HTTP/1.1" 200 13668
186.103.159.189 - - [03/May/2018:09:11:22 -0300] "GET /cormun/servlet/licenciaspermisos?INS,0,,, HTTP/1.1" 200 7523
186.103.159.189 - - [03/May/2018:09:11:22 -0300] "GET /cormun/static/gxcfg.js?201762917281167 HTTP/1.1" 200 953
186.103.159.189 - - [03/May/2018:09:11:22 -0300] "GET /cormun/static/licenciaspermisos.js?201762917281260 HTTP/1.1" 200 37491
186.103.159.189 - - [03/May/2018:09:11:23 -0300] "GET /cormun/servlet/licenciaspermisos?INS,0,,, HTTP/1.1" 200 7521
201.214.54.200 - - [03/May/2018:09:11:26 -0300] "POST /cormun/servlet/solicitudot?gx-no-cache=1525349429518 HTTP/1.1" 200 3292
186.103.159.189 - - [03/May/2018:09:11:26 -0300] "GET /cormun/servlet/prfichaempleado?,MD,,gxPopupLevel%3D0%3B HTTP/1.1" 200 9342
201.214.54.200 - - [03/May/2018:09:11:26 -0300] "POST /cormun/servlet/solicitudot?e2a1f1fc3562e387559826b540e51050,INS,0,0,,gx-no-cache=1525349429984 HTTP/1.1" 200 10440
186.103.159.189 - - [03/May/2018:09:11:35 -0300] "POST /cormun/servlet/prfichaempleado?7549f170d1bc983b184d8e668d99bf54,,MD,,gxPopupLevel%3D0%3B,gx-no-cache=1525349439330 HTTP/1.1" 200 3426
186.103.159.189 - - [03/May/2018:09:11:41 -0300] "GET /cormun/servlet/licenciaspermisos?7c90ad3f14452c5b9b11220975c551368be9fc1acba2f44a9c48edf42366fbb01c6e64beabb4c9812712b1123262b423,gx-no-cache=1525349444699 HTTP/1.1" 200 102
186.103.159.189 - - [03/May/2018:09:11:41 -0300] "POST /cormun/servlet/licenciaspermisos?7549f170d1bc983b184d8e668d99bf54,INS,0,,,,gx-no-cache=1525349444837 HTTP/1.1" 200 4707
192.168.10.97 - - [03/May/2018:09:11:43 -0300] "GET /cormun/servlet/trcoordinadores? HTTP/1.1" 200 7609
186.103.159.46 - - [03/May/2018:09:11:44 -0300] "GET /cormun/servlet/hlogin HTTP/1.1" 200 1731
192.168.10.97 - - [03/May/2018:09:11:44 -0300] "GET /cormun/servlet/trcoordinadores? HTTP/1.1" 200 7590
201.214.54.200 - - [03/May/2018:09:12:02 -0300] "GET /cormun/servlet/trcontratounov2? HTTP/1.1" 200 17530
201.214.54.200 - - [03/May/2018:09:12:02 -0300] "GET /cormun/static/gxcfg.js?201752512124396 HTTP/1.1" 304 -
201.214.54.200 - - [03/May/2018:09:12:02 -0300] "GET /cormun/static/trcontratounov2.js?201752512125146 HTTP/1.1" 304 -
201.214.54.200 - - [03/May/2018:09:12:04 -0300] "GET /cormun/servlet/trcontratounov2? HTTP/1.1" 200 17584
186.103.159.46 - - [03/May/2018:09:12:07 -0300] "POST /cormun/servlet/hlogin?a0ad5187c11b2e73a124f781c9f32653,gx-no-cache=1525349468220 HTTP/1.1" 200 90
186.103.159.46 - - [03/May/2018:09:12:07 -0300] "GET /cormun/servlet/hpexe_link HTTP/1.1" 200 952
186.103.159.46 - - [03/May/2018:09:12:07 -0300] "GET /cormun/servlet/hhome HTTP/1.1" 200 4130
186.103.159.46 - - [03/May/2018:09:12:09 -0300] "GET /cormun/servlet/hhome HTTP/1.1" 200 4126
201.214.54.200 - - [03/May/2018:09:12:13 -0300] "POST /cormun/servlet/trcontratounov2?e2a1f1fc3562e387559826b540e51050,,gx-no-cache=1525349476950 HTTP/1.1" 200 15294
186.103.159.46 - - [03/May/2018:09:12:16 -0300] "GET /cormun/servlet/trlicencias? HTTP/1.1" 200 10576
186.103.159.46 - - [03/May/2018:09:12:17 -0300] "GET /cormun//static/Resources/PXToolsGridUpdate.png HTTP/1.1" 200 2984
186.103.159.46 - - [03/May/2018:09:12:18 -0300] "GET /cormun/servlet/trlicencias? HTTP/1.1" 200 10573
201.214.54.200 - - [03/May/2018:09:12:22 -0300] "POST /cormun/servlet/trcontratounov2?e2a1f1fc3562e387559826b540e51050,,gx-no-cache=1525349485693 HTTP/1.1" 200 17218
201.214.54.200 - - [03/May/2018:09:12:23 -0300] "GET /cormun/static/Resources/PXToolsGridNext.gif HTTP/1.1" 200 369
201.214.54.200 - - [03/May/2018:09:12:23 -0300] "GET /cormun/static/Resources/PXToolsGridLast.gif HTTP/1.1" 200 370
201.214.54.200 - - [03/May/2018:09:12:41 -0300] "GET /cormun/servlet/trsolicitudot? HTTP/1.1" 200 9192
201.214.54.200 - - [03/May/2018:09:12:43 -0300] "GET /cormun/servlet/trsolicitudot? HTTP/1.1" 200 9191
201.214.54.200 - - [03/May/2018:09:12:46 -0300] "GET /cormun/servlet/solicitudot?INS,0,0, HTTP/1.1" 200 13664
201.214.54.200 - - [03/May/2018:09:12:47 -0300] "GET /cormun/servlet/solicitudot?INS,0,0, HTTP/1.1" 200 13669
186.79.219.84 - - [03/May/2018:09:12:54 -0300] "POST /cormun/servlet/solicitudot?gx-no-cache=1525349517438 HTTP/1.1" 200 3407
186.79.219.84 - - [03/May/2018:09:12:55 -0300] "POST /cormun/servlet/solicitudot?e2a1f1fc3562e387559826b540e51050,INS,0,0,,gx-no-cache=1525349518475 HTTP/1.1" 200 10581
200.54.247.70 - - [03/May/2018:09:12:57 -0300] "GET /cormun/servlet/prbanco?,MD,,gxPopupLevel%3D0%3B HTTP/1.1" 200 6671
186.79.219.84 - - [03/May/2018:09:12:58 -0300] "GET /cormun/servlet/solicitudot?5748111f93fa5d451af5d0bf25b87ab469074662bdaf37a11447c614261fe2252a630363d2593e5070b3c777e681d033,gx-no-cache=1525349522219 HTTP/1.1" 200 30
186.79.219.84 - - [03/May/2018:09:12:58 -0300] "GET /cormun/servlet/solicitudot?5748111f93fa5d451af5d0bf25b87ab4f5ff99e877e161c3ced08145bd1dfecc59ffe8330dae1893877a4f2bd4e0229f60e1db01e40cc8987a97bed6c2049b25,gx-no-cache=1525349522513 HTTP/1.1" 200 30
186.79.219.84 - - [03/May/2018:09:12:59 -0300] "GET /cormun/servlet/solicitudot?5748111f93fa5d451af5d0bf25b87ab480dbd2aa30801efcaebd7d7518bc26f3,gx-no-cache=1525349522725 HTTP/1.1" 200 51
186.79.219.84 - - [03/May/2018:09:12:59 -0300] "POST /cormun/servlet/solicitudot?gx-no-cache=1525349522993 HTTP/1.1" 200 297
186.79.219.84 - - [03/May/2018:09:12:59 -0300] "GET /cormun/servlet/solicitudot?5748111f93fa5d451af5d0bf25b87ab45b68777b44179f4981a5874a4129e64f3d57bb2229da50e732d1feab956a4cb3ce363443c72f028ceb2868ba8b45f098bfc763083d623dc23c2b8b5e30b2d62a3ae08cd269810910dd58b06e72c38cbcee20f897a3a47132564f7afd332192208caa4867c8aec8f8cbc64db473b504dacd4c69f85e683a0f955ead9ba916f96111fb04ef8819e6609c6e47d8b73fa1cd4af2815aeb20557280445e1d5a56dfc4327311e453a5851a878bbce933879b3f5ec735a63fe4154096ef030460f870ff7ebe31b460cb05472a995d647f764bab602b69935e27696942e907cec49c686f01b00025a76689a9968881ea30e8979be74c1f8d156c4728f51fc591357b350e88ba2bfc31b042fce32b404b69e7d0eaeb1b2ffb258612c8977408b2ecd7062448e118671f194fffceb28d381dcea0df83144f1c0e8ac1acc95f6b2ccbac5718d1442e843ed58d0f4d62de9b47ab939185647ad79a90fa4caae87f6c14f3708ee2b072c6f4f272bf500c6d1a98857932fa64fc99146f1eb79912a776d974a9ae,gx-no-cache=1525349523308 HTTP/1.1" 200 30
200.54.247.70 - - [03/May/2018:09:13:03 -0300] "GET /cormun/servlet/solicitudot?0041362816f9fd753b4209effac82daf39ba0048e1023377bd7b4f88377eff5b,gx-no-cache=1525349524275 HTTP/1.1" 200 53
186.79.219.84 - - [03/May/2018:09:13:14 -0300] "POST /cormun/servlet/solicitudot?gx-no-cache=1525349538446 HTTP/1.1" 200 30
186.79.219.84 - - [03/May/2018:09:13:26 -0300] "GET /cormun/servlet/prsolicitudot?11888168,,,,,MD,,gxPopupLevel%3D0%3B HTTP/1.1" 200 6029
201.214.54.200 - - [03/May/2018:09:13:32 -0300] "GET /cormun/static/gxcfg.js?2017111422591492 HTTP/1.1" 304 -
201.214.54.200 - - [03/May/2018:09:13:40 -0300] "GET /cormun/static/menusearch.js?201610171694467 HTTP/1.1" 304 -
186.79.219.84 - - [03/May/2018:09:13:40 -0300] "GET /cormun/static/prsolicitudot.js?2017111422591715 HTTP/1.1" 304 -
201.214.54.200 - - [03/May/2018:09:13:40 -0300] "GET /cormun/static/hmpwkw011.js?20177612121862 HTTP/1.1" 304 -
186.79.219.84 - - [03/May/2018:09:13:45 -0300] "POST /cormun/servlet/solicitudot?gx-no-cache=1525349568532 HTTP/1.1" 200 1368
186.79.219.84 - - [03/May/2018:09:13:45 -0300] "POST /cormun/servlet/solicitudot?gx-no-cache=1525349568870 HTTP/1.1" 200 38
186.79.219.84 - - [03/May/2018:09:13:45 -0300] "GET /cormun/servlet/solicitudot?5748111f93fa5d451af5d0bf25b87ab4565a6475684ad44edc43416b5c6d30a35957d2ca9d68d67ce9e61d83836b11ae0caefb1c4bc0c8fba644317bcb6a62acf6319af86671047d821ada4a9192e7e8a2bed5f94e18856984fb834b67f94f8bd28f7214a1465dd4c2cd58fe3b786b46,gx-no-cache=1525349569180 HTTP/1.1" 200 29
186.79.219.84 - - [03/May/2018:09:13:45 -0300] "POST /cormun/servlet/solicitudot?gx-no-cache=1525349569428 HTTP/1.1" 200 1351
186.79.219.84 - - [03/May/2018:09:13:46 -0300] "POST /cormun/servlet/solicitudot?gx-no-cache=1525349569772 HTTP/1.1" 200 1249
186.79.219.84 - - [03/May/2018:09:13:47 -0300] "GET /cormun/servlet/solicitudot?5748111f93fa5d451af5d0bf25b87ab45aace6cbec8fe52a57423dce213c81f4,gx-no-cache=1525349571490 HTTP/1.1" 200 30
186.103.159.189 - - [03/May/2018:09:13:49 -0300] "GET /cormun/static/menuarrow.gif HTTP/1.1" 404 1015
186.79.219.84 - - [03/May/2018:09:13:50 -0300] "GET /cormun/servlet/prcontratosol?11888168,,,,,MD,,gxPopupLevel%3D0%3B HTTP/1.1" 200 8780
201.214.54.200 - - [03/May/2018:09:13:53 -0300] "GET /cormun/static/gxcfg.js?201761413223964 HTTP/1.1" 200 953
200.54.247.70 - - [03/May/2018:09:13:57 -0300] "GET /cormun/servlet/solicitudot?0041362816f9fd753b4209effac82dafdb8aa7c11157e124b46b2f2fbcc7f1aaba6477d7e17755f3ca423d293e63a64713fd1e7356cd8115920ddcfb59eb0971b4264081f93260b98abbcb3d41177222f82549752a850e6d7808d399f8cb5f988c24c02c5fc0c8ba12047b4b188438fad9e3ca1babeb79fc9a4219bc1d12bb158e0c31c9c6b26be15eaf421e6b5ecf0e5eb902ac230ee4d657c7d78c1c3f42ac827bbb27d42c52ae3f79ae068a8139e1cf7d16f3dc6474776c07e530629bd833dc843469b4ebdb8ecbb325c9d20dad9b0dd59d82e0e238e9a075547e2ce8541229835fdcff6b3ca64ca1a89f917273a8db1708fa7903c931e9ab4a207aa29962dc370355d7f3dd14208fc3c9a2b1b33468ffdd0fa6f396c1c6dbfca6a8fb0c23c822ae1e0895edf9d66d7d8fb0fa09ec8ec2c0c59004b4afdc37324d52482e74c09f4e545c0b7d2c98d7519e154e4e8e94263c5a87a41848dbcd27a7d7716490dd74287d0a32c7151bff040d9ab5893490ea7ec8d2a53d95e18c76a1b4465fb9175ce3147f025382c51c8aaa20ce8181,gx-no-cache=1525349578376 HTTP/1.1" 200 30
200.54.247.70 - - [03/May/2018:09:13:57 -0300] "POST /cormun/servlet/solicitudot?gx-no-cache=1525349578519 HTTP/1.1" 200 30
200.54.247.70 - - [03/May/2018:09:13:57 -0300] "POST /cormun/servlet/solicitudot?gx-no-cache=1525349578607 HTTP/1.1" 200 1365
200.54.247.70 - - [03/May/2018:09:13:57 -0300] "POST /cormun/servlet/solicitudot?gx-no-cache=1525349578698 HTTP/1.1" 200 41
200.54.247.70 - - [03/May/2018:09:13:57 -0300] "POST /cormun/servlet/solicitudot?gx-no-cache=1525349578782 HTTP/1.1" 200 1350
200.54.247.70 - - [03/May/2018:09:13:58 -0300] "POST /cormun/servlet/solicitudot?gx-no-cache=1525349579109 HTTP/1.1" 200 1249
200.54.247.70 - - [03/May/2018:09:13:58 -0300] "POST /cormun/servlet/solicitudot?gx-no-cache=1525349579184 HTTP/1.1" 200 30
186.79.219.84 - - [03/May/2018:09:14:00 -0300] "GET /cormun/static/prcontratosol.js?201761413224174 HTTP/1.1" 200 15806
186.79.219.84 - - [03/May/2018:09:14:10 -0300] "POST /cormun/servlet/solicitudot?gx-no-cache=1525349593788 HTTP/1.1" 200 1368
186.79.219.84 - - [03/May/2018:09:14:11 -0300] "POST /cormun/servlet/solicitudot?gx-no-cache=1525349594524 HTTP/1.1" 200 38
186.79.219.84 - - [03/May/2018:09:14:12 -0300] "POST /cormun/servlet/solicitudot?gx-no-cache=1525349595193 HTTP/1.1" 200 1351
186.79.219.84 - - [03/May/2018:09:14:17 -0300] "POST /cormun/servlet/solicitudot?gx-no-cache=1525349598379 HTTP/1.1" 200 1249
186.79.219.84 - - [03/May/2018:09:14:17 -0300] "GET /cormun/servlet/solicitudot?5748111f93fa5d451af5d0bf25b87ab44d341a30e1ff4105a4c13d86243dd2c25f1d2565ea2c1a6fa2f6ebca92b1f29a,gx-no-cache=1525349600904 HTTP/1.1" 200 134
186.79.219.84 - - [03/May/2018:09:14:17 -0300] "GET /cormun/static/Shared/jqueryui/images/ui-bg_highlight-soft_100_c6c2c8_1x100.png HTTP/1.1" 404 1117
201.214.54.200 - - [03/May/2018:09:14:17 -0300] "GET /cormun/static/Shared/jqueryui/images/ui-icons_82798d_256x240.png HTTP/1.1" 404 1089
201.214.54.200 - - [03/May/2018:09:14:17 -0300] "GET /cormun/static/Shared/jqueryui/images/ui-bg_flat_55_994d53_40x100.png HTTP/1.1" 404 1097
201.214.54.200 - - [03/May/2018:09:14:17 -0300] "GET /cormun/static/Shared/jqueryui/images/ui-icons_ebccce_256x240.png HTTP/1.1" 404 1089
201.214.54.200 - - [03/May/2018:09:14:31 -0300] "POST /cormun/servlet/solicitudot?gx-no-cache=1525349614983 HTTP/1.1" 200 1350
201.214.54.200 - - [03/May/2018:09:14:31 -0300] "POST /cormun/servlet/solicitudot?gx-no-cache=1525349615191 HTTP/1.1" 200 1249
201.214.54.200 - - [03/May/2018:09:14:31 -0300] "GET /cormun/static/menuarrow.gif HTTP/1.1" 404 1015
201.214.54.200 - - [03/May/2018:09:14:34 -0300] "POST /cormun/servlet/solicitudot?gx-no-cache=1525349618443 HTTP/1.1" 200 1350
201.214.54.200 - - [03/May/2018:09:14:35 -0300] "POST /cormun/servlet/solicitudot?gx-no-cache=1525349618579 HTTP/1.1" 200 1249
186.103.159.189 - - [03/May/2018:09:14:56 -0300] "GET /cormun/servlet/licenciaspermisos?7c90ad3f14452c5b9b11220975c55136b1c837953ae68aacdb34d3f360bff038e30a90b77aada8add144cb5890a60a2f19f0ae9a8b76faa3f31876701dddd735afa59c25c5cd5b92e57e50d3d111224d415eca06f0970e1a5c4c0ac601664a0c2953d9a230b85d92ba27f0f1ddceb27e0b863f266c4a6edad72bdbb4a69ecf430332f3cbdb3d44b4b149b6ded2a8067bf6e4e33b63062768e10670fdf4784af6b60f4b559536e592a543e76d72009acb3aedff69a8bf783a2cfb5820f3fe2832e4a89c420c2f71b52750a5d20ebd108c3793cbeeaedebedbd7db550cede81bd6,gx-no-cache=1525349639709 HTTP/1.1" 200 30
186.103.159.189 - - [03/May/2018:09:14:56 -0300] "GET /cormun/servlet/licenciaspermisos?7c90ad3f14452c5b9b11220975c5513698c4a03a45e923d2469677092643144132ab175edc72f9e6559681a1fa0b27b695601e2fb7b031c0b43770fabe88b72ae442e066109aaae87a151219cf0e8b0f7a2ebdd2ba23dea2f776f43594bf0eed2009f13ee54935f8fd67c74e98efea76ab6486e99e8ab3dd365d44a7632eeffd6524a2823ce173cef374d67e818053d38ee396bebce98844883b1611bf2f1d50c928c62a1260b4d251858691b60bd5449fe400e3312803a67e99624fda68cc00dd5a0178df6784fd1004cf1b805d6366b7f44df7f7d752edf0ac5094284404c5,gx-no-cache=1525349639857 HTTP/1.1" 200 29
186.103.159.189 - - [03/May/2018:09:14:56 -0300] "POST /cormun/servlet/licenciaspermisos?7549f170d1bc983b184d8e668d99bf54,INS,0,,,,gx-no-cache=1525349639940 HTTP/1.1" 200 4871
186.103.159.189 - - [03/May/2018:09:14:56 -0300] "GET /cormun/static/Shared/jqueryui/images/ui-bg_flat_55_994d53_40x100.png HTTP/1.1" 404 1097
186.103.159.189 - - [03/May/2018:09:14:56 -0300] "GET /cormun/static/Shared/jqueryui/images/ui-bg_highlight-soft_100_c6c2c8_1x100.png HTTP/1.1" 404 1117
186.103.159.189 - - [03/May/2018:09:14:56 -0300] "GET /cormun/static/Shared/jqueryui/images/ui-icons_82798d_256x240.png HTTP/1.1" 404 1089
186.103.159.189 - - [03/May/2018:09:14:56 -0300] "GET /cormun/static/Shared/jqueryui/images/ui-icons_ebccce_256x240.png HTTP/1.1" 404 1089
201.214.54.200 - - [03/May/2018:09:14:56 -0300] "GET /cormun/servlet/solicitudot?5748111f93fa5d451af5d0bf25b87ab4334e2726cad400943b19e0abf4245f59fd00bab4e46f1f9bc0ac7a54a97dc8b7,gx-no-cache=1525349640332 HTTP/1.1" 200 30
200.54.247.70 - - [03/May/2018:09:14:58 -0300] "POST /cormun/servlet/solicitudot?faac27d20dda5b47d68941f9a92ca286,INS,0,0,,gx-no-cache=1525349638845 HTTP/1.1" 200 93
200.54.247.70 - - [03/May/2018:09:14:58 -0300] "GET /cormun/servlet/hpexe_return? HTTP/1.1" 200 1005
200.54.247.70 - - [03/May/2018:09:14:58 -0300] "GET /cormun/servlet/trsolicitudot HTTP/1.1" 200 8802
200.54.247.70 - - [03/May/2018:09:15:01 -0300] "POST /cormun/servlet/trsolicitudot?faac27d20dda5b47d68941f9a92ca286,gx-no-cache=1525349642512 HTTP/1.1" 200 107
200.54.247.70 - - [03/May/2018:09:15:01 -0300] "GET /cormun/servlet/trsolicitudadjuntos?2018,11275, HTTP/1.1" 200 6329
200.54.247.70 - - [03/May/2018:09:15:05 -0300] "GET /cormun/servlet/solicitudotadjuntos?INS,2018,11275,,1, HTTP/1.1" 200 6276
200.54.247.70 - - [03/May/2018:09:15:05 -0300] "HEAD /cormun/static/about:blank HTTP/1.1" 404 -
200.54.247.70 - - [03/May/2018:09:15:06 -0300] "GET /cormun/servlet/solicitudotadjuntos?0041362816f9fd753b4209effac82daff656d603f0f19db7c2d4e52fbdefe6a1abbab9427b5dd37e40ec96bd6125b9ba,gx-no-cache=1525349647409 HTTP/1.1" 200 30
200.54.247.70 - - [03/May/2018:09:15:06 -0300] "POST /cormun/servlet/solicitudotadjuntos?faac27d20dda5b47d68941f9a92ca286,INS,2018,11275,,1,,gx-no-cache=1525349647456 HTTP/1.1" 200 3980
186.103.159.189 - - [03/May/2018:09:15:07 -0300] "GET /cormun/servlet/licenciaspermisos?7c90ad3f14452c5b9b11220975c55136b1c837953ae68aacdb34d3f360bff038e30a90b77aada8add144cb5890a60a2f19f0ae9a8b76faa3f31876701dddd735afa59c25c5cd5b92e57e50d3d111224d415eca06f0970e1a5c4c0ac601664a0c2953d9a230b85d92ba27f0f1ddceb27e0b863f266c4a6edad72bdbb4a69ecf430332f3cbdb3d44b4b149b6ded2a8067bf6e4e33b63062768e10670fdf4784af6b60f4b559536e592a543e76d72009acb3aedff69a8bf783a2cfb5820f3fe2832e4a89c420c2f71b52750a5d20ebd108c3793cbeeaedebedbd7db550cede81bd6,gx-no-cache=1525349651364 HTTP/1.1" 200 30
186.103.159.189 - - [03/May/2018:09:15:07 -0300] "GET /cormun/servlet/licenciaspermisos?7c90ad3f14452c5b9b11220975c5513698c4a03a45e923d2469677092643144132ab175edc72f9e6559681a1fa0b27b695601e2fb7b031c0b43770fabe88b72ae442e066109aaae87a151219cf0e8b0f7a2ebdd2ba23dea2f776f43594bf0eed2009f13ee54935f8fd67c74e98efea76ab6486e99e8ab3dd365d44a7632eeffd6524a2823ce173cef374d67e818053d38ee396bebce98844883b1611bf2f1d50c928c62a1260b4d251858691b60bd5449fe400e3312803a67e99624fda68cc00dd5a0178df6784fd1004cf1b805d6366b7f44df7f7d752edf0ac5094284404c5,gx-no-cache=1525349651400 HTTP/1.1" 200 29
200.54.247.70 - - [03/May/2018:09:15:07 -0300] "POST /cormun/servlet/solicitudotadjuntos?gx-no-cache=1525349648980 HTTP/1.1" 200 26
186.103.159.189 - - [03/May/2018:09:15:08 -0300] "POST /cormun/servlet/licenciaspermisos?7549f170d1bc983b184d8e668d99bf54,INS,0,,,,gx-no-cache=1525349651449 HTTP/1.1" 200 93
186.103.159.189 - - [03/May/2018:09:15:08 -0300] "GET /cormun/servlet/hpexe_return? HTTP/1.1" 200 1015
186.103.159.189 - - [03/May/2018:09:15:08 -0300] "GET /cormun/servlet/trlicencias HTTP/1.1" 200 10139
186.103.159.189 - - [03/May/2018:09:15:10 -0300] "GET /cormun/servlet/trlicencias HTTP/1.1" 200 10134
201.214.54.200 - - [03/May/2018:09:15:10 -0300] "POST /cormun/servlet/solicitudot?gx-no-cache=1525349654069 HTTP/1.1" 200 33
186.103.159.189 - - [03/May/2018:09:15:16 -0300] "GET /cormun/servlet/alicenciaprn?17134446,L,20180503000000,PU HTTP/1.1" 200 1558
200.54.247.70 - - [03/May/2018:09:15:20 -0300] "GET /cormun/servlet/solicitudotadjuntos?0041362816f9fd753b4209effac82daf91971386c27ee3a60edfd6cc48364bff,gx-no-cache=1525349661203 HTTP/1.1" 200 30
200.54.247.70 - - [03/May/2018:09:15:20 -0300] "GET /cormun/servlet/solicitudotadjuntos?0041362816f9fd753b4209effac82daf91971386c27ee3a60edfd6cc48364bff,gx-no-cache=1525349661533 HTTP/1.1" 200 30
200.54.247.70 - - [03/May/2018:09:15:21 -0300] "POST /cormun/servlet/solicitudotadjuntos?faac27d20dda5b47d68941f9a92ca286,INS,2018,11275,,1, HTTP/1.1" 200 116
200.54.247.70 - - [03/May/2018:09:15:21 -0300] "GET /cormun/servlet/hpexe_return? HTTP/1.1" 200 1023
200.54.247.70 - - [03/May/2018:09:15:22 -0300] "GET /cormun/servlet/trsolicitudadjuntos?2018,11275, HTTP/1.1" 200 8780
200.54.247.70 - - [03/May/2018:09:15:25 -0300] "GET /cormun/servlet/solicitudotadjuntos?INS,2018,11275,,1, HTTP/1.1" 200 6276
190.100.93.40 - - [03/May/2018:09:15:25 -0300] "GET /cormun/servlet/trrenunciasadjuntos?150,17016640, HTTP/1.1" 200 6339
190.100.93.40 - - [03/May/2018:09:15:25 -0300] "GET /cormun/static/gxcfg.js?20177612185036 HTTP/1.1" 200 953
200.54.247.70 - - [03/May/2018:09:15:25 -0300] "HEAD /cormun/static/about:blank HTTP/1.1" 404 -
190.100.93.40 - - [03/May/2018:09:15:25 -0300] "GET /cormun/static/trrenunciasadjuntos.js?20177612185280 HTTP/1.1" 200 15250
190.100.93.40 - - [03/May/2018:09:15:26 -0300] "GET /cormun/servlet/trrenunciasadjuntos?150,17016640, HTTP/1.1" 200 6339
200.54.247.70 - - [03/May/2018:09:15:26 -0300] "GET /cormun/servlet/solicitudotadjuntos?0041362816f9fd753b4209effac82daff656d603f0f19db7c2d4e52fbdefe6a1abbab9427b5dd37e40ec96bd6125b9ba,gx-no-cache=1525349667734 HTTP/1.1" 200 30
200.54.247.70 - - [03/May/2018:09:15:27 -0300] "POST /cormun/servlet/solicitudotadjuntos?faac27d20dda5b47d68941f9a92ca286,INS,2018,11275,,1,,gx-no-cache=1525349667819 HTTP/1.1" 200 3980
190.100.93.40 - - [03/May/2018:09:15:27 -0300] "GET /cormun/servlet/renunciasadjuntos?INS,150,, HTTP/1.1" 200 5680
190.100.93.40 - - [03/May/2018:09:15:27 -0300] "GET /cormun/static/gxcfg.js?2017761273622 HTTP/1.1" 200 953
190.100.93.40 - - [03/May/2018:09:15:27 -0300] "GET /cormun/static/renunciasadjuntos.js?2017761273629 HTTP/1.1" 200 5937
190.100.93.40 - - [03/May/2018:09:15:27 -0300] "GET /cormun/static/about:blank HTTP/1.1" 404 1011
190.100.93.40 - - [03/May/2018:09:15:28 -0300] "GET /cormun/servlet/renunciasadjuntos?INS,150,, HTTP/1.1" 200 5667
200.54.247.70 - - [03/May/2018:09:15:30 -0300] "POST /cormun/servlet/solicitudotadjuntos?gx-no-cache=1525349671683 HTTP/1.1" 200 26
186.103.159.189 - - [03/May/2018:09:15:36 -0300] "GET /cormun/servlet/licenciaspermisos?INS,0,,, HTTP/1.1" 200 7523
190.100.93.40 - - [03/May/2018:09:15:37 -0300] "POST /cormun/servlet/renunciasadjuntos?5f2654d547b2887d09a3cd922d224a20,INS,150,, HTTP/1.1" 200 116
190.100.93.40 - - [03/May/2018:09:15:37 -0300] "GET /cormun/servlet/hpexe_return? HTTP/1.1" 200 1020
190.100.93.40 - - [03/May/2018:09:15:37 -0300] "GET /cormun/servlet/trrenunciasadjuntos?150,17016640, HTTP/1.1" 200 6770
186.103.159.189 - - [03/May/2018:09:15:38 -0300] "GET /cormun/servlet/licenciaspermisos?INS,0,,, HTTP/1.1" 200 7521
190.100.93.40 - - [03/May/2018:09:15:38 -0300] "GET /cormun/servlet/trrenunciasadjuntos?150,17016640, HTTP/1.1" 200 6766
201.214.54.200 - - [03/May/2018:09:15:40 -0300] "POST /cormun/servlet/solicitudot?e2a1f1fc3562e387559826b540e51050,INS,0,0,,gx-no-cache=1525349683369 HTTP/1.1" 200 93
201.214.54.200 - - [03/May/2018:09:15:40 -0300] "GET /cormun/servlet/hpexe_return? HTTP/1.1" 200 1006
190.100.93.40 - - [03/May/2018:09:15:40 -0300] "GET /cormun/servlet/renunciasadjuntos?INS,150,, HTTP/1.1" 200 5680
186.103.159.189 - - [03/May/2018:09:15:40 -0300] "GET /cormun/servlet/prfichaempleado?,MD,,gxPopupLevel%3D0%3B HTTP/1.1" 200 9342
190.100.93.40 - - [03/May/2018:09:15:40 -0300] "GET /cormun/static/about:blank HTTP/1.1" 404 1011
201.214.54.200 - - [03/May/2018:09:15:40 -0300] "GET /cormun/servlet/trsolicitudot HTTP/1.1" 200 9626
190.100.93.40 - - [03/May/2018:09:15:40 -0300] "GET /cormun/servlet/renunciasadjuntos?INS,150,, HTTP/1.1" 200 5667
200.54.247.70 - - [03/May/2018:09:15:41 -0300] "GET /cormun/servlet/solicitudotadjuntos?0041362816f9fd753b4209effac82daf91971386c27ee3a60edfd6cc48364bff,gx-no-cache=1525349682378 HTTP/1.1" 200 30
201.214.54.200 - - [03/May/2018:09:15:42 -0300] "GET /cormun/servlet/trsolicitudot HTTP/1.1" 200 9622
200.54.247.70 - - [03/May/2018:09:15:42 -0300] "GET /cormun/servlet/solicitudotadjuntos?0041362816f9fd753b4209effac82daf91971386c27ee3a60edfd6cc48364bff,gx-no-cache=1525349683379 HTTP/1.1" 200 30
200.54.247.70 - - [03/May/2018:09:15:42 -0300] "POST /cormun/servlet/solicitudotadjuntos?faac27d20dda5b47d68941f9a92ca286,INS,2018,11275,,1, HTTP/1.1" 200 116
200.54.247.70 - - [03/May/2018:09:15:42 -0300] "GET /cormun/servlet/hpexe_return? HTTP/1.1" 200 1023
200.54.247.70 - - [03/May/2018:09:15:42 -0300] "GET /cormun/servlet/trsolicitudadjuntos?2018,11275, HTTP/1.1" 200 9042
190.100.93.40 - - [03/May/2018:09:15:42 -0300] "POST /cormun/servlet/renunciasadjuntos?5f2654d547b2887d09a3cd922d224a20,INS,150,,,gx-no-cache=1525349685610 HTTP/1.1" 200 90
190.100.93.40 - - [03/May/2018:09:15:43 -0300] "GET /cormun/servlet/hpexe_link HTTP/1.1" 200 976
190.100.93.40 - - [03/May/2018:09:15:43 -0300] "GET /cormun/servlet/trrenunciasadjuntos?150,17016640, HTTP/1.1" 200 6767
190.100.93.40 - - [03/May/2018:09:15:43 -0300] "GET /cormun/servlet/trrenunciasadjuntos?150,17016640, HTTP/1.1" 200 6765
190.100.93.40 - - [03/May/2018:09:15:45 -0300] "POST /cormun/servlet/trrenunciasadjuntos?5f2654d547b2887d09a3cd922d224a20,150,17016640,,gx-no-cache=1525349687725 HTTP/1.1" 200 90
190.100.93.40 - - [03/May/2018:09:15:45 -0300] "GET /cormun/servlet/hpexe_link HTTP/1.1" 200 969
200.54.247.70 - - [03/May/2018:09:15:45 -0300] "GET /cormun/servlet/solicitudotadjuntos?INS,2018,11275,,1, HTTP/1.1" 200 6276
190.100.93.40 - - [03/May/2018:09:15:45 -0300] "GET /cormun/servlet/trrenuncias HTTP/1.1" 200 8786
200.54.247.70 - - [03/May/2018:09:15:45 -0300] "HEAD /cormun/static/about:blank HTTP/1.1" 404 -
190.100.93.40 - - [03/May/2018:09:15:45 -0300] "GET /cormun/servlet/trrenuncias HTTP/1.1" 200 8784
200.54.247.70 - - [03/May/2018:09:15:46 -0300] "GET /cormun/servlet/solicitudotadjuntos?0041362816f9fd753b4209effac82daff656d603f0f19db7c2d4e52fbdefe6a1abbab9427b5dd37e40ec96bd6125b9ba,gx-no-cache=1525349687300 HTTP/1.1" 200 30
200.54.247.70 - - [03/May/2018:09:15:46 -0300] "POST /cormun/servlet/solicitudotadjuntos?faac27d20dda5b47d68941f9a92ca286,INS,2018,11275,,1,,gx-no-cache=1525349687351 HTTP/1.1" 200 3980
200.54.247.70 - - [03/May/2018:09:15:49 -0300] "POST /cormun/servlet/solicitudotadjuntos?gx-no-cache=1525349690387 HTTP/1.1" 200 26
186.103.159.189 - - [03/May/2018:09:15:52 -0300] "POST /cormun/servlet/prfichaempleado?7549f170d1bc983b184d8e668d99bf54,,MD,,gxPopupLevel%3D0%3B,gx-no-cache=1525349695617 HTTP/1.1" 200 3191
201.214.54.200 - - [03/May/2018:09:15:52 -0300] "POST /cormun/servlet/trsolicitudot?e2a1f1fc3562e387559826b540e51050,gx-no-cache=1525349696429 HTTP/1.1" 200 106
201.214.54.200 - - [03/May/2018:09:15:53 -0300] "GET /cormun/servlet/solicitudot?UPD,2018,11274, HTTP/1.1" 200 15464
201.214.54.200 - - [03/May/2018:09:15:54 -0300] "GET /cormun/servlet/solicitudot?UPD,2018,11274, HTTP/1.1" 200 15473
190.100.93.40 - - [03/May/2018:09:15:54 -0300] "POST /cormun/servlet/trrenuncias?5f2654d547b2887d09a3cd922d224a20,gx-no-cache=1525349696354 HTTP/1.1" 200 5751
190.100.93.40 - - [03/May/2018:09:15:55 -0300] "GET /cormun/static/Shared/jqueryui/images/ui-bg_highlight-soft_100_c6c2c8_1x100.png HTTP/1.1" 404 1117
190.100.93.40 - - [03/May/2018:09:15:55 -0300] "GET /cormun/static/Shared/jqueryui/images/ui-icons_82798d_256x240.png HTTP/1.1" 404 1089
190.100.93.40 - - [03/May/2018:09:15:55 -0300] "GET /cormun/static/Shared/jqueryui/images/ui-icons_8d78a5_256x240.png HTTP/1.1" 404 1089
190.100.93.40 - - [03/May/2018:09:15:55 -0300] "GET /cormun/static/Shared/jqueryui/images/ui-bg_flat_55_fafafa_40x100.png HTTP/1.1" 404 1097
201.214.54.200 - - [03/May/2018:09:15:55 -0300] "POST /cormun/servlet/solicitudot?gx-no-cache=1525349698756 HTTP/1.1" 200 3413
201.214.54.200 - - [03/May/2018:09:15:55 -0300] "POST /cormun/servlet/solicitudot?e2a1f1fc3562e387559826b540e51050,UPD,2018,11274,,gx-no-cache=1525349699088 HTTP/1.1" 200 11745
201.214.54.200 - - [03/May/2018:09:15:55 -0300] "GET /cormun/servlet/solicitudot?5748111f93fa5d451af5d0bf25b87ab420ee2d44c183fad39c34be918a78b4a19e4c3f8bcb05d20fba92c607eab282f5,gx-no-cache=1525349699519 HTTP/1.1" 200 30
201.214.54.200 - - [03/May/2018:09:15:56 -0300] "GET /cormun/servlet/solicitudot?5748111f93fa5d451af5d0bf25b87ab4d3da8f450822939391323ecaf43bc4e59ff5b30ececde6719725d8735da9a8593b0df1cfd53e27d0b79c30739aa11528,gx-no-cache=1525349699681 HTTP/1.1" 200 30
201.214.54.200 - - [03/May/2018:09:15:56 -0300] "GET /cormun/servlet/solicitudot?5748111f93fa5d451af5d0bf25b87ab43581bfa9e80aba59672c33809f444fc30eb79884198e30e98b8469441b623f62cd96075112b108dc2fff16c49f26de96,gx-no-cache=1525349699778 HTTP/1.1" 200 53
186.103.159.189 - - [03/May/2018:09:15:56 -0300] "POST /cormun/servlet/prfichaempleado?7549f170d1bc983b184d8e668d99bf54,,MD,,gxPopupLevel%3D0%3B,gx-no-cache=1525349699739 HTTP/1.1" 200 3191
201.214.54.200 - - [03/May/2018:09:15:56 -0300] "POST /cormun/servlet/solicitudot?gx-no-cache=1525349699903 HTTP/1.1" 200 254
201.214.54.200 - - [03/May/2018:09:15:56 -0300] "GET /cormun/servlet/solicitudot?5748111f93fa5d451af5d0bf25b87ab45b68777b44179f4981a5874a4129e64f87aa276116630c0d4b4ca6c166c910c9ce363443c72f028ceb2868ba8b45f098bfc763083d623dc23c2b8b5e30b2d62a3ae08cd269810910dd58b06e72c38cbcee20f897a3a47132564f7afd332192208caa4867c8aec8f8cbc64db473b504dacd4c69f85e683a0f955ead9ba916f96111fb04ef8819e6609c6e47d8b73fa1cd4af2815aeb20557280445e1d5a56dfc4327311e453a5851a878bbce933879b3f5ec735a63fe4154096ef030460f870ff7ebe31b460cb05472a995d647f764bab602b69935e27696942e907cec49c686f7ebd7bef1fe5714116ee9d08eef5fac0e74c1f8d156c4728f51fc591357b350e64b447e27f1bc18a7a74b9e3e03e457f32098accb28923af621aad910a1f5a8f28ff3a6cad28464a8bbf126fab46d373ea1a78918a4d11672a3735f4978edb445db7a8420badd61653b2aec9ba7147a42e5ebf9fe7b4fac638ca7c1a1a60de96ebd251c8566e65b9bfb9861cd8d8ec17,gx-no-cache=1525349700012 HTTP/1.1" 200 30
201.214.54.200 - - [03/May/2018:09:15:56 -0300] "POST /cormun/servlet/solicitudot?gx-no-cache=1525349700097 HTTP/1.1" 200 30
201.214.54.200 - - [03/May/2018:09:15:56 -0300] "POST /cormun/servlet/solicitudot?gx-no-cache=1525349700217 HTTP/1.1" 200 1367
201.214.54.200 - - [03/May/2018:09:15:56 -0300] "POST /cormun/servlet/solicitudot?gx-no-cache=1525349700352 HTTP/1.1" 200 41
201.214.54.200 - - [03/May/2018:09:15:59 -0300] "GET /cormun/servlet/solicitudot?5748111f93fa5d451af5d0bf25b87ab4a60a718b9dd0d8c0e5718d365aac19516d9f5ba4f45fddfedfba925c3270801d4fcb29533f52cbe1cb7d4443786f3f010cbd574ddde63f430a1beac769c41a9c6ccb434d4d75ca5f57af4eebbdb8e18706b2f371e0f4e9360ded2e9e49dc3f3ec777cc143be4c323194d7d63fde95a6fa2bed5f94e18856984fb834b67f94f8bd28f7214a1465dd4c2cd58fe3b786b46,gx-no-cache=1525349703227 HTTP/1.1" 200 29
200.54.247.70 - - [03/May/2018:09:16:00 -0300] "GET /cormun/servlet/solicitudotadjuntos?0041362816f9fd753b4209effac82daf91971386c27ee3a60edfd6cc48364bff,gx-no-cache=1525349701147 HTTP/1.1" 200 30
200.54.247.70 - - [03/May/2018:09:16:00 -0300] "GET /cormun/servlet/solicitudotadjuntos?0041362816f9fd753b4209effac82daf91971386c27ee3a60edfd6cc48364bff,gx-no-cache=1525349701208 HTTP/1.1" 200 30
201.214.54.200 - - [03/May/2018:09:16:00 -0300] "POST /cormun/servlet/solicitudot?gx-no-cache=1525349703387 HTTP/1.1" 200 1349
201.214.54.200 - - [03/May/2018:09:16:01 -0300] "POST /cormun/servlet/solicitudot?gx-no-cache=1525349704532 HTTP/1.1" 200 1249
201.214.54.200 - - [03/May/2018:09:16:01 -0300] "GET /cormun/servlet/solicitudot?5748111f93fa5d451af5d0bf25b87ab4334e2726cad400943b19e0abf4245f59fd00bab4e46f1f9bc0ac7a54a97dc8b7,gx-no-cache=1525349704843 HTTP/1.1" 200 30
201.214.54.200 - - [03/May/2018:09:16:01 -0300] "POST /cormun/servlet/solicitudot?gx-no-cache=1525349704964 HTTP/1.1" 200 30
200.54.247.70 - - [03/May/2018:09:16:03 -0300] "POST /cormun/servlet/solicitudotadjuntos?faac27d20dda5b47d68941f9a92ca286,INS,2018,11275,,1, HTTP/1.1" 200 116
200.54.247.70 - - [03/May/2018:09:16:03 -0300] "GET /cormun/servlet/hpexe_return? HTTP/1.1" 200 1023
200.54.247.70 - - [03/May/2018:09:16:03 -0300] "GET /cormun/servlet/trsolicitudadjuntos?2018,11275, HTTP/1.1" 200 9205
190.100.93.40 - - [03/May/2018:09:16:03 -0300] "GET /cormun/servlet/trautorizarenuncias? HTTP/1.1" 200 7689
190.100.93.40 - - [03/May/2018:09:16:04 -0300] "GET /cormun/static/gxcfg.js?2017761218543 HTTP/1.1" 200 953
190.100.93.40 - - [03/May/2018:09:16:04 -0300] "GET /cormun/static/trautorizarenuncias.js?20177612185765 HTTP/1.1" 200 29147
190.100.93.40 - - [03/May/2018:09:16:04 -0300] "GET /cormun/servlet/trautorizarenuncias? HTTP/1.1" 200 7689
200.54.247.70 - - [03/May/2018:09:16:06 -0300] "GET /cormun/servlet/solicitudotadjuntos?INS,2018,11275,,1, HTTP/1.1" 200 6276
200.54.247.70 - - [03/May/2018:09:16:06 -0300] "HEAD /cormun/static/about:blank HTTP/1.1" 404 -
200.54.247.70 - - [03/May/2018:09:16:07 -0300] "GET /cormun/servlet/solicitudotadjuntos?0041362816f9fd753b4209effac82daff656d603f0f19db7c2d4e52fbdefe6a1abbab9427b5dd37e40ec96bd6125b9ba,gx-no-cache=1525349708619 HTTP/1.1" 200 30
200.54.247.70 - - [03/May/2018:09:16:08 -0300] "POST /cormun/servlet/solicitudotadjuntos?faac27d20dda5b47d68941f9a92ca286,INS,2018,11275,,1,,gx-no-cache=1525349708690 HTTP/1.1" 200 3980
186.103.159.189 - - [03/May/2018:09:16:08 -0300] "POST /cormun/servlet/prfichaempleado?7549f170d1bc983b184d8e668d99bf54,,MD,,gxPopupLevel%3D0%3B,gx-no-cache=1525349711872 HTTP/1.1" 200 3191
190.100.93.40 - - [03/May/2018:09:16:09 -0300] "POST /cormun/servlet/trautorizarenuncias?5f2654d547b2887d09a3cd922d224a20,,gx-no-cache=1525349711116 HTTP/1.1" 200 4249
190.100.93.40 - - [03/May/2018:09:16:09 -0300] "GET /cormun/static/Shared/jqueryui/images/ui-bg_highlight-soft_100_c6c2c8_1x100.png HTTP/1.1" 404 1117
190.100.93.40 - - [03/May/2018:09:16:09 -0300] "GET /cormun/static/Shared/jqueryui/images/ui-icons_82798d_256x240.png HTTP/1.1" 404 1089
190.100.93.40 - - [03/May/2018:09:16:09 -0300] "GET /cormun/static/Shared/jqueryui/images/ui-bg_flat_55_fafafa_40x100.png HTTP/1.1" 404 1097
190.100.93.40 - - [03/May/2018:09:16:09 -0300] "GET /cormun/static/Shared/jqueryui/images/ui-icons_8d78a5_256x240.png HTTP/1.1" 404 1089
200.54.247.70 - - [03/May/2018:09:16:13 -0300] "POST /cormun/servlet/solicitudotadjuntos?gx-no-cache=1525349714419 HTTP/1.1" 200 26
201.214.54.200 - - [03/May/2018:09:16:16 -0300] "POST /cormun/servlet/solicitudot?e2a1f1fc3562e387559826b540e51050,UPD,2018,11274,,gx-no-cache=1525349719508 HTTP/1.1" 200 93
201.214.54.200 - - [03/May/2018:09:16:16 -0300] "GET /cormun/servlet/hpexe_return? HTTP/1.1" 200 1012
201.214.54.200 - - [03/May/2018:09:16:16 -0300] "GET /cormun/servlet/trsolicitudot HTTP/1.1" 200 9626
201.214.54.200 - - [03/May/2018:09:16:18 -0300] "GET /cormun/servlet/trsolicitudot HTTP/1.1" 200 9622
200.54.247.70 - - [03/May/2018:09:16:20 -0300] "GET /cormun/servlet/solicitudotadjuntos?0041362816f9fd753b4209effac82daf91971386c27ee3a60edfd6cc48364bff,gx-no-cache=1525349721939 HTTP/1.1" 200 30
200.54.247.70 - - [03/May/2018:09:16:20 -0300] "GET /cormun/servlet/solicitudotadjuntos?0041362816f9fd753b4209effac82daf91971386c27ee3a60edfd6cc48364bff,gx-no-cache=1525349721954 HTTP/1.1" 200 30
200.54.247.70 - - [03/May/2018:09:16:21 -0300] "POST /cormun/servlet/solicitudotadjuntos?faac27d20dda5b47d68941f9a92ca286,INS,2018,11275,,1, HTTP/1.1" 200 116
200.54.247.70 - - [03/May/2018:09:16:21 -0300] "GET /cormun/servlet/hpexe_return? HTTP/1.1" 200 1023
200.54.247.70 - - [03/May/2018:09:16:21 -0300] "GET /cormun/servlet/trsolicitudadjuntos?2018,11275, HTTP/1.1" 200 9458
201.214.54.200 - - [03/May/2018:09:16:22 -0300] "GET /cormun/servlet/vesolicitudot?2018,11276,, HTTP/1.1" 200 8632
201.214.54.200 - - [03/May/2018:09:16:22 -0300] "GET /cormun/static/gxcfg.js?2017111422591385 HTTP/1.1" 304 -
201.214.54.200 - - [03/May/2018:09:16:22 -0300] "GET /cormun/pexe_scrolldiv.js HTTP/1.1" 404 1009
201.214.54.200 - - [03/May/2018:09:16:22 -0300] "GET /cormun/static/hwcviewtabs.js?20177611594913 HTTP/1.1" 304 -
201.214.54.200 - - [03/May/2018:09:16:22 -0300] "GET /cormun/static/hpexe_tabsview.js?201610171694228 HTTP/1.1" 304 -
201.214.54.200 - - [03/May/2018:09:16:22 -0300] "GET /cormun/pexe_scrolldiv.js HTTP/1.1" 404 1009
201.214.54.200 - - [03/May/2018:09:16:23 -0300] "GET /cormun/servlet/vesolicitudot?2018,11276,, HTTP/1.1" 200 8631
200.54.247.70 - - [03/May/2018:09:16:24 -0300] "GET /cormun/servlet/solicitudotadjuntos?INS,2018,11275,,1, HTTP/1.1" 200 6276
200.54.247.70 - - [03/May/2018:09:16:24 -0300] "HEAD /cormun/static/about:blank HTTP/1.1" 404 -
200.54.247.70 - - [03/May/2018:09:16:25 -0300] "GET /cormun/servlet/solicitudotadjuntos?0041362816f9fd753b4209effac82daff656d603f0f19db7c2d4e52fbdefe6a1abbab9427b5dd37e40ec96bd6125b9ba,gx-no-cache=1525349726666 HTTP/1.1" 200 30
200.54.247.70 - - [03/May/2018:09:16:25 -0300] "POST /cormun/servlet/solicitudotadjuntos?faac27d20dda5b47d68941f9a92ca286,INS,2018,11275,,1,,gx-no-cache=1525349726920 HTTP/1.1" 200 3980
200.54.247.70 - - [03/May/2018:09:16:30 -0300] "POST /cormun/servlet/solicitudotadjuntos?gx-no-cache=1525349731131 HTTP/1.1" 200 26
200.54.247.70 - - [03/May/2018:09:16:35 -0300] "GET /cormun/servlet/solicitudotadjuntos?0041362816f9fd753b4209effac82daf91971386c27ee3a60edfd6cc48364bff,gx-no-cache=1525349736531 HTTP/1.1" 200 30
200.54.247.70 - - [03/May/2018:09:16:35 -0300] "GET /cormun/servlet/solicitudotadjuntos?0041362816f9fd753b4209effac82daf91971386c27ee3a60edfd6cc48364bff,gx-no-cache=1525349736549 HTTP/1.1" 200 30
200.54.247.70 - - [03/May/2018:09:16:36 -0300] "POST /cormun/servlet/solicitudotadjuntos?faac27d20dda5b47d68941f9a92ca286,INS,2018,11275,,1, HTTP/1.1" 200 116
200.54.247.70 - - [03/May/2018:09:16:36 -0300] "GET /cormun/servlet/hpexe_return? HTTP/1.1" 200 1023
200.54.247.70 - - [03/May/2018:09:16:36 -0300] "GET /cormun/servlet/trsolicitudadjuntos?2018,11275, HTTP/1.1" 200 9693
200.54.247.70 - - [03/May/2018:09:16:39 -0300] "GET /cormun/servlet/solicitudotadjuntos?INS,2018,11275,,1, HTTP/1.1" 200 6276
200.54.247.70 - - [03/May/2018:09:16:39 -0300] "HEAD /cormun/static/about:blank HTTP/1.1" 404 -
200.54.247.70 - - [03/May/2018:09:16:40 -0300] "GET /cormun/servlet/solicitudotadjuntos?0041362816f9fd753b4209effac82daff656d603f0f19db7c2d4e52fbdefe6a1abbab9427b5dd37e40ec96bd6125b9ba,gx-no-cache=1525349741500 HTTP/1.1" 200 30
200.54.247.70 - - [03/May/2018:09:16:40 -0300] "POST /cormun/servlet/solicitudotadjuntos?faac27d20dda5b47d68941f9a92ca286,INS,2018,11275,,1,,gx-no-cache=1525349741529 HTTP/1.1" 200 3980
186.103.159.46 - - [03/May/2018:09:16:40 -0300] "GET /cormun/servlet/trlicenciaspermisosadjuntos?9517647,20180503000000,L, HTTP/1.1" 200 6330
186.103.159.46 - - [03/May/2018:09:16:42 -0300] "GET /cormun/servlet/trlicenciaspermisosadjuntos?9517647,20180503000000,L, HTTP/1.1" 200 6330
200.54.247.70 - - [03/May/2018:09:16:43 -0300] "POST /cormun/servlet/solicitudotadjuntos?gx-no-cache=1525349744834 HTTP/1.1" 200 26
186.103.159.46 - - [03/May/2018:09:16:44 -0300] "GET /cormun/servlet/licenciaspermisosadjuntos?INS,9517647,L,20180503000000,, HTTP/1.1" 200 5627
186.103.159.46 - - [03/May/2018:09:16:44 -0300] "GET /cormun/static/about:blank HTTP/1.1" 404 1011
186.103.159.46 - - [03/May/2018:09:16:45 -0300] "GET /cormun/servlet/licenciaspermisosadjuntos?INS,9517647,L,20180503000000,, HTTP/1.1" 200 5618
200.54.247.70 - - [03/May/2018:09:16:52 -0300] "GET /cormun/servlet/solicitudotadjuntos?0041362816f9fd753b4209effac82daf91971386c27ee3a60edfd6cc48364bff,gx-no-cache=1525349753706 HTTP/1.1" 200 30
200.54.247.70 - - [03/May/2018:09:16:52 -0300] "GET /cormun/servlet/solicitudotadjuntos?0041362816f9fd753b4209effac82daf91971386c27ee3a60edfd6cc48364bff,gx-no-cache=1525349753727 HTTP/1.1" 200 30
200.54.247.70 - - [03/May/2018:09:16:53 -0300] "POST /cormun/servlet/solicitudotadjuntos?faac27d20dda5b47d68941f9a92ca286,INS,2018,11275,,1, HTTP/1.1" 200 116
200.54.247.70 - - [03/May/2018:09:16:53 -0300] "GET /cormun/servlet/hpexe_return? HTTP/1.1" 200 1023
