201.214.54.200 - - [02/May/2018:10:00:37 -0300] "GET /cormun/static/Resources/PXToolsGridLastDisabled.gif HTTP/1.1" 200 98
201.214.54.200 - - [02/May/2018:10:00:37 -0300] "GET /cormun/static/Resources/PXToolsGridPage.gif HTTP/1.1" 200 725
201.214.54.200 - - [02/May/2018:10:00:40 -0300] "GET /cormun/static/Resources/asc.gif HTTP/1.1" 200 67
186.79.186.114 - - [02/May/2018:10:00:40 -0300] "GET /cormun/static/Resources/desc.gif HTTP/1.1" 200 65
201.214.54.200 - - [02/May/2018:10:00:40 -0300] "GET /cormun//static/Resources/PXToolsActionDisabled.gif HTTP/1.1" 200 53
186.79.186.114 - - [02/May/2018:10:00:40 -0300] "GET /cormun//static/Resources/PXToolsGridNew.png HTTP/1.1" 200 2949
186.79.186.114 - - [02/May/2018:10:00:40 -0300] "GET /cormun/servlet/trcontratosolicitud? HTTP/1.1" 200 14528
201.214.54.200 - - [02/May/2018:10:00:40 -0300] "GET /cormun/static/Shared/ext/resources/themes/images/default/tools/tool-sprites.gif HTTP/1.1" 200 5434
186.79.186.114 - - [02/May/2018:10:00:40 -0300] "GET /cormun/static/Shared/ext/resources/themes/images/default/panel/bg-headersPanel.png HTTP/1.1" 200 255
186.103.157.98 - - [02/May/2018:10:00:46 -0300] "GET /cormun/servlet/renuncias?7f48aba8df62575ef4aeba90fc6b0c2ec8b76f708c8512f9fbda173a48da9af77ab5a7e58561c3d892fee97c97ffbb34,gx-no-cache=1525265989088 HTTP/1.1" 200 73
186.79.186.114 - - [02/May/2018:10:00:48 -0300] "GET /cormun/servlet/trcontratosolicitud? HTTP/1.1" 200 14520
186.79.186.114 - - [02/May/2018:10:00:50 -0300] "GET /cormun/servlet/trcontratosolicitud? HTTP/1.1" 200 14508
93.158.161.6 - - [02/May/2018:10:01:00 -0300] "GET /examples/jsp/error/error.html HTTP/1.1" 200 1283
186.103.157.98 - - [02/May/2018:10:01:12 -0300] "GET /cormun/servlet/prcontrato?9194654,,,MD,,gxPopupLevel%3D0%3B HTTP/1.1" 200 6181
186.103.157.98 - - [02/May/2018:10:01:12 -0300] "GET /cormun/static/gxcfg.js?20175251232326 HTTP/1.1" 200 953
186.103.157.98 - - [02/May/2018:10:01:12 -0300] "GET /cormun/static/prcontrato.js?20175251232552 HTTP/1.1" 200 13820
186.79.186.114 - - [02/May/2018:10:01:13 -0300] "POST /cormun/servlet/trcontratosolicitud?2652749b50e6af440c80119ccd416754,,gx-no-cache=1525266014339 HTTP/1.1" 200 12439
186.79.186.114 - - [02/May/2018:10:01:16 -0300] "GET /cormun/static/Resources/PXToolsGridFirst.gif HTTP/1.1" 200 379
186.79.186.114 - - [02/May/2018:10:01:16 -0300] "GET /cormun/static/Resources/PXToolsGridPrevious.gif HTTP/1.1" 200 369
201.214.54.200 - - [02/May/2018:10:01:16 -0300] "GET /cormun/static/Resources/PXToolsGridNext.gif HTTP/1.1" 200 369
190.100.93.40 - - [02/May/2018:10:01:17 -0300] "GET /cormun/servlet/hlogin HTTP/1.1" 200 1717
201.214.54.200 - - [02/May/2018:10:01:18 -0300] "GET /cormun/static/Resources/PXToolsGridLast.gif HTTP/1.1" 200 370
186.79.186.114 - - [02/May/2018:10:01:31 -0300] "POST /cormun/servlet/trcontratosolicitud?2652749b50e6af440c80119ccd416754,,gx-no-cache=1525266032722 HTTP/1.1" 200 8089
186.67.172.234 - - [02/May/2018:10:01:44 -0300] "POST /cormun/servlet/trlicencias?d88bd4cb867a3b935a2816dc43bd7f2f,gx-no-cache=1525266046038 HTTP/1.1" 200 11893
186.67.172.234 - - [02/May/2018:10:01:44 -0300] "GET /cormun/static/Shared/jqueryui/images/ui-bg_highlight-soft_100_c6c2c8_1x100.png HTTP/1.1" 404 1117
186.67.172.234 - - [02/May/2018:10:01:44 -0300] "GET /cormun/static/Shared/jqueryui/images/ui-icons_82798d_256x240.png HTTP/1.1" 404 1089
186.67.172.234 - - [02/May/2018:10:01:44 -0300] "GET /cormun/static/Shared/jqueryui/images/ui-bg_flat_55_fafafa_40x100.png HTTP/1.1" 404 1097
186.67.172.234 - - [02/May/2018:10:01:44 -0300] "GET /cormun/static/Shared/jqueryui/images/ui-icons_8d78a5_256x240.png HTTP/1.1" 404 1089
93.158.161.6 - - [02/May/2018:10:01:53 -0300] "GET /examples/async/async1 HTTP/1.1" 200 77
186.103.157.98 - - [02/May/2018:10:02:09 -0300] "POST /cormun/servlet/renuncias?e5264fc926d1f4fee744794abff9c1f1,INS,0,,gx-no-cache=1525266068973 HTTP/1.1" 200 93
186.103.157.98 - - [02/May/2018:10:02:10 -0300] "GET /cormun/servlet/hpexe_return? HTTP/1.1" 200 997
186.103.157.98 - - [02/May/2018:10:02:10 -0300] "GET /cormun/servlet/trrenuncias HTTP/1.1" 200 7845
186.103.157.98 - - [02/May/2018:10:02:10 -0300] "GET /cormun/servlet/trrenuncias HTTP/1.1" 200 7841
186.103.157.98 - - [02/May/2018:10:02:18 -0300] "GET /cormun/servlet/trrenunciasadjuntos?148,9194654, HTTP/1.1" 200 6238
186.103.157.98 - - [02/May/2018:10:02:18 -0300] "GET /cormun/static/gxcfg.js?20177612185036 HTTP/1.1" 200 953
186.103.157.98 - - [02/May/2018:10:02:18 -0300] "GET /cormun/static/trrenunciasadjuntos.js?20177612185280 HTTP/1.1" 200 15250
186.103.157.98 - - [02/May/2018:10:02:18 -0300] "GET /cormun/servlet/trrenunciasadjuntos?148,9194654, HTTP/1.1" 200 6238
186.103.157.98 - - [02/May/2018:10:02:20 -0300] "GET /cormun/servlet/renunciasadjuntos?INS,148,, HTTP/1.1" 200 5583
186.103.157.98 - - [02/May/2018:10:02:20 -0300] "GET /cormun/static/gxcfg.js?2017761273622 HTTP/1.1" 200 953
186.103.157.98 - - [02/May/2018:10:02:20 -0300] "GET /cormun/static/renunciasadjuntos.js?2017761273629 HTTP/1.1" 200 5937
186.103.157.98 - - [02/May/2018:10:02:20 -0300] "GET /cormun/static/about:blank HTTP/1.1" 404 1011
186.103.157.98 - - [02/May/2018:10:02:21 -0300] "GET /cormun/servlet/renunciasadjuntos?INS,148,, HTTP/1.1" 200 5572
186.103.157.98 - - [02/May/2018:10:02:35 -0300] "POST /cormun/servlet/renunciasadjuntos?e5264fc926d1f4fee744794abff9c1f1,INS,148,, HTTP/1.1" 200 116
186.103.157.98 - - [02/May/2018:10:02:35 -0300] "GET /cormun/servlet/hpexe_return? HTTP/1.1" 200 1016
186.103.157.98 - - [02/May/2018:10:02:35 -0300] "GET /cormun/servlet/trrenunciasadjuntos?148,9194654, HTTP/1.1" 200 6663
186.103.157.98 - - [02/May/2018:10:02:36 -0300] "GET /cormun/servlet/trrenunciasadjuntos?148,9194654, HTTP/1.1" 200 6659
186.103.157.98 - - [02/May/2018:10:02:39 -0300] "POST /cormun/servlet/trrenunciasadjuntos?e5264fc926d1f4fee744794abff9c1f1,148,9194654,,gx-no-cache=1525266102225 HTTP/1.1" 200 90
186.103.157.98 - - [02/May/2018:10:02:40 -0300] "GET /cormun/servlet/hpexe_link HTTP/1.1" 200 963
186.103.157.98 - - [02/May/2018:10:02:40 -0300] "GET /cormun/servlet/trrenuncias HTTP/1.1" 200 7843
186.103.157.98 - - [02/May/2018:10:02:40 -0300] "GET /cormun/servlet/trrenuncias HTTP/1.1" 200 7841
186.67.164.142 - - [02/May/2018:10:02:48 -0300] "POST /cormun/servlet/solicitudot?ffb50f45369f541e20f91a166c77e34c,INS,0,0,,gx-no-cache=1525266110542 HTTP/1.1" 200 93
186.67.164.142 - - [02/May/2018:10:02:48 -0300] "GET /cormun/servlet/hpexe_return? HTTP/1.1" 200 1024
186.67.164.142 - - [02/May/2018:10:02:48 -0300] "GET /cormun/servlet/trsolicitudot?gx-no-cache=1525264771967 HTTP/1.1" 200 8593
186.67.164.142 - - [02/May/2018:10:02:49 -0300] "GET /cormun/servlet/trsolicitudot?gx-no-cache=1525264771967 HTTP/1.1" 200 8612
192.168.10.89 - - [02/May/2018:10:03:07 -0300] "POST /cormun/servlet/trsolicitudgral?0ffe004ee56204b11e138f7f005a54a1,,gx-no-cache=1525266003639 HTTP/1.1" 200 7817
192.168.10.89 - - [02/May/2018:10:03:11 -0300] "GET /cormun/servlet/vesolicitudgral?2018,11135,, HTTP/1.1" 200 9491
192.168.10.89 - - [02/May/2018:10:03:11 -0300] "GET /cormun/static/gxcfg.js?201711151294153 HTTP/1.1" 304 -
192.168.10.89 - - [02/May/2018:10:03:11 -0300] "GET /cormun/pexe_scrolldiv.js HTTP/1.1" 404 1009
192.168.10.89 - - [02/May/2018:10:03:13 -0300] "GET /cormun/servlet/vesolicitudgral?2018,11135,,SolicitudOTAdjuntos HTTP/1.1" 200 8179
192.168.10.89 - - [02/May/2018:10:03:13 -0300] "GET /cormun/pexe_scrolldiv.js HTTP/1.1" 404 1009
192.168.10.89 - - [02/May/2018:10:03:14 -0300] "POST /cormun/servlet/acontrolpreferencessavestate?None,CDROGUETT,true HTTP/1.1" 200 35
192.168.10.89 - - [02/May/2018:10:03:17 -0300] "POST /cormun/servlet/vesolicitudgral?0ffe004ee56204b11e138f7f005a54a1,2018,11135,,SolicitudOTAdjuntos,gx-no-cache=1525266013517 HTTP/1.1" 200 90
192.168.10.89 - - [02/May/2018:10:03:17 -0300] "GET /cormun/servlet/hpexe_link HTTP/1.1" 200 977
192.168.10.89 - - [02/May/2018:10:03:17 -0300] "GET /cormun/servlet/trsolicitudgral? HTTP/1.1" 200 11310
192.168.10.89 - - [02/May/2018:10:03:20 -0300] "GET /cormun/servlet/vesolicitudgral?2018,11136,, HTTP/1.1" 200 9494
192.168.10.89 - - [02/May/2018:10:03:20 -0300] "GET /cormun/pexe_scrolldiv.js HTTP/1.1" 404 1009
200.112.233.47 - - [02/May/2018:10:03:21 -0300] "GET /cormun/servlet/hlogin HTTP/1.1" 200 1725
192.168.10.89 - - [02/May/2018:10:03:21 -0300] "GET /cormun/servlet/vesolicitudgral?2018,11136,,SolicitudOTAdjuntos HTTP/1.1" 200 8179
192.168.10.89 - - [02/May/2018:10:03:22 -0300] "GET /cormun/pexe_scrolldiv.js HTTP/1.1" 404 1009
192.168.10.89 - - [02/May/2018:10:03:23 -0300] "POST /cormun/servlet/acontrolpreferencessavestate?None,CDROGUETT,true HTTP/1.1" 200 35
200.112.233.47 - - [02/May/2018:10:03:24 -0300] "POST /cormun/servlet/hlogin?190113e44c45ecef07dd91a38833f016,gx-no-cache=1525266146128 HTTP/1.1" 200 90
200.112.233.47 - - [02/May/2018:10:03:24 -0300] "GET /cormun/servlet/hpexe_link HTTP/1.1" 200 953
200.112.233.47 - - [02/May/2018:10:03:24 -0300] "GET /cormun/servlet/hhome HTTP/1.1" 200 4226
192.168.10.89 - - [02/May/2018:10:03:25 -0300] "POST /cormun/servlet/vesolicitudgral?0ffe004ee56204b11e138f7f005a54a1,2018,11136,,SolicitudOTAdjuntos,gx-no-cache=1525266021415 HTTP/1.1" 200 90
192.168.10.89 - - [02/May/2018:10:03:25 -0300] "GET /cormun/servlet/hpexe_link HTTP/1.1" 200 975
192.168.10.89 - - [02/May/2018:10:03:25 -0300] "GET /cormun/servlet/trsolicitudgral HTTP/1.1" 200 11310
200.112.233.47 - - [02/May/2018:10:03:26 -0300] "GET /cormun/servlet/hhome HTTP/1.1" 200 4222
192.168.10.89 - - [02/May/2018:10:03:29 -0300] "GET /cormun/servlet/vesolicitudgral?2018,11137,, HTTP/1.1" 200 9486
192.168.10.89 - - [02/May/2018:10:03:29 -0300] "GET /cormun/pexe_scrolldiv.js HTTP/1.1" 404 1009
192.168.10.89 - - [02/May/2018:10:03:31 -0300] "GET /cormun/servlet/vesolicitudgral?2018,11137,,SolicitudOTAdjuntos HTTP/1.1" 200 11552
192.168.10.89 - - [02/May/2018:10:03:31 -0300] "GET /cormun/pexe_scrolldiv.js HTTP/1.1" 404 1009
192.168.10.89 - - [02/May/2018:10:03:33 -0300] "POST /cormun/servlet/acontrolpreferencessavestate?None,CDROGUETT,true HTTP/1.1" 200 35
192.168.10.89 - - [02/May/2018:10:03:34 -0300] "GET /cormun/PublicTempStorage/titulo_ana_maria_mussatto5292220212.pdf HTTP/1.1" 200 320138
200.112.233.47 - - [02/May/2018:10:03:40 -0300] "GET /cormun/servlet/trrenuncias? HTTP/1.1" 200 7111
200.112.233.47 - - [02/May/2018:10:03:40 -0300] "GET /cormun/static/gxcfg.js?20175251282642 HTTP/1.1" 200 953
200.112.233.47 - - [02/May/2018:10:03:40 -0300] "GET /cormun/static/trrenuncias.js?20175251283179 HTTP/1.1" 200 31174
200.112.233.47 - - [02/May/2018:10:03:41 -0300] "GET /cormun/servlet/trrenuncias? HTTP/1.1" 200 7111
192.168.10.89 - - [02/May/2018:10:03:48 -0300] "GET /cormun/servlet/vesolicitudgral?2018,11137,,SolicitudOTAdjuntos HTTP/1.1" 200 11551
192.168.10.89 - - [02/May/2018:10:03:48 -0300] "GET /cormun/pexe_scrolldiv.js HTTP/1.1" 404 1009
192.168.10.89 - - [02/May/2018:10:03:50 -0300] "POST /cormun/servlet/acontrolpreferencessavestate?None,CDROGUETT,true HTTP/1.1" 200 35
192.168.10.89 - - [02/May/2018:10:03:51 -0300] "GET /cormun/PublicTempStorage/cv_ana_maria_mussatto5247423118.pdf HTTP/1.1" 200 375952
192.168.10.89 - - [02/May/2018:10:04:02 -0300] "GET /cormun/servlet/vesolicitudgral?2018,11137,,SolicitudOTAdjuntos HTTP/1.1" 200 11552
192.168.10.89 - - [02/May/2018:10:04:02 -0300] "GET /cormun/pexe_scrolldiv.js HTTP/1.1" 404 1009
200.112.233.47 - - [02/May/2018:10:04:03 -0300] "GET /cormun/servlet/renuncias?INS,0, HTTP/1.1" 200 6364
200.112.233.47 - - [02/May/2018:10:04:03 -0300] "GET /cormun/static/gxcfg.js?2017426922787 HTTP/1.1" 200 953
200.112.233.47 - - [02/May/2018:10:04:03 -0300] "GET /cormun/static/Resources/Spanish/PXTools.css?11294912 HTTP/1.1" 200 89042
200.112.233.47 - - [02/May/2018:10:04:03 -0300] "GET /cormun/static/renuncias.js?201742692287 HTTP/1.1" 200 14762
200.112.233.47 - - [02/May/2018:10:04:03 -0300] "GET /cormun/servlet/renuncias?INS,0, HTTP/1.1" 200 6364
192.168.10.89 - - [02/May/2018:10:04:04 -0300] "POST /cormun/servlet/acontrolpreferencessavestate?None,CDROGUETT,true HTTP/1.1" 200 35
200.112.233.47 - - [02/May/2018:10:04:05 -0300] "GET /cormun/servlet/renuncias?4eb8eee32bf946cc1a9cd1618c34454a4e5705b7351509602256f13bfcfeb38de154f90bf551b5914c619a92ade88a4a,gx-no-cache=1525266187044 HTTP/1.1" 200 33
192.168.10.89 - - [02/May/2018:10:04:05 -0300] "GET /cormun/PublicTempStorage/antecedentes_ana_maria_mussatto5252337194.pdf HTTP/1.1" 200 252316
192.168.10.89 - - [02/May/2018:10:04:17 -0300] "GET /cormun/servlet/vesolicitudgral?2018,11137,,SolicitudOTAdjuntos HTTP/1.1" 200 11553
192.168.10.89 - - [02/May/2018:10:04:17 -0300] "GET /cormun/pexe_scrolldiv.js HTTP/1.1" 404 1009
192.168.10.89 - - [02/May/2018:10:04:19 -0300] "POST /cormun/servlet/acontrolpreferencessavestate?None,CDROGUETT,true HTTP/1.1" 200 35
192.168.10.89 - - [02/May/2018:10:04:19 -0300] "GET /cormun/PublicTempStorage/afp_ana_maria_mussatto5272191199.pdf HTTP/1.1" 200 205445
200.112.233.47 - - [02/May/2018:10:04:21 -0300] "GET /cormun/servlet/prfichaempleado?,MD,,gxPopupLevel%3D0%3B HTTP/1.1" 200 9387
192.168.10.89 - - [02/May/2018:10:04:26 -0300] "GET /cormun/servlet/vesolicitudgral?2018,11137,,SolicitudOTAdjuntos HTTP/1.1" 200 11554
192.168.10.89 - - [02/May/2018:10:04:27 -0300] "GET /cormun/pexe_scrolldiv.js HTTP/1.1" 404 1009
192.168.10.89 - - [02/May/2018:10:04:28 -0300] "POST /cormun/servlet/acontrolpreferencessavestate?None,CDROGUETT,true HTTP/1.1" 200 35
200.112.233.47 - - [02/May/2018:10:04:29 -0300] "POST /cormun/servlet/prfichaempleado?190113e44c45ecef07dd91a38833f016,,MD,,gxPopupLevel%3D0%3B,gx-no-cache=1525266209803 HTTP/1.1" 200 6280
200.112.233.47 - - [02/May/2018:10:04:29 -0300] "GET /cormun/static/Resources/PXToolsGridNext.gif HTTP/1.1" 200 369
200.112.233.47 - - [02/May/2018:10:04:29 -0300] "GET /cormun/static/Resources/PXToolsGridLast.gif HTTP/1.1" 200 370
192.168.10.89 - - [02/May/2018:10:04:29 -0300] "GET /cormun/PublicTempStorage/afp_ana_maria_mussatto5274929116.pdf HTTP/1.1" 200 205445
186.103.159.189 - - [02/May/2018:10:04:31 -0300] "GET /cormun/servlet/trpermisosingoce? HTTP/1.1" 200 6094
192.168.10.89 - - [02/May/2018:10:04:32 -0300] "GET /cormun/servlet/vesolicitudgral?2018,11137,,SolicitudOTAdjuntos HTTP/1.1" 200 11554
192.168.10.89 - - [02/May/2018:10:04:32 -0300] "GET /cormun/pexe_scrolldiv.js HTTP/1.1" 404 1009
186.103.159.189 - - [02/May/2018:10:04:33 -0300] "GET /cormun/servlet/trpermisosingoce? HTTP/1.1" 200 6090
186.103.159.189 - - [02/May/2018:10:04:33 -0300] "GET /cormun/servlet/hlogin HTTP/1.1" 200 1738
192.168.10.89 - - [02/May/2018:10:04:34 -0300] "POST /cormun/servlet/acontrolpreferencessavestate?None,CDROGUETT,true HTTP/1.1" 200 35
192.168.10.89 - - [02/May/2018:10:04:35 -0300] "GET /cormun/PublicTempStorage/c_i__ana_maria_mussatto526103382.pdf HTTP/1.1" 200 164306
192.168.10.89 - - [02/May/2018:10:04:41 -0300] "GET /cormun/servlet/vesolicitudgral?2018,11137,,SolicitudOTAdjuntos HTTP/1.1" 200 11552
192.168.10.89 - - [02/May/2018:10:04:41 -0300] "GET /cormun/pexe_scrolldiv.js HTTP/1.1" 404 1009
186.67.164.142 - - [02/May/2018:10:04:42 -0300] "GET /cormun/servlet/solicitudot?INS,0,0, HTTP/1.1" 200 13445
186.67.164.142 - - [02/May/2018:10:04:43 -0300] "GET /cormun/servlet/solicitudot?INS,0,0, HTTP/1.1" 200 13428
192.168.10.89 - - [02/May/2018:10:04:43 -0300] "POST /cormun/servlet/acontrolpreferencessavestate?None,CDROGUETT,true HTTP/1.1" 200 35
192.168.10.89 - - [02/May/2018:10:04:44 -0300] "GET /cormun/PublicTempStorage/afp_ana_maria_mussatto5271564357.pdf HTTP/1.1" 200 205445
192.168.10.89 - - [02/May/2018:10:04:46 -0300] "GET /cormun/servlet/vesolicitudgral?2018,11137,,SolicitudOTAdjuntos HTTP/1.1" 200 11553
192.168.10.89 - - [02/May/2018:10:04:46 -0300] "GET /cormun/pexe_scrolldiv.js HTTP/1.1" 404 1009
200.112.233.47 - - [02/May/2018:10:04:47 -0300] "POST /cormun/servlet/prfichaempleado?190113e44c45ecef07dd91a38833f016,,MD,,gxPopupLevel%3D0%3B,gx-no-cache=1525266228634 HTTP/1.1" 200 3198
192.168.10.89 - - [02/May/2018:10:04:48 -0300] "POST /cormun/servlet/acontrolpreferencessavestate?None,CDROGUETT,true HTTP/1.1" 200 35
192.168.10.89 - - [02/May/2018:10:04:48 -0300] "GET /cormun/PublicTempStorage/afp_ana_maria_mussatto5274484601.pdf HTTP/1.1" 200 205445
192.168.10.89 - - [02/May/2018:10:04:51 -0300] "GET /cormun/servlet/vesolicitudgral?2018,11137,,SolicitudOTAdjuntos HTTP/1.1" 200 11553
192.168.10.89 - - [02/May/2018:10:04:51 -0300] "GET /cormun/pexe_scrolldiv.js HTTP/1.1" 404 1009
192.168.10.89 - - [02/May/2018:10:04:52 -0300] "POST /cormun/servlet/acontrolpreferencessavestate?None,CDROGUETT,true HTTP/1.1" 200 35
200.112.233.47 - - [02/May/2018:10:04:52 -0300] "POST /cormun/servlet/prfichaempleado?190113e44c45ecef07dd91a38833f016,,MD,,gxPopupLevel%3D0%3B,gx-no-cache=1525266234381 HTTP/1.1" 200 6280
186.103.159.189 - - [02/May/2018:10:05:00 -0300] "POST /cormun/servlet/hlogin?23399ea123c948fde3305cbf70a03493,gx-no-cache=1525266240812 HTTP/1.1" 200 90
186.103.159.189 - - [02/May/2018:10:05:00 -0300] "GET /cormun/servlet/hpexe_link HTTP/1.1" 200 957
186.103.159.189 - - [02/May/2018:10:05:00 -0300] "GET /cormun/servlet/trpermisosingoce HTTP/1.1" 200 7618
186.67.164.142 - - [02/May/2018:10:05:01 -0300] "POST /cormun/servlet/solicitudot?gx-no-cache=1525266243929 HTTP/1.1" 200 3383
186.103.159.189 - - [02/May/2018:10:05:01 -0300] "GET /cormun/servlet/trpermisosingoce HTTP/1.1" 200 7617
186.67.164.142 - - [02/May/2018:10:05:01 -0300] "POST /cormun/servlet/solicitudot?ffb50f45369f541e20f91a166c77e34c,INS,0,0,,gx-no-cache=1525266244126 HTTP/1.1" 200 10373
200.112.233.47 - - [02/May/2018:10:05:11 -0300] "POST /cormun/servlet/prfichaempleado?190113e44c45ecef07dd91a38833f016,,MD,,gxPopupLevel%3D0%3B,gx-no-cache=1525266252583 HTTP/1.1" 200 6280
200.112.233.47 - - [02/May/2018:10:05:26 -0300] "GET /cormun/servlet/renuncias?4eb8eee32bf946cc1a9cd1618c34454a6300e1daefdd049b5a5dd154f9adc57b0690c3f0a5d5cd6fa5179b44387fcdb6,gx-no-cache=1525266267667 HTTP/1.1" 200 73
186.103.159.189 - - [02/May/2018:10:05:37 -0300] "GET /cormun/servlet/permisosingoce?UPD,281, HTTP/1.1" 200 6841
186.103.159.189 - - [02/May/2018:10:05:39 -0300] "GET /cormun/servlet/permisosingoce?UPD,281, HTTP/1.1" 200 6842
186.103.159.189 - - [02/May/2018:10:05:40 -0300] "GET /cormun/servlet/permisosingoce?68cc3def99154606cde6a520482d878d33bd2b6d7fd614f629ee5f766be013d76bb9a70072cfd524ef0175b0b351d42b70354aa57437fc6bcc8d8997919a3e71,gx-no-cache=1525266281540 HTTP/1.1" 200 82
186.103.159.189 - - [02/May/2018:10:05:40 -0300] "GET /cormun/servlet/permisosingoce?68cc3def99154606cde6a520482d878d8343b33e24e5ae52470419d354f4ad45d252b7a78214fb585050582097a9ff0e,gx-no-cache=1525266281677 HTTP/1.1" 200 33
186.103.159.189 - - [02/May/2018:10:05:41 -0300] "GET /cormun/servlet/permisosingoce?68cc3def99154606cde6a520482d878d6fa158f7d56264e95ad3973cab4479ba945f11421a3883dc123a0a5610a133d01e28ae5c72b0be7ff5152898c2e3e24ab0891492512a79852a2ac9b2fbcfba2bf04cb189ce35f48389581a3f506ae4a68edd2ce811ceae434900ded5d163277dd9edadd8192c564bf4b9e0706bc1581b732cc762f310b97c4380d33875a4743bf07aa61c2cbcc9a6ab76e0e8a3fcc70a,gx-no-cache=1525266281710 HTTP/1.1" 200 41
186.67.172.234 - - [02/May/2018:10:05:51 -0300] "POST /cormun/servlet/trlicencias?d88bd4cb867a3b935a2816dc43bd7f2f,gx-no-cache=1525266293255 HTTP/1.1" 200 101
186.67.172.234 - - [02/May/2018:10:05:51 -0300] "GET /cormun/Licencias-9520.xls HTTP/1.1" 200 11776
191.232.33.11 - - [02/May/2018:10:05:51 -0300] "GET /cormun/Licencias-9520.xls HTTP/1.1" 200 11776
192.168.10.89 - - [02/May/2018:10:05:55 -0300] "POST /cormun/servlet/vesolicitudgral?0ffe004ee56204b11e138f7f005a54a1,2018,11137,,SolicitudOTAdjuntos,gx-no-cache=1525266171610 HTTP/1.1" 200 90
192.168.10.89 - - [02/May/2018:10:05:55 -0300] "GET /cormun/servlet/hpexe_link HTTP/1.1" 200 975
192.168.10.89 - - [02/May/2018:10:05:55 -0300] "GET /cormun/servlet/trsolicitudgral HTTP/1.1" 200 11310
186.103.159.189 - - [02/May/2018:10:06:05 -0300] "POST /cormun/servlet/permisosingoce?23399ea123c948fde3305cbf70a03493,UPD,281,,gx-no-cache=1525266305489 HTTP/1.1" 200 93
186.103.159.189 - - [02/May/2018:10:06:05 -0300] "GET /cormun/servlet/hpexe_return? HTTP/1.1" 200 1008
186.103.159.189 - - [02/May/2018:10:06:05 -0300] "GET /cormun/servlet/trpermisosingoce HTTP/1.1" 200 7632
186.103.159.189 - - [02/May/2018:10:06:06 -0300] "GET /cormun/servlet/trpermisosingoce HTTP/1.1" 200 7629
186.103.159.189 - - [02/May/2018:10:06:09 -0300] "GET /cormun/servlet/apermisosingoceprn?281,PU HTTP/1.1" 200 1660
200.112.233.47 - - [02/May/2018:10:06:47 -0300] "GET /cormun/servlet/prcontrato?17523063,,,MD,,gxPopupLevel%3D0%3B HTTP/1.1" 200 6002
200.112.233.47 - - [02/May/2018:10:06:47 -0300] "GET /cormun/static/gxcfg.js?20175251232326 HTTP/1.1" 200 953
200.112.233.47 - - [02/May/2018:10:06:47 -0300] "GET /cormun/static/prcontrato.js?20175251232552 HTTP/1.1" 200 13820
200.112.233.47 - - [02/May/2018:10:07:43 -0300] "POST /cormun/servlet/renuncias?190113e44c45ecef07dd91a38833f016,INS,0,,gx-no-cache=1525266404976 HTTP/1.1" 200 93
200.112.233.47 - - [02/May/2018:10:07:43 -0300] "GET /cormun/servlet/hpexe_return? HTTP/1.1" 200 1007
200.112.233.47 - - [02/May/2018:10:07:44 -0300] "GET /cormun/servlet/trrenuncias HTTP/1.1" 200 7825
200.112.233.47 - - [02/May/2018:10:07:44 -0300] "GET /cormun/servlet/trrenuncias HTTP/1.1" 200 7821
200.112.233.47 - - [02/May/2018:10:07:49 -0300] "GET /cormun/servlet/trrenunciasadjuntos?149,17523063, HTTP/1.1" 200 6226
200.112.233.47 - - [02/May/2018:10:07:49 -0300] "GET /cormun/static/gxcfg.js?20177612185036 HTTP/1.1" 200 953
200.112.233.47 - - [02/May/2018:10:07:49 -0300] "GET /cormun/static/trrenunciasadjuntos.js?20177612185280 HTTP/1.1" 200 15250
200.112.233.47 - - [02/May/2018:10:07:49 -0300] "GET /cormun/servlet/trrenunciasadjuntos?149,17523063, HTTP/1.1" 200 6226
200.112.233.47 - - [02/May/2018:10:07:52 -0300] "GET /cormun/servlet/renunciasadjuntos?INS,149,, HTTP/1.1" 200 5571
200.112.233.47 - - [02/May/2018:10:07:52 -0300] "GET /cormun/static/gxcfg.js?2017761273622 HTTP/1.1" 200 953
200.112.233.47 - - [02/May/2018:10:07:52 -0300] "GET /cormun/static/renunciasadjuntos.js?2017761273629 HTTP/1.1" 200 5937
200.112.233.47 - - [02/May/2018:10:07:52 -0300] "GET /cormun/static/about:blank HTTP/1.1" 404 1011
200.112.233.47 - - [02/May/2018:10:07:52 -0300] "GET /cormun/servlet/renunciasadjuntos?INS,149,, HTTP/1.1" 200 5557
200.112.233.47 - - [02/May/2018:10:08:07 -0300] "POST /cormun/servlet/renunciasadjuntos?190113e44c45ecef07dd91a38833f016,INS,149,, HTTP/1.1" 200 116
200.112.233.47 - - [02/May/2018:10:08:07 -0300] "GET /cormun/servlet/hpexe_return? HTTP/1.1" 200 1025
200.112.233.47 - - [02/May/2018:10:08:07 -0300] "GET /cormun/servlet/trrenunciasadjuntos?149,17523063, HTTP/1.1" 200 6672
200.112.233.47 - - [02/May/2018:10:08:08 -0300] "GET /cormun/servlet/trrenunciasadjuntos?149,17523063, HTTP/1.1" 200 6670
200.112.233.47 - - [02/May/2018:10:08:14 -0300] "POST /cormun/servlet/trrenunciasadjuntos?190113e44c45ecef07dd91a38833f016,149,17523063,,gx-no-cache=1525266435838 HTTP/1.1" 200 90
200.112.233.47 - - [02/May/2018:10:08:14 -0300] "GET /cormun/servlet/hpexe_link HTTP/1.1" 200 974
200.112.233.47 - - [02/May/2018:10:08:14 -0300] "GET /cormun/servlet/trrenuncias HTTP/1.1" 200 7823
200.112.233.47 - - [02/May/2018:10:08:14 -0300] "GET /cormun/servlet/trrenuncias HTTP/1.1" 200 7821
200.112.233.47 - - [02/May/2018:10:08:20 -0300] "POST /cormun/servlet/trrenuncias?190113e44c45ecef07dd91a38833f016,gx-no-cache=1525266441949 HTTP/1.1" 200 4964
200.112.233.47 - - [02/May/2018:10:08:20 -0300] "GET /cormun/static/Shared/jqueryui/images/ui-bg_highlight-soft_100_c6c2c8_1x100.png HTTP/1.1" 404 1117
200.112.233.47 - - [02/May/2018:10:08:20 -0300] "GET /cormun/static/Shared/jqueryui/images/ui-icons_82798d_256x240.png HTTP/1.1" 404 1089
200.112.233.47 - - [02/May/2018:10:08:20 -0300] "GET /cormun/static/Shared/jqueryui/images/ui-bg_flat_55_fafafa_40x100.png HTTP/1.1" 404 1097
200.112.233.47 - - [02/May/2018:10:08:20 -0300] "GET /cormun/static/Shared/jqueryui/images/ui-icons_8d78a5_256x240.png HTTP/1.1" 404 1089
200.112.233.47 - - [02/May/2018:10:08:38 -0300] "GET /cormun/servlet/trautorizarenuncias? HTTP/1.1" 200 7563
200.112.233.47 - - [02/May/2018:10:08:38 -0300] "GET /cormun/static/gxcfg.js?2017761218543 HTTP/1.1" 200 953
200.112.233.47 - - [02/May/2018:10:08:38 -0300] "GET /cormun/static/trautorizarenuncias.js?20177612185765 HTTP/1.1" 200 29147
200.112.233.47 - - [02/May/2018:10:08:39 -0300] "GET /cormun/servlet/trautorizarenuncias? HTTP/1.1" 200 7563
186.67.164.142 - - [02/May/2018:10:08:39 -0300] "GET /cormun/servlet/solicitudot?920e725f129f40dfd979df44fdf8de94d0be4a2a9dc5197be7efaef4305821580d6921a79e8d52f6742fa3d15ee17d4e,gx-no-cache=1525266461523 HTTP/1.1" 200 30
186.67.164.142 - - [02/May/2018:10:08:39 -0300] "GET /cormun/servlet/solicitudot?920e725f129f40dfd979df44fdf8de94f483bae0ae1ef150b5ca516c5ef8cad25004d5ce4477eadfdf28983a426623a79a74c6f0cada1998a8ff190f1355bd1a,gx-no-cache=1525266461730 HTTP/1.1" 200 30
186.67.164.142 - - [02/May/2018:10:08:39 -0300] "GET /cormun/servlet/solicitudot?920e725f129f40dfd979df44fdf8de94044cc911c3b0703ede08da8e05995c89,gx-no-cache=1525266461808 HTTP/1.1" 200 51
186.67.164.142 - - [02/May/2018:10:08:39 -0300] "POST /cormun/servlet/solicitudot?gx-no-cache=1525266461846 HTTP/1.1" 200 255
186.67.164.142 - - [02/May/2018:10:08:39 -0300] "GET /cormun/servlet/solicitudot?920e725f129f40dfd979df44fdf8de945cb649be97cb5d9f988bb4ad5cd27d56a43dd026a08fc1f3188399ebdc7981f89734cf16d2febcb48970705e8c6891353158ce7556572e5a5d6a8fca0497f7bd042d503e31db2b1ada87c1d1ba6ee1a29a92329a1594267c34d8766aa51499a6c3ee3148b9533b241984a7879dfc1ae26bbdc826a76b11cbdc7ba8e5788832398e9a87e4b535cd88e99a63393a874ed64d2076a7c4a9451fdfcc4299d910b550f89b56dcba46cc2891c0e2a357d87ebcf0b4ca215ee29d453b714a6379a424615ed1bf222ab82c0effb307bbd73749057f3d5a27206cf7d9bd71eb4f2b7219d3b20fb263b4c7a3b82feef8599fb39e3f76d6aef495cef5d80ce0b10d39d5e7303883f292d8c703d0e7e96d5e0bfc0d02765cbe5cda3555facbdee5ef17a5cd7c6593c2d3c8dd8361e8f800ccde3e72adc23a2460104e9cbfda6a1b95db9444fa352dd80f4e98b8b6b77d7661e1452dc56c84da655a02e8bc06bb5f1345e5f55dbc1cbd93257694141a3b7c7e72e19bb6,gx-no-cache=1525266461898 HTTP/1.1" 200 30
200.112.233.47 - - [02/May/2018:10:08:40 -0300] "POST /cormun/servlet/acontrolpreferencessavestate?None,JPARRAGUEZ,true HTTP/1.1" 200 35
186.67.164.142 - - [02/May/2018:10:08:41 -0300] "POST /cormun/servlet/solicitudot?gx-no-cache=1525266464293 HTTP/1.1" 200 30
186.67.164.142 - - [02/May/2018:10:08:44 -0300] "GET /cormun/servlet/prcontratosol?17522426,,,,,MD,,gxPopupLevel%3D0%3B HTTP/1.1" 200 7442
186.67.164.142 - - [02/May/2018:10:08:44 -0300] "GET /cormun/static/gxcfg.js?201761413223964 HTTP/1.1" 304 -
200.112.233.47 - - [02/May/2018:10:08:48 -0300] "POST /cormun/servlet/trautorizarenuncias?190113e44c45ecef07dd91a38833f016,,gx-no-cache=1525266469120 HTTP/1.1" 200 4253
200.112.233.47 - - [02/May/2018:10:08:48 -0300] "GET /cormun/static/Shared/jqueryui/images/ui-bg_highlight-soft_100_c6c2c8_1x100.png HTTP/1.1" 404 1117
200.112.233.47 - - [02/May/2018:10:08:48 -0300] "GET /cormun/static/Shared/jqueryui/images/ui-icons_82798d_256x240.png HTTP/1.1" 404 1089
200.112.233.47 - - [02/May/2018:10:08:48 -0300] "GET /cormun/static/Shared/jqueryui/images/ui-bg_flat_55_fafafa_40x100.png HTTP/1.1" 404 1097
200.112.233.47 - - [02/May/2018:10:08:48 -0300] "GET /cormun/static/Shared/jqueryui/images/ui-icons_8d78a5_256x240.png HTTP/1.1" 404 1089
186.67.164.142 - - [02/May/2018:10:08:48 -0300] "POST /cormun/servlet/solicitudot?gx-no-cache=1525266471116 HTTP/1.1" 200 1369
186.67.164.142 - - [02/May/2018:10:08:48 -0300] "POST /cormun/servlet/solicitudot?gx-no-cache=1525266471181 HTTP/1.1" 200 38
186.67.164.142 - - [02/May/2018:10:08:48 -0300] "GET /cormun/servlet/solicitudot?920e725f129f40dfd979df44fdf8de94959252a2fad5a73accd386023078ac84827595b9584d5e8387c3854bc9b09044cd70f712faf48b29d0bbb500af8c8573a6c4d267520ef46903c18723f938871f475f4317e72a37ea0de88925a0ba5994a8c7129f35b070dec31a90638b132e2f31eccb5f06b6d37829b62174c09500666a406f0376a1b5ab87780c9287ffc9d3efb23abb6a18ed30b2cea01be70a5658b4837e9ce09d2cce241005d2952dcda04b0c90d2e543080e952feef10301a82170697f4ba2e21598b65b0d98f2e9c31b,gx-no-cache=1525266471213 HTTP/1.1" 200 29
186.67.164.142 - - [02/May/2018:10:08:48 -0300] "POST /cormun/servlet/solicitudot?gx-no-cache=1525266471300 HTTP/1.1" 200 1350
186.67.164.142 - - [02/May/2018:10:08:49 -0300] "POST /cormun/servlet/solicitudot?gx-no-cache=1525266471369 HTTP/1.1" 200 1249
186.67.164.142 - - [02/May/2018:10:08:49 -0300] "GET /cormun/servlet/solicitudot?920e725f129f40dfd979df44fdf8de94e4aa4a10e94d83e20de98bf88c68055b,gx-no-cache=1525266471426 HTTP/1.1" 200 30
186.67.164.142 - - [02/May/2018:10:08:50 -0300] "GET /cormun/servlet/prsolicitudot?17522426,,,,,MD,,gxPopupLevel%3D0%3B HTTP/1.1" 200 6076
186.67.164.142 - - [02/May/2018:10:08:56 -0300] "POST /cormun/servlet/solicitudot?gx-no-cache=1525266479007 HTTP/1.1" 200 1369
186.103.159.187 - - [02/May/2018:10:08:56 -0300] "GET /cormun/servlet/hhome HTTP/1.1" 200 3398
186.67.164.142 - - [02/May/2018:10:08:56 -0300] "POST /cormun/servlet/solicitudot?gx-no-cache=1525266479078 HTTP/1.1" 200 38
186.67.164.142 - - [02/May/2018:10:08:56 -0300] "POST /cormun/servlet/solicitudot?gx-no-cache=1525266479113 HTTP/1.1" 200 1350
186.67.164.142 - - [02/May/2018:10:08:56 -0300] "POST /cormun/servlet/solicitudot?gx-no-cache=1525266479175 HTTP/1.1" 200 1249
186.67.164.142 - - [02/May/2018:10:08:56 -0300] "GET /cormun/servlet/solicitudot?920e725f129f40dfd979df44fdf8de946f2f3457239055c1940345a7df3ed9f0f00ccc9e5e3c53fc75a763bcb0e77be8,gx-no-cache=1525266479254 HTTP/1.1" 200 30
186.103.159.187 - - [02/May/2018:10:08:56 -0300] "GET /cormun/static/gxtimezone.js?85251 HTTP/1.1" 304 -
186.103.159.187 - - [02/May/2018:10:08:58 -0300] "GET /cormun/servlet/hhome HTTP/1.1" 200 3398
186.103.159.187 - - [02/May/2018:10:08:59 -0300] "GET /cormun/static/gxtimezone.js?85251 HTTP/1.1" 200 5781
186.103.159.187 - - [02/May/2018:10:08:59 -0300] "GET /cormun/static/gxcfg.js?20175251212442 HTTP/1.1" 304 -
186.103.159.187 - - [02/May/2018:10:08:59 -0300] "GET /cormun/static/messages.spa.js?85251 HTTP/1.1" 304 -
186.103.159.187 - - [02/May/2018:10:09:00 -0300] "GET /cormun/servlet/hhome HTTP/1.1" 200 3408
186.103.159.187 - - [02/May/2018:10:09:00 -0300] "GET /cormun/servlet/hlogin HTTP/1.1" 200 1730
186.103.159.187 - - [02/May/2018:10:09:00 -0300] "GET /cormun/static/gxcfg.js?20175251213516 HTTP/1.1" 304 -
186.67.164.142 - - [02/May/2018:10:09:04 -0300] "GET /cormun/servlet/solicitudot?920e725f129f40dfd979df44fdf8de94959252a2fad5a73accd386023078ac84827595b9584d5e8387c3854bc9b090445b9f2d6761d103f09dc1a147553e8324a6c4d267520ef46903c18723f938871f475f4317e72a37ea0de88925a0ba5994a8c7129f35b070dec31a90638b132e2f31eccb5f06b6d37829b62174c09500666a406f0376a1b5ab87780c9287ffc9d3efb23abb6a18ed30b2cea01be70a5658b4837e9ce09d2cce241005d2952dcda04b0c90d2e543080e952feef10301a82170697f4ba2e21598b65b0d98f2e9c31b,gx-no-cache=1525266486704 HTTP/1.1" 200 29
186.67.164.142 - - [02/May/2018:10:09:07 -0300] "POST /cormun/servlet/solicitudot?gx-no-cache=1525266489467 HTTP/1.1" 200 1351
186.67.164.142 - - [02/May/2018:10:09:07 -0300] "POST /cormun/servlet/solicitudot?gx-no-cache=1525266489541 HTTP/1.1" 200 1249
186.67.164.142 - - [02/May/2018:10:09:07 -0300] "POST /cormun/servlet/solicitudot?gx-no-cache=1525266489640 HTTP/1.1" 200 33
200.112.233.47 - - [02/May/2018:10:09:07 -0300] "GET /cormun/servlet/trautorizarenuncias? HTTP/1.1" 200 6948
200.112.233.47 - - [02/May/2018:10:09:08 -0300] "GET /cormun/servlet/trautorizarenuncias? HTTP/1.1" 200 6948
186.103.159.187 - - [02/May/2018:10:09:11 -0300] "POST /cormun/servlet/hlogin?76275a9390a27d22d92995fbe9c613fa,gx-no-cache=1525270169491 HTTP/1.1" 200 441
186.103.159.187 - - [02/May/2018:10:09:17 -0300] "POST /cormun/servlet/hlogin?76275a9390a27d22d92995fbe9c613fa,gx-no-cache=1525270174809 HTTP/1.1" 200 441
186.67.164.142 - - [02/May/2018:10:09:20 -0300] "POST /cormun/servlet/solicitudot?ffb50f45369f541e20f91a166c77e34c,INS,0,0,,gx-no-cache=1525266502947 HTTP/1.1" 200 93
186.67.164.142 - - [02/May/2018:10:09:20 -0300] "GET /cormun/servlet/hpexe_return? HTTP/1.1" 200 1024
186.67.164.142 - - [02/May/2018:10:09:21 -0300] "GET /cormun/servlet/trsolicitudot?gx-no-cache=1525264771967 HTTP/1.1" 200 9046
186.67.164.142 - - [02/May/2018:10:09:21 -0300] "GET /cormun/servlet/trsolicitudot?gx-no-cache=1525264771967 HTTP/1.1" 200 9059
186.103.159.187 - - [02/May/2018:10:09:25 -0300] "POST /cormun/servlet/hlogin?76275a9390a27d22d92995fbe9c613fa,gx-no-cache=1525270183625 HTTP/1.1" 200 90
186.103.159.187 - - [02/May/2018:10:09:26 -0300] "GET /cormun/servlet/hpexe_link HTTP/1.1" 200 949
186.103.159.187 - - [02/May/2018:10:09:26 -0300] "GET /cormun/static/gxcfg.js?20177612121792 HTTP/1.1" 304 -
186.103.159.187 - - [02/May/2018:10:09:26 -0300] "GET /cormun/servlet/hhome HTTP/1.1" 200 4146
186.103.159.187 - - [02/May/2018:10:09:27 -0300] "GET /cormun/servlet/hhome HTTP/1.1" 200 4143
186.67.164.142 - - [02/May/2018:10:09:28 -0300] "POST /cormun/servlet/trsolicitudot?ffb50f45369f541e20f91a166c77e34c,gx-no-cache=1525264771967,gx-no-cache=1525266510717 HTTP/1.1" 200 5722
186.67.164.142 - - [02/May/2018:10:09:28 -0300] "GET /cormun/static/Shared/jqueryui/images/ui-bg_highlight-soft_100_c6c2c8_1x100.png HTTP/1.1" 404 1117
186.67.164.142 - - [02/May/2018:10:09:28 -0300] "GET /cormun/static/Shared/jqueryui/images/ui-icons_82798d_256x240.png HTTP/1.1" 404 1089
186.67.164.142 - - [02/May/2018:10:09:28 -0300] "GET /cormun/static/Shared/jqueryui/images/ui-bg_flat_55_fafafa_40x100.png HTTP/1.1" 404 1097
186.67.164.142 - - [02/May/2018:10:09:28 -0300] "GET /cormun/static/Shared/jqueryui/images/ui-icons_8d78a5_256x240.png HTTP/1.1" 404 1089
186.67.164.142 - - [02/May/2018:10:09:28 -0300] "POST /cormun/servlet/trsolicitudot?ffb50f45369f541e20f91a166c77e34c,gx-no-cache=1525264771967,gx-no-cache=1525266510961 HTTP/1.1" 200 5665
186.103.159.187 - - [02/May/2018:10:09:33 -0300] "GET /cormun/servlet/trcontratounov2? HTTP/1.1" 200 17625
186.103.159.187 - - [02/May/2018:10:09:33 -0300] "GET /cormun/static/gxcfg.js?201752512124396 HTTP/1.1" 200 953
186.103.159.187 - - [02/May/2018:10:09:33 -0300] "GET /cormun/static/calendar.js?85251 HTTP/1.1" 304 -
186.103.159.187 - - [02/May/2018:10:09:33 -0300] "GET /cormun/static/calendar-setup.js?85251 HTTP/1.1" 304 -
186.103.159.187 - - [02/May/2018:10:09:33 -0300] "GET /cormun/static/calendar-es.js?85251 HTTP/1.1" 304 -
186.103.159.187 - - [02/May/2018:10:09:33 -0300] "GET /cormun/static/gxdec.js?85251 HTTP/1.1" 304 -
186.103.159.187 - - [02/May/2018:10:09:33 -0300] "GET /cormun/static/trcontratounov2.js?201752512125146 HTTP/1.1" 200 38486
186.103.159.187 - - [02/May/2018:10:09:33 -0300] "GET /cormun/static/Resources/PXToolsAddSelectedAction.png HTTP/1.1" 200 3660
186.103.159.187 - - [02/May/2018:10:09:34 -0300] "GET /cormun/servlet/trcontratounov2? HTTP/1.1" 200 17597
200.112.233.47 - - [02/May/2018:10:09:45 -0300] "GET /cormun/servlet/trsolicitudot? HTTP/1.1" 200 7444
200.112.233.47 - - [02/May/2018:10:09:47 -0300] "GET /cormun/servlet/trsolicitudot? HTTP/1.1" 200 7444
200.112.233.47 - - [02/May/2018:10:09:53 -0300] "GET /cormun/servlet/solicitudot?INS,0,0, HTTP/1.1" 200 13685
200.112.233.47 - - [02/May/2018:10:09:54 -0300] "GET /cormun/servlet/solicitudot?INS,0,0, HTTP/1.1" 200 13690
186.67.164.142 - - [02/May/2018:10:10:01 -0300] "GET /cormun/servlet/trautorizarsolicitud? HTTP/1.1" 200 8638
186.67.164.142 - - [02/May/2018:10:10:02 -0300] "GET /cormun/servlet/trautorizarsolicitud? HTTP/1.1" 200 8638
186.79.180.63 - - [02/May/2018:10:10:07 -0300] "GET /cormun/servlet/hlogin HTTP/1.1" 200 1723
200.112.233.47 - - [02/May/2018:10:10:08 -0300] "POST /cormun/servlet/solicitudot?gx-no-cache=1525266549806 HTTP/1.1" 200 3358
200.112.233.47 - - [02/May/2018:10:10:08 -0300] "GET /cormun/static/Shared/jqueryui/images/ui-bg_highlight-soft_100_c6c2c8_1x100.png HTTP/1.1" 404 1117
200.112.233.47 - - [02/May/2018:10:10:08 -0300] "GET /cormun/static/Shared/jqueryui/images/ui-icons_82798d_256x240.png HTTP/1.1" 404 1089
200.112.233.47 - - [02/May/2018:10:10:08 -0300] "GET /cormun/static/Shared/jqueryui/images/ui-bg_flat_55_994d53_40x100.png HTTP/1.1" 404 1097
200.112.233.47 - - [02/May/2018:10:10:08 -0300] "GET /cormun/static/Shared/jqueryui/images/ui-icons_ebccce_256x240.png HTTP/1.1" 404 1089
200.112.233.47 - - [02/May/2018:10:10:13 -0300] "POST /cormun/servlet/solicitudot?gx-no-cache=1525266555113 HTTP/1.1" 200 3358
200.112.233.47 - - [02/May/2018:10:10:14 -0300] "GET /cormun/servlet/solicitudot?cd180ae66950c608117fec85b0c1b23ce1b1de506718090081c328229d3cfe20c07e573681aaf167c42ea8500126f0fc,gx-no-cache=1525266555697 HTTP/1.1" 200 111
186.67.164.142 - - [02/May/2018:10:10:17 -0300] "POST /cormun/servlet/trautorizarsolicitud?73e100c8d0098a87746743c3b2e67ae1,,gx-no-cache=1525266559431 HTTP/1.1" 200 4604
186.67.164.142 - - [02/May/2018:10:10:17 -0300] "GET /cormun/static/Shared/jqueryui/images/ui-bg_highlight-soft_100_c6c2c8_1x100.png HTTP/1.1" 404 1117
186.67.164.142 - - [02/May/2018:10:10:17 -0300] "GET /cormun/static/Shared/jqueryui/images/ui-icons_82798d_256x240.png HTTP/1.1" 404 1089
186.67.164.142 - - [02/May/2018:10:10:17 -0300] "GET /cormun/static/Shared/jqueryui/images/ui-bg_flat_55_fafafa_40x100.png HTTP/1.1" 404 1097
186.67.164.142 - - [02/May/2018:10:10:17 -0300] "GET /cormun/static/Shared/jqueryui/images/ui-icons_8d78a5_256x240.png HTTP/1.1" 404 1089
186.67.164.142 - - [02/May/2018:10:10:17 -0300] "POST /cormun/servlet/trautorizarsolicitud?73e100c8d0098a87746743c3b2e67ae1,,gx-no-cache=1525266559638 HTTP/1.1" 200 4386
200.112.233.47 - - [02/May/2018:10:10:19 -0300] "POST /cormun/servlet/solicitudot?gx-no-cache=1525266560900 HTTP/1.1" 200 3358
200.112.233.47 - - [02/May/2018:10:10:21 -0300] "GET /cormun/servlet/prfichaempleado?,MD,,gxPopupLevel%3D0%3B HTTP/1.1" 200 9395
186.79.180.63 - - [02/May/2018:10:10:25 -0300] "POST /cormun/servlet/hlogin?8591cf064d68f749d2845c0f4808d6d5,gx-no-cache=1525266567725 HTTP/1.1" 200 90
186.79.180.63 - - [02/May/2018:10:10:25 -0300] "GET /cormun/servlet/hpexe_link HTTP/1.1" 200 950
186.79.180.63 - - [02/May/2018:10:10:25 -0300] "GET /cormun/servlet/hhome HTTP/1.1" 200 4002
200.112.233.47 - - [02/May/2018:10:10:25 -0300] "POST /cormun/servlet/solicitudot?gx-no-cache=1525266567475 HTTP/1.1" 200 3358
200.112.233.47 - - [02/May/2018:10:10:25 -0300] "GET /cormun/servlet/solicitudot?cd180ae66950c608117fec85b0c1b23ce1b1de506718090081c328229d3cfe20c07e573681aaf167c42ea8500126f0fc,gx-no-cache=1525266567580 HTTP/1.1" 200 111
186.79.180.63 - - [02/May/2018:10:10:25 -0300] "GET /cormun/servlet/hhome HTTP/1.1" 200 3999
200.112.233.47 - - [02/May/2018:10:10:28 -0300] "POST /cormun/servlet/solicitudot?190113e44c45ecef07dd91a38833f016,INS,0,0,,gx-no-cache=1525266569971 HTTP/1.1" 200 93
200.112.233.47 - - [02/May/2018:10:10:28 -0300] "GET /cormun/servlet/hpexe_return? HTTP/1.1" 200 1009
200.112.233.47 - - [02/May/2018:10:10:28 -0300] "GET /cormun/servlet/trsolicitudot HTTP/1.1" 200 7448
200.112.233.47 - - [02/May/2018:10:10:29 -0300] "GET /cormun/servlet/trsolicitudot HTTP/1.1" 200 7444
186.79.180.63 - - [02/May/2018:10:10:29 -0300] "GET /cormun/servlet/trpermisosgoce? HTTP/1.1" 200 11571
186.79.180.63 - - [02/May/2018:10:10:30 -0300] "GET /cormun/servlet/trpermisosgoce? HTTP/1.1" 200 11556
200.112.233.47 - - [02/May/2018:10:10:31 -0300] "GET /cormun/servlet/trsolicitudot? HTTP/1.1" 200 7444
200.112.233.47 - - [02/May/2018:10:10:32 -0300] "GET /cormun/servlet/trsolicitudot? HTTP/1.1" 200 7444
186.79.180.63 - - [02/May/2018:10:10:32 -0300] "GET /cormun/servlet/permisogoce?INS,0,,, HTTP/1.1" 200 6833
186.79.180.63 - - [02/May/2018:10:10:33 -0300] "GET /cormun/servlet/permisogoce?INS,0,,, HTTP/1.1" 200 6833
186.79.180.63 - - [02/May/2018:10:10:35 -0300] "GET /cormun/servlet/prfichaempleado?,MD,,gxPopupLevel%3D0%3B HTTP/1.1" 200 9356
186.79.180.63 - - [02/May/2018:10:10:53 -0300] "POST /cormun/servlet/prfichaempleado?8591cf064d68f749d2845c0f4808d6d5,,MD,,gxPopupLevel%3D0%3B,gx-no-cache=1525266595225 HTTP/1.1" 200 3429
192.168.10.96 - - [02/May/2018:10:10:58 -0300] "GET /cormun/servlet/trsolicitudgral? HTTP/1.1" 200 28735
192.168.10.96 - - [02/May/2018:10:10:59 -0300] "GET /cormun/servlet/trsolicitudgral? HTTP/1.1" 200 28735
200.112.233.47 - - [02/May/2018:10:11:05 -0300] "GET /cormun/servlet/solicitudot?INS,0,0, HTTP/1.1" 200 13684
200.112.233.47 - - [02/May/2018:10:11:06 -0300] "GET /cormun/servlet/solicitudot?INS,0,0, HTTP/1.1" 200 13689
192.168.10.96 - - [02/May/2018:10:11:07 -0300] "POST /cormun/servlet/trsolicitudgral?67a783603d7bdc06cdbd2f649a9fa72e,,gx-no-cache=1525266483995 HTTP/1.1" 200 7280
186.79.180.63 - - [02/May/2018:10:11:11 -0300] "GET /cormun/servlet/permisogoce?39db598aa80b2e6674ba57c1c8a88279f52d9ef8d36181caab8fe25afa360c9bd3c3d4fc6245c07d08d7a47e84a9651032bdb9b72d32c322c636a9fa9c06424b,gx-no-cache=1525266614024 HTTP/1.1" 200 80
186.79.180.63 - - [02/May/2018:10:11:12 -0300] "GET /cormun/static/menuarrow.gif HTTP/1.1" 404 1015
192.168.10.96 - - [02/May/2018:10:11:14 -0300] "POST /cormun/servlet/trsolicitudgral?67a783603d7bdc06cdbd2f649a9fa72e,,gx-no-cache=1525266490324 HTTP/1.1" 200 5926
192.168.10.96 - - [02/May/2018:10:11:14 -0300] "POST /cormun/servlet/trsolicitudgral?67a783603d7bdc06cdbd2f649a9fa72e,,gx-no-cache=1525266491147 HTTP/1.1" 200 5926
200.112.233.47 - - [02/May/2018:10:11:15 -0300] "POST /cormun/servlet/solicitudot?gx-no-cache=1525266616751 HTTP/1.1" 200 3358
200.112.233.47 - - [02/May/2018:10:11:15 -0300] "GET /cormun/static/Shared/jqueryui/images/ui-bg_highlight-soft_100_c6c2c8_1x100.png HTTP/1.1" 404 1117
200.112.233.47 - - [02/May/2018:10:11:15 -0300] "GET /cormun/static/Shared/jqueryui/images/ui-icons_82798d_256x240.png HTTP/1.1" 404 1089
200.112.233.47 - - [02/May/2018:10:11:15 -0300] "GET /cormun/static/Shared/jqueryui/images/ui-icons_ebccce_256x240.png HTTP/1.1" 404 1089
200.112.233.47 - - [02/May/2018:10:11:15 -0300] "GET /cormun/static/Shared/jqueryui/images/ui-bg_flat_55_994d53_40x100.png HTTP/1.1" 404 1097
192.168.10.96 - - [02/May/2018:10:11:18 -0300] "POST /cormun/servlet/trsolicitudgral?67a783603d7bdc06cdbd2f649a9fa72e,,gx-no-cache=1525266494572 HTTP/1.1" 200 5924
200.112.233.47 - - [02/May/2018:10:11:19 -0300] "GET /cormun/servlet/solicitudot?cd180ae66950c608117fec85b0c1b23c2c9e406d942e2e5cd3e5d104a5ce735553e0a163d7a0eef75fbf5945f48ebcb9,gx-no-cache=1525266620793 HTTP/1.1" 200 30
192.168.10.96 - - [02/May/2018:10:11:24 -0300] "POST /cormun/servlet/trsolicitudgral?67a783603d7bdc06cdbd2f649a9fa72e,,gx-no-cache=1525266500563 HTTP/1.1" 200 7279
186.79.180.63 - - [02/May/2018:10:11:24 -0300] "GET /cormun/servlet/permisogoce?39db598aa80b2e6674ba57c1c8a88279e47c5413c107feee5390cc7a64cd0334af98be6246eb15e9625c53da50d672944895f4163f3275f857a46626f6f532a8,gx-no-cache=1525266626775 HTTP/1.1" 200 47
192.168.10.96 - - [02/May/2018:10:11:27 -0300] "POST /cormun/servlet/trsolicitudgral?67a783603d7bdc06cdbd2f649a9fa72e,,gx-no-cache=1525266503003 HTTP/1.1" 200 26057
186.79.180.63 - - [02/May/2018:10:11:36 -0300] "POST /cormun/servlet/permisogoce?8591cf064d68f749d2845c0f4808d6d5,INS,0,,,,gx-no-cache=1525266638785 HTTP/1.1" 200 93
186.79.180.63 - - [02/May/2018:10:11:36 -0300] "GET /cormun/servlet/hpexe_return? HTTP/1.1" 200 1010
186.79.180.63 - - [02/May/2018:10:11:37 -0300] "GET /cormun/servlet/trpermisosgoce HTTP/1.1" 200 11832
186.79.180.63 - - [02/May/2018:10:11:37 -0300] "GET /cormun/servlet/trpermisosgoce HTTP/1.1" 200 11827
186.79.180.63 - - [02/May/2018:10:11:40 -0300] "GET /cormun/servlet/permisogoce?INS,0,,, HTTP/1.1" 200 6834
186.79.180.63 - - [02/May/2018:10:11:40 -0300] "GET /cormun/servlet/permisogoce?INS,0,,, HTTP/1.1" 200 6834
186.79.180.63 - - [02/May/2018:10:11:48 -0300] "GET /cormun/servlet/trpermisosgoce? HTTP/1.1" 200 11848
186.79.180.63 - - [02/May/2018:10:11:49 -0300] "GET /cormun/servlet/trpermisosgoce? HTTP/1.1" 200 11830
186.79.180.63 - - [02/May/2018:10:11:53 -0300] "GET /cormun/servlet/apermisogoceprn?18015607,P,20180502100729,PU HTTP/1.1" 200 1651
186.67.172.234 - - [02/May/2018:10:13:59 -0300] "GET /cormun/servlet/trlicencias HTTP/1.1" 200 14263
186.67.172.234 - - [02/May/2018:10:14:00 -0300] "GET /cormun/servlet/trlicencias HTTP/1.1" 200 14261
186.103.157.98 - - [02/May/2018:10:14:08 -0300] "GET /cormun/servlet/hlogin HTTP/1.1" 200 1725
186.103.157.98 - - [02/May/2018:10:14:08 -0300] "GET /cormun/static/gxcfg.js?20175251213516 HTTP/1.1" 200 953
186.103.157.98 - - [02/May/2018:10:14:08 -0300] "GET /cormun/static/Resources/PXToolsLoginBottom.png HTTP/1.1" 200 1389
186.103.157.98 - - [02/May/2018:10:14:08 -0300] "GET /cormun/static/Resources/PXToolsButtonLeft21.png HTTP/1.1" 200 1287
186.103.157.98 - - [02/May/2018:10:14:08 -0300] "GET /cormun/static/Resources/PXToolsLoginBackground.png HTTP/1.1" 200 1164
186.103.157.98 - - [02/May/2018:10:14:08 -0300] "GET /cormun/static/Resources/PXToolsButtonRight21.png HTTP/1.1" 200 1283
186.103.157.98 - - [02/May/2018:10:14:08 -0300] "GET /cormun/static/Resources/PXToolsButtonBackground2.png HTTP/1.1" 200 1181
186.103.157.98 - - [02/May/2018:10:14:08 -0300] "GET /cormun/static/Resources/ComunLogin.png HTTP/1.1" 200 17326
186.103.157.98 - - [02/May/2018:10:14:08 -0300] "GET /cormun/static/Resources/PXToolsLoginTop.png HTTP/1.1" 200 1337
186.103.157.98 - - [02/May/2018:10:14:08 -0300] "GET /cormun/static/Resources/indicator.gif HTTP/1.1" 200 1553
186.103.157.98 - - [02/May/2018:10:14:08 -0300] "GET /cormun/servlet/hlogin HTTP/1.1" 200 1729
186.103.157.98 - - [02/May/2018:10:14:08 -0300] "GET /cormun/static/Resources/PXToolsButtonBackground2.png HTTP/1.1" 200 1181
186.103.157.98 - - [02/May/2018:10:14:17 -0300] "POST /cormun/servlet/hlogin?ac86c075a567c35ee57e7f795b9abb8b,gx-no-cache=1525266809641 HTTP/1.1" 200 90
186.103.157.98 - - [02/May/2018:10:14:17 -0300] "GET /cormun/servlet/hpexe_link HTTP/1.1" 200 952
186.103.157.98 - - [02/May/2018:10:14:17 -0300] "GET /cormun/static/gxcfg.js?20177612121792 HTTP/1.1" 200 953
186.103.157.98 - - [02/May/2018:10:14:17 -0300] "GET /cormun/static/hpexe_link.js?20177612121795 HTTP/1.1" 200 625
186.103.157.98 - - [02/May/2018:10:14:18 -0300] "GET /cormun/static/Resources/Spanish/PXTools.css?1155365 HTTP/1.1" 200 89042
186.103.157.98 - - [02/May/2018:10:14:18 -0300] "GET /cormun/servlet/hhome HTTP/1.1" 200 4251
186.103.157.98 - - [02/May/2018:10:14:18 -0300] "GET /cormun/static/gxcfg.js?20175251212442 HTTP/1.1" 200 953
186.103.157.98 - - [02/May/2018:10:14:18 -0300] "GET /cormun/static/PXToolsJavascripts/pexe_menudivfix.js HTTP/1.1" 200 333
186.103.157.98 - - [02/May/2018:10:14:18 -0300] "GET /cormun/static/PXToolsJavascripts/pexe_oav.js HTTP/1.1" 200 645
186.103.157.98 - - [02/May/2018:10:14:18 -0300] "GET /cormun/static/PXToolsJavascripts/pexe_cookies.js HTTP/1.1" 200 792
186.103.157.98 - - [02/May/2018:10:14:18 -0300] "GET /cormun/static/PXToolsJavascripts/pexe_oavdivfix.js HTTP/1.1" 200 639
186.103.157.98 - - [02/May/2018:10:14:18 -0300] "GET /cormun/static/PXToolsJavascripts/pexe_picture.js HTTP/1.1" 200 689
186.103.157.98 - - [02/May/2018:10:14:18 -0300] "GET /cormun/static/PXToolsJavascripts/pexe_tabdivfix.js HTTP/1.1" 200 876
186.103.157.98 - - [02/May/2018:10:14:18 -0300] "GET /cormun/static/PXToolsJavascripts/PXToolsJavascriptsRender.js HTTP/1.1" 200 367
186.103.157.98 - - [02/May/2018:10:14:18 -0300] "GET /cormun/static/RunJS/RunJS.js HTTP/1.1" 200 288
186.103.157.98 - - [02/May/2018:10:14:18 -0300] "GET /cormun/static/hhome.js?20175251212450 HTTP/1.1" 200 777
186.103.157.98 - - [02/May/2018:10:14:18 -0300] "GET /cormun/static/Resources/PXToolsHeaderLogin.png HTTP/1.1" 200 4279
186.103.157.98 - - [02/May/2018:10:14:18 -0300] "GET /cormun/static/Resources/PXToolsHeaderHome.png HTTP/1.1" 200 4147
186.103.157.98 - - [02/May/2018:10:14:18 -0300] "GET /cormun/static/Resources/PXToolsHeaderSecurity.png HTTP/1.1" 200 4166
186.103.157.98 - - [02/May/2018:10:14:18 -0300] "GET /cormun/static/Resources/PXToolsFooterBackground2.png HTTP/1.1" 200 1172
186.103.157.98 - - [02/May/2018:10:14:18 -0300] "GET /cormun/static/Resources/PXToolsHeaderBackground2.png HTTP/1.1" 200 1174
186.103.157.98 - - [02/May/2018:10:14:18 -0300] "GET /cormun/static/Resources/PXToolsDataTitle.png HTTP/1.1" 200 1173
186.103.157.98 - - [02/May/2018:10:14:18 -0300] "GET /cormun/static/Resources/PXToolsHeaderActionsBackground.png HTTP/1.1" 200 484
186.103.157.98 - - [02/May/2018:10:14:18 -0300] "GET /cormun/static/Resources/PXToolsHeaderActionsRight.png HTTP/1.1" 200 1201
186.103.157.98 - - [02/May/2018:10:14:18 -0300] "GET /cormun/static/Resources/PXToolsHeaderActionsLeft.png HTTP/1.1" 200 1118
186.103.157.98 - - [02/May/2018:10:14:18 -0300] "GET /cormun/static/Resources/PXToolsHeaderPreferences.png HTTP/1.1" 200 4189
186.103.157.98 - - [02/May/2018:10:14:18 -0300] "GET /cormun/static/Resources/logo4.png HTTP/1.1" 200 6582
186.103.157.98 - - [02/May/2018:10:14:18 -0300] "GET /cormun/static/hpexe_messagecontroller.js?20177611595012 HTTP/1.1" 200 870
186.103.157.98 - - [02/May/2018:10:14:18 -0300] "GET /cormun/static/hpexe_messagegenexuscomponent.js?201752511465344 HTTP/1.1" 200 587
186.103.157.98 - - [02/May/2018:10:14:18 -0300] "GET /cormun/static/hpexe_messagepopupcomponent.js?20161017169425 HTTP/1.1" 200 605
186.103.157.98 - - [02/May/2018:10:14:19 -0300] "GET /cormun/static/SmoothNavMenu/resources/images/right.gif HTTP/1.1" 200 860
186.103.157.98 - - [02/May/2018:10:14:19 -0300] "GET /cormun/servlet/hhome HTTP/1.1" 200 4247
186.103.157.98 - - [02/May/2018:10:14:19 -0300] "GET /cormun/static/SmoothNavMenu/resources/images/down.gif HTTP/1.1" 200 854
186.103.157.98 - - [02/May/2018:10:14:32 -0300] "GET /cormun/servlet/trlicencias? HTTP/1.1" 200 9856
186.103.157.98 - - [02/May/2018:10:14:32 -0300] "GET /cormun/static/gxui/gxui-all.css?110300 HTTP/1.1" 200 2179
186.103.157.98 - - [02/May/2018:10:14:32 -0300] "GET /cormun/static/calendar-system.css?75620 HTTP/1.1" 200 5572
