186.79.198.172 - - [26/Apr/2018:08:37:27 -0300] "GET /cormun/static/hpexe_messagecontroller.js?20177611595012 HTTP/1.1" 200 870
186.79.198.172 - - [26/Apr/2018:08:37:27 -0300] "GET /cormun/static/hpexe_messagepopupcomponent.js?20161017169425 HTTP/1.1" 200 605
186.79.198.172 - - [26/Apr/2018:08:37:28 -0300] "GET /cormun/static/hpexe_messagegenexuscomponent.js?201752511465344 HTTP/1.1" 200 587
186.79.198.172 - - [26/Apr/2018:08:37:28 -0300] "GET /cormun/static/Shared/jquery/jquery-1.4.2.min.js HTTP/1.1" 200 72174
186.79.198.172 - - [26/Apr/2018:08:37:28 -0300] "GET /cormun/static/cmcontrolpreferences.js?201752511465670 HTTP/1.1" 200 1375
186.79.198.172 - - [26/Apr/2018:08:37:28 -0300] "GET /cormun/static/SmoothNavMenu/resources/ddsmoothmenu.js HTTP/1.1" 200 12712
186.79.198.172 - - [26/Apr/2018:08:37:28 -0300] "GET /cormun/static/SmoothNavMenu/resources/SmoothNavMenuRender.js HTTP/1.1" 200 5951
186.79.198.172 - - [26/Apr/2018:08:37:28 -0300] "GET /cormun/static/scaMessage/js/jquery.pnotify.min.js HTTP/1.1" 200 13038
186.79.198.172 - - [26/Apr/2018:08:37:28 -0300] "GET /cormun/static/scaMessage/scaMessageRender.js HTTP/1.1" 200 11977
186.103.156.24 - - [26/Apr/2018:08:37:28 -0300] "POST /cormun/servlet/hlogin?ce740db832d9ec04187eabdcb62bb1f8,gx-no-cache=1524742592170 HTTP/1.1" 200 90
186.103.156.24 - - [26/Apr/2018:08:37:28 -0300] "GET /cormun/servlet/hpexe_link HTTP/1.1" 200 949
186.79.198.172 - - [26/Apr/2018:08:37:28 -0300] "GET /cormun/static/hmpwkw03.js?20177612122668 HTTP/1.1" 200 3965
186.103.156.24 - - [26/Apr/2018:08:37:29 -0300] "GET /cormun/servlet/hhome HTTP/1.1" 200 4228
186.103.156.24 - - [26/Apr/2018:08:37:29 -0300] "GET /cormun/servlet/hhome HTTP/1.1" 200 4224
186.79.198.172 - - [26/Apr/2018:08:37:30 -0300] "GET /cormun/static/Shared/jquery/jquery-1.10.2.min.js HTTP/1.1" 200 273199
186.79.198.172 - - [26/Apr/2018:08:37:30 -0300] "GET /cormun/static/Shared/jqueryui/jquery-ui.min.js HTTP/1.1" 200 240427
186.79.198.172 - - [26/Apr/2018:08:37:31 -0300] "GET /cormun/static/Shared/ext/ext-all.js HTTP/1.1" 200 1289687
186.79.198.172 - - [26/Apr/2018:08:37:31 -0300] "GET /cormun/static/SmoothNavMenu/resources/images/right.gif HTTP/1.1" 200 860
186.79.198.172 - - [26/Apr/2018:08:37:31 -0300] "GET /cormun/static/SmoothNavMenu/resources/images/down.gif HTTP/1.1" 200 854
186.79.198.172 - - [26/Apr/2018:08:37:31 -0300] "GET /cormun/servlet/hhome HTTP/1.1" 200 4216
186.103.156.24 - - [26/Apr/2018:08:37:33 -0300] "GET /cormun/servlet/trlicencias? HTTP/1.1" 200 10690
186.103.156.24 - - [26/Apr/2018:08:37:34 -0300] "GET /cormun/servlet/trlicencias? HTTP/1.1" 200 10687
186.67.164.142 - - [26/Apr/2018:08:37:41 -0300] "GET /cormun/servlet/solicitudot?11ccde41751283cd14badbac969f7634f39271f99c5e66078d1917a11583d3e5f57f102e48a9efae6810eff096a483324e57216d17b183967d75dcbdbea48019,gx-no-cache=1524742604268 HTTP/1.1" 200 30
186.67.164.142 - - [26/Apr/2018:08:37:41 -0300] "POST /cormun/servlet/solicitudot?gx-no-cache=1524742604320 HTTP/1.1" 200 256
186.67.164.142 - - [26/Apr/2018:08:37:41 -0300] "GET /cormun/servlet/solicitudot?11ccde41751283cd14badbac969f76345dc93cadf23415463ced42dfab4d7d919ad1b370c57c4c55cb62e579754d81b3781f8401acde13c8f5171646388343b666bf4bd9f2ab872857a03a841f46977b5240fe06643e243a0508d48691b8738b7e6b2f0642ced75b11db743a137c16e33cdfdfede077b85eb927f42804219ba796e507ae380dba1616e401478dca1c3f6c8ad00e1fc665f504234378359dfc588a41bc3697c70694809cad798928b0ccc85a62c31366162edc6078583e4d79107cbc045ccfffc2c1a6e33e863637da06c1b2bbc69381c70f697ea1f4a7c5dbde3de4cc2b1ac4ee474e05295a387c2ffa3927c7bd51d5e9b9a786fd994e43f7c7469fad371509bc5eeea241889423e42cad8ebe7fff8bd57cc67e89e807809b181f74dbb8a8335babb139fd5f0d40fd67a31781a623006d5e5d7b45661a24f4b8de826a5185ec1b3c945bbc4fb71cb1f8bf4fedd22a827079cb4bef34b8cb4f4d4c03c97804a14c25807f1da79a49062662b3898a59ace7c362ff5d23066428fe,gx-no-cache=1524742604367 HTTP/1.1" 200 30
186.67.164.142 - - [26/Apr/2018:08:37:41 -0300] "POST /cormun/servlet/solicitudot?gx-no-cache=1524742604400 HTTP/1.1" 200 30
186.67.164.142 - - [26/Apr/2018:08:37:41 -0300] "POST /cormun/servlet/solicitudot?gx-no-cache=1524742604439 HTTP/1.1" 200 1367
186.67.164.142 - - [26/Apr/2018:08:37:41 -0300] "POST /cormun/servlet/solicitudot?gx-no-cache=1524742604512 HTTP/1.1" 200 41
186.67.164.142 - - [26/Apr/2018:08:37:41 -0300] "POST /cormun/servlet/solicitudot?gx-no-cache=1524742604543 HTTP/1.1" 200 1349
186.67.164.142 - - [26/Apr/2018:08:37:41 -0300] "POST /cormun/servlet/solicitudot?gx-no-cache=1524742604589 HTTP/1.1" 200 1249
186.67.164.142 - - [26/Apr/2018:08:37:41 -0300] "GET /cormun/servlet/solicitudot?11ccde41751283cd14badbac969f763413546169d7590adf46f5a2d45d0cce1669959d7b07ec886bc33ce3085b7c1319,gx-no-cache=1524742604634 HTTP/1.1" 200 30
186.67.164.142 - - [26/Apr/2018:08:37:41 -0300] "POST /cormun/servlet/solicitudot?gx-no-cache=1524742604686 HTTP/1.1" 200 30
186.67.164.142 - - [26/Apr/2018:08:37:42 -0300] "POST /cormun/servlet/solicitudot?aa596173dad62054e7c3abd00ce1a675,INS,0,0,,gx-no-cache=1524742604780 HTTP/1.1" 200 93
186.67.164.142 - - [26/Apr/2018:08:37:42 -0300] "GET /cormun/servlet/hpexe_return? HTTP/1.1" 200 1006
186.67.164.142 - - [26/Apr/2018:08:37:42 -0300] "GET /cormun/servlet/trsolicitudot HTTP/1.1" 200 9050
186.79.198.172 - - [26/Apr/2018:08:37:42 -0300] "GET /cormun/servlet/trcontratounov2? HTTP/1.1" 200 17505
186.79.198.172 - - [26/Apr/2018:08:37:42 -0300] "GET /cormun/static/calendar-system.css?75620 HTTP/1.1" 200 5572
186.79.198.172 - - [26/Apr/2018:08:37:42 -0300] "GET /cormun/static/gxui/gxui-all.css?110300 HTTP/1.1" 200 2179
186.79.198.172 - - [26/Apr/2018:08:37:42 -0300] "GET /cormun/static/gxcfg.js?201752512124396 HTTP/1.1" 200 953
186.79.198.172 - - [26/Apr/2018:08:37:42 -0300] "GET /cormun/static/calendar.js?85251 HTTP/1.1" 200 26246
186.79.198.172 - - [26/Apr/2018:08:37:42 -0300] "GET /cormun/static/calendar-setup.js?85251 HTTP/1.1" 200 2588
186.79.198.172 - - [26/Apr/2018:08:37:42 -0300] "GET /cormun/static/calendar-es.js?85251 HTTP/1.1" 200 1901
186.79.198.172 - - [26/Apr/2018:08:37:42 -0300] "GET /cormun/static/gxdec.js?85251 HTTP/1.1" 200 19579
186.79.198.172 - - [26/Apr/2018:08:37:43 -0300] "GET /cormun/static/trcontratounov2.js?201752512125146 HTTP/1.1" 200 38486
186.67.164.142 - - [26/Apr/2018:08:37:43 -0300] "GET /cormun/servlet/trsolicitudot HTTP/1.1" 200 9045
186.79.198.172 - - [26/Apr/2018:08:37:43 -0300] "GET /cormun/static/Shared/ext/resources/css/ext-all.css?205870 HTTP/1.1" 200 416045
186.79.198.172 - - [26/Apr/2018:08:37:43 -0300] "GET /cormun/static/Resources/PXToolsDataSearch.png HTTP/1.1" 200 419
186.79.198.172 - - [26/Apr/2018:08:37:43 -0300] "GET /cormun/static/Resources/PXToolsGridFirstDisabled.gif HTTP/1.1" 200 100
186.79.198.172 - - [26/Apr/2018:08:37:43 -0300] "GET /cormun/static/Resources/PXToolsGridPreviousDisabled.gif HTTP/1.1" 200 90
186.79.198.172 - - [26/Apr/2018:08:37:43 -0300] "GET /cormun/static/Resources/PXToolsGridNextDisabled.gif HTTP/1.1" 200 90
186.79.198.172 - - [26/Apr/2018:08:37:43 -0300] "GET /cormun/static/Resources/PXToolsGridLastDisabled.gif HTTP/1.1" 200 98
186.79.198.172 - - [26/Apr/2018:08:37:43 -0300] "GET /cormun/static/Resources/PXToolsGridPage.gif HTTP/1.1" 200 725
186.79.198.172 - - [26/Apr/2018:08:37:43 -0300] "GET /cormun/static/Resources/PXToolsActionExcel.png HTTP/1.1" 200 3187
186.79.198.172 - - [26/Apr/2018:08:37:44 -0300] "GET /cormun/static/Resources/PXToolsGridNew.png HTTP/1.1" 200 2949
186.79.198.172 - - [26/Apr/2018:08:37:44 -0300] "GET /cormun/static/Resources/PXToolsAddSelectedAction.png HTTP/1.1" 200 3660
186.79.198.172 - - [26/Apr/2018:08:37:44 -0300] "GET /cormun/static/Resources/asc.gif HTTP/1.1" 200 67
186.79.198.172 - - [26/Apr/2018:08:37:44 -0300] "GET /cormun/static/Resources/desc.gif HTTP/1.1" 200 65
186.79.198.172 - - [26/Apr/2018:08:37:44 -0300] "GET /cormun//static/Resources/PXToolsActionDisabled.gif HTTP/1.1" 200 53
186.79.198.172 - - [26/Apr/2018:08:37:44 -0300] "GET /cormun/static/Shared/ext/resources/themes/images/default/tools/tool-sprites.gif HTTP/1.1" 200 5434
186.79.198.172 - - [26/Apr/2018:08:37:44 -0300] "GET /cormun/static/Shared/ext/resources/themes/images/default/panel/bg-headersPanel.png HTTP/1.1" 200 255
186.79.198.172 - - [26/Apr/2018:08:37:44 -0300] "GET /cormun/servlet/trcontratounov2? HTTP/1.1" 200 17496
186.67.164.142 - - [26/Apr/2018:08:37:45 -0300] "GET /cormun/servlet/solicitudot?INS,0,0, HTTP/1.1" 200 13427
186.67.164.142 - - [26/Apr/2018:08:37:45 -0300] "GET /cormun/servlet/solicitudot?INS,0,0, HTTP/1.1" 200 13431
200.112.233.47 - - [26/Apr/2018:08:37:48 -0300] "GET /cormun/servlet/hlogin HTTP/1.1" 200 1723
186.67.164.142 - - [26/Apr/2018:08:37:52 -0300] "POST /cormun/servlet/solicitudot?gx-no-cache=1524742615326 HTTP/1.1" 200 3383
186.67.164.142 - - [26/Apr/2018:08:37:52 -0300] "POST /cormun/servlet/solicitudot?aa596173dad62054e7c3abd00ce1a675,INS,0,0,,gx-no-cache=1524742615511 HTTP/1.1" 200 10365
186.67.164.142 - - [26/Apr/2018:08:37:52 -0300] "GET /cormun/servlet/solicitudot?11ccde41751283cd14badbac969f76348030120d7b6942f96b5867f414fd5e6c5fab1786c722ea5b758a894d0c0f963c,gx-no-cache=1524742616017 HTTP/1.1" 200 30
200.111.191.210 - - [26/Apr/2018:08:37:56 -0300] "GET /cormun/servlet/trpermisosgoce? HTTP/1.1" 200 6103
200.111.191.210 - - [26/Apr/2018:08:37:56 -0300] "GET /cormun/servlet/hlogin HTTP/1.1" 200 1738
200.111.191.210 - - [26/Apr/2018:08:37:56 -0300] "GET /cormun/servlet/trpermisosgoce? HTTP/1.1" 200 6098
186.67.164.142 - - [26/Apr/2018:08:37:57 -0300] "POST /cormun/servlet/solicitudot?aa596173dad62054e7c3abd00ce1a675,INS,0,0,,gx-no-cache=1524742620277 HTTP/1.1" 200 10434
186.67.164.142 - - [26/Apr/2018:08:37:57 -0300] "GET /cormun/static/Shared/jqueryui/images/ui-bg_highlight-soft_100_c6c2c8_1x100.png HTTP/1.1" 404 1117
186.67.164.142 - - [26/Apr/2018:08:37:57 -0300] "GET /cormun/static/Shared/jqueryui/images/ui-icons_82798d_256x240.png HTTP/1.1" 404 1089
186.67.164.142 - - [26/Apr/2018:08:37:57 -0300] "GET /cormun/static/Shared/jqueryui/images/ui-bg_flat_55_fafafa_40x100.png HTTP/1.1" 404 1097
186.67.164.142 - - [26/Apr/2018:08:37:57 -0300] "GET /cormun/static/Shared/jqueryui/images/ui-icons_8d78a5_256x240.png HTTP/1.1" 404 1089
190.100.93.40 - - [26/Apr/2018:08:38:00 -0300] "POST /cormun/servlet/trlicencias?abe3633975585d75c6d688907eeb5711,,gx-no-cache=1524742627538 HTTP/1.1" 200 4290
186.67.164.142 - - [26/Apr/2018:08:38:03 -0300] "GET /cormun/servlet/solicitudot?11ccde41751283cd14badbac969f76348030120d7b6942f96b5867f414fd5e6c76c6f4a19e457f25a3600eb1d6cb9e2f,gx-no-cache=1524742626370 HTTP/1.1" 200 30
186.67.164.142 - - [26/Apr/2018:08:38:03 -0300] "GET /cormun/servlet/solicitudot?11ccde41751283cd14badbac969f7634f419203e1f7dabab5e47067d841b978e1f7f976e8457a8cad1a35ac74e906bff35e3ff0ab4c7abe657d7f926271c21d3,gx-no-cache=1524742626419 HTTP/1.1" 200 30
186.67.164.142 - - [26/Apr/2018:08:38:03 -0300] "GET /cormun/servlet/solicitudot?11ccde41751283cd14badbac969f76346bcff86cdc24961bcf28f378cf08c829,gx-no-cache=1524742626451 HTTP/1.1" 200 123
186.67.164.142 - - [26/Apr/2018:08:38:03 -0300] "GET /cormun/static/Shared/jqueryui/images/ui-icons_ebccce_256x240.png HTTP/1.1" 404 1089
186.67.164.142 - - [26/Apr/2018:08:38:03 -0300] "GET /cormun/static/Shared/jqueryui/images/ui-bg_flat_55_994d53_40x100.png HTTP/1.1" 404 1097
186.67.164.142 - - [26/Apr/2018:08:38:03 -0300] "POST /cormun/servlet/solicitudot?gx-no-cache=1524742626499 HTTP/1.1" 200 255
186.67.164.142 - - [26/Apr/2018:08:38:03 -0300] "GET /cormun/servlet/solicitudot?11ccde41751283cd14badbac969f76345dc93cadf23415463ced42dfab4d7d919ad1b370c57c4c55cb62e579754d81b3781f8401acde13c8f5171646388343b666bf4bd9f2ab872857a03a841f46977b5240fe06643e243a0508d48691b8738b7e6b2f0642ced75b11db743a137c16e33cdfdfede077b85eb927f42804219ba796e507ae380dba1616e401478dca1c3f6c8ad00e1fc665f504234378359dfc588a41bc3697c70694809cad798928b0ccc85a62c31366162edc6078583e4d79107cbc045ccfffc2c1a6e33e863637da06c1b2bbc69381c70f697ea1f4a7c5dbde3de4cc2b1ac4ee474e05295a387c2ffa3927c7bd51d5e9b9a786fd994e43f7c7469fad371509bc5eeea241889423e42cad8ebe7fff8bd57cc67e89e807809b181f74dbb8a8335babb139fd5f0d40fd67a31781a623006d5e5d7b45661a24f4b8de826a5185ec1b3c945bbc4fb71cb1f8bf4fedd22a827079cb4bef34b8cb4f4d4c03c97804a14c25807f1da79a490626948e9290279a33d44e12fe18eefba105,gx-no-cache=1524742626538 HTTP/1.1" 200 30
200.111.191.210 - - [26/Apr/2018:08:38:05 -0300] "POST /cormun/servlet/hlogin?e006cc86dccde0702dd23b9d726e8ab6,gx-no-cache=1524742654046 HTTP/1.1" 200 90
200.111.191.210 - - [26/Apr/2018:08:38:05 -0300] "GET /cormun/servlet/hpexe_link HTTP/1.1" 200 955
200.111.191.210 - - [26/Apr/2018:08:38:05 -0300] "GET /cormun/servlet/trpermisosgoce HTTP/1.1" 200 13065
200.111.191.210 - - [26/Apr/2018:08:38:06 -0300] "GET /cormun/servlet/trpermisosgoce HTTP/1.1" 200 13054
186.67.164.142 - - [26/Apr/2018:08:38:06 -0300] "POST /cormun/servlet/solicitudot?gx-no-cache=1524742629737 HTTP/1.1" 200 30
200.111.191.210 - - [26/Apr/2018:08:38:10 -0300] "GET /cormun/servlet/trpermisosadjuntos?11365098,20180425084809,P, HTTP/1.1" 200 6271
200.111.191.210 - - [26/Apr/2018:08:38:10 -0300] "GET /cormun/static/gxcfg.js?201762817193957 HTTP/1.1" 304 -
190.100.93.40 - - [26/Apr/2018:08:38:10 -0300] "GET /cormun/servlet/trcontratounov2? HTTP/1.1" 200 17802
190.100.93.40 - - [26/Apr/2018:08:38:10 -0300] "GET /cormun/static/gxcfg.js?201752512124396 HTTP/1.1" 200 953
190.100.93.40 - - [26/Apr/2018:08:38:10 -0300] "GET /cormun/static/trcontratounov2.js?201752512125146 HTTP/1.1" 200 38486
190.100.93.40 - - [26/Apr/2018:08:38:10 -0300] "GET /cormun/static/Resources/PXToolsAddSelectedAction.png HTTP/1.1" 200 3660
200.111.191.210 - - [26/Apr/2018:08:38:10 -0300] "GET /cormun/servlet/trpermisosadjuntos?11365098,20180425084809,P, HTTP/1.1" 200 6271
190.100.93.40 - - [26/Apr/2018:08:38:10 -0300] "GET /cormun/servlet/trcontratounov2? HTTP/1.1" 200 17770
200.111.191.210 - - [26/Apr/2018:08:38:11 -0300] "GET /cormun/servlet/permisosadjuntos?INS,11365098,P,20180425084809,, HTTP/1.1" 200 5599
200.111.191.210 - - [26/Apr/2018:08:38:11 -0300] "GET /cormun/static/gxcfg.js?201762717441171 HTTP/1.1" 304 -
200.111.191.210 - - [26/Apr/2018:08:38:12 -0300] "GET /cormun/static/about:blank HTTP/1.1" 404 1011
200.111.191.210 - - [26/Apr/2018:08:38:12 -0300] "GET /cormun/servlet/permisosadjuntos?INS,11365098,P,20180425084809,, HTTP/1.1" 200 5590
190.100.93.40 - - [26/Apr/2018:08:38:13 -0300] "GET /cormun/servlet/trcontratosolicitud? HTTP/1.1" 200 14643
190.100.93.40 - - [26/Apr/2018:08:38:13 -0300] "GET /cormun/servlet/trcontratosolicitud? HTTP/1.1" 200 14630
200.111.191.210 - - [26/Apr/2018:08:38:25 -0300] "POST /cormun/servlet/permisosadjuntos?e006cc86dccde0702dd23b9d726e8ab6,INS,11365098,P,20180425084809,, HTTP/1.1" 200 116
200.111.191.210 - - [26/Apr/2018:08:38:25 -0300] "GET /cormun/servlet/hpexe_return? HTTP/1.1" 200 1036
200.111.191.210 - - [26/Apr/2018:08:38:26 -0300] "GET /cormun/servlet/trpermisosadjuntos?11365098,20180425084809,P, HTTP/1.1" 200 6733
200.111.191.210 - - [26/Apr/2018:08:38:26 -0300] "GET /cormun/servlet/trpermisosadjuntos?11365098,20180425084809,P, HTTP/1.1" 200 6730
200.111.191.210 - - [26/Apr/2018:08:38:29 -0300] "GET /cormun/servlet/trpermisosgoce? HTTP/1.1" 200 13065
200.111.191.210 - - [26/Apr/2018:08:38:29 -0300] "GET /cormun/servlet/trpermisosgoce? HTTP/1.1" 200 13064
200.111.191.210 - - [26/Apr/2018:08:38:32 -0300] "POST /cormun/servlet/trpermisosgoce?e006cc86dccde0702dd23b9d726e8ab6,,gx-no-cache=1524742680417 HTTP/1.1" 200 10006
200.111.191.210 - - [26/Apr/2018:08:38:32 -0300] "GET /cormun/static/Shared/jqueryui/images/ui-bg_highlight-soft_100_c6c2c8_1x100.png HTTP/1.1" 404 1117
200.111.191.210 - - [26/Apr/2018:08:38:32 -0300] "GET /cormun/static/Shared/jqueryui/images/ui-icons_82798d_256x240.png HTTP/1.1" 404 1089
200.111.191.210 - - [26/Apr/2018:08:38:32 -0300] "GET /cormun/static/Shared/jqueryui/images/ui-bg_flat_55_fafafa_40x100.png HTTP/1.1" 404 1097
200.111.191.210 - - [26/Apr/2018:08:38:32 -0300] "GET /cormun/static/Shared/jqueryui/images/ui-icons_8d78a5_256x240.png HTTP/1.1" 404 1089
200.111.191.210 - - [26/Apr/2018:08:38:34 -0300] "GET /cormun/servlet/trpermisosadjuntos?7643526,20180424124755,P, HTTP/1.1" 200 6284
200.111.191.210 - - [26/Apr/2018:08:38:34 -0300] "GET /cormun/servlet/trpermisosadjuntos?7643526,20180424124755,P, HTTP/1.1" 200 6284
200.111.191.210 - - [26/Apr/2018:08:38:35 -0300] "GET /cormun/servlet/permisosadjuntos?INS,7643526,P,20180424124755,, HTTP/1.1" 200 5612
200.111.191.210 - - [26/Apr/2018:08:38:36 -0300] "GET /cormun/static/about:blank HTTP/1.1" 404 1011
200.111.191.210 - - [26/Apr/2018:08:38:36 -0300] "GET /cormun/servlet/permisosadjuntos?INS,7643526,P,20180424124755,, HTTP/1.1" 200 5602
200.111.191.210 - - [26/Apr/2018:08:38:45 -0300] "POST /cormun/servlet/permisosadjuntos?e006cc86dccde0702dd23b9d726e8ab6,INS,7643526,P,20180424124755,, HTTP/1.1" 200 116
200.111.191.210 - - [26/Apr/2018:08:38:45 -0300] "GET /cormun/servlet/hpexe_return? HTTP/1.1" 200 1036
200.111.191.210 - - [26/Apr/2018:08:38:45 -0300] "GET /cormun/servlet/trpermisosadjuntos?7643526,20180424124755,P, HTTP/1.1" 200 6748
200.111.191.210 - - [26/Apr/2018:08:38:45 -0300] "GET /cormun/servlet/trpermisosadjuntos?7643526,20180424124755,P, HTTP/1.1" 200 6745
200.111.191.210 - - [26/Apr/2018:08:38:48 -0300] "GET /cormun/servlet/trpermisosgoce? HTTP/1.1" 200 13074
200.111.191.210 - - [26/Apr/2018:08:38:48 -0300] "GET /cormun/servlet/trpermisosgoce? HTTP/1.1" 200 13063
200.111.191.210 - - [26/Apr/2018:08:38:52 -0300] "POST /cormun/servlet/trpermisosgoce?e006cc86dccde0702dd23b9d726e8ab6,,gx-no-cache=1524742699352 HTTP/1.1" 200 10008
200.111.191.210 - - [26/Apr/2018:08:38:53 -0300] "GET /cormun/static/Shared/jqueryui/images/ui-bg_flat_55_fafafa_40x100.png HTTP/1.1" 404 1097
200.111.191.210 - - [26/Apr/2018:08:38:53 -0300] "GET /cormun/static/Shared/jqueryui/images/ui-icons_8d78a5_256x240.png HTTP/1.1" 404 1089
200.111.191.210 - - [26/Apr/2018:08:38:53 -0300] "GET /cormun/static/Shared/jqueryui/images/ui-bg_highlight-soft_100_c6c2c8_1x100.png HTTP/1.1" 404 1117
200.111.191.210 - - [26/Apr/2018:08:38:53 -0300] "GET /cormun/static/Shared/jqueryui/images/ui-icons_82798d_256x240.png HTTP/1.1" 404 1089
201.215.248.160 - - [26/Apr/2018:08:38:57 -0300] "GET /cormun/servlet/hhome HTTP/1.1" 200 3396
201.215.248.160 - - [26/Apr/2018:08:38:57 -0300] "GET /cormun/static/gxtimezone.js?85251 HTTP/1.1" 304 -
201.215.248.160 - - [26/Apr/2018:08:38:58 -0300] "GET /cormun/servlet/hhome HTTP/1.1" 200 3406
201.215.248.160 - - [26/Apr/2018:08:38:58 -0300] "GET /cormun/servlet/hlogin HTTP/1.1" 200 1731
200.111.191.210 - - [26/Apr/2018:08:39:02 -0300] "GET /cormun/servlet/trpermisosadjuntos?7643526,20180424124755,P, HTTP/1.1" 200 6746
200.111.191.210 - - [26/Apr/2018:08:39:03 -0300] "GET /cormun/servlet/trpermisosadjuntos?7643526,20180424124755,P, HTTP/1.1" 200 6744
190.100.93.40 - - [26/Apr/2018:08:39:04 -0300] "POST /cormun/servlet/trcontratosolicitud?abe3633975585d75c6d688907eeb5711,,gx-no-cache=1524742686797 HTTP/1.1" 200 12095
200.111.191.210 - - [26/Apr/2018:08:39:07 -0300] "GET /cormun/servlet/trpermisosgoce? HTTP/1.1" 200 13072
200.111.191.210 - - [26/Apr/2018:08:39:08 -0300] "GET /cormun/servlet/trpermisosgoce? HTTP/1.1" 200 13041
200.111.191.210 - - [26/Apr/2018:08:39:12 -0300] "POST /cormun/servlet/trpermisosgoce?e006cc86dccde0702dd23b9d726e8ab6,,gx-no-cache=1524742719398 HTTP/1.1" 200 10008
200.111.191.210 - - [26/Apr/2018:08:39:12 -0300] "GET /cormun/static/Shared/jqueryui/images/ui-icons_82798d_256x240.png HTTP/1.1" 404 1089
200.111.191.210 - - [26/Apr/2018:08:39:12 -0300] "GET /cormun/static/Shared/jqueryui/images/ui-bg_highlight-soft_100_c6c2c8_1x100.png HTTP/1.1" 404 1117
200.111.191.210 - - [26/Apr/2018:08:39:12 -0300] "GET /cormun/static/Shared/jqueryui/images/ui-icons_8d78a5_256x240.png HTTP/1.1" 404 1089
200.111.191.210 - - [26/Apr/2018:08:39:13 -0300] "GET /cormun/static/Shared/jqueryui/images/ui-bg_flat_55_fafafa_40x100.png HTTP/1.1" 404 1097
200.111.191.210 - - [26/Apr/2018:08:39:13 -0300] "GET /cormun/servlet/trpermisosadjuntos?14546010,20180424082431,P, HTTP/1.1" 200 6272
200.111.191.210 - - [26/Apr/2018:08:39:14 -0300] "GET /cormun/servlet/trpermisosadjuntos?14546010,20180424082431,P, HTTP/1.1" 200 6272
200.111.191.210 - - [26/Apr/2018:08:39:17 -0300] "GET /cormun/servlet/permisosadjuntos?INS,14546010,P,20180424082431,, HTTP/1.1" 200 5600
200.111.191.210 - - [26/Apr/2018:08:39:17 -0300] "GET /cormun/static/about:blank HTTP/1.1" 404 1011
200.111.191.210 - - [26/Apr/2018:08:39:17 -0300] "GET /cormun/servlet/permisosadjuntos?INS,14546010,P,20180424082431,, HTTP/1.1" 200 5590
190.100.93.40 - - [26/Apr/2018:08:39:17 -0300] "GET /cormun/servlet/trlicencias? HTTP/1.1" 200 7300
190.100.93.40 - - [26/Apr/2018:08:39:18 -0300] "GET /cormun/servlet/trlicencias? HTTP/1.1" 200 7299
190.100.93.40 - - [26/Apr/2018:08:39:24 -0300] "POST /cormun/servlet/trlicencias?abe3633975585d75c6d688907eeb5711,,gx-no-cache=1524742709301 HTTP/1.1" 200 4292
186.67.164.142 - - [26/Apr/2018:08:39:24 -0300] "GET /cormun/servlet/prcontratosol?15920908,,,,,MD,,gxPopupLevel%3D0%3B HTTP/1.1" 200 8580
186.67.164.142 - - [26/Apr/2018:08:39:27 -0300] "POST /cormun/servlet/solicitudot?gx-no-cache=1524742710261 HTTP/1.1" 200 256
186.67.164.142 - - [26/Apr/2018:08:39:27 -0300] "GET /cormun/servlet/solicitudot?11ccde41751283cd14badbac969f76345dc93cadf23415463ced42dfab4d7d919ad1b370c57c4c55cb62e579754d81b3781f8401acde13c8f5171646388343b666bf4bd9f2ab872857a03a841f46977b5240fe06643e243a0508d48691b8738b7e6b2f0642ced75b11db743a137c16e33cdfdfede077b85eb927f42804219ba796e507ae380dba1616e401478dca1c3f6c8ad00e1fc665f504234378359dfc588a41bc3697c70694809cad798928b0ccc85a62c31366162edc6078583e4d79107cbc045ccfffc2c1a6e33e863637da06c1b2bbc69381c70f697ea1f4a7c5dbde3de4cc2b1ac4ee474e05295a387c2ffa3927c7bd51d5e9b9a786fd994e43f7c7469fad371509bc5eeea241889423e42cad8ebe7fff8bd57cc67e89e807809b181f74dbb8a8335babb139fd5f0d40fd67a31781a623006d5e5d7b45661a24f4b8de826a5185ec1b3c945bbc4fb71cb1f8bf4fedd22a827079cb4bef34b8cb4f4d4c03c97804a14c25807f1da79a49062662b3898a59ace7c362ff5d23066428fe,gx-no-cache=1524742710360 HTTP/1.1" 200 30
186.67.164.142 - - [26/Apr/2018:08:39:27 -0300] "POST /cormun/servlet/solicitudot?gx-no-cache=1524742710744 HTTP/1.1" 200 30
186.67.164.142 - - [26/Apr/2018:08:39:27 -0300] "POST /cormun/servlet/solicitudot?gx-no-cache=1524742710842 HTTP/1.1" 200 1369
186.67.164.142 - - [26/Apr/2018:08:39:28 -0300] "POST /cormun/servlet/solicitudot?gx-no-cache=1524742710965 HTTP/1.1" 200 38
186.67.164.142 - - [26/Apr/2018:08:39:28 -0300] "GET /cormun/servlet/solicitudot?11ccde41751283cd14badbac969f7634a76d1348589b1efb03bac0855534ba09e45891609cf5eb440bbfd905d486a49eeaf348afb4315cf2659aed4e8cb12dc153b8d52ed672d145b27e718da24533827de97d70b2f7e73579ca97225fc97eb1ff659dcdb0269192e353c31a766f9ec34a6f2e066d5f72b3d66e51d426af784c689254a6cef47b6fecd9a0a17fa62cc5a47218d18eb7239d37a41305e55086de2ce398f5f0c10b84c02f37a2c80ec31fdae0238a85fdb5daa8b3b687fc7b4ffa64cf57f0fe0a272001aa64016b589c84,gx-no-cache=1524742711462 HTTP/1.1" 200 29
186.67.164.142 - - [26/Apr/2018:08:39:28 -0300] "POST /cormun/servlet/solicitudot?gx-no-cache=1524742711544 HTTP/1.1" 200 1351
186.67.164.142 - - [26/Apr/2018:08:39:28 -0300] "POST /cormun/servlet/solicitudot?gx-no-cache=1524742711738 HTTP/1.1" 200 1248
186.67.164.142 - - [26/Apr/2018:08:39:29 -0300] "GET /cormun/servlet/solicitudot?11ccde41751283cd14badbac969f7634c5a6c01c5de14aa4fb72a743beb7b34369959d7b07ec886bc33ce3085b7c1319,gx-no-cache=1524742712245 HTTP/1.1" 200 134
200.111.191.210 - - [26/Apr/2018:08:39:34 -0300] "POST /cormun/servlet/permisosadjuntos?e006cc86dccde0702dd23b9d726e8ab6,INS,14546010,P,20180424082431,, HTTP/1.1" 200 116
200.111.191.210 - - [26/Apr/2018:08:39:34 -0300] "GET /cormun/servlet/hpexe_return? HTTP/1.1" 200 1037
200.111.191.210 - - [26/Apr/2018:08:39:34 -0300] "GET /cormun/servlet/trpermisosadjuntos?14546010,20180424082431,P, HTTP/1.1" 200 6735
190.100.93.40 - - [26/Apr/2018:08:39:34 -0300] "GET /cormun/servlet/trcontratoobservaciondir? HTTP/1.1" 200 12389
190.100.93.40 - - [26/Apr/2018:08:39:35 -0300] "GET /cormun/static/gxcfg.js?20175251262281 HTTP/1.1" 200 953
190.100.93.40 - - [26/Apr/2018:08:39:35 -0300] "GET /cormun/static/trcontratoobservaciondir.js?20175251262715 HTTP/1.1" 200 27185
200.111.191.210 - - [26/Apr/2018:08:39:35 -0300] "GET /cormun/servlet/trpermisosadjuntos?14546010,20180424082431,P, HTTP/1.1" 200 6732
190.100.93.40 - - [26/Apr/2018:08:39:35 -0300] "GET /cormun/servlet/trcontratoobservaciondir? HTTP/1.1" 200 12390
200.111.191.210 - - [26/Apr/2018:08:39:39 -0300] "GET /cormun/servlet/trpermisosgoce? HTTP/1.1" 200 13051
200.111.191.210 - - [26/Apr/2018:08:39:39 -0300] "GET /cormun/servlet/trpermisosgoce? HTTP/1.1" 200 13045
201.215.248.160 - - [26/Apr/2018:08:39:40 -0300] "POST /cormun/servlet/hlogin?c4d62bfd6a2bec2deab07318894c2494,gx-no-cache=1524742781500 HTTP/1.1" 200 90
201.215.248.160 - - [26/Apr/2018:08:39:40 -0300] "GET /cormun/servlet/hpexe_link HTTP/1.1" 200 948
201.215.248.160 - - [26/Apr/2018:08:39:40 -0300] "GET /cormun/servlet/hhome HTTP/1.1" 200 3988
201.215.248.160 - - [26/Apr/2018:08:39:41 -0300] "GET /cormun/servlet/hhome HTTP/1.1" 200 3983
186.67.164.142 - - [26/Apr/2018:08:39:42 -0300] "GET /cormun/servlet/solicitudot?11ccde41751283cd14badbac969f7634a76d1348589b1efb03bac0855534ba09e45891609cf5eb440bbfd905d486a49e97386549a0c7054a0c21f3fe3d27291253b8d52ed672d145b27e718da24533827de97d70b2f7e73579ca97225fc97eb1ff659dcdb0269192e353c31a766f9ec34a6f2e066d5f72b3d66e51d426af784c689254a6cef47b6fecd9a0a17fa62cc5a47218d18eb7239d37a41305e55086de2ce398f5f0c10b84c02f37a2c80ec31fdae0238a85fdb5daa8b3b687fc7b4ffa64cf57f0fe0a272001aa64016b589c84,gx-no-cache=1524742725701 HTTP/1.1" 200 29
200.111.191.210 - - [26/Apr/2018:08:39:44 -0300] "POST /cormun/servlet/trpermisosgoce?e006cc86dccde0702dd23b9d726e8ab6,,gx-no-cache=1524742752158 HTTP/1.1" 200 10001
200.111.191.210 - - [26/Apr/2018:08:39:44 -0300] "GET /cormun/static/Shared/jqueryui/images/ui-bg_highlight-soft_100_c6c2c8_1x100.png HTTP/1.1" 404 1117
200.111.191.210 - - [26/Apr/2018:08:39:44 -0300] "GET /cormun/static/Shared/jqueryui/images/ui-bg_flat_55_fafafa_40x100.png HTTP/1.1" 404 1097
200.111.191.210 - - [26/Apr/2018:08:39:44 -0300] "GET /cormun/static/Shared/jqueryui/images/ui-icons_8d78a5_256x240.png HTTP/1.1" 404 1089
200.111.191.210 - - [26/Apr/2018:08:39:44 -0300] "GET /cormun/static/Shared/jqueryui/images/ui-icons_82798d_256x240.png HTTP/1.1" 404 1089
201.215.248.160 - - [26/Apr/2018:08:39:44 -0300] "GET /cormun/servlet/trlicencias? HTTP/1.1" 200 11274
201.215.248.160 - - [26/Apr/2018:08:39:44 -0300] "GET /cormun/static/calendar-es.js?85251 HTTP/1.1" 304 -
201.215.248.160 - - [26/Apr/2018:08:39:44 -0300] "GET /cormun/static/calendar-setup.js?85251 HTTP/1.1" 304 -
201.215.248.160 - - [26/Apr/2018:08:39:44 -0300] "GET /cormun/static/calendar.js?85251 HTTP/1.1" 304 -
200.111.191.210 - - [26/Apr/2018:08:39:45 -0300] "GET /cormun/servlet/trpermisosadjuntos?13502207,20180424113107,P, HTTP/1.1" 200 6270
186.67.164.142 - - [26/Apr/2018:08:39:45 -0300] "POST /cormun/servlet/solicitudot?gx-no-cache=1524742728684 HTTP/1.1" 200 1350
200.111.191.210 - - [26/Apr/2018:08:39:45 -0300] "GET /cormun/servlet/trpermisosadjuntos?13502207,20180424113107,P, HTTP/1.1" 200 6270
186.67.164.142 - - [26/Apr/2018:08:39:45 -0300] "POST /cormun/servlet/solicitudot?gx-no-cache=1524742728865 HTTP/1.1" 200 1248
186.67.164.142 - - [26/Apr/2018:08:39:45 -0300] "GET /cormun/static/menuarrow.gif HTTP/1.1" 404 1015
201.215.248.160 - - [26/Apr/2018:08:39:45 -0300] "GET /cormun/static/gxdec.js?85251 HTTP/1.1" 304 -
201.215.248.160 - - [26/Apr/2018:08:39:46 -0300] "GET /cormun/servlet/trlicencias? HTTP/1.1" 200 11271
200.111.191.210 - - [26/Apr/2018:08:39:47 -0300] "GET /cormun/servlet/permisosadjuntos?INS,13502207,P,20180424113107,, HTTP/1.1" 200 5594
200.111.191.210 - - [26/Apr/2018:08:39:47 -0300] "GET /cormun/static/about:blank HTTP/1.1" 404 1011
200.111.191.210 - - [26/Apr/2018:08:39:47 -0300] "GET /cormun/servlet/permisosadjuntos?INS,13502207,P,20180424113107,, HTTP/1.1" 200 5584
200.111.191.210 - - [26/Apr/2018:08:39:54 -0300] "POST /cormun/servlet/permisosadjuntos?e006cc86dccde0702dd23b9d726e8ab6,INS,13502207,P,20180424113107,, HTTP/1.1" 200 116
200.111.191.210 - - [26/Apr/2018:08:39:54 -0300] "GET /cormun/servlet/hpexe_return? HTTP/1.1" 200 1035
200.111.191.210 - - [26/Apr/2018:08:39:54 -0300] "GET /cormun/servlet/trpermisosadjuntos?13502207,20180424113107,P, HTTP/1.1" 200 6735
200.111.191.210 - - [26/Apr/2018:08:39:55 -0300] "GET /cormun/servlet/trpermisosadjuntos?13502207,20180424113107,P, HTTP/1.1" 200 6732
186.79.198.172 - - [26/Apr/2018:08:39:56 -0300] "GET /cormun/servlet/trcontratosolicitud? HTTP/1.1" 200 14627
200.111.191.210 - - [26/Apr/2018:08:39:56 -0300] "GET /cormun/servlet/trpermisosgoce? HTTP/1.1" 200 13041
186.79.198.172 - - [26/Apr/2018:08:39:56 -0300] "GET /cormun/static/gxcfg.js?20177612214014 HTTP/1.1" 200 953
186.79.198.172 - - [26/Apr/2018:08:39:56 -0300] "GET /cormun/static/trcontratosolicitud.js?20177612214349 HTTP/1.1" 200 28237
186.67.164.142 - - [26/Apr/2018:08:39:56 -0300] "POST /cormun/servlet/solicitudot?gx-no-cache=1524742739977 HTTP/1.1" 200 1350
186.67.164.142 - - [26/Apr/2018:08:39:56 -0300] "POST /cormun/servlet/solicitudot?gx-no-cache=1524742740106 HTTP/1.1" 200 1248
200.111.191.210 - - [26/Apr/2018:08:39:56 -0300] "GET /cormun/servlet/trpermisosgoce? HTTP/1.1" 200 13035
186.79.198.172 - - [26/Apr/2018:08:39:57 -0300] "GET /cormun//static/Resources/PXToolsGridNew.png HTTP/1.1" 200 2949
186.79.198.172 - - [26/Apr/2018:08:39:57 -0300] "GET /cormun/servlet/trcontratosolicitud? HTTP/1.1" 200 14602
190.100.93.40 - - [26/Apr/2018:08:40:00 -0300] "GET /cormun/servlet/trcontratosolicitud? HTTP/1.1" 200 14619
200.111.191.210 - - [26/Apr/2018:08:40:00 -0300] "POST /cormun/servlet/trpermisosgoce?e006cc86dccde0702dd23b9d726e8ab6,,gx-no-cache=1524742767256 HTTP/1.1" 200 10000
200.111.191.210 - - [26/Apr/2018:08:40:01 -0300] "GET /cormun/static/Shared/jqueryui/images/ui-bg_highlight-soft_100_c6c2c8_1x100.png HTTP/1.1" 404 1117
200.111.191.210 - - [26/Apr/2018:08:40:01 -0300] "GET /cormun/static/Shared/jqueryui/images/ui-icons_82798d_256x240.png HTTP/1.1" 404 1089
190.100.93.40 - - [26/Apr/2018:08:40:01 -0300] "GET /cormun/servlet/trcontratosolicitud? HTTP/1.1" 200 14629
200.111.191.210 - - [26/Apr/2018:08:40:01 -0300] "GET /cormun/static/Shared/jqueryui/images/ui-bg_flat_55_fafafa_40x100.png HTTP/1.1" 404 1097
200.111.191.210 - - [26/Apr/2018:08:40:01 -0300] "GET /cormun/static/Shared/jqueryui/images/ui-icons_8d78a5_256x240.png HTTP/1.1" 404 1089
186.67.164.142 - - [26/Apr/2018:08:40:02 -0300] "GET /cormun/servlet/solicitudot?11ccde41751283cd14badbac969f76343e2a95d482e381e74a99f6b330647f9ff40b7923db3856683e50d97f7cbf519a,gx-no-cache=1524742745114 HTTP/1.1" 200 30
200.111.191.210 - - [26/Apr/2018:08:40:07 -0300] "GET /cormun/servlet/trpermisosadjuntos?15915422,20180423093505,P, HTTP/1.1" 200 6269
186.67.164.142 - - [26/Apr/2018:08:40:09 -0300] "POST /cormun/servlet/solicitudot?gx-no-cache=1524742752069 HTTP/1.1" 200 30
200.111.191.210 - - [26/Apr/2018:08:40:10 -0300] "GET /cormun/servlet/trpermisosadjuntos?15915422,20180423093505,P, HTTP/1.1" 200 6268
200.111.191.210 - - [26/Apr/2018:08:40:15 -0300] "GET /cormun/servlet/permisosadjuntos?INS,15915422,P,20180423093505,, HTTP/1.1" 200 5595
200.111.191.210 - - [26/Apr/2018:08:40:15 -0300] "GET /cormun/static/about:blank HTTP/1.1" 404 1011
200.111.191.210 - - [26/Apr/2018:08:40:16 -0300] "GET /cormun/servlet/permisosadjuntos?INS,15915422,P,20180423093505,, HTTP/1.1" 200 5585
186.67.164.142 - - [26/Apr/2018:08:40:23 -0300] "POST /cormun/servlet/solicitudot?aa596173dad62054e7c3abd00ce1a675,INS,0,0,,gx-no-cache=1524742766211 HTTP/1.1" 200 11851
186.67.164.142 - - [26/Apr/2018:08:40:28 -0300] "GET /cormun/servlet/prbanco?,MD,,gxPopupLevel%3D0%3B HTTP/1.1" 200 6614
192.168.10.96 - - [26/Apr/2018:08:40:29 -0300] "GET /cormun/PublicTempStorage/afp6515367.pdf HTTP/1.1" 200 152228
200.111.191.210 - - [26/Apr/2018:08:40:30 -0300] "POST /cormun/servlet/permisosadjuntos?e006cc86dccde0702dd23b9d726e8ab6,INS,15915422,P,20180423093505,, HTTP/1.1" 200 116
200.111.191.210 - - [26/Apr/2018:08:40:31 -0300] "GET /cormun/servlet/hpexe_return? HTTP/1.1" 200 1037
200.111.191.210 - - [26/Apr/2018:08:40:31 -0300] "GET /cormun/servlet/trpermisosadjuntos?15915422,20180423093505,P, HTTP/1.1" 200 6731
200.111.191.210 - - [26/Apr/2018:08:40:31 -0300] "GET /cormun/servlet/trpermisosadjuntos?15915422,20180423093505,P, HTTP/1.1" 200 6725
192.168.10.96 - - [26/Apr/2018:08:40:33 -0300] "GET /cormun/servlet/vesolicitudgral?2018,11170,,SolicitudOTAdjuntos HTTP/1.1" 200 11501
192.168.10.96 - - [26/Apr/2018:08:40:33 -0300] "GET /cormun/servlet/vesolicitudgral?2018,11170,,SolicitudOTAdjuntos HTTP/1.1" 200 11502
192.168.10.96 - - [26/Apr/2018:08:40:34 -0300] "POST /cormun/servlet/acontrolpreferencessavestate?None,DZAMUDIO,true HTTP/1.1" 200 35
200.111.191.210 - - [26/Apr/2018:08:40:34 -0300] "GET /cormun/servlet/trpermisosgoce? HTTP/1.1" 200 13021
200.111.191.210 - - [26/Apr/2018:08:40:35 -0300] "GET /cormun/servlet/trpermisosgoce? HTTP/1.1" 200 13016
200.111.191.210 - - [26/Apr/2018:08:40:39 -0300] "POST /cormun/servlet/trpermisosgoce?e006cc86dccde0702dd23b9d726e8ab6,,gx-no-cache=1524742808021 HTTP/1.1" 200 9979
186.67.164.142 - - [26/Apr/2018:08:40:41 -0300] "GET /cormun/servlet/solicitudot?11ccde41751283cd14badbac969f7634b094e714685b669e8b4adaed5f72b96f,gx-no-cache=1524742785065 HTTP/1.1" 200 51
186.67.164.142 - - [26/Apr/2018:08:40:41 -0300] "POST /cormun/servlet/solicitudot?gx-no-cache=1524742785151 HTTP/1.1" 200 256
200.111.191.210 - - [26/Apr/2018:08:40:42 -0300] "GET /cormun/static/Shared/jqueryui/images/ui-bg_highlight-soft_100_c6c2c8_1x100.png HTTP/1.1" 404 1117
200.111.191.210 - - [26/Apr/2018:08:40:42 -0300] "GET /cormun/static/Shared/jqueryui/images/ui-bg_flat_55_fafafa_40x100.png HTTP/1.1" 404 1097
186.67.164.142 - - [26/Apr/2018:08:40:42 -0300] "GET /cormun/servlet/solicitudot?11ccde41751283cd14badbac969f76345dc93cadf23415463ced42dfab4d7d919ad1b370c57c4c55cb62e579754d81b3781f8401acde13c8f5171646388343b666bf4bd9f2ab872857a03a841f46977b5240fe06643e243a0508d48691b8738b7e6b2f0642ced75b11db743a137c16e33cdfdfede077b85eb927f42804219ba796e507ae380dba1616e401478dca1c3f6c8ad00e1fc665f504234378359dfc588a41bc3697c70694809cad798928b0ccc85a62c31366162edc6078583e4d79107cbc045ccfffc2c1a6e33e863637da06c1b2bbc69381c70f697ea1f4a7c5dbde3de4cc2b1ac4ee474e05295a387c2ffa3927c7bd51d5e9b9a786fd994e43f7c7469fad371509bc5eeea241889423e42cad8ebe7fff8bd57cc67e89e807809b181f74dbb8a8335babb139fd5f0d40fd67a31781a623006d5e5d7b45661a24f4b8de826a5185ec1b3c945bbc4fb71cb1f8bf4fedd22a827079cb4bef34b8cb4f4d4c03c97804a14c25807f1da79a49062662b3898a59ace7c362ff5d23066428fe,gx-no-cache=1524742785248 HTTP/1.1" 200 30
200.111.191.210 - - [26/Apr/2018:08:40:42 -0300] "GET /cormun/static/Shared/jqueryui/images/ui-icons_8d78a5_256x240.png HTTP/1.1" 404 1089
200.111.191.210 - - [26/Apr/2018:08:40:42 -0300] "GET /cormun/static/Shared/jqueryui/images/ui-icons_82798d_256x240.png HTTP/1.1" 404 1089
186.67.164.142 - - [26/Apr/2018:08:40:42 -0300] "POST /cormun/servlet/solicitudot?gx-no-cache=1524742785382 HTTP/1.1" 200 30
186.67.164.142 - - [26/Apr/2018:08:40:42 -0300] "POST /cormun/servlet/solicitudot?gx-no-cache=1524742785444 HTTP/1.1" 200 1368
186.67.164.142 - - [26/Apr/2018:08:40:42 -0300] "POST /cormun/servlet/solicitudot?gx-no-cache=1524742785654 HTTP/1.1" 200 41
186.67.164.142 - - [26/Apr/2018:08:40:42 -0300] "POST /cormun/servlet/solicitudot?gx-no-cache=1524742785713 HTTP/1.1" 200 1350
186.67.164.142 - - [26/Apr/2018:08:40:42 -0300] "POST /cormun/servlet/solicitudot?gx-no-cache=1524742785803 HTTP/1.1" 200 1248
186.67.164.142 - - [26/Apr/2018:08:40:43 -0300] "GET /cormun/servlet/solicitudot?11ccde41751283cd14badbac969f76343e2a95d482e381e74a99f6b330647f9ff40b7923db3856683e50d97f7cbf519a,gx-no-cache=1524742786236 HTTP/1.1" 200 30
186.79.198.172 - - [26/Apr/2018:08:40:43 -0300] "POST /cormun/servlet/trcontratosolicitud?356f1022413d4ee44ad6f9441b92176e,,gx-no-cache=1524742786544 HTTP/1.1" 200 4963
186.67.164.142 - - [26/Apr/2018:08:40:43 -0300] "POST /cormun/servlet/solicitudot?gx-no-cache=1524742786319 HTTP/1.1" 200 30
186.67.164.142 - - [26/Apr/2018:08:40:43 -0300] "POST /cormun/servlet/solicitudot?aa596173dad62054e7c3abd00ce1a675,INS,0,0,,gx-no-cache=1524742786409 HTTP/1.1" 200 93
186.67.164.142 - - [26/Apr/2018:08:40:43 -0300] "GET /cormun/servlet/hpexe_return? HTTP/1.1" 200 1006
186.67.164.142 - - [26/Apr/2018:08:40:43 -0300] "GET /cormun/servlet/trsolicitudot HTTP/1.1" 200 9422
186.67.164.142 - - [26/Apr/2018:08:40:44 -0300] "GET /cormun/servlet/trsolicitudot HTTP/1.1" 200 9418
200.111.191.210 - - [26/Apr/2018:08:40:46 -0300] "GET /cormun/servlet/trpermisosadjuntos?8265182,20180423153536,P, HTTP/1.1" 200 6268
200.111.191.210 - - [26/Apr/2018:08:40:46 -0300] "GET /cormun/servlet/trpermisosadjuntos?8265182,20180423153536,P, HTTP/1.1" 200 6268
200.111.191.210 - - [26/Apr/2018:08:40:49 -0300] "GET /cormun/servlet/permisosadjuntos?INS,8265182,P,20180423153536,, HTTP/1.1" 200 5598
200.111.191.210 - - [26/Apr/2018:08:40:50 -0300] "GET /cormun/static/about:blank HTTP/1.1" 404 1011
200.111.191.210 - - [26/Apr/2018:08:40:51 -0300] "GET /cormun/servlet/permisosadjuntos?INS,8265182,P,20180423153536,, HTTP/1.1" 200 5587
200.111.191.210 - - [26/Apr/2018:08:40:58 -0300] "POST /cormun/servlet/permisosadjuntos?e006cc86dccde0702dd23b9d726e8ab6,INS,8265182,P,20180423153536,, HTTP/1.1" 200 116
200.111.191.210 - - [26/Apr/2018:08:40:58 -0300] "GET /cormun/servlet/hpexe_return? HTTP/1.1" 200 1036
200.111.191.210 - - [26/Apr/2018:08:41:00 -0300] "GET /cormun/servlet/trpermisosadjuntos?8265182,20180423153536,P, HTTP/1.1" 200 6729
200.111.191.210 - - [26/Apr/2018:08:41:00 -0300] "GET /cormun/servlet/trpermisosadjuntos?8265182,20180423153536,P, HTTP/1.1" 200 6727
200.111.191.210 - - [26/Apr/2018:08:41:04 -0300] "GET /cormun/servlet/trpermisosgoce? HTTP/1.1" 200 12998
200.111.191.210 - - [26/Apr/2018:08:41:05 -0300] "GET /cormun/servlet/trpermisosgoce? HTTP/1.1" 200 13007
200.111.191.210 - - [26/Apr/2018:08:41:07 -0300] "POST /cormun/servlet/trpermisosgoce?e006cc86dccde0702dd23b9d726e8ab6,,gx-no-cache=1524742835343 HTTP/1.1" 200 9967
200.111.191.210 - - [26/Apr/2018:08:41:09 -0300] "GET /cormun/static/Shared/jqueryui/images/ui-bg_highlight-soft_100_c6c2c8_1x100.png HTTP/1.1" 404 1117
200.111.191.210 - - [26/Apr/2018:08:41:09 -0300] "GET /cormun/static/Shared/jqueryui/images/ui-bg_flat_55_fafafa_40x100.png HTTP/1.1" 404 1097
200.111.191.210 - - [26/Apr/2018:08:41:09 -0300] "GET /cormun/static/Shared/jqueryui/images/ui-icons_8d78a5_256x240.png HTTP/1.1" 404 1089
200.111.191.210 - - [26/Apr/2018:08:41:09 -0300] "GET /cormun/static/Shared/jqueryui/images/ui-icons_82798d_256x240.png HTTP/1.1" 404 1089
200.111.191.210 - - [26/Apr/2018:08:41:11 -0300] "GET /cormun/servlet/trpermisosgoce? HTTP/1.1" 200 12971
200.111.191.210 - - [26/Apr/2018:08:41:12 -0300] "GET /cormun/servlet/trpermisosgoce? HTTP/1.1" 200 12979
200.111.191.210 - - [26/Apr/2018:08:41:12 -0300] "GET /cormun/servlet/hlogin HTTP/1.1" 200 1738
190.100.93.40 - - [26/Apr/2018:08:41:17 -0300] "GET /cormun/servlet/hlogin HTTP/1.1" 200 1726
190.100.93.40 - - [26/Apr/2018:08:41:19 -0300] "POST /cormun/servlet/hlogin?a52215eac28d72243e9a60f68a2a2200,gx-no-cache=1524742824921 HTTP/1.1" 200 90
190.100.93.40 - - [26/Apr/2018:08:41:20 -0300] "GET /cormun/servlet/hpexe_link HTTP/1.1" 200 956
190.100.93.40 - - [26/Apr/2018:08:41:20 -0300] "GET /cormun/servlet/hhome HTTP/1.1" 200 4356
190.100.93.40 - - [26/Apr/2018:08:41:20 -0300] "GET /cormun/servlet/hhome HTTP/1.1" 200 4352
200.111.191.210 - - [26/Apr/2018:08:41:22 -0300] "POST /cormun/servlet/hlogin?e006cc86dccde0702dd23b9d726e8ab6,gx-no-cache=1524742850871 HTTP/1.1" 200 90
200.111.191.210 - - [26/Apr/2018:08:41:22 -0300] "GET /cormun/servlet/hpexe_link HTTP/1.1" 200 950
200.111.191.210 - - [26/Apr/2018:08:41:22 -0300] "GET /cormun/servlet/hhome HTTP/1.1" 200 4191
200.111.191.210 - - [26/Apr/2018:08:41:22 -0300] "GET /cormun/servlet/hhome HTTP/1.1" 200 4187
190.100.93.40 - - [26/Apr/2018:08:41:26 -0300] "GET /cormun/servlet/trlicencias? HTTP/1.1" 200 11786
186.67.164.142 - - [26/Apr/2018:08:41:26 -0300] "POST /cormun/servlet/trsolicitudot?aa596173dad62054e7c3abd00ce1a675,gx-no-cache=1524742829294 HTTP/1.1" 200 6173
186.67.164.142 - - [26/Apr/2018:08:41:26 -0300] "GET /cormun/static/Shared/jqueryui/images/ui-icons_82798d_256x240.png HTTP/1.1" 404 1089
186.67.164.142 - - [26/Apr/2018:08:41:26 -0300] "GET /cormun/static/Shared/jqueryui/images/ui-bg_flat_55_fafafa_40x100.png HTTP/1.1" 404 1097
186.67.164.142 - - [26/Apr/2018:08:41:26 -0300] "GET /cormun/static/Shared/jqueryui/images/ui-icons_8d78a5_256x240.png HTTP/1.1" 404 1089
186.67.164.142 - - [26/Apr/2018:08:41:26 -0300] "GET /cormun/static/Shared/jqueryui/images/ui-bg_highlight-soft_100_c6c2c8_1x100.png HTTP/1.1" 404 1117
186.67.164.142 - - [26/Apr/2018:08:41:27 -0300] "POST /cormun/servlet/trsolicitudot?aa596173dad62054e7c3abd00ce1a675,gx-no-cache=1524742829929 HTTP/1.1" 200 6114
190.100.93.40 - - [26/Apr/2018:08:41:27 -0300] "GET /cormun/servlet/trlicencias? HTTP/1.1" 200 11779
186.67.164.142 - - [26/Apr/2018:08:41:29 -0300] "POST /cormun/servlet/trsolicitudot?aa596173dad62054e7c3abd00ce1a675,gx-no-cache=1524742832505 HTTP/1.1" 200 5732
186.67.164.142 - - [26/Apr/2018:08:41:29 -0300] "POST /cormun/servlet/trsolicitudot?aa596173dad62054e7c3abd00ce1a675,gx-no-cache=1524742832859 HTTP/1.1" 200 5674
200.111.191.210 - - [26/Apr/2018:08:41:40 -0300] "GET /cormun/servlet/trautorizarpermisogoce? HTTP/1.1" 200 9419
200.111.191.210 - - [26/Apr/2018:08:41:40 -0300] "GET /cormun/static/gxcfg.js?20177612165975 HTTP/1.1" 200 953
200.111.191.210 - - [26/Apr/2018:08:41:40 -0300] "GET /cormun/servlet/trautorizarpermisogoce? HTTP/1.1" 200 9416
200.111.191.210 - - [26/Apr/2018:08:41:43 -0300] "POST /cormun/servlet/trautorizarpermisogoce?e006cc86dccde0702dd23b9d726e8ab6,,gx-no-cache=1524742871420 HTTP/1.1" 200 6416
200.111.191.210 - - [26/Apr/2018:08:41:43 -0300] "GET /cormun/static/Shared/jqueryui/images/ui-bg_highlight-soft_100_c6c2c8_1x100.png HTTP/1.1" 404 1117
200.111.191.210 - - [26/Apr/2018:08:41:43 -0300] "GET /cormun/static/Shared/jqueryui/images/ui-icons_82798d_256x240.png HTTP/1.1" 404 1089
200.111.191.210 - - [26/Apr/2018:08:41:43 -0300] "GET /cormun/static/Shared/jqueryui/images/ui-bg_flat_55_fafafa_40x100.png HTTP/1.1" 404 1097
200.111.191.210 - - [26/Apr/2018:08:41:43 -0300] "GET /cormun/static/Shared/jqueryui/images/ui-icons_8d78a5_256x240.png HTTP/1.1" 404 1089
200.111.191.210 - - [26/Apr/2018:08:41:44 -0300] "POST /cormun/servlet/trautorizarpermisogoce?e006cc86dccde0702dd23b9d726e8ab6,,gx-no-cache=1524742872479 HTTP/1.1" 200 6171
200.111.191.210 - - [26/Apr/2018:08:41:45 -0300] "POST /cormun/servlet/trautorizarpermisogoce?e006cc86dccde0702dd23b9d726e8ab6,,gx-no-cache=1524742873491 HTTP/1.1" 200 5950
200.111.191.210 - - [26/Apr/2018:08:41:46 -0300] "POST /cormun/servlet/trautorizarpermisogoce?e006cc86dccde0702dd23b9d726e8ab6,,gx-no-cache=1524742874452 HTTP/1.1" 200 5684
200.111.191.210 - - [26/Apr/2018:08:41:46 -0300] "POST /cormun/servlet/trautorizarpermisogoce?e006cc86dccde0702dd23b9d726e8ab6,,gx-no-cache=1524742875296 HTTP/1.1" 200 5446
200.111.191.210 - - [26/Apr/2018:08:41:48 -0300] "POST /cormun/servlet/trautorizarpermisogoce?e006cc86dccde0702dd23b9d726e8ab6,,gx-no-cache=1524742876842 HTTP/1.1" 200 5115
200.111.191.210 - - [26/Apr/2018:08:41:49 -0300] "POST /cormun/servlet/trautorizarpermisogoce?e006cc86dccde0702dd23b9d726e8ab6,,gx-no-cache=1524742877917 HTTP/1.1" 200 4357
201.215.248.160 - - [26/Apr/2018:08:42:10 -0300] "GET /cormun/servlet/trpermisosgoce? HTTP/1.1" 200 10794
201.215.248.160 - - [26/Apr/2018:08:42:11 -0300] "GET /cormun/servlet/trpermisosgoce? HTTP/1.1" 200 10799
186.103.156.24 - - [26/Apr/2018:08:42:20 -0300] "GET /cormun/servlet/hlogin HTTP/1.1" 200 1717
186.79.198.172 - - [26/Apr/2018:08:42:28 -0300] "GET /cormun/servlet/trfichaempleado? HTTP/1.1" 200 14006
186.103.156.24 - - [26/Apr/2018:08:42:29 -0300] "POST /cormun/servlet/hlogin?287524e7d68c8e51915394a800966c35,gx-no-cache=1524742893139 HTTP/1.1" 200 90
186.103.156.24 - - [26/Apr/2018:08:42:29 -0300] "GET /cormun/servlet/hpexe_link HTTP/1.1" 200 946
200.112.233.47 - - [26/Apr/2018:08:42:30 -0300] "POST /cormun/servlet/hlogin?6c862c77166ece979f49a3ac710af102,gx-no-cache=1524742894078 HTTP/1.1" 200 423
186.103.156.24 - - [26/Apr/2018:08:42:30 -0300] "GET /cormun/servlet/hhome HTTP/1.1" 200 4226
186.103.156.24 - - [26/Apr/2018:08:42:31 -0300] "GET /cormun/servlet/hhome HTTP/1.1" 200 4222
186.103.156.24 - - [26/Apr/2018:08:42:33 -0300] "GET /cormun/servlet/trsolicitudot? HTTP/1.1" 200 8805
186.103.156.24 - - [26/Apr/2018:08:42:34 -0300] "GET /cormun//static/Resources/PXToolsActionView.png HTTP/1.1" 200 2995
186.103.156.24 - - [26/Apr/2018:08:42:34 -0300] "GET /cormun//static/Resources/PXToolsGridUpdate.png HTTP/1.1" 200 2984
186.103.156.24 - - [26/Apr/2018:08:42:34 -0300] "GET /cormun//static/Resources/PXToolsGridDelete.png HTTP/1.1" 200 357
186.103.156.24 - - [26/Apr/2018:08:42:34 -0300] "GET /cormun//static/Resources/PXToolsRemoveAllAction.png HTTP/1.1" 200 3558
186.103.156.24 - - [26/Apr/2018:08:42:34 -0300] "GET /cormun/servlet/trsolicitudot? HTTP/1.1" 200 8803
200.73.230.197 - - [26/Apr/2018:08:42:39 -0300] "GET /cormun/servlet/hlogin HTTP/1.1" 200 1719
186.103.156.24 - - [26/Apr/2018:08:42:45 -0300] "GET /cormun/servlet/trlicencias? HTTP/1.1" 200 10693
186.103.156.24 - - [26/Apr/2018:08:42:45 -0300] "GET /cormun/servlet/trlicencias? HTTP/1.1" 200 10692
200.73.230.197 - - [26/Apr/2018:08:42:50 -0300] "POST /cormun/servlet/hlogin?5d3d461df3513844b50dc923166f0e6d,gx-no-cache=1524742913646 HTTP/1.1" 200 90
200.73.230.197 - - [26/Apr/2018:08:42:50 -0300] "GET /cormun/servlet/hpexe_link HTTP/1.1" 200 950
200.73.230.197 - - [26/Apr/2018:08:42:50 -0300] "GET /cormun/servlet/hhome HTTP/1.1" 200 3925
200.73.230.197 - - [26/Apr/2018:08:42:52 -0300] "GET /cormun/servlet/hhome HTTP/1.1" 200 3922
186.103.159.46 - - [26/Apr/2018:08:43:29 -0300] "POST /cormun/servlet/solicitudot?gx-no-cache=1524742952826 HTTP/1.1" 200 297
186.103.159.46 - - [26/Apr/2018:08:43:29 -0300] "GET /cormun/servlet/solicitudot?5bbf20755c9e17799566e7eca778bcc9600da192c867ae42ce6859a9bcf2444294aa01978ca9fb473d421b03e9758a355fc6e98d8a9f792423b350c94225ebcd3dd9149d70626be89a77bc4f74d727c976e8ad4accd0dba6f29cd7f143a7a0e158b5304ec0ca89a3ba259e443566bfce782c30ce1aece37244392b75aa6654eb1c7bd5374449544a68e4d3b97cb9f8034e8f3e8a6cfa10f41ce37cccb09e150c34da7a025e5555fc0e8b622e61421740339f105c18e6f9b2c812725b0dc9c950d92d882703edfe83c2222b689f0af9103c7616ccae5b34ec556a1e167bea8ca6b313887870f8b942c12935edbc772c7d46d0adef8d7108796a8adcbc222a11647c732ac6c7abf83130871b610d74402aa848589ae051754c2ccb0ac4deed1259acfb409b3b13c37157a5142a61b4f49f015420897795d148e2c5493039393917189a70f0f1d1aa3ec003f8b5e493785705450c419fbaf3ea01d7f988d5f57036ae6df2f6e1d0a4b6cfd177d1adfbe39a6932d6c21bd27f7d64175e5eea90f9e00c062eb7c439fed900b8273abca186d6,gx-no-cache=1524742953189 HTTP/1.1" 200 30
186.103.159.46 - - [26/Apr/2018:08:43:30 -0300] "POST /cormun/servlet/solicitudot?gx-no-cache=1524742953260 HTTP/1.1" 200 30
186.103.159.46 - - [26/Apr/2018:08:43:30 -0300] "POST /cormun/servlet/solicitudot?gx-no-cache=1524742953334 HTTP/1.1" 200 1368
186.103.159.46 - - [26/Apr/2018:08:43:30 -0300] "POST /cormun/servlet/solicitudot?gx-no-cache=1524742953442 HTTP/1.1" 200 41
186.103.159.46 - - [26/Apr/2018:08:43:30 -0300] "POST /cormun/servlet/solicitudot?gx-no-cache=1524742953509 HTTP/1.1" 200 1350
186.103.159.46 - - [26/Apr/2018:08:43:31 -0300] "POST /cormun/servlet/solicitudot?gx-no-cache=1524742954314 HTTP/1.1" 200 1249
186.103.159.46 - - [26/Apr/2018:08:43:31 -0300] "GET /cormun/servlet/solicitudot?5bbf20755c9e17799566e7eca778bcc9c6c303fbf7f1fd6315497b1f77cef47374ac5fbe5573f2f71831bdddd3f30474,gx-no-cache=1524742954392 HTTP/1.1" 200 30
186.103.159.46 - - [26/Apr/2018:08:43:31 -0300] "POST /cormun/servlet/solicitudot?gx-no-cache=1524742954448 HTTP/1.1" 200 30
200.73.230.197 - - [26/Apr/2018:08:43:41 -0300] "GET /cormun/servlet/trsolicitudot? HTTP/1.1" 200 7139
200.73.230.197 - - [26/Apr/2018:08:43:41 -0300] "GET /cormun/static/gxcfg.js?2017111422585916 HTTP/1.1" 304 -
200.73.230.197 - - [26/Apr/2018:08:43:42 -0300] "GET /cormun/servlet/trsolicitudot? HTTP/1.1" 200 7138
200.73.230.197 - - [26/Apr/2018:08:43:46 -0300] "GET /cormun/servlet/solicitudot?INS,0,0, HTTP/1.1" 200 13364
200.73.230.197 - - [26/Apr/2018:08:43:46 -0300] "GET /cormun/static/gxcfg.js?201812313224582 HTTP/1.1" 304 -
200.73.230.197 - - [26/Apr/2018:08:43:46 -0300] "GET /cormun/static/solicitudot.js?201812313224831 HTTP/1.1" 304 -
200.73.230.197 - - [26/Apr/2018:08:43:47 -0300] "GET /cormun/servlet/solicitudot?INS,0,0, HTTP/1.1" 200 13369
200.112.233.47 - - [26/Apr/2018:08:44:01 -0300] "POST /cormun/servlet/hlogin?6c862c77166ece979f49a3ac710af102,gx-no-cache=1524742985364 HTTP/1.1" 200 90
200.112.233.47 - - [26/Apr/2018:08:44:01 -0300] "GET /cormun/servlet/hpexe_link HTTP/1.1" 200 954
200.112.233.47 - - [26/Apr/2018:08:44:02 -0300] "GET /cormun/servlet/hhome HTTP/1.1" 200 4227
200.112.233.47 - - [26/Apr/2018:08:44:02 -0300] "GET /cormun/static/gxcfg.js?20175251212442 HTTP/1.1" 200 953
200.112.233.47 - - [26/Apr/2018:08:44:03 -0300] "GET /cormun/static/hhome.js?20175251212450 HTTP/1.1" 200 777
200.112.233.47 - - [26/Apr/2018:08:44:11 -0300] "GET /cormun/servlet/hhome HTTP/1.1" 200 4223
186.103.159.182 - - [26/Apr/2018:08:44:34 -0300] "GET /cormun/servlet/hlogin HTTP/1.1" 200 1723
186.103.159.182 - - [26/Apr/2018:08:44:35 -0300] "GET /cormun/static/Resources/Spanish/PXTools.css?11423723 HTTP/1.1" 304 -
186.103.159.182 - - [26/Apr/2018:08:44:35 -0300] "GET /cormun/static/gxtimezone.js?85251 HTTP/1.1" 304 -
