186.103.159.189 - - [26/Apr/2018:15:02:52 -0300] "POST /cormun/servlet/solicitudot?gx-no-cache=1524765716008 HTTP/1.1" 200 1246
186.103.159.44 - - [26/Apr/2018:15:02:54 -0300] "GET /cormun/servlet/licenciaspermisos?INS,0,,, HTTP/1.1" 200 7710
186.103.159.44 - - [26/Apr/2018:15:02:54 -0300] "GET /cormun/static/gxcfg.js?201762917281167 HTTP/1.1" 200 953
186.103.159.44 - - [26/Apr/2018:15:02:54 -0300] "GET /cormun/static/licenciaspermisos.js?201762917281260 HTTP/1.1" 200 37491
200.112.233.47 - - [26/Apr/2018:15:03:39 -0300] "GET /cormun/servlet/solicitudot?14c0aa6948bc0c3f8a7573456d1399c32829130617dcc28a3d89708a07e99f9a,gx-no-cache=1524765763133 HTTP/1.1" 200 94
200.112.233.47 - - [26/Apr/2018:15:03:39 -0300] "GET /cormun/servlet/solicitudot?14c0aa6948bc0c3f8a7573456d1399c38cf775005ebb2c36de9d54537ecb17a0,gx-no-cache=1524765763193 HTTP/1.1" 200 29
200.112.233.47 - - [26/Apr/2018:15:04:04 -0300] "GET /cormun/servlet/solicitudot?14c0aa6948bc0c3f8a7573456d1399c3bb130fe782e364b06af6388ac446bba96150edc0038a565d8b5d180ffcdfb655ecba499c44d1ca25250a79c3833c6dcc239c81b3612488d3c7452c4a4e91ae0794c3c38480cdfbcb1decefc0dbf2689aec952d69e596599579885dc357602433e92a74a616da010ac72233b5853112334cd0b6f3086b9eb838b2b75792748e36465075812246c4c2064c1b3db52da12fd1649d621bfafa5ded8ade88bdfbb5da0216e8ff8bede6ac3b11ffc07400ffef35bf0a44ccc66b246c6c63d1876b2fb448b87fb992c096015c963fc8e00a1ea26b536e09702cfe597e0c93785c33b7d6d531a3793381767b26f6151defe3c91241fccce8f510f40062c8efea9b4bb851e2a48001c97f9128fd599e76e0402296e19c229a944a629b6fdf2147619f68d712f7e66304e0945bc3bda3f08dbe426ea714c9a170974bd11a4475bb18116408,gx-no-cache=1524765788791 HTTP/1.1" 200 255
200.112.233.47 - - [26/Apr/2018:15:04:07 -0300] "GET /cormun/servlet/solicitudot?14c0aa6948bc0c3f8a7573456d1399c3a913f19e0fd1e75b69165a4a4e7ea0f7ddd7f6e4b73ff67db18e23ff8221f14f52774d9c04dc4cedafe04e8a8b26a30ef8672345cb1f6e4709277a7f6024ff549f2857617fbcaab62b862aa4a91dce2d8e1c43c588889cf45d3001ae23bbe7762f2d349941d6d85289f96a3694d2ec052fa5d8c7a622a45045cd89af4fb752d908895d28a97b6c432153a6b56ee8f3468efe510dd69c40286351d5d030afe46ab43c9bb38b183267f7b6ce0f3deaee03e47cce8fb5d55487f194843394adc158935eea86ba98db79a1b3bf37c38a4b7f9d9ab46d45c52d5cef804d9d26bb94bccd2b25764da3635d88551e2a32b3250fe54fb4e9b6ab058fadf7e6bbc27deda752599e141502de8e60d616ba00db8153309e5ab3b9f29540f5474b7fa5e62fdc669666bd598f2a884f5d39121301695bf71d67d2722a965da9afc659bebd6ccaf4ad171f36e392dcd2bd17fe2e62bfa7fa05399983dbd90029199ddf94b936430b5488ca87aeb55d570c54c801ee4000,gx-no-cache=1524765791865 HTTP/1.1" 200 30
186.103.159.189 - - [26/Apr/2018:15:04:16 -0300] "GET /cormun/static/menuarrow.gif HTTP/1.1" 404 1015
200.112.233.47 - - [26/Apr/2018:15:04:27 -0300] "POST /cormun/servlet/solicitudot?gx-no-cache=1524765812053 HTTP/1.1" 200 298
200.112.233.47 - - [26/Apr/2018:15:04:30 -0300] "GET /cormun/servlet/solicitudot?14c0aa6948bc0c3f8a7573456d1399c3a913f19e0fd1e75b69165a4a4e7ea0f7b30679c13e100d14036ec256fb5649dc52774d9c04dc4cedafe04e8a8b26a30ef8672345cb1f6e4709277a7f6024ff549f2857617fbcaab62b862aa4a91dce2d8e1c43c588889cf45d3001ae23bbe7762f2d349941d6d85289f96a3694d2ec052fa5d8c7a622a45045cd89af4fb752d908895d28a97b6c432153a6b56ee8f3468efe510dd69c40286351d5d030afe46ab43c9bb38b183267f7b6ce0f3deaee03e47cce8fb5d55487f194843394adc158935eea86ba98db79a1b3bf37c38a4b7f9d9ab46d45c52d5cef804d9d26bb94bcce5b0f27ce32bc7af18d8c3858caa8e5e54fb4e9b6ab058fadf7e6bbc27deda72aaddc6f3a261fcf0bdeadb42659488ab91575ac7a5239d0e312ffd057b5f424dfa06f154d926a2538d8957b10d99d75daf4c974f67780bb80acaf718e36fa4d0421b924bd3b0b436a847e5fffab34ed4a052d71cdbd0b6baaa972d93954f6ef1d7e5c17594625487e8a160bdef70dfc6f37e40428ad290650f6f3653f0009d0,gx-no-cache=1524765815031 HTTP/1.1" 200 30
186.103.159.189 - - [26/Apr/2018:15:04:33 -0300] "GET /cormun/servlet/solicitudot?ec1db22731821a216bf7182c007077fd2a5e38351dae552ff81ba5ccaf65a51ffa95164c0a791881051277e832ffad39,gx-no-cache=1524765816313 HTTP/1.1" 200 30
186.103.159.189 - - [26/Apr/2018:15:04:40 -0300] "POST /cormun/servlet/solicitudot?gx-no-cache=1524765823383 HTTP/1.1" 200 30
200.112.233.47 - - [26/Apr/2018:15:04:40 -0300] "POST /cormun/servlet/solicitudot?gx-no-cache=1524765824598 HTTP/1.1" 200 30
201.215.248.160 - - [26/Apr/2018:15:05:15 -0300] "GET /cormun/servlet/hhome HTTP/1.1" 200 3405
201.215.248.160 - - [26/Apr/2018:15:05:16 -0300] "GET /cormun/servlet/hhome HTTP/1.1" 200 3414
201.215.248.160 - - [26/Apr/2018:15:05:16 -0300] "GET /cormun/servlet/hlogin HTTP/1.1" 200 1738
201.215.248.160 - - [26/Apr/2018:15:05:32 -0300] "POST /cormun/servlet/hlogin?e4b1ec149b2c8be3ef58bfa51410931b,gx-no-cache=1524765933958 HTTP/1.1" 200 90
201.215.248.160 - - [26/Apr/2018:15:05:33 -0300] "GET /cormun/servlet/hpexe_link HTTP/1.1" 200 956
201.215.248.160 - - [26/Apr/2018:15:05:33 -0300] "GET /cormun/servlet/hhome HTTP/1.1" 200 3994
201.215.248.160 - - [26/Apr/2018:15:05:33 -0300] "GET /cormun/servlet/hhome HTTP/1.1" 200 3991
186.103.159.44 - - [26/Apr/2018:15:05:37 -0300] "GET /cormun/servlet/licenciaspermisos?d15716bea72b853c820414a7cced740bee55f32bec0ae16e7f31782ae81e7a42011481922c3281f3349031e2e9651180,gx-no-cache=1524765883135 HTTP/1.1" 200 94
186.103.159.44 - - [26/Apr/2018:15:05:37 -0300] "POST /cormun/servlet/licenciaspermisos?c36a9a61436d5ac242e71a2e52ceeeca,INS,0,,,,gx-no-cache=1524765883212 HTTP/1.1" 200 4886
201.215.248.160 - - [26/Apr/2018:15:05:39 -0300] "GET /cormun/servlet/trlicencias? HTTP/1.1" 200 11485
201.215.248.160 - - [26/Apr/2018:15:05:40 -0300] "GET /cormun/servlet/trlicencias? HTTP/1.1" 200 11487
186.103.159.189 - - [26/Apr/2018:15:06:10 -0300] "POST /cormun/servlet/solicitudot?51e974db0c60d1f9b98090d35a475462,INS,0,0,,gx-no-cache=1524765913582 HTTP/1.1" 200 11767
186.103.159.189 - - [26/Apr/2018:15:06:10 -0300] "GET /cormun/static/Shared/jqueryui/images/ui-bg_highlight-soft_100_c6c2c8_1x100.png HTTP/1.1" 404 1117
186.103.159.189 - - [26/Apr/2018:15:06:10 -0300] "GET /cormun/static/Shared/jqueryui/images/ui-icons_82798d_256x240.png HTTP/1.1" 404 1089
186.103.159.189 - - [26/Apr/2018:15:06:10 -0300] "GET /cormun/static/Shared/jqueryui/images/ui-bg_flat_55_994d53_40x100.png HTTP/1.1" 404 1097
186.103.159.189 - - [26/Apr/2018:15:06:10 -0300] "GET /cormun/static/Shared/jqueryui/images/ui-icons_ebccce_256x240.png HTTP/1.1" 404 1089
186.103.159.189 - - [26/Apr/2018:15:06:36 -0300] "GET /cormun/servlet/hlogin HTTP/1.1" 200 1718
186.103.159.44 - - [26/Apr/2018:15:06:43 -0300] "GET /cormun/static/menuarrow.gif HTTP/1.1" 404 1015
186.103.159.189 - - [26/Apr/2018:15:06:58 -0300] "POST /cormun/servlet/hlogin?51e974db0c60d1f9b98090d35a475462,gx-no-cache=1524765961219 HTTP/1.1" 200 90
186.103.159.189 - - [26/Apr/2018:15:06:58 -0300] "GET /cormun/servlet/hpexe_link HTTP/1.1" 200 949
186.103.159.189 - - [26/Apr/2018:15:06:58 -0300] "GET /cormun/servlet/hhome HTTP/1.1" 200 4171
186.103.159.189 - - [26/Apr/2018:15:06:59 -0300] "GET /cormun/servlet/hhome HTTP/1.1" 200 4168
186.103.159.189 - - [26/Apr/2018:15:06:59 -0300] "GET /cormun/static/SmoothNavMenu/resources/images/right.gif HTTP/1.1" 200 860
186.103.159.189 - - [26/Apr/2018:15:07:02 -0300] "GET /cormun/servlet/trvisualizadoreventos? HTTP/1.1" 200 6925
186.103.159.189 - - [26/Apr/2018:15:07:02 -0300] "GET /cormun/static/gxcfg.js?20175251251426 HTTP/1.1" 200 953
186.103.159.189 - - [26/Apr/2018:15:07:02 -0300] "GET /cormun/static/trvisualizadoreventos.js?20175251251768 HTTP/1.1" 200 19318
186.103.159.189 - - [26/Apr/2018:15:07:02 -0300] "GET /cormun/static/Resources/PXToolsActionPrint.png HTTP/1.1" 200 3317
186.103.159.189 - - [26/Apr/2018:15:07:03 -0300] "GET /cormun/servlet/trvisualizadoreventos? HTTP/1.1" 200 6924
186.103.159.189 - - [26/Apr/2018:15:07:05 -0300] "GET /cormun/static/menuarrow.gif HTTP/1.1" 404 1015
186.103.159.189 - - [26/Apr/2018:15:07:17 -0300] "POST /cormun/servlet/trvisualizadoreventos?51e974db0c60d1f9b98090d35a475462,,gx-no-cache=1524765980189 HTTP/1.1" 200 7008
186.103.159.189 - - [26/Apr/2018:15:07:17 -0300] "GET /cormun/static/Resources/PXToolsGridNext.gif HTTP/1.1" 200 369
186.103.159.189 - - [26/Apr/2018:15:07:17 -0300] "GET /cormun/static/Resources/PXToolsGridLast.gif HTTP/1.1" 200 370
186.103.159.189 - - [26/Apr/2018:15:07:23 -0300] "POST /cormun/servlet/trvisualizadoreventos?51e974db0c60d1f9b98090d35a475462,,gx-no-cache=1524765986637 HTTP/1.1" 200 7008
186.103.159.189 - - [26/Apr/2018:15:07:25 -0300] "POST /cormun/servlet/trvisualizadoreventos?51e974db0c60d1f9b98090d35a475462,,gx-no-cache=1524765988140 HTTP/1.1" 200 6383
186.103.159.189 - - [26/Apr/2018:15:07:25 -0300] "GET /cormun/static/Resources/PXToolsGridFirst.gif HTTP/1.1" 200 379
186.103.159.189 - - [26/Apr/2018:15:07:25 -0300] "GET /cormun/static/Resources/PXToolsGridPrevious.gif HTTP/1.1" 200 369
200.112.233.47 - - [26/Apr/2018:15:07:41 -0300] "POST /cormun/servlet/solicitudot?gx-no-cache=1524766005890 HTTP/1.1" 200 1363
200.112.233.47 - - [26/Apr/2018:15:07:41 -0300] "POST /cormun/servlet/solicitudot?gx-no-cache=1524766006017 HTTP/1.1" 200 38
200.112.233.47 - - [26/Apr/2018:15:07:41 -0300] "GET /cormun/servlet/solicitudot?14c0aa6948bc0c3f8a7573456d1399c3dd210e3b7cc2840fd6ddc13f8850bd55d531a3793381767b26f6151defe3c91241fccce8f510f40062c8efea9b4bb851060974fd37ef2dbcb6f39dfa7c5812de,gx-no-cache=1524766006059 HTTP/1.1" 200 29
200.112.233.47 - - [26/Apr/2018:15:07:42 -0300] "POST /cormun/servlet/solicitudot?gx-no-cache=1524766006111 HTTP/1.1" 200 1350
200.112.233.47 - - [26/Apr/2018:15:07:42 -0300] "POST /cormun/servlet/solicitudot?gx-no-cache=1524766006170 HTTP/1.1" 200 1246
200.112.233.47 - - [26/Apr/2018:15:07:42 -0300] "GET /cormun/servlet/solicitudot?14c0aa6948bc0c3f8a7573456d1399c322fe98414a1de5c27c82ff8bb545f826,gx-no-cache=1524766006217 HTTP/1.1" 200 30
200.112.233.47 - - [26/Apr/2018:15:07:42 -0300] "POST /cormun/servlet/solicitudot?gx-no-cache=1524766006253 HTTP/1.1" 200 30
200.112.233.47 - - [26/Apr/2018:15:07:42 -0300] "POST /cormun/servlet/solicitudot?565c74b224c5f2568768262ae6c80dcb,INS,0,0,,gx-no-cache=1524766006291 HTTP/1.1" 200 11818
186.67.172.234 - - [26/Apr/2018:15:07:56 -0300] "GET /cormun/servlet/hlogin HTTP/1.1" 200 1721
186.67.172.234 - - [26/Apr/2018:15:08:09 -0300] "POST /cormun/servlet/hlogin?1fe5b4a9adc6a59f4b6be72ae6937a42,gx-no-cache=1524765970921 HTTP/1.1" 200 90
186.67.172.234 - - [26/Apr/2018:15:08:09 -0300] "GET /cormun/servlet/hpexe_link HTTP/1.1" 200 950
186.67.172.234 - - [26/Apr/2018:15:08:09 -0300] "GET /cormun/servlet/hhome HTTP/1.1" 200 4227
186.67.172.234 - - [26/Apr/2018:15:08:09 -0300] "GET /cormun/servlet/hhome HTTP/1.1" 200 4224
186.103.159.44 - - [26/Apr/2018:15:08:10 -0300] "GET /cormun/servlet/licenciaspermisos?d15716bea72b853c820414a7cced740b1ced8a1f704c3494d501b3c23d1346750b4aa44a49b8b8132551682424bf3b4c35d957b322ddc1701d4c9174b1e64c62069d181d5031c85481a6719d30795754a29f4b5151aa2b95596ece46ae1adbf1c0e4c4371d3219989999585c192af2e27e20dc655bedac6029ae28b452ef619ca1168b765519e008b12a7804c68c02717f1ffb25b590af28f3d914897b3fc5580d8f3b8af43116d4633ebd8f8e245f63,gx-no-cache=1524766035529 HTTP/1.1" 200 30
186.103.159.44 - - [26/Apr/2018:15:08:11 -0300] "GET /cormun/servlet/licenciaspermisos?d15716bea72b853c820414a7cced740b14a202fc253336c0b69c7c5acbc3ef35946b2c17139f0c536f40d1e42f4489285b3dccbce41f0bef6a654b410f16b48c879903e286bb3df3072cf1a8b8df5c2f845fbd271f45b7b689ffac4126dbc8012319ad677008170171bfcc95a1556e7b0478b747bc67683d4b3f1797b44779ce2ea20c6f161f42f3d74d634598003444a7e11c07cd4b245a961ac6f5ae48cb5e83aa824e6a46d321b0c70a50a0b3628a,gx-no-cache=1524766035960 HTTP/1.1" 200 29
186.103.159.44 - - [26/Apr/2018:15:08:11 -0300] "POST /cormun/servlet/licenciaspermisos?c36a9a61436d5ac242e71a2e52ceeeca,INS,0,,,,gx-no-cache=1524766036347 HTTP/1.1" 200 93
186.103.159.44 - - [26/Apr/2018:15:08:11 -0300] "GET /cormun/servlet/hpexe_return? HTTP/1.1" 200 1016
186.103.159.44 - - [26/Apr/2018:15:08:11 -0300] "GET /cormun/servlet/trlicencias HTTP/1.1" 200 13689
186.67.172.234 - - [26/Apr/2018:15:08:12 -0300] "GET /cormun/servlet/trsolicitudot? HTTP/1.1" 200 7439
186.67.172.234 - - [26/Apr/2018:15:08:12 -0300] "GET /cormun/servlet/trsolicitudot? HTTP/1.1" 200 7438
186.103.159.44 - - [26/Apr/2018:15:08:17 -0300] "GET /cormun/servlet/trlicenciaspermisosadjuntos?14070981,20180426000000,L, HTTP/1.1" 200 6524
186.103.159.44 - - [26/Apr/2018:15:08:17 -0300] "GET /cormun/static/gxcfg.js?20177612163414 HTTP/1.1" 200 953
186.103.159.44 - - [26/Apr/2018:15:08:17 -0300] "GET /cormun/static/trlicenciaspermisosadjuntos.js?20177612163719 HTTP/1.1" 200 21036
186.67.172.234 - - [26/Apr/2018:15:08:17 -0300] "GET /cormun/servlet/solicitudot?INS,0,0, HTTP/1.1" 200 13662
186.67.172.234 - - [26/Apr/2018:15:08:18 -0300] "GET /cormun/servlet/solicitudot?INS,0,0, HTTP/1.1" 200 13667
201.215.248.160 - - [26/Apr/2018:15:08:19 -0300] "GET /cormun/servlet/trpermisosgoce? HTTP/1.1" 200 11118
201.215.248.160 - - [26/Apr/2018:15:08:20 -0300] "GET /cormun/servlet/trpermisosgoce? HTTP/1.1" 200 11119
201.215.248.160 - - [26/Apr/2018:15:08:24 -0300] "GET /cormun/servlet/permisogoce?INS,0,,, HTTP/1.1" 200 6830
201.215.248.160 - - [26/Apr/2018:15:08:24 -0300] "GET /cormun/servlet/permisogoce?INS,0,,, HTTP/1.1" 200 6830
186.67.172.234 - - [26/Apr/2018:15:08:27 -0300] "POST /cormun/servlet/solicitudot?gx-no-cache=1524765989460 HTTP/1.1" 200 3284
186.67.172.234 - - [26/Apr/2018:15:08:27 -0300] "POST /cormun/servlet/solicitudot?1fe5b4a9adc6a59f4b6be72ae6937a42,INS,0,0,,gx-no-cache=1524765989595 HTTP/1.1" 200 10432
186.67.172.234 - - [26/Apr/2018:15:08:32 -0300] "GET /cormun/servlet/solicitudot?11a5606e11656a257f3b79780dc2b382b27863eebb6d0c79a0ff85d9f25180999a906c9cb8c9c8c43678e66236c504b2,gx-no-cache=1524765994647 HTTP/1.1" 200 30
186.103.159.44 - - [26/Apr/2018:15:08:37 -0300] "GET /cormun/servlet/licenciaspermisosadjuntos?INS,14070981,L,20180426000000,, HTTP/1.1" 200 5825
186.103.159.44 - - [26/Apr/2018:15:08:37 -0300] "GET /cormun/static/gxcfg.js?2017761263592 HTTP/1.1" 200 953
186.103.159.44 - - [26/Apr/2018:15:08:37 -0300] "GET /cormun/static/licenciaspermisosadjuntos.js?201776126362 HTTP/1.1" 200 8760
186.103.159.44 - - [26/Apr/2018:15:08:37 -0300] "HEAD /cormun/static/about:blank HTTP/1.1" 404 -
201.215.248.160 - - [26/Apr/2018:15:08:56 -0300] "GET /cormun/servlet/permisogoce?9c6cb70626f775a6d7fac31dc88d8abfc03cb6e3ad03303e39f8e818d0c48c9b19beef63d6478bf7820913ee0ce2df85,gx-no-cache=1524766137565 HTTP/1.1" 200 226
201.215.248.160 - - [26/Apr/2018:15:08:56 -0300] "GET /cormun/static/Shared/jqueryui/images/ui-bg_highlight-soft_100_c6c2c8_1x100.png HTTP/1.1" 404 1117
201.215.248.160 - - [26/Apr/2018:15:08:56 -0300] "GET /cormun/static/Shared/jqueryui/images/ui-icons_82798d_256x240.png HTTP/1.1" 404 1089
201.215.248.160 - - [26/Apr/2018:15:08:56 -0300] "GET /cormun/static/Shared/jqueryui/images/ui-icons_ebccce_256x240.png HTTP/1.1" 404 1089
201.215.248.160 - - [26/Apr/2018:15:08:56 -0300] "GET /cormun/static/Shared/jqueryui/images/ui-bg_flat_55_994d53_40x100.png HTTP/1.1" 404 1097
186.103.159.44 - - [26/Apr/2018:15:09:59 -0300] "POST /cormun/servlet/licenciaspermisosadjuntos?c36a9a61436d5ac242e71a2e52ceeeca,INS,14070981,L,20180426000000,, HTTP/1.1" 200 116
186.103.159.44 - - [26/Apr/2018:15:09:59 -0300] "GET /cormun/servlet/hpexe_return? HTTP/1.1" 200 1047
186.103.159.44 - - [26/Apr/2018:15:10:00 -0300] "GET /cormun/servlet/trlicenciaspermisosadjuntos?14070981,20180426000000,L, HTTP/1.1" 200 7055
186.103.159.44 - - [26/Apr/2018:15:10:01 -0300] "GET /cormun/PublicTempStorage/licencia_medica_carolina_aburto9050965.pdf HTTP/1.1" 200 1052506
186.103.159.44 - - [26/Apr/2018:15:10:01 -0300] "GET /cormun/PublicTempStorage/licencia_medica_carolina_aburto9050965.pdf HTTP/1.1" 200 1052506
186.67.172.234 - - [26/Apr/2018:15:10:05 -0300] "GET /cormun/servlet/solicitudot?11a5606e11656a257f3b79780dc2b382354691d9513d8f95bccaac3de43dfd8b536519ab3fa10d67f7497ae2d732d3c523ea44d325131be8f83feecd677d6ccd,gx-no-cache=1524766087606 HTTP/1.1" 200 30
186.67.172.234 - - [26/Apr/2018:15:10:05 -0300] "GET /cormun/servlet/solicitudot?11a5606e11656a257f3b79780dc2b382c67959ec7f002788e6003fbc3cff1baf,gx-no-cache=1524766087668 HTTP/1.1" 200 29
186.103.159.44 - - [26/Apr/2018:15:10:07 -0300] "GET /cormun/servlet/trlicencias? HTTP/1.1" 200 13685
186.67.172.234 - - [26/Apr/2018:15:10:09 -0300] "GET /cormun/servlet/prbanco?,MD,,gxPopupLevel%3D0%3B HTTP/1.1" 200 6660
186.67.172.234 - - [26/Apr/2018:15:10:14 -0300] "GET /cormun/servlet/solicitudot?11a5606e11656a257f3b79780dc2b382c28b35864e0e7c9ad317997ef5fa063a,gx-no-cache=1524766096521 HTTP/1.1" 200 53
186.67.172.234 - - [26/Apr/2018:15:10:31 -0300] "POST /cormun/servlet/solicitudot?gx-no-cache=1524766113149 HTTP/1.1" 200 297
186.67.172.234 - - [26/Apr/2018:15:10:31 -0300] "GET /cormun/servlet/solicitudot?11a5606e11656a257f3b79780dc2b3828900d66240a030beca73f95e2dab5b50fb836d10696246e1e62bc57840cef05844305eee86bbc9f5dd9958dca269046c7fd6e8eef748fed49ac5a7283a1b266ff5d8f49c5b580122511c807748c4cac54789de3986a673d01a8919b916e60d933a862f6c3dac8878addc098957086aa13e12dc5869257d1a2b1b3051637d70f6a62e605e3ea3347cfb331e9145eef47b69419ebffca3c7400559bec4b30aea3f8a7d35577f8ed99310dc49242e9e0d873ab3a03f58eed6a11f74329172ebc9be6faffacc342f87a33c00025a719783fedc10901f72b50d537e5577e7369d2d3c3dc60295ff6f535867aca14817f92a6c034553ec7b46a4ba1792b6c507bfb7f181a91de98bf666f36b4eb74a1391ee09db6f5faf1f9b0a7c97e104f8685a0d834c5aacabf1e1723547c507bdd8d768d419ac87c74d5d870ac62e0caa843cc3f7904a7eda8b1cf9da6a0fbb2e2ead7608aec2ff410f0619e9f4ec1e42d75f5f9f3000ccd3dfe538c55f414a410a92f0c186ef74a2e13664b8a38cb2b3b2400074,gx-no-cache=1524766113192 HTTP/1.1" 200 30
186.67.172.234 - - [26/Apr/2018:15:10:33 -0300] "POST /cormun/servlet/solicitudot?gx-no-cache=1524766114929 HTTP/1.1" 200 30
186.67.172.234 - - [26/Apr/2018:15:10:35 -0300] "POST /cormun/servlet/solicitudot?gx-no-cache=1524766117148 HTTP/1.1" 200 1366
186.67.172.234 - - [26/Apr/2018:15:10:35 -0300] "POST /cormun/servlet/solicitudot?gx-no-cache=1524766117224 HTTP/1.1" 200 38
186.103.159.46 - - [26/Apr/2018:15:11:18 -0300] "GET /cormun/servlet/hlogin HTTP/1.1" 200 1728
186.103.159.44 - - [26/Apr/2018:15:11:22 -0300] "GET /cormun/servlet/alicenciaprn?14070981,L,20180426000000,PU HTTP/1.1" 200 1535
201.215.248.160 - - [26/Apr/2018:15:11:29 -0300] "GET /cormun/servlet/permisogoce?9c6cb70626f775a6d7fac31dc88d8abfc03cb6e3ad03303e39f8e818d0c48c9b19beef63d6478bf7820913ee0ce2df85,gx-no-cache=1524766290242 HTTP/1.1" 200 226
186.103.159.44 - - [26/Apr/2018:15:11:49 -0300] "POST /cormun/servlet/trlicencias?c36a9a61436d5ac242e71a2e52ceeeca,,gx-no-cache=1524766253758 HTTP/1.1" 200 11221
186.103.159.44 - - [26/Apr/2018:15:11:49 -0300] "GET /cormun/static/Shared/jqueryui/images/ui-icons_82798d_256x240.png HTTP/1.1" 404 1089
186.103.159.44 - - [26/Apr/2018:15:11:49 -0300] "GET /cormun/static/Shared/jqueryui/images/ui-bg_highlight-soft_100_c6c2c8_1x100.png HTTP/1.1" 404 1117
186.103.159.44 - - [26/Apr/2018:15:11:49 -0300] "GET /cormun/static/Shared/jqueryui/images/ui-bg_flat_55_fafafa_40x100.png HTTP/1.1" 404 1097
186.103.159.44 - - [26/Apr/2018:15:11:49 -0300] "GET /cormun/static/Shared/jqueryui/images/ui-icons_8d78a5_256x240.png HTTP/1.1" 404 1089
192.168.10.96 - - [26/Apr/2018:15:11:57 -0300] "GET /cormun/servlet/trsolicitudgral? HTTP/1.1" 500 10
192.168.10.96 - - [26/Apr/2018:15:11:59 -0300] "GET /cormun/servlet/hlogin HTTP/1.1" 200 1719
192.168.10.96 - - [26/Apr/2018:15:12:00 -0300] "GET /cormun/servlet/hlogin HTTP/1.1" 200 1719
192.168.10.96 - - [26/Apr/2018:15:12:00 -0300] "GET /cormun/servlet/hlogin HTTP/1.1" 200 1730
192.168.10.96 - - [26/Apr/2018:15:12:05 -0300] "POST /cormun/servlet/hlogin?8649d35920801b7e11f792828684cf2f,gx-no-cache=1524766143631 HTTP/1.1" 200 90
192.168.10.96 - - [26/Apr/2018:15:12:05 -0300] "GET /cormun/servlet/hpexe_link HTTP/1.1" 200 950
192.168.10.96 - - [26/Apr/2018:15:12:05 -0300] "GET /cormun/servlet/hhome HTTP/1.1" 200 4702
192.168.10.96 - - [26/Apr/2018:15:12:05 -0300] "GET /cormun/servlet/hhome HTTP/1.1" 200 4701
192.168.10.96 - - [26/Apr/2018:15:12:07 -0300] "GET /cormun/servlet/trsolicitudgral? HTTP/1.1" 200 28393
192.168.10.96 - - [26/Apr/2018:15:12:08 -0300] "GET /cormun/servlet/trsolicitudgral? HTTP/1.1" 200 28391
192.168.10.96 - - [26/Apr/2018:15:12:17 -0300] "POST /cormun/servlet/trsolicitudgral?8649d35920801b7e11f792828684cf2f,,gx-no-cache=1524766155786 HTTP/1.1" 200 5922
192.168.10.96 - - [26/Apr/2018:15:12:20 -0300] "POST /cormun/servlet/trsolicitudgral?8649d35920801b7e11f792828684cf2f,,gx-no-cache=1524766159543 HTTP/1.1" 200 5924
186.67.172.234 - - [26/Apr/2018:15:12:23 -0300] "GET /cormun/servlet/solicitudot?11a5606e11656a257f3b79780dc2b382719b70b3271bc85fcca378ba30de177f6063f2c31e4e884c75aa478bd568d9007bcc1e2a3de461a868d3b8968af190787d03ac29b29ef4d89b7ea0b9c737d9dcfe845dfe70c9beb275ea6a2781bd2a12c424a6cfe10b234b8ef61b1b5dbed692,gx-no-cache=1524766224896 HTTP/1.1" 200 29
186.67.172.234 - - [26/Apr/2018:15:12:23 -0300] "POST /cormun/servlet/solicitudot?gx-no-cache=1524766225009 HTTP/1.1" 200 1349
186.67.172.234 - - [26/Apr/2018:15:12:23 -0300] "POST /cormun/servlet/solicitudot?gx-no-cache=1524766225100 HTTP/1.1" 200 1246
192.168.10.96 - - [26/Apr/2018:15:12:23 -0300] "POST /cormun/servlet/trsolicitudgral?8649d35920801b7e11f792828684cf2f,,gx-no-cache=1524766162213 HTTP/1.1" 200 5924
192.168.10.96 - - [26/Apr/2018:15:12:23 -0300] "POST /cormun/servlet/trsolicitudgral?8649d35920801b7e11f792828684cf2f,,gx-no-cache=1524766162524 HTTP/1.1" 200 5923
192.168.10.96 - - [26/Apr/2018:15:12:27 -0300] "POST /cormun/servlet/trsolicitudgral?8649d35920801b7e11f792828684cf2f,,gx-no-cache=1524766166181 HTTP/1.1" 200 7345
192.168.10.96 - - [26/Apr/2018:15:12:37 -0300] "POST /cormun/servlet/trsolicitudgral?8649d35920801b7e11f792828684cf2f,,gx-no-cache=1524766175181 HTTP/1.1" 200 24334
200.111.191.210 - - [26/Apr/2018:15:13:05 -0300] "GET /cormun/servlet/trpermisosgoce? HTTP/1.1" 200 6101
200.111.191.210 - - [26/Apr/2018:15:13:05 -0300] "GET /cormun/servlet/hlogin HTTP/1.1" 200 1735
200.111.191.210 - - [26/Apr/2018:15:13:05 -0300] "GET /cormun/servlet/trpermisosgoce? HTTP/1.1" 200 6096
200.111.191.210 - - [26/Apr/2018:15:13:14 -0300] "POST /cormun/servlet/hlogin?1bccf539aa99dc828a94c06e3299421c,gx-no-cache=1524766363882 HTTP/1.1" 200 448
200.111.191.210 - - [26/Apr/2018:15:13:17 -0300] "POST /cormun/servlet/hlogin?1bccf539aa99dc828a94c06e3299421c,gx-no-cache=1524766366416 HTTP/1.1" 200 90
200.111.191.210 - - [26/Apr/2018:15:13:17 -0300] "GET /cormun/servlet/hpexe_link HTTP/1.1" 200 953
200.111.191.210 - - [26/Apr/2018:15:13:17 -0300] "GET /cormun/servlet/trpermisosgoce HTTP/1.1" 200 12980
200.111.191.210 - - [26/Apr/2018:15:13:18 -0300] "GET /cormun/servlet/trpermisosgoce HTTP/1.1" 200 12965
200.111.191.210 - - [26/Apr/2018:15:13:21 -0300] "GET /cormun/servlet/trpermisosgoce? HTTP/1.1" 200 12977
200.111.191.210 - - [26/Apr/2018:15:13:22 -0300] "GET /cormun/servlet/trpermisosgoce? HTTP/1.1" 200 12977
200.111.191.210 - - [26/Apr/2018:15:13:23 -0300] "GET /cormun/servlet/permisogoce?INS,0,,, HTTP/1.1" 200 6791
200.111.191.210 - - [26/Apr/2018:15:13:23 -0300] "GET /cormun/servlet/permisogoce?INS,0,,, HTTP/1.1" 200 6790
186.67.172.234 - - [26/Apr/2018:15:13:29 -0300] "GET /cormun/servlet/hlogin HTTP/1.1" 200 1720
200.111.191.210 - - [26/Apr/2018:15:13:31 -0300] "GET /cormun/servlet/permisogoce?a4f9a8377fd062937988f346f220e6b91a2b747aacea16c7c1fcd5ae4df66919107c9e733494ec90ce4e84f0a544ae634e4f1fbbcf5f02d029e4fb56731dde46,gx-no-cache=1524766380098 HTTP/1.1" 200 81
186.67.172.234 - - [26/Apr/2018:15:13:38 -0300] "POST /cormun/servlet/hlogin?f1b7049b63432e128cc80b55a2e17c11,gx-no-cache=1524766300547 HTTP/1.1" 200 90
186.67.172.234 - - [26/Apr/2018:15:13:38 -0300] "GET /cormun/servlet/hpexe_link HTTP/1.1" 200 948
186.67.172.234 - - [26/Apr/2018:15:13:38 -0300] "GET /cormun/servlet/hhome HTTP/1.1" 200 4225
186.67.172.234 - - [26/Apr/2018:15:13:39 -0300] "GET /cormun/servlet/hhome HTTP/1.1" 200 4221
186.67.172.234 - - [26/Apr/2018:15:13:41 -0300] "GET /cormun/servlet/trsolicitudot? HTTP/1.1" 200 7438
186.67.172.234 - - [26/Apr/2018:15:13:42 -0300] "GET /cormun/servlet/trsolicitudot? HTTP/1.1" 200 7437
186.67.172.234 - - [26/Apr/2018:15:13:45 -0300] "GET /cormun/servlet/solicitudot?INS,0,0, HTTP/1.1" 200 13660
200.111.191.210 - - [26/Apr/2018:15:13:49 -0300] "GET /cormun/servlet/permisogoce?a4f9a8377fd062937988f346f220e6b9381ca821aad3726d26bb0374d54728b82ea2424ce3cd138bdc7c13f3df2d91a4210d41b6657b36a73be2c3bcc9e4f622,gx-no-cache=1524766398541 HTTP/1.1" 200 47
186.67.172.234 - - [26/Apr/2018:15:13:52 -0300] "GET /cormun/servlet/solicitudot?INS,0,0, HTTP/1.1" 200 13665
200.111.191.210 - - [26/Apr/2018:15:13:57 -0300] "POST /cormun/servlet/permisogoce?1bccf539aa99dc828a94c06e3299421c,INS,0,,,,gx-no-cache=1524766405851 HTTP/1.1" 200 93
200.111.191.210 - - [26/Apr/2018:15:13:57 -0300] "GET /cormun/servlet/hpexe_return? HTTP/1.1" 200 1007
200.111.191.210 - - [26/Apr/2018:15:13:57 -0300] "GET /cormun/servlet/trpermisosgoce HTTP/1.1" 200 13326
200.111.191.210 - - [26/Apr/2018:15:13:57 -0300] "GET /cormun/servlet/trpermisosgoce HTTP/1.1" 200 13322
200.111.191.210 - - [26/Apr/2018:15:13:59 -0300] "GET /cormun/servlet/apermisogoceprn?15589626,P,20180426151022,PU HTTP/1.1" 200 1662
186.67.172.234 - - [26/Apr/2018:15:14:00 -0300] "POST /cormun/servlet/solicitudot?gx-no-cache=1524766322566 HTTP/1.1" 200 3284
186.67.172.234 - - [26/Apr/2018:15:14:01 -0300] "POST /cormun/servlet/solicitudot?f1b7049b63432e128cc80b55a2e17c11,INS,0,0,,gx-no-cache=1524766322806 HTTP/1.1" 200 10430
186.67.172.234 - - [26/Apr/2018:15:14:04 -0300] "GET /cormun/servlet/solicitudot?7f939fd4ea4118fd32a930d1b1fed3c6ec48c112456c335e855023dd1c6c50a4b9277578d87d071a3d55bf7eae07b323,gx-no-cache=1524766326348 HTTP/1.1" 200 30
186.103.159.189 - - [26/Apr/2018:15:14:29 -0300] "GET /cormun/servlet/hlogin HTTP/1.1" 200 1718
186.103.159.189 - - [26/Apr/2018:15:14:41 -0300] "POST /cormun/servlet/hlogin?51e974db0c60d1f9b98090d35a475462,gx-no-cache=1524766424584 HTTP/1.1" 200 90
186.103.159.189 - - [26/Apr/2018:15:14:41 -0300] "GET /cormun/servlet/hpexe_link HTTP/1.1" 200 949
186.103.159.189 - - [26/Apr/2018:15:14:41 -0300] "GET /cormun/servlet/hhome HTTP/1.1" 200 3982
186.103.159.189 - - [26/Apr/2018:15:14:43 -0300] "GET /cormun/servlet/hhome HTTP/1.1" 200 3979
186.103.159.189 - - [26/Apr/2018:15:14:53 -0300] "GET /cormun/servlet/trsolicitudot? HTTP/1.1" 200 9806
186.103.159.189 - - [26/Apr/2018:15:14:55 -0300] "GET /cormun/servlet/trsolicitudot? HTTP/1.1" 200 9804
186.103.159.189 - - [26/Apr/2018:15:14:58 -0300] "GET /cormun/servlet/solicitudot?INS,0,0, HTTP/1.1" 200 13432
186.103.159.189 - - [26/Apr/2018:15:14:59 -0300] "GET /cormun/servlet/solicitudot?INS,0,0, HTTP/1.1" 200 13437
186.103.159.189 - - [26/Apr/2018:15:15:01 -0300] "GET /cormun/servlet/prfichaempleado?,MD,,gxPopupLevel%3D0%3B HTTP/1.1" 200 9335
186.103.159.189 - - [26/Apr/2018:15:15:24 -0300] "POST /cormun/servlet/prfichaempleado?51e974db0c60d1f9b98090d35a475462,,MD,,gxPopupLevel%3D0%3B,gx-no-cache=1524766467716 HTTP/1.1" 200 3179
186.103.159.189 - - [26/Apr/2018:15:15:30 -0300] "POST /cormun/servlet/prfichaempleado?51e974db0c60d1f9b98090d35a475462,,MD,,gxPopupLevel%3D0%3B,gx-no-cache=1524766473965 HTTP/1.1" 200 3179
186.103.159.189 - - [26/Apr/2018:15:15:32 -0300] "POST /cormun/servlet/prfichaempleado?51e974db0c60d1f9b98090d35a475462,,MD,,gxPopupLevel%3D0%3B,gx-no-cache=1524766475495 HTTP/1.1" 200 3179
186.103.159.189 - - [26/Apr/2018:15:15:32 -0300] "POST /cormun/servlet/prfichaempleado?51e974db0c60d1f9b98090d35a475462,,MD,,gxPopupLevel%3D0%3B,gx-no-cache=1524766475749 HTTP/1.1" 200 3179
186.103.159.189 - - [26/Apr/2018:15:15:33 -0300] "POST /cormun/servlet/prfichaempleado?51e974db0c60d1f9b98090d35a475462,,MD,,gxPopupLevel%3D0%3B,gx-no-cache=1524766476367 HTTP/1.1" 200 3179
186.103.159.189 - - [26/Apr/2018:15:15:33 -0300] "POST /cormun/servlet/prfichaempleado?51e974db0c60d1f9b98090d35a475462,,MD,,gxPopupLevel%3D0%3B,gx-no-cache=1524766476695 HTTP/1.1" 200 3179
186.67.172.234 - - [26/Apr/2018:15:15:35 -0300] "GET /cormun/servlet/prbanco?,MD,,gxPopupLevel%3D0%3B HTTP/1.1" 200 6657
186.67.172.234 - - [26/Apr/2018:15:15:41 -0300] "GET /cormun/servlet/solicitudot?7f939fd4ea4118fd32a930d1b1fed3c690336242d284bcafe167a0126ad33166,gx-no-cache=1524766423326 HTTP/1.1" 200 94
186.67.172.234 - - [26/Apr/2018:15:15:41 -0300] "GET /cormun/static/Shared/jqueryui/images/ui-bg_highlight-soft_100_c6c2c8_1x100.png HTTP/1.1" 404 1117
186.67.172.234 - - [26/Apr/2018:15:15:41 -0300] "GET /cormun/static/Shared/jqueryui/images/ui-icons_82798d_256x240.png HTTP/1.1" 404 1089
186.67.172.234 - - [26/Apr/2018:15:15:41 -0300] "GET /cormun/static/Shared/jqueryui/images/ui-bg_flat_55_994d53_40x100.png HTTP/1.1" 404 1097
186.67.172.234 - - [26/Apr/2018:15:15:41 -0300] "GET /cormun/static/Shared/jqueryui/images/ui-icons_ebccce_256x240.png HTTP/1.1" 404 1089
186.67.172.234 - - [26/Apr/2018:15:15:44 -0300] "GET /cormun/servlet/prbanco?,MD,,gxPopupLevel%3D0%3B HTTP/1.1" 200 6657
186.103.159.189 - - [26/Apr/2018:15:15:46 -0300] "POST /cormun/servlet/solicitudot?gx-no-cache=1524766489116 HTTP/1.1" 200 3284
186.103.159.189 - - [26/Apr/2018:15:15:46 -0300] "POST /cormun/servlet/solicitudot?51e974db0c60d1f9b98090d35a475462,INS,0,0,,gx-no-cache=1524766489322 HTTP/1.1" 200 10248
186.103.159.189 - - [26/Apr/2018:15:15:52 -0300] "GET /cormun/servlet/solicitudot?ec1db22731821a216bf7182c007077fd52b0319843c09c200c90e525f1254a1788eb7f989906f3dab14cf6eb0f46ac13,gx-no-cache=1524766495911 HTTP/1.1" 200 30
186.103.159.44 - - [26/Apr/2018:15:16:12 -0300] "GET /cormun/servlet/trlicencias? HTTP/1.1" 200 13561
200.54.247.70 - - [26/Apr/2018:15:16:13 -0300] "GET /cormun/servlet/hlogin HTTP/1.1" 200 1717
200.54.247.70 - - [26/Apr/2018:15:16:13 -0300] "GET /cormun/static/Resources/Spanish/PXTools.css?11423723 HTTP/1.1" 304 -
200.54.247.70 - - [26/Apr/2018:15:16:13 -0300] "GET /cormun/static/messages.spa.js?85251 HTTP/1.1" 304 -
200.54.247.70 - - [26/Apr/2018:15:16:13 -0300] "GET /cormun/static/Resources/ComunLogin.png HTTP/1.1" 304 -
200.54.247.70 - - [26/Apr/2018:15:16:13 -0300] "GET /cormun/static/gxcfg.js?20175251213516 HTTP/1.1" 304 -
200.54.247.70 - - [26/Apr/2018:15:16:13 -0300] "GET /cormun/static/gxtimezone.js?85251 HTTP/1.1" 304 -
200.54.247.70 - - [26/Apr/2018:15:16:13 -0300] "GET /cormun/static/gxgral.js?85251 HTTP/1.1" 304 -
200.54.247.70 - - [26/Apr/2018:15:16:13 -0300] "GET /cormun/static/hlogin.js?20175251213537 HTTP/1.1" 304 -
200.54.247.70 - - [26/Apr/2018:15:16:14 -0300] "GET /cormun/static/Resources/PXToolsButtonLeft21.png HTTP/1.1" 304 -
200.54.247.70 - - [26/Apr/2018:15:16:14 -0300] "GET /cormun/static/Resources/PXToolsButtonRight21.png HTTP/1.1" 304 -
200.54.247.70 - - [26/Apr/2018:15:16:14 -0300] "GET /cormun/static/Resources/PXToolsButtonBackground2.png HTTP/1.1" 304 -
200.54.247.70 - - [26/Apr/2018:15:16:14 -0300] "GET /cormun/static/Resources/PXToolsLoginBackground.png HTTP/1.1" 304 -
200.54.247.70 - - [26/Apr/2018:15:16:14 -0300] "GET /cormun/static/Resources/PXToolsLoginTop.png HTTP/1.1" 304 -
200.54.247.70 - - [26/Apr/2018:15:16:14 -0300] "GET /cormun/static/Resources/indicator.gif HTTP/1.1" 304 -
200.54.247.70 - - [26/Apr/2018:15:16:14 -0300] "GET /cormun/static/Resources/PXToolsLoginBottom.png HTTP/1.1" 304 -
200.54.247.70 - - [26/Apr/2018:15:16:27 -0300] "POST /cormun/servlet/hlogin?a88819f31a074e04852a1e805ba764c4,gx-no-cache=1524766529310 HTTP/1.1" 200 90
200.54.247.70 - - [26/Apr/2018:15:16:27 -0300] "GET /cormun/servlet/hpexe_link HTTP/1.1" 200 951
200.54.247.70 - - [26/Apr/2018:15:16:27 -0300] "GET /cormun/servlet/hhome HTTP/1.1" 200 4234
186.67.172.234 - - [26/Apr/2018:15:16:31 -0300] "GET /cormun/servlet/solicitudot?7f939fd4ea4118fd32a930d1b1fed3c6a3ca95830741a65e2946f3ea54231f3c31666d23c4c3db871f8431b9a1b3abc76fc430d2857e63089a1d82bcbae7660a,gx-no-cache=1524766473551 HTTP/1.1" 200 30
186.67.172.234 - - [26/Apr/2018:15:16:31 -0300] "GET /cormun/servlet/solicitudot?7f939fd4ea4118fd32a930d1b1fed3c65e626bd08eb05883ea6b206e2e570ca6,gx-no-cache=1524766473689 HTTP/1.1" 200 53
200.54.247.70 - - [26/Apr/2018:15:16:45 -0300] "GET /cormun/servlet/trsolicitudot? HTTP/1.1" 200 8812
200.54.247.70 - - [26/Apr/2018:15:16:48 -0300] "POST /cormun/servlet/trsolicitudot?a88819f31a074e04852a1e805ba764c4,,gx-no-cache=1524766550007 HTTP/1.1" 200 107
200.54.247.70 - - [26/Apr/2018:15:16:48 -0300] "GET /cormun/servlet/trsolicitudadjuntos?2018,11236, HTTP/1.1" 200 9655
186.67.172.234 - - [26/Apr/2018:15:16:48 -0300] "POST /cormun/servlet/solicitudot?gx-no-cache=1524766490545 HTTP/1.1" 200 297
186.67.172.234 - - [26/Apr/2018:15:16:48 -0300] "GET /cormun/servlet/solicitudot?7f939fd4ea4118fd32a930d1b1fed3c60d10ca202ee8502c5280379eb08705fc047b477dbbe2035df23b5f4f31a65577e484494baa5af4e2aa8790cd9047889dbf0834af26500ee532b345bfab5b9853216dc2782bff80b02331e0d4894cfe99b7fdcb520849625d167b6d843fa35277fef1e1ee9033f199b9f497577bab5d3fc35a83e0a0f97179abab0fb1060986e3b1683e467d94d8961bf7ea584897ea0fdf343c7566341205b69a85d9c5dc1c1153122533f9a57f209638b73106638eb956ebc981a8cef5ff6e1a580109b36e883f467ae1c8e0bcb8ffb94dbe419d0b0736762ef03efed7b03d1c5f99fecd11f1f1427df43c228d24946df23041d22e576ee041c5b8542fef901feac44fb188648615b4ebb1d90bb78e1f9c371015635be6400e62a4cb2263f8cc595405b533c4b461682f86087bb98b781930d82ab6d257718e472f64b0fbc33bf752a8c379e5d696a57e90f4c9151c22dcd396e808be453ef8555130d13341aaa2856801f4f10c6debb7b775448b3eca5d28b961ce056985f175cc8cf59820da714b613e19a5,gx-no-cache=1524766490598 HTTP/1.1" 200 30
186.67.172.234 - - [26/Apr/2018:15:16:50 -0300] "POST /cormun/servlet/solicitudot?gx-no-cache=1524766492197 HTTP/1.1" 200 30
186.67.172.234 - - [26/Apr/2018:15:16:52 -0300] "POST /cormun/servlet/solicitudot?gx-no-cache=1524766493871 HTTP/1.1" 200 1366
186.67.172.234 - - [26/Apr/2018:15:16:52 -0300] "POST /cormun/servlet/solicitudot?gx-no-cache=1524766493968 HTTP/1.1" 200 38
200.54.247.70 - - [26/Apr/2018:15:16:54 -0300] "GET /cormun/servlet/solicitudotadjuntos?INS,2018,11236,,1, HTTP/1.1" 200 6277
200.54.247.70 - - [26/Apr/2018:15:16:55 -0300] "HEAD /cormun/static/about:blank HTTP/1.1" 404 -
200.54.247.70 - - [26/Apr/2018:15:16:56 -0300] "GET /cormun/servlet/solicitudotadjuntos?0515103f1db2d6dc7216c0897d1c78b43b768b190de07687defe6d4d328b817351e8d4776f0f4e34433cdbb07b5d5644,gx-no-cache=1524766558190 HTTP/1.1" 200 30
200.54.247.70 - - [26/Apr/2018:15:16:56 -0300] "POST /cormun/servlet/solicitudotadjuntos?a88819f31a074e04852a1e805ba764c4,INS,2018,11236,,1,,gx-no-cache=1524766558214 HTTP/1.1" 200 3983
186.103.159.189 - - [26/Apr/2018:15:17:00 -0300] "GET /cormun/servlet/solicitudot?ec1db22731821a216bf7182c007077fdee6bbc4bdb4d19e22e53bc1c19611a66,gx-no-cache=1524766563984 HTTP/1.1" 200 94
186.103.159.189 - - [26/Apr/2018:15:17:00 -0300] "GET /cormun/static/Shared/jqueryui/images/ui-bg_highlight-soft_100_c6c2c8_1x100.png HTTP/1.1" 404 1117
186.103.159.189 - - [26/Apr/2018:15:17:00 -0300] "GET /cormun/static/Shared/jqueryui/images/ui-icons_82798d_256x240.png HTTP/1.1" 404 1089
186.103.159.189 - - [26/Apr/2018:15:17:00 -0300] "GET /cormun/static/Shared/jqueryui/images/ui-bg_flat_55_994d53_40x100.png HTTP/1.1" 404 1097
186.103.159.189 - - [26/Apr/2018:15:17:00 -0300] "GET /cormun/static/Shared/jqueryui/images/ui-icons_ebccce_256x240.png HTTP/1.1" 404 1089
186.103.159.189 - - [26/Apr/2018:15:17:00 -0300] "GET /cormun/servlet/solicitudot?ec1db22731821a216bf7182c007077fd9aea5d2d9d5691f6cb5b34697d489433,gx-no-cache=1524766564114 HTTP/1.1" 200 29
200.54.247.70 - - [26/Apr/2018:15:17:14 -0300] "POST /cormun/servlet/solicitudotadjuntos?gx-no-cache=1524766576527 HTTP/1.1" 200 26
200.54.247.70 - - [26/Apr/2018:15:17:22 -0300] "GET /cormun/servlet/solicitudotadjuntos?0515103f1db2d6dc7216c0897d1c78b40729f597315ff2bdfd8b926bd78a3dd6,gx-no-cache=1524766584439 HTTP/1.1" 200 30
200.54.247.70 - - [26/Apr/2018:15:17:22 -0300] "GET /cormun/servlet/solicitudotadjuntos?0515103f1db2d6dc7216c0897d1c78b40729f597315ff2bdfd8b926bd78a3dd6,gx-no-cache=1524766584484 HTTP/1.1" 200 30
200.54.247.70 - - [26/Apr/2018:15:17:23 -0300] "POST /cormun/servlet/solicitudotadjuntos?a88819f31a074e04852a1e805ba764c4,INS,2018,11236,,1, HTTP/1.1" 200 116
200.54.247.70 - - [26/Apr/2018:15:17:23 -0300] "GET /cormun/servlet/hpexe_return? HTTP/1.1" 200 1024
200.54.247.70 - - [26/Apr/2018:15:17:24 -0300] "GET /cormun/servlet/trsolicitudadjuntos?2018,11236, HTTP/1.1" 200 10001
200.54.247.70 - - [26/Apr/2018:15:17:28 -0300] "GET /cormun/servlet/trsolicitudot? HTTP/1.1" 200 8817
186.103.159.189 - - [26/Apr/2018:15:17:29 -0300] "GET /cormun/servlet/solicitudot?ec1db22731821a216bf7182c007077fd28df30fd118c6cddaad6884caaf5b57296983a707f2b6d5098cb359ff028d01ffe46a787b827d056915d1e0a58b9770b,gx-no-cache=1524766593021 HTTP/1.1" 200 30
186.103.159.189 - - [26/Apr/2018:15:17:30 -0300] "POST /cormun/servlet/solicitudot?gx-no-cache=1524766593177 HTTP/1.1" 200 297
186.103.159.189 - - [26/Apr/2018:15:17:30 -0300] "GET /cormun/servlet/solicitudot?ec1db22731821a216bf7182c007077fdf3e5d9d5c8c8fe0dee7ca901050c9782cd1ecb60def462996e2949177f30c03e1a386cbdf8432b0846deb25927a42fb7d867663c1fcf2514b339b04c108551bbe38183ef1c523fdda8d4038c9acb5bc8e6482dce1febdba891350fdcd793c9c2d9273e8a5b53b7e36738f3eb4f2415bd3d2460fd07a6491017ad3da61636fc7d4f108bb53bd03798f84237dcc77e19b84ad090179f329ac1e71f42ed92c6f12b27ab34115b424d4f5d19e6132e48b1edd818a62914afa94b96d5a5df6086aaf7c0bc765737dea486755f697f26cc5aae70802bec58d8047bee6724fb7c4878f9af66ab5c608bf068d4f0727f779d8ee000b283d2f186e02835dc6614f2b0ac0de4b03d1d7707c6973f63bc72b7d8b10b60f2197ab79029a1366f66d61a07c46c0efd05d6d5559585e17a956041c2cf8a90447082ccea7bb9c396770ec55e21031c3aa71d86f09b81f1990fd79061ba3f833bfc5a50841e8ed8f57a59dc2094eb1373702bdb78bd753f7f7949da1504aaf0ff3ee2e283684f263fc8f104a29400,gx-no-cache=1524766593298 HTTP/1.1" 200 30
186.103.159.189 - - [26/Apr/2018:15:17:32 -0300] "POST /cormun/servlet/solicitudot?gx-no-cache=1524766595846 HTTP/1.1" 200 30
200.54.247.70 - - [26/Apr/2018:15:17:33 -0300] "POST /cormun/servlet/trsolicitudot?a88819f31a074e04852a1e805ba764c4,,gx-no-cache=1524766594860 HTTP/1.1" 200 4695
186.103.159.189 - - [26/Apr/2018:15:17:34 -0300] "GET /cormun/servlet/prsolicitudot?187986300,,,,,MD,,gxPopupLevel%3D0%3B HTTP/1.1" 200 5670
186.103.159.189 - - [26/Apr/2018:15:17:34 -0300] "GET /cormun/static/gxcfg.js?2017111422591492 HTTP/1.1" 200 953
186.103.159.189 - - [26/Apr/2018:15:17:34 -0300] "GET /cormun/static/prsolicitudot.js?2017111422591715 HTTP/1.1" 200 13680
200.54.247.70 - - [26/Apr/2018:15:17:36 -0300] "POST /cormun/servlet/trsolicitudot?a88819f31a074e04852a1e805ba764c4,,gx-no-cache=1524766598490 HTTP/1.1" 200 4466
200.54.247.70 - - [26/Apr/2018:15:17:37 -0300] "GET /cormun/static/Shared/jqueryui/images/ui-icons_82798d_256x240.png HTTP/1.1" 404 1089
200.54.247.70 - - [26/Apr/2018:15:17:37 -0300] "GET /cormun/static/Shared/jqueryui/images/ui-bg_flat_55_fafafa_40x100.png HTTP/1.1" 404 1097
200.54.247.70 - - [26/Apr/2018:15:17:37 -0300] "GET /cormun/static/Shared/jqueryui/images/ui-bg_highlight-soft_100_c6c2c8_1x100.png HTTP/1.1" 404 1117
200.54.247.70 - - [26/Apr/2018:15:17:37 -0300] "GET /cormun/static/Shared/jqueryui/images/ui-icons_8d78a5_256x240.png HTTP/1.1" 404 1089
186.103.159.189 - - [26/Apr/2018:15:17:40 -0300] "POST /cormun/servlet/solicitudot?gx-no-cache=1524766603162 HTTP/1.1" 200 1366
186.103.159.189 - - [26/Apr/2018:15:17:40 -0300] "POST /cormun/servlet/solicitudot?gx-no-cache=1524766603325 HTTP/1.1" 200 38
186.103.159.189 - - [26/Apr/2018:15:17:40 -0300] "GET /cormun/servlet/solicitudot?ec1db22731821a216bf7182c007077fdb580c0e7448d8d33c7e614af6a28501c3cfc6444f5fdda5da057a7c062a5e4825e9f8ec22f3b643265fa20114cebdfe7c4e5fa012a2f108803f68ce7f0b6faebeb06b4568f72334d68b2543abc239c9cf0f1708ec85468a01f68f3d77a4563cf,gx-no-cache=1524766603369 HTTP/1.1" 200 29
186.103.159.189 - - [26/Apr/2018:15:17:40 -0300] "POST /cormun/servlet/solicitudot?gx-no-cache=1524766603416 HTTP/1.1" 200 1350
186.103.159.189 - - [26/Apr/2018:15:17:40 -0300] "POST /cormun/servlet/solicitudot?gx-no-cache=1524766603533 HTTP/1.1" 200 1246
186.103.159.189 - - [26/Apr/2018:15:17:40 -0300] "GET /cormun/servlet/solicitudot?ec1db22731821a216bf7182c007077fdfc5550c78234ad08323bf96d4406d061,gx-no-cache=1524766603639 HTTP/1.1" 200 30
200.54.247.70 - - [26/Apr/2018:15:17:40 -0300] "GET /cormun/servlet/trautorizarsolicitud? HTTP/1.1" 200 8710
186.103.159.189 - - [26/Apr/2018:15:17:41 -0300] "GET /cormun/servlet/prpersonalsolicitud?187986300,,,,,MD,,gxPopupLevel%3D0%3B HTTP/1.1" 200 5675
186.103.159.189 - - [26/Apr/2018:15:17:41 -0300] "GET /cormun/static/gxcfg.js?20175251253686 HTTP/1.1" 200 953
186.103.159.189 - - [26/Apr/2018:15:17:41 -0300] "GET /cormun/static/prpersonalsolicitud.js?20175251253921 HTTP/1.1" 200 13873
200.54.247.70 - - [26/Apr/2018:15:17:44 -0300] "POST /cormun/servlet/trautorizarsolicitud?a88819f31a074e04852a1e805ba764c4,,gx-no-cache=1524766606345 HTTP/1.1" 200 4617
200.54.247.70 - - [26/Apr/2018:15:17:45 -0300] "POST /cormun/servlet/trautorizarsolicitud?a88819f31a074e04852a1e805ba764c4,,gx-no-cache=1524766606923 HTTP/1.1" 200 4386
200.54.247.70 - - [26/Apr/2018:15:17:45 -0300] "GET /cormun/static/Shared/jqueryui/images/ui-icons_82798d_256x240.png HTTP/1.1" 404 1089
200.54.247.70 - - [26/Apr/2018:15:17:45 -0300] "GET /cormun/static/Shared/jqueryui/images/ui-bg_flat_55_fafafa_40x100.png HTTP/1.1" 404 1097
200.54.247.70 - - [26/Apr/2018:15:17:45 -0300] "GET /cormun/static/Shared/jqueryui/images/ui-icons_8d78a5_256x240.png HTTP/1.1" 404 1089
200.54.247.70 - - [26/Apr/2018:15:17:45 -0300] "GET /cormun/static/Shared/jqueryui/images/ui-bg_highlight-soft_100_c6c2c8_1x100.png HTTP/1.1" 404 1117
186.103.159.189 - - [26/Apr/2018:15:17:48 -0300] "POST /cormun/servlet/prpersonalsolicitud?51e974db0c60d1f9b98090d35a475462,187986300,,,,,MD,,gxPopupLevel%3D0%3B,gx-no-cache=1524766611310 HTTP/1.1" 200 3082
186.67.172.234 - - [26/Apr/2018:15:17:53 -0300] "GET /cormun/servlet/solicitudot?7f939fd4ea4118fd32a930d1b1fed3c68671874a8dc8466d7320fd9a5c96c56d44dab9922607badadf75cc17530c07049c493b2f1e8d6d6d24ee4965f9debae42f20c24c19b3a6819603cb9a7ea803bb17b38144deb1fb5af8220241e5e9821e2d90896990714383ec97b44849a188a5,gx-no-cache=1524766554699 HTTP/1.1" 200 29
186.67.172.234 - - [26/Apr/2018:15:17:54 -0300] "POST /cormun/servlet/solicitudot?gx-no-cache=1524766556580 HTTP/1.1" 200 1349
186.103.159.189 - - [26/Apr/2018:15:17:55 -0300] "GET /cormun/servlet/prsolicitudot?187986300,,,,,MD,,gxPopupLevel%3D0%3B HTTP/1.1" 200 5670
186.103.159.189 - - [26/Apr/2018:15:18:11 -0300] "GET /cormun/servlet/prsolicitudot?187986300,,,,,MD,,gxPopupLevel%3D0%3B HTTP/1.1" 200 5670
186.103.159.189 - - [26/Apr/2018:15:18:38 -0300] "POST /cormun/servlet/solicitudot?gx-no-cache=1524766661987 HTTP/1.1" 200 1366
186.103.159.189 - - [26/Apr/2018:15:18:38 -0300] "POST /cormun/servlet/solicitudot?gx-no-cache=1524766662123 HTTP/1.1" 200 38
200.54.247.70 - - [26/Apr/2018:15:19:20 -0300] "GET /cormun/servlet/trsolicitudot? HTTP/1.1" 200 7450
200.54.247.70 - - [26/Apr/2018:15:19:24 -0300] "GET /cormun/servlet/solicitudot?INS,0,0, HTTP/1.1" 200 13679
200.54.247.70 - - [26/Apr/2018:15:20:18 -0300] "POST /cormun/servlet/solicitudot?gx-no-cache=1524766760269 HTTP/1.1" 200 3409
200.54.247.70 - - [26/Apr/2018:15:20:19 -0300] "POST /cormun/servlet/solicitudot?a88819f31a074e04852a1e805ba764c4,INS,0,0,,gx-no-cache=1524766760843 HTTP/1.1" 200 10584
186.103.159.189 - - [26/Apr/2018:15:20:27 -0300] "POST /cormun/servlet/solicitudot?gx-no-cache=1524766770418 HTTP/1.1" 200 254
200.54.247.70 - - [26/Apr/2018:15:20:30 -0300] "GET /cormun/servlet/solicitudot?0515103f1db2d6dc7216c0897d1c78b43b0612e12f7740b49bc411a98a639295a200c999ae6f93b46ad7d5a49d853e01,gx-no-cache=1524766771684 HTTP/1.1" 200 30
200.54.247.70 - - [26/Apr/2018:15:20:30 -0300] "GET /cormun/servlet/solicitudot?0515103f1db2d6dc7216c0897d1c78b4dde91be4d047ee09ba53068ff167a51fc946785f7b0d4fdb208e1d0a25295fa5a200c999ae6f93b46ad7d5a49d853e01,gx-no-cache=1524766771744 HTTP/1.1" 200 30
200.54.247.70 - - [26/Apr/2018:15:20:30 -0300] "GET /cormun/servlet/solicitudot?0515103f1db2d6dc7216c0897d1c78b45a5ab1874ac03ff2a090a0a9c69dcf77,gx-no-cache=1524766772022 HTTP/1.1" 200 51
200.54.247.70 - - [26/Apr/2018:15:20:30 -0300] "POST /cormun/servlet/solicitudot?gx-no-cache=1524766772530 HTTP/1.1" 200 255
200.54.247.70 - - [26/Apr/2018:15:20:30 -0300] "GET /cormun/servlet/solicitudot?0515103f1db2d6dc7216c0897d1c78b4f16a6c51322208d1b583c5f684fad7d069aa165d63174c405652117e12f950085015f1cb3cd15c4d394c7a496aed75ba771c15c50a1e0785af60197a461481d89257a0a6ea493e04420f97fcd48b03c1a18e4bb9ad1f193b8a91732b281ff7512377c311954d7b26ed7537df2fa9f24e8b5447761127ee347e85aebce0f2b01b060aba8bd569db9a35371a4d88dfbac01b1126764b41dea2cb603f1d81a4b948680e4f1b4a71fd708f464ccadd4f60ab8e723a6f6857e480a7b6f50d3cd4b337781e313be3404f8f67237a637a26c638b26934d81b9e0c1cb31a7031111b07125d0ca6a496c9e866205265cf209f4fe2fa339284f730b1bb2d0aaa646badd14219620fd4846f13677feb06f539ad20e3b291572d62280fd56746298f7ca45b46c2702e7f03807cd079699a331ceceaa444eabddf47bbaa6734590d9098905401d03f2dc0a648b50cc43ecf55f0916a312d53b16d4d9048a4cfe1869861a76a6ccc09e1f487f830a205a4eb003b121341,gx-no-cache=1524766772597 HTTP/1.1" 200 30
186.103.159.189 - - [26/Apr/2018:15:20:32 -0300] "GET /cormun/servlet/solicitudot?ec1db22731821a216bf7182c007077fdf3e5d9d5c8c8fe0dee7ca901050c9782417b4d362b6815b76d48736de8b61f1f1a386cbdf8432b0846deb25927a42fb7d867663c1fcf2514b339b04c108551bbe38183ef1c523fdda8d4038c9acb5bc8e6482dce1febdba891350fdcd793c9c2d9273e8a5b53b7e36738f3eb4f2415bd3d2460fd07a6491017ad3da61636fc7d4f108bb53bd03798f84237dcc77e19b84ad090179f329ac1e71f42ed92c6f12b27ab34115b424d4f5d19e6132e48b1edd818a62914afa94b96d5a5df6086aaf7c0bc765737dea486755f697f26cc5aae70802bec58d8047bee6724fb7c4878f9123fa3b8ecf8492c7ee44b14912377e500b283d2f186e02835dc6614f2b0ac0d827410bd06c5f1393c67eb9d37162cadf7a5208394184a095e8d5a42b8295108629b8709ea8e0454c59d9de221fc07709ca6335478f559324f1e7b79b7b1d402eaf646bd57fb7402959ffc4f2397144b1d91fe5ca0735f1b6994ab22a087bb0e8bbe39e9ab69ef9737c3b624862b0606,gx-no-cache=1524766775494 HTTP/1.1" 200 30
200.54.247.70 - - [26/Apr/2018:15:20:33 -0300] "POST /cormun/servlet/solicitudot?gx-no-cache=1524766774989 HTTP/1.1" 200 30
200.54.247.70 - - [26/Apr/2018:15:20:37 -0300] "GET /cormun/servlet/prcontratosol?9736777,,,,,MD,,gxPopupLevel%3D0%3B HTTP/1.1" 200 9991
200.54.247.70 - - [26/Apr/2018:15:20:43 -0300] "POST /cormun/servlet/solicitudot?gx-no-cache=1524766785063 HTTP/1.1" 200 1369
200.54.247.70 - - [26/Apr/2018:15:20:46 -0300] "POST /cormun/servlet/solicitudot?gx-no-cache=1524766787995 HTTP/1.1" 200 38
200.54.247.70 - - [26/Apr/2018:15:20:46 -0300] "GET /cormun/servlet/solicitudot?0515103f1db2d6dc7216c0897d1c78b488a07b7991d2fc371b46a2d2d7ec392770945f553c60691f942b06c6d562020e4969ed1dbcacffc55f7e7db94e2512dfff19c35c9e97681aee04b66126db3c5139e85c414882ae2ef2841f34119b03e1d276b36df9ef9c4dab8aac8339bea8a8acd4b272179dee21b54f0b3e6f661c47c63d564816710b28d7ebfa5e7afc27fb4cc74375e4ef76da9b2ca42cc8fa8a4d,gx-no-cache=1524766788075 HTTP/1.1" 200 29
200.54.247.70 - - [26/Apr/2018:15:20:50 -0300] "POST /cormun/servlet/solicitudot?gx-no-cache=1524766788151 HTTP/1.1" 200 1351
200.54.247.70 - - [26/Apr/2018:15:20:52 -0300] "POST /cormun/servlet/solicitudot?gx-no-cache=1524766794324 HTTP/1.1" 200 1249
200.54.247.70 - - [26/Apr/2018:15:20:58 -0300] "GET /cormun/servlet/solicitudot?0515103f1db2d6dc7216c0897d1c78b4264c6ef04586a9f466e7d0a66fc73b34b3f48d1a53aa141dd202d36903c30e1a,gx-no-cache=1524766800141 HTTP/1.1" 200 134
200.54.247.70 - - [26/Apr/2018:15:20:58 -0300] "GET /cormun/static/Shared/jqueryui/images/ui-icons_82798d_256x240.png HTTP/1.1" 404 1089
200.54.247.70 - - [26/Apr/2018:15:20:58 -0300] "GET /cormun/static/Shared/jqueryui/images/ui-bg_highlight-soft_100_c6c2c8_1x100.png HTTP/1.1" 404 1117
200.54.247.70 - - [26/Apr/2018:15:20:58 -0300] "GET /cormun/static/Shared/jqueryui/images/ui-icons_ebccce_256x240.png HTTP/1.1" 404 1089
200.54.247.70 - - [26/Apr/2018:15:20:58 -0300] "GET /cormun/static/Shared/jqueryui/images/ui-bg_flat_55_994d53_40x100.png HTTP/1.1" 404 1097
200.73.230.197 - - [26/Apr/2018:15:21:01 -0300] "GET /cormun/servlet/hlogin HTTP/1.1" 200 1718
200.54.247.70 - - [26/Apr/2018:15:21:15 -0300] "GET /cormun/static/menuarrow.gif HTTP/1.1" 404 1015
200.73.230.197 - - [26/Apr/2018:15:21:17 -0300] "POST /cormun/servlet/hlogin?658e8d2ba58fa7fd2170238a730b6e72,gx-no-cache=1524766820241 HTTP/1.1" 200 90
200.73.230.197 - - [26/Apr/2018:15:21:17 -0300] "GET /cormun/servlet/hpexe_link HTTP/1.1" 200 950
200.73.230.197 - - [26/Apr/2018:15:21:18 -0300] "GET /cormun/servlet/hhome HTTP/1.1" 200 3924
200.73.230.197 - - [26/Apr/2018:15:21:19 -0300] "GET /cormun/servlet/hhome HTTP/1.1" 200 3921
200.73.230.197 - - [26/Apr/2018:15:21:26 -0300] "GET /cormun/servlet/trlicencias? HTTP/1.1" 200 8764
200.73.230.197 - - [26/Apr/2018:15:21:28 -0300] "GET /cormun/servlet/trlicencias? HTTP/1.1" 200 8761
200.54.247.70 - - [26/Apr/2018:15:21:46 -0300] "GET /cormun/servlet/solicitudot?0515103f1db2d6dc7216c0897d1c78b4ceabb1835ac745f3357c30c5e91031f2c5c0c274505740112a24f144b0096cb0,gx-no-cache=1524766848498 HTTP/1.1" 200 30
200.112.4.126 - - [26/Apr/2018:15:22:09 -0300] "POST /cormun/servlet/trsolicitudot?c97e510a5b9d895c118405de3fae4538,,gx-no-cache=1524766871512 HTTP/1.1" 440 972
200.54.247.70 - - [26/Apr/2018:15:22:09 -0300] "POST /cormun/servlet/solicitudot?gx-no-cache=1524766871524 HTTP/1.1" 200 1350
200.54.247.70 - - [26/Apr/2018:15:22:09 -0300] "POST /cormun/servlet/solicitudot?gx-no-cache=1524766871597 HTTP/1.1" 200 1249
200.54.247.70 - - [26/Apr/2018:15:22:11 -0300] "POST /cormun/servlet/solicitudot?gx-no-cache=1524766873390 HTTP/1.1" 200 30
200.112.4.126 - - [26/Apr/2018:15:22:33 -0300] "GET /cormun/servlet/hlogin HTTP/1.1" 200 1722
200.112.4.126 - - [26/Apr/2018:15:22:34 -0300] "GET /cormun/static/Resources/ComunLogin.png HTTP/1.1" 200 17326
200.112.4.126 - - [26/Apr/2018:15:22:34 -0300] "GET /cormun/static/gxcfg.js?20175251213516 HTTP/1.1" 200 953
200.112.4.126 - - [26/Apr/2018:15:22:34 -0300] "GET /cormun/static/Resources/PXToolsLoginBottom.png HTTP/1.1" 200 1389
