192.168.10.96 - - [26/Apr/2018:08:16:58 -0300] "GET /cormun/servlet/vesolicitudgral?2018,11127,,SolicitudOTAdjuntos HTTP/1.1" 200 11384
192.168.10.96 - - [26/Apr/2018:08:16:59 -0300] "GET /cormun/servlet/vesolicitudgral?2018,11127,,SolicitudOTAdjuntos HTTP/1.1" 200 11385
186.103.157.42 - - [26/Apr/2018:08:16:59 -0300] "GET /cormun/servlet/solicitudot?INS,0,0, HTTP/1.1" 200 13700
192.168.10.96 - - [26/Apr/2018:08:17:00 -0300] "POST /cormun/servlet/acontrolpreferencessavestate?None,DZAMUDIO,true HTTP/1.1" 200 35
186.103.157.42 - - [26/Apr/2018:08:17:03 -0300] "POST /cormun/servlet/solicitudot?gx-no-cache=1524741372710 HTTP/1.1" 200 3411
192.168.10.96 - - [26/Apr/2018:08:17:05 -0300] "POST /cormun/servlet/vesolicitudgral?b0928ce83b456e7d04a80e902b9a9766,2018,11127,,SolicitudOTAdjuntos,gx-no-cache=1524741244387 HTTP/1.1" 200 90
192.168.10.96 - - [26/Apr/2018:08:17:05 -0300] "GET /cormun/servlet/hpexe_link HTTP/1.1" 200 983
186.103.157.42 - - [26/Apr/2018:08:17:05 -0300] "POST /cormun/servlet/solicitudot?31beb1120fd580f1fb219001afae7a93,INS,0,0,,gx-no-cache=1524741373599 HTTP/1.1" 200 10555
192.168.10.96 - - [26/Apr/2018:08:17:05 -0300] "GET /cormun/servlet/trsolicitudgral? HTTP/1.1" 200 12744
192.168.10.96 - - [26/Apr/2018:08:17:06 -0300] "GET /cormun/servlet/trsolicitudgral? HTTP/1.1" 200 12742
186.103.159.46 - - [26/Apr/2018:08:17:08 -0300] "GET /cormun/servlet/solicitudot?5bbf20755c9e17799566e7eca778bcc9c6c303fbf7f1fd6315497b1f77cef47374ac5fbe5573f2f71831bdddd3f30474,gx-no-cache=1524741371408 HTTP/1.1" 200 30
186.103.157.42 - - [26/Apr/2018:08:17:10 -0300] "GET /cormun/servlet/solicitudot?e3475e2fc2e165b61d75be9d3bea7c634ba5f1ee443072e9eb7f48fc1ccc5a57f4f01668885594e2b161c1b433af3cf2,gx-no-cache=1524741380326 HTTP/1.1" 200 30
186.103.157.42 - - [26/Apr/2018:08:17:11 -0300] "GET /cormun/servlet/solicitudot?e3475e2fc2e165b61d75be9d3bea7c63cbf40181b8784e3b2a492f8deec778dcf583d81fceba9c30d3bc621d5be39907,gx-no-cache=1524741380431 HTTP/1.1" 200 30
186.103.157.42 - - [26/Apr/2018:08:17:11 -0300] "GET /cormun/servlet/solicitudot?e3475e2fc2e165b61d75be9d3bea7c632d9cc2b46c332ee61b27f8949073f945,gx-no-cache=1524741380894 HTTP/1.1" 200 53
186.103.157.42 - - [26/Apr/2018:08:17:11 -0300] "POST /cormun/servlet/solicitudot?gx-no-cache=1524741381362 HTTP/1.1" 200 256
192.168.10.96 - - [26/Apr/2018:08:17:12 -0300] "GET /cormun/servlet/vesolicitudgral?2018,11063,, HTTP/1.1" 200 9304
192.168.10.96 - - [26/Apr/2018:08:17:12 -0300] "GET /cormun/pexe_scrolldiv.js HTTP/1.1" 404 1009
192.168.10.96 - - [26/Apr/2018:08:17:12 -0300] "GET /cormun/pexe_scrolldiv.js HTTP/1.1" 404 1009
192.168.10.96 - - [26/Apr/2018:08:17:12 -0300] "GET /cormun/servlet/vesolicitudgral?2018,11063,, HTTP/1.1" 200 9303
186.103.157.42 - - [26/Apr/2018:08:17:12 -0300] "GET /cormun/servlet/solicitudot?e3475e2fc2e165b61d75be9d3bea7c6383f06a429682107f431ce471b4ddd153afacc4ef13a6d6a39fd9c473d299539ad47dec002b3136be911156439391d7d0749e7bb215c442170dda82067a9caf7cddabcbe47b1d575cd47713849b0e7a7dae4a9a11e897342e2cd434a276a62b84e4cf2af5968ed97d4543c2bdbb4dff169e71de1978d3bc69b240cd5865fc72cbf7886e82cfc7310cbcd657e00b0cca45a613372d745e7e5e356eef973edc4d97946c34f65aa16373fa1472bff5d17028d90621aa98e03538cb833617ae5ce4646ac089f6a38cb6459b13972b725fd2c7a11db49c9ef751555ad45b032852e3dfb95723643139d9fadca34e36e12b931f37fe7a4d7e0c85eed81b1381bf82f5ad371acd6457f6ab07d8d46410ea415545761a695852cc939a647644f5c1a9ea9d88d02b3209eea5d608764c3fc0f3874b36c06c37538365b74412f1ce7cecc9e40d3bc24f966a279678b017cdc235a5126c197ec962c0927d40bb6134b3a08c273c93d8837bda7cb0f7ad156822e1d70f,gx-no-cache=1524741381545 HTTP/1.1" 200 30
192.168.10.96 - - [26/Apr/2018:08:17:13 -0300] "GET /cormun/servlet/vesolicitudgral?2018,11063,,SolicitudOTAdjuntos HTTP/1.1" 200 11408
192.168.10.96 - - [26/Apr/2018:08:17:13 -0300] "GET /cormun/pexe_scrolldiv.js HTTP/1.1" 404 1009
192.168.10.96 - - [26/Apr/2018:08:17:13 -0300] "GET /cormun/pexe_scrolldiv.js HTTP/1.1" 404 1009
192.168.10.96 - - [26/Apr/2018:08:17:14 -0300] "GET /cormun/servlet/vesolicitudgral?2018,11063,,SolicitudOTAdjuntos HTTP/1.1" 200 11406
186.103.157.42 - - [26/Apr/2018:08:17:15 -0300] "POST /cormun/servlet/solicitudot?gx-no-cache=1524741384499 HTTP/1.1" 200 30
186.67.164.142 - - [26/Apr/2018:08:17:15 -0300] "GET /cormun/servlet/hlogin HTTP/1.1" 200 1717
186.67.164.142 - - [26/Apr/2018:08:17:15 -0300] "GET /cormun/static/gxcfg.js?20175251213516 HTTP/1.1" 304 -
192.168.10.96 - - [26/Apr/2018:08:17:15 -0300] "POST /cormun/servlet/acontrolpreferencessavestate?None,DZAMUDIO,true HTTP/1.1" 200 35
192.168.10.96 - - [26/Apr/2018:08:17:16 -0300] "GET /cormun/PublicTempStorage/cedula_de_identidad3664583.pdf HTTP/1.1" 200 22030
186.103.157.42 - - [26/Apr/2018:08:17:16 -0300] "GET /cormun/servlet/prcontratosol?11270703,,,,,MD,,gxPopupLevel%3D0%3B HTTP/1.1" 200 7915
186.103.157.42 - - [26/Apr/2018:08:17:16 -0300] "GET /cormun/static/gxcfg.js?201761413223964 HTTP/1.1" 304 -
186.103.157.42 - - [26/Apr/2018:08:17:17 -0300] "GET /cormun/static/prcontratosol.js?201761413224174 HTTP/1.1" 304 -
186.103.157.42 - - [26/Apr/2018:08:17:17 -0300] "GET /cormun/static/menusearch.js?201610171694467 HTTP/1.1" 304 -
186.103.157.42 - - [26/Apr/2018:08:17:17 -0300] "GET /cormun/static/hmpwkw011.js?20177612121862 HTTP/1.1" 304 -
192.168.10.96 - - [26/Apr/2018:08:17:20 -0300] "GET /cormun/servlet/vesolicitudgral?2018,11063,,SolicitudOTAdjuntos HTTP/1.1" 200 11406
192.168.10.96 - - [26/Apr/2018:08:17:21 -0300] "GET /cormun/servlet/vesolicitudgral?2018,11063,,SolicitudOTAdjuntos HTTP/1.1" 200 11408
186.103.157.42 - - [26/Apr/2018:08:17:21 -0300] "POST /cormun/servlet/solicitudot?gx-no-cache=1524741390900 HTTP/1.1" 200 1369
186.103.157.42 - - [26/Apr/2018:08:17:21 -0300] "POST /cormun/servlet/solicitudot?gx-no-cache=1524741391370 HTTP/1.1" 200 38
186.103.157.42 - - [26/Apr/2018:08:17:21 -0300] "GET /cormun/servlet/solicitudot?e3475e2fc2e165b61d75be9d3bea7c633422f6c37b3511acc6b9eca740e5281054934e5835f93f0ea217e6c82aa68443832bc722525451900ea70dd212d53e6278acd8413bee44c5b0297f56070ef4fa63a64b3039fa9d051ec7f12cc909859415165ad52f1ce301a93e1273963245a6,gx-no-cache=1524741391434 HTTP/1.1" 200 29
192.168.10.96 - - [26/Apr/2018:08:17:22 -0300] "POST /cormun/servlet/acontrolpreferencessavestate?None,DZAMUDIO,true HTTP/1.1" 200 35
186.103.159.46 - - [26/Apr/2018:08:17:22 -0300] "POST /cormun/servlet/solicitudot?gx-no-cache=1524741385187 HTTP/1.1" 200 30
186.103.157.42 - - [26/Apr/2018:08:17:22 -0300] "POST /cormun/servlet/solicitudot?gx-no-cache=1524741391478 HTTP/1.1" 200 1350
186.103.157.42 - - [26/Apr/2018:08:17:22 -0300] "POST /cormun/servlet/solicitudot?gx-no-cache=1524741391649 HTTP/1.1" 200 1249
186.103.157.42 - - [26/Apr/2018:08:17:22 -0300] "GET /cormun/servlet/solicitudot?e3475e2fc2e165b61d75be9d3bea7c63b02678e214494a169f8a7b975bdd99574edf0ff70834047a2b89e6c26e8cb210,gx-no-cache=1524741391785 HTTP/1.1" 200 134
186.103.157.42 - - [26/Apr/2018:08:17:22 -0300] "GET /cormun/static/Shared/jqueryui/images/ui-bg_highlight-soft_100_c6c2c8_1x100.png HTTP/1.1" 404 1117
186.103.157.42 - - [26/Apr/2018:08:17:22 -0300] "GET /cormun/static/Shared/jqueryui/images/ui-icons_82798d_256x240.png HTTP/1.1" 404 1089
186.103.157.42 - - [26/Apr/2018:08:17:22 -0300] "GET /cormun/static/Shared/jqueryui/images/ui-bg_flat_55_994d53_40x100.png HTTP/1.1" 404 1097
186.103.157.42 - - [26/Apr/2018:08:17:22 -0300] "GET /cormun/static/Shared/jqueryui/images/ui-icons_ebccce_256x240.png HTTP/1.1" 404 1089
192.168.10.96 - - [26/Apr/2018:08:17:22 -0300] "GET /cormun/PublicTempStorage/certificado_estudio892072.pdf HTTP/1.1" 200 62059
186.67.164.142 - - [26/Apr/2018:08:17:25 -0300] "POST /cormun/servlet/hlogin?aa596173dad62054e7c3abd00ce1a675,gx-no-cache=1524741388678 HTTP/1.1" 200 90
186.67.164.142 - - [26/Apr/2018:08:17:25 -0300] "GET /cormun/servlet/hpexe_link HTTP/1.1" 200 949
186.67.164.142 - - [26/Apr/2018:08:17:25 -0300] "GET /cormun/static/gxcfg.js?20177612121792 HTTP/1.1" 304 -
186.67.164.142 - - [26/Apr/2018:08:17:25 -0300] "GET /cormun/servlet/hhome HTTP/1.1" 200 3980
186.67.164.142 - - [26/Apr/2018:08:17:25 -0300] "GET /cormun/static/gxcfg.js?20175251212442 HTTP/1.1" 304 -
186.67.164.142 - - [26/Apr/2018:08:17:26 -0300] "GET /cormun/servlet/hhome HTTP/1.1" 200 3977
192.168.10.96 - - [26/Apr/2018:08:17:28 -0300] "GET /cormun/servlet/vesolicitudgral?2018,11063,,SolicitudOTAdjuntos HTTP/1.1" 200 11406
192.168.10.96 - - [26/Apr/2018:08:17:29 -0300] "GET /cormun/servlet/vesolicitudgral?2018,11063,,SolicitudOTAdjuntos HTTP/1.1" 200 11406
186.67.164.142 - - [26/Apr/2018:08:17:29 -0300] "GET /cormun/servlet/trsolicitudot? HTTP/1.1" 200 8602
192.168.10.96 - - [26/Apr/2018:08:17:29 -0300] "POST /cormun/servlet/acontrolpreferencessavestate?None,DZAMUDIO,true HTTP/1.1" 200 35
186.67.164.142 - - [26/Apr/2018:08:17:30 -0300] "GET /cormun/servlet/trsolicitudot? HTTP/1.1" 200 8600
192.168.10.96 - - [26/Apr/2018:08:17:30 -0300] "GET /cormun/PublicTempStorage/certificado_fonasa1552358.pdf HTTP/1.1" 200 27060
192.168.10.96 - - [26/Apr/2018:08:17:33 -0300] "GET /cormun/servlet/vesolicitudgral?2018,11063,,SolicitudOTAdjuntos HTTP/1.1" 200 11404
192.168.10.96 - - [26/Apr/2018:08:17:34 -0300] "GET /cormun/servlet/vesolicitudgral?2018,11063,,SolicitudOTAdjuntos HTTP/1.1" 200 11407
186.103.157.42 - - [26/Apr/2018:08:17:34 -0300] "POST /cormun/servlet/solicitudot?gx-no-cache=1524741403330 HTTP/1.1" 200 1350
192.168.10.96 - - [26/Apr/2018:08:17:35 -0300] "POST /cormun/servlet/acontrolpreferencessavestate?None,DZAMUDIO,true HTTP/1.1" 200 35
186.103.157.42 - - [26/Apr/2018:08:17:35 -0300] "POST /cormun/servlet/solicitudot?gx-no-cache=1524741404262 HTTP/1.1" 200 1249
186.103.157.42 - - [26/Apr/2018:08:17:35 -0300] "GET /cormun/static/menuarrow.gif HTTP/1.1" 404 1015
192.168.10.96 - - [26/Apr/2018:08:17:36 -0300] "GET /cormun/PublicTempStorage/cotizaciones_afp3074121.pdf HTTP/1.1" 200 43631
186.103.157.42 - - [26/Apr/2018:08:17:37 -0300] "POST /cormun/servlet/solicitudot?gx-no-cache=1524741406781 HTTP/1.1" 200 1350
186.103.157.42 - - [26/Apr/2018:08:17:37 -0300] "POST /cormun/servlet/solicitudot?gx-no-cache=1524741407079 HTTP/1.1" 200 1249
192.168.10.96 - - [26/Apr/2018:08:17:40 -0300] "GET /cormun/servlet/vesolicitudgral?2018,11063,,SolicitudOTAdjuntos HTTP/1.1" 200 11404
192.168.10.96 - - [26/Apr/2018:08:17:41 -0300] "GET /cormun/servlet/vesolicitudgral?2018,11063,,SolicitudOTAdjuntos HTTP/1.1" 200 11406
192.168.10.96 - - [26/Apr/2018:08:17:42 -0300] "POST /cormun/servlet/acontrolpreferencessavestate?None,DZAMUDIO,true HTTP/1.1" 200 35
192.168.10.96 - - [26/Apr/2018:08:17:45 -0300] "GET /cormun/PublicTempStorage/certificado_antecedentes9076930.pdf HTTP/1.1" 200 36707
186.103.157.42 - - [26/Apr/2018:08:17:46 -0300] "GET /cormun/servlet/solicitudot?e3475e2fc2e165b61d75be9d3bea7c637dd4ad8147f8f4a95deb1e76fc3ecf6e4edf0ff70834047a2b89e6c26e8cb210,gx-no-cache=1524741415651 HTTP/1.1" 200 30
186.103.157.42 - - [26/Apr/2018:08:17:46 -0300] "POST /cormun/servlet/solicitudot?gx-no-cache=1524741415739 HTTP/1.1" 200 33
186.67.164.142 - - [26/Apr/2018:08:17:47 -0300] "GET /cormun/servlet/solicitudot?INS,0,0, HTTP/1.1" 200 13426
186.67.164.142 - - [26/Apr/2018:08:17:48 -0300] "GET /cormun/servlet/solicitudot?INS,0,0, HTTP/1.1" 200 13431
192.168.10.96 - - [26/Apr/2018:08:17:49 -0300] "GET /cormun/servlet/vesolicitudgral?2018,11063,,SolicitudOTAdjuntos HTTP/1.1" 200 11403
192.168.10.96 - - [26/Apr/2018:08:17:49 -0300] "GET /cormun/servlet/vesolicitudgral?2018,11063,,SolicitudOTAdjuntos HTTP/1.1" 200 11406
192.168.10.96 - - [26/Apr/2018:08:17:50 -0300] "POST /cormun/servlet/acontrolpreferencessavestate?None,DZAMUDIO,true HTTP/1.1" 200 35
192.168.10.96 - - [26/Apr/2018:08:17:50 -0300] "GET /cormun/PublicTempStorage/curriculum___vitae_%281%299053020.pdf HTTP/1.1" 200 101142
186.67.164.142 - - [26/Apr/2018:08:17:55 -0300] "POST /cormun/servlet/solicitudot?gx-no-cache=1524741417575 HTTP/1.1" 200 3388
186.67.164.142 - - [26/Apr/2018:08:17:55 -0300] "POST /cormun/servlet/solicitudot?aa596173dad62054e7c3abd00ce1a675,INS,0,0,,gx-no-cache=1524741418573 HTTP/1.1" 200 10369
186.67.164.142 - - [26/Apr/2018:08:17:59 -0300] "GET /cormun/servlet/solicitudot?11ccde41751283cd14badbac969f76341e7135683842553fcfc17c993f14b9ce5fab1786c722ea5b758a894d0c0f963c,gx-no-cache=1524741422433 HTTP/1.1" 200 30
186.67.164.142 - - [26/Apr/2018:08:17:59 -0300] "GET /cormun/servlet/solicitudot?11ccde41751283cd14badbac969f763415cd060257b3d86cff2b460bb296296fab944ae567555f9d5dfd4f4efe734975,gx-no-cache=1524741422550 HTTP/1.1" 200 103
186.67.164.142 - - [26/Apr/2018:08:17:59 -0300] "GET /cormun/static/Shared/jqueryui/images/ui-bg_highlight-soft_100_c6c2c8_1x100.png HTTP/1.1" 404 1117
186.67.164.142 - - [26/Apr/2018:08:17:59 -0300] "GET /cormun/static/Shared/jqueryui/images/ui-icons_82798d_256x240.png HTTP/1.1" 404 1089
186.67.164.142 - - [26/Apr/2018:08:17:59 -0300] "GET /cormun/static/Shared/jqueryui/images/ui-bg_flat_55_994d53_40x100.png HTTP/1.1" 404 1097
186.67.164.142 - - [26/Apr/2018:08:17:59 -0300] "GET /cormun/static/Shared/jqueryui/images/ui-icons_ebccce_256x240.png HTTP/1.1" 404 1089
186.67.164.142 - - [26/Apr/2018:08:17:59 -0300] "GET /cormun/servlet/solicitudot?11ccde41751283cd14badbac969f7634b094e714685b669e8b4adaed5f72b96f,gx-no-cache=1524741422671 HTTP/1.1" 200 51
186.67.164.142 - - [26/Apr/2018:08:17:59 -0300] "POST /cormun/servlet/solicitudot?gx-no-cache=1524741422785 HTTP/1.1" 200 255
186.103.157.42 - - [26/Apr/2018:08:17:59 -0300] "POST /cormun/servlet/solicitudot?31beb1120fd580f1fb219001afae7a93,INS,0,0,,gx-no-cache=1524741426796 HTTP/1.1" 200 93
186.67.164.142 - - [26/Apr/2018:08:18:00 -0300] "GET /cormun/servlet/solicitudot?11ccde41751283cd14badbac969f76345dc93cadf23415463ced42dfab4d7d919ad1b370c57c4c55cb62e579754d81b3781f8401acde13c8f5171646388343b666bf4bd9f2ab872857a03a841f46977b5240fe06643e243a0508d48691b8738b7e6b2f0642ced75b11db743a137c16e33cdfdfede077b85eb927f42804219ba796e507ae380dba1616e401478dca1c3f6c8ad00e1fc665f504234378359dfc588a41bc3697c70694809cad798928b0ccc85a62c31366162edc6078583e4d79107cbc045ccfffc2c1a6e33e863637da06c1b2bbc69381c70f697ea1f4a7c5dbde3de4cc2b1ac4ee474e05295a387c2ffa3927c7bd51d5e9b9a786fd994e43f7c7469fad371509bc5eeea241889423e42cad8ebe7fff8bd57cc67e89e807809b181f74dbb8a8335babb139fd5f0d40fd67a31781a623006d5e5d7b45661a24f4b8de826a5185ec1b3c945bbc4fb71cb1f8bf4fedd22a827079cb4bef34b8cb4f4d4c03c97804a14c25807f1da79a490626948e9290279a33d44e12fe18eefba105,gx-no-cache=1524741422891 HTTP/1.1" 200 30
186.103.157.42 - - [26/Apr/2018:08:18:00 -0300] "GET /cormun/servlet/hpexe_return? HTTP/1.1" 200 1002
186.103.157.42 - - [26/Apr/2018:08:18:00 -0300] "GET /cormun/static/gxcfg.js?2016101716175148 HTTP/1.1" 304 -
186.103.157.42 - - [26/Apr/2018:08:18:00 -0300] "GET /cormun/servlet/trsolicitudot? HTTP/1.1" 200 12642
186.103.158.250 - - [26/Apr/2018:08:18:01 -0300] "GET /cormun/servlet/trfichaempleado? HTTP/1.1" 200 12148
186.103.157.42 - - [26/Apr/2018:08:18:02 -0300] "GET /cormun/servlet/trsolicitudot? HTTP/1.1" 200 12638
186.67.164.142 - - [26/Apr/2018:08:18:05 -0300] "POST /cormun/servlet/solicitudot?gx-no-cache=1524741425422 HTTP/1.1" 200 30
186.103.157.42 - - [26/Apr/2018:08:18:06 -0300] "GET /cormun/static/menuarrow.gif HTTP/1.1" 404 1015
186.67.164.142 - - [26/Apr/2018:08:18:08 -0300] "GET /cormun/servlet/prcontratosol?15107983,,,,,MD,,gxPopupLevel%3D0%3B HTTP/1.1" 200 8714
186.103.157.42 - - [26/Apr/2018:08:18:11 -0300] "POST /cormun/servlet/trsolicitudot?31beb1120fd580f1fb219001afae7a93,,gx-no-cache=1524741440071 HTTP/1.1" 200 20608
186.67.164.142 - - [26/Apr/2018:08:18:11 -0300] "POST /cormun/servlet/solicitudot?gx-no-cache=1524741434677 HTTP/1.1" 200 1369
186.67.164.142 - - [26/Apr/2018:08:18:11 -0300] "POST /cormun/servlet/solicitudot?gx-no-cache=1524741434764 HTTP/1.1" 200 38
186.67.164.142 - - [26/Apr/2018:08:18:11 -0300] "GET /cormun/servlet/solicitudot?11ccde41751283cd14badbac969f7634a76d1348589b1efb03bac0855534ba09e45891609cf5eb440bbfd905d486a49eeaf348afb4315cf2659aed4e8cb12dc153b8d52ed672d145b27e718da24533827de97d70b2f7e73579ca97225fc97eb1ff659dcdb0269192e353c31a766f9ec34a6f2e066d5f72b3d66e51d426af784c689254a6cef47b6fecd9a0a17fa62cc5a47218d18eb7239d37a41305e55086de2ce398f5f0c10b84c02f37a2c80ec31fdae0238a85fdb5daa8b3b687fc7b4ffa64cf57f0fe0a272001aa64016b589c84,gx-no-cache=1524741434804 HTTP/1.1" 200 29
186.67.164.142 - - [26/Apr/2018:08:18:11 -0300] "POST /cormun/servlet/solicitudot?gx-no-cache=1524741434858 HTTP/1.1" 200 1350
186.67.164.142 - - [26/Apr/2018:08:18:11 -0300] "POST /cormun/servlet/solicitudot?gx-no-cache=1524741434950 HTTP/1.1" 200 1249
186.67.164.142 - - [26/Apr/2018:08:18:11 -0300] "GET /cormun/servlet/solicitudot?11ccde41751283cd14badbac969f7634c5a6c01c5de14aa4fb72a743beb7b34369959d7b07ec886bc33ce3085b7c1319,gx-no-cache=1524741435020 HTTP/1.1" 200 134
186.103.158.250 - - [26/Apr/2018:08:18:22 -0300] "POST /cormun/servlet/trfichaempleado?95eb211a38720f99aac8b6bc339d760b,,gx-no-cache=1524741442486 HTTP/1.1" 200 3832
186.67.164.142 - - [26/Apr/2018:08:18:24 -0300] "GET /cormun/servlet/solicitudot?11ccde41751283cd14badbac969f7634a76d1348589b1efb03bac0855534ba09e45891609cf5eb440bbfd905d486a49e97386549a0c7054a0c21f3fe3d27291253b8d52ed672d145b27e718da24533827de97d70b2f7e73579ca97225fc97eb1ff659dcdb0269192e353c31a766f9ec34a6f2e066d5f72b3d66e51d426af784c689254a6cef47b6fecd9a0a17fa62cc5a47218d18eb7239d37a41305e55086de2ce398f5f0c10b84c02f37a2c80ec31fdae0238a85fdb5daa8b3b687fc7b4ffa64cf57f0fe0a272001aa64016b589c84,gx-no-cache=1524741447422 HTTP/1.1" 200 29
186.67.164.142 - - [26/Apr/2018:08:18:25 -0300] "POST /cormun/servlet/solicitudot?gx-no-cache=1524741449059 HTTP/1.1" 200 1349
186.67.164.142 - - [26/Apr/2018:08:18:25 -0300] "POST /cormun/servlet/solicitudot?gx-no-cache=1524741449145 HTTP/1.1" 200 1249
186.67.164.142 - - [26/Apr/2018:08:18:26 -0300] "GET /cormun/static/menuarrow.gif HTTP/1.1" 404 1015
186.103.158.250 - - [26/Apr/2018:08:18:29 -0300] "POST /cormun/servlet/trfichaempleado?95eb211a38720f99aac8b6bc339d760b,,gx-no-cache=1524741450062 HTTP/1.1" 200 3829
186.103.157.42 - - [26/Apr/2018:08:18:31 -0300] "GET /cormun/servlet/solicitudot?INS,0,0, HTTP/1.1" 200 13695
192.168.10.96 - - [26/Apr/2018:08:18:31 -0300] "GET /cormun/servlet/vesolicitudgral?2018,11063,,SolicitudOTAdjuntos HTTP/1.1" 200 11407
192.168.10.96 - - [26/Apr/2018:08:18:31 -0300] "GET /cormun/servlet/vesolicitudgral?2018,11063,,SolicitudOTAdjuntos HTTP/1.1" 200 11407
186.103.157.42 - - [26/Apr/2018:08:18:32 -0300] "GET /cormun/servlet/solicitudot?INS,0,0, HTTP/1.1" 200 13700
186.67.164.142 - - [26/Apr/2018:08:18:32 -0300] "POST /cormun/servlet/solicitudot?gx-no-cache=1524741455619 HTTP/1.1" 200 1349
186.67.164.142 - - [26/Apr/2018:08:18:32 -0300] "POST /cormun/servlet/solicitudot?gx-no-cache=1524741455685 HTTP/1.1" 200 1249
192.168.10.96 - - [26/Apr/2018:08:18:32 -0300] "POST /cormun/servlet/acontrolpreferencessavestate?None,DZAMUDIO,true HTTP/1.1" 200 35
186.103.157.42 - - [26/Apr/2018:08:18:36 -0300] "POST /cormun/servlet/solicitudot?gx-no-cache=1524741465410 HTTP/1.1" 200 3423
186.103.157.42 - - [26/Apr/2018:08:18:36 -0300] "POST /cormun/servlet/solicitudot?31beb1120fd580f1fb219001afae7a93,INS,0,0,,gx-no-cache=1524741465644 HTTP/1.1" 200 10591
192.168.10.96 - - [26/Apr/2018:08:18:36 -0300] "GET /cormun/servlet/trsolicitudgral? HTTP/1.1" 200 12749
186.103.157.42 - - [26/Apr/2018:08:18:36 -0300] "GET /cormun/servlet/solicitudot?e3475e2fc2e165b61d75be9d3bea7c631ff648d2eba30e63d60034b4767bceccf4f01668885594e2b161c1b433af3cf2,gx-no-cache=1524741466042 HTTP/1.1" 200 30
186.67.164.142 - - [26/Apr/2018:08:18:36 -0300] "GET /cormun/servlet/solicitudot?11ccde41751283cd14badbac969f763448300dd6b212b5fc6bc9e7549c11882f69959d7b07ec886bc33ce3085b7c1319,gx-no-cache=1524741459856 HTTP/1.1" 200 134
186.103.158.250 - - [26/Apr/2018:08:18:36 -0300] "GET /cormun/servlet/trcontratoobservacion? HTTP/1.1" 200 6636
192.168.10.96 - - [26/Apr/2018:08:18:36 -0300] "GET /cormun/servlet/trsolicitudgral? HTTP/1.1" 200 12742
186.103.158.250 - - [26/Apr/2018:08:18:37 -0300] "GET /cormun/servlet/trcontratoobservacion? HTTP/1.1" 200 6635
186.103.157.42 - - [26/Apr/2018:08:18:40 -0300] "GET /cormun/servlet/solicitudot?e3475e2fc2e165b61d75be9d3bea7c632cd2076565c7c1a025b7ea83d6095bb0170a554cc2a272d3f59807e1349d04e412ab4d21f72f9fb63f711991c6221fc2,gx-no-cache=1524741470053 HTTP/1.1" 200 30
186.103.157.42 - - [26/Apr/2018:08:18:40 -0300] "GET /cormun/servlet/solicitudot?e3475e2fc2e165b61d75be9d3bea7c632d9cc2b46c332ee61b27f8949073f945,gx-no-cache=1524741470097 HTTP/1.1" 200 53
186.103.157.42 - - [26/Apr/2018:08:18:40 -0300] "POST /cormun/servlet/solicitudot?gx-no-cache=1524741470161 HTTP/1.1" 200 297
186.103.157.42 - - [26/Apr/2018:08:18:41 -0300] "GET /cormun/servlet/solicitudot?e3475e2fc2e165b61d75be9d3bea7c6383f06a429682107f431ce471b4ddd153703308614f5b9928b4b1d95fdb812dcad47dec002b3136be911156439391d7d0749e7bb215c442170dda82067a9caf7cddabcbe47b1d575cd47713849b0e7a7dae4a9a11e897342e2cd434a276a62b84e4cf2af5968ed97d4543c2bdbb4dff169e71de1978d3bc69b240cd5865fc72cbf7886e82cfc7310cbcd657e00b0cca45a613372d745e7e5e356eef973edc4d97946c34f65aa16373fa1472bff5d17028d90621aa98e03538cb833617ae5ce4646ac089f6a38cb6459b13972b725fd2c7a11db49c9ef751555ad45b032852e3dfb95723643139d9fadca34e36e12b931f37fe7a4d7e0c85eed81b1381bf82f5ad371acd6457f6ab07d8d46410ea415545761a695852cc939a647644f5c1a9ea9d88d02b3209eea5d608764c3fc0f3874b33565fa948cd873f322e17261a9a28b009c15b497460ad81bcacea56499d08270d4e4c135a4ba1a5e79ab4a3fbe63d362f0608c8b7660074e3489c971453c077c9d29867487a45a52a3bf592872eacb7,gx-no-cache=1524741470232 HTTP/1.1" 200 30
186.103.157.42 - - [26/Apr/2018:08:18:44 -0300] "POST /cormun/servlet/solicitudot?gx-no-cache=1524741473831 HTTP/1.1" 200 30
186.67.164.142 - - [26/Apr/2018:08:18:45 -0300] "GET /cormun/servlet/solicitudot?11ccde41751283cd14badbac969f763413546169d7590adf46f5a2d45d0cce1669959d7b07ec886bc33ce3085b7c1319,gx-no-cache=1524741468913 HTTP/1.1" 200 30
186.103.157.42 - - [26/Apr/2018:08:18:48 -0300] "POST /cormun/servlet/solicitudot?gx-no-cache=1524741477647 HTTP/1.1" 200 30
186.103.157.42 - - [26/Apr/2018:08:18:50 -0300] "GET /cormun/servlet/prcontratosol?16250806,,,,,MD,,gxPopupLevel%3D0%3B HTTP/1.1" 200 7919
186.67.164.142 - - [26/Apr/2018:08:18:53 -0300] "POST /cormun/servlet/solicitudot?gx-no-cache=1524741476410 HTTP/1.1" 200 30
186.103.157.42 - - [26/Apr/2018:08:18:53 -0300] "POST /cormun/servlet/solicitudot?gx-no-cache=1524741483361 HTTP/1.1" 200 1369
186.103.157.42 - - [26/Apr/2018:08:18:54 -0300] "POST /cormun/servlet/solicitudot?gx-no-cache=1524741483470 HTTP/1.1" 200 38
186.103.157.42 - - [26/Apr/2018:08:18:54 -0300] "GET /cormun/servlet/solicitudot?e3475e2fc2e165b61d75be9d3bea7c633422f6c37b3511acc6b9eca740e5281054934e5835f93f0ea217e6c82aa68443832bc722525451900ea70dd212d53e6278acd8413bee44c5b0297f56070ef4fa63a64b3039fa9d051ec7f12cc909859415165ad52f1ce301a93e1273963245a6,gx-no-cache=1524741483925 HTTP/1.1" 200 29
186.103.157.42 - - [26/Apr/2018:08:18:54 -0300] "POST /cormun/servlet/solicitudot?gx-no-cache=1524741483988 HTTP/1.1" 200 1350
186.103.157.42 - - [26/Apr/2018:08:18:54 -0300] "POST /cormun/servlet/solicitudot?gx-no-cache=1524741484114 HTTP/1.1" 200 1249
186.103.157.42 - - [26/Apr/2018:08:18:54 -0300] "GET /cormun/servlet/solicitudot?e3475e2fc2e165b61d75be9d3bea7c63b02678e214494a169f8a7b975bdd99574edf0ff70834047a2b89e6c26e8cb210,gx-no-cache=1524741484235 HTTP/1.1" 200 134
186.103.157.42 - - [26/Apr/2018:08:18:54 -0300] "GET /cormun/static/Shared/jqueryui/images/ui-bg_highlight-soft_100_c6c2c8_1x100.png HTTP/1.1" 404 1117
186.103.157.42 - - [26/Apr/2018:08:18:54 -0300] "GET /cormun/static/Shared/jqueryui/images/ui-icons_82798d_256x240.png HTTP/1.1" 404 1089
186.103.157.42 - - [26/Apr/2018:08:18:54 -0300] "GET /cormun/static/Shared/jqueryui/images/ui-icons_ebccce_256x240.png HTTP/1.1" 404 1089
186.103.157.42 - - [26/Apr/2018:08:18:54 -0300] "GET /cormun/static/Shared/jqueryui/images/ui-bg_flat_55_994d53_40x100.png HTTP/1.1" 404 1097
186.103.158.250 - - [26/Apr/2018:08:18:57 -0300] "GET /cormun/Manuales/ManualContratos.pdf HTTP/1.1" 200 629147
186.103.157.42 - - [26/Apr/2018:08:19:03 -0300] "POST /cormun/servlet/solicitudot?gx-no-cache=1524741492721 HTTP/1.1" 200 1350
186.103.157.42 - - [26/Apr/2018:08:19:03 -0300] "POST /cormun/servlet/solicitudot?gx-no-cache=1524741493197 HTTP/1.1" 200 1249
186.103.157.42 - - [26/Apr/2018:08:19:03 -0300] "GET /cormun/static/menuarrow.gif HTTP/1.1" 404 1015
186.103.157.42 - - [26/Apr/2018:08:19:05 -0300] "POST /cormun/servlet/solicitudot?gx-no-cache=1524741495303 HTTP/1.1" 200 1350
186.103.157.42 - - [26/Apr/2018:08:19:05 -0300] "POST /cormun/servlet/solicitudot?gx-no-cache=1524741495365 HTTP/1.1" 200 1249
186.103.157.42 - - [26/Apr/2018:08:19:08 -0300] "GET /cormun/servlet/solicitudot?e3475e2fc2e165b61d75be9d3bea7c637dd4ad8147f8f4a95deb1e76fc3ecf6e4edf0ff70834047a2b89e6c26e8cb210,gx-no-cache=1524741497591 HTTP/1.1" 200 30
186.103.157.42 - - [26/Apr/2018:08:19:08 -0300] "POST /cormun/servlet/solicitudot?gx-no-cache=1524741497664 HTTP/1.1" 200 33
186.103.157.42 - - [26/Apr/2018:08:19:15 -0300] "POST /cormun/servlet/solicitudot?31beb1120fd580f1fb219001afae7a93,INS,0,0,,gx-no-cache=1524741504355 HTTP/1.1" 200 93
186.103.157.42 - - [26/Apr/2018:08:19:15 -0300] "GET /cormun/servlet/hpexe_return? HTTP/1.1" 200 1002
186.103.157.42 - - [26/Apr/2018:08:19:15 -0300] "GET /cormun/servlet/trsolicitudot? HTTP/1.1" 200 23594
186.103.157.42 - - [26/Apr/2018:08:19:17 -0300] "GET /cormun/servlet/trsolicitudot? HTTP/1.1" 200 23589
186.103.157.42 - - [26/Apr/2018:08:19:20 -0300] "GET /cormun/servlet/trsolicitudot? HTTP/1.1" 200 23589
186.103.157.42 - - [26/Apr/2018:08:19:21 -0300] "GET /cormun/servlet/trsolicitudot? HTTP/1.1" 200 23589
186.103.157.42 - - [26/Apr/2018:08:19:24 -0300] "GET /cormun/servlet/trautorizarsolicitud? HTTP/1.1" 200 7369
186.103.157.42 - - [26/Apr/2018:08:19:25 -0300] "GET /cormun/static/gxcfg.js?2017111423403364 HTTP/1.1" 304 -
186.103.157.42 - - [26/Apr/2018:08:19:25 -0300] "GET /cormun/static/trautorizarsolicitud.js?201711142340425 HTTP/1.1" 304 -
186.103.157.42 - - [26/Apr/2018:08:19:26 -0300] "GET /cormun/servlet/trautorizarsolicitud? HTTP/1.1" 200 7369
186.103.158.250 - - [26/Apr/2018:08:19:27 -0300] "GET /cormun/servlet/trcontratoobservacion? HTTP/1.1" 200 6636
186.103.158.250 - - [26/Apr/2018:08:19:28 -0300] "GET /cormun/servlet/trcontratoobservacion? HTTP/1.1" 200 6635
186.103.157.42 - - [26/Apr/2018:08:19:28 -0300] "GET /cormun/servlet/trsolicitudot? HTTP/1.1" 200 23590
186.103.157.42 - - [26/Apr/2018:08:19:31 -0300] "GET /cormun/servlet/trsolicitudot? HTTP/1.1" 200 23589
40.77.167.76 - - [26/Apr/2018:08:19:31 -0300] "GET /cormun/static/gxcfg.js?20177612121792 HTTP/1.1" 200 953
186.103.158.250 - - [26/Apr/2018:08:19:34 -0300] "GET /cormun/servlet/trcontratoobservacion? HTTP/1.1" 200 6635
186.103.158.250 - - [26/Apr/2018:08:19:34 -0300] "GET /cormun/servlet/trcontratoobservacion? HTTP/1.1" 200 6635
186.103.157.42 - - [26/Apr/2018:08:19:37 -0300] "POST /cormun/servlet/trsolicitudot?31beb1120fd580f1fb219001afae7a93,,gx-no-cache=1524741525916 HTTP/1.1" 200 20905
186.103.157.42 - - [26/Apr/2018:08:19:38 -0300] "GET /cormun/static/Shared/jqueryui/images/ui-bg_highlight-soft_100_c6c2c8_1x100.png HTTP/1.1" 404 1117
186.103.157.42 - - [26/Apr/2018:08:19:38 -0300] "GET /cormun/static/Shared/jqueryui/images/ui-icons_82798d_256x240.png HTTP/1.1" 404 1089
186.103.157.42 - - [26/Apr/2018:08:19:39 -0300] "GET /cormun/static/Shared/jqueryui/images/ui-bg_flat_55_fafafa_40x100.png HTTP/1.1" 404 1097
186.103.157.42 - - [26/Apr/2018:08:19:39 -0300] "GET /cormun/static/Shared/jqueryui/images/ui-icons_8d78a5_256x240.png HTTP/1.1" 404 1089
186.103.157.42 - - [26/Apr/2018:08:19:40 -0300] "POST /cormun/servlet/trsolicitudot?31beb1120fd580f1fb219001afae7a93,,gx-no-cache=1524741529019 HTTP/1.1" 200 20843
186.103.157.42 - - [26/Apr/2018:08:19:50 -0300] "POST /cormun/servlet/trsolicitudot?31beb1120fd580f1fb219001afae7a93,,gx-no-cache=1524741537816 HTTP/1.1" 200 20905
186.103.157.42 - - [26/Apr/2018:08:19:52 -0300] "POST /cormun/servlet/trsolicitudot?31beb1120fd580f1fb219001afae7a93,,gx-no-cache=1524741541235 HTTP/1.1" 200 20843
186.67.164.142 - - [26/Apr/2018:08:19:53 -0300] "GET /cormun/servlet/solicitudot?11ccde41751283cd14badbac969f7634f39271f99c5e66078d1917a11583d3e5f57f102e48a9efae6810eff096a483324e57216d17b183967d75dcbdbea48019,gx-no-cache=1524741536894 HTTP/1.1" 200 30
186.67.164.142 - - [26/Apr/2018:08:19:53 -0300] "POST /cormun/servlet/solicitudot?gx-no-cache=1524741536994 HTTP/1.1" 200 256
186.67.164.142 - - [26/Apr/2018:08:19:53 -0300] "GET /cormun/servlet/solicitudot?11ccde41751283cd14badbac969f76345dc93cadf23415463ced42dfab4d7d919ad1b370c57c4c55cb62e579754d81b3781f8401acde13c8f5171646388343b666bf4bd9f2ab872857a03a841f46977b5240fe06643e243a0508d48691b8738b7e6b2f0642ced75b11db743a137c16e33cdfdfede077b85eb927f42804219ba796e507ae380dba1616e401478dca1c3f6c8ad00e1fc665f504234378359dfc588a41bc3697c70694809cad798928b0ccc85a62c31366162edc6078583e4d79107cbc045ccfffc2c1a6e33e863637da06c1b2bbc69381c70f697ea1f4a7c5dbde3de4cc2b1ac4ee474e05295a387c2ffa3927c7bd51d5e9b9a786fd994e43f7c7469fad371509bc5eeea241889423e42cad8ebe7fff8bd57cc67e89e807809b181f74dbb8a8335babb139fd5f0d40fd67a31781a623006d5e5d7b45661a24f4b8de826a5185ec1b3c945bbc4fb71cb1f8bf4fedd22a827079cb4bef34b8cb4f4d4c03c97804a14c25807f1da79a49062662b3898a59ace7c362ff5d23066428fe,gx-no-cache=1524741537053 HTTP/1.1" 200 30
186.67.164.142 - - [26/Apr/2018:08:19:53 -0300] "POST /cormun/servlet/solicitudot?gx-no-cache=1524741537111 HTTP/1.1" 200 30
186.67.164.142 - - [26/Apr/2018:08:19:54 -0300] "POST /cormun/servlet/solicitudot?gx-no-cache=1524741537202 HTTP/1.1" 200 1367
186.67.164.142 - - [26/Apr/2018:08:19:54 -0300] "POST /cormun/servlet/solicitudot?gx-no-cache=1524741537317 HTTP/1.1" 200 41
186.67.164.142 - - [26/Apr/2018:08:19:54 -0300] "POST /cormun/servlet/solicitudot?gx-no-cache=1524741537382 HTTP/1.1" 200 1349
186.67.164.142 - - [26/Apr/2018:08:19:54 -0300] "POST /cormun/servlet/solicitudot?gx-no-cache=1524741537456 HTTP/1.1" 200 1249
186.67.164.142 - - [26/Apr/2018:08:19:54 -0300] "GET /cormun/servlet/solicitudot?11ccde41751283cd14badbac969f763413546169d7590adf46f5a2d45d0cce1669959d7b07ec886bc33ce3085b7c1319,gx-no-cache=1524741537528 HTTP/1.1" 200 30
186.67.164.142 - - [26/Apr/2018:08:19:54 -0300] "POST /cormun/servlet/solicitudot?gx-no-cache=1524741537585 HTTP/1.1" 200 30
186.67.164.142 - - [26/Apr/2018:08:19:55 -0300] "POST /cormun/servlet/solicitudot?aa596173dad62054e7c3abd00ce1a675,INS,0,0,,gx-no-cache=1524741537679 HTTP/1.1" 200 11810
186.103.157.42 - - [26/Apr/2018:08:20:00 -0300] "GET /cormun/servlet/trautorizarsolicitud? HTTP/1.1" 200 9120
186.103.157.42 - - [26/Apr/2018:08:20:00 -0300] "GET /cormun/servlet/trautorizarsolicitud? HTTP/1.1" 200 9120
186.103.157.42 - - [26/Apr/2018:08:20:04 -0300] "POST /cormun/servlet/trautorizarsolicitud?31beb1120fd580f1fb219001afae7a93,,gx-no-cache=1524741554257 HTTP/1.1" 200 5798
186.103.157.42 - - [26/Apr/2018:08:20:05 -0300] "GET /cormun/static/Shared/jqueryui/images/ui-bg_highlight-soft_100_c6c2c8_1x100.png HTTP/1.1" 404 1117
186.103.157.42 - - [26/Apr/2018:08:20:05 -0300] "GET /cormun/static/Shared/jqueryui/images/ui-icons_82798d_256x240.png HTTP/1.1" 404 1089
186.103.157.42 - - [26/Apr/2018:08:20:05 -0300] "GET /cormun/static/Shared/jqueryui/images/ui-bg_flat_55_fafafa_40x100.png HTTP/1.1" 404 1097
186.103.157.42 - - [26/Apr/2018:08:20:05 -0300] "GET /cormun/static/Shared/jqueryui/images/ui-icons_8d78a5_256x240.png HTTP/1.1" 404 1089
186.103.157.42 - - [26/Apr/2018:08:20:05 -0300] "POST /cormun/servlet/trautorizarsolicitud?31beb1120fd580f1fb219001afae7a93,,gx-no-cache=1524741554644 HTTP/1.1" 200 5742
186.103.157.42 - - [26/Apr/2018:08:20:07 -0300] "POST /cormun/servlet/trautorizarsolicitud?31beb1120fd580f1fb219001afae7a93,,gx-no-cache=1524741556363 HTTP/1.1" 200 4615
186.103.157.42 - - [26/Apr/2018:08:20:07 -0300] "POST /cormun/servlet/trautorizarsolicitud?31beb1120fd580f1fb219001afae7a93,,gx-no-cache=1524741556702 HTTP/1.1" 200 4388
200.54.247.70 - - [26/Apr/2018:08:21:20 -0300] "GET /cormun/servlet/hlogin HTTP/1.1" 200 1724
200.54.247.70 - - [26/Apr/2018:08:21:21 -0300] "GET /cormun/servlet/hlogin HTTP/1.1" 200 1728
200.54.247.70 - - [26/Apr/2018:08:21:38 -0300] "POST /cormun/servlet/hlogin?2d384f125addf5895bfb3c41778b8c34,gx-no-cache=1524741643577 HTTP/1.1" 200 90
200.54.247.70 - - [26/Apr/2018:08:21:38 -0300] "GET /cormun/servlet/hpexe_link HTTP/1.1" 200 949
200.54.247.70 - - [26/Apr/2018:08:21:38 -0300] "GET /cormun/servlet/hhome HTTP/1.1" 200 4232
200.54.247.70 - - [26/Apr/2018:08:21:39 -0300] "GET /cormun/servlet/hhome HTTP/1.1" 200 4229
200.54.247.70 - - [26/Apr/2018:08:22:15 -0300] "GET /cormun/servlet/trlicencias? HTTP/1.1" 200 12575
200.54.247.70 - - [26/Apr/2018:08:22:16 -0300] "GET /cormun/servlet/trlicencias? HTTP/1.1" 200 12573
200.54.247.70 - - [26/Apr/2018:08:22:27 -0300] "POST /cormun/servlet/trlicencias?2d384f125addf5895bfb3c41778b8c34,,gx-no-cache=1524741692418 HTTP/1.1" 200 4279
186.103.159.46 - - [26/Apr/2018:08:22:58 -0300] "GET /cormun/servlet/solicitudot?5bbf20755c9e17799566e7eca778bcc9600da192c867ae42ce6859a9bcf244428865d90452e6d6d4d32d9ea73729e07a5fc6e98d8a9f792423b350c94225ebcd3dd9149d70626be89a77bc4f74d727c976e8ad4accd0dba6f29cd7f143a7a0e158b5304ec0ca89a3ba259e443566bfce782c30ce1aece37244392b75aa6654eb1c7bd5374449544a68e4d3b97cb9f8034e8f3e8a6cfa10f41ce37cccb09e150c34da7a025e5555fc0e8b622e61421740339f105c18e6f9b2c812725b0dc9c950d92d882703edfe83c2222b689f0af9103c7616ccae5b34ec556a1e167bea8ca6b313887870f8b942c12935edbc772c7dda3f24a5c31a24fd7373bd812106d2437c732ac6c7abf83130871b610d74402a557f2f74efe48f57a5b7ae5a2302814c647cb3099befdda4d26eef3ba56b7a27a5a2bbaf629b42fd7c3c7271753f19a23d794279dd91554f3e9b190ef1b4b09d07f9c13319dc6471a30b584eb2e4cffea23de8ef5b852a37844dd5905ca639b9ce71818535edd342e12cf831b5e07f89,gx-no-cache=1524741720936 HTTP/1.1" 200 30
186.103.159.46 - - [26/Apr/2018:08:22:58 -0300] "POST /cormun/servlet/solicitudot?gx-no-cache=1524741721480 HTTP/1.1" 200 30
186.103.159.46 - - [26/Apr/2018:08:22:58 -0300] "POST /cormun/servlet/solicitudot?gx-no-cache=1524741721672 HTTP/1.1" 200 1363
186.103.159.46 - - [26/Apr/2018:08:22:58 -0300] "POST /cormun/servlet/solicitudot?gx-no-cache=1524741721963 HTTP/1.1" 200 41
186.103.159.46 - - [26/Apr/2018:08:22:58 -0300] "POST /cormun/servlet/solicitudot?gx-no-cache=1524741722091 HTTP/1.1" 200 1350
186.103.159.46 - - [26/Apr/2018:08:22:59 -0300] "POST /cormun/servlet/solicitudot?gx-no-cache=1524741722272 HTTP/1.1" 200 1249
186.103.159.46 - - [26/Apr/2018:08:22:59 -0300] "GET /cormun/servlet/solicitudot?5bbf20755c9e17799566e7eca778bcc9c6c303fbf7f1fd6315497b1f77cef47374ac5fbe5573f2f71831bdddd3f30474,gx-no-cache=1524741722449 HTTP/1.1" 200 30
186.103.159.46 - - [26/Apr/2018:08:22:59 -0300] "POST /cormun/servlet/solicitudot?gx-no-cache=1524741722553 HTTP/1.1" 200 30
186.103.159.46 - - [26/Apr/2018:08:25:02 -0300] "GET /cormun/servlet/solicitudot?5bbf20755c9e17799566e7eca778bcc9600da192c867ae42ce6859a9bcf244428865d90452e6d6d4d32d9ea73729e07a5fc6e98d8a9f792423b350c94225ebcd3dd9149d70626be89a77bc4f74d727c976e8ad4accd0dba6f29cd7f143a7a0e158b5304ec0ca89a3ba259e443566bfce782c30ce1aece37244392b75aa6654eb1c7bd5374449544a68e4d3b97cb9f8034e8f3e8a6cfa10f41ce37cccb09e150c34da7a025e5555fc0e8b622e61421740339f105c18e6f9b2c812725b0dc9c950d92d882703edfe83c2222b689f0af9103c7616ccae5b34ec556a1e167bea8ca6b313887870f8b942c12935edbc772c7dda3f24a5c31a24fd7373bd812106d2437c732ac6c7abf83130871b610d74402a557f2f74efe48f57a5b7ae5a2302814c647cb3099befdda4d26eef3ba56b7a27a5a2bbaf629b42fd7c3c7271753f19a23d794279dd91554f3e9b190ef1b4b09d07f9c13319dc6471a30b584eb2e4cffea23de8ef5b852a37844dd5905ca639b9ce71818535edd342e12cf831b5e07f89,gx-no-cache=1524741845467 HTTP/1.1" 200 30
186.103.159.46 - - [26/Apr/2018:08:25:02 -0300] "POST /cormun/servlet/solicitudot?gx-no-cache=1524741845845 HTTP/1.1" 200 30
186.103.159.46 - - [26/Apr/2018:08:25:02 -0300] "POST /cormun/servlet/solicitudot?gx-no-cache=1524741845921 HTTP/1.1" 200 1363
186.103.159.46 - - [26/Apr/2018:08:25:02 -0300] "POST /cormun/servlet/solicitudot?gx-no-cache=1524741846055 HTTP/1.1" 200 41
186.103.159.46 - - [26/Apr/2018:08:25:02 -0300] "POST /cormun/servlet/solicitudot?gx-no-cache=1524741846123 HTTP/1.1" 200 1350
186.103.159.46 - - [26/Apr/2018:08:25:03 -0300] "POST /cormun/servlet/solicitudot?gx-no-cache=1524741846218 HTTP/1.1" 200 1249
186.103.159.46 - - [26/Apr/2018:08:25:03 -0300] "GET /cormun/servlet/solicitudot?5bbf20755c9e17799566e7eca778bcc9c6c303fbf7f1fd6315497b1f77cef47374ac5fbe5573f2f71831bdddd3f30474,gx-no-cache=1524741846309 HTTP/1.1" 200 30
186.103.159.46 - - [26/Apr/2018:08:25:03 -0300] "POST /cormun/servlet/solicitudot?gx-no-cache=1524741846414 HTTP/1.1" 200 30
186.103.159.46 - - [26/Apr/2018:08:25:03 -0300] "POST /cormun/servlet/solicitudot?3d0f6fa062951c7587bd66c94ed50a0f,INS,0,0,,gx-no-cache=1524741846537 HTTP/1.1" 200 11699
190.100.93.40 - - [26/Apr/2018:08:25:45 -0300] "GET /cormun/servlet/solicitudot?a56c77ea63dab029a99de8c5bdb24cdd5d08050592f66466158afcf8599b1c2ebe678553ea753c8b693b423d13a9809f,gx-no-cache=1524741892740 HTTP/1.1" 200 30
190.100.93.40 - - [26/Apr/2018:08:25:45 -0300] "GET /cormun/servlet/solicitudot?a56c77ea63dab029a99de8c5bdb24cdd1981d5d4bd9d1a51efa0d520765a74f696c87a3f17c50d13b943e278405dbee65332a0f7b128ac6e290abdbe397bfb7c,gx-no-cache=1524741892918 HTTP/1.1" 200 30
190.100.93.40 - - [26/Apr/2018:08:25:45 -0300] "GET /cormun/servlet/solicitudot?a56c77ea63dab029a99de8c5bdb24cdd0a7ea1065b3fdc42e86e7ff586dba0d6,gx-no-cache=1524741893000 HTTP/1.1" 200 53
190.100.93.40 - - [26/Apr/2018:08:25:46 -0300] "POST /cormun/servlet/solicitudot?gx-no-cache=1524741893080 HTTP/1.1" 200 240
190.100.93.40 - - [26/Apr/2018:08:25:46 -0300] "GET /cormun/servlet/solicitudot?a56c77ea63dab029a99de8c5bdb24cddb2a282c745c99bbe590c3ec628ef7588360cac560638a33c51fcec734a9a1ab02007ee74b11282ca5de10f68d2481a5f4f07938e3dbe979a1d5112057c8ac21e79fc84d8d6684a2ce4f82042e4e47517d84faed2e98c51c5fae67c40ad5418cca9facbbb5d050132b053dfa0506bd7aace09e17cdbd91ed26a41248a9e92fef3db64a415cbc433c836a55a133d2709d55f5a838c3d283e922f50c21ed3d57a399be0c823012bb4111f66d5d49973c2e908527dfa47e548a959ab2c9e67e8cf25f05f8fa246f51a79f4ab8f15c83653a6e28185221b9955eff6a72188fe547d2ee160a83f91d40859f8f35dcf2096c832a3e4019d60fd734a5eff66b8f11de093095409e4f29161b0e15a658c64ee98d78f662bd564b4dd4f0e531e6c6b7817559fc1b7fb1d00cb9a667347b8eea4233070e5c661d0d64d5f85d0fabac6425daef61b75a371f4e3d9cd52f81e27f3bce5422dcc9572c6c159854665ba85c1892298e9e5307a08f916cccdd7b35e37a54f,gx-no-cache=1524741893176 HTTP/1.1" 200 30
190.100.93.40 - - [26/Apr/2018:08:25:46 -0300] "POST /cormun/servlet/solicitudot?gx-no-cache=1524741893270 HTTP/1.1" 200 30
190.100.93.40 - - [26/Apr/2018:08:25:46 -0300] "POST /cormun/servlet/solicitudot?gx-no-cache=1524741893361 HTTP/1.1" 200 1369
190.100.93.40 - - [26/Apr/2018:08:25:46 -0300] "POST /cormun/servlet/solicitudot?gx-no-cache=1524741893480 HTTP/1.1" 200 38
186.103.159.46 - - [26/Apr/2018:08:25:54 -0300] "POST /cormun/servlet/solicitudot?gx-no-cache=1524741896925 HTTP/1.1" 200 3486
37.146.195.73 - - [26/Apr/2018:08:25:58 -0300] "GET /cormun/servlet/trvisualizadoreventos? HTTP/1.1" 200 5946
37.146.195.73 - - [26/Apr/2018:08:25:58 -0300] "GET /cormun/static/gxui/gxui-all.css?110300 HTTP/1.1" 200 2179
37.146.195.73 - - [26/Apr/2018:08:25:59 -0300] "GET /cormun/static/Shared/jqueryui/jquery-ui.min.css?1245370 HTTP/1.1" 200 30288
37.146.195.73 - - [26/Apr/2018:08:25:59 -0300] "GET /cormun/static/SmoothNavMenu/resources/ddsmoothmenu-v.css?1012540 HTTP/1.1" 200 1188
37.146.195.73 - - [26/Apr/2018:08:25:59 -0300] "GET /cormun/static/Resources/Spanish/PXTools.css?11423723 HTTP/1.1" 200 89042
37.146.195.73 - - [26/Apr/2018:08:25:59 -0300] "GET /cormun/static/scaMessage/css/jquery.pnotify.default.css?1716380 HTTP/1.1" 200 1707
37.146.195.73 - - [26/Apr/2018:08:26:00 -0300] "GET /cormun/static/Shared/ext/resources/css/ext-all.css?205870 HTTP/1.1" 200 416045
37.146.195.73 - - [26/Apr/2018:08:26:00 -0300] "GET /cormun/static/gxtimezone.js?85251 HTTP/1.1" 200 5781
37.146.195.73 - - [26/Apr/2018:08:26:00 -0300] "GET /cormun/static/gxcfg.js?20175251251426 HTTP/1.1" 200 953
37.146.195.73 - - [26/Apr/2018:08:26:00 -0300] "GET /cormun/static/calendar.js?85251 HTTP/1.1" 200 26246
37.146.195.73 - - [26/Apr/2018:08:26:00 -0300] "GET /cormun/static/SmoothNavMenu/resources/ddsmoothmenu.css?1012540 HTTP/1.1" 200 2223
37.146.195.73 - - [26/Apr/2018:08:26:00 -0300] "GET /cormun/static/calendar-setup.js?85251 HTTP/1.1" 200 2588
37.146.195.73 - - [26/Apr/2018:08:26:01 -0300] "GET /cormun/static/gxgral.js?85251 HTTP/1.1" 200 384558
37.146.195.73 - - [26/Apr/2018:08:26:01 -0300] "GET /cormun/static/calendar-es.js?85251 HTTP/1.1" 200 1901
190.100.93.40 - - [26/Apr/2018:08:26:01 -0300] "POST /cormun/servlet/solicitudot?gx-no-cache=1524741908963 HTTP/1.1" 200 1369
190.100.93.40 - - [26/Apr/2018:08:26:01 -0300] "POST /cormun/servlet/solicitudot?gx-no-cache=1524741909053 HTTP/1.1" 200 38
37.146.195.73 - - [26/Apr/2018:08:26:02 -0300] "GET /cormun/static/RunJS/RunJS.js HTTP/1.1" 200 288
37.146.195.73 - - [26/Apr/2018:08:26:02 -0300] "GET /cormun/static/gxui/gxui-all.js HTTP/1.1" 200 107772
37.146.195.73 - - [26/Apr/2018:08:26:02 -0300] "GET /cormun/static/PXToolsJavascripts/pexe_autoreload.js HTTP/1.1" 200 1762
186.103.159.46 - - [26/Apr/2018:08:26:02 -0300] "GET /cormun/servlet/solicitudot?5bbf20755c9e17799566e7eca778bcc9600da192c867ae42ce6859a9bcf2444294aa01978ca9fb473d421b03e9758a355fc6e98d8a9f792423b350c94225ebcd3dd9149d70626be89a77bc4f74d727c976e8ad4accd0dba6f29cd7f143a7a0e158b5304ec0ca89a3ba259e443566bfce782c30ce1aece37244392b75aa6654eb1c7bd5374449544a68e4d3b97cb9f8034e8f3e8a6cfa10f41ce37cccb09e150c34da7a025e5555fc0e8b622e61421740339f105c18e6f9b2c812725b0dc9c950d92d882703edfe83c2222b689f0af9103c7616ccae5b34ec556a1e167bea8ca6b313887870f8b942c12935edbc772c7d46d0adef8d7108796a8adcbc222a11647c732ac6c7abf83130871b610d74402a4dfeaaf5d8c27aa70fcfdb1293276f3ad28420f30db785fabba23e2dd98711a065751c411eb9c62304c04c4475280eda3d794279dd91554f3e9b190ef1b4b09d07f9c13319dc6471a30b584eb2e4cffea23de8ef5b852a37844dd5905ca639b9ce71818535edd342e12cf831b5e07f89,gx-no-cache=1524741905612 HTTP/1.1" 200 30
186.103.159.46 - - [26/Apr/2018:08:26:02 -0300] "POST /cormun/servlet/solicitudot?gx-no-cache=1524741905698 HTTP/1.1" 200 30
37.146.195.73 - - [26/Apr/2018:08:26:02 -0300] "GET /cormun/static/PXToolsJavascripts/pexe_cookies.js HTTP/1.1" 200 792
186.103.159.46 - - [26/Apr/2018:08:26:02 -0300] "POST /cormun/servlet/solicitudot?gx-no-cache=1524741905782 HTTP/1.1" 200 1368
186.103.159.46 - - [26/Apr/2018:08:26:02 -0300] "POST /cormun/servlet/solicitudot?gx-no-cache=1524741905906 HTTP/1.1" 200 41
186.103.159.46 - - [26/Apr/2018:08:26:02 -0300] "POST /cormun/servlet/solicitudot?gx-no-cache=1524741905988 HTTP/1.1" 200 1350
37.146.195.73 - - [26/Apr/2018:08:26:02 -0300] "GET /cormun/static/PXToolsJavascripts/pexe_grid.js HTTP/1.1" 200 7559
186.103.159.46 - - [26/Apr/2018:08:26:03 -0300] "POST /cormun/servlet/solicitudot?gx-no-cache=1524741906116 HTTP/1.1" 200 1249
37.146.195.73 - - [26/Apr/2018:08:26:03 -0300] "GET /cormun/static/PXToolsJavascripts/pexe_windows.js HTTP/1.1" 200 15207
186.103.159.46 - - [26/Apr/2018:08:26:03 -0300] "GET /cormun/servlet/solicitudot?5bbf20755c9e17799566e7eca778bcc9c6c303fbf7f1fd6315497b1f77cef47374ac5fbe5573f2f71831bdddd3f30474,gx-no-cache=1524741906301 HTTP/1.1" 200 30
37.146.195.73 - - [26/Apr/2018:08:26:03 -0300] "GET /cormun/static/PXToolsJavascripts/pexe_griddivfix.js HTTP/1.1" 200 6644
186.103.159.46 - - [26/Apr/2018:08:26:03 -0300] "POST /cormun/servlet/solicitudot?gx-no-cache=1524741906381 HTTP/1.1" 200 30
37.146.195.73 - - [26/Apr/2018:08:26:03 -0300] "GET /cormun/static/PXToolsJavascripts/pexe_link.js HTTP/1.1" 200 5671
37.146.195.73 - - [26/Apr/2018:08:26:03 -0300] "GET /cormun/static/PXToolsJavascripts/pexe_menudivfix.js HTTP/1.1" 200 333
37.146.195.73 - - [26/Apr/2018:08:26:03 -0300] "GET /cormun/static/PXToolsJavascripts/pexe_menus.js HTTP/1.1" 200 1286
37.146.195.73 - - [26/Apr/2018:08:26:03 -0300] "GET /cormun/static/PXToolsJavascripts/pexe_layers.js HTTP/1.1" 200 4114
37.146.195.73 - - [26/Apr/2018:08:26:04 -0300] "GET /cormun/static/PXToolsJavascripts/pexe_oav.js HTTP/1.1" 200 645
37.146.195.73 - - [26/Apr/2018:08:26:04 -0300] "GET /cormun/static/PXToolsJavascripts/pexe_oavdivfix.js HTTP/1.1" 200 639
37.146.195.73 - - [26/Apr/2018:08:26:04 -0300] "GET /cormun/static/Shared/ext/ext-all.js HTTP/1.1" 200 1289687
37.146.195.73 - - [26/Apr/2018:08:26:04 -0300] "GET /cormun/static/PXToolsJavascripts/pexe_picture.js HTTP/1.1" 200 689
37.146.195.73 - - [26/Apr/2018:08:26:04 -0300] "GET /cormun/static/PXToolsJavascripts/pexe_popup.js HTTP/1.1" 200 13458
37.146.195.73 - - [26/Apr/2018:08:26:04 -0300] "GET /cormun/static/PXToolsJavascripts/pexe_scrolldiv.js HTTP/1.1" 200 4138
37.146.195.73 - - [26/Apr/2018:08:26:04 -0300] "GET /cormun/static/PXToolsJavascripts/pexe_tabdivfix.js HTTP/1.1" 200 876
37.146.195.73 - - [26/Apr/2018:08:26:05 -0300] "GET /cormun/static/PXToolsJavascripts/pexe_tabs.js HTTP/1.1" 200 3748
37.146.195.73 - - [26/Apr/2018:08:26:05 -0300] "GET /cormun/static/PXToolsJavascripts/pexe_upload.js HTTP/1.1" 200 1423
37.146.195.73 - - [26/Apr/2018:08:26:05 -0300] "GET /cormun/static/PXToolsJavascripts/PXToolsJavascriptsRender.js HTTP/1.1" 200 367
37.146.195.73 - - [26/Apr/2018:08:26:06 -0300] "GET /cormun/static/calendar-system.css?75620 HTTP/1.1" 200 5572
190.100.93.40 - - [26/Apr/2018:08:26:06 -0300] "GET /cormun/servlet/solicitudot?a56c77ea63dab029a99de8c5bdb24cdd0a881f78a2878bb50de56dfb04b640a14d1de7308a8173a06a24df2ec88d962e972f1615a6fe00cd898395bf171a377bce330d01b781ef0cfc439985f35cbdd74a3269ebde5e512e14ea55ad9eea0ba7025c29c65f2269ea4d158ab2527ba763b61cd40fa03f5546417140efbbc5e793c868fefeeb7244196d6463619a8a3d0b94a2870d55876a692fa3320f6a62216a,gx-no-cache=1524741913983 HTTP/1.1" 200 29
190.100.93.40 - - [26/Apr/2018:08:26:06 -0300] "POST /cormun/servlet/solicitudot?gx-no-cache=1524741914044 HTTP/1.1" 200 1351
190.100.93.40 - - [26/Apr/2018:08:26:07 -0300] "POST /cormun/servlet/solicitudot?gx-no-cache=1524741914120 HTTP/1.1" 200 1249
190.100.93.40 - - [26/Apr/2018:08:26:07 -0300] "GET /cormun/static/menuarrow.gif HTTP/1.1" 404 1015
37.146.195.73 - - [26/Apr/2018:08:26:08 -0300] "GET /cormun/static/hwchdr01.js?201752511465785 HTTP/1.1" 200 1183
37.146.195.73 - - [26/Apr/2018:08:26:08 -0300] "GET /cormun/static/Shared/ext/locale/ext-lang-en.js HTTP/1.1" 200 10940
37.146.195.73 - - [26/Apr/2018:08:26:09 -0300] "GET /cormun/static/trvisualizadoreventos.js?20175251251768 HTTP/1.1" 200 19318
37.146.195.73 - - [26/Apr/2018:08:26:09 -0300] "GET /cormun/static/messages.spa.js?85251 HTTP/1.1" 200 30736
37.146.195.73 - - [26/Apr/2018:08:26:09 -0300] "GET /cormun/static/hpexe_recentlink.js?20177611595044 HTTP/1.1" 200 2144
37.146.195.73 - - [26/Apr/2018:08:26:09 -0300] "GET /cormun/static/hpexe_scripts.js?201752511465715 HTTP/1.1" 200 1544
37.146.195.73 - - [26/Apr/2018:08:26:09 -0300] "GET /cormun/static/hpexe_messagecontroller.js?20177611595012 HTTP/1.1" 200 870
37.146.195.73 - - [26/Apr/2018:08:26:09 -0300] "GET /cormun/static/hpexe_messagepopupcomponent.js?20161017169425 HTTP/1.1" 200 605
190.100.93.40 - - [26/Apr/2018:08:26:10 -0300] "POST /cormun/servlet/solicitudot?gx-no-cache=1524741917049 HTTP/1.1" 200 1351
37.146.195.73 - - [26/Apr/2018:08:26:10 -0300] "GET /cormun/static/hpexe_messagegenexuscomponent.js?201752511465344 HTTP/1.1" 200 587
190.100.93.40 - - [26/Apr/2018:08:26:10 -0300] "POST /cormun/servlet/solicitudot?gx-no-cache=1524741917160 HTTP/1.1" 200 1249
37.146.195.73 - - [26/Apr/2018:08:26:10 -0300] "GET /cormun/static/cmcontrolpreferences.js?201752511465670 HTTP/1.1" 200 1375
37.146.195.73 - - [26/Apr/2018:08:26:10 -0300] "GET /cormun/static/SmoothNavMenu/resources/ddsmoothmenu.js HTTP/1.1" 200 12712
37.146.195.73 - - [26/Apr/2018:08:26:10 -0300] "GET /cormun/static/Shared/jquery/jquery-1.4.2.min.js HTTP/1.1" 200 72174
37.146.195.73 - - [26/Apr/2018:08:26:11 -0300] "GET /cormun/static/SmoothNavMenu/resources/SmoothNavMenuRender.js HTTP/1.1" 200 5951
37.146.195.73 - - [26/Apr/2018:08:26:11 -0300] "GET /cormun/static/scaMessage/js/jquery.pnotify.min.js HTTP/1.1" 200 13038
190.100.93.40 - - [26/Apr/2018:08:26:12 -0300] "GET /cormun/servlet/solicitudot?a56c77ea63dab029a99de8c5bdb24cdd01c4cda1f78cc4ac75afc30c7507fffcc1acb641b7fe00b997cb5098ef9d7441,gx-no-cache=1524741919081 HTTP/1.1" 200 30
37.146.195.73 - - [26/Apr/2018:08:26:12 -0300] "GET /cormun/static/gxdec.js?85251 HTTP/1.1" 200 19579
37.146.195.73 - - [26/Apr/2018:08:26:12 -0300] "GET /cormun/static/Shared/jqueryui/jquery-ui.min.js HTTP/1.1" 200 240427
37.146.195.73 - - [26/Apr/2018:08:26:12 -0300] "GET /cormun/static/scaMessage/scaMessageRender.js HTTP/1.1" 200 11977
37.146.195.73 - - [26/Apr/2018:08:26:12 -0300] "GET /cormun/static/Shared/jquery/jquery-1.10.2.min.js HTTP/1.1" 200 273199
37.146.195.73 - - [26/Apr/2018:08:26:13 -0300] "GET /cormun/static/hmpwkw03.js?20177612122668 HTTP/1.1" 200 3965
37.146.195.73 - - [26/Apr/2018:08:26:15 -0300] "GET /cormun/servlet/trvisualizadoreventos? HTTP/1.1" 200 5946
37.146.195.73 - - [26/Apr/2018:08:26:16 -0300] "GET /cormun/servlet/hlogin HTTP/1.1" 200 1734
37.146.195.73 - - [26/Apr/2018:08:26:16 -0300] "GET /cormun/static/gxcfg.js?20175251213516 HTTP/1.1" 200 953
37.146.195.73 - - [26/Apr/2018:08:26:16 -0300] "GET /cormun/static/gxtimezone.js?85251 HTTP/1.1" 200 5781
37.146.195.73 - - [26/Apr/2018:08:26:17 -0300] "GET /cormun/static/hlogin.js?20175251213537 HTTP/1.1" 200 2136
37.146.195.73 - - [26/Apr/2018:08:26:17 -0300] "GET /cormun/static/Resources/Spanish/PXTools.css?11423723 HTTP/1.1" 200 89042
37.146.195.73 - - [26/Apr/2018:08:26:17 -0300] "GET /cormun/static/messages.spa.js?85251 HTTP/1.1" 200 30736
37.146.195.73 - - [26/Apr/2018:08:26:17 -0300] "GET /cormun/static/gxgral.js?85251 HTTP/1.1" 200 384558
