186.67.172.234 - - [26/Apr/2018:12:21:13 -0300] "GET /cormun/static/about:blank HTTP/1.1" 404 1011
186.67.172.234 - - [26/Apr/2018:12:21:13 -0300] "GET /cormun/servlet/solicitudotadjuntos?INS,2018,11225,,1, HTTP/1.1" 200 6253
186.67.172.234 - - [26/Apr/2018:12:21:13 -0300] "GET /cormun/servlet/solicitudotadjuntos?632f1578d4f8eab156078330fc69a1ca16525ebc59a43f6d5c4b84a7135f6ddc66af29c9aae556898946f470079bab60,gx-no-cache=1524755955697 HTTP/1.1" 200 30
186.67.172.234 - - [26/Apr/2018:12:21:13 -0300] "POST /cormun/servlet/solicitudotadjuntos?a06c4f60f5668e880f0794e3c7ecbb82,INS,2018,11225,,1,,gx-no-cache=1524755955733 HTTP/1.1" 200 3979
186.67.172.234 - - [26/Apr/2018:12:21:18 -0300] "POST /cormun/servlet/solicitudotadjuntos?gx-no-cache=1524755960363 HTTP/1.1" 200 26
186.67.172.234 - - [26/Apr/2018:12:21:25 -0300] "POST /cormun/servlet/licenciaspermisos?1842b0e16e64c04b6c6454fe1a945be4,INS,0,,,,gx-no-cache=1524759529585 HTTP/1.1" 200 93
186.67.172.234 - - [26/Apr/2018:12:21:25 -0300] "GET /cormun/servlet/hpexe_return? HTTP/1.1" 200 1006
186.67.172.234 - - [26/Apr/2018:12:21:26 -0300] "GET /cormun/servlet/trlicencias HTTP/1.1" 200 7174
186.67.172.234 - - [26/Apr/2018:12:21:26 -0300] "GET /cormun/servlet/trlicencias HTTP/1.1" 200 7170
186.67.172.234 - - [26/Apr/2018:12:21:29 -0300] "GET /cormun/servlet/solicitudotadjuntos?632f1578d4f8eab156078330fc69a1ca963b30e4e2791086115cb2feef352c74,gx-no-cache=1524755970891 HTTP/1.1" 200 30
186.67.172.234 - - [26/Apr/2018:12:21:29 -0300] "GET /cormun/servlet/solicitudotadjuntos?632f1578d4f8eab156078330fc69a1ca963b30e4e2791086115cb2feef352c74,gx-no-cache=1524755970902 HTTP/1.1" 200 30
186.67.172.234 - - [26/Apr/2018:12:21:29 -0300] "GET /cormun/servlet/licenciaspermisos?INS,0,,, HTTP/1.1" 200 7750
186.67.172.234 - - [26/Apr/2018:12:21:29 -0300] "POST /cormun/servlet/solicitudotadjuntos?a06c4f60f5668e880f0794e3c7ecbb82,INS,2018,11225,,1, HTTP/1.1" 200 116
186.67.172.234 - - [26/Apr/2018:12:21:29 -0300] "GET /cormun/servlet/hpexe_return? HTTP/1.1" 200 1019
186.67.172.234 - - [26/Apr/2018:12:21:29 -0300] "GET /cormun/servlet/licenciaspermisos?INS,0,,, HTTP/1.1" 200 7758
186.67.172.234 - - [26/Apr/2018:12:21:30 -0300] "GET /cormun/servlet/trsolicitudadjuntos?2018,11225, HTTP/1.1" 200 9197
186.67.172.234 - - [26/Apr/2018:12:21:30 -0300] "GET /cormun/servlet/trsolicitudadjuntos?2018,11225, HTTP/1.1" 200 9195
186.67.172.234 - - [26/Apr/2018:12:21:34 -0300] "POST /cormun/servlet/trsolicitudadjuntos?a06c4f60f5668e880f0794e3c7ecbb82,2018,11225,,gx-no-cache=1524755976285 HTTP/1.1" 200 90
186.67.172.234 - - [26/Apr/2018:12:21:34 -0300] "GET /cormun/servlet/hpexe_link HTTP/1.1" 200 963
186.67.172.234 - - [26/Apr/2018:12:21:34 -0300] "GET /cormun/servlet/trsolicitudot HTTP/1.1" 200 8790
186.67.172.234 - - [26/Apr/2018:12:21:34 -0300] "GET /cormun/servlet/trsolicitudot HTTP/1.1" 200 8789
186.67.172.234 - - [26/Apr/2018:12:21:37 -0300] "GET /cormun/servlet/prfichaempleado?,MD,,gxPopupLevel%3D0%3B HTTP/1.1" 200 9379
186.67.172.234 - - [26/Apr/2018:12:21:44 -0300] "POST /cormun/servlet/prfichaempleado?fa58e0bc4a0ed885a0e33d5d9f5d494e,,MD,,gxPopupLevel%3D0%3B,gx-no-cache=1524756048926 HTTP/1.1" 200 3431
186.67.172.234 - - [26/Apr/2018:12:21:46 -0300] "POST /cormun/servlet/trsolicitudot?a06c4f60f5668e880f0794e3c7ecbb82,gx-no-cache=1524755987959 HTTP/1.1" 200 4676
186.67.172.234 - - [26/Apr/2018:12:21:46 -0300] "GET /cormun/static/Shared/jqueryui/images/ui-bg_highlight-soft_100_c6c2c8_1x100.png HTTP/1.1" 404 1117
186.67.172.234 - - [26/Apr/2018:12:21:46 -0300] "GET /cormun/static/Shared/jqueryui/images/ui-icons_82798d_256x240.png HTTP/1.1" 404 1089
186.67.172.234 - - [26/Apr/2018:12:21:46 -0300] "GET /cormun/static/Shared/jqueryui/images/ui-bg_flat_55_fafafa_40x100.png HTTP/1.1" 404 1097
186.67.172.234 - - [26/Apr/2018:12:21:46 -0300] "GET /cormun/static/Shared/jqueryui/images/ui-icons_8d78a5_256x240.png HTTP/1.1" 404 1089
186.67.172.234 - - [26/Apr/2018:12:21:46 -0300] "POST /cormun/servlet/trsolicitudot?a06c4f60f5668e880f0794e3c7ecbb82,gx-no-cache=1524755988198 HTTP/1.1" 200 4444
186.67.172.234 - - [26/Apr/2018:12:21:49 -0300] "GET /cormun/servlet/licenciaspermisos?5b9aea322fd39977c96f54e196f231ca9e1877f44a2a7525e89c0655a1f830ce2e4ec1f73ef275ee23fb8e3a07495d61,gx-no-cache=1524756054287 HTTP/1.1" 200 98
186.67.172.234 - - [26/Apr/2018:12:21:50 -0300] "POST /cormun/servlet/licenciaspermisos?fa58e0bc4a0ed885a0e33d5d9f5d494e,INS,0,,,,gx-no-cache=1524756054311 HTTP/1.1" 200 4890
186.67.172.234 - - [26/Apr/2018:12:21:50 -0300] "POST /cormun/servlet/prfichaempleado?1842b0e16e64c04b6c6454fe1a945be4,,MD,,gxPopupLevel%3D0%3B,gx-no-cache=1524759554313 HTTP/1.1" 200 3475
186.67.172.234 - - [26/Apr/2018:12:21:52 -0300] "GET /cormun/servlet/licenciaspermisos?d1140f80ac0f2eb1a684b96f28472e27132e5ea276e37f43b3fda51c653e06eaeb8bbb163f3ac1972949d9cdd3a89dff,gx-no-cache=1524759556546 HTTP/1.1" 200 96
186.67.172.234 - - [26/Apr/2018:12:21:52 -0300] "POST /cormun/servlet/licenciaspermisos?1842b0e16e64c04b6c6454fe1a945be4,INS,0,,,,gx-no-cache=1524759556579 HTTP/1.1" 200 4878
186.67.172.234 - - [26/Apr/2018:12:22:12 -0300] "GET /cormun/static/menuarrow.gif HTTP/1.1" 404 1015
186.67.172.234 - - [26/Apr/2018:12:22:12 -0300] "GET /cormun/static/menuarrow.gif HTTP/1.1" 404 1015
200.111.191.210 - - [26/Apr/2018:12:22:49 -0300] "GET /cormun/servlet/trsolicitudot? HTTP/1.1" 200 6400
200.111.191.210 - - [26/Apr/2018:12:22:49 -0300] "GET /cormun/servlet/hlogin HTTP/1.1" 200 1738
200.111.191.210 - - [26/Apr/2018:12:22:49 -0300] "GET /cormun/servlet/trsolicitudot? HTTP/1.1" 200 6397
200.111.191.210 - - [26/Apr/2018:12:22:56 -0300] "POST /cormun/servlet/hlogin?27a4f1adaa7cd6e3880e9e2d1d723f80,gx-no-cache=1524756145510 HTTP/1.1" 200 90
200.111.191.210 - - [26/Apr/2018:12:22:56 -0300] "GET /cormun/servlet/hpexe_link HTTP/1.1" 200 956
200.111.191.210 - - [26/Apr/2018:12:22:56 -0300] "GET /cormun/servlet/trsolicitudot HTTP/1.1" 200 8399
200.111.191.210 - - [26/Apr/2018:12:22:57 -0300] "GET /cormun/servlet/trsolicitudot HTTP/1.1" 200 8400
200.111.191.210 - - [26/Apr/2018:12:22:59 -0300] "GET /cormun/servlet/solicitudot?INS,0,0, HTTP/1.1" 200 13399
200.111.191.210 - - [26/Apr/2018:12:22:59 -0300] "GET /cormun/static/solicitudot.js?201812313224831 HTTP/1.1" 304 -
200.111.191.210 - - [26/Apr/2018:12:22:59 -0300] "GET /cormun/servlet/solicitudot?INS,0,0, HTTP/1.1" 200 13404
200.111.191.210 - - [26/Apr/2018:12:23:03 -0300] "GET /cormun/servlet/prfichaempleado?,MD,,gxPopupLevel%3D0%3B HTTP/1.1" 200 9312
200.111.191.210 - - [26/Apr/2018:12:23:11 -0300] "POST /cormun/servlet/prfichaempleado?27a4f1adaa7cd6e3880e9e2d1d723f80,,MD,,gxPopupLevel%3D0%3B,gx-no-cache=1524756159979 HTTP/1.1" 200 3174
186.67.172.234 - - [26/Apr/2018:12:23:12 -0300] "GET /cormun/servlet/licenciaspermisos?d1140f80ac0f2eb1a684b96f28472e2717435afd1fcb401fc147d8ff8df94ba07d1d9551c3fb61a0f1299077062b56c9e41b2ed9b4b6f4833ab0afacc5cf8f847426fa463d028f9e04f03f11a5b6b1c51056dd34d264cda13b30aceae47eb2344b9f60a087992c631674e0f8290796af2d6cff8a8043344433642cf97acffba4abdab5c59338a1137527ca25a1826ba7c872f8a399415fa2c26a3026bddf2a7e60135c5da76d51f796cc5ee54f836f42,gx-no-cache=1524759636223 HTTP/1.1" 200 30
186.67.172.234 - - [26/Apr/2018:12:23:12 -0300] "GET /cormun/servlet/licenciaspermisos?d1140f80ac0f2eb1a684b96f28472e27ae80722867beb985c2e4ec3b8837f69c37f447361f87dc4af17322c8b9d07f6b69f4b2ea60ac28f45c06efe9f62375f6b726d7f9e4e3d6948f827de1c86ed939a7c2d29cd54153518fb6c5eb8e01975b131cf4560e5b95e79ad8089c4e2b6a3d37b6ca253c6646743958613fddcba8663eeef8b92f25eff5dd2f5481d71b806c9bffb0daab3658d30b22d53dd0bd6732ebdd0de2cc4a67cf67c21cf973a14194,gx-no-cache=1524759636248 HTTP/1.1" 200 29
186.67.172.234 - - [26/Apr/2018:12:23:12 -0300] "POST /cormun/servlet/licenciaspermisos?1842b0e16e64c04b6c6454fe1a945be4,INS,0,,,,gx-no-cache=1524759636269 HTTP/1.1" 200 5002
186.67.172.234 - - [26/Apr/2018:12:23:12 -0300] "GET /cormun/static/Shared/jqueryui/images/ui-bg_highlight-soft_100_c6c2c8_1x100.png HTTP/1.1" 404 1117
186.67.172.234 - - [26/Apr/2018:12:23:12 -0300] "GET /cormun/static/Shared/jqueryui/images/ui-icons_82798d_256x240.png HTTP/1.1" 404 1089
186.67.172.234 - - [26/Apr/2018:12:23:12 -0300] "GET /cormun/static/Shared/jqueryui/images/ui-bg_flat_55_994d53_40x100.png HTTP/1.1" 404 1097
186.67.172.234 - - [26/Apr/2018:12:23:12 -0300] "GET /cormun/static/Shared/jqueryui/images/ui-icons_ebccce_256x240.png HTTP/1.1" 404 1089
186.103.157.98 - - [26/Apr/2018:12:23:16 -0300] "GET /cormun/servlet/hlogin HTTP/1.1" 200 1715
186.67.172.234 - - [26/Apr/2018:12:23:23 -0300] "GET /cormun/servlet/trlicencias? HTTP/1.1" 200 7171
186.67.172.234 - - [26/Apr/2018:12:23:24 -0300] "GET /cormun/servlet/trlicencias? HTTP/1.1" 200 7170
200.111.191.210 - - [26/Apr/2018:12:23:26 -0300] "POST /cormun/servlet/prfichaempleado?27a4f1adaa7cd6e3880e9e2d1d723f80,,MD,,gxPopupLevel%3D0%3B,gx-no-cache=1524756175506 HTTP/1.1" 200 6390
186.67.172.234 - - [26/Apr/2018:12:23:28 -0300] "POST /cormun/servlet/trlicencias?1842b0e16e64c04b6c6454fe1a945be4,,gx-no-cache=1524759651905 HTTP/1.1" 200 101
186.67.172.234 - - [26/Apr/2018:12:23:28 -0300] "POST /cormun/servlet/trlicencias?1842b0e16e64c04b6c6454fe1a945be4,,gx-no-cache=1524759652063 HTTP/1.1" 200 4253
186.67.172.234 - - [26/Apr/2018:12:23:28 -0300] "GET /cormun/Licencias-9162.xls HTTP/1.1" 200 4608
200.111.191.210 - - [26/Apr/2018:12:23:34 -0300] "POST /cormun/servlet/prfichaempleado?27a4f1adaa7cd6e3880e9e2d1d723f80,,MD,,gxPopupLevel%3D0%3B,gx-no-cache=1524756182875 HTTP/1.1" 200 6490
186.103.157.98 - - [26/Apr/2018:12:23:35 -0300] "POST /cormun/servlet/hlogin?240f88432907ef65d1a8a882a982e731,gx-no-cache=1524756159647 HTTP/1.1" 200 90
186.103.157.98 - - [26/Apr/2018:12:23:35 -0300] "GET /cormun/servlet/hpexe_link HTTP/1.1" 200 943
186.103.157.98 - - [26/Apr/2018:12:23:35 -0300] "GET /cormun/servlet/hhome HTTP/1.1" 200 4244
186.103.157.98 - - [26/Apr/2018:12:23:36 -0300] "GET /cormun/servlet/hhome HTTP/1.1" 200 4240
186.67.172.234 - - [26/Apr/2018:12:23:36 -0300] "POST /cormun/servlet/acontrolpreferencessavestate?None,CSILVIA,true HTTP/1.1" 200 35
186.67.172.234 - - [26/Apr/2018:12:23:38 -0300] "GET /cormun/servlet/trlicencias? HTTP/1.1" 200 7173
186.67.172.234 - - [26/Apr/2018:12:23:39 -0300] "GET /cormun/servlet/trlicencias? HTTP/1.1" 200 7173
200.111.191.210 - - [26/Apr/2018:12:23:39 -0300] "POST /cormun/servlet/prfichaempleado?27a4f1adaa7cd6e3880e9e2d1d723f80,,MD,,gxPopupLevel%3D0%3B,gx-no-cache=1524756187978 HTTP/1.1" 200 5848
186.67.172.234 - - [26/Apr/2018:12:23:42 -0300] "GET /cormun/servlet/hlogin HTTP/1.1" 200 1733
186.103.157.98 - - [26/Apr/2018:12:23:46 -0300] "GET /cormun/servlet/trlicencias? HTTP/1.1" 200 9758
186.103.157.98 - - [26/Apr/2018:12:23:46 -0300] "GET /cormun/static/gxcfg.js?20176272054169 HTTP/1.1" 304 -
186.103.157.98 - - [26/Apr/2018:12:23:46 -0300] "GET /cormun/servlet/trlicencias? HTTP/1.1" 200 9756
186.103.159.189 - - [26/Apr/2018:12:23:47 -0300] "POST /cormun/servlet/solicitudot?28c459e16387be67e41c80a231712a87,INS,0,0,,gx-no-cache=1524756172587 HTTP/1.1" 200 93
186.103.159.189 - - [26/Apr/2018:12:23:47 -0300] "GET /cormun/servlet/hpexe_return? HTTP/1.1" 200 1011
186.103.159.189 - - [26/Apr/2018:12:23:47 -0300] "GET /cormun/static/gxcfg.js?2016101716175148 HTTP/1.1" 304 -
186.103.159.189 - - [26/Apr/2018:12:23:47 -0300] "GET /cormun/servlet/trsolicitudot HTTP/1.1" 200 8584
186.103.159.189 - - [26/Apr/2018:12:23:49 -0300] "GET /cormun/servlet/trsolicitudot HTTP/1.1" 200 8580
186.103.157.98 - - [26/Apr/2018:12:23:50 -0300] "GET /cormun/servlet/licenciaspermisos?INS,0,,, HTTP/1.1" 200 7778
186.103.157.98 - - [26/Apr/2018:12:23:50 -0300] "GET /cormun/static/gxcfg.js?201762917281167 HTTP/1.1" 304 -
186.103.157.98 - - [26/Apr/2018:12:23:51 -0300] "GET /cormun/servlet/licenciaspermisos?INS,0,,, HTTP/1.1" 200 7786
186.67.172.234 - - [26/Apr/2018:12:23:52 -0300] "POST /cormun/servlet/hlogin?1842b0e16e64c04b6c6454fe1a945be4,gx-no-cache=1524759676346 HTTP/1.1" 200 90
186.67.172.234 - - [26/Apr/2018:12:23:52 -0300] "GET /cormun/servlet/hpexe_link HTTP/1.1" 200 951
186.67.172.234 - - [26/Apr/2018:12:23:52 -0300] "GET /cormun/servlet/trlicencias HTTP/1.1" 200 7175
186.67.172.234 - - [26/Apr/2018:12:23:53 -0300] "GET /cormun/servlet/trlicencias HTTP/1.1" 200 7173
200.111.191.210 - - [26/Apr/2018:12:23:58 -0300] "POST /cormun/servlet/prfichaempleado?27a4f1adaa7cd6e3880e9e2d1d723f80,,MD,,gxPopupLevel%3D0%3B,gx-no-cache=1524756207289 HTTP/1.1" 200 4508
186.67.172.234 - - [26/Apr/2018:12:24:01 -0300] "GET /cormun/servlet/trlicencias? HTTP/1.1" 200 7173
186.67.172.234 - - [26/Apr/2018:12:24:01 -0300] "GET /cormun/servlet/trlicencias? HTTP/1.1" 200 7173
200.111.191.210 - - [26/Apr/2018:12:24:06 -0300] "POST /cormun/servlet/solicitudot?gx-no-cache=1524756215054 HTTP/1.1" 200 3416
200.111.191.210 - - [26/Apr/2018:12:24:06 -0300] "POST /cormun/servlet/solicitudot?27a4f1adaa7cd6e3880e9e2d1d723f80,INS,0,0,,gx-no-cache=1524756215169 HTTP/1.1" 200 10393
186.103.159.189 - - [26/Apr/2018:12:24:07 -0300] "GET /cormun/servlet/solicitudot?INS,0,0, HTTP/1.1" 200 13436
186.67.172.234 - - [26/Apr/2018:12:24:08 -0300] "POST /cormun/servlet/acontrolpreferencessavestate?None,CSILVIA,true HTTP/1.1" 200 35
186.103.159.189 - - [26/Apr/2018:12:24:09 -0300] "GET /cormun/servlet/solicitudot?INS,0,0, HTTP/1.1" 200 13441
186.67.172.234 - - [26/Apr/2018:12:24:11 -0300] "POST /cormun/servlet/trlicencias?1842b0e16e64c04b6c6454fe1a945be4,,gx-no-cache=1524759695110 HTTP/1.1" 200 4279
186.67.172.234 - - [26/Apr/2018:12:24:12 -0300] "POST /cormun/servlet/trlicencias?1842b0e16e64c04b6c6454fe1a945be4,,gx-no-cache=1524759695939 HTTP/1.1" 200 4279
200.111.191.210 - - [26/Apr/2018:12:24:16 -0300] "POST /cormun/servlet/solicitudot?27a4f1adaa7cd6e3880e9e2d1d723f80,INS,0,0,,gx-no-cache=1524756224986 HTTP/1.1" 200 10490
200.111.191.210 - - [26/Apr/2018:12:24:16 -0300] "GET /cormun/static/Shared/jqueryui/images/ui-bg_highlight-soft_100_c6c2c8_1x100.png HTTP/1.1" 404 1117
200.111.191.210 - - [26/Apr/2018:12:24:16 -0300] "GET /cormun/static/Shared/jqueryui/images/ui-icons_8d78a5_256x240.png HTTP/1.1" 404 1089
200.111.191.210 - - [26/Apr/2018:12:24:16 -0300] "GET /cormun/static/Shared/jqueryui/images/ui-icons_82798d_256x240.png HTTP/1.1" 404 1089
200.111.191.210 - - [26/Apr/2018:12:24:16 -0300] "GET /cormun/static/Shared/jqueryui/images/ui-bg_flat_55_fafafa_40x100.png HTTP/1.1" 404 1097
200.111.191.210 - - [26/Apr/2018:12:24:19 -0300] "POST /cormun/servlet/solicitudot?gx-no-cache=1524756227848 HTTP/1.1" 200 3416
200.111.191.210 - - [26/Apr/2018:12:24:19 -0300] "POST /cormun/servlet/solicitudot?27a4f1adaa7cd6e3880e9e2d1d723f80,INS,0,0,,gx-no-cache=1524756227973 HTTP/1.1" 200 10499
200.111.191.210 - - [26/Apr/2018:12:24:19 -0300] "GET /cormun/servlet/solicitudot?80d9c288226c9271a55d113022fce02a59fa0f8704e383603c53503ba902f24d288947f52ea12a3ffffdb9d5dee8af62,gx-no-cache=1524756228142 HTTP/1.1" 200 30
200.111.191.210 - - [26/Apr/2018:12:24:19 -0300] "GET /cormun/servlet/solicitudot?80d9c288226c9271a55d113022fce02a457cbbcbbe30029f0acbc7c66c043c21ce6283b9ebec6ad61b739bb889889ea98c8e20f133ba2188fd3bb541e56092f0,gx-no-cache=1524756228188 HTTP/1.1" 200 103
200.111.191.210 - - [26/Apr/2018:12:24:19 -0300] "GET /cormun/static/Shared/jqueryui/images/ui-bg_flat_55_994d53_40x100.png HTTP/1.1" 404 1097
200.111.191.210 - - [26/Apr/2018:12:24:19 -0300] "GET /cormun/static/Shared/jqueryui/images/ui-icons_ebccce_256x240.png HTTP/1.1" 404 1089
200.111.191.210 - - [26/Apr/2018:12:24:19 -0300] "GET /cormun/servlet/solicitudot?80d9c288226c9271a55d113022fce02aa707fdac04d1166ca656a02a211062f6,gx-no-cache=1524756228240 HTTP/1.1" 200 123
200.111.191.210 - - [26/Apr/2018:12:24:19 -0300] "POST /cormun/servlet/solicitudot?gx-no-cache=1524756228296 HTTP/1.1" 200 297
200.111.191.210 - - [26/Apr/2018:12:24:19 -0300] "GET /cormun/servlet/solicitudot?80d9c288226c9271a55d113022fce02aae4c064a46dee0e9843274929740a9188c863912070b3b4c748cbd7e76318c8c914902643f776de3d5dcc04d4f0fd564dd0b6e7a280b24cd24128ac4a6091840f28527987f69b4c3f62d7c95602e81356e87a9a049d2ad1d2ba3ac01500f4dbd003b8878dbec1104b37542482295b0ca8742f6cde8cbd8909d8b265118069fdb3260f5bc3bcc658f65730134d9403560d7809a14744f11adc8128036952fff45add83364c2523393dbe4548219464e1e9670c9a1f403b2d13fcc604029f0716a4602a383db71ea4fdd598f2dddc784e4ef437ca9349757fbe5f82bc23874ab413f51b804cd04d93b223e1a14d0aca719ab94127c0ce2726012f7afc6f12cf9c0477582fb2fbfabe7cdb1c8694a12e7ce2e7a470647fc7fd2cb0365cb852407ca48f58a812962e7c6cc87f670f443c5192f171efff638ae3a503511e779f1a7126bebc9e9582ba9abb1392a73e31101df69560002ced0d63ecec851bf6d7bcbb9945b50c8da3c6c46dd254611bd209e0fb16a83aaa40c750245d43554bf6233dc,gx-no-cache=1524756228335 HTTP/1.1" 200 30
200.111.191.210 - - [26/Apr/2018:12:24:22 -0300] "GET /cormun/servlet/prbanco?,MD,,gxPopupLevel%3D0%3B HTTP/1.1" 200 6591
186.103.159.189 - - [26/Apr/2018:12:24:25 -0300] "GET /cormun/servlet/prfichaempleado?,MD,,gxPopupLevel%3D0%3B HTTP/1.1" 200 9339
186.103.159.189 - - [26/Apr/2018:12:24:34 -0300] "POST /cormun/servlet/prfichaempleado?28c459e16387be67e41c80a231712a87,,MD,,gxPopupLevel%3D0%3B,gx-no-cache=1524756219833 HTTP/1.1" 200 3480
200.111.191.210 - - [26/Apr/2018:12:24:35 -0300] "GET /cormun/servlet/solicitudot?80d9c288226c9271a55d113022fce02a98580c99810c9e6419cb0cc941707893,gx-no-cache=1524756244245 HTTP/1.1" 200 51
200.111.191.210 - - [26/Apr/2018:12:24:35 -0300] "POST /cormun/servlet/solicitudot?gx-no-cache=1524756244273 HTTP/1.1" 200 297
200.111.191.210 - - [26/Apr/2018:12:24:35 -0300] "GET /cormun/servlet/solicitudot?80d9c288226c9271a55d113022fce02aae4c064a46dee0e9843274929740a9188c863912070b3b4c748cbd7e76318c8c914902643f776de3d5dcc04d4f0fd564dd0b6e7a280b24cd24128ac4a6091840f28527987f69b4c3f62d7c95602e81356e87a9a049d2ad1d2ba3ac01500f4dbd003b8878dbec1104b37542482295b0ca8742f6cde8cbd8909d8b265118069fdb3260f5bc3bcc658f65730134d9403560d7809a14744f11adc8128036952fff45add83364c2523393dbe4548219464e1e9670c9a1f403b2d13fcc604029f0716a4602a383db71ea4fdd598f2dddc784e4ef437ca9349757fbe5f82bc23874ab413f51b804cd04d93b223e1a14d0aca719ab94127c0ce2726012f7afc6f12cf9c0477582fb2fbfabe7cdb1c8694a12e7ce2e7a470647fc7fd2cb0365cb852407ca48f58a812962e7c6cc87f670f443c5192f171efff638ae3a503511e779f1a7126bebc9e9582ba9abb1392a73e31101df69560002ced0d63ecec851bf6d7bcbb99d4aa7f7ca5b1728bd7d0cf0ea117cfcb16a83aaa40c750245d43554bf6233dc,gx-no-cache=1524756244320 HTTP/1.1" 200 30
186.103.159.189 - - [26/Apr/2018:12:24:38 -0300] "POST /cormun/servlet/solicitudot?gx-no-cache=1524756224360 HTTP/1.1" 200 3397
186.103.159.189 - - [26/Apr/2018:12:24:38 -0300] "POST /cormun/servlet/solicitudot?28c459e16387be67e41c80a231712a87,INS,0,0,,gx-no-cache=1524756224596 HTTP/1.1" 200 10365
200.111.191.210 - - [26/Apr/2018:12:24:41 -0300] "POST /cormun/servlet/solicitudot?gx-no-cache=1524756249931 HTTP/1.1" 200 30
186.103.159.189 - - [26/Apr/2018:12:24:41 -0300] "GET /cormun/servlet/solicitudot?dac6f36737d495c1d77c1b687a0e679460a08ce510ccfeeca30f608f9df73b06c708511431907f4b67d475f303482f4e,gx-no-cache=1524756227085 HTTP/1.1" 200 30
186.103.159.189 - - [26/Apr/2018:12:24:41 -0300] "GET /cormun/servlet/solicitudot?dac6f36737d495c1d77c1b687a0e6794cfa4365c199946940a66d364a713b3a60753e2464fc715021d880d1b527c1f40fae6f4d2afb551a337fe80363df9a460,gx-no-cache=1524756227151 HTTP/1.1" 200 30
186.103.159.189 - - [26/Apr/2018:12:24:41 -0300] "GET /cormun/servlet/solicitudot?dac6f36737d495c1d77c1b687a0e67945c0f81f3ebb0d8c79450ed67ed8e8044,gx-no-cache=1524756227192 HTTP/1.1" 200 51
186.103.159.189 - - [26/Apr/2018:12:24:41 -0300] "POST /cormun/servlet/solicitudot?gx-no-cache=1524756227237 HTTP/1.1" 200 255
186.103.159.189 - - [26/Apr/2018:12:24:41 -0300] "GET /cormun/servlet/solicitudot?dac6f36737d495c1d77c1b687a0e67948a6f8a9a365d99c53788d4f5b068774edf91f3b572bba24111d9ae36e81ea6e67bd4dd2b7647e3ec5bca2eaead464a37ae003e95bb70d45c526fb6855a7652e5b8436cdff45064135794856389052b0f81c8e29b028a90b2cac2fcc61eb2bf9934a76d83e281d54584a69f1678fd58998c9379b9ae0a692d589f893e755bbe55332fce3dddfa38f6b7b7022a1b8a81dab45895cedaec566b993ee5224c108d07b62c34d7a321126fb52ab00f62ea23a5bafe315a0aa5d4ac87f7ea1e1ede8df9bae89465c32cc5037180142bdf4c0565dc097353cd126f85dbe35a501acc502d90fcede11c2240b0b7fd4c0c77977ced9e9e232daedd7a4ae3b502619ede4d958030f2e4f841958614c2ca1b9ce97fe7e61007a862d57a61150db48dba4f56db09a07650d1a3fbb738d92328b83c1b48507ba94d91bb274073def6ac6302fd032830a875b8d528e581da01fde353a6ac6ac03bfd6619f929bceeea2809f30c9c5f83eee690f03e930c3c9ee950bef009,gx-no-cache=1524756227299 HTTP/1.1" 200 30
200.111.191.210 - - [26/Apr/2018:12:24:42 -0300] "POST /cormun/servlet/solicitudot?gx-no-cache=1524756251056 HTTP/1.1" 200 1368
200.111.191.210 - - [26/Apr/2018:12:24:42 -0300] "POST /cormun/servlet/solicitudot?gx-no-cache=1524756251108 HTTP/1.1" 200 38
186.103.159.189 - - [26/Apr/2018:12:24:44 -0300] "POST /cormun/servlet/solicitudot?gx-no-cache=1524756229823 HTTP/1.1" 200 30
186.103.159.189 - - [26/Apr/2018:12:24:46 -0300] "GET /cormun/servlet/prcontratosol?7178861,,,,,MD,,gxPopupLevel%3D0%3B HTTP/1.1" 200 7685
200.111.191.210 - - [26/Apr/2018:12:24:56 -0300] "GET /cormun/servlet/solicitudot?80d9c288226c9271a55d113022fce02aec82d40bd315bcd8e2d820ac44eafb37842cc74c03c913e011871ab2d985131f2c20110bc7180a8a94eceffd8672d852153cc4b47519df40d1ce9c43b3b16a4d866806dbf4b9d14494b6647f3f46c512958da9329da3282704bace3ae14d299e,gx-no-cache=1524756265588 HTTP/1.1" 200 29
200.111.191.210 - - [26/Apr/2018:12:24:56 -0300] "POST /cormun/servlet/solicitudot?gx-no-cache=1524756265613 HTTP/1.1" 200 1350
200.111.191.210 - - [26/Apr/2018:12:24:56 -0300] "POST /cormun/servlet/solicitudot?gx-no-cache=1524756265655 HTTP/1.1" 200 1249
200.111.191.210 - - [26/Apr/2018:12:25:01 -0300] "GET /cormun/servlet/solicitudot?80d9c288226c9271a55d113022fce02a48a57c32a2ff58278ebad9a9b7118f3eee4ff51fbc61bc7a4467a18880e78d8c,gx-no-cache=1524756270240 HTTP/1.1" 200 30
200.111.191.210 - - [26/Apr/2018:12:25:08 -0300] "POST /cormun/servlet/solicitudot?gx-no-cache=1524756276912 HTTP/1.1" 200 30
186.103.159.189 - - [26/Apr/2018:12:25:09 -0300] "POST /cormun/servlet/solicitudot?gx-no-cache=1524756255733 HTTP/1.1" 200 1369
186.103.159.189 - - [26/Apr/2018:12:25:10 -0300] "POST /cormun/servlet/solicitudot?gx-no-cache=1524756255860 HTTP/1.1" 200 38
186.103.159.189 - - [26/Apr/2018:12:25:10 -0300] "GET /cormun/servlet/solicitudot?dac6f36737d495c1d77c1b687a0e67942da33b13a819f0e289254ac5c00ac45c5dffec6850e2f41e6d5ba2c03ab23570117a38d1148ebceb392317c4212a2104f1b2651043bb962abe5bc15685d92369ab62f78193f2df26780f4cdcb0fdbd468b873096d6214d6644878576811a8c817841c285909110b638f506ff033c129d918ad263bc455e172a756fb0075e184ce4e576b7fb59c731e94cd22800967e91,gx-no-cache=1524756255911 HTTP/1.1" 200 29
186.103.159.189 - - [26/Apr/2018:12:25:10 -0300] "POST /cormun/servlet/solicitudot?gx-no-cache=1524756255978 HTTP/1.1" 200 1351
186.103.159.189 - - [26/Apr/2018:12:25:10 -0300] "POST /cormun/servlet/solicitudot?gx-no-cache=1524756256083 HTTP/1.1" 200 1249
186.103.159.189 - - [26/Apr/2018:12:25:10 -0300] "GET /cormun/servlet/solicitudot?dac6f36737d495c1d77c1b687a0e6794d2a2ed54f6cf1a6b244900958ab782852dedf76bcfa902a986f387c2fb29decc,gx-no-cache=1524756256140 HTTP/1.1" 200 134
186.103.159.189 - - [26/Apr/2018:12:25:10 -0300] "GET /cormun/static/Shared/jqueryui/images/ui-bg_highlight-soft_100_c6c2c8_1x100.png HTTP/1.1" 404 1117
186.103.159.189 - - [26/Apr/2018:12:25:10 -0300] "GET /cormun/static/Shared/jqueryui/images/ui-icons_82798d_256x240.png HTTP/1.1" 404 1089
186.103.159.189 - - [26/Apr/2018:12:25:10 -0300] "GET /cormun/static/Shared/jqueryui/images/ui-icons_ebccce_256x240.png HTTP/1.1" 404 1089
186.103.159.189 - - [26/Apr/2018:12:25:10 -0300] "GET /cormun/static/Shared/jqueryui/images/ui-bg_flat_55_994d53_40x100.png HTTP/1.1" 404 1097
186.103.159.189 - - [26/Apr/2018:12:25:19 -0300] "POST /cormun/servlet/solicitudot?gx-no-cache=1524756264854 HTTP/1.1" 200 1350
186.103.159.189 - - [26/Apr/2018:12:25:19 -0300] "POST /cormun/servlet/solicitudot?gx-no-cache=1524756264942 HTTP/1.1" 200 1249
186.103.159.189 - - [26/Apr/2018:12:25:19 -0300] "GET /cormun/static/menuarrow.gif HTTP/1.1" 404 1015
186.103.159.189 - - [26/Apr/2018:12:25:21 -0300] "POST /cormun/servlet/solicitudot?gx-no-cache=1524756267443 HTTP/1.1" 200 1350
186.103.159.189 - - [26/Apr/2018:12:25:21 -0300] "POST /cormun/servlet/solicitudot?gx-no-cache=1524756267559 HTTP/1.1" 200 1249
200.111.191.210 - - [26/Apr/2018:12:25:23 -0300] "POST /cormun/servlet/solicitudot?27a4f1adaa7cd6e3880e9e2d1d723f80,INS,0,0,,gx-no-cache=1524756292600 HTTP/1.1" 200 11949
186.67.172.234 - - [26/Apr/2018:12:25:33 -0300] "GET /cormun/servlet/licenciaspermisos?5b9aea322fd39977c96f54e196f231ca71a506aaed327cd5f7b67c8b0dd29b676ef763090529b96d951059a5023a6d3d9cb2da60e2a5c6b8c84a079b454aebdc4e41bba6ba793114167041c9a354294206f8108a32f323ac655b3eecb385e5d4b9d0e0a6468d4271a7ba067662a35ec2a7ac103fc0074826c5ddb13a161402c98e87b004e9a0fa8fbadcfdd46758404401043ff1bc9bf3091ec3b0e557f4a927d60e0d7233af29cf267e17ab45836831,gx-no-cache=1524756278534 HTTP/1.1" 200 30
186.67.172.234 - - [26/Apr/2018:12:25:34 -0300] "GET /cormun/servlet/licenciaspermisos?5b9aea322fd39977c96f54e196f231cae8734f1f3521f75b6625a61c72147294bccfba0bf75a582ad229630303821044cf755509350d739f723efc2711e047f4c28cbff4e62f0bf1e02070862fcffa0b8564d0f92a157a9a97a5af1a5503c50a13ffde2839da7f74f0eae3818bc93afd048826ae778a0abc7e7a25ee70ef35921a8b1c1cb8bf770316acc8d5232607a06362ae821178721022bbd59060ab8b94efbd67fb30ab52187d6f4d93bb159e08,gx-no-cache=1524756278608 HTTP/1.1" 200 29
186.67.172.234 - - [26/Apr/2018:12:25:34 -0300] "POST /cormun/servlet/licenciaspermisos?fa58e0bc4a0ed885a0e33d5d9f5d494e,INS,0,,,,gx-no-cache=1524756278872 HTTP/1.1" 200 5047
200.111.191.210 - - [26/Apr/2018:12:25:37 -0300] "GET /cormun/servlet/solicitudot?80d9c288226c9271a55d113022fce02abad5c5ced2fa8c9ebd5bf67e9ba9ce6984ac836a9c6137acd05211d1459627c16440bae53c2ced4489e7c1561ff6fcaf,gx-no-cache=1524756306374 HTTP/1.1" 200 30
200.111.191.210 - - [26/Apr/2018:12:25:37 -0300] "POST /cormun/servlet/solicitudot?gx-no-cache=1524756306407 HTTP/1.1" 200 297
200.111.191.210 - - [26/Apr/2018:12:25:37 -0300] "GET /cormun/servlet/solicitudot?80d9c288226c9271a55d113022fce02aae4c064a46dee0e9843274929740a9188c863912070b3b4c748cbd7e76318c8c914902643f776de3d5dcc04d4f0fd564dd0b6e7a280b24cd24128ac4a6091840f28527987f69b4c3f62d7c95602e81356e87a9a049d2ad1d2ba3ac01500f4dbd003b8878dbec1104b37542482295b0ca8742f6cde8cbd8909d8b265118069fdb3260f5bc3bcc658f65730134d9403560d7809a14744f11adc8128036952fff45add83364c2523393dbe4548219464e1e9670c9a1f403b2d13fcc604029f0716a4602a383db71ea4fdd598f2dddc784e4ef437ca9349757fbe5f82bc23874ab413f51b804cd04d93b223e1a14d0aca719ab94127c0ce2726012f7afc6f12cf9c0477582fb2fbfabe7cdb1c8694a12e7ce2e7a470647fc7fd2cb0365cb852407ca48f58a812962e7c6cc87f670f443c5192f171efff638ae3a503511e779f1a7126bebc9e9582ba9abb1392a73e31101df69560002ced0d63ecec851bf6d7bcbb99d4aa7f7ca5b1728bd7d0cf0ea117cfcb16a83aaa40c750245d43554bf6233dc,gx-no-cache=1524756306443 HTTP/1.1" 200 30
200.111.191.210 - - [26/Apr/2018:12:25:37 -0300] "POST /cormun/servlet/solicitudot?gx-no-cache=1524756306477 HTTP/1.1" 200 30
200.111.191.210 - - [26/Apr/2018:12:25:37 -0300] "POST /cormun/servlet/solicitudot?gx-no-cache=1524756306524 HTTP/1.1" 200 1367
200.111.191.210 - - [26/Apr/2018:12:25:37 -0300] "POST /cormun/servlet/solicitudot?gx-no-cache=1524756306571 HTTP/1.1" 200 41
200.111.191.210 - - [26/Apr/2018:12:25:37 -0300] "POST /cormun/servlet/solicitudot?gx-no-cache=1524756306596 HTTP/1.1" 200 1350
200.111.191.210 - - [26/Apr/2018:12:25:37 -0300] "POST /cormun/servlet/solicitudot?gx-no-cache=1524756306651 HTTP/1.1" 200 1249
200.111.191.210 - - [26/Apr/2018:12:25:37 -0300] "GET /cormun/servlet/solicitudot?80d9c288226c9271a55d113022fce02a48a57c32a2ff58278ebad9a9b7118f3eee4ff51fbc61bc7a4467a18880e78d8c,gx-no-cache=1524756306691 HTTP/1.1" 200 30
200.111.191.210 - - [26/Apr/2018:12:25:37 -0300] "POST /cormun/servlet/solicitudot?gx-no-cache=1524756306724 HTTP/1.1" 200 30
200.111.191.210 - - [26/Apr/2018:12:25:38 -0300] "POST /cormun/servlet/solicitudot?27a4f1adaa7cd6e3880e9e2d1d723f80,INS,0,0,,gx-no-cache=1524756306758 HTTP/1.1" 200 11992
186.103.159.189 - - [26/Apr/2018:12:25:45 -0300] "GET /cormun/servlet/solicitudot?dac6f36737d495c1d77c1b687a0e6794ebffe6543ff7c2474a80ec05c32b937a0204ba4d302050b403ee385ac731a069,gx-no-cache=1524756290943 HTTP/1.1" 200 30
200.111.191.210 - - [26/Apr/2018:12:25:48 -0300] "GET /cormun/servlet/solicitudot?80d9c288226c9271a55d113022fce02a457cbbcbbe30029f0acbc7c66c043c21ce6283b9ebec6ad61b739bb889889ea9ee32ab6275386b49964f5dcb33a4b381,gx-no-cache=1524756317256 HTTP/1.1" 200 30
200.111.191.210 - - [26/Apr/2018:12:25:48 -0300] "POST /cormun/servlet/solicitudot?gx-no-cache=1524756317297 HTTP/1.1" 200 297
200.111.191.210 - - [26/Apr/2018:12:25:48 -0300] "GET /cormun/servlet/solicitudot?80d9c288226c9271a55d113022fce02aae4c064a46dee0e9843274929740a9188c863912070b3b4c748cbd7e76318c8c914902643f776de3d5dcc04d4f0fd564dd0b6e7a280b24cd24128ac4a6091840f28527987f69b4c3f62d7c95602e81356e87a9a049d2ad1d2ba3ac01500f4dbd003b8878dbec1104b37542482295b0ca8742f6cde8cbd8909d8b265118069fdb3260f5bc3bcc658f65730134d9403560d7809a14744f11adc8128036952fff45add83364c2523393dbe4548219464e1e9670c9a1f403b2d13fcc604029f0716a4602a383db71ea4fdd598f2dddc784e4ef437ca9349757fbe5f82bc23874ab413f51b804cd04d93b223e1a14d0aca719ab94127c0ce2726012f7afc6f12cf9c0477582fb2fbfabe7cdb1c8694a12e7ce2e7a470647fc7fd2cb0365cb852407ca48f58a812962e7c6cc87f670f443c5192f171efff638ae3a503511e779f1a7126bebc9e9582ba9abb1392a73e31101df69560002ced0d63ecec851bf6d7bcbb99d4aa7f7ca5b1728bd7d0cf0ea117cfcb16a83aaa40c750245d43554bf6233dc,gx-no-cache=1524756317341 HTTP/1.1" 200 30
200.111.191.210 - - [26/Apr/2018:12:25:48 -0300] "POST /cormun/servlet/solicitudot?gx-no-cache=1524756317385 HTTP/1.1" 200 30
200.111.191.210 - - [26/Apr/2018:12:25:48 -0300] "POST /cormun/servlet/solicitudot?gx-no-cache=1524756317439 HTTP/1.1" 200 1367
200.111.191.210 - - [26/Apr/2018:12:25:48 -0300] "POST /cormun/servlet/solicitudot?gx-no-cache=1524756317503 HTTP/1.1" 200 41
200.111.191.210 - - [26/Apr/2018:12:25:48 -0300] "POST /cormun/servlet/solicitudot?gx-no-cache=1524756317549 HTTP/1.1" 200 1350
200.111.191.210 - - [26/Apr/2018:12:25:48 -0300] "POST /cormun/servlet/solicitudot?gx-no-cache=1524756317624 HTTP/1.1" 200 1249
200.111.191.210 - - [26/Apr/2018:12:25:48 -0300] "GET /cormun/servlet/solicitudot?80d9c288226c9271a55d113022fce02a48a57c32a2ff58278ebad9a9b7118f3eee4ff51fbc61bc7a4467a18880e78d8c,gx-no-cache=1524756317688 HTTP/1.1" 200 30
200.111.191.210 - - [26/Apr/2018:12:25:48 -0300] "POST /cormun/servlet/solicitudot?gx-no-cache=1524756317735 HTTP/1.1" 200 30
200.111.191.210 - - [26/Apr/2018:12:25:49 -0300] "POST /cormun/servlet/solicitudot?27a4f1adaa7cd6e3880e9e2d1d723f80,INS,0,0,,gx-no-cache=1524756317782 HTTP/1.1" 200 12073
186.67.172.234 - - [26/Apr/2018:12:25:53 -0300] "GET /cormun/servlet/licenciaspermisos?5b9aea322fd39977c96f54e196f231ca71a506aaed327cd5f7b67c8b0dd29b676ef763090529b96d951059a5023a6d3d9cb2da60e2a5c6b8c84a079b454aebdc4e41bba6ba793114167041c9a354294206f8108a32f323ac655b3eecb385e5d4425f1d3ae2f87121735813ab0d795d81a7ac103fc0074826c5ddb13a161402c9b95a4b7e17a856627496fe694f8d1018abe298f1c18f1f72e610e3e4e7b948c764a03b9863027bd1039973e0970e165c05985f15c1a16e4f0ff951b8f28fb08d9cac9477933efd9e14b6f36555ccb73bf8e529b0348bb94b9e49696b39f3a809,gx-no-cache=1524756298205 HTTP/1.1" 200 30
186.67.172.234 - - [26/Apr/2018:12:25:53 -0300] "GET /cormun/servlet/licenciaspermisos?5b9aea322fd39977c96f54e196f231cae8734f1f3521f75b6625a61c72147294bccfba0bf75a582ad229630303821044cf755509350d739f723efc2711e047f4c28cbff4e62f0bf1e02070862fcffa0b8564d0f92a157a9a97a5af1a5503c50a7c2723bd824a97b8a18adc95cdcda4b9048826ae778a0abc7e7a25ee70ef35921209b0c7bd169a1dc49d84658e063018c53a798b51819c1d094d4ae465ed0ca89d0f168eb710b48bba3611dea746a8545101817061ba04f76ebeed625f5985ffd67f57a69808883f302471bddb364f56b3a43ff28c5bb27511dc56f74d712034,gx-no-cache=1524756298223 HTTP/1.1" 200 29
186.67.172.234 - - [26/Apr/2018:12:25:53 -0300] "POST /cormun/servlet/licenciaspermisos?fa58e0bc4a0ed885a0e33d5d9f5d494e,INS,0,,,,gx-no-cache=1524756298240 HTTP/1.1" 200 93
186.67.172.234 - - [26/Apr/2018:12:25:53 -0300] "GET /cormun/servlet/hpexe_return? HTTP/1.1" 200 1013
186.67.172.234 - - [26/Apr/2018:12:25:54 -0300] "GET /cormun/servlet/trlicencias HTTP/1.1" 200 13314
186.67.172.234 - - [26/Apr/2018:12:25:54 -0300] "GET /cormun/servlet/trlicencias HTTP/1.1" 200 13309
186.67.172.234 - - [26/Apr/2018:12:25:59 -0300] "GET /cormun/servlet/trlicenciaspermisosadjuntos?15392921,20180426000000,L, HTTP/1.1" 200 6578
186.67.172.234 - - [26/Apr/2018:12:25:59 -0300] "GET /cormun/servlet/trlicenciaspermisosadjuntos?15392921,20180426000000,L, HTTP/1.1" 200 6579
186.67.172.234 - - [26/Apr/2018:12:26:01 -0300] "GET /cormun/servlet/licenciaspermisosadjuntos?INS,15392921,L,20180426000000,, HTTP/1.1" 200 5877
186.67.172.234 - - [26/Apr/2018:12:26:01 -0300] "GET /cormun/static/about:blank HTTP/1.1" 404 1011
186.67.172.234 - - [26/Apr/2018:12:26:01 -0300] "GET /cormun/servlet/licenciaspermisosadjuntos?INS,15392921,L,20180426000000,, HTTP/1.1" 200 5863
186.103.159.189 - - [26/Apr/2018:12:26:10 -0300] "POST /cormun/servlet/solicitudot?gx-no-cache=1524756316625 HTTP/1.1" 200 33
200.111.191.210 - - [26/Apr/2018:12:26:11 -0300] "GET /cormun/servlet/prfichaempleado?,MD,,gxPopupLevel%3D0%3B HTTP/1.1" 200 9312
200.111.191.210 - - [26/Apr/2018:12:26:21 -0300] "POST /cormun/servlet/prfichaempleado?27a4f1adaa7cd6e3880e9e2d1d723f80,,MD,,gxPopupLevel%3D0%3B,gx-no-cache=1524756350293 HTTP/1.1" 200 3413
186.67.172.234 - - [26/Apr/2018:12:26:24 -0300] "POST /cormun/servlet/licenciaspermisosadjuntos?fa58e0bc4a0ed885a0e33d5d9f5d494e,INS,15392921,L,20180426000000,, HTTP/1.1" 200 6478
186.67.172.234 - - [26/Apr/2018:12:26:24 -0300] "GET /cormun/static/Shared/jqueryui/images/ui-bg_highlight-soft_100_c6c2c8_1x100.png HTTP/1.1" 404 1117
186.67.172.234 - - [26/Apr/2018:12:26:24 -0300] "GET /cormun/static/Shared/jqueryui/images/ui-icons_82798d_256x240.png HTTP/1.1" 404 1089
186.67.172.234 - - [26/Apr/2018:12:26:24 -0300] "GET /cormun/static/Shared/jqueryui/images/ui-bg_flat_55_994d53_40x100.png HTTP/1.1" 404 1097
186.67.172.234 - - [26/Apr/2018:12:26:24 -0300] "GET /cormun/static/Shared/jqueryui/images/ui-icons_ebccce_256x240.png HTTP/1.1" 404 1089
186.67.172.234 - - [26/Apr/2018:12:26:24 -0300] "GET /cormun/PrivateTempStorage/upload_00031586.jpg HTTP/1.1" 200 600101
200.111.191.210 - - [26/Apr/2018:12:26:24 -0300] "POST /cormun/servlet/solicitudot?gx-no-cache=1524756353535 HTTP/1.1" 200 3415
200.111.191.210 - - [26/Apr/2018:12:26:24 -0300] "POST /cormun/servlet/solicitudot?27a4f1adaa7cd6e3880e9e2d1d723f80,INS,0,0,,gx-no-cache=1524756353654 HTTP/1.1" 200 11895
200.111.191.210 - - [26/Apr/2018:12:26:25 -0300] "GET /cormun/servlet/solicitudot?80d9c288226c9271a55d113022fce02a4e6528a85957a98ffbe9de380f7f9c87897d45434d8fd09bd694ae4e53a7ebd5,gx-no-cache=1524756353817 HTTP/1.1" 200 30
200.111.191.210 - - [26/Apr/2018:12:26:30 -0300] "GET /cormun/servlet/solicitudot?80d9c288226c9271a55d113022fce02a922e8c853594a104dd35a01edbf0ccdf46863f058a1305f6a6c1f90ddb6c4c1f2a7e063c3dd12cee6d54261190dfa2fb,gx-no-cache=1524756358899 HTTP/1.1" 200 30
200.111.191.210 - - [26/Apr/2018:12:26:30 -0300] "GET /cormun/servlet/solicitudot?80d9c288226c9271a55d113022fce02a80cde983f1fce2982ac698ecafac05b28a04a95d442e1842112e52f05c20b10468ad2538fe9bd8125d80b127c978ac0d60a2e6ce1cedc011a25ec61fdcc222e91ca122e01c1e088162322928dfd1ceb1ac9b8d7f678d70f6e72011432e5686c4,gx-no-cache=1524756358930 HTTP/1.1" 200 51
200.111.191.210 - - [26/Apr/2018:12:26:30 -0300] "POST /cormun/servlet/solicitudot?gx-no-cache=1524756358958 HTTP/1.1" 200 297
200.111.191.210 - - [26/Apr/2018:12:26:30 -0300] "GET /cormun/servlet/solicitudot?80d9c288226c9271a55d113022fce02aae4c064a46dee0e9843274929740a9188c863912070b3b4c748cbd7e76318c8c914902643f776de3d5dcc04d4f0fd564dd0b6e7a280b24cd24128ac4a6091840f28527987f69b4c3f62d7c95602e81356e87a9a049d2ad1d2ba3ac01500f4dbd003b8878dbec1104b37542482295b0ca8742f6cde8cbd8909d8b265118069fdb3260f5bc3bcc658f65730134d9403560d7809a14744f11adc8128036952fff45add83364c2523393dbe4548219464e1e9670c9a1f403b2d13fcc604029f0716a4602a383db71ea4fdd598f2dddc784e4ef437ca9349757fbe5f82bc23874ab413f51b804cd04d93b223e1a14d0aca719ab94127c0ce2726012f7afc6f12cf9c0477582fb2fbfabe7cdb1c8694a12e7ce2e7a470647fc7fd2cb0365cb852407ca48f58a812962e7c6cc87f670f443c5192f171efff638ae3a503511e779f1a7126bebc9e9582ba9abb1392a73e31101df69560002ced0d63ecec851bf6d7bcbb99d4aa7f7ca5b1728bd7d0cf0ea117cfcb16a83aaa40c750245d43554bf6233dc,gx-no-cache=1524756358987 HTTP/1.1" 200 30
186.67.172.234 - - [26/Apr/2018:12:26:31 -0300] "GET /cormun/servlet/trlicenciaspermisosadjuntos?15392921,20180426000000,L, HTTP/1.1" 200 6578
186.67.172.234 - - [26/Apr/2018:12:26:32 -0300] "GET /cormun/servlet/trlicenciaspermisosadjuntos?15392921,20180426000000,L, HTTP/1.1" 200 6579
186.67.172.234 - - [26/Apr/2018:12:26:35 -0300] "GET /cormun/servlet/licenciaspermisosadjuntos?INS,15392921,L,20180426000000,, HTTP/1.1" 200 5876
186.67.172.234 - - [26/Apr/2018:12:26:35 -0300] "GET /cormun/static/about:blank HTTP/1.1" 404 1011
186.67.172.234 - - [26/Apr/2018:12:26:35 -0300] "GET /cormun/servlet/licenciaspermisosadjuntos?INS,15392921,L,20180426000000,, HTTP/1.1" 200 5865
186.103.159.189 - - [26/Apr/2018:12:26:38 -0300] "POST /cormun/servlet/solicitudot?28c459e16387be67e41c80a231712a87,INS,0,0,,gx-no-cache=1524756340161 HTTP/1.1" 200 93
186.103.159.189 - - [26/Apr/2018:12:26:38 -0300] "GET /cormun/servlet/hpexe_return? HTTP/1.1" 200 1011
200.111.191.210 - - [26/Apr/2018:12:26:38 -0300] "POST /cormun/servlet/solicitudot?gx-no-cache=1524756367618 HTTP/1.1" 200 30
200.111.191.210 - - [26/Apr/2018:12:26:38 -0300] "POST /cormun/servlet/solicitudot?gx-no-cache=1524756367649 HTTP/1.1" 200 1367
200.111.191.210 - - [26/Apr/2018:12:26:38 -0300] "POST /cormun/servlet/solicitudot?gx-no-cache=1524756367701 HTTP/1.1" 200 41
200.111.191.210 - - [26/Apr/2018:12:26:39 -0300] "POST /cormun/servlet/solicitudot?gx-no-cache=1524756367731 HTTP/1.1" 200 1350
186.103.159.189 - - [26/Apr/2018:12:26:39 -0300] "GET /cormun/servlet/trsolicitudot HTTP/1.1" 200 8995
200.111.191.210 - - [26/Apr/2018:12:26:39 -0300] "POST /cormun/servlet/solicitudot?gx-no-cache=1524756367778 HTTP/1.1" 200 1249
200.111.191.210 - - [26/Apr/2018:12:26:39 -0300] "GET /cormun/servlet/solicitudot?80d9c288226c9271a55d113022fce02a48a57c32a2ff58278ebad9a9b7118f3eee4ff51fbc61bc7a4467a18880e78d8c,gx-no-cache=1524756367826 HTTP/1.1" 200 30
200.111.191.210 - - [26/Apr/2018:12:26:39 -0300] "POST /cormun/servlet/solicitudot?gx-no-cache=1524756367861 HTTP/1.1" 200 30
186.103.159.189 - - [26/Apr/2018:12:26:40 -0300] "GET /cormun/servlet/trsolicitudot HTTP/1.1" 200 8987
186.67.172.234 - - [26/Apr/2018:12:26:49 -0300] "POST /cormun/servlet/licenciaspermisosadjuntos?fa58e0bc4a0ed885a0e33d5d9f5d494e,INS,15392921,L,20180426000000,, HTTP/1.1" 200 6479
186.67.172.234 - - [26/Apr/2018:12:26:49 -0300] "GET /cormun/static/Shared/jqueryui/images/ui-bg_highlight-soft_100_c6c2c8_1x100.png HTTP/1.1" 404 1117
186.67.172.234 - - [26/Apr/2018:12:26:49 -0300] "GET /cormun/static/Shared/jqueryui/images/ui-icons_82798d_256x240.png HTTP/1.1" 404 1089
186.67.172.234 - - [26/Apr/2018:12:26:49 -0300] "GET /cormun/static/Shared/jqueryui/images/ui-icons_ebccce_256x240.png HTTP/1.1" 404 1089
186.67.172.234 - - [26/Apr/2018:12:26:49 -0300] "GET /cormun/static/Shared/jqueryui/images/ui-bg_flat_55_994d53_40x100.png HTTP/1.1" 404 1097
186.67.172.234 - - [26/Apr/2018:12:26:49 -0300] "GET /cormun/PrivateTempStorage/upload_00031591.jpg HTTP/1.1" 200 600101
186.103.159.189 - - [26/Apr/2018:12:26:53 -0300] "GET /cormun/servlet/solicitudot?INS,0,0, HTTP/1.1" 200 13437
186.103.159.189 - - [26/Apr/2018:12:26:55 -0300] "GET /cormun/servlet/solicitudot?INS,0,0, HTTP/1.1" 200 13442
200.111.191.210 - - [26/Apr/2018:12:26:56 -0300] "POST /cormun/servlet/solicitudot?27a4f1adaa7cd6e3880e9e2d1d723f80,INS,0,0,,gx-no-cache=1524756381617 HTTP/1.1" 200 93
200.111.191.210 - - [26/Apr/2018:12:26:56 -0300] "GET /cormun/servlet/hpexe_return? HTTP/1.1" 200 1007
200.111.191.210 - - [26/Apr/2018:12:26:56 -0300] "GET /cormun/servlet/trsolicitudot HTTP/1.1" 200 8811
200.111.191.210 - - [26/Apr/2018:12:26:57 -0300] "GET /cormun/servlet/trsolicitudot HTTP/1.1" 200 8807
186.103.159.189 - - [26/Apr/2018:12:26:57 -0300] "GET /cormun/servlet/prfichaempleado?,MD,,gxPopupLevel%3D0%3B HTTP/1.1" 200 9339
186.67.172.234 - - [26/Apr/2018:12:27:02 -0300] "GET /cormun/servlet/trlicenciaspermisosadjuntos?15392921,20180426000000,L, HTTP/1.1" 200 6578
186.67.172.234 - - [26/Apr/2018:12:27:02 -0300] "GET /cormun/servlet/trlicenciaspermisosadjuntos?15392921,20180426000000,L, HTTP/1.1" 200 6579
200.111.191.210 - - [26/Apr/2018:12:27:04 -0300] "GET /cormun/servlet/solicitudot?INS,0,0, HTTP/1.1" 200 13399
200.111.191.210 - - [26/Apr/2018:12:27:05 -0300] "GET /cormun/servlet/solicitudot?INS,0,0, HTTP/1.1" 200 13404
200.111.191.210 - - [26/Apr/2018:12:27:07 -0300] "GET /cormun/servlet/prfichaempleado?,MD,,gxPopupLevel%3D0%3B HTTP/1.1" 200 9312
200.111.191.210 - - [26/Apr/2018:12:27:12 -0300] "POST /cormun/servlet/prfichaempleado?27a4f1adaa7cd6e3880e9e2d1d723f80,,MD,,gxPopupLevel%3D0%3B,gx-no-cache=1524756401316 HTTP/1.1" 200 3676
186.103.159.189 - - [26/Apr/2018:12:27:14 -0300] "POST /cormun/servlet/prfichaempleado?28c459e16387be67e41c80a231712a87,,MD,,gxPopupLevel%3D0%3B,gx-no-cache=1524756379933 HTTP/1.1" 200 3428
200.111.191.210 - - [26/Apr/2018:12:27:16 -0300] "POST /cormun/servlet/solicitudot?gx-no-cache=1524756405406 HTTP/1.1" 200 3419
200.111.191.210 - - [26/Apr/2018:12:27:16 -0300] "POST /cormun/servlet/solicitudot?27a4f1adaa7cd6e3880e9e2d1d723f80,INS,0,0,,gx-no-cache=1524756405543 HTTP/1.1" 200 10387
186.103.159.189 - - [26/Apr/2018:12:27:18 -0300] "POST /cormun/servlet/solicitudot?gx-no-cache=1524756384406 HTTP/1.1" 200 3421
200.111.191.210 - - [26/Apr/2018:12:27:18 -0300] "GET /cormun/servlet/solicitudot?80d9c288226c9271a55d113022fce02a1a1d77e5c65e39a6dcb5eb658b88cb17288947f52ea12a3ffffdb9d5dee8af62,gx-no-cache=1524756407510 HTTP/1.1" 200 30
200.111.191.210 - - [26/Apr/2018:12:27:18 -0300] "GET /cormun/servlet/solicitudot?80d9c288226c9271a55d113022fce02aabd8b6da9b4489bbe06e2c97e2221c52daf48f7748e7bc3ad919ccc24194d2d0288947f52ea12a3ffffdb9d5dee8af62,gx-no-cache=1524756407549 HTTP/1.1" 200 30
200.111.191.210 - - [26/Apr/2018:12:27:18 -0300] "GET /cormun/servlet/solicitudot?80d9c288226c9271a55d113022fce02a49a94b7d6a38148c5978bcf64bbfadb4,gx-no-cache=1524756407576 HTTP/1.1" 200 53
200.111.191.210 - - [26/Apr/2018:12:27:18 -0300] "POST /cormun/servlet/solicitudot?gx-no-cache=1524756407604 HTTP/1.1" 200 297
200.111.191.210 - - [26/Apr/2018:12:27:18 -0300] "GET /cormun/servlet/solicitudot?80d9c288226c9271a55d113022fce02aae4c064a46dee0e9843274929740a9188c863912070b3b4c748cbd7e76318c8c914902643f776de3d5dcc04d4f0fd564dd0b6e7a280b24cd24128ac4a6091840f28527987f69b4c3f62d7c95602e81356e87a9a049d2ad1d2ba3ac01500f4dbd003b8878dbec1104b37542482295b0ca8742f6cde8cbd8909d8b265118069fdb3260f5bc3bcc658f65730134d9403560d7809a14744f11adc8128036952fff45add83364c2523393dbe4548219464e1e9670c9a1f403b2d13fcc604029f0716a4602a383db71ea4fdd598f2dddc784e4ef437ca9349757fbe5f82bc23874ab413f51b804cd04d93b223e1a14d0aca719ab94127c0ce2726012f7afc6f12cf9c0477582fb2fbfabe7cdb1c8694a12e7ce2e7a470647fc7fd2cb0365cb852407ca48f58a812962e7c6cc87f670f443c5192f171efff638ae3a503511e779f1a7126bebc9e9582ba9abb1392a73e31101df69560002ced0d63ecec851bf6d7bcbb9945b50c8da3c6c46dd254611bd209e0fb16a83aaa40c750245d43554bf6233dc,gx-no-cache=1524756407636 HTTP/1.1" 200 30
186.103.159.189 - - [26/Apr/2018:12:27:18 -0300] "POST /cormun/servlet/solicitudot?28c459e16387be67e41c80a231712a87,INS,0,0,,gx-no-cache=1524756384675 HTTP/1.1" 200 10401
186.103.159.189 - - [26/Apr/2018:12:27:20 -0300] "GET /cormun/servlet/solicitudot?dac6f36737d495c1d77c1b687a0e67947d7143c0977a75ffaaa5ad39b376b503957e16076335e8ae0321e5d8eaddebc9,gx-no-cache=1524756386292 HTTP/1.1" 200 30
186.103.159.189 - - [26/Apr/2018:12:27:20 -0300] "GET /cormun/servlet/solicitudot?dac6f36737d495c1d77c1b687a0e6794932110558f7f436f698022d1db6d36d4d87aae90d5f3af7e1debe70e220a36af7d247a1b2455a7bc792b26a914c48603,gx-no-cache=1524756386371 HTTP/1.1" 200 30
186.103.159.189 - - [26/Apr/2018:12:27:20 -0300] "GET /cormun/servlet/solicitudot?dac6f36737d495c1d77c1b687a0e67948695f08678a35f5a1fa1ff2547ca5ba4,gx-no-cache=1524756386420 HTTP/1.1" 200 53
186.103.159.189 - - [26/Apr/2018:12:27:20 -0300] "POST /cormun/servlet/solicitudot?gx-no-cache=1524756386468 HTTP/1.1" 200 297
186.103.159.189 - - [26/Apr/2018:12:27:20 -0300] "GET /cormun/servlet/solicitudot?dac6f36737d495c1d77c1b687a0e67948a6f8a9a365d99c53788d4f5b068774e72acc61646e8662d443802e142f6a5307bd4dd2b7647e3ec5bca2eaead464a37ae003e95bb70d45c526fb6855a7652e5b8436cdff45064135794856389052b0f81c8e29b028a90b2cac2fcc61eb2bf9934a76d83e281d54584a69f1678fd58998c9379b9ae0a692d589f893e755bbe55332fce3dddfa38f6b7b7022a1b8a81dab45895cedaec566b993ee5224c108d07b62c34d7a321126fb52ab00f62ea23a5bafe315a0aa5d4ac87f7ea1e1ede8df9bae89465c32cc5037180142bdf4c0565dc097353cd126f85dbe35a501acc502d7a6c332db915d7b8cdb95a4906e6fae39e9e232daedd7a4ae3b502619ede4d95115724f64e142d205990835a895af69ebbc7cf0fe36de369e4f2e7fb95fa474d481ab86003c88f7dcb2b5a88fdef5a90c652b534208aa0642f620bdee9ae37e23046b722ec7fd29a8d0011154f05b8010bb3b43bc0f946c8049fc70a27269b739060e50df5d8eb378a0e8a9c7ab6dd0cf80c38bdfbc0344ac8851995815b3db5,gx-no-cache=1524756386527 HTTP/1.1" 200 30
200.111.191.210 - - [26/Apr/2018:12:27:22 -0300] "POST /cormun/servlet/solicitudot?gx-no-cache=1524756410891 HTTP/1.1" 200 30
200.111.191.210 - - [26/Apr/2018:12:27:23 -0300] "GET /cormun/servlet/prcontratosol?17235429,,,,,MD,,gxPopupLevel%3D0%3B HTTP/1.1" 200 7670
186.103.159.189 - - [26/Apr/2018:12:27:23 -0300] "POST /cormun/servlet/solicitudot?gx-no-cache=1524756389431 HTTP/1.1" 200 30
200.111.191.210 - - [26/Apr/2018:12:27:25 -0300] "POST /cormun/servlet/solicitudot?gx-no-cache=1524756414589 HTTP/1.1" 200 1369
200.111.191.210 - - [26/Apr/2018:12:27:25 -0300] "POST /cormun/servlet/solicitudot?gx-no-cache=1524756414641 HTTP/1.1" 200 38
200.111.191.210 - - [26/Apr/2018:12:27:25 -0300] "GET /cormun/servlet/solicitudot?80d9c288226c9271a55d113022fce02aec82d40bd315bcd8e2d820ac44eafb37842cc74c03c913e011871ab2d985131f2c20110bc7180a8a94eceffd8672d852153cc4b47519df40d1ce9c43b3b16a4d866806dbf4b9d14494b6647f3f46c512958da9329da3282704bace3ae14d299e,gx-no-cache=1524756414671 HTTP/1.1" 200 29
200.111.191.210 - - [26/Apr/2018:12:27:25 -0300] "POST /cormun/servlet/solicitudot?gx-no-cache=1524756414714 HTTP/1.1" 200 1350
200.111.191.210 - - [26/Apr/2018:12:27:26 -0300] "POST /cormun/servlet/solicitudot?gx-no-cache=1524756414776 HTTP/1.1" 200 1248
200.111.191.210 - - [26/Apr/2018:12:27:26 -0300] "GET /cormun/servlet/solicitudot?80d9c288226c9271a55d113022fce02a08c21a031d7550c46e48fc11559f1f5d66a287118d33213cd7cdac14bb5ab818,gx-no-cache=1524756414820 HTTP/1.1" 200 134
200.111.191.210 - - [26/Apr/2018:12:27:26 -0300] "GET /cormun/static/Shared/jqueryui/images/ui-bg_highlight-soft_100_c6c2c8_1x100.png HTTP/1.1" 404 1117
200.111.191.210 - - [26/Apr/2018:12:27:26 -0300] "GET /cormun/static/Shared/jqueryui/images/ui-icons_82798d_256x240.png HTTP/1.1" 404 1089
200.111.191.210 - - [26/Apr/2018:12:27:26 -0300] "GET /cormun/static/Shared/jqueryui/images/ui-icons_ebccce_256x240.png HTTP/1.1" 404 1089
200.111.191.210 - - [26/Apr/2018:12:27:26 -0300] "GET /cormun/static/Shared/jqueryui/images/ui-bg_flat_55_994d53_40x100.png HTTP/1.1" 404 1097
186.103.159.189 - - [26/Apr/2018:12:27:30 -0300] "POST /cormun/servlet/solicitudot?gx-no-cache=1524756396150 HTTP/1.1" 200 30
186.103.159.189 - - [26/Apr/2018:12:27:33 -0300] "GET /cormun/servlet/prcontratosol?18378418,,,,,MD,,gxPopupLevel%3D0%3B HTTP/1.1" 200 7705
200.111.191.210 - - [26/Apr/2018:12:27:39 -0300] "POST /cormun/servlet/solicitudot?gx-no-cache=1524756427851 HTTP/1.1" 200 1349
200.111.191.210 - - [26/Apr/2018:12:27:39 -0300] "POST /cormun/servlet/solicitudot?gx-no-cache=1524756428167 HTTP/1.1" 200 1248
186.103.159.189 - - [26/Apr/2018:12:27:44 -0300] "POST /cormun/servlet/solicitudot?gx-no-cache=1524756410001 HTTP/1.1" 200 1368
186.103.159.189 - - [26/Apr/2018:12:27:44 -0300] "POST /cormun/servlet/solicitudot?gx-no-cache=1524756410102 HTTP/1.1" 200 38
186.103.159.189 - - [26/Apr/2018:12:27:44 -0300] "GET /cormun/servlet/solicitudot?dac6f36737d495c1d77c1b687a0e67942da33b13a819f0e289254ac5c00ac45c5dffec6850e2f41e6d5ba2c03ab2357096efb560cad84f637a7ee99ab8f917e2ccccb754385111e3f7678676104570c782d685588c7d0ba4bb681550244a02deb3686d0ff84374dd430820724337ec82,gx-no-cache=1524756410147 HTTP/1.1" 200 29
186.103.159.189 - - [26/Apr/2018:12:27:44 -0300] "POST /cormun/servlet/solicitudot?gx-no-cache=1524756410186 HTTP/1.1" 200 1350
186.103.159.189 - - [26/Apr/2018:12:27:44 -0300] "POST /cormun/servlet/solicitudot?gx-no-cache=1524756410246 HTTP/1.1" 200 1249
186.103.159.189 - - [26/Apr/2018:12:27:44 -0300] "GET /cormun/servlet/solicitudot?dac6f36737d495c1d77c1b687a0e67947f2eb17293bf25f98e85cfd3552350502dedf76bcfa902a986f387c2fb29decc,gx-no-cache=1524756410300 HTTP/1.1" 200 134
186.103.159.189 - - [26/Apr/2018:12:27:44 -0300] "GET /cormun/static/Shared/jqueryui/images/ui-bg_highlight-soft_100_c6c2c8_1x100.png HTTP/1.1" 404 1117
186.103.159.189 - - [26/Apr/2018:12:27:44 -0300] "GET /cormun/static/Shared/jqueryui/images/ui-icons_82798d_256x240.png HTTP/1.1" 404 1089
186.103.159.189 - - [26/Apr/2018:12:27:44 -0300] "GET /cormun/static/Shared/jqueryui/images/ui-bg_flat_55_994d53_40x100.png HTTP/1.1" 404 1097
186.103.159.189 - - [26/Apr/2018:12:27:44 -0300] "GET /cormun/static/Shared/jqueryui/images/ui-icons_ebccce_256x240.png HTTP/1.1" 404 1089
200.111.191.210 - - [26/Apr/2018:12:27:45 -0300] "GET /cormun/servlet/solicitudot?80d9c288226c9271a55d113022fce02a48a57c32a2ff58278ebad9a9b7118f3eee4ff51fbc61bc7a4467a18880e78d8c,gx-no-cache=1524756433831 HTTP/1.1" 200 30
