186.103.159.230 - - [26/Apr/2018:09:04:34 -0300] "GET /cormun/static/licenciaspermisosadjuntos.js?201776126362 HTTP/1.1" 200 8760
186.103.159.230 - - [26/Apr/2018:09:04:34 -0300] "GET /cormun/static/about:blank HTTP/1.1" 404 1011
186.103.159.230 - - [26/Apr/2018:09:04:35 -0300] "GET /cormun/servlet/licenciaspermisosadjuntos?INS,13301802,L,20180426000000,, HTTP/1.1" 200 5790
186.103.159.230 - - [26/Apr/2018:09:04:55 -0300] "POST /cormun/servlet/licenciaspermisosadjuntos?8fa6211d9a85856604171d08b77057a6,INS,13301802,L,20180426000000,, HTTP/1.1" 200 116
186.103.159.230 - - [26/Apr/2018:09:04:55 -0300] "GET /cormun/servlet/hpexe_return? HTTP/1.1" 200 1037
186.103.159.230 - - [26/Apr/2018:09:04:56 -0300] "GET /cormun/servlet/trlicenciaspermisosadjuntos?13301802,20180426000000,L, HTTP/1.1" 200 6995
186.103.159.230 - - [26/Apr/2018:09:04:56 -0300] "GET /cormun/servlet/trlicenciaspermisosadjuntos?13301802,20180426000000,L, HTTP/1.1" 200 6992
186.103.159.230 - - [26/Apr/2018:09:05:08 -0300] "GET /cormun/servlet/licenciaspermisosadjuntos?INS,13301802,L,20180426000000,, HTTP/1.1" 200 5802
186.103.159.230 - - [26/Apr/2018:09:05:08 -0300] "GET /cormun/static/about:blank HTTP/1.1" 404 1011
186.103.159.230 - - [26/Apr/2018:09:05:08 -0300] "GET /cormun/servlet/licenciaspermisosadjuntos?INS,13301802,L,20180426000000,, HTTP/1.1" 200 5790
186.103.159.230 - - [26/Apr/2018:09:05:12 -0300] "GET /cormun/servlet/trlicenciaspermisosadjuntos?13301802,20180426000000,L, HTTP/1.1" 200 6995
186.103.159.230 - - [26/Apr/2018:09:05:13 -0300] "GET /cormun/servlet/trlicenciaspermisosadjuntos?13301802,20180426000000,L, HTTP/1.1" 200 6991
186.103.159.46 - - [26/Apr/2018:09:05:19 -0300] "GET /cormun/servlet/solicitudot?5bbf20755c9e17799566e7eca778bcc9600da192c867ae42ce6859a9bcf244428865d90452e6d6d4d32d9ea73729e07a5fc6e98d8a9f792423b350c94225ebcd3dd9149d70626be89a77bc4f74d727c976e8ad4accd0dba6f29cd7f143a7a0e158b5304ec0ca89a3ba259e443566bfce782c30ce1aece37244392b75aa6654eb1c7bd5374449544a68e4d3b97cb9f8034e8f3e8a6cfa10f41ce37cccb09e150c34da7a025e5555fc0e8b622e61421740339f105c18e6f9b2c812725b0dc9c950d92d882703edfe83c2222b689f0af9103c7616ccae5b34ec556a1e167bea8ca6b313887870f8b942c12935edbc772c7dda3f24a5c31a24fd7373bd812106d2437c732ac6c7abf83130871b610d74402a557f2f74efe48f57a5b7ae5a2302814c647cb3099befdda4d26eef3ba56b7a27a5a2bbaf629b42fd7c3c7271753f19a23d794279dd91554f3e9b190ef1b4b09d07f9c13319dc6471a30b584eb2e4cffea23de8ef5b852a37844dd5905ca639b9ce71818535edd342e12cf831b5e07f89,gx-no-cache=1524744262725 HTTP/1.1" 200 30
186.103.159.46 - - [26/Apr/2018:09:05:20 -0300] "POST /cormun/servlet/solicitudot?gx-no-cache=1524744263188 HTTP/1.1" 200 30
186.103.159.46 - - [26/Apr/2018:09:05:20 -0300] "POST /cormun/servlet/solicitudot?gx-no-cache=1524744263333 HTTP/1.1" 200 1363
186.103.159.46 - - [26/Apr/2018:09:05:20 -0300] "POST /cormun/servlet/solicitudot?gx-no-cache=1524744263541 HTTP/1.1" 200 41
186.103.159.46 - - [26/Apr/2018:09:05:20 -0300] "POST /cormun/servlet/solicitudot?gx-no-cache=1524744263626 HTTP/1.1" 200 1350
186.103.159.46 - - [26/Apr/2018:09:05:21 -0300] "POST /cormun/servlet/solicitudot?gx-no-cache=1524744264368 HTTP/1.1" 200 1249
186.103.159.46 - - [26/Apr/2018:09:05:21 -0300] "GET /cormun/servlet/solicitudot?5bbf20755c9e17799566e7eca778bcc9c6c303fbf7f1fd6315497b1f77cef47374ac5fbe5573f2f71831bdddd3f30474,gx-no-cache=1524744264529 HTTP/1.1" 200 30
186.103.159.46 - - [26/Apr/2018:09:05:21 -0300] "POST /cormun/servlet/solicitudot?gx-no-cache=1524744264600 HTTP/1.1" 200 30
186.103.159.230 - - [26/Apr/2018:09:05:28 -0300] "GET /cormun/servlet/trlicencias? HTTP/1.1" 200 9866
186.103.159.230 - - [26/Apr/2018:09:05:29 -0300] "GET /cormun/servlet/trlicencias? HTTP/1.1" 200 9865
186.103.159.46 - - [26/Apr/2018:09:05:33 -0300] "POST /cormun/servlet/solicitudot?3d0f6fa062951c7587bd66c94ed50a0f,INS,0,0,,gx-no-cache=1524744276814 HTTP/1.1" 200 11734
186.103.159.230 - - [26/Apr/2018:09:05:36 -0300] "POST /cormun/servlet/trlicencias?8fa6211d9a85856604171d08b77057a6,,gx-no-cache=1524744286192 HTTP/1.1" 200 7270
186.103.159.230 - - [26/Apr/2018:09:05:36 -0300] "GET /cormun/static/Shared/jqueryui/images/ui-bg_highlight-soft_100_c6c2c8_1x100.png HTTP/1.1" 404 1117
186.103.159.230 - - [26/Apr/2018:09:05:36 -0300] "GET /cormun/static/Shared/jqueryui/images/ui-icons_82798d_256x240.png HTTP/1.1" 404 1089
186.103.159.230 - - [26/Apr/2018:09:05:36 -0300] "GET /cormun/static/Shared/jqueryui/images/ui-bg_flat_55_fafafa_40x100.png HTTP/1.1" 404 1097
186.103.159.230 - - [26/Apr/2018:09:05:36 -0300] "GET /cormun/static/Shared/jqueryui/images/ui-icons_8d78a5_256x240.png HTTP/1.1" 404 1089
186.103.159.46 - - [26/Apr/2018:09:05:50 -0300] "POST /cormun/servlet/solicitudot?3d0f6fa062951c7587bd66c94ed50a0f,INS,0,0,,gx-no-cache=1524744293437 HTTP/1.1" 200 11792
186.103.159.230 - - [26/Apr/2018:09:05:50 -0300] "POST /cormun/servlet/trlicencias?8fa6211d9a85856604171d08b77057a6,,gx-no-cache=1524744300706 HTTP/1.1" 200 7196
186.103.159.46 - - [26/Apr/2018:09:05:58 -0300] "POST /cormun/servlet/solicitudot?3d0f6fa062951c7587bd66c94ed50a0f,INS,0,0,,gx-no-cache=1524744301458 HTTP/1.1" 200 11848
186.103.159.46 - - [26/Apr/2018:09:06:09 -0300] "POST /cormun/servlet/solicitudot?3d0f6fa062951c7587bd66c94ed50a0f,INS,0,0,,gx-no-cache=1524744312100 HTTP/1.1" 200 11898
186.67.164.142 - - [26/Apr/2018:09:06:09 -0300] "POST /cormun/servlet/trsolicitudot?aa596173dad62054e7c3abd00ce1a675,gx-no-cache=1524744312836 HTTP/1.1" 200 5733
186.67.164.142 - - [26/Apr/2018:09:06:09 -0300] "GET /cormun/static/Shared/jqueryui/images/ui-bg_highlight-soft_100_c6c2c8_1x100.png HTTP/1.1" 404 1117
186.67.164.142 - - [26/Apr/2018:09:06:09 -0300] "GET /cormun/static/Shared/jqueryui/images/ui-icons_82798d_256x240.png HTTP/1.1" 404 1089
186.67.164.142 - - [26/Apr/2018:09:06:09 -0300] "GET /cormun/static/Shared/jqueryui/images/ui-bg_flat_55_fafafa_40x100.png HTTP/1.1" 404 1097
186.67.164.142 - - [26/Apr/2018:09:06:09 -0300] "GET /cormun/static/Shared/jqueryui/images/ui-icons_8d78a5_256x240.png HTTP/1.1" 404 1089
186.67.164.142 - - [26/Apr/2018:09:06:10 -0300] "POST /cormun/servlet/trsolicitudot?aa596173dad62054e7c3abd00ce1a675,gx-no-cache=1524744313094 HTTP/1.1" 200 5676
186.67.164.142 - - [26/Apr/2018:09:06:12 -0300] "GET /cormun/servlet/solicitudot?INS,0,0, HTTP/1.1" 200 13427
186.67.164.142 - - [26/Apr/2018:09:06:13 -0300] "GET /cormun/servlet/solicitudot?INS,0,0, HTTP/1.1" 200 13432
186.67.164.142 - - [26/Apr/2018:09:06:19 -0300] "POST /cormun/servlet/solicitudot?gx-no-cache=1524744322965 HTTP/1.1" 200 3383
186.67.164.142 - - [26/Apr/2018:09:06:20 -0300] "POST /cormun/servlet/solicitudot?aa596173dad62054e7c3abd00ce1a675,INS,0,0,,gx-no-cache=1524744323171 HTTP/1.1" 200 10365
186.67.164.142 - - [26/Apr/2018:09:06:20 -0300] "GET /cormun/servlet/solicitudot?11ccde41751283cd14badbac969f76348030120d7b6942f96b5867f414fd5e6c5fab1786c722ea5b758a894d0c0f963c,gx-no-cache=1524744323460 HTTP/1.1" 200 30
186.103.159.46 - - [26/Apr/2018:09:06:21 -0300] "POST /cormun/servlet/solicitudot?3d0f6fa062951c7587bd66c94ed50a0f,INS,0,0,,gx-no-cache=1524744324999 HTTP/1.1" 200 11937
186.67.164.142 - - [26/Apr/2018:09:06:24 -0300] "GET /cormun/servlet/solicitudot?11ccde41751283cd14badbac969f7634f419203e1f7dabab5e47067d841b978e1f7f976e8457a8cad1a35ac74e906bff35e3ff0ab4c7abe657d7f926271c21d3,gx-no-cache=1524744327620 HTTP/1.1" 200 30
186.67.164.142 - - [26/Apr/2018:09:06:24 -0300] "GET /cormun/servlet/solicitudot?11ccde41751283cd14badbac969f76346bcff86cdc24961bcf28f378cf08c829,gx-no-cache=1524744327683 HTTP/1.1" 200 123
186.67.164.142 - - [26/Apr/2018:09:06:24 -0300] "GET /cormun/static/Shared/jqueryui/images/ui-bg_highlight-soft_100_c6c2c8_1x100.png HTTP/1.1" 404 1117
186.67.164.142 - - [26/Apr/2018:09:06:24 -0300] "GET /cormun/static/Shared/jqueryui/images/ui-icons_82798d_256x240.png HTTP/1.1" 404 1089
186.67.164.142 - - [26/Apr/2018:09:06:24 -0300] "GET /cormun/static/Shared/jqueryui/images/ui-bg_flat_55_994d53_40x100.png HTTP/1.1" 404 1097
186.67.164.142 - - [26/Apr/2018:09:06:24 -0300] "GET /cormun/static/Shared/jqueryui/images/ui-icons_ebccce_256x240.png HTTP/1.1" 404 1089
186.67.164.142 - - [26/Apr/2018:09:06:24 -0300] "POST /cormun/servlet/solicitudot?gx-no-cache=1524744327779 HTTP/1.1" 200 255
186.67.164.142 - - [26/Apr/2018:09:06:24 -0300] "GET /cormun/servlet/solicitudot?11ccde41751283cd14badbac969f76345dc93cadf23415463ced42dfab4d7d919ad1b370c57c4c55cb62e579754d81b3781f8401acde13c8f5171646388343b666bf4bd9f2ab872857a03a841f46977b5240fe06643e243a0508d48691b8738b7e6b2f0642ced75b11db743a137c16e33cdfdfede077b85eb927f42804219ba796e507ae380dba1616e401478dca1c3f6c8ad00e1fc665f504234378359dfc588a41bc3697c70694809cad798928b0ccc85a62c31366162edc6078583e4d79107cbc045ccfffc2c1a6e33e863637da06c1b2bbc69381c70f697ea1f4a7c5dbde3de4cc2b1ac4ee474e05295a387c2ffa3927c7bd51d5e9b9a786fd994e43f7c7469fad371509bc5eeea241889423e42cad8ebe7fff8bd57cc67e89e807809b181f74dbb8a8335babb139fd5f0d40fd67a31781a623006d5e5d7b45661a24f4b8de826a5185ec1b3c945bbc4fb71cb1f8bf4fedd22a827079cb4bef34b8cb4f4d4c03c97804a14c25807f1da79a490626948e9290279a33d44e12fe18eefba105,gx-no-cache=1524744327853 HTTP/1.1" 200 30
190.100.93.40 - - [26/Apr/2018:09:06:26 -0300] "GET /cormun/servlet/trpermisosgoce? HTTP/1.1" 200 10627
186.67.164.142 - - [26/Apr/2018:09:06:27 -0300] "POST /cormun/servlet/solicitudot?gx-no-cache=1524744330227 HTTP/1.1" 200 30
190.100.93.40 - - [26/Apr/2018:09:06:28 -0300] "GET /cormun/servlet/trpermisosgoce? HTTP/1.1" 200 10633
186.67.164.142 - - [26/Apr/2018:09:06:29 -0300] "POST /cormun/servlet/solicitudot?gx-no-cache=1524744333195 HTTP/1.1" 200 1369
186.67.164.142 - - [26/Apr/2018:09:06:30 -0300] "POST /cormun/servlet/solicitudot?gx-no-cache=1524744333278 HTTP/1.1" 200 38
186.103.159.46 - - [26/Apr/2018:09:06:37 -0300] "GET /cormun/servlet/prfichaempleado?,MD,,gxPopupLevel%3D0%3B HTTP/1.1" 200 9322
186.103.159.46 - - [26/Apr/2018:09:06:37 -0300] "GET /cormun/static/gxcfg.js?20177612134814 HTTP/1.1" 200 953
186.103.159.46 - - [26/Apr/2018:09:06:38 -0300] "GET /cormun/static/prfichaempleado.js?20177612134999 HTTP/1.1" 200 16006
190.100.93.40 - - [26/Apr/2018:09:06:39 -0300] "GET /cormun/servlet/permisogoce?INS,0,,, HTTP/1.1" 200 7216
190.100.93.40 - - [26/Apr/2018:09:06:40 -0300] "GET /cormun/servlet/permisogoce?INS,0,,, HTTP/1.1" 200 7216
190.100.93.40 - - [26/Apr/2018:09:06:42 -0300] "GET /cormun/servlet/prfichaempleado?,MD,,gxPopupLevel%3D0%3B HTTP/1.1" 200 9534
190.100.93.40 - - [26/Apr/2018:09:06:45 -0300] "POST /cormun/servlet/prfichaempleado?a52215eac28d72243e9a60f68a2a2200,,MD,,gxPopupLevel%3D0%3B,gx-no-cache=1524744350742 HTTP/1.1" 200 5731
186.103.159.46 - - [26/Apr/2018:09:06:46 -0300] "POST /cormun/servlet/solicitudot?gx-no-cache=1524744349461 HTTP/1.1" 200 3493
186.103.159.46 - - [26/Apr/2018:09:06:53 -0300] "POST /cormun/servlet/solicitudot?gx-no-cache=1524744356777 HTTP/1.1" 200 3493
190.100.93.40 - - [26/Apr/2018:09:07:04 -0300] "GET /cormun/servlet/permisogoce?c8651e681b3616c529eaae04de1f94f40e4f1c854dab23bd88956c773a05150c91ccedadb2a78c1051001c0e12ac8ca258cc412daa62e382b64c3fbff2478568,gx-no-cache=1524744369170 HTTP/1.1" 200 78
190.100.93.40 - - [26/Apr/2018:09:07:04 -0300] "GET /cormun/static/menuarrow.gif HTTP/1.1" 404 1015
190.100.93.40 - - [26/Apr/2018:09:07:07 -0300] "GET /cormun/servlet/permisogoce?c8651e681b3616c529eaae04de1f94f46f15d14bda671a2e7a3033ded4ab4cafb4f4d0b0bc8c9d6839617bab43dff729103129373b46311d86ea448df47cf5f2,gx-no-cache=1524744372583 HTTP/1.1" 200 47
190.100.93.40 - - [26/Apr/2018:09:07:21 -0300] "POST /cormun/servlet/permisogoce?a52215eac28d72243e9a60f68a2a2200,INS,0,,,,gx-no-cache=1524744386573 HTTP/1.1" 200 93
190.100.93.40 - - [26/Apr/2018:09:07:21 -0300] "GET /cormun/servlet/hpexe_return? HTTP/1.1" 200 1016
190.100.93.40 - - [26/Apr/2018:09:07:22 -0300] "GET /cormun/servlet/trpermisosgoce HTTP/1.1" 200 10887
190.100.93.40 - - [26/Apr/2018:09:07:22 -0300] "GET /cormun/servlet/trpermisosgoce HTTP/1.1" 200 10883
190.100.93.40 - - [26/Apr/2018:09:07:28 -0300] "GET /cormun/servlet/apermisogoceprn?12693082,P,20180426090338,PU HTTP/1.1" 200 1652
186.67.164.142 - - [26/Apr/2018:09:08:26 -0300] "GET /cormun/servlet/solicitudot?11ccde41751283cd14badbac969f7634a76d1348589b1efb03bac0855534ba09e45891609cf5eb440bbfd905d486a49e97386549a0c7054a0c21f3fe3d27291253b8d52ed672d145b27e718da24533827de97d70b2f7e73579ca97225fc97eb1ff659dcdb0269192e353c31a766f9ec34a6f2e066d5f72b3d66e51d426af784c689254a6cef47b6fecd9a0a17fa62cc5a47218d18eb7239d37a41305e55086de2ce398f5f0c10b84c02f37a2c80ec31fdae0238a85fdb5daa8b3b687fc7b4ffa64cf57f0fe0a272001aa64016b589c84,gx-no-cache=1524744450182 HTTP/1.1" 200 29
186.67.164.142 - - [26/Apr/2018:09:08:29 -0300] "POST /cormun/servlet/solicitudot?gx-no-cache=1524744452272 HTTP/1.1" 200 1351
186.67.164.142 - - [26/Apr/2018:09:08:29 -0300] "POST /cormun/servlet/solicitudot?gx-no-cache=1524744452331 HTTP/1.1" 200 1248
186.67.164.142 - - [26/Apr/2018:09:08:29 -0300] "GET /cormun/static/menuarrow.gif HTTP/1.1" 404 1015
186.67.164.142 - - [26/Apr/2018:09:08:30 -0300] "POST /cormun/servlet/solicitudot?gx-no-cache=1524744453729 HTTP/1.1" 200 1351
186.67.164.142 - - [26/Apr/2018:09:08:30 -0300] "POST /cormun/servlet/solicitudot?gx-no-cache=1524744453801 HTTP/1.1" 200 1248
186.103.159.46 - - [26/Apr/2018:09:08:30 -0300] "GET /cormun/servlet/solicitudot?5bbf20755c9e17799566e7eca778bcc9e1cf43d98118815efb6b094577303d810a31cf8ba97ea6b664c827b8a1a7559b42dd21733225a31db8dd9c1db9d7c334,gx-no-cache=1524744453881 HTTP/1.1" 200 30
186.103.159.46 - - [26/Apr/2018:09:08:30 -0300] "GET /cormun/servlet/solicitudot?5bbf20755c9e17799566e7eca778bcc9600da192c867ae42ce6859a9bcf2444294aa01978ca9fb473d421b03e9758a355fc6e98d8a9f792423b350c94225ebcd3dd9149d70626be89a77bc4f74d727c976e8ad4accd0dba6f29cd7f143a7a0e158b5304ec0ca89a3ba259e443566bfce782c30ce1aece37244392b75aa6654eb1c7bd5374449544a68e4d3b97cb9f8034e8f3e8a6cfa10f41ce37cccb09e150c34da7a025e5555fc0e8b622e61421740339f105c18e6f9b2c812725b0dc9c950d92d882703edfe83c2222b689f0af9103c7616ccae5b34ec556a1e167bea8ca6b313887870f8b942c12935edbc772c7d46d0adef8d7108796a8adcbc222a11647c732ac6c7abf83130871b610d74402a4dfeaaf5d8c27aa70fcfdb1293276f3ad28420f30db785fabba23e2dd98711a065751c411eb9c62304c04c4475280eda3d794279dd91554f3e9b190ef1b4b09d07f9c13319dc6471a30b584eb2e4cffea23de8ef5b852a37844dd5905ca639b9ce71818535edd342e12cf831b5e07f89,gx-no-cache=1524744453972 HTTP/1.1" 200 30
186.103.159.46 - - [26/Apr/2018:09:08:30 -0300] "POST /cormun/servlet/solicitudot?gx-no-cache=1524744454036 HTTP/1.1" 200 30
186.103.159.46 - - [26/Apr/2018:09:08:30 -0300] "POST /cormun/servlet/solicitudot?gx-no-cache=1524744454125 HTTP/1.1" 200 1368
186.103.159.46 - - [26/Apr/2018:09:08:31 -0300] "POST /cormun/servlet/solicitudot?gx-no-cache=1524744454251 HTTP/1.1" 200 41
186.103.159.46 - - [26/Apr/2018:09:08:31 -0300] "POST /cormun/servlet/solicitudot?gx-no-cache=1524744454320 HTTP/1.1" 200 1350
186.103.159.46 - - [26/Apr/2018:09:08:31 -0300] "POST /cormun/servlet/solicitudot?gx-no-cache=1524744454412 HTTP/1.1" 200 1249
186.103.159.46 - - [26/Apr/2018:09:08:31 -0300] "GET /cormun/servlet/solicitudot?5bbf20755c9e17799566e7eca778bcc9c6c303fbf7f1fd6315497b1f77cef47374ac5fbe5573f2f71831bdddd3f30474,gx-no-cache=1524744454491 HTTP/1.1" 200 30
186.103.159.46 - - [26/Apr/2018:09:08:31 -0300] "POST /cormun/servlet/solicitudot?gx-no-cache=1524744454546 HTTP/1.1" 200 30
186.103.159.46 - - [26/Apr/2018:09:08:31 -0300] "POST /cormun/servlet/solicitudot?3d0f6fa062951c7587bd66c94ed50a0f,INS,0,0,,gx-no-cache=1524744454609 HTTP/1.1" 200 12017
186.67.164.142 - - [26/Apr/2018:09:08:31 -0300] "GET /cormun/servlet/solicitudot?11ccde41751283cd14badbac969f76347aa511f506f66c3762bd6a8e2acf9852e526e6c8b9653bb82d31fe51c92c93b8,gx-no-cache=1524744454824 HTTP/1.1" 200 30
186.67.164.142 - - [26/Apr/2018:09:08:37 -0300] "POST /cormun/servlet/solicitudot?gx-no-cache=1524744460223 HTTP/1.1" 200 30
186.67.164.142 - - [26/Apr/2018:09:08:55 -0300] "GET /cormun/servlet/prbanco?,MD,,gxPopupLevel%3D0%3B HTTP/1.1" 200 6614
186.67.164.142 - - [26/Apr/2018:09:09:04 -0300] "GET /cormun/servlet/solicitudot?11ccde41751283cd14badbac969f7634b094e714685b669e8b4adaed5f72b96f,gx-no-cache=1524744487909 HTTP/1.1" 200 51
186.67.164.142 - - [26/Apr/2018:09:09:04 -0300] "POST /cormun/servlet/solicitudot?gx-no-cache=1524744487958 HTTP/1.1" 200 254
186.67.164.142 - - [26/Apr/2018:09:09:04 -0300] "GET /cormun/servlet/solicitudot?11ccde41751283cd14badbac969f76345dc93cadf23415463ced42dfab4d7d919ad1b370c57c4c55cb62e579754d81b3781f8401acde13c8f5171646388343b666bf4bd9f2ab872857a03a841f46977b5240fe06643e243a0508d48691b8738b7e6b2f0642ced75b11db743a137c16e33cdfdfede077b85eb927f42804219ba796e507ae380dba1616e401478dca1c3f6c8ad00e1fc665f504234378359dfc588a41bc3697c70694809cad798928b0ccc85a62c31366162edc6078583e4d79107cbc045ccfffc2c1a6e33e863637da06c1b2bbc69381c70f697ea1f4a7c5dbde3de4cc2b1ac4ee474e05295a387c2ffa3927c7bd51d5e9b9a786fd994e43f7c7469fad371509bc5eeea241889423e42cad8ebe7fff8bd57cc67e89e807809b181f74dbb8a8335babb139fd5f0d40fd67a31781a623006d5e5d7b45661a24f4b8de826a5185ec1b3c945bbc4fb71cb1f8bf4fedd22a827079cb4bef34b8cb4f4d4c03c97804a14c25807f1da79a49062662b3898a59ace7c362ff5d23066428fe,gx-no-cache=1524744488003 HTTP/1.1" 200 30
186.67.164.142 - - [26/Apr/2018:09:09:04 -0300] "POST /cormun/servlet/solicitudot?gx-no-cache=1524744488047 HTTP/1.1" 200 30
186.67.164.142 - - [26/Apr/2018:09:09:04 -0300] "POST /cormun/servlet/solicitudot?gx-no-cache=1524744488087 HTTP/1.1" 200 1369
186.67.164.142 - - [26/Apr/2018:09:09:04 -0300] "POST /cormun/servlet/solicitudot?gx-no-cache=1524744488144 HTTP/1.1" 200 41
186.67.164.142 - - [26/Apr/2018:09:09:04 -0300] "POST /cormun/servlet/solicitudot?gx-no-cache=1524744488174 HTTP/1.1" 200 1351
186.67.164.142 - - [26/Apr/2018:09:09:05 -0300] "POST /cormun/servlet/solicitudot?gx-no-cache=1524744488238 HTTP/1.1" 200 1248
186.67.164.142 - - [26/Apr/2018:09:09:05 -0300] "GET /cormun/servlet/solicitudot?11ccde41751283cd14badbac969f76347aa511f506f66c3762bd6a8e2acf9852e526e6c8b9653bb82d31fe51c92c93b8,gx-no-cache=1524744488297 HTTP/1.1" 200 30
186.67.164.142 - - [26/Apr/2018:09:09:05 -0300] "POST /cormun/servlet/solicitudot?gx-no-cache=1524744488329 HTTP/1.1" 200 30
186.67.164.142 - - [26/Apr/2018:09:09:05 -0300] "POST /cormun/servlet/solicitudot?aa596173dad62054e7c3abd00ce1a675,INS,0,0,,gx-no-cache=1524744488366 HTTP/1.1" 200 93
186.67.164.142 - - [26/Apr/2018:09:09:05 -0300] "GET /cormun/servlet/hpexe_return? HTTP/1.1" 200 1026
186.67.164.142 - - [26/Apr/2018:09:09:05 -0300] "GET /cormun/servlet/trsolicitudot?gx-no-cache=1524744313094 HTTP/1.1" 200 9051
186.67.164.142 - - [26/Apr/2018:09:09:06 -0300] "GET /cormun/servlet/trsolicitudot?gx-no-cache=1524744313094 HTTP/1.1" 200 9068
186.67.164.142 - - [26/Apr/2018:09:09:16 -0300] "POST /cormun/servlet/trsolicitudot?aa596173dad62054e7c3abd00ce1a675,gx-no-cache=1524744313094,gx-no-cache=1524744499283 HTTP/1.1" 200 5733
186.67.164.142 - - [26/Apr/2018:09:09:16 -0300] "GET /cormun/static/Shared/jqueryui/images/ui-bg_highlight-soft_100_c6c2c8_1x100.png HTTP/1.1" 404 1117
186.67.164.142 - - [26/Apr/2018:09:09:16 -0300] "GET /cormun/static/Shared/jqueryui/images/ui-icons_82798d_256x240.png HTTP/1.1" 404 1089
186.67.164.142 - - [26/Apr/2018:09:09:16 -0300] "GET /cormun/static/Shared/jqueryui/images/ui-bg_flat_55_fafafa_40x100.png HTTP/1.1" 404 1097
186.67.164.142 - - [26/Apr/2018:09:09:16 -0300] "GET /cormun/static/Shared/jqueryui/images/ui-icons_8d78a5_256x240.png HTTP/1.1" 404 1089
186.67.164.142 - - [26/Apr/2018:09:09:16 -0300] "POST /cormun/servlet/trsolicitudot?aa596173dad62054e7c3abd00ce1a675,gx-no-cache=1524744313094,gx-no-cache=1524744499527 HTTP/1.1" 200 5676
186.103.159.46 - - [26/Apr/2018:09:09:32 -0300] "POST /cormun/servlet/solicitudot?gx-no-cache=1524744515886 HTTP/1.1" 200 1350
186.103.159.46 - - [26/Apr/2018:09:09:33 -0300] "POST /cormun/servlet/solicitudot?gx-no-cache=1524744516288 HTTP/1.1" 200 1249
186.103.159.46 - - [26/Apr/2018:09:09:33 -0300] "GET /cormun/servlet/solicitudot?5bbf20755c9e17799566e7eca778bcc9c6c303fbf7f1fd6315497b1f77cef47374ac5fbe5573f2f71831bdddd3f30474,gx-no-cache=1524744516391 HTTP/1.1" 200 30
186.103.159.46 - - [26/Apr/2018:09:09:33 -0300] "POST /cormun/servlet/solicitudot?gx-no-cache=1524744516464 HTTP/1.1" 200 30
186.103.159.46 - - [26/Apr/2018:09:09:35 -0300] "POST /cormun/servlet/solicitudot?3d0f6fa062951c7587bd66c94ed50a0f,INS,0,0,,gx-no-cache=1524744518257 HTTP/1.1" 200 12082
40.77.189.71 - - [26/Apr/2018:09:09:39 -0300] "GET /cormun/static/Resources/asc.gif HTTP/1.1" 200 67
40.77.189.71 - - [26/Apr/2018:09:09:39 -0300] "GET /cormun/static/Resources/desc.gif HTTP/1.1" 200 65
186.103.159.46 - - [26/Apr/2018:09:10:06 -0300] "POST /cormun/servlet/solicitudot?3d0f6fa062951c7587bd66c94ed50a0f,INS,0,0,,gx-no-cache=1524744548547 HTTP/1.1" 200 93
186.103.159.46 - - [26/Apr/2018:09:10:06 -0300] "GET /cormun/servlet/hpexe_return? HTTP/1.1" 200 1002
186.103.159.46 - - [26/Apr/2018:09:10:06 -0300] "GET /cormun/servlet/trsolicitudot HTTP/1.1" 200 8565
186.103.159.46 - - [26/Apr/2018:09:10:08 -0300] "GET /cormun/servlet/trsolicitudot HTTP/1.1" 200 8561
186.103.159.46 - - [26/Apr/2018:09:10:11 -0300] "GET /cormun/servlet/solicitudot?INS,0,0, HTTP/1.1" 200 13413
186.103.159.46 - - [26/Apr/2018:09:10:14 -0300] "GET /cormun/servlet/solicitudot?INS,0,0, HTTP/1.1" 200 13418
66.249.83.7 - - [26/Apr/2018:09:10:17 -0300] "GET /cormun/servlet/hlogin HTTP/1.1" 200 1717
66.249.83.2 - - [26/Apr/2018:09:10:18 -0300] "GET /cormun/servlet/hlogin?_escaped_fragment_= HTTP/1.1" 200 1723
66.249.83.5 - - [26/Apr/2018:09:10:18 -0300] "GET /favicon.ico HTTP/1.1" 200 21630
190.100.93.40 - - [26/Apr/2018:09:10:19 -0300] "GET /cormun/servlet/hlogin HTTP/1.1" 200 1726
190.100.93.40 - - [26/Apr/2018:09:10:20 -0300] "POST /cormun/servlet/hlogin?a52215eac28d72243e9a60f68a2a2200,gx-no-cache=1524744565890 HTTP/1.1" 200 90
190.100.93.40 - - [26/Apr/2018:09:10:20 -0300] "GET /cormun/servlet/hpexe_link HTTP/1.1" 200 961
190.100.93.40 - - [26/Apr/2018:09:10:21 -0300] "GET /cormun/servlet/trpermisosgoce HTTP/1.1" 200 10881
190.100.93.40 - - [26/Apr/2018:09:10:21 -0300] "GET /cormun/servlet/trpermisosgoce HTTP/1.1" 200 10883
190.100.93.40 - - [26/Apr/2018:09:10:25 -0300] "GET /cormun/servlet/apermisogoceprn?12693082,P,20180426090338,PU HTTP/1.1" 200 1657
186.103.159.46 - - [26/Apr/2018:09:10:28 -0300] "POST /cormun/servlet/solicitudot?gx-no-cache=1524744571738 HTTP/1.1" 200 3492
186.103.159.46 - - [26/Apr/2018:09:10:28 -0300] "GET /cormun/static/Shared/jqueryui/images/ui-bg_highlight-soft_100_c6c2c8_1x100.png HTTP/1.1" 404 1117
186.103.159.46 - - [26/Apr/2018:09:10:28 -0300] "GET /cormun/static/Shared/jqueryui/images/ui-icons_82798d_256x240.png HTTP/1.1" 404 1089
186.103.159.46 - - [26/Apr/2018:09:10:28 -0300] "GET /cormun/static/Shared/jqueryui/images/ui-bg_flat_55_994d53_40x100.png HTTP/1.1" 404 1097
186.103.159.46 - - [26/Apr/2018:09:10:28 -0300] "GET /cormun/static/Shared/jqueryui/images/ui-icons_ebccce_256x240.png HTTP/1.1" 404 1089
186.103.159.46 - - [26/Apr/2018:09:10:32 -0300] "GET /cormun/servlet/solicitudot?5bbf20755c9e17799566e7eca778bcc9522123894b633a84844cd35c5c630ac10194682c8d94bf67ad1a31c97e48119f,gx-no-cache=1524744576036 HTTP/1.1" 200 30
186.103.159.46 - - [26/Apr/2018:09:12:48 -0300] "GET /cormun/servlet/solicitudot?5bbf20755c9e17799566e7eca778bcc9e1cf43d98118815efb6b094577303d810a31cf8ba97ea6b664c827b8a1a7559bf3d266fa89d5f345c7e83d347b2a4328,gx-no-cache=1524744711454 HTTP/1.1" 200 30
186.103.159.46 - - [26/Apr/2018:09:12:58 -0300] "GET /cormun/servlet/prbanco?,MD,,gxPopupLevel%3D0%3B HTTP/1.1" 200 6603
186.103.159.46 - - [26/Apr/2018:09:13:06 -0300] "POST /cormun/servlet/prbanco?3d0f6fa062951c7587bd66c94ed50a0f,,MD,,gxPopupLevel%3D0%3B,gx-no-cache=1524744729418 HTTP/1.1" 200 3862
186.103.159.46 - - [26/Apr/2018:09:13:15 -0300] "GET /cormun/servlet/solicitudot?5bbf20755c9e17799566e7eca778bcc905fb44199243983c06737f811203b611,gx-no-cache=1524744738807 HTTP/1.1" 200 53
192.168.10.96 - - [26/Apr/2018:09:13:27 -0300] "GET /cormun/servlet/vesolicitudgral?2018,11170,,SolicitudOTAdjuntos HTTP/1.1" 200 11507
192.168.10.96 - - [26/Apr/2018:09:13:28 -0300] "GET /cormun/servlet/vesolicitudgral?2018,11170,,SolicitudOTAdjuntos HTTP/1.1" 200 11506
192.168.10.96 - - [26/Apr/2018:09:13:29 -0300] "POST /cormun/servlet/acontrolpreferencessavestate?None,DZAMUDIO,true HTTP/1.1" 200 35
192.168.10.96 - - [26/Apr/2018:09:13:30 -0300] "GET /cormun/servlet/trsolicitudgral? HTTP/1.1" 200 29846
192.168.10.96 - - [26/Apr/2018:09:13:31 -0300] "GET /cormun/servlet/trsolicitudgral? HTTP/1.1" 200 29834
192.168.10.96 - - [26/Apr/2018:09:13:35 -0300] "POST /cormun/servlet/trsolicitudgral?b0928ce83b456e7d04a80e902b9a9766,,gx-no-cache=1524744634561 HTTP/1.1" 200 7291
192.168.10.96 - - [26/Apr/2018:09:13:37 -0300] "GET /cormun/servlet/vesolicitudgral?2018,11106,, HTTP/1.1" 200 9259
192.168.10.96 - - [26/Apr/2018:09:13:37 -0300] "GET /cormun/pexe_scrolldiv.js HTTP/1.1" 404 1009
192.168.10.96 - - [26/Apr/2018:09:13:37 -0300] "GET /cormun/pexe_scrolldiv.js HTTP/1.1" 404 1009
192.168.10.96 - - [26/Apr/2018:09:13:38 -0300] "GET /cormun/servlet/vesolicitudgral?2018,11106,, HTTP/1.1" 200 9258
192.168.10.96 - - [26/Apr/2018:09:13:39 -0300] "GET /cormun/servlet/vesolicitudgral?2018,11106,,SolicitudOTAdjuntos HTTP/1.1" 200 11427
192.168.10.96 - - [26/Apr/2018:09:13:39 -0300] "GET /cormun/pexe_scrolldiv.js HTTP/1.1" 404 1009
192.168.10.96 - - [26/Apr/2018:09:13:39 -0300] "GET /cormun/pexe_scrolldiv.js HTTP/1.1" 404 1009
192.168.10.96 - - [26/Apr/2018:09:13:40 -0300] "GET /cormun/servlet/vesolicitudgral?2018,11106,,SolicitudOTAdjuntos HTTP/1.1" 200 11428
192.168.10.96 - - [26/Apr/2018:09:13:41 -0300] "POST /cormun/servlet/acontrolpreferencessavestate?None,DZAMUDIO,true HTTP/1.1" 200 35
186.103.159.46 - - [26/Apr/2018:09:13:41 -0300] "GET /cormun/servlet/solicitudot?5bbf20755c9e17799566e7eca778bcc914644daeb56e8230353414e9acb16b6034bb94b1764ab4fa6ff0550b71b21b59d424b3449edfd2bdec331a00ddad1cc48d09d9afa73570fe1f4c4ed7d691cf0c38b3c8cf81dd5899abee0f381d5eeddb55076821ed3c8d9941ab78e39a40206feb1e7498dd5b1f46de39a455a7362624d803d753341b27acd423fbd1a92e34d33864e0594aacbe7f8f11e2034c423d67a6fdae90671f14de88311b5c25dfcf0afbdf74990fdd0345608fac4475a76d008c5d2f234c714a79ff007fff7e85470abd362d5b6168478c49e1a2b0fe37f1ce9e83903d0fa8380b2745058d857787c939fc18528dde4f94b640a01a81c7dc1902c1ece0402d6ccdf616102f64103aa68d82c5fa3065a434ea1d61bbc65512deb0a04769b54f32a21250478979c500c55a0b28fac1a601306f1b3506841dc4f5fe52c013b09e58b922e773a4c73f317b,gx-no-cache=1524744764402 HTTP/1.1" 200 255
192.168.10.96 - - [26/Apr/2018:09:13:41 -0300] "GET /cormun/PublicTempStorage/carnet5258662.pdf HTTP/1.1" 200 97660
186.103.159.46 - - [26/Apr/2018:09:13:44 -0300] "GET /cormun/servlet/solicitudot?5bbf20755c9e17799566e7eca778bcc9600da192c867ae42ce6859a9bcf244428865d90452e6d6d4d32d9ea73729e07a5fc6e98d8a9f792423b350c94225ebcd3dd9149d70626be89a77bc4f74d727c976e8ad4accd0dba6f29cd7f143a7a0e158b5304ec0ca89a3ba259e443566bfce782c30ce1aece37244392b75aa6654eb1c7bd5374449544a68e4d3b97cb9f8034e8f3e8a6cfa10f41ce37cccb09e150c34da7a025e5555fc0e8b622e61421740339f105c18e6f9b2c812725b0dc9c950d92d882703edfe83c2222b689f0af9103c7616ccae5b34ec556a1e167bea8ca6b313887870f8b942c12935edbc772c7dda3f24a5c31a24fd7373bd812106d2437c732ac6c7abf83130871b610d74402a557f2f74efe48f57a5b7ae5a2302814c647cb3099befdda4d26eef3ba56b7a27a5a2bbaf629b42fd7c3c7271753f19a23d794279dd91554f3e9b190ef1b4b09d07f9c13319dc6471a30b584eb2e4cffea23de8ef5b852a37844dd5905ca639b986541bce3dbaea8fa0bbc9e096621bf4,gx-no-cache=1524744767561 HTTP/1.1" 200 30
192.168.10.96 - - [26/Apr/2018:09:13:46 -0300] "GET /cormun/servlet/vesolicitudgral?2018,11106,,SolicitudOTAdjuntos HTTP/1.1" 200 11425
192.168.10.96 - - [26/Apr/2018:09:13:47 -0300] "GET /cormun/servlet/vesolicitudgral?2018,11106,,SolicitudOTAdjuntos HTTP/1.1" 200 11428
192.168.10.96 - - [26/Apr/2018:09:13:47 -0300] "POST /cormun/servlet/acontrolpreferencessavestate?None,DZAMUDIO,true HTTP/1.1" 200 35
192.168.10.96 - - [26/Apr/2018:09:13:48 -0300] "GET /cormun/PublicTempStorage/titulo4314148.pdf HTTP/1.1" 200 119685
192.168.10.96 - - [26/Apr/2018:09:13:51 -0300] "GET /cormun/servlet/vesolicitudgral?2018,11106,,SolicitudOTAdjuntos HTTP/1.1" 200 11426
192.168.10.96 - - [26/Apr/2018:09:13:52 -0300] "GET /cormun/servlet/vesolicitudgral?2018,11106,,SolicitudOTAdjuntos HTTP/1.1" 200 11426
192.168.10.96 - - [26/Apr/2018:09:13:53 -0300] "POST /cormun/servlet/acontrolpreferencessavestate?None,DZAMUDIO,true HTTP/1.1" 200 35
192.168.10.96 - - [26/Apr/2018:09:13:53 -0300] "GET /cormun/PublicTempStorage/certificado_no_afiliacion_afp._carla_bustos_araneda7997174.pdf HTTP/1.1" 200 25642
192.168.10.96 - - [26/Apr/2018:09:13:56 -0300] "GET /cormun/servlet/vesolicitudgral?2018,11106,,SolicitudOTAdjuntos HTTP/1.1" 200 11424
192.168.10.96 - - [26/Apr/2018:09:13:57 -0300] "GET /cormun/servlet/vesolicitudgral?2018,11106,,SolicitudOTAdjuntos HTTP/1.1" 200 11425
192.168.10.96 - - [26/Apr/2018:09:13:57 -0300] "POST /cormun/servlet/acontrolpreferencessavestate?None,DZAMUDIO,true HTTP/1.1" 200 35
192.168.10.96 - - [26/Apr/2018:09:13:59 -0300] "GET /cormun/PublicTempStorage/certificado_no_afiliacion_isapre._carla_bustos_araneda8376611.pdf HTTP/1.1" 200 86961
192.168.10.96 - - [26/Apr/2018:09:14:03 -0300] "GET /cormun/servlet/vesolicitudgral?2018,11106,,SolicitudOTAdjuntos HTTP/1.1" 200 11425
192.168.10.96 - - [26/Apr/2018:09:14:04 -0300] "GET /cormun/servlet/vesolicitudgral?2018,11106,,SolicitudOTAdjuntos HTTP/1.1" 200 11425
192.168.10.96 - - [26/Apr/2018:09:14:05 -0300] "POST /cormun/servlet/acontrolpreferencessavestate?None,DZAMUDIO,true HTTP/1.1" 200 35
192.168.10.96 - - [26/Apr/2018:09:14:05 -0300] "GET /cormun/PublicTempStorage/antecedentes3379141.pdf HTTP/1.1" 200 148599
186.103.159.46 - - [26/Apr/2018:09:14:08 -0300] "POST /cormun/servlet/solicitudot?gx-no-cache=1524744791411 HTTP/1.1" 200 30
192.168.10.96 - - [26/Apr/2018:09:14:09 -0300] "GET /cormun/servlet/vesolicitudgral?2018,11106,,SolicitudOTAdjuntos HTTP/1.1" 200 11424
192.168.10.96 - - [26/Apr/2018:09:14:09 -0300] "GET /cormun/servlet/vesolicitudgral?2018,11106,,SolicitudOTAdjuntos HTTP/1.1" 200 11425
192.168.10.96 - - [26/Apr/2018:09:14:10 -0300] "POST /cormun/servlet/acontrolpreferencessavestate?None,DZAMUDIO,true HTTP/1.1" 200 35
192.168.10.96 - - [26/Apr/2018:09:14:11 -0300] "GET /cormun/PublicTempStorage/curriculum4482511.pdf HTTP/1.1" 200 287321
186.103.159.46 - - [26/Apr/2018:09:14:11 -0300] "POST /cormun/servlet/solicitudot?gx-no-cache=1524744793645 HTTP/1.1" 200 1363
186.103.159.46 - - [26/Apr/2018:09:14:12 -0300] "POST /cormun/servlet/solicitudot?gx-no-cache=1524744795204 HTTP/1.1" 200 38
192.168.10.96 - - [26/Apr/2018:09:14:19 -0300] "GET /cormun/servlet/vesolicitudgral?2018,11106,,SolicitudOTAdjuntos HTTP/1.1" 200 11425
192.168.10.96 - - [26/Apr/2018:09:14:19 -0300] "GET /cormun/servlet/vesolicitudgral?2018,11106,,SolicitudOTAdjuntos HTTP/1.1" 200 11426
192.168.10.96 - - [26/Apr/2018:09:14:20 -0300] "POST /cormun/servlet/acontrolpreferencessavestate?None,DZAMUDIO,true HTTP/1.1" 200 35
186.103.159.46 - - [26/Apr/2018:09:14:55 -0300] "GET /cormun/servlet/solicitudot?5bbf20755c9e17799566e7eca778bcc978577fdd863a67f24d473519e4bfe6ad39fc18528dde4f94b640a01a81c7dc1902c1ece0402d6ccdf616102f64103aa68607951c47e1bd6ef883331263b21708,gx-no-cache=1524744838867 HTTP/1.1" 200 29
186.103.159.46 - - [26/Apr/2018:09:14:55 -0300] "POST /cormun/servlet/solicitudot?gx-no-cache=1524744838944 HTTP/1.1" 200 1349
186.103.159.46 - - [26/Apr/2018:09:14:55 -0300] "POST /cormun/servlet/solicitudot?gx-no-cache=1524744839053 HTTP/1.1" 200 1246
186.103.159.46 - - [26/Apr/2018:09:15:19 -0300] "GET /cormun/static/menuarrow.gif HTTP/1.1" 404 1015
186.103.159.46 - - [26/Apr/2018:09:15:27 -0300] "GET /cormun/servlet/solicitudot?5bbf20755c9e17799566e7eca778bcc9c6c303fbf7f1fd6315497b1f77cef47374ac5fbe5573f2f71831bdddd3f30474,gx-no-cache=1524744870922 HTTP/1.1" 200 30
186.103.159.46 - - [26/Apr/2018:09:15:37 -0300] "POST /cormun/servlet/solicitudot?gx-no-cache=1524744880241 HTTP/1.1" 200 30
186.103.159.46 - - [26/Apr/2018:09:15:43 -0300] "POST /cormun/servlet/solicitudot?3d0f6fa062951c7587bd66c94ed50a0f,INS,0,0,,gx-no-cache=1524744886103 HTTP/1.1" 200 11721
40.77.167.212 - - [26/Apr/2018:09:16:21 -0300] "GET /cormun/servlet/trlicencias HTTP/1.1" 200 7291
186.103.159.46 - - [26/Apr/2018:09:16:39 -0300] "GET /cormun/servlet/solicitudot?5bbf20755c9e17799566e7eca778bcc9e1cf43d98118815efb6b094577303d810a31cf8ba97ea6b664c827b8a1a7559b42dd21733225a31db8dd9c1db9d7c334,gx-no-cache=1524744942194 HTTP/1.1" 200 30
186.103.159.46 - - [26/Apr/2018:09:16:39 -0300] "GET /cormun/servlet/solicitudot?5bbf20755c9e17799566e7eca778bcc9600da192c867ae42ce6859a9bcf2444294aa01978ca9fb473d421b03e9758a355fc6e98d8a9f792423b350c94225ebcd3dd9149d70626be89a77bc4f74d727c976e8ad4accd0dba6f29cd7f143a7a0e158b5304ec0ca89a3ba259e443566bfce782c30ce1aece37244392b75aa6654eb1c7bd5374449544a68e4d3b97cb9f8034e8f3e8a6cfa10f41ce37cccb09e150c34da7a025e5555fc0e8b622e61421740339f105c18e6f9b2c812725b0dc9c950d92d882703edfe83c2222b689f0af9103c7616ccae5b34ec556a1e167bea8ca6b313887870f8b942c12935edbc772c7d46d0adef8d7108796a8adcbc222a11647c732ac6c7abf83130871b610d74402a4dfeaaf5d8c27aa70fcfdb1293276f3ad28420f30db785fabba23e2dd98711a065751c411eb9c62304c04c4475280eda3d794279dd91554f3e9b190ef1b4b09d07f9c13319dc6471a30b584eb2e4cffea23de8ef5b852a37844dd5905ca639b9ce71818535edd342e12cf831b5e07f89,gx-no-cache=1524744942335 HTTP/1.1" 200 30
186.103.159.46 - - [26/Apr/2018:09:16:39 -0300] "POST /cormun/servlet/solicitudot?gx-no-cache=1524744942742 HTTP/1.1" 200 30
40.77.167.212 - - [26/Apr/2018:09:16:44 -0300] "GET /cormun//static/Resources/PXToolsActionDisabled.gif HTTP/1.1" 200 53
40.77.167.212 - - [26/Apr/2018:09:16:44 -0300] "GET /cormun//static/Resources/PXToolsHeaderFavorites.png HTTP/1.1" 200 2744
186.103.159.46 - - [26/Apr/2018:09:16:44 -0300] "POST /cormun/servlet/solicitudot?gx-no-cache=1524744942873 HTTP/1.1" 200 1368
40.77.167.212 - - [26/Apr/2018:09:16:44 -0300] "GET /cormun//static/Resources/PXToolsHeaderHelp.png HTTP/1.1" 200 4055
40.77.167.212 - - [26/Apr/2018:09:16:44 -0300] "GET /cormun/static/Resources/PXTools/calendar.png HTTP/1.1" 200 1306
186.103.159.46 - - [26/Apr/2018:09:16:44 -0300] "POST /cormun/servlet/solicitudot?gx-no-cache=1524744948062 HTTP/1.1" 200 41
186.103.159.46 - - [26/Apr/2018:09:16:44 -0300] "POST /cormun/servlet/solicitudot?gx-no-cache=1524744948134 HTTP/1.1" 200 1350
186.103.159.46 - - [26/Apr/2018:09:16:45 -0300] "POST /cormun/servlet/solicitudot?gx-no-cache=1524744948623 HTTP/1.1" 200 1249
186.103.159.46 - - [26/Apr/2018:09:16:45 -0300] "GET /cormun/servlet/solicitudot?5bbf20755c9e17799566e7eca778bcc9c6c303fbf7f1fd6315497b1f77cef47374ac5fbe5573f2f71831bdddd3f30474,gx-no-cache=1524744948712 HTTP/1.1" 200 30
186.103.159.46 - - [26/Apr/2018:09:16:45 -0300] "POST /cormun/servlet/solicitudot?gx-no-cache=1524744948767 HTTP/1.1" 200 30
157.55.39.46 - - [26/Apr/2018:09:16:45 -0300] "GET /cormun//static/Resources/PXToolsActionPrint.png HTTP/1.1" 200 3317
207.46.13.96 - - [26/Apr/2018:09:16:48 -0300] "GET /cormun//static/Resources/PXTools/ActionInsert.png HTTP/1.1" 200 1482
207.46.13.96 - - [26/Apr/2018:09:16:49 -0300] "GET /cormun//static/Resources/PXToolsGridDisplay.png HTTP/1.1" 200 362
186.103.156.166 - - [26/Apr/2018:09:17:00 -0300] "GET /cormun/servlet/hlogin HTTP/1.1" 200 1721
186.103.156.166 - - [26/Apr/2018:09:17:00 -0300] "GET /cormun/static/gxtimezone.js?85251 HTTP/1.1" 304 -
186.103.156.166 - - [26/Apr/2018:09:17:00 -0300] "GET /cormun/static/gxcfg.js?20175251213516 HTTP/1.1" 304 -
186.103.156.166 - - [26/Apr/2018:09:17:00 -0300] "GET /cormun/static/Resources/Spanish/PXTools.css?11423723 HTTP/1.1" 304 -
186.103.156.166 - - [26/Apr/2018:09:17:00 -0300] "GET /cormun/static/messages.spa.js?85251 HTTP/1.1" 304 -
186.103.156.166 - - [26/Apr/2018:09:17:00 -0300] "GET /cormun/static/hlogin.js?20175251213537 HTTP/1.1" 304 -
186.103.156.166 - - [26/Apr/2018:09:17:01 -0300] "GET /cormun/servlet/hlogin HTTP/1.1" 200 1731
40.77.167.212 - - [26/Apr/2018:09:17:20 -0300] "GET /cormun/servlet/trsolicitudot?_escaped_fragment_= HTTP/1.1" 200 6417
186.103.156.166 - - [26/Apr/2018:09:17:49 -0300] "GET /cormun/servlet/hlogin HTTP/1.1" 200 1731
186.103.156.166 - - [26/Apr/2018:09:18:04 -0300] "POST /cormun/servlet/hlogin?0a4fe19f41a78fa13deeaf49aa1b25cc,gx-no-cache=1524748630804 HTTP/1.1" 200 90
186.103.156.166 - - [26/Apr/2018:09:18:04 -0300] "GET /cormun/servlet/hpexe_link HTTP/1.1" 200 953
186.103.156.166 - - [26/Apr/2018:09:18:04 -0300] "GET /cormun/static/Resources/Spanish/PXTools.css?1155365 HTTP/1.1" 304 -
186.103.156.166 - - [26/Apr/2018:09:18:04 -0300] "GET /cormun/static/gxcfg.js?20177612121792 HTTP/1.1" 304 -
186.103.156.166 - - [26/Apr/2018:09:18:04 -0300] "GET /cormun/static/hpexe_link.js?20177612121795 HTTP/1.1" 304 -
186.103.156.166 - - [26/Apr/2018:09:18:04 -0300] "GET /cormun/servlet/hhome HTTP/1.1" 200 4183
186.103.156.166 - - [26/Apr/2018:09:18:04 -0300] "GET /cormun/static/gxcfg.js?20175251212442 HTTP/1.1" 304 -
186.103.156.166 - - [26/Apr/2018:09:18:04 -0300] "GET /cormun/static/hwchdr01.js?201752511465785 HTTP/1.1" 304 -
186.103.156.166 - - [26/Apr/2018:09:18:04 -0300] "GET /cormun/static/hpexe_recentlink.js?20177611595044 HTTP/1.1" 304 -
186.103.156.166 - - [26/Apr/2018:09:18:04 -0300] "GET /cormun/static/hpexe_messagecontroller.js?20177611595012 HTTP/1.1" 304 -
186.103.156.166 - - [26/Apr/2018:09:18:04 -0300] "GET /cormun/static/hpexe_scripts.js?201752511465715 HTTP/1.1" 304 -
186.103.156.166 - - [26/Apr/2018:09:18:04 -0300] "GET /cormun/static/hpexe_messagegenexuscomponent.js?201752511465344 HTTP/1.1" 304 -
186.103.156.166 - - [26/Apr/2018:09:18:04 -0300] "GET /cormun/static/hpexe_messagepopupcomponent.js?20161017169425 HTTP/1.1" 304 -
186.103.156.166 - - [26/Apr/2018:09:18:04 -0300] "GET /cormun/static/cmcontrolpreferences.js?201752511465670 HTTP/1.1" 304 -
186.103.156.166 - - [26/Apr/2018:09:18:04 -0300] "GET /cormun/static/hmpwkw03.js?20177612122668 HTTP/1.1" 304 -
186.103.156.166 - - [26/Apr/2018:09:18:04 -0300] "GET /cormun/servlet/hhome HTTP/1.1" 200 4179
186.103.156.166 - - [26/Apr/2018:09:18:08 -0300] "GET /cormun/servlet/trsolicitudot? HTTP/1.1" 200 7398
186.103.156.166 - - [26/Apr/2018:09:18:08 -0300] "GET /cormun/static/Resources/Spanish/PXTools.css?1255365 HTTP/1.1" 304 -
186.103.156.166 - - [26/Apr/2018:09:18:08 -0300] "GET /cormun/static/gxcfg.js?2017111422585916 HTTP/1.1" 304 -
186.103.156.166 - - [26/Apr/2018:09:18:08 -0300] "GET /cormun/static/calendar-setup.js?85251 HTTP/1.1" 304 -
186.103.156.166 - - [26/Apr/2018:09:18:08 -0300] "GET /cormun/static/calendar.js?85251 HTTP/1.1" 304 -
186.103.156.166 - - [26/Apr/2018:09:18:08 -0300] "GET /cormun/static/calendar-es.js?85251 HTTP/1.1" 304 -
186.103.156.166 - - [26/Apr/2018:09:18:08 -0300] "GET /cormun/static/gxdec.js?85251 HTTP/1.1" 304 -
186.103.156.166 - - [26/Apr/2018:09:18:08 -0300] "GET /cormun/static/trsolicitudot.js?201711142259839 HTTP/1.1" 304 -
186.103.156.166 - - [26/Apr/2018:09:18:11 -0300] "GET /cormun/servlet/trsolicitudot? HTTP/1.1" 200 7398
186.103.156.166 - - [26/Apr/2018:09:18:18 -0300] "GET /cormun/servlet/solicitudot?INS,0,0, HTTP/1.1" 200 13612
186.103.156.166 - - [26/Apr/2018:09:18:18 -0300] "GET /cormun/static/gxcfg.js?201812313224582 HTTP/1.1" 304 -
186.103.156.166 - - [26/Apr/2018:09:18:18 -0300] "GET /cormun/static/solicitudot.js?201812313224831 HTTP/1.1" 304 -
186.103.156.166 - - [26/Apr/2018:09:18:18 -0300] "GET /cormun/servlet/solicitudot?INS,0,0, HTTP/1.1" 200 13617
186.103.159.183 - - [26/Apr/2018:09:18:28 -0300] "GET /cormun/servlet/trvisualizadoreventos? HTTP/1.1" 200 5966
186.103.159.183 - - [26/Apr/2018:09:18:28 -0300] "GET /cormun/static/gxcfg.js?20175251251426 HTTP/1.1" 200 953
186.103.159.183 - - [26/Apr/2018:09:18:28 -0300] "GET /cormun/static/trvisualizadoreventos.js?20175251251768 HTTP/1.1" 200 19318
186.103.158.250 - - [26/Apr/2018:09:18:28 -0300] "GET /cormun/servlet/hlogin HTTP/1.1" 200 1721
186.103.159.183 - - [26/Apr/2018:09:18:28 -0300] "GET /cormun/static/Shared/ext/ext-all.js HTTP/1.1" 200 1289687
186.103.159.183 - - [26/Apr/2018:09:18:28 -0300] "GET /cormun/static/Resources/PXToolsActionPrint.png HTTP/1.1" 200 3317
186.103.158.250 - - [26/Apr/2018:09:18:29 -0300] "GET /cormun/static/gxtimezone.js?85251 HTTP/1.1" 304 -
186.103.158.250 - - [26/Apr/2018:09:18:29 -0300] "GET /cormun/static/messages.spa.js?85251 HTTP/1.1" 304 -
186.103.159.183 - - [26/Apr/2018:09:18:29 -0300] "GET /cormun/servlet/hlogin HTTP/1.1" 200 1740
186.103.158.250 - - [26/Apr/2018:09:18:29 -0300] "GET /cormun/servlet/hlogin HTTP/1.1" 200 1731
186.103.159.183 - - [26/Apr/2018:09:18:29 -0300] "GET /cormun/servlet/trvisualizadoreventos? HTTP/1.1" 200 5961
186.103.158.250 - - [26/Apr/2018:09:18:29 -0300] "GET /favicon.ico HTTP/1.1" 200 21630
186.103.158.250 - - [26/Apr/2018:09:18:42 -0300] "POST /cormun/servlet/hlogin?c85f521e43852d9e6b86f74f0f2e03b7,gx-no-cache=1524745063538 HTTP/1.1" 200 90
186.103.158.250 - - [26/Apr/2018:09:18:42 -0300] "GET /cormun/servlet/hpexe_link HTTP/1.1" 200 953
186.103.158.250 - - [26/Apr/2018:09:18:42 -0300] "GET /cormun/servlet/hhome HTTP/1.1" 200 4197
186.103.159.183 - - [26/Apr/2018:09:18:44 -0300] "POST /cormun/servlet/hlogin?fdd070ab08d6a496166fa3ef7fdc1eb1,gx-no-cache=1524745069456 HTTP/1.1" 200 452
186.103.158.250 - - [26/Apr/2018:09:18:46 -0300] "GET /cormun/servlet/hhome HTTP/1.1" 200 4193
186.103.158.250 - - [26/Apr/2018:09:18:51 -0300] "GET /cormun/servlet/trsolicitudot? HTTP/1.1" 200 8771
186.103.158.250 - - [26/Apr/2018:09:18:51 -0300] "GET /cormun/static/calendar.js?85251 HTTP/1.1" 304 -
186.103.158.250 - - [26/Apr/2018:09:18:51 -0300] "GET /cormun/static/calendar-setup.js?85251 HTTP/1.1" 304 -
186.103.158.250 - - [26/Apr/2018:09:18:51 -0300] "GET /cormun/static/calendar-es.js?85251 HTTP/1.1" 304 -
186.103.158.250 - - [26/Apr/2018:09:18:52 -0300] "GET /cormun/static/gxdec.js?85251 HTTP/1.1" 304 -
186.103.158.250 - - [26/Apr/2018:09:18:52 -0300] "GET /cormun/static/trsolicitudot.js?201711142259839 HTTP/1.1" 304 -
186.103.159.46 - - [26/Apr/2018:09:18:52 -0300] "POST /cormun/servlet/solicitudot?3d0f6fa062951c7587bd66c94ed50a0f,INS,0,0,,gx-no-cache=1524745075308 HTTP/1.1" 200 11779
186.103.158.250 - - [26/Apr/2018:09:18:53 -0300] "GET /cormun/servlet/trsolicitudot? HTTP/1.1" 200 8769
186.103.159.183 - - [26/Apr/2018:09:18:58 -0300] "POST /cormun/servlet/hlogin?fdd070ab08d6a496166fa3ef7fdc1eb1,gx-no-cache=1524745083392 HTTP/1.1" 200 90
186.103.159.183 - - [26/Apr/2018:09:18:58 -0300] "GET /cormun/servlet/hpexe_link HTTP/1.1" 200 958
186.103.159.183 - - [26/Apr/2018:09:18:59 -0300] "GET /cormun/servlet/trvisualizadoreventos HTTP/1.1" 200 6478
186.103.159.183 - - [26/Apr/2018:09:18:59 -0300] "GET /cormun/static/Shared/ext/ext-all.js HTTP/1.1" 200 1289687
186.103.159.183 - - [26/Apr/2018:09:19:00 -0300] "GET /cormun/servlet/trvisualizadoreventos HTTP/1.1" 200 6476
186.103.158.250 - - [26/Apr/2018:09:19:05 -0300] "POST /cormun/servlet/trsolicitudot?c85f521e43852d9e6b86f74f0f2e03b7,,gx-no-cache=1524745087336 HTTP/1.1" 200 105
186.103.158.250 - - [26/Apr/2018:09:19:05 -0300] "GET /cormun/servlet/solicitudot?UPD,2018,11199, HTTP/1.1" 200 15467
186.103.158.250 - - [26/Apr/2018:09:19:07 -0300] "GET /cormun/servlet/solicitudot?UPD,2018,11199, HTTP/1.1" 200 15476
186.103.158.250 - - [26/Apr/2018:09:19:08 -0300] "POST /cormun/servlet/solicitudot?gx-no-cache=1524745089726 HTTP/1.1" 200 3367
186.103.158.250 - - [26/Apr/2018:09:19:08 -0300] "POST /cormun/servlet/solicitudot?c85f521e43852d9e6b86f74f0f2e03b7,UPD,2018,11199,,gx-no-cache=1524745089969 HTTP/1.1" 200 11708
186.103.158.250 - - [26/Apr/2018:09:19:09 -0300] "GET /cormun/servlet/solicitudot?f434c546200069ec534bc206c3b86eb37e9cf2dc3f2ee71525fe551c06be2a1552d2d563a1838961dffb2dd8a68791d6,gx-no-cache=1524745090747 HTTP/1.1" 200 30
186.103.158.250 - - [26/Apr/2018:09:19:09 -0300] "GET /cormun/servlet/solicitudot?f434c546200069ec534bc206c3b86eb3e1078e69c280c3416c77876dc746b48548feeb6fe477b0a65914c4923401139339254b65d826c846a809fbecae534e95,gx-no-cache=1524745090843 HTTP/1.1" 200 30
186.103.158.250 - - [26/Apr/2018:09:19:09 -0300] "GET /cormun/servlet/solicitudot?f434c546200069ec534bc206c3b86eb32d5fa1576804b91228abadadeb4867ea8472e5f1c7355fc651ee980c44d369f748ced795991bd8ad89e3b492f5c90a1b,gx-no-cache=1524745090890 HTTP/1.1" 200 53
186.103.158.250 - - [26/Apr/2018:09:19:09 -0300] "POST /cormun/servlet/solicitudot?gx-no-cache=1524745090954 HTTP/1.1" 200 297
186.103.158.250 - - [26/Apr/2018:09:19:09 -0300] "GET /cormun/servlet/solicitudot?f434c546200069ec534bc206c3b86eb38b87a87de2e90bbd5182b97343abcc08303b592dd0327638dd2846fbe0f5ff0bc37b03ed98be4f7e31ab992e66442cb51bc97f65ae781727dd5da9f63d7b8182c803baf4d4e4bf8a18feb65924263c12afa19c7b81f4942d41efcccb20fbaacdde97c360f62d7d92f65dad9e00d4149026b40257f19bcfe5fdb99aff0bcb944cad39fad92a71096e946a4be357b730f28479e2357eea00450d20bd1efcc6628c1a3edce813c329bed158a9d300873371649c78320488b27bc0ff416d049dcba437979fce24289b6ee1523e68c90de27072074f4598ea4af3508cf0f85321e35a4cac7f0dc8fa07f8a345b982bbaf579e8909f24486b35783c649955f6534a258629fa2c71121d200452e70ecb7eb9fe1367aca41b511be01a3794415895aa6e3e3b9af73bc3baba6be36d5c5c9e46f7587264ebb946277d25e9042216e3ee1070eba4023187f370b69cd9649f4d47ad5cadb443900f2472dda078c02f6b1b46c7903ce72980a180e5be63aa5e0a3305d1a49b5e212c2328dc93124813248a67e,gx-no-cache=1524745091039 HTTP/1.1" 200 30
186.103.158.250 - - [26/Apr/2018:09:19:09 -0300] "POST /cormun/servlet/solicitudot?gx-no-cache=1524745091403 HTTP/1.1" 200 30
186.103.158.250 - - [26/Apr/2018:09:19:09 -0300] "POST /cormun/servlet/solicitudot?gx-no-cache=1524745091488 HTTP/1.1" 200 1365
186.103.158.250 - - [26/Apr/2018:09:19:10 -0300] "POST /cormun/servlet/solicitudot?gx-no-cache=1524745091626 HTTP/1.1" 200 41
186.103.158.250 - - [26/Apr/2018:09:19:16 -0300] "GET /cormun/servlet/solicitudot?f434c546200069ec534bc206c3b86eb30f0c8f2e77fd6302ea0c3e73ce3f83adc1e3eaab59735b1b6456f44f6a16cd8a0309587d52e59808e94e844af38942cafad20e161c2b9a950e60915b021b5da8c0ff846aeb3d8ee135f87dba7240ca4b70d60150cbd4b8a746566ff703e23d6a,gx-no-cache=1524745098097 HTTP/1.1" 200 29
186.103.158.250 - - [26/Apr/2018:09:19:16 -0300] "POST /cormun/servlet/solicitudot?gx-no-cache=1524745098190 HTTP/1.1" 200 1351
186.103.158.250 - - [26/Apr/2018:09:19:16 -0300] "POST /cormun/servlet/solicitudot?gx-no-cache=1524745098292 HTTP/1.1" 200 1249
186.103.159.183 - - [26/Apr/2018:09:19:34 -0300] "GET /cormun/servlet/hlogin HTTP/1.1" 200 1739
186.103.158.250 - - [26/Apr/2018:09:19:36 -0300] "GET /cormun/servlet/solicitudot?f434c546200069ec534bc206c3b86eb3d63f8a0d96316c358b94984540ff1dcba2c0b9fcffd95e2c08d02fea040b2b14,gx-no-cache=1524745118185 HTTP/1.1" 200 30
186.103.158.250 - - [26/Apr/2018:09:19:36 -0300] "POST /cormun/servlet/solicitudot?gx-no-cache=1524745118233 HTTP/1.1" 200 30
186.103.158.250 - - [26/Apr/2018:09:19:36 -0300] "POST /cormun/servlet/solicitudot?c85f521e43852d9e6b86f74f0f2e03b7,UPD,2018,11199,,gx-no-cache=1524745118290 HTTP/1.1" 200 93
186.103.158.250 - - [26/Apr/2018:09:19:37 -0300] "GET /cormun/servlet/hpexe_return? HTTP/1.1" 200 1016
186.103.158.250 - - [26/Apr/2018:09:19:37 -0300] "GET /cormun/static/Resources/Spanish/PXTools.css?167811 HTTP/1.1" 304 -
186.103.158.250 - - [26/Apr/2018:09:19:37 -0300] "GET /cormun/static/hpexe_return.js?2016101716175153 HTTP/1.1" 304 -
186.103.158.250 - - [26/Apr/2018:09:19:37 -0300] "GET /cormun/servlet/trsolicitudot HTTP/1.1" 200 8772
186.103.158.250 - - [26/Apr/2018:09:19:38 -0300] "GET /cormun/servlet/trsolicitudot HTTP/1.1" 200 8766
186.103.158.250 - - [26/Apr/2018:09:19:41 -0300] "POST /cormun/servlet/trsolicitudot?c85f521e43852d9e6b86f74f0f2e03b7,gx-no-cache=1524745122724 HTTP/1.1" 200 105
186.103.158.250 - - [26/Apr/2018:09:19:41 -0300] "GET /cormun/servlet/solicitudot?UPD,2018,11199, HTTP/1.1" 200 15465
186.103.158.250 - - [26/Apr/2018:09:19:43 -0300] "GET /cormun/servlet/solicitudot?UPD,2018,11199, HTTP/1.1" 200 15475
186.103.158.250 - - [26/Apr/2018:09:19:43 -0300] "POST /cormun/servlet/solicitudot?gx-no-cache=1524745125104 HTTP/1.1" 200 3367
200.73.230.197 - - [26/Apr/2018:09:19:46 -0300] "GET /cormun/servlet/hlogin HTTP/1.1" 200 1715
200.73.230.197 - - [26/Apr/2018:09:19:58 -0300] "POST /cormun/servlet/hlogin?b99ece33116ac63c57e51441317345e3,gx-no-cache=1524745141577 HTTP/1.1" 200 90
200.73.230.197 - - [26/Apr/2018:09:19:58 -0300] "GET /cormun/servlet/hpexe_link HTTP/1.1" 200 947
200.73.230.197 - - [26/Apr/2018:09:19:58 -0300] "GET /cormun/servlet/hhome HTTP/1.1" 200 3921
200.73.230.197 - - [26/Apr/2018:09:20:00 -0300] "GET /cormun/servlet/hhome HTTP/1.1" 200 3918
200.73.230.197 - - [26/Apr/2018:09:20:09 -0300] "GET /cormun/servlet/trlicencias? HTTP/1.1" 200 8760
200.73.230.197 - - [26/Apr/2018:09:20:10 -0300] "GET /cormun/servlet/trlicencias? HTTP/1.1" 200 8758
186.103.159.46 - - [26/Apr/2018:09:20:18 -0300] "GET /cormun/servlet/trautorizarsolicitud? HTTP/1.1" 200 6293
186.103.159.46 - - [26/Apr/2018:09:20:19 -0300] "GET /cormun/static/gxcfg.js?2017111423403364 HTTP/1.1" 304 -
186.103.159.46 - - [26/Apr/2018:09:20:21 -0300] "GET /cormun/servlet/trautorizarsolicitud? HTTP/1.1" 200 6292
186.103.159.46 - - [26/Apr/2018:09:20:22 -0300] "GET /cormun/servlet/hlogin HTTP/1.1" 200 1742
186.103.156.166 - - [26/Apr/2018:09:20:24 -0300] "POST /cormun/servlet/solicitudot?gx-no-cache=1524748771546 HTTP/1.1" 200 3377
186.103.156.166 - - [26/Apr/2018:09:20:25 -0300] "POST /cormun/servlet/solicitudot?0a4fe19f41a78fa13deeaf49aa1b25cc,INS,0,0,,gx-no-cache=1524748771791 HTTP/1.1" 200 10543
186.103.158.250 - - [26/Apr/2018:09:20:35 -0300] "GET /cormun/servlet/hlogin HTTP/1.1" 200 1721
186.103.156.166 - - [26/Apr/2018:09:20:39 -0300] "GET /cormun/servlet/solicitudot?5eec3e11551b0bc4d13c8ecd6dd06b00b46018bd2d546057935e2df81edb8fd67ee66dbfffb6ca3183f84782bd4d2eaf,gx-no-cache=1524748786252 HTTP/1.1" 200 30
