186.67.164.142 - - [26/Apr/2018:10:34:16 -0300] "GET /cormun/servlet/solicitudot?316948ca4a4d57c5b0a97a280e42e5989946d6e95753fefda6e68aa2a7a79a8aeea5d36c3b787e24ca50998bfee5fee0,gx-no-cache=1524749599944 HTTP/1.1" 200 30
186.67.172.234 - - [26/Apr/2018:10:34:20 -0300] "GET /cormun/servlet/permisogoce?314365892a7c8c2a73377c5ed42c1393925119efce910cf2eeda250eca4eaa3b8d3d142b5be62e824734554394e23ba190923bce75f0d530f9b540950d524780,gx-no-cache=1524749542262 HTTP/1.1" 200 79
186.67.172.234 - - [26/Apr/2018:10:34:20 -0300] "GET /cormun/static/menuarrow.gif HTTP/1.1" 404 1015
186.67.164.142 - - [26/Apr/2018:10:34:20 -0300] "GET /cormun/servlet/solicitudot?316948ca4a4d57c5b0a97a280e42e5984b8e606442a2c3343a90ef23a53cf1bb3fe29e284c75d860d114cdb5ac31af9ffe62be6c477b076d8cc2ce2d41659374,gx-no-cache=1524749603835 HTTP/1.1" 200 30
186.67.164.142 - - [26/Apr/2018:10:34:20 -0300] "GET /cormun/servlet/solicitudot?316948ca4a4d57c5b0a97a280e42e598d1350faf830db7c270ed7c44e952a6b1,gx-no-cache=1524749603867 HTTP/1.1" 200 51
186.67.164.142 - - [26/Apr/2018:10:34:20 -0300] "POST /cormun/servlet/solicitudot?gx-no-cache=1524749603902 HTTP/1.1" 200 255
186.67.164.142 - - [26/Apr/2018:10:34:20 -0300] "GET /cormun/servlet/solicitudot?316948ca4a4d57c5b0a97a280e42e598914915aceb59be000107c0c02cef016ed312cd8967e683acc09392264a5a2213ab8220e84d4c82f199bafed85dae12c8987e1620c0b24252f9a97f8149cedbd66e9a178c3c844873d107beee00d8e8be44211766b6b898fa69eb728da6847ada60d5a9b3e03d8903482398216265e1abac0588bfea08a185f58b2215e2e71f7c27219301783bbf1d4002c479c2c70212420f4009697e72a0f7e263ed9340c8a067cf4c4c9a462ad3e87f3f246f77fd3830644fd39c0cfa35e16402ed57e5131c427e3348f4df302e554995674bc640947962154e5d4173db87f7d5b8577d4a7dc60a6ca3156dd15c1afe596c57041ad693d81806fb525173b5840fe6d1b7bb3dc9871cf617cb83cb3ea3dcfd8a9f4079497660389ecebf7cd8a7e8892bec2cc2abf9135f37b73f2e484f4d2c365e3579b7b0ed0dac84726cc649a72c093579ffccedd92aa42accde9e84729e236557cddd0e72e9c7fae8f2744c7ba3d58b3c04e1104f1c58ccfea0c6f1044032e73bbc,gx-no-cache=1524749603951 HTTP/1.1" 200 30
186.67.164.142 - - [26/Apr/2018:10:34:22 -0300] "POST /cormun/servlet/solicitudot?gx-no-cache=1524749606064 HTTP/1.1" 200 30
186.67.164.142 - - [26/Apr/2018:10:34:27 -0300] "GET /cormun/servlet/prsolicitudot?15107983,,,,,MD,,gxPopupLevel%3D0%3B HTTP/1.1" 200 6129
186.67.164.142 - - [26/Apr/2018:10:34:27 -0300] "GET /cormun/static/gxcfg.js?2017111422591492 HTTP/1.1" 200 953
186.67.164.142 - - [26/Apr/2018:10:34:27 -0300] "GET /cormun/static/prsolicitudot.js?2017111422591715 HTTP/1.1" 200 13680
186.67.172.234 - - [26/Apr/2018:10:34:28 -0300] "GET /cormun/servlet/permisogoce?314365892a7c8c2a73377c5ed42c13938b69666b3852732f2abc11de8a52faaf90221d257e48eb7b815e7a34855f432f84c13dcfbc8cd94e494f5042c66c8475,gx-no-cache=1524749550108 HTTP/1.1" 200 47
186.67.172.234 - - [26/Apr/2018:10:34:33 -0300] "POST /cormun/servlet/permisogoce?15171df7d1a3e319a12635b3ae61c03f,INS,0,,,,gx-no-cache=1524749554599 HTTP/1.1" 200 93
186.67.172.234 - - [26/Apr/2018:10:34:33 -0300] "GET /cormun/servlet/hpexe_return? HTTP/1.1" 200 1014
186.67.172.234 - - [26/Apr/2018:10:34:33 -0300] "GET /cormun/servlet/trpermisosgoce HTTP/1.1" 200 14089
186.67.172.234 - - [26/Apr/2018:10:34:33 -0300] "GET /cormun/servlet/trpermisosgoce HTTP/1.1" 200 14100
186.67.172.234 - - [26/Apr/2018:10:34:37 -0300] "GET /cormun/servlet/permisogoce?INS,0,,, HTTP/1.1" 200 7098
186.67.172.234 - - [26/Apr/2018:10:34:37 -0300] "GET /cormun/servlet/permisogoce?INS,0,,, HTTP/1.1" 200 7098
186.67.164.142 - - [26/Apr/2018:10:34:47 -0300] "POST /cormun/servlet/solicitudot?gx-no-cache=1524749630386 HTTP/1.1" 200 1369
186.67.164.142 - - [26/Apr/2018:10:34:47 -0300] "POST /cormun/servlet/solicitudot?gx-no-cache=1524749630472 HTTP/1.1" 200 38
186.67.164.142 - - [26/Apr/2018:10:34:47 -0300] "GET /cormun/servlet/solicitudot?316948ca4a4d57c5b0a97a280e42e598a28be2497a7928504d169b232b07b152bcf3117effd9fdabd96b6d24ac847892efb212dade8398e0d8d48dcc146c885bdfc6303911ed7b97e6e15746c00d939b8dab6dc633c1718dff79d74d2831bb86fa02cc53e428cfee2e367f9d7d023381bb160fe19e082e297352903b65557d80a0174d31abd089ee31f47c0e563176f2b3bc503131e0064d3ebe6a980064737b66fe47369e43423c794bff07a08b5732977ccbd0d0ad31e02adc5908fe5c4c13fc84c9ff29876d44f330097466ecc5a8,gx-no-cache=1524749630513 HTTP/1.1" 200 29
186.67.164.142 - - [26/Apr/2018:10:34:47 -0300] "POST /cormun/servlet/solicitudot?gx-no-cache=1524749630582 HTTP/1.1" 200 1350
186.67.164.142 - - [26/Apr/2018:10:34:47 -0300] "POST /cormun/servlet/solicitudot?gx-no-cache=1524749630676 HTTP/1.1" 200 1249
186.67.164.142 - - [26/Apr/2018:10:34:47 -0300] "GET /cormun/servlet/solicitudot?316948ca4a4d57c5b0a97a280e42e5983fc95939324387185949d553ff26a164affc1efc05a775d7d7f453e6c9c56cd3,gx-no-cache=1524749630730 HTTP/1.1" 200 30
186.67.172.234 - - [26/Apr/2018:10:34:47 -0300] "GET /cormun/servlet/permisogoce?314365892a7c8c2a73377c5ed42c1393a21c1c2fc5135b076cff8dd584ea5b0c8d3d142b5be62e824734554394e23ba190923bce75f0d530f9b540950d524780,gx-no-cache=1524749569245 HTTP/1.1" 200 88
186.67.172.234 - - [26/Apr/2018:10:34:47 -0300] "GET /cormun/static/menuarrow.gif HTTP/1.1" 404 1015
186.67.172.234 - - [26/Apr/2018:10:34:55 -0300] "GET /cormun/servlet/permisogoce?314365892a7c8c2a73377c5ed42c1393460c622ecf6506f202aa42e43a875983954ca51e2319f4c795665b34bf48e77984c13dcfbc8cd94e494f5042c66c8475,gx-no-cache=1524749577284 HTTP/1.1" 200 47
186.67.164.142 - - [26/Apr/2018:10:34:59 -0300] "GET /cormun/servlet/solicitudot?316948ca4a4d57c5b0a97a280e42e598a28be2497a7928504d169b232b07b152bcf3117effd9fdabd96b6d24ac84789239288c78e33a2461cac74b01112dbdfcdfc6303911ed7b97e6e15746c00d939b8dab6dc633c1718dff79d74d2831bb86fa02cc53e428cfee2e367f9d7d023381bb160fe19e082e297352903b65557d80a0174d31abd089ee31f47c0e563176f2b3bc503131e0064d3ebe6a980064737b66fe47369e43423c794bff07a08b5732977ccbd0d0ad31e02adc5908fe5c4c13fc84c9ff29876d44f330097466ecc5a8,gx-no-cache=1524749642367 HTTP/1.1" 200 29
186.67.172.234 - - [26/Apr/2018:10:34:59 -0300] "POST /cormun/servlet/permisogoce?15171df7d1a3e319a12635b3ae61c03f,INS,0,,,,gx-no-cache=1524749581454 HTTP/1.1" 200 93
186.67.172.234 - - [26/Apr/2018:10:34:59 -0300] "GET /cormun/servlet/hpexe_return? HTTP/1.1" 200 1014
186.67.172.234 - - [26/Apr/2018:10:35:00 -0300] "GET /cormun/servlet/trpermisosgoce HTTP/1.1" 200 14319
186.67.172.234 - - [26/Apr/2018:10:35:00 -0300] "GET /cormun/servlet/trpermisosgoce HTTP/1.1" 200 14299
186.67.164.142 - - [26/Apr/2018:10:35:02 -0300] "POST /cormun/servlet/solicitudot?gx-no-cache=1524749645671 HTTP/1.1" 200 1351
186.67.164.142 - - [26/Apr/2018:10:35:02 -0300] "POST /cormun/servlet/solicitudot?gx-no-cache=1524749645749 HTTP/1.1" 200 1249
186.67.164.142 - - [26/Apr/2018:10:35:02 -0300] "POST /cormun/servlet/solicitudot?gx-no-cache=1524749645811 HTTP/1.1" 200 33
186.67.172.234 - - [26/Apr/2018:10:35:04 -0300] "GET /cormun/servlet/trpermisosadjuntos?15993924,20180426103136,P, HTTP/1.1" 200 6549
186.67.172.234 - - [26/Apr/2018:10:35:04 -0300] "GET /cormun/static/gxcfg.js?201762817193957 HTTP/1.1" 304 -
186.67.172.234 - - [26/Apr/2018:10:35:04 -0300] "GET /cormun/servlet/trpermisosadjuntos?15993924,20180426103136,P, HTTP/1.1" 200 6547
186.67.172.234 - - [26/Apr/2018:10:35:06 -0300] "GET /cormun/servlet/permisosadjuntos?INS,15993924,P,20180426103136,, HTTP/1.1" 200 5880
186.67.172.234 - - [26/Apr/2018:10:35:06 -0300] "GET /cormun/static/gxcfg.js?201762717441171 HTTP/1.1" 304 -
186.67.172.234 - - [26/Apr/2018:10:35:06 -0300] "GET /cormun/static/about:blank HTTP/1.1" 404 1011
186.67.172.234 - - [26/Apr/2018:10:35:06 -0300] "GET /cormun/servlet/permisosadjuntos?INS,15993924,P,20180426103136,, HTTP/1.1" 200 5870
186.67.164.142 - - [26/Apr/2018:10:35:13 -0300] "POST /cormun/servlet/solicitudot?f25e03996492ebdb619d45200917cdb0,INS,0,0,,gx-no-cache=1524749656863 HTTP/1.1" 200 93
186.67.164.142 - - [26/Apr/2018:10:35:13 -0300] "GET /cormun/servlet/hpexe_return? HTTP/1.1" 200 1010
186.67.164.142 - - [26/Apr/2018:10:35:14 -0300] "GET /cormun/servlet/hhome HTTP/1.1" 200 3984
186.67.164.142 - - [26/Apr/2018:10:35:14 -0300] "GET /cormun/servlet/hhome HTTP/1.1" 200 3979
186.67.172.234 - - [26/Apr/2018:10:35:14 -0300] "POST /cormun/servlet/permisosadjuntos?15171df7d1a3e319a12635b3ae61c03f,INS,15993924,P,20180426103136,, HTTP/1.1" 200 116
186.67.172.234 - - [26/Apr/2018:10:35:14 -0300] "GET /cormun/servlet/hpexe_return? HTTP/1.1" 200 1042
186.67.172.234 - - [26/Apr/2018:10:35:14 -0300] "GET /cormun/servlet/trpermisosadjuntos?15993924,20180426103136,P, HTTP/1.1" 200 7045
186.67.172.234 - - [26/Apr/2018:10:35:15 -0300] "GET /cormun/servlet/trpermisosadjuntos?15993924,20180426103136,P, HTTP/1.1" 200 7041
186.67.172.234 - - [26/Apr/2018:10:35:17 -0300] "POST /cormun/servlet/trpermisosadjuntos?15171df7d1a3e319a12635b3ae61c03f,15993924,20180426103136,P,,gx-no-cache=1524749599328 HTTP/1.1" 200 90
186.67.172.234 - - [26/Apr/2018:10:35:17 -0300] "GET /cormun/servlet/hpexe_link HTTP/1.1" 200 987
186.67.172.234 - - [26/Apr/2018:10:35:17 -0300] "GET /cormun/servlet/trpermisosgoce HTTP/1.1" 200 14324
186.67.172.234 - - [26/Apr/2018:10:35:18 -0300] "GET /cormun/servlet/trpermisosgoce HTTP/1.1" 200 14313
186.67.164.142 - - [26/Apr/2018:10:35:18 -0300] "GET /cormun/servlet/trsolicitudot? HTTP/1.1" 200 9063
186.67.164.142 - - [26/Apr/2018:10:35:19 -0300] "GET /cormun/servlet/trsolicitudot? HTTP/1.1" 200 9061
186.67.172.234 - - [26/Apr/2018:10:35:22 -0300] "GET /cormun/servlet/trpermisosadjuntos?16495519,20180426103109,P, HTTP/1.1" 200 6541
186.67.172.234 - - [26/Apr/2018:10:35:22 -0300] "GET /cormun/servlet/trpermisosadjuntos?16495519,20180426103109,P, HTTP/1.1" 200 6540
186.67.172.234 - - [26/Apr/2018:10:35:24 -0300] "GET /cormun/servlet/permisosadjuntos?INS,16495519,P,20180426103109,, HTTP/1.1" 200 5871
186.67.172.234 - - [26/Apr/2018:10:35:24 -0300] "GET /cormun/static/about:blank HTTP/1.1" 404 1011
186.67.172.234 - - [26/Apr/2018:10:35:24 -0300] "GET /cormun/servlet/permisosadjuntos?INS,16495519,P,20180426103109,, HTTP/1.1" 200 5861
186.67.172.234 - - [26/Apr/2018:10:35:31 -0300] "POST /cormun/servlet/permisosadjuntos?15171df7d1a3e319a12635b3ae61c03f,INS,16495519,P,20180426103109,, HTTP/1.1" 200 116
186.67.172.234 - - [26/Apr/2018:10:35:31 -0300] "GET /cormun/servlet/hpexe_return? HTTP/1.1" 200 1042
186.67.172.234 - - [26/Apr/2018:10:35:31 -0300] "GET /cormun/servlet/trpermisosadjuntos?16495519,20180426103109,P, HTTP/1.1" 200 7034
186.67.172.234 - - [26/Apr/2018:10:35:31 -0300] "GET /cormun/servlet/trpermisosadjuntos?16495519,20180426103109,P, HTTP/1.1" 200 7029
186.67.172.234 - - [26/Apr/2018:10:35:33 -0300] "POST /cormun/servlet/trpermisosadjuntos?15171df7d1a3e319a12635b3ae61c03f,16495519,20180426103109,P,,gx-no-cache=1524749615583 HTTP/1.1" 200 90
186.67.172.234 - - [26/Apr/2018:10:35:33 -0300] "GET /cormun/servlet/hpexe_link HTTP/1.1" 200 988
186.67.172.234 - - [26/Apr/2018:10:35:33 -0300] "GET /cormun/servlet/trpermisosgoce HTTP/1.1" 200 14327
186.67.172.234 - - [26/Apr/2018:10:35:34 -0300] "GET /cormun/servlet/trpermisosgoce HTTP/1.1" 200 14279
186.67.164.142 - - [26/Apr/2018:10:35:45 -0300] "GET /cormun/servlet/solicitudot?INS,0,0, HTTP/1.1" 200 13432
186.67.164.142 - - [26/Apr/2018:10:35:46 -0300] "GET /cormun/servlet/solicitudot?INS,0,0, HTTP/1.1" 200 13437
186.67.172.234 - - [26/Apr/2018:10:35:47 -0300] "GET /cormun/servlet/trpermisosadjuntos?13776962,20180426103035,P, HTTP/1.1" 200 6535
186.67.172.234 - - [26/Apr/2018:10:35:47 -0300] "GET /cormun/servlet/trpermisosadjuntos?13776962,20180426103035,P, HTTP/1.1" 200 6533
186.67.172.234 - - [26/Apr/2018:10:35:49 -0300] "GET /cormun/servlet/permisosadjuntos?INS,13776962,P,20180426103035,, HTTP/1.1" 200 5866
186.67.172.234 - - [26/Apr/2018:10:35:49 -0300] "GET /cormun/static/about:blank HTTP/1.1" 404 1011
186.67.172.234 - - [26/Apr/2018:10:35:49 -0300] "GET /cormun/servlet/permisosadjuntos?INS,13776962,P,20180426103035,, HTTP/1.1" 200 5856
186.67.164.142 - - [26/Apr/2018:10:35:51 -0300] "POST /cormun/servlet/solicitudot?gx-no-cache=1524749694536 HTTP/1.1" 200 3398
186.67.164.142 - - [26/Apr/2018:10:35:51 -0300] "POST /cormun/servlet/solicitudot?f25e03996492ebdb619d45200917cdb0,INS,0,0,,gx-no-cache=1524749694712 HTTP/1.1" 200 10375
186.67.164.142 - - [26/Apr/2018:10:35:51 -0300] "GET /cormun/servlet/solicitudot?316948ca4a4d57c5b0a97a280e42e5989946d6e95753fefda6e68aa2a7a79a8aeea5d36c3b787e24ca50998bfee5fee0,gx-no-cache=1524749695204 HTTP/1.1" 200 30
186.67.172.234 - - [26/Apr/2018:10:35:56 -0300] "POST /cormun/servlet/permisosadjuntos?15171df7d1a3e319a12635b3ae61c03f,INS,13776962,P,20180426103035,, HTTP/1.1" 200 116
186.67.172.234 - - [26/Apr/2018:10:35:56 -0300] "GET /cormun/servlet/hpexe_return? HTTP/1.1" 200 1043
186.67.164.142 - - [26/Apr/2018:10:35:56 -0300] "GET /cormun/servlet/solicitudot?316948ca4a4d57c5b0a97a280e42e5984b8e606442a2c3343a90ef23a53cf1bb3fe29e284c75d860d114cdb5ac31af9ffe62be6c477b076d8cc2ce2d41659374,gx-no-cache=1524749699878 HTTP/1.1" 200 30
186.67.164.142 - - [26/Apr/2018:10:35:56 -0300] "GET /cormun/servlet/solicitudot?316948ca4a4d57c5b0a97a280e42e598d1350faf830db7c270ed7c44e952a6b1,gx-no-cache=1524749699934 HTTP/1.1" 200 51
186.67.164.142 - - [26/Apr/2018:10:35:56 -0300] "POST /cormun/servlet/solicitudot?gx-no-cache=1524749699973 HTTP/1.1" 200 255
186.67.172.234 - - [26/Apr/2018:10:35:56 -0300] "GET /cormun/servlet/trpermisosadjuntos?13776962,20180426103035,P, HTTP/1.1" 200 7025
186.67.164.142 - - [26/Apr/2018:10:35:56 -0300] "GET /cormun/servlet/solicitudot?316948ca4a4d57c5b0a97a280e42e598914915aceb59be000107c0c02cef016ed312cd8967e683acc09392264a5a2213ab8220e84d4c82f199bafed85dae12c8987e1620c0b24252f9a97f8149cedbd66e9a178c3c844873d107beee00d8e8be44211766b6b898fa69eb728da6847ada60d5a9b3e03d8903482398216265e1abac0588bfea08a185f58b2215e2e71f7c27219301783bbf1d4002c479c2c70212420f4009697e72a0f7e263ed9340c8a067cf4c4c9a462ad3e87f3f246f77fd3830644fd39c0cfa35e16402ed57e5131c427e3348f4df302e554995674bc640947962154e5d4173db87f7d5b8577d4a7dc60a6ca3156dd15c1afe596c57041ad693d81806fb525173b5840fe6d1b7bb3dc9871cf617cb83cb3ea3dcfd8a9f4079497660389ecebf7cd8a7e8892bec2cc2abf9135f37b73f2e484f4d2c365e3579b7b0ed0dac84726cc649a72c093579ffccedd92aa42accde9e84729e236557cddd0e72e9c7fae8f2744c7ba3d58b3c04e1104f1c58ccfea0c6f1044032e73bbc,gx-no-cache=1524749700031 HTTP/1.1" 200 30
186.67.172.234 - - [26/Apr/2018:10:35:57 -0300] "GET /cormun/servlet/trpermisosadjuntos?13776962,20180426103035,P, HTTP/1.1" 200 7021
186.67.172.234 - - [26/Apr/2018:10:35:58 -0300] "POST /cormun/servlet/trpermisosadjuntos?15171df7d1a3e319a12635b3ae61c03f,13776962,20180426103035,P,,gx-no-cache=1524749640872 HTTP/1.1" 200 90
186.67.172.234 - - [26/Apr/2018:10:35:59 -0300] "GET /cormun/servlet/hpexe_link HTTP/1.1" 200 988
186.67.164.142 - - [26/Apr/2018:10:35:59 -0300] "POST /cormun/servlet/solicitudot?gx-no-cache=1524749702381 HTTP/1.1" 200 30
186.67.172.234 - - [26/Apr/2018:10:35:59 -0300] "GET /cormun/servlet/trpermisosgoce HTTP/1.1" 200 14298
186.67.172.234 - - [26/Apr/2018:10:35:59 -0300] "GET /cormun/servlet/trpermisosgoce HTTP/1.1" 200 14306
186.67.164.142 - - [26/Apr/2018:10:36:02 -0300] "POST /cormun/servlet/solicitudot?gx-no-cache=1524749705990 HTTP/1.1" 200 30
186.67.172.234 - - [26/Apr/2018:10:36:03 -0300] "POST /cormun/servlet/trpermisosgoce?15171df7d1a3e319a12635b3ae61c03f,gx-no-cache=1524749645027 HTTP/1.1" 200 11480
186.67.172.234 - - [26/Apr/2018:10:36:03 -0300] "GET /cormun/static/Shared/jqueryui/images/ui-bg_highlight-soft_100_c6c2c8_1x100.png HTTP/1.1" 404 1117
186.67.172.234 - - [26/Apr/2018:10:36:03 -0300] "GET /cormun/static/Shared/jqueryui/images/ui-icons_82798d_256x240.png HTTP/1.1" 404 1089
186.67.172.234 - - [26/Apr/2018:10:36:03 -0300] "GET /cormun/static/Shared/jqueryui/images/ui-icons_8d78a5_256x240.png HTTP/1.1" 404 1089
186.67.172.234 - - [26/Apr/2018:10:36:03 -0300] "GET /cormun/static/Shared/jqueryui/images/ui-bg_flat_55_fafafa_40x100.png HTTP/1.1" 404 1097
186.67.164.142 - - [26/Apr/2018:10:36:04 -0300] "GET /cormun/servlet/prsolicitudot?15107983,,,,,MD,,gxPopupLevel%3D0%3B HTTP/1.1" 200 6165
186.67.172.234 - - [26/Apr/2018:10:36:05 -0300] "POST /cormun/servlet/trpermisosgoce?15171df7d1a3e319a12635b3ae61c03f,gx-no-cache=1524749647554 HTTP/1.1" 200 11458
200.54.247.70 - - [26/Apr/2018:10:36:07 -0300] "GET /cormun/servlet/trlicenciaspermisosadjuntos?14013183,20180426000000,L, HTTP/1.1" 200 6576
200.54.247.70 - - [26/Apr/2018:10:36:07 -0300] "GET /cormun/servlet/trlicenciaspermisosadjuntos?14013183,20180426000000,L, HTTP/1.1" 200 6576
186.67.172.234 - - [26/Apr/2018:10:36:08 -0300] "POST /cormun/servlet/trpermisosgoce?15171df7d1a3e319a12635b3ae61c03f,gx-no-cache=1524749650078 HTTP/1.1" 200 11433
200.54.247.70 - - [26/Apr/2018:10:36:09 -0300] "GET /cormun/servlet/licenciaspermisosadjuntos?INS,14013183,L,20180426000000,, HTTP/1.1" 200 5877
200.54.247.70 - - [26/Apr/2018:10:36:09 -0300] "GET /cormun/static/about:blank HTTP/1.1" 404 1011
200.54.247.70 - - [26/Apr/2018:10:36:10 -0300] "GET /cormun/servlet/licenciaspermisosadjuntos?INS,14013183,L,20180426000000,, HTTP/1.1" 200 5866
186.67.164.142 - - [26/Apr/2018:10:36:12 -0300] "POST /cormun/servlet/solicitudot?gx-no-cache=1524749715942 HTTP/1.1" 200 1369
186.67.164.142 - - [26/Apr/2018:10:36:12 -0300] "POST /cormun/servlet/solicitudot?gx-no-cache=1524749716007 HTTP/1.1" 200 38
186.67.164.142 - - [26/Apr/2018:10:36:12 -0300] "GET /cormun/servlet/solicitudot?316948ca4a4d57c5b0a97a280e42e598a28be2497a7928504d169b232b07b152bcf3117effd9fdabd96b6d24ac847892efb212dade8398e0d8d48dcc146c885bdfc6303911ed7b97e6e15746c00d939b8dab6dc633c1718dff79d74d2831bb86fa02cc53e428cfee2e367f9d7d023381bb160fe19e082e297352903b65557d80a0174d31abd089ee31f47c0e563176f2b3bc503131e0064d3ebe6a980064737b66fe47369e43423c794bff07a08b5732977ccbd0d0ad31e02adc5908fe5c4c13fc84c9ff29876d44f330097466ecc5a8,gx-no-cache=1524749716042 HTTP/1.1" 200 29
186.67.164.142 - - [26/Apr/2018:10:36:12 -0300] "POST /cormun/servlet/solicitudot?gx-no-cache=1524749716071 HTTP/1.1" 200 1350
186.67.164.142 - - [26/Apr/2018:10:36:12 -0300] "POST /cormun/servlet/solicitudot?gx-no-cache=1524749716140 HTTP/1.1" 200 1249
186.67.164.142 - - [26/Apr/2018:10:36:12 -0300] "GET /cormun/servlet/solicitudot?316948ca4a4d57c5b0a97a280e42e5983fc95939324387185949d553ff26a164affc1efc05a775d7d7f453e6c9c56cd3,gx-no-cache=1524749716189 HTTP/1.1" 200 30
186.67.172.234 - - [26/Apr/2018:10:36:15 -0300] "GET /cormun/servlet/trautorizarpermisogoce? HTTP/1.1" 200 8389
186.67.172.234 - - [26/Apr/2018:10:36:15 -0300] "GET /cormun/static/gxcfg.js?20177612165975 HTTP/1.1" 200 953
186.67.172.234 - - [26/Apr/2018:10:36:15 -0300] "GET /cormun/servlet/trautorizarpermisogoce? HTTP/1.1" 200 8388
186.67.172.234 - - [26/Apr/2018:10:36:19 -0300] "POST /cormun/servlet/trautorizarpermisogoce?15171df7d1a3e319a12635b3ae61c03f,,gx-no-cache=1524749661031 HTTP/1.1" 200 5369
186.67.172.234 - - [26/Apr/2018:10:36:19 -0300] "GET /cormun/static/Shared/jqueryui/images/ui-bg_highlight-soft_100_c6c2c8_1x100.png HTTP/1.1" 404 1117
186.67.172.234 - - [26/Apr/2018:10:36:19 -0300] "GET /cormun/static/Shared/jqueryui/images/ui-icons_82798d_256x240.png HTTP/1.1" 404 1089
186.67.172.234 - - [26/Apr/2018:10:36:19 -0300] "GET /cormun/static/Shared/jqueryui/images/ui-icons_8d78a5_256x240.png HTTP/1.1" 404 1089
186.67.172.234 - - [26/Apr/2018:10:36:19 -0300] "GET /cormun/static/Shared/jqueryui/images/ui-bg_flat_55_fafafa_40x100.png HTTP/1.1" 404 1097
186.67.172.234 - - [26/Apr/2018:10:36:20 -0300] "POST /cormun/servlet/trautorizarpermisogoce?15171df7d1a3e319a12635b3ae61c03f,,gx-no-cache=1524749662317 HTTP/1.1" 200 5124
186.67.164.142 - - [26/Apr/2018:10:36:21 -0300] "GET /cormun/servlet/solicitudot?316948ca4a4d57c5b0a97a280e42e598a28be2497a7928504d169b232b07b152bcf3117effd9fdabd96b6d24ac84789239288c78e33a2461cac74b01112dbdfcdfc6303911ed7b97e6e15746c00d939b8dab6dc633c1718dff79d74d2831bb86fa02cc53e428cfee2e367f9d7d023381bb160fe19e082e297352903b65557d80a0174d31abd089ee31f47c0e563176f2b3bc503131e0064d3ebe6a980064737b66fe47369e43423c794bff07a08b5732977ccbd0d0ad31e02adc5908fe5c4c13fc84c9ff29876d44f330097466ecc5a8,gx-no-cache=1524749724797 HTTP/1.1" 200 29
186.67.172.234 - - [26/Apr/2018:10:36:21 -0300] "POST /cormun/servlet/trautorizarpermisogoce?15171df7d1a3e319a12635b3ae61c03f,,gx-no-cache=1524749663436 HTTP/1.1" 200 4365
186.67.164.142 - - [26/Apr/2018:10:36:24 -0300] "POST /cormun/servlet/solicitudot?gx-no-cache=1524749727016 HTTP/1.1" 200 1349
186.67.164.142 - - [26/Apr/2018:10:36:24 -0300] "POST /cormun/servlet/solicitudot?gx-no-cache=1524749727482 HTTP/1.1" 200 1249
186.67.164.142 - - [26/Apr/2018:10:36:24 -0300] "POST /cormun/servlet/solicitudot?gx-no-cache=1524749727569 HTTP/1.1" 200 33
186.67.164.142 - - [26/Apr/2018:10:36:43 -0300] "POST /cormun/servlet/solicitudot?f25e03996492ebdb619d45200917cdb0,INS,0,0,,gx-no-cache=1524749746469 HTTP/1.1" 200 93
186.67.164.142 - - [26/Apr/2018:10:36:43 -0300] "GET /cormun/servlet/hpexe_return? HTTP/1.1" 200 1010
186.67.164.142 - - [26/Apr/2018:10:36:43 -0300] "GET /cormun/servlet/trsolicitudot HTTP/1.1" 200 9313
186.67.164.142 - - [26/Apr/2018:10:36:44 -0300] "GET /cormun/servlet/trsolicitudot HTTP/1.1" 200 9309
200.54.247.70 - - [26/Apr/2018:10:37:17 -0300] "POST /cormun/servlet/licenciaspermisosadjuntos?62250c657a057fc0b07166a137ba21e8,INS,14013183,L,20180426000000,,,gx-no-cache=1524749782596 HTTP/1.1" 200 93
200.54.247.70 - - [26/Apr/2018:10:37:17 -0300] "GET /cormun/servlet/hpexe_return? HTTP/1.1" 200 1040
200.54.247.70 - - [26/Apr/2018:10:37:17 -0300] "GET /cormun/servlet/trlicenciaspermisosadjuntos?14013183,20180426000000,L, HTTP/1.1" 200 6943
200.54.247.70 - - [26/Apr/2018:10:37:18 -0300] "GET /cormun/servlet/trlicenciaspermisosadjuntos?14013183,20180426000000,L, HTTP/1.1" 200 6940
186.67.164.142 - - [26/Apr/2018:10:37:19 -0300] "POST /cormun/servlet/trsolicitudot?f25e03996492ebdb619d45200917cdb0,gx-no-cache=1524749782791 HTTP/1.1" 200 6197
186.67.164.142 - - [26/Apr/2018:10:37:19 -0300] "GET /cormun/static/Shared/jqueryui/images/ui-bg_highlight-soft_100_c6c2c8_1x100.png HTTP/1.1" 404 1117
186.67.164.142 - - [26/Apr/2018:10:37:19 -0300] "GET /cormun/static/Shared/jqueryui/images/ui-icons_82798d_256x240.png HTTP/1.1" 404 1089
186.67.164.142 - - [26/Apr/2018:10:37:19 -0300] "GET /cormun/static/Shared/jqueryui/images/ui-bg_flat_55_fafafa_40x100.png HTTP/1.1" 404 1097
186.67.164.142 - - [26/Apr/2018:10:37:19 -0300] "GET /cormun/static/Shared/jqueryui/images/ui-icons_8d78a5_256x240.png HTTP/1.1" 404 1089
186.67.164.142 - - [26/Apr/2018:10:37:19 -0300] "POST /cormun/servlet/trsolicitudot?f25e03996492ebdb619d45200917cdb0,gx-no-cache=1524749783060 HTTP/1.1" 200 6140
200.54.247.70 - - [26/Apr/2018:10:37:20 -0300] "GET /cormun/servlet/licenciaspermisosadjuntos?DLT,14013183,L,20180426000000,20180426103308, HTTP/1.1" 200 5827
186.67.164.142 - - [26/Apr/2018:10:37:21 -0300] "POST /cormun/servlet/trsolicitudot?f25e03996492ebdb619d45200917cdb0,gx-no-cache=1524749784300 HTTP/1.1" 200 5736
186.67.164.142 - - [26/Apr/2018:10:37:21 -0300] "POST /cormun/servlet/trsolicitudot?f25e03996492ebdb619d45200917cdb0,gx-no-cache=1524749784603 HTTP/1.1" 200 5679
200.54.247.70 - - [26/Apr/2018:10:37:21 -0300] "GET /cormun/static/about:blank HTTP/1.1" 404 1011
200.54.247.70 - - [26/Apr/2018:10:37:21 -0300] "GET /cormun/static/Shared/jqueryui/images/ui-bg_highlight-soft_100_c6c2c8_1x100.png HTTP/1.1" 404 1117
200.54.247.70 - - [26/Apr/2018:10:37:21 -0300] "GET /cormun/static/Shared/jqueryui/images/ui-bg_flat_55_fafafa_40x100.png HTTP/1.1" 404 1097
200.54.247.70 - - [26/Apr/2018:10:37:21 -0300] "GET /cormun/static/Shared/jqueryui/images/ui-icons_82798d_256x240.png HTTP/1.1" 404 1089
200.54.247.70 - - [26/Apr/2018:10:37:21 -0300] "GET /cormun/static/Shared/jqueryui/images/ui-icons_8d78a5_256x240.png HTTP/1.1" 404 1089
200.54.247.70 - - [26/Apr/2018:10:37:21 -0300] "GET /cormun/servlet/licenciaspermisosadjuntos?DLT,14013183,L,20180426000000,20180426103308, HTTP/1.1" 200 5816
186.67.164.142 - - [26/Apr/2018:10:37:24 -0300] "GET /cormun/servlet/solicitudot?INS,0,0, HTTP/1.1" 200 13432
186.67.164.142 - - [26/Apr/2018:10:37:24 -0300] "GET /cormun/servlet/solicitudot?INS,0,0, HTTP/1.1" 200 13437
186.67.164.142 - - [26/Apr/2018:10:37:32 -0300] "POST /cormun/servlet/solicitudot?gx-no-cache=1524749795265 HTTP/1.1" 200 3383
186.67.164.142 - - [26/Apr/2018:10:37:32 -0300] "POST /cormun/servlet/solicitudot?f25e03996492ebdb619d45200917cdb0,INS,0,0,,gx-no-cache=1524749795469 HTTP/1.1" 200 10369
186.67.164.142 - - [26/Apr/2018:10:37:32 -0300] "GET /cormun/servlet/solicitudot?316948ca4a4d57c5b0a97a280e42e5982699ea50816b6142fb627a36e417449deea5d36c3b787e24ca50998bfee5fee0,gx-no-cache=1524749796011 HTTP/1.1" 200 30
186.67.164.142 - - [26/Apr/2018:10:37:40 -0300] "GET /cormun/servlet/solicitudot?316948ca4a4d57c5b0a97a280e42e598e43ce9dc1467c202e6ed7d05937bf3785955d89ec0e19b7c8c3665a4879484933ae01cae89840198eab5dbbf540ee85f,gx-no-cache=1524749803827 HTTP/1.1" 200 30
186.67.164.142 - - [26/Apr/2018:10:37:40 -0300] "GET /cormun/servlet/solicitudot?316948ca4a4d57c5b0a97a280e42e598e8e6ed0b6a6d8fc23e21187e282307de,gx-no-cache=1524749803870 HTTP/1.1" 200 123
186.67.164.142 - - [26/Apr/2018:10:37:40 -0300] "GET /cormun/static/Shared/jqueryui/images/ui-bg_highlight-soft_100_c6c2c8_1x100.png HTTP/1.1" 404 1117
186.67.164.142 - - [26/Apr/2018:10:37:40 -0300] "GET /cormun/static/Shared/jqueryui/images/ui-icons_82798d_256x240.png HTTP/1.1" 404 1089
186.67.164.142 - - [26/Apr/2018:10:37:40 -0300] "GET /cormun/static/Shared/jqueryui/images/ui-bg_flat_55_994d53_40x100.png HTTP/1.1" 404 1097
186.67.164.142 - - [26/Apr/2018:10:37:40 -0300] "GET /cormun/static/Shared/jqueryui/images/ui-icons_ebccce_256x240.png HTTP/1.1" 404 1089
186.67.164.142 - - [26/Apr/2018:10:37:40 -0300] "POST /cormun/servlet/solicitudot?gx-no-cache=1524749803929 HTTP/1.1" 200 255
186.67.164.142 - - [26/Apr/2018:10:37:40 -0300] "GET /cormun/servlet/solicitudot?316948ca4a4d57c5b0a97a280e42e598914915aceb59be000107c0c02cef016ed312cd8967e683acc09392264a5a2213ab8220e84d4c82f199bafed85dae12c8987e1620c0b24252f9a97f8149cedbd66e9a178c3c844873d107beee00d8e8be44211766b6b898fa69eb728da6847ada60d5a9b3e03d8903482398216265e1abac0588bfea08a185f58b2215e2e71f7c27219301783bbf1d4002c479c2c70212420f4009697e72a0f7e263ed9340c8a067cf4c4c9a462ad3e87f3f246f77fd3830644fd39c0cfa35e16402ed57e5131c427e3348f4df302e554995674bc640947962154e5d4173db87f7d5b8577d4a7dc60a6ca3156dd15c1afe596c57041ad693d81806fb525173b5840fe6d1b7bb3dc9871cf617cb83cb3ea3dcfd8a9f4079497660389ecebf7cd8a7e8892bec2cc2abf9135f37b73f2e484f4d2c365e3579b7b0ed0dac84726cc649a72c093579ffccedd92aa42accde9e84729e236557cddd0e72e9c7fae8f2744c7ba3d58b3c04e1104f1c58ccfea0c6f1044032e73bbc,gx-no-cache=1524749803980 HTTP/1.1" 200 30
186.67.164.142 - - [26/Apr/2018:10:37:43 -0300] "POST /cormun/servlet/solicitudot?gx-no-cache=1524749807168 HTTP/1.1" 200 30
186.67.164.142 - - [26/Apr/2018:10:37:49 -0300] "GET /cormun/servlet/prbanco?,MD,,gxPopupLevel%3D0%3B HTTP/1.1" 200 6616
186.67.164.142 - - [26/Apr/2018:10:37:56 -0300] "GET /cormun/servlet/solicitudot?316948ca4a4d57c5b0a97a280e42e598d1350faf830db7c270ed7c44e952a6b1,gx-no-cache=1524749819457 HTTP/1.1" 200 51
186.67.164.142 - - [26/Apr/2018:10:38:02 -0300] "POST /cormun/servlet/solicitudot?gx-no-cache=1524749826194 HTTP/1.1" 200 256
186.67.164.142 - - [26/Apr/2018:10:38:03 -0300] "GET /cormun/servlet/solicitudot?316948ca4a4d57c5b0a97a280e42e598914915aceb59be000107c0c02cef016ed312cd8967e683acc09392264a5a2213ab8220e84d4c82f199bafed85dae12c8987e1620c0b24252f9a97f8149cedbd66e9a178c3c844873d107beee00d8e8be44211766b6b898fa69eb728da6847ada60d5a9b3e03d8903482398216265e1abac0588bfea08a185f58b2215e2e71f7c27219301783bbf1d4002c479c2c70212420f4009697e72a0f7e263ed9340c8a067cf4c4c9a462ad3e87f3f246f77fd3830644fd39c0cfa35e16402ed57e5131c427e3348f4df302e554995674bc640947962154e5d4173db87f7d5b8577d4a7dc60a6ca3156dd15c1afe596c57041ad693d81806fb525173b5840fe6d1b7bb3dc9871cf617cb83cb3ea3dcfd8a9f4079497660389ecebf7cd8a7e8892bec2cc2abf9135f37b73f2e484f4d2c365e3579b7b0ed0dac84726cc649a72c093579ffccedd92aa42accde9e84729e236557cddd0e72e9c7fae8f2744c7ba3d58b3c04367c3b0c923a9d811bdbc07a3f45da71,gx-no-cache=1524749826261 HTTP/1.1" 200 30
186.67.164.142 - - [26/Apr/2018:10:38:07 -0300] "GET /cormun/servlet/prsolicitudot?15920908,,,,,MD,,gxPopupLevel%3D0%3B HTTP/1.1" 200 6275
186.67.164.142 - - [26/Apr/2018:10:38:10 -0300] "POST /cormun/servlet/solicitudot?gx-no-cache=1524749834018 HTTP/1.1" 200 30
186.67.164.142 - - [26/Apr/2018:10:38:10 -0300] "POST /cormun/servlet/solicitudot?gx-no-cache=1524749834059 HTTP/1.1" 200 1369
186.67.164.142 - - [26/Apr/2018:10:38:10 -0300] "POST /cormun/servlet/solicitudot?gx-no-cache=1524749834141 HTTP/1.1" 200 38
186.67.164.142 - - [26/Apr/2018:10:38:10 -0300] "GET /cormun/servlet/solicitudot?316948ca4a4d57c5b0a97a280e42e598a28be2497a7928504d169b232b07b152bcf3117effd9fdabd96b6d24ac847892efb212dade8398e0d8d48dcc146c885bdfc6303911ed7b97e6e15746c00d939b8dab6dc633c1718dff79d74d2831bb86fa02cc53e428cfee2e367f9d7d023381bb160fe19e082e297352903b65557d80a0174d31abd089ee31f47c0e563176f2b3bc503131e0064d3ebe6a980064737b66fe47369e43423c794bff07a08b5732977ccbd0d0ad31e02adc5908fe5c4c13fc84c9ff29876d44f330097466ecc5a8,gx-no-cache=1524749834190 HTTP/1.1" 200 29
186.67.164.142 - - [26/Apr/2018:10:38:11 -0300] "POST /cormun/servlet/solicitudot?gx-no-cache=1524749834244 HTTP/1.1" 200 1351
186.67.164.142 - - [26/Apr/2018:10:38:11 -0300] "POST /cormun/servlet/solicitudot?gx-no-cache=1524749834317 HTTP/1.1" 200 1248
186.67.164.142 - - [26/Apr/2018:10:38:11 -0300] "GET /cormun/servlet/solicitudot?316948ca4a4d57c5b0a97a280e42e598c1ba5d60260c0cde2cce2c839469b23f144ca607ba1d215bc391847b6c79e55f,gx-no-cache=1524749834390 HTTP/1.1" 200 30
200.54.247.70 - - [26/Apr/2018:10:38:25 -0300] "POST /cormun/servlet/licenciaspermisosadjuntos?62250c657a057fc0b07166a137ba21e8,DLT,14013183,L,20180426000000,20180426103308,,gx-no-cache=1524749850815 HTTP/1.1" 200 93
200.54.247.70 - - [26/Apr/2018:10:38:25 -0300] "GET /cormun/servlet/hpexe_return? HTTP/1.1" 200 1048
200.54.247.70 - - [26/Apr/2018:10:38:25 -0300] "GET /cormun/servlet/trlicenciaspermisosadjuntos?14013183,20180426000000,L, HTTP/1.1" 200 6579
200.54.247.70 - - [26/Apr/2018:10:38:26 -0300] "GET /cormun/servlet/trlicenciaspermisosadjuntos?14013183,20180426000000,L, HTTP/1.1" 200 6576
200.54.247.70 - - [26/Apr/2018:10:38:28 -0300] "GET /cormun/servlet/licenciaspermisosadjuntos?INS,14013183,L,20180426000000,, HTTP/1.1" 200 5876
200.54.247.70 - - [26/Apr/2018:10:38:28 -0300] "GET /cormun/static/about:blank HTTP/1.1" 404 1011
200.54.247.70 - - [26/Apr/2018:10:38:29 -0300] "GET /cormun/servlet/licenciaspermisosadjuntos?INS,14013183,L,20180426000000,, HTTP/1.1" 200 5865
200.54.247.70 - - [26/Apr/2018:10:38:48 -0300] "POST /cormun/servlet/licenciaspermisosadjuntos?62250c657a057fc0b07166a137ba21e8,INS,14013183,L,20180426000000,, HTTP/1.1" 200 116
200.54.247.70 - - [26/Apr/2018:10:38:48 -0300] "GET /cormun/servlet/hpexe_return? HTTP/1.1" 200 1040
200.54.247.70 - - [26/Apr/2018:10:38:48 -0300] "GET /cormun/servlet/trlicenciaspermisosadjuntos?14013183,20180426000000,L, HTTP/1.1" 200 7076
200.54.247.70 - - [26/Apr/2018:10:38:49 -0300] "GET /cormun/servlet/trlicenciaspermisosadjuntos?14013183,20180426000000,L, HTTP/1.1" 200 7080
190.100.93.40 - - [26/Apr/2018:10:39:00 -0300] "GET /cormun/servlet/hlogin HTTP/1.1" 200 1727
200.54.247.70 - - [26/Apr/2018:10:39:00 -0300] "GET /cormun/PublicTempStorage/sandrra_reyes6105925.pdf HTTP/1.1" 200 186065
200.54.247.70 - - [26/Apr/2018:10:39:39 -0300] "GET /cormun/servlet/trlicenciaspermisosadjuntos?14013183,20180426000000,L, HTTP/1.1" 200 7077
200.54.247.70 - - [26/Apr/2018:10:39:39 -0300] "GET /cormun/servlet/trlicenciaspermisosadjuntos?14013183,20180426000000,L, HTTP/1.1" 200 7080
200.54.247.70 - - [26/Apr/2018:10:39:41 -0300] "GET /cormun/servlet/licenciaspermisosadjuntos?DLT,14013183,L,20180426000000,20180426103528, HTTP/1.1" 200 5908
200.54.247.70 - - [26/Apr/2018:10:39:42 -0300] "GET /cormun/static/Shared/jqueryui/images/ui-bg_highlight-soft_100_c6c2c8_1x100.png HTTP/1.1" 404 1117
200.54.247.70 - - [26/Apr/2018:10:39:42 -0300] "GET /cormun/static/Shared/jqueryui/images/ui-icons_82798d_256x240.png HTTP/1.1" 404 1089
200.54.247.70 - - [26/Apr/2018:10:39:42 -0300] "GET /cormun/static/Shared/jqueryui/images/ui-icons_8d78a5_256x240.png HTTP/1.1" 404 1089
200.54.247.70 - - [26/Apr/2018:10:39:42 -0300] "GET /cormun/static/Shared/jqueryui/images/ui-bg_flat_55_fafafa_40x100.png HTTP/1.1" 404 1097
200.54.247.70 - - [26/Apr/2018:10:39:42 -0300] "GET /cormun/servlet/licenciaspermisosadjuntos?DLT,14013183,L,20180426000000,20180426103528, HTTP/1.1" 200 5896
186.67.164.142 - - [26/Apr/2018:10:39:42 -0300] "GET /cormun/servlet/solicitudot?316948ca4a4d57c5b0a97a280e42e598a28be2497a7928504d169b232b07b152bcf3117effd9fdabd96b6d24ac84789239288c78e33a2461cac74b01112dbdfcdfc6303911ed7b97e6e15746c00d939b8dab6dc633c1718dff79d74d2831bb86fa02cc53e428cfee2e367f9d7d023381bb160fe19e082e297352903b65557d80a0174d31abd089ee31f47c0e563176f2b3bc503131e0064d3ebe6a980064737b66fe47369e43423c794bff07a08b5732977ccbd0d0ad31e02adc5908fe5c4c13fc84c9ff29876d44f330097466ecc5a8,gx-no-cache=1524749924792 HTTP/1.1" 200 29
200.54.247.70 - - [26/Apr/2018:10:39:43 -0300] "POST /cormun/servlet/licenciaspermisosadjuntos?62250c657a057fc0b07166a137ba21e8,DLT,14013183,L,20180426000000,20180426103528,,gx-no-cache=1524749928066 HTTP/1.1" 200 93
200.54.247.70 - - [26/Apr/2018:10:39:43 -0300] "GET /cormun/servlet/hpexe_return? HTTP/1.1" 200 1048
200.54.247.70 - - [26/Apr/2018:10:39:43 -0300] "GET /cormun/servlet/trlicenciaspermisosadjuntos?14013183,20180426000000,L, HTTP/1.1" 200 6579
200.54.247.70 - - [26/Apr/2018:10:39:43 -0300] "GET /cormun/servlet/trlicenciaspermisosadjuntos?14013183,20180426000000,L, HTTP/1.1" 200 6576
200.54.247.70 - - [26/Apr/2018:10:39:46 -0300] "GET /cormun/servlet/licenciaspermisosadjuntos?INS,14013183,L,20180426000000,, HTTP/1.1" 200 5876
186.67.164.142 - - [26/Apr/2018:10:39:46 -0300] "POST /cormun/servlet/solicitudot?gx-no-cache=1524749929804 HTTP/1.1" 200 1351
186.67.164.142 - - [26/Apr/2018:10:39:46 -0300] "POST /cormun/servlet/solicitudot?gx-no-cache=1524749929883 HTTP/1.1" 200 1248
200.54.247.70 - - [26/Apr/2018:10:39:46 -0300] "GET /cormun/static/about:blank HTTP/1.1" 404 1011
186.67.164.142 - - [26/Apr/2018:10:39:46 -0300] "POST /cormun/servlet/solicitudot?gx-no-cache=1524749929932 HTTP/1.1" 200 33
200.54.247.70 - - [26/Apr/2018:10:39:46 -0300] "GET /cormun/servlet/licenciaspermisosadjuntos?INS,14013183,L,20180426000000,, HTTP/1.1" 200 5865
200.54.247.70 - - [26/Apr/2018:10:39:49 -0300] "GET /cormun/PublicTempStorage/sandrra_reyes6969082.pdf HTTP/1.1" 200 106496
186.67.164.142 - - [26/Apr/2018:10:39:53 -0300] "POST /cormun/servlet/solicitudot?f25e03996492ebdb619d45200917cdb0,INS,0,0,,gx-no-cache=1524749936326 HTTP/1.1" 200 93
186.67.164.142 - - [26/Apr/2018:10:39:53 -0300] "GET /cormun/servlet/hpexe_return? HTTP/1.1" 200 1031
186.67.164.142 - - [26/Apr/2018:10:39:53 -0300] "GET /cormun/servlet/trsolicitudot?gx-no-cache=1524749784603 HTTP/1.1" 200 9039
186.67.164.142 - - [26/Apr/2018:10:39:54 -0300] "GET /cormun/servlet/trsolicitudot?gx-no-cache=1524749784603 HTTP/1.1" 200 9052
186.67.164.142 - - [26/Apr/2018:10:39:56 -0300] "GET /cormun/servlet/solicitudot?INS,0,0, HTTP/1.1" 200 13454
186.67.164.142 - - [26/Apr/2018:10:39:56 -0300] "GET /cormun/servlet/solicitudot?INS,0,0, HTTP/1.1" 200 13437
186.67.164.142 - - [26/Apr/2018:10:40:02 -0300] "POST /cormun/servlet/solicitudot?gx-no-cache=1524749946144 HTTP/1.1" 200 3383
186.67.164.142 - - [26/Apr/2018:10:40:03 -0300] "POST /cormun/servlet/solicitudot?f25e03996492ebdb619d45200917cdb0,INS,0,0,,gx-no-cache=1524749946325 HTTP/1.1" 200 10392
186.67.164.142 - - [26/Apr/2018:10:40:03 -0300] "GET /cormun/servlet/solicitudot?316948ca4a4d57c5b0a97a280e42e5982699ea50816b6142fb627a36e417449deea5d36c3b787e24ca50998bfee5fee0,gx-no-cache=1524749946740 HTTP/1.1" 200 30
186.67.164.142 - - [26/Apr/2018:10:40:09 -0300] "GET /cormun/servlet/solicitudot?316948ca4a4d57c5b0a97a280e42e598e43ce9dc1467c202e6ed7d05937bf3785955d89ec0e19b7c8c3665a4879484933ae01cae89840198eab5dbbf540ee85f,gx-no-cache=1524749953191 HTTP/1.1" 200 30
186.67.164.142 - - [26/Apr/2018:10:40:10 -0300] "GET /cormun/servlet/solicitudot?316948ca4a4d57c5b0a97a280e42e598e8e6ed0b6a6d8fc23e21187e282307de,gx-no-cache=1524749953238 HTTP/1.1" 200 123
186.67.164.142 - - [26/Apr/2018:10:40:10 -0300] "GET /cormun/static/Shared/jqueryui/images/ui-bg_highlight-soft_100_c6c2c8_1x100.png HTTP/1.1" 404 1117
186.67.164.142 - - [26/Apr/2018:10:40:10 -0300] "GET /cormun/static/Shared/jqueryui/images/ui-icons_82798d_256x240.png HTTP/1.1" 404 1089
186.67.164.142 - - [26/Apr/2018:10:40:10 -0300] "GET /cormun/static/Shared/jqueryui/images/ui-bg_flat_55_994d53_40x100.png HTTP/1.1" 404 1097
186.67.164.142 - - [26/Apr/2018:10:40:10 -0300] "GET /cormun/static/Shared/jqueryui/images/ui-icons_ebccce_256x240.png HTTP/1.1" 404 1089
186.67.164.142 - - [26/Apr/2018:10:40:10 -0300] "POST /cormun/servlet/solicitudot?gx-no-cache=1524749953335 HTTP/1.1" 200 255
186.67.164.142 - - [26/Apr/2018:10:40:10 -0300] "GET /cormun/servlet/solicitudot?316948ca4a4d57c5b0a97a280e42e598914915aceb59be000107c0c02cef016ed312cd8967e683acc09392264a5a2213ab8220e84d4c82f199bafed85dae12c8987e1620c0b24252f9a97f8149cedbd66e9a178c3c844873d107beee00d8e8be44211766b6b898fa69eb728da6847ada60d5a9b3e03d8903482398216265e1abac0588bfea08a185f58b2215e2e71f7c27219301783bbf1d4002c479c2c70212420f4009697e72a0f7e263ed9340c8a067cf4c4c9a462ad3e87f3f246f77fd3830644fd39c0cfa35e16402ed57e5131c427e3348f4df302e554995674bc640947962154e5d4173db87f7d5b8577d4a7dc60a6ca3156dd15c1afe596c57041ad693d81806fb525173b5840fe6d1b7bb3dc9871cf617cb83cb3ea3dcfd8a9f4079497660389ecebf7cd8a7e8892bec2cc2abf9135f37b73f2e484f4d2c365e3579b7b0ed0dac84726cc649a72c093579ffccedd92aa42accde9e84729e236557cddd0e72e9c7fae8f2744c7ba3d58b3c04e1104f1c58ccfea0c6f1044032e73bbc,gx-no-cache=1524749953401 HTTP/1.1" 200 30
186.67.164.142 - - [26/Apr/2018:10:40:12 -0300] "POST /cormun/servlet/solicitudot?gx-no-cache=1524749955678 HTTP/1.1" 200 30
186.67.164.142 - - [26/Apr/2018:10:40:13 -0300] "GET /cormun/servlet/prsolicitudot?15920908,,,,,MD,,gxPopupLevel%3D0%3B HTTP/1.1" 200 6310
186.67.164.142 - - [26/Apr/2018:10:40:17 -0300] "POST /cormun/servlet/solicitudot?gx-no-cache=1524749960186 HTTP/1.1" 200 1369
186.67.164.142 - - [26/Apr/2018:10:40:17 -0300] "POST /cormun/servlet/solicitudot?gx-no-cache=1524749960320 HTTP/1.1" 200 38
186.67.164.142 - - [26/Apr/2018:10:40:17 -0300] "GET /cormun/servlet/solicitudot?316948ca4a4d57c5b0a97a280e42e598a28be2497a7928504d169b232b07b152bcf3117effd9fdabd96b6d24ac847892efb212dade8398e0d8d48dcc146c885bdfc6303911ed7b97e6e15746c00d939b8dab6dc633c1718dff79d74d2831bb86fa02cc53e428cfee2e367f9d7d023381bb160fe19e082e297352903b65557d80a0174d31abd089ee31f47c0e563176f2b3bc503131e0064d3ebe6a980064737b66fe47369e43423c794bff07a08b5732977ccbd0d0ad31e02adc5908fe5c4c13fc84c9ff29876d44f330097466ecc5a8,gx-no-cache=1524749960356 HTTP/1.1" 200 29
186.67.164.142 - - [26/Apr/2018:10:40:17 -0300] "POST /cormun/servlet/solicitudot?gx-no-cache=1524749960386 HTTP/1.1" 200 1351
186.67.164.142 - - [26/Apr/2018:10:40:17 -0300] "POST /cormun/servlet/solicitudot?gx-no-cache=1524749960457 HTTP/1.1" 200 1248
186.67.164.142 - - [26/Apr/2018:10:40:17 -0300] "GET /cormun/servlet/solicitudot?316948ca4a4d57c5b0a97a280e42e598c1ba5d60260c0cde2cce2c839469b23f144ca607ba1d215bc391847b6c79e55f,gx-no-cache=1524749960523 HTTP/1.1" 200 30
201.215.248.160 - - [26/Apr/2018:10:40:18 -0300] "GET /cormun/servlet/trpermisosgoce? HTTP/1.1" 200 11114
186.67.164.142 - - [26/Apr/2018:10:40:19 -0300] "GET /cormun/servlet/prbanco?,MD,,gxPopupLevel%3D0%3B HTTP/1.1" 200 6616
201.215.248.160 - - [26/Apr/2018:10:40:19 -0300] "GET /cormun/servlet/trpermisosgoce? HTTP/1.1" 200 11112
186.67.164.142 - - [26/Apr/2018:10:40:23 -0300] "GET /cormun/servlet/solicitudot?316948ca4a4d57c5b0a97a280e42e598d1350faf830db7c270ed7c44e952a6b1,gx-no-cache=1524749966479 HTTP/1.1" 200 51
201.215.248.160 - - [26/Apr/2018:10:40:24 -0300] "GET /cormun/servlet/permisogoce?INS,0,,, HTTP/1.1" 200 6654
201.215.248.160 - - [26/Apr/2018:10:40:24 -0300] "GET /cormun/servlet/permisogoce?INS,0,,, HTTP/1.1" 200 6654
200.54.247.70 - - [26/Apr/2018:10:40:27 -0300] "POST /cormun/servlet/licenciaspermisosadjuntos?62250c657a057fc0b07166a137ba21e8,INS,14013183,L,20180426000000,, HTTP/1.1" 200 116
200.54.247.70 - - [26/Apr/2018:10:40:27 -0300] "GET /cormun/servlet/hpexe_return? HTTP/1.1" 200 1040
200.54.247.70 - - [26/Apr/2018:10:40:28 -0300] "GET /cormun/servlet/trlicenciaspermisosadjuntos?14013183,20180426000000,L, HTTP/1.1" 200 7085
186.67.164.142 - - [26/Apr/2018:10:40:28 -0300] "POST /cormun/servlet/solicitudot?gx-no-cache=1524749971532 HTTP/1.1" 200 256
186.67.164.142 - - [26/Apr/2018:10:40:28 -0300] "GET /cormun/servlet/solicitudot?316948ca4a4d57c5b0a97a280e42e598914915aceb59be000107c0c02cef016ed312cd8967e683acc09392264a5a2213ab8220e84d4c82f199bafed85dae12c8987e1620c0b24252f9a97f8149cedbd66e9a178c3c844873d107beee00d8e8be44211766b6b898fa69eb728da6847ada60d5a9b3e03d8903482398216265e1abac0588bfea08a185f58b2215e2e71f7c27219301783bbf1d4002c479c2c70212420f4009697e72a0f7e263ed9340c8a067cf4c4c9a462ad3e87f3f246f77fd3830644fd39c0cfa35e16402ed57e5131c427e3348f4df302e554995674bc640947962154e5d4173db87f7d5b8577d4a7dc60a6ca3156dd15c1afe596c57041ad693d81806fb525173b5840fe6d1b7bb3dc9871cf617cb83cb3ea3dcfd8a9f4079497660389ecebf7cd8a7e8892bec2cc2abf9135f37b73f2e484f4d2c365e3579b7b0ed0dac84726cc649a72c093579ffccedd92aa42accde9e84729e236557cddd0e72e9c7fae8f2744c7ba3d58b3c04367c3b0c923a9d811bdbc07a3f45da71,gx-no-cache=1524749971596 HTTP/1.1" 200 30
186.67.164.142 - - [26/Apr/2018:10:40:28 -0300] "POST /cormun/servlet/solicitudot?gx-no-cache=1524749971632 HTTP/1.1" 200 30
186.67.164.142 - - [26/Apr/2018:10:40:28 -0300] "POST /cormun/servlet/solicitudot?gx-no-cache=1524749971679 HTTP/1.1" 200 1369
186.67.164.142 - - [26/Apr/2018:10:40:28 -0300] "POST /cormun/servlet/solicitudot?gx-no-cache=1524749971734 HTTP/1.1" 200 41
200.54.247.70 - - [26/Apr/2018:10:40:28 -0300] "GET /cormun/servlet/trlicenciaspermisosadjuntos?14013183,20180426000000,L, HTTP/1.1" 200 7084
200.54.247.70 - - [26/Apr/2018:10:40:31 -0300] "GET /cormun/PublicTempStorage/doc003621201804260901379934103.pdf HTTP/1.1" 200 186065
200.54.247.70 - - [26/Apr/2018:10:40:34 -0300] "GET /cormun/servlet/trlicenciaspermisosadjuntos?14013183,20180426000000,L, HTTP/1.1" 200 7083
200.54.247.70 - - [26/Apr/2018:10:40:35 -0300] "GET /cormun/servlet/trlicenciaspermisosadjuntos?14013183,20180426000000,L, HTTP/1.1" 200 7084
186.67.164.142 - - [26/Apr/2018:10:40:36 -0300] "GET /cormun/servlet/solicitudot?316948ca4a4d57c5b0a97a280e42e598a28be2497a7928504d169b232b07b152bcf3117effd9fdabd96b6d24ac84789239288c78e33a2461cac74b01112dbdfcdfc6303911ed7b97e6e15746c00d939b8dab6dc633c1718dff79d74d2831bb86fa02cc53e428cfee2e367f9d7d023381bb160fe19e082e297352903b65557d80a0174d31abd089ee31f47c0e563176f2b3bc503131e0064d3ebe6a980064737b66fe47369e43423c794bff07a08b5732977ccbd0d0ad31e02adc5908fe5c4c13fc84c9ff29876d44f330097466ecc5a8,gx-no-cache=1524749979613 HTTP/1.1" 200 29
200.54.247.70 - - [26/Apr/2018:10:40:37 -0300] "GET /cormun/servlet/licenciaspermisosadjuntos?DLT,14013183,L,20180426000000,20180426103645, HTTP/1.1" 200 5909
186.67.164.142 - - [26/Apr/2018:10:40:37 -0300] "POST /cormun/servlet/solicitudot?gx-no-cache=1524749980551 HTTP/1.1" 200 1350
186.67.164.142 - - [26/Apr/2018:10:40:37 -0300] "POST /cormun/servlet/solicitudot?gx-no-cache=1524749980641 HTTP/1.1" 200 1248
200.54.247.70 - - [26/Apr/2018:10:40:37 -0300] "GET /cormun/static/Shared/jqueryui/images/ui-bg_highlight-soft_100_c6c2c8_1x100.png HTTP/1.1" 404 1117
200.54.247.70 - - [26/Apr/2018:10:40:37 -0300] "GET /cormun/static/Shared/jqueryui/images/ui-icons_82798d_256x240.png HTTP/1.1" 404 1089
200.54.247.70 - - [26/Apr/2018:10:40:37 -0300] "GET /cormun/static/Shared/jqueryui/images/ui-bg_flat_55_fafafa_40x100.png HTTP/1.1" 404 1097
200.54.247.70 - - [26/Apr/2018:10:40:37 -0300] "GET /cormun/static/Shared/jqueryui/images/ui-icons_8d78a5_256x240.png HTTP/1.1" 404 1089
186.67.164.142 - - [26/Apr/2018:10:40:37 -0300] "POST /cormun/servlet/solicitudot?gx-no-cache=1524749980698 HTTP/1.1" 200 33
200.54.247.70 - - [26/Apr/2018:10:40:37 -0300] "GET /cormun/servlet/licenciaspermisosadjuntos?DLT,14013183,L,20180426000000,20180426103645, HTTP/1.1" 200 5898
200.54.247.70 - - [26/Apr/2018:10:40:38 -0300] "GET /cormun/PublicTempStorage/doc003621201804260901372262073.pdf HTTP/1.1" 200 186065
200.54.247.70 - - [26/Apr/2018:10:40:39 -0300] "POST /cormun/servlet/licenciaspermisosadjuntos?62250c657a057fc0b07166a137ba21e8,DLT,14013183,L,20180426000000,20180426103645,,gx-no-cache=1524749984700 HTTP/1.1" 200 93
200.54.247.70 - - [26/Apr/2018:10:40:39 -0300] "GET /cormun/servlet/hpexe_return? HTTP/1.1" 200 1048
200.54.247.70 - - [26/Apr/2018:10:40:39 -0300] "GET /cormun/servlet/trlicenciaspermisosadjuntos?14013183,20180426000000,L, HTTP/1.1" 200 6579
200.54.247.70 - - [26/Apr/2018:10:40:40 -0300] "GET /cormun/servlet/trlicenciaspermisosadjuntos?14013183,20180426000000,L, HTTP/1.1" 200 6576
200.54.247.70 - - [26/Apr/2018:10:40:42 -0300] "GET /cormun/servlet/licenciaspermisosadjuntos?INS,14013183,L,20180426000000,, HTTP/1.1" 200 5876
200.54.247.70 - - [26/Apr/2018:10:40:42 -0300] "GET /cormun/static/about:blank HTTP/1.1" 404 1011
200.54.247.70 - - [26/Apr/2018:10:40:42 -0300] "GET /cormun/servlet/licenciaspermisosadjuntos?INS,14013183,L,20180426000000,, HTTP/1.1" 200 5865
200.54.247.70 - - [26/Apr/2018:10:40:55 -0300] "POST /cormun/servlet/licenciaspermisosadjuntos?62250c657a057fc0b07166a137ba21e8,INS,14013183,L,20180426000000,, HTTP/1.1" 200 116
200.54.247.70 - - [26/Apr/2018:10:40:55 -0300] "GET /cormun/servlet/hpexe_return? HTTP/1.1" 200 1040
200.54.247.70 - - [26/Apr/2018:10:40:55 -0300] "GET /cormun/servlet/trlicenciaspermisosadjuntos?14013183,20180426000000,L, HTTP/1.1" 200 7076
200.54.247.70 - - [26/Apr/2018:10:40:56 -0300] "GET /cormun/servlet/trlicenciaspermisosadjuntos?14013183,20180426000000,L, HTTP/1.1" 200 7081
186.67.164.142 - - [26/Apr/2018:10:40:56 -0300] "POST /cormun/servlet/solicitudot?f25e03996492ebdb619d45200917cdb0,INS,0,0,,gx-no-cache=1524749999721 HTTP/1.1" 200 93
186.67.164.142 - - [26/Apr/2018:10:40:56 -0300] "GET /cormun/servlet/hpexe_return? HTTP/1.1" 200 1031
186.67.164.142 - - [26/Apr/2018:10:40:56 -0300] "GET /cormun/servlet/trsolicitudot?gx-no-cache=1524749784603 HTTP/1.1" 200 9290
186.67.164.142 - - [26/Apr/2018:10:40:57 -0300] "GET /cormun/servlet/trsolicitudot?gx-no-cache=1524749784603 HTTP/1.1" 200 9307
200.54.247.70 - - [26/Apr/2018:10:41:01 -0300] "GET /cormun/PublicTempStorage/sandrra_reyes3317615.pdf HTTP/1.1" 200 186065
200.54.247.70 - - [26/Apr/2018:10:41:03 -0300] "GET /cormun/servlet/trlicenciaspermisosadjuntos?14013183,20180426000000,L, HTTP/1.1" 200 7077
200.54.247.70 - - [26/Apr/2018:10:41:03 -0300] "GET /cormun/servlet/trlicenciaspermisosadjuntos?14013183,20180426000000,L, HTTP/1.1" 200 7080
200.54.247.70 - - [26/Apr/2018:10:41:05 -0300] "GET /cormun/servlet/licenciaspermisosadjuntos?DLT,14013183,L,20180426000000,20180426103741, HTTP/1.1" 200 5907
200.54.247.70 - - [26/Apr/2018:10:41:05 -0300] "GET /cormun/static/Shared/jqueryui/images/ui-icons_8d78a5_256x240.png HTTP/1.1" 404 1089
200.54.247.70 - - [26/Apr/2018:10:41:05 -0300] "GET /cormun/static/Shared/jqueryui/images/ui-bg_highlight-soft_100_c6c2c8_1x100.png HTTP/1.1" 404 1117
200.54.247.70 - - [26/Apr/2018:10:41:05 -0300] "GET /cormun/static/Shared/jqueryui/images/ui-bg_flat_55_fafafa_40x100.png HTTP/1.1" 404 1097
200.54.247.70 - - [26/Apr/2018:10:41:05 -0300] "GET /cormun/static/Shared/jqueryui/images/ui-icons_82798d_256x240.png HTTP/1.1" 404 1089
200.54.247.70 - - [26/Apr/2018:10:41:05 -0300] "GET /cormun/servlet/licenciaspermisosadjuntos?DLT,14013183,L,20180426000000,20180426103741, HTTP/1.1" 200 5896
200.54.247.70 - - [26/Apr/2018:10:41:06 -0300] "GET /cormun/PublicTempStorage/sandrra_reyes6550565.pdf HTTP/1.1" 200 186065
200.54.247.70 - - [26/Apr/2018:10:41:34 -0300] "GET /cormun/servlet/trlicenciaspermisosadjuntos?14013183,20180426000000,L, HTTP/1.1" 200 7080
200.54.247.70 - - [26/Apr/2018:10:41:35 -0300] "GET /cormun/servlet/trlicenciaspermisosadjuntos?14013183,20180426000000,L, HTTP/1.1" 200 7081
200.54.247.70 - - [26/Apr/2018:10:41:37 -0300] "GET /cormun/servlet/licenciaspermisosadjuntos?INS,14013183,L,20180426000000,, HTTP/1.1" 200 5876
186.67.164.142 - - [26/Apr/2018:10:41:37 -0300] "POST /cormun/servlet/trsolicitudot?f25e03996492ebdb619d45200917cdb0,gx-no-cache=1524749784603,gx-no-cache=1524750040199 HTTP/1.1" 200 6172
186.67.164.142 - - [26/Apr/2018:10:41:37 -0300] "GET /cormun/static/Shared/jqueryui/images/ui-bg_highlight-soft_100_c6c2c8_1x100.png HTTP/1.1" 404 1117
186.67.164.142 - - [26/Apr/2018:10:41:37 -0300] "GET /cormun/static/Shared/jqueryui/images/ui-icons_82798d_256x240.png HTTP/1.1" 404 1089
186.67.164.142 - - [26/Apr/2018:10:41:37 -0300] "GET /cormun/static/Shared/jqueryui/images/ui-bg_flat_55_fafafa_40x100.png HTTP/1.1" 404 1097
186.67.164.142 - - [26/Apr/2018:10:41:37 -0300] "GET /cormun/static/Shared/jqueryui/images/ui-icons_8d78a5_256x240.png HTTP/1.1" 404 1089
186.67.164.142 - - [26/Apr/2018:10:41:37 -0300] "POST /cormun/servlet/trsolicitudot?f25e03996492ebdb619d45200917cdb0,gx-no-cache=1524749784603,gx-no-cache=1524750040643 HTTP/1.1" 200 6114
200.54.247.70 - - [26/Apr/2018:10:41:37 -0300] "GET /cormun/servlet/licenciaspermisosadjuntos?INS,14013183,L,20180426000000,, HTTP/1.1" 200 5865
186.67.164.142 - - [26/Apr/2018:10:41:39 -0300] "POST /cormun/servlet/trsolicitudot?f25e03996492ebdb619d45200917cdb0,gx-no-cache=1524749784603,gx-no-cache=1524750042259 HTTP/1.1" 200 5736
186.67.164.142 - - [26/Apr/2018:10:41:39 -0300] "POST /cormun/servlet/trsolicitudot?f25e03996492ebdb619d45200917cdb0,gx-no-cache=1524749784603,gx-no-cache=1524750042506 HTTP/1.1" 200 5679
186.67.164.142 - - [26/Apr/2018:10:42:17 -0300] "GET /cormun/servlet/trautorizarsolicitud? HTTP/1.1" 200 9590
