200.86.99.60 - - [24/Apr/2018:16:45:25 -0300] "GET /cormun/static/about:blank HTTP/1.1" 404 1011
200.86.99.60 - - [24/Apr/2018:16:45:26 -0300] "GET /cormun/servlet/permisosadjuntos?INS,10217958,P,20180424163437,, HTTP/1.1" 200 5800
192.168.10.89 - - [24/Apr/2018:16:45:32 -0300] "POST /cormun/servlet/trsolicitudgral?e28d266276171baeba06b9879352ecc7,,gx-no-cache=1524598951586 HTTP/1.1" 200 15019
200.86.237.19 - - [24/Apr/2018:16:45:46 -0300] "POST /cormun/servlet/solicitudot?gx-no-cache=1524599053963 HTTP/1.1" 440 972
200.86.237.19 - - [24/Apr/2018:16:45:48 -0300] "GET /cormun/servlet/solicitudot?e558a0e6e26a00a5552f80f1e9ccc9d0313479f0aab888bab6cdcc17c8decc385e386cbda34041079abd23f497640a60d3bf2d927ad1673cdee9d54446cc4be8be4eecf82dfdb34bda96502de7f73dca46acedb41841f7f7d1b2f399e76245f306324f398333922d426816bbe659df4958396b06cc82a7566d217553e6372802652d66c60c9291721f0c0aad5046ce532e034853a1cc195db03111908bab21770e6967d90a67a51a016d565e70fbe66f2d3a03e7cf9ea0e70033600fa340ba64184aa99a106f10e7086ee0f9772cbb23534149463ba2172039581aa6ac52f7cc68eaf455a39eb95156d78d8bf7aedfc14f939160e2badb567ad9951bf2c921049384e362dabc715a0e41df691043b37559f38b175d0b1cf32d1924c12b95dd75fc47efa1c57d314b0303bdd4498dbde37c401241b397569a27fde70c797b2b4753845d18044f19e4ad9d8f354887ff38bd638046ddb91083434fcf50602bc837c7ed8c5813118f22ae1066b026627e7f0e37d4b616f4dbfcc4033ebc412cc8f5,gx-no-cache=1524599056376 HTTP/1.1" 440 972
200.86.237.19 - - [24/Apr/2018:16:45:49 -0300] "GET /cormun/servlet/solicitudot?INS,0,0, HTTP/1.1" 200 12660
200.86.237.19 - - [24/Apr/2018:16:45:50 -0300] "GET /cormun/servlet/hlogin HTTP/1.1" 200 1743
200.86.237.19 - - [24/Apr/2018:16:45:50 -0300] "GET /cormun/servlet/solicitudot?INS,0,0, HTTP/1.1" 200 12660
200.86.237.19 - - [24/Apr/2018:16:45:52 -0300] "POST /cormun/servlet/hlogin?da9bd0b2f4125b8a98aa68eef7178d9c,gx-no-cache=1524599060876 HTTP/1.1" 200 90
200.86.237.19 - - [24/Apr/2018:16:45:53 -0300] "GET /cormun/servlet/hpexe_link HTTP/1.1" 200 963
200.86.99.60 - - [24/Apr/2018:16:45:53 -0300] "POST /cormun/servlet/permisosadjuntos?5f8fbdfb638f8d9a7dec8baaecc76cd8,INS,10217958,P,20180424163437,, HTTP/1.1" 200 116
200.86.99.60 - - [24/Apr/2018:16:45:53 -0300] "GET /cormun/servlet/hpexe_return? HTTP/1.1" 200 1036
200.86.237.19 - - [24/Apr/2018:16:45:53 -0300] "GET /cormun/servlet/solicitudot?INS,0,0, HTTP/1.1" 200 13170
200.86.99.60 - - [24/Apr/2018:16:45:53 -0300] "GET /cormun/servlet/trpermisosadjuntos?10217958,20180424163437,P, HTTP/1.1" 200 7003
200.86.237.19 - - [24/Apr/2018:16:45:53 -0300] "GET /cormun/servlet/solicitudot?INS,0,0, HTTP/1.1" 200 13175
200.86.99.60 - - [24/Apr/2018:16:45:55 -0300] "GET /cormun/servlet/trpermisosadjuntos?10217958,20180424163437,P, HTTP/1.1" 200 7000
200.86.237.19 - - [24/Apr/2018:16:45:56 -0300] "GET /cormun/servlet/prfichaempleado?,MD,,gxPopupLevel%3D0%3B HTTP/1.1" 200 9221
192.168.10.96 - - [24/Apr/2018:16:45:59 -0300] "POST /cormun/servlet/trsolicitudgral?5a89a95e8683970e773fe47cd53fcd96,,gx-no-cache=1524598978277 HTTP/1.1" 200 7281
186.103.159.204 - - [24/Apr/2018:16:45:59 -0300] "GET /cormun/servlet/prfichaempleado?,MD,,gxPopupLevel%3D0%3B HTTP/1.1" 200 9217
200.86.99.60 - - [24/Apr/2018:16:46:00 -0300] "POST /cormun/servlet/trpermisosadjuntos?5f8fbdfb638f8d9a7dec8baaecc76cd8,10217958,20180424163437,P,,gx-no-cache=1524599106099 HTTP/1.1" 200 90
200.86.99.60 - - [24/Apr/2018:16:46:00 -0300] "GET /cormun/servlet/hpexe_link HTTP/1.1" 200 981
200.86.99.60 - - [24/Apr/2018:16:46:01 -0300] "GET /cormun/servlet/trpermisosgoce HTTP/1.1" 200 8533
200.86.99.60 - - [24/Apr/2018:16:46:02 -0300] "GET /cormun/servlet/trpermisosgoce HTTP/1.1" 200 8532
200.86.237.19 - - [24/Apr/2018:16:46:03 -0300] "POST /cormun/servlet/prfichaempleado?da9bd0b2f4125b8a98aa68eef7178d9c,,MD,,gxPopupLevel%3D0%3B,gx-no-cache=1524599071718 HTTP/1.1" 200 3421
200.86.99.60 - - [24/Apr/2018:16:46:09 -0300] "POST /cormun/servlet/trpermisosgoce?5f8fbdfb638f8d9a7dec8baaecc76cd8,gx-no-cache=1524599113849 HTTP/1.1" 200 5712
200.86.99.60 - - [24/Apr/2018:16:46:09 -0300] "GET /cormun/static/Shared/jqueryui/images/ui-bg_highlight-soft_100_c6c2c8_1x100.png HTTP/1.1" 404 1117
200.86.99.60 - - [24/Apr/2018:16:46:09 -0300] "GET /cormun/static/Shared/jqueryui/images/ui-icons_82798d_256x240.png HTTP/1.1" 404 1089
200.86.99.60 - - [24/Apr/2018:16:46:09 -0300] "GET /cormun/static/Shared/jqueryui/images/ui-bg_flat_55_fafafa_40x100.png HTTP/1.1" 404 1097
200.86.99.60 - - [24/Apr/2018:16:46:09 -0300] "GET /cormun/static/Shared/jqueryui/images/ui-icons_8d78a5_256x240.png HTTP/1.1" 404 1089
200.86.237.19 - - [24/Apr/2018:16:46:12 -0300] "POST /cormun/servlet/solicitudot?gx-no-cache=1524599080404 HTTP/1.1" 200 3395
200.86.237.19 - - [24/Apr/2018:16:46:13 -0300] "POST /cormun/servlet/solicitudot?da9bd0b2f4125b8a98aa68eef7178d9c,INS,0,0,,gx-no-cache=1524599081048 HTTP/1.1" 200 10098
200.86.237.19 - - [24/Apr/2018:16:46:14 -0300] "GET /cormun/servlet/solicitudot?04e153828d7eead53d6f2b1c65ee5debb3feb0d1d0c7be4f05ca73b81a8500c76737aa5f0911a25c39cb518c46d3d21e,gx-no-cache=1524599081991 HTTP/1.1" 200 30
186.103.159.204 - - [24/Apr/2018:16:46:15 -0300] "POST /cormun/servlet/prfichaempleado?51fc5d881ff3654b7628647f0e3214c2,,MD,,gxPopupLevel%3D0%3B,gx-no-cache=1524599117448 HTTP/1.1" 200 3482
200.86.237.19 - - [24/Apr/2018:16:46:19 -0300] "GET /cormun/servlet/solicitudot?04e153828d7eead53d6f2b1c65ee5debced1490cc949b959606fecbe7ae300ff67f6d621547abf92e6da641a99bf91e551d300472b73536164c45272c4799a90,gx-no-cache=1524599087740 HTTP/1.1" 200 30
200.86.237.19 - - [24/Apr/2018:16:46:19 -0300] "GET /cormun/servlet/solicitudot?04e153828d7eead53d6f2b1c65ee5deb53bf0daaa670bcf23c20971e5c0bc1dd,gx-no-cache=1524599087826 HTTP/1.1" 200 53
200.86.237.19 - - [24/Apr/2018:16:46:19 -0300] "POST /cormun/servlet/solicitudot?gx-no-cache=1524599087912 HTTP/1.1" 200 256
200.86.237.19 - - [24/Apr/2018:16:46:20 -0300] "GET /cormun/servlet/solicitudot?04e153828d7eead53d6f2b1c65ee5deb280fc4c0d469acf594d8b65d5c4676a4f580aba2bd39c7757b073c2d6030e0412e3988e5c9767955e81daf177b24c0d3a83072216bccb8938db894d9407f35404c5502ccdde6db8efa4eff00a7c6c25230b7b7cbde37be359282d4423544d6eedf05e7414b17d9bc680c36ccd013edc04cf7853f7051cf29277ffaf4ecf0eb48e0f26c453ab8701000c20ac6fdb1d3a0880d0992ddd88ac339f52479383781e4e3fa428107d8bd2138d1b8097d14b7e45d49b7b4f9049acd77eb3ff8b98514520abcaef40b043b8c8afbff62997a7274f489998438ecff78c6a67dffb6dee36c059f6f1494f2fefe78b14d48e1ecf9f405151588e2597635e42c5ffd40280b48b8aad29b045f86d27e495dd9795e5f1bb301668902e78ad67ab96a61a8ffa3df886170a140eb48d17a7f74927838730e09670df6892cc52c00f2a12d33f3ea3532c740f99c5e00e7c3e4ce52fcaf32259b3354059baee240f8877f0b610d4f3cb613faf235e4acf151d833abdb9244b4,gx-no-cache=1524599088000 HTTP/1.1" 200 30
186.103.159.204 - - [24/Apr/2018:16:46:29 -0300] "GET /cormun/servlet/prfichaempleado?,MD,,gxPopupLevel%3D0%3B HTTP/1.1" 200 9217
186.103.159.204 - - [24/Apr/2018:16:46:42 -0300] "GET /cormun/servlet/prfichaempleado?,MD,,gxPopupLevel%3D0%3B HTTP/1.1" 200 9217
186.103.159.204 - - [24/Apr/2018:16:46:56 -0300] "POST /cormun/servlet/prfichaempleado?51fc5d881ff3654b7628647f0e3214c2,,MD,,gxPopupLevel%3D0%3B,gx-no-cache=1524599158679 HTTP/1.1" 200 3482
200.86.237.19 - - [24/Apr/2018:16:47:06 -0300] "POST /cormun/servlet/solicitudot?gx-no-cache=1524599134293 HTTP/1.1" 200 30
186.103.159.204 - - [24/Apr/2018:16:48:25 -0300] "GET /cormun/servlet/prfichaempleado?,MD,,gxPopupLevel%3D0%3B HTTP/1.1" 200 9217
186.103.159.204 - - [24/Apr/2018:16:48:47 -0300] "POST /cormun/servlet/prfichaempleado?51fc5d881ff3654b7628647f0e3214c2,,MD,,gxPopupLevel%3D0%3B,gx-no-cache=1524599269973 HTTP/1.1" 200 3482
200.72.197.82 - - [24/Apr/2018:16:49:11 -0300] "GET /cormun/static/menuarrow.gif HTTP/1.1" 404 1015
157.55.39.179 - - [24/Apr/2018:16:52:11 -0300] "GET /cormun/servlet/hlogin HTTP/1.1" 200 1704
157.55.39.161 - - [24/Apr/2018:16:52:19 -0300] "GET /cormun/static/gxcfg.js?20175251213516 HTTP/1.1" 200 953
186.103.159.204 - - [24/Apr/2018:16:52:54 -0300] "GET /cormun/servlet/prfichaempleado?,MD,,gxPopupLevel%3D0%3B HTTP/1.1" 200 9217
200.86.237.19 - - [24/Apr/2018:16:53:06 -0300] "POST /cormun/servlet/solicitudot?gx-no-cache=1524599494369 HTTP/1.1" 200 30
186.103.159.183 - - [24/Apr/2018:16:53:11 -0300] "GET /cormun/servlet/hlogin HTTP/1.1" 200 1734
200.111.122.170 - - [24/Apr/2018:16:53:26 -0300] "GET /cormun/servlet/licenciaspermisos?a0e7c6cac58a870a50ea58f547656fd37a22d44677bf84ea8f5df2676399ce2058ccc12ab88183e99400f39309cff28a1dcd473275fa390f00c3dff2b053f93ac4fff29dc0d353bad507a4391936c085c7b9ebf96b60548824553246b5201c3989f3558fd0ee52ba85763fdcda36766feebf19b36f1ded1d818e3e82ed9bd4dacc9894cb56a7c1bce2aa4ee33736177d8369c142979f5c10a94c1d8add65bd654218f019ff7efb08c6ff799ac4b07590a00ed26d15d71e84782e72f3836b1daea0a7dffd44fb38a1fb614433cd0c549d7542cd017ab041df98b41b7a9b804b56,gx-no-cache=1524599548343 HTTP/1.1" 200 30
200.111.122.170 - - [24/Apr/2018:16:53:26 -0300] "GET /cormun/servlet/licenciaspermisos?a0e7c6cac58a870a50ea58f547656fd3aae32c16603e33ae271d5d110ee16dd6aa91d483c0dfff42825699aabd7b26f70fddf25efe01e686207c98b2b16c2125b210c31f95c3bc972a2610a75c6ca210d3171571a8efb0b34188bfc1080f595018a3861ba582a4c0f09497ba8b20904384c2359130cdf995dd3bb32a8ae52572500ce591d232bafb2d0d5d95728ebcb8bf7fba3b938dfcda8f0e43ec5f2130dd545e48fcf7504751b2b1ea939b8c98945276c5ed656affb1ced0ec3248062818fa852fcde3ad9aeef403565272cf29f8d401a539a17b8c4171882e6b83a17e8c,gx-no-cache=1524599549035 HTTP/1.1" 200 29
200.111.122.170 - - [24/Apr/2018:16:53:26 -0300] "POST /cormun/servlet/licenciaspermisos?7f2e789f1730fef767eae23e34106905,INS,0,,,,gx-no-cache=1524599549090 HTTP/1.1" 200 93
200.111.122.170 - - [24/Apr/2018:16:53:26 -0300] "GET /cormun/servlet/hpexe_return? HTTP/1.1" 200 1014
200.111.122.170 - - [24/Apr/2018:16:53:27 -0300] "GET /cormun/servlet/trlicencias HTTP/1.1" 200 9298
200.111.122.170 - - [24/Apr/2018:16:53:27 -0300] "GET /cormun/servlet/trlicencias HTTP/1.1" 200 9293
200.111.122.170 - - [24/Apr/2018:16:53:35 -0300] "GET /cormun/servlet/trlicenciaspermisosadjuntos?15524420,20180424000000,L, HTTP/1.1" 200 6468
200.111.122.170 - - [24/Apr/2018:16:53:35 -0300] "GET /cormun/static/gxcfg.js?20177612163414 HTTP/1.1" 304 -
200.111.122.170 - - [24/Apr/2018:16:53:35 -0300] "GET /cormun/servlet/trlicenciaspermisosadjuntos?15524420,20180424000000,L, HTTP/1.1" 200 6469
186.103.161.206 - - [24/Apr/2018:16:53:38 -0300] "GET /cormun/servlet/licenciaspermisosadjuntos?INS,15524420,L,20180424000000,, HTTP/1.1" 200 5766
186.103.161.206 - - [24/Apr/2018:16:53:38 -0300] "GET /cormun/static/gxcfg.js?2017761263592 HTTP/1.1" 304 -
186.103.161.206 - - [24/Apr/2018:16:53:38 -0300] "GET /cormun/static/about:blank HTTP/1.1" 404 1011
186.103.161.206 - - [24/Apr/2018:16:53:38 -0300] "GET /cormun/servlet/licenciaspermisosadjuntos?INS,15524420,L,20180424000000,, HTTP/1.1" 200 5755
186.67.203.186 - - [24/Apr/2018:16:54:19 -0300] "POST /cormun/servlet/licenciaspermisosadjuntos?7f2e789f1730fef767eae23e34106905,INS,15524420,L,20180424000000,, HTTP/1.1" 200 116
186.67.203.186 - - [24/Apr/2018:16:54:19 -0300] "GET /cormun/servlet/hpexe_return? HTTP/1.1" 200 1045
186.67.203.186 - - [24/Apr/2018:16:54:19 -0300] "GET /cormun/servlet/trlicenciaspermisosadjuntos?15524420,20180424000000,L, HTTP/1.1" 200 6971
186.67.203.186 - - [24/Apr/2018:16:54:20 -0300] "GET /cormun/servlet/trlicenciaspermisosadjuntos?15524420,20180424000000,L, HTTP/1.1" 200 6968
186.67.203.186 - - [24/Apr/2018:16:54:24 -0300] "GET /cormun/servlet/licenciaspermisosadjuntos?INS,15524420,L,20180424000000,, HTTP/1.1" 200 5766
186.67.203.186 - - [24/Apr/2018:16:54:24 -0300] "GET /cormun/servlet/licenciaspermisosadjuntos?INS,15524420,L,20180424000000,, HTTP/1.1" 200 5754
186.67.203.186 - - [24/Apr/2018:16:54:25 -0300] "GET /cormun/servlet/trlicenciaspermisosadjuntos?15524420,20180424000000,L, HTTP/1.1" 200 6968
186.67.203.186 - - [24/Apr/2018:16:54:26 -0300] "GET /cormun/servlet/trlicenciaspermisosadjuntos?15524420,20180424000000,L, HTTP/1.1" 200 6967
186.67.203.186 - - [24/Apr/2018:16:54:28 -0300] "GET /cormun/servlet/trlicencias HTTP/1.1" 200 9298
186.67.203.186 - - [24/Apr/2018:16:54:28 -0300] "GET /cormun/servlet/trlicencias HTTP/1.1" 200 9293
186.67.203.186 - - [24/Apr/2018:16:54:30 -0300] "GET /cormun/servlet/licenciaspermisos?INS,0,,, HTTP/1.1" 200 7650
186.67.203.186 - - [24/Apr/2018:16:54:31 -0300] "GET /cormun/servlet/licenciaspermisos?INS,0,,, HTTP/1.1" 200 7658
200.111.122.170 - - [24/Apr/2018:16:54:33 -0300] "GET /cormun/servlet/trlicencias HTTP/1.1" 200 9294
200.111.122.170 - - [24/Apr/2018:16:54:34 -0300] "GET /cormun/servlet/trlicencias HTTP/1.1" 200 9293
200.72.197.82 - - [24/Apr/2018:16:54:39 -0300] "POST /cormun/servlet/trlicencias?7f2e789f1730fef767eae23e34106905,gx-no-cache=1524599622635 HTTP/1.1" 200 6658
200.72.197.82 - - [24/Apr/2018:16:54:40 -0300] "GET /cormun/static/Shared/jqueryui/images/ui-bg_highlight-soft_100_c6c2c8_1x100.png HTTP/1.1" 404 1117
186.67.203.186 - - [24/Apr/2018:16:54:40 -0300] "GET /cormun/static/Shared/jqueryui/images/ui-bg_flat_55_fafafa_40x100.png HTTP/1.1" 404 1097
200.72.197.82 - - [24/Apr/2018:16:54:40 -0300] "GET /cormun/static/Shared/jqueryui/images/ui-icons_8d78a5_256x240.png HTTP/1.1" 404 1089
190.151.100.218 - - [24/Apr/2018:16:54:40 -0300] "GET /cormun/static/Shared/jqueryui/images/ui-icons_82798d_256x240.png HTTP/1.1" 404 1089
186.67.203.186 - - [24/Apr/2018:16:56:02 -0300] "GET /cormun/servlet/hlogin HTTP/1.1" 200 1727
186.67.203.186 - - [24/Apr/2018:16:56:04 -0300] "POST /cormun/servlet/hlogin?7f2e789f1730fef767eae23e34106905,gx-no-cache=1524599707359 HTTP/1.1" 200 90
186.67.203.186 - - [24/Apr/2018:16:56:04 -0300] "GET /cormun/servlet/hpexe_link HTTP/1.1" 200 979
186.67.203.186 - - [24/Apr/2018:16:56:04 -0300] "GET /cormun/servlet/trlicencias?gx-no-cache=1524599622635 HTTP/1.1" 200 9226
186.67.203.186 - - [24/Apr/2018:16:56:05 -0300] "GET /cormun/servlet/trlicencias?gx-no-cache=1524599622635 HTTP/1.1" 200 9245
186.67.203.186 - - [24/Apr/2018:16:56:09 -0300] "GET /cormun/servlet/alicenciaprn?15524420,L,20180424000000,PU HTTP/1.1" 200 1563
186.103.159.204 - - [24/Apr/2018:16:56:39 -0300] "GET /cormun/servlet/prfichaempleado?,MD,,gxPopupLevel%3D0%3B HTTP/1.1" 200 9217
200.86.237.19 - - [24/Apr/2018:16:56:43 -0300] "POST /cormun/servlet/solicitudot?gx-no-cache=1524599711253 HTTP/1.1" 200 1366
200.86.237.19 - - [24/Apr/2018:16:56:43 -0300] "POST /cormun/servlet/solicitudot?gx-no-cache=1524599711462 HTTP/1.1" 200 38
200.86.237.19 - - [24/Apr/2018:16:56:55 -0300] "GET /cormun/servlet/solicitudot?04e153828d7eead53d6f2b1c65ee5deb1cc359cf465b147fd89c99d4dfcd7e725c2426d5ab92b0dbbf2ef7b07ee58fea1b7c56e0f79ac64c64233eef9f16a57a94ffaec721bf414491e33c2545586580a3ee8c4b6b6ccee83e855bbd22fe5be34c6a37480552dc8ef3362fcdaa6ea5de865dc803686d61ce09addade25a2cbcaea8c8fe702497108d6d618ab951215ef2eb8858f6c94c63afda3bdc821034d02,gx-no-cache=1524599723419 HTTP/1.1" 200 29
200.86.237.19 - - [24/Apr/2018:16:56:55 -0300] "POST /cormun/servlet/solicitudot?gx-no-cache=1524599723482 HTTP/1.1" 200 1351
200.86.237.19 - - [24/Apr/2018:16:56:55 -0300] "POST /cormun/servlet/solicitudot?gx-no-cache=1524599723588 HTTP/1.1" 200 1250
200.86.237.19 - - [24/Apr/2018:16:56:55 -0300] "GET /cormun/static/menuarrow.gif HTTP/1.1" 404 1015
200.86.237.19 - - [24/Apr/2018:16:57:02 -0300] "POST /cormun/servlet/solicitudot?gx-no-cache=1524599730364 HTTP/1.1" 200 1351
200.86.237.19 - - [24/Apr/2018:16:57:02 -0300] "POST /cormun/servlet/solicitudot?gx-no-cache=1524599730454 HTTP/1.1" 200 1250
200.86.237.19 - - [24/Apr/2018:16:57:06 -0300] "GET /cormun/servlet/solicitudot?04e153828d7eead53d6f2b1c65ee5deb938c8101c849f39c753f4054c6475164a94b394dd38be6f67ee3717c1dfdca0a,gx-no-cache=1524599734896 HTTP/1.1" 200 30
186.103.159.204 - - [24/Apr/2018:16:57:13 -0300] "POST /cormun/servlet/prfichaempleado?51fc5d881ff3654b7628647f0e3214c2,,MD,,gxPopupLevel%3D0%3B,gx-no-cache=1524599775424 HTTP/1.1" 200 6248
200.86.237.19 - - [24/Apr/2018:16:57:15 -0300] "POST /cormun/servlet/solicitudot?gx-no-cache=1524599743871 HTTP/1.1" 200 30
186.103.159.204 - - [24/Apr/2018:16:57:30 -0300] "POST /cormun/servlet/prfichaempleado?51fc5d881ff3654b7628647f0e3214c2,,MD,,gxPopupLevel%3D0%3B,gx-no-cache=1524599791966 HTTP/1.1" 200 3483
186.103.159.204 - - [24/Apr/2018:16:57:42 -0300] "GET /cormun/servlet/permisogoce?d675d37676144dfc0cadf6ce3ef26fb8e01fb11876181971efbd2343c046d194e8e50bf7f1e4a808b92b1c01efb19f64f4b5742a461e11f1af7d4dfe64c5de9f,gx-no-cache=1524599804591 HTTP/1.1" 200 74
186.103.159.204 - - [24/Apr/2018:16:57:42 -0300] "GET /cormun/static/menuarrow.gif HTTP/1.1" 404 1015
200.86.237.19 - - [24/Apr/2018:16:57:43 -0300] "POST /cormun/servlet/solicitudot?da9bd0b2f4125b8a98aa68eef7178d9c,INS,0,0,,gx-no-cache=1524599771203 HTTP/1.1" 200 93
200.86.237.19 - - [24/Apr/2018:16:57:44 -0300] "GET /cormun/servlet/hpexe_return? HTTP/1.1" 200 1008
200.86.237.19 - - [24/Apr/2018:16:57:44 -0300] "GET /cormun/servlet/hhome HTTP/1.1" 200 3885
200.86.237.19 - - [24/Apr/2018:16:57:44 -0300] "GET /cormun/servlet/hhome HTTP/1.1" 200 3880
200.86.237.19 - - [24/Apr/2018:16:57:58 -0300] "GET /cormun/servlet/trsolicitudot? HTTP/1.1" 200 8465
200.86.237.19 - - [24/Apr/2018:16:57:59 -0300] "GET /cormun/servlet/trsolicitudot? HTTP/1.1" 200 8463
200.86.237.19 - - [24/Apr/2018:16:58:09 -0300] "POST /cormun/servlet/trsolicitudot?da9bd0b2f4125b8a98aa68eef7178d9c,,gx-no-cache=1524599797464 HTTP/1.1" 200 105
200.86.237.19 - - [24/Apr/2018:16:58:09 -0300] "GET /cormun/servlet/solicitudot?UPD,2018,11201, HTTP/1.1" 200 15138
200.86.237.19 - - [24/Apr/2018:16:58:10 -0300] "GET /cormun/servlet/solicitudot?UPD,2018,11201, HTTP/1.1" 200 15149
200.86.237.19 - - [24/Apr/2018:16:58:10 -0300] "POST /cormun/servlet/solicitudot?gx-no-cache=1524599798737 HTTP/1.1" 200 3395
200.86.237.19 - - [24/Apr/2018:16:58:11 -0300] "POST /cormun/servlet/solicitudot?da9bd0b2f4125b8a98aa68eef7178d9c,UPD,2018,11201,,gx-no-cache=1524599799015 HTTP/1.1" 200 11547
200.86.237.19 - - [24/Apr/2018:16:58:11 -0300] "GET /cormun/servlet/solicitudot?04e153828d7eead53d6f2b1c65ee5debb3feb0d1d0c7be4f05ca73b81a8500c7da6d7072585aaaa787608fa3c9c845d3,gx-no-cache=1524599799721 HTTP/1.1" 200 30
200.86.237.19 - - [24/Apr/2018:16:58:11 -0300] "GET /cormun/servlet/solicitudot?04e153828d7eead53d6f2b1c65ee5debced1490cc949b959606fecbe7ae300ff67f6d621547abf92e6da641a99bf91e58f56e8ba8c9520417c049c2bdd4b2429,gx-no-cache=1524599799788 HTTP/1.1" 200 30
200.86.237.19 - - [24/Apr/2018:16:58:11 -0300] "GET /cormun/servlet/solicitudot?04e153828d7eead53d6f2b1c65ee5deb113bfab2d3f6212ed64fc2733c257a9dca4d320276c014035461f11ecf7f8a242313fa66f32befa05631bd4a7fc7b6ea,gx-no-cache=1524599799879 HTTP/1.1" 200 53
200.86.237.19 - - [24/Apr/2018:16:58:11 -0300] "POST /cormun/servlet/solicitudot?gx-no-cache=1524599799930 HTTP/1.1" 200 255
200.86.237.19 - - [24/Apr/2018:16:58:11 -0300] "GET /cormun/servlet/solicitudot?04e153828d7eead53d6f2b1c65ee5deb280fc4c0d469acf594d8b65d5c4676a4f580aba2bd39c7757b073c2d6030e0412e3988e5c9767955e81daf177b24c0d3a83072216bccb8938db894d9407f35404c5502ccdde6db8efa4eff00a7c6c25230b7b7cbde37be359282d4423544d6eedf05e7414b17d9bc680c36ccd013edc04cf7853f7051cf29277ffaf4ecf0eb48e0f26c453ab8701000c20ac6fdb1d3a0880d0992ddd88ac339f52479383781e4e3fa428107d8bd2138d1b8097d14b7e45d49b7b4f9049acd77eb3ff8b98514520abcaef40b043b8c8afbff62997a7274f489998438ecff78c6a67dffb6dee36c059f6f1494f2fefe78b14d48e1ecf9f405151588e2597635e42c5ffd40280b48b8aad29b045f86d27e495dd9795e5f1bb301668902e78ad67ab96a61a8ffa3df886170a140eb48d17a7f74927838730e09670df6892cc52c00f2a12d33f3ea3532c740f99c5e00e7c3e4ce52fcaf32259b3354059baee240f8877f0b610d4f3c63e65520dcd34d94b4c7d078562e0361,gx-no-cache=1524599799983 HTTP/1.1" 200 30
200.86.237.19 - - [24/Apr/2018:16:58:12 -0300] "POST /cormun/servlet/solicitudot?gx-no-cache=1524599800036 HTTP/1.1" 200 30
200.86.237.19 - - [24/Apr/2018:16:58:12 -0300] "POST /cormun/servlet/solicitudot?gx-no-cache=1524599800091 HTTP/1.1" 200 1366
200.86.237.19 - - [24/Apr/2018:16:58:12 -0300] "POST /cormun/servlet/solicitudot?gx-no-cache=1524599800168 HTTP/1.1" 200 41
186.103.159.204 - - [24/Apr/2018:16:58:13 -0300] "GET /cormun/servlet/permisogoce?d675d37676144dfc0cadf6ce3ef26fb8edde8ffbcd89ac5633c95038f9223bfef262f510fe18cb792fa2e8be24e6b42ea4e1c905dd97886a35d833e4e0663196,gx-no-cache=1524599835380 HTTP/1.1" 200 46
200.86.237.19 - - [24/Apr/2018:16:58:17 -0300] "GET /cormun/servlet/solicitudot?04e153828d7eead53d6f2b1c65ee5deb5de6e3f2c4fc303a58bdb34559444eea03f46357f242468dd5e62929944a4a2f0c053f98bc1b23a6dba64163775ae333ebb5111e5c7ac8684f8fe441fa11b956debc7385032cfe61d9169a51f70b89053cf4787eed793b1a1060c1273cbf45cb8f60283a1c67edc2f9bcc96beb094122fc0504142df6d0dafdb29c91bfb72ec9a86179efe4866147fb6026ee597c0468,gx-no-cache=1524599805577 HTTP/1.1" 200 29
200.86.237.19 - - [24/Apr/2018:16:58:17 -0300] "POST /cormun/servlet/solicitudot?gx-no-cache=1524599805631 HTTP/1.1" 200 1351
200.86.237.19 - - [24/Apr/2018:16:58:17 -0300] "POST /cormun/servlet/solicitudot?gx-no-cache=1524599805717 HTTP/1.1" 200 1250
186.103.159.204 - - [24/Apr/2018:16:58:18 -0300] "POST /cormun/servlet/permisogoce?51fc5d881ff3654b7628647f0e3214c2,INS,0,,,,gx-no-cache=1524599839832 HTTP/1.1" 200 93
186.103.159.204 - - [24/Apr/2018:16:58:18 -0300] "GET /cormun/servlet/hpexe_return? HTTP/1.1" 200 1012
186.103.159.204 - - [24/Apr/2018:16:58:18 -0300] "GET /cormun/servlet/trpermisosgoce HTTP/1.1" 200 8109
186.103.159.204 - - [24/Apr/2018:16:58:18 -0300] "GET /cormun/servlet/trpermisosgoce HTTP/1.1" 200 8105
186.103.159.204 - - [24/Apr/2018:16:58:43 -0300] "GET /cormun/servlet/apermisogoceprn?17134268,P,20180424164222,PU HTTP/1.1" 200 1654
200.86.237.19 - - [24/Apr/2018:16:58:48 -0300] "GET /cormun/servlet/solicitudot?04e153828d7eead53d6f2b1c65ee5deb938c8101c849f39c753f4054c6475164a94b394dd38be6f67ee3717c1dfdca0a,gx-no-cache=1524599836262 HTTP/1.1" 200 30
200.86.237.19 - - [24/Apr/2018:16:58:48 -0300] "POST /cormun/servlet/solicitudot?gx-no-cache=1524599836364 HTTP/1.1" 200 30
200.86.237.19 - - [24/Apr/2018:16:58:48 -0300] "POST /cormun/servlet/solicitudot?da9bd0b2f4125b8a98aa68eef7178d9c,UPD,2018,11201,,gx-no-cache=1524599836429 HTTP/1.1" 200 93
200.86.237.19 - - [24/Apr/2018:16:58:48 -0300] "GET /cormun/servlet/hpexe_return? HTTP/1.1" 200 1012
200.86.237.19 - - [24/Apr/2018:16:58:48 -0300] "GET /cormun/servlet/trsolicitudot HTTP/1.1" 200 8469
200.86.237.19 - - [24/Apr/2018:16:58:49 -0300] "GET /cormun/servlet/trsolicitudot HTTP/1.1" 200 8464
186.103.159.204 - - [24/Apr/2018:16:59:40 -0300] "POST /cormun/servlet/trpermisosgoce?51fc5d881ff3654b7628647f0e3214c2,gx-no-cache=1524599922889 HTTP/1.1" 200 4143
200.86.237.19 - - [24/Apr/2018:16:59:44 -0300] "POST /cormun/servlet/trsolicitudot?da9bd0b2f4125b8a98aa68eef7178d9c,gx-no-cache=1524599892354 HTTP/1.1" 200 105
200.86.237.19 - - [24/Apr/2018:16:59:44 -0300] "GET /cormun/servlet/solicitudot?UPD,2018,11201, HTTP/1.1" 200 15139
200.86.237.19 - - [24/Apr/2018:16:59:45 -0300] "GET /cormun/servlet/solicitudot?UPD,2018,11201, HTTP/1.1" 200 15149
200.86.237.19 - - [24/Apr/2018:16:59:46 -0300] "POST /cormun/servlet/solicitudot?gx-no-cache=1524599893820 HTTP/1.1" 200 3395
200.86.237.19 - - [24/Apr/2018:16:59:47 -0300] "POST /cormun/servlet/solicitudot?da9bd0b2f4125b8a98aa68eef7178d9c,UPD,2018,11201,,gx-no-cache=1524599894297 HTTP/1.1" 200 11546
200.86.237.19 - - [24/Apr/2018:16:59:47 -0300] "GET /cormun/servlet/solicitudot?04e153828d7eead53d6f2b1c65ee5debb3feb0d1d0c7be4f05ca73b81a8500c7da6d7072585aaaa787608fa3c9c845d3,gx-no-cache=1524599895197 HTTP/1.1" 200 30
200.86.237.19 - - [24/Apr/2018:16:59:47 -0300] "GET /cormun/servlet/solicitudot?04e153828d7eead53d6f2b1c65ee5debced1490cc949b959606fecbe7ae300ff67f6d621547abf92e6da641a99bf91e58f56e8ba8c9520417c049c2bdd4b2429,gx-no-cache=1524599895317 HTTP/1.1" 200 30
200.86.237.19 - - [24/Apr/2018:16:59:47 -0300] "GET /cormun/servlet/solicitudot?04e153828d7eead53d6f2b1c65ee5deb113bfab2d3f6212ed64fc2733c257a9dca4d320276c014035461f11ecf7f8a242313fa66f32befa05631bd4a7fc7b6ea,gx-no-cache=1524599895522 HTTP/1.1" 200 53
200.86.237.19 - - [24/Apr/2018:16:59:47 -0300] "POST /cormun/servlet/solicitudot?gx-no-cache=1524599895615 HTTP/1.1" 200 255
200.86.237.19 - - [24/Apr/2018:16:59:47 -0300] "GET /cormun/servlet/solicitudot?04e153828d7eead53d6f2b1c65ee5deb280fc4c0d469acf594d8b65d5c4676a4f580aba2bd39c7757b073c2d6030e0412e3988e5c9767955e81daf177b24c0d3a83072216bccb8938db894d9407f35404c5502ccdde6db8efa4eff00a7c6c25230b7b7cbde37be359282d4423544d6eedf05e7414b17d9bc680c36ccd013edc04cf7853f7051cf29277ffaf4ecf0eb48e0f26c453ab8701000c20ac6fdb1d3a0880d0992ddd88ac339f52479383781e4e3fa428107d8bd2138d1b8097d14b7e45d49b7b4f9049acd77eb3ff8b98514520abcaef40b043b8c8afbff62997a7274f489998438ecff78c6a67dffb6dee36c059f6f1494f2fefe78b14d48e1ecf9f405151588e2597635e42c5ffd40280b48b8aad29b045f86d27e495dd9795e5f1bb301668902e78ad67ab96a61a8ffa3df886170a140eb48d17a7f74927838730e09670df6892cc52c00f2a12d33f3ea3532c740f99c5e00e7c3e4ce52fcaf32259b3354059baee240f8877f0b610d4f3c63e65520dcd34d94b4c7d078562e0361,gx-no-cache=1524599895719 HTTP/1.1" 200 30
200.86.237.19 - - [24/Apr/2018:16:59:48 -0300] "POST /cormun/servlet/solicitudot?gx-no-cache=1524599895812 HTTP/1.1" 200 30
200.86.237.19 - - [24/Apr/2018:16:59:48 -0300] "POST /cormun/servlet/solicitudot?gx-no-cache=1524599896429 HTTP/1.1" 200 1369
200.86.237.19 - - [24/Apr/2018:16:59:48 -0300] "POST /cormun/servlet/solicitudot?gx-no-cache=1524599896574 HTTP/1.1" 200 41
200.86.237.19 - - [24/Apr/2018:16:59:56 -0300] "GET /cormun/servlet/solicitudot?04e153828d7eead53d6f2b1c65ee5deb5de6e3f2c4fc303a58bdb34559444eea03f46357f242468dd5e62929944a4a2f0c053f98bc1b23a6dba64163775ae333ebb5111e5c7ac8684f8fe441fa11b956debc7385032cfe61d9169a51f70b89053cf4787eed793b1a1060c1273cbf45cb8f60283a1c67edc2f9bcc96beb094122fc0504142df6d0dafdb29c91bfb72ec9a86179efe4866147fb6026ee597c0468,gx-no-cache=1524599903978 HTTP/1.1" 200 29
200.86.237.19 - - [24/Apr/2018:16:59:56 -0300] "POST /cormun/servlet/solicitudot?gx-no-cache=1524599904123 HTTP/1.1" 200 1351
200.86.237.19 - - [24/Apr/2018:16:59:57 -0300] "POST /cormun/servlet/solicitudot?gx-no-cache=1524599904259 HTTP/1.1" 200 1249
200.86.237.19 - - [24/Apr/2018:16:59:57 -0300] "GET /cormun/static/menuarrow.gif HTTP/1.1" 404 1015
200.86.237.19 - - [24/Apr/2018:17:00:02 -0300] "POST /cormun/servlet/solicitudot?gx-no-cache=1524599910272 HTTP/1.1" 200 1351
200.86.237.19 - - [24/Apr/2018:17:00:02 -0300] "POST /cormun/servlet/solicitudot?gx-no-cache=1524599910474 HTTP/1.1" 200 1249
186.103.159.204 - - [24/Apr/2018:17:00:04 -0300] "POST /cormun/servlet/trpermisosgoce?51fc5d881ff3654b7628647f0e3214c2,gx-no-cache=1524599946353 HTTP/1.1" 200 4152
186.103.159.204 - - [24/Apr/2018:17:00:06 -0300] "POST /cormun/servlet/trpermisosgoce?51fc5d881ff3654b7628647f0e3214c2,gx-no-cache=1524599948855 HTTP/1.1" 200 4152
186.103.159.204 - - [24/Apr/2018:17:00:07 -0300] "POST /cormun/servlet/trpermisosgoce?51fc5d881ff3654b7628647f0e3214c2,gx-no-cache=1524599949759 HTTP/1.1" 200 4152
200.86.237.19 - - [24/Apr/2018:17:00:07 -0300] "GET /cormun/servlet/solicitudot?04e153828d7eead53d6f2b1c65ee5deb938c8101c849f39c753f4054c64751647f3a617b7d0346c694df77e1a8fed272,gx-no-cache=1524599915479 HTTP/1.1" 200 30
200.86.237.19 - - [24/Apr/2018:17:00:07 -0300] "POST /cormun/servlet/solicitudot?gx-no-cache=1524599915867 HTTP/1.1" 200 30
200.86.237.19 - - [24/Apr/2018:17:00:08 -0300] "POST /cormun/servlet/solicitudot?da9bd0b2f4125b8a98aa68eef7178d9c,UPD,2018,11201,,gx-no-cache=1524599915956 HTTP/1.1" 200 93
200.86.237.19 - - [24/Apr/2018:17:00:08 -0300] "GET /cormun/servlet/hpexe_return? HTTP/1.1" 200 1012
200.86.237.19 - - [24/Apr/2018:17:00:08 -0300] "GET /cormun/servlet/trsolicitudot HTTP/1.1" 200 8469
200.86.237.19 - - [24/Apr/2018:17:00:09 -0300] "GET /cormun/servlet/trsolicitudot HTTP/1.1" 200 8464
186.103.159.204 - - [24/Apr/2018:17:00:12 -0300] "GET /cormun/servlet/permisogoce?INS,0,,, HTTP/1.1" 200 6721
186.103.159.204 - - [24/Apr/2018:17:00:12 -0300] "GET /cormun/servlet/permisogoce?INS,0,,, HTTP/1.1" 200 6721
200.86.237.19 - - [24/Apr/2018:17:00:22 -0300] "POST /cormun/servlet/trsolicitudot?da9bd0b2f4125b8a98aa68eef7178d9c,gx-no-cache=1524599930184 HTTP/1.1" 200 4469
200.86.237.19 - - [24/Apr/2018:17:00:22 -0300] "GET /cormun/static/Shared/jqueryui/images/ui-bg_highlight-soft_100_c6c2c8_1x100.png HTTP/1.1" 404 1117
200.86.237.19 - - [24/Apr/2018:17:00:22 -0300] "GET /cormun/static/Shared/jqueryui/images/ui-icons_8d78a5_256x240.png HTTP/1.1" 404 1089
200.86.237.19 - - [24/Apr/2018:17:00:22 -0300] "GET /cormun/static/Shared/jqueryui/images/ui-icons_82798d_256x240.png HTTP/1.1" 404 1089
200.86.237.19 - - [24/Apr/2018:17:00:22 -0300] "GET /cormun/static/Shared/jqueryui/images/ui-bg_flat_55_fafafa_40x100.png HTTP/1.1" 404 1097
200.86.237.19 - - [24/Apr/2018:17:00:22 -0300] "POST /cormun/servlet/trsolicitudot?da9bd0b2f4125b8a98aa68eef7178d9c,gx-no-cache=1524599930576 HTTP/1.1" 200 4257
186.103.159.204 - - [24/Apr/2018:17:00:31 -0300] "GET /cormun/servlet/prfichaempleado?,MD,,gxPopupLevel%3D0%3B HTTP/1.1" 200 9217
186.103.159.204 - - [24/Apr/2018:17:00:43 -0300] "POST /cormun/servlet/prfichaempleado?51fc5d881ff3654b7628647f0e3214c2,,MD,,gxPopupLevel%3D0%3B,gx-no-cache=1524599985426 HTTP/1.1" 200 3432
186.103.159.204 - - [24/Apr/2018:17:00:48 -0300] "GET /cormun/servlet/permisogoce?d675d37676144dfc0cadf6ce3ef26fb80b94b7814cb504008ee393dda47959e41e91fbe31d6925c64155f51868307418,gx-no-cache=1524599990183 HTTP/1.1" 200 83
186.103.159.204 - - [24/Apr/2018:17:00:48 -0300] "GET /cormun/static/menuarrow.gif HTTP/1.1" 404 1015
186.103.159.204 - - [24/Apr/2018:17:01:04 -0300] "GET /cormun/servlet/permisogoce?d675d37676144dfc0cadf6ce3ef26fb8781bb648233bdeef7f6ae4a40d6d741df253f1b08495908bd02123e1c03c8059ba9b1953719001200b6384c5cfbd912d,gx-no-cache=1524600006727 HTTP/1.1" 200 46
186.103.159.204 - - [24/Apr/2018:17:01:09 -0300] "POST /cormun/servlet/permisogoce?51fc5d881ff3654b7628647f0e3214c2,INS,0,,,,gx-no-cache=1524600011111 HTTP/1.1" 200 93
186.103.159.204 - - [24/Apr/2018:17:01:09 -0300] "GET /cormun/servlet/hpexe_return? HTTP/1.1" 200 1035
186.103.159.204 - - [24/Apr/2018:17:01:09 -0300] "GET /cormun/servlet/trpermisosgoce?gx-no-cache=1524599949759 HTTP/1.1" 200 7691
186.103.159.204 - - [24/Apr/2018:17:01:09 -0300] "GET /cormun/servlet/trpermisosgoce?gx-no-cache=1524599949759 HTTP/1.1" 200 7709
186.103.159.204 - - [24/Apr/2018:17:01:12 -0300] "GET /cormun/servlet/apermisogoceprn?9261463,P,20180424165711,PU HTTP/1.1" 200 1660
186.103.159.204 - - [24/Apr/2018:17:01:36 -0300] "GET /cormun/servlet/permisogoce?INS,0,,, HTTP/1.1" 200 6742
186.103.159.204 - - [24/Apr/2018:17:01:36 -0300] "GET /cormun/servlet/permisogoce?INS,0,,, HTTP/1.1" 200 6720
186.103.159.204 - - [24/Apr/2018:17:02:02 -0300] "GET /cormun/servlet/prfichaempleado?,MD,,gxPopupLevel%3D0%3B HTTP/1.1" 200 9217
186.103.159.204 - - [24/Apr/2018:17:02:18 -0300] "POST /cormun/servlet/prfichaempleado?51fc5d881ff3654b7628647f0e3214c2,,MD,,gxPopupLevel%3D0%3B,gx-no-cache=1524600080261 HTTP/1.1" 200 3436
186.103.159.204 - - [24/Apr/2018:17:02:22 -0300] "GET /cormun/servlet/permisogoce?d675d37676144dfc0cadf6ce3ef26fb828406ae51c24412ee0c99fc2a79fbde3e8e50bf7f1e4a808b92b1c01efb19f64f4b5742a461e11f1af7d4dfe64c5de9f,gx-no-cache=1524600084205 HTTP/1.1" 200 88
186.103.159.204 - - [24/Apr/2018:17:02:22 -0300] "GET /cormun/static/menuarrow.gif HTTP/1.1" 404 1015
186.103.159.204 - - [24/Apr/2018:17:02:52 -0300] "GET /cormun/servlet/permisogoce?d675d37676144dfc0cadf6ce3ef26fb8b0e8ca1190f62d2500f42c3ef37dbaac547a727ee3255031003dfd3035fba0e0a4e1c905dd97886a35d833e4e0663196,gx-no-cache=1524600114509 HTTP/1.1" 200 46
186.103.159.204 - - [24/Apr/2018:17:03:27 -0300] "POST /cormun/servlet/permisogoce?51fc5d881ff3654b7628647f0e3214c2,INS,0,,,,gx-no-cache=1524600149053 HTTP/1.1" 200 93
186.103.159.204 - - [24/Apr/2018:17:03:27 -0300] "GET /cormun/servlet/hpexe_return? HTTP/1.1" 200 1035
186.103.159.204 - - [24/Apr/2018:17:03:27 -0300] "GET /cormun/servlet/trpermisosgoce?gx-no-cache=1524599949759 HTTP/1.1" 200 7691
186.103.159.204 - - [24/Apr/2018:17:03:27 -0300] "GET /cormun/servlet/trpermisosgoce?gx-no-cache=1524599949759 HTTP/1.1" 200 7709
186.103.159.204 - - [24/Apr/2018:17:03:49 -0300] "GET /cormun/servlet/permisogoce?INS,0,,, HTTP/1.1" 200 6743
186.103.159.204 - - [24/Apr/2018:17:03:49 -0300] "GET /cormun/servlet/permisogoce?INS,0,,, HTTP/1.1" 200 6721
186.103.159.204 - - [24/Apr/2018:17:03:54 -0300] "GET /cormun/servlet/trpermisosgoce? HTTP/1.1" 200 7688
186.103.159.204 - - [24/Apr/2018:17:03:54 -0300] "GET /cormun/servlet/trpermisosgoce? HTTP/1.1" 200 7687
186.103.159.204 - - [24/Apr/2018:17:04:06 -0300] "GET /cormun/static/menuarrow.gif HTTP/1.1" 404 1015
186.103.159.204 - - [24/Apr/2018:17:04:12 -0300] "POST /cormun/servlet/trpermisosgoce?51fc5d881ff3654b7628647f0e3214c2,,gx-no-cache=1524600194317 HTTP/1.1" 200 5011
186.103.159.204 - - [24/Apr/2018:17:04:14 -0300] "POST /cormun/servlet/trpermisosgoce?51fc5d881ff3654b7628647f0e3214c2,,gx-no-cache=1524600196162 HTTP/1.1" 200 5012
186.103.159.204 - - [24/Apr/2018:17:04:15 -0300] "POST /cormun/servlet/trpermisosgoce?51fc5d881ff3654b7628647f0e3214c2,,gx-no-cache=1524600197769 HTTP/1.1" 200 5013
186.103.159.204 - - [24/Apr/2018:17:04:37 -0300] "GET /cormun/servlet/apermisogoceprn?9261463,P,20180424165711,PU HTTP/1.1" 200 1658
186.103.159.204 - - [24/Apr/2018:17:04:50 -0300] "GET /cormun/servlet/permisogoce?INS,0,,, HTTP/1.1" 200 6722
186.103.159.204 - - [24/Apr/2018:17:04:50 -0300] "GET /cormun/servlet/permisogoce?INS,0,,, HTTP/1.1" 200 6723
186.103.159.204 - - [24/Apr/2018:17:05:15 -0300] "GET /cormun/servlet/prfichaempleado?,MD,,gxPopupLevel%3D0%3B HTTP/1.1" 200 9217
186.103.159.204 - - [24/Apr/2018:17:05:30 -0300] "POST /cormun/servlet/prfichaempleado?51fc5d881ff3654b7628647f0e3214c2,,MD,,gxPopupLevel%3D0%3B,gx-no-cache=1524600272923 HTTP/1.1" 200 3432
186.103.159.204 - - [24/Apr/2018:17:05:35 -0300] "GET /cormun/servlet/permisogoce?d675d37676144dfc0cadf6ce3ef26fb80b94b7814cb504008ee393dda47959e41e91fbe31d6925c64155f51868307418,gx-no-cache=1524600277246 HTTP/1.1" 200 85
186.103.159.204 - - [24/Apr/2018:17:05:35 -0300] "GET /cormun/static/menuarrow.gif HTTP/1.1" 404 1015
186.103.159.204 - - [24/Apr/2018:17:05:44 -0300] "GET /cormun/servlet/permisogoce?d675d37676144dfc0cadf6ce3ef26fb8781bb648233bdeef7f6ae4a40d6d741d2fcc8e2064261e2c47c2c20804d82cc0ba9b1953719001200b6384c5cfbd912d,gx-no-cache=1524600286196 HTTP/1.1" 200 47
186.103.159.204 - - [24/Apr/2018:17:05:47 -0300] "POST /cormun/servlet/permisogoce?51fc5d881ff3654b7628647f0e3214c2,INS,0,,,,gx-no-cache=1524600289724 HTTP/1.1" 200 93
186.103.159.204 - - [24/Apr/2018:17:05:47 -0300] "GET /cormun/servlet/hpexe_return? HTTP/1.1" 200 1012
186.103.159.204 - - [24/Apr/2018:17:05:48 -0300] "GET /cormun/servlet/trpermisosgoce? HTTP/1.1" 200 7910
186.103.159.204 - - [24/Apr/2018:17:05:48 -0300] "GET /cormun/servlet/trpermisosgoce? HTTP/1.1" 200 7906
186.103.159.204 - - [24/Apr/2018:17:05:58 -0300] "GET /cormun/servlet/apermisogoceprn?9261463,P,20180424170149,PU HTTP/1.1" 200 1655
186.103.159.204 - - [24/Apr/2018:17:06:30 -0300] "POST /cormun/servlet/trpermisosgoce?51fc5d881ff3654b7628647f0e3214c2,,gx-no-cache=1524600332120 HTTP/1.1" 200 5236
186.103.159.204 - - [24/Apr/2018:17:06:36 -0300] "GET /cormun/servlet/permisogoce?INS,0,,, HTTP/1.1" 200 6721
186.103.159.204 - - [24/Apr/2018:17:06:37 -0300] "GET /cormun/servlet/permisogoce?INS,0,,, HTTP/1.1" 200 6721
186.103.159.204 - - [24/Apr/2018:17:06:40 -0300] "GET /cormun/servlet/trpermisosgoce? HTTP/1.1" 200 7907
186.103.159.204 - - [24/Apr/2018:17:06:41 -0300] "GET /cormun/servlet/trpermisosgoce? HTTP/1.1" 200 7906
186.103.159.204 - - [24/Apr/2018:17:07:18 -0300] "POST /cormun/servlet/trpermisosgoce?51fc5d881ff3654b7628647f0e3214c2,,gx-no-cache=1524600380056 HTTP/1.1" 200 6301
186.103.159.204 - - [24/Apr/2018:17:07:32 -0300] "GET /cormun/servlet/apermisogoceprn?13945163,P,20180424165835,PU HTTP/1.1" 200 1667
186.103.159.204 - - [24/Apr/2018:17:08:16 -0300] "GET /cormun/servlet/permisogoce?INS,0,,, HTTP/1.1" 200 6723
186.103.159.204 - - [24/Apr/2018:17:08:16 -0300] "GET /cormun/servlet/permisogoce?INS,0,,, HTTP/1.1" 200 6721
186.103.156.24 - - [24/Apr/2018:17:08:25 -0300] "GET /cormun/servlet/hlogin HTTP/1.1" 200 1717
186.103.156.24 - - [24/Apr/2018:17:08:26 -0300] "GET /cormun/servlet/hlogin HTTP/1.1" 200 1728
186.103.156.24 - - [24/Apr/2018:17:08:37 -0300] "POST /cormun/servlet/hlogin?aef27dfa516886e95581e95853e40fa7,gx-no-cache=1524600462115 HTTP/1.1" 200 90
186.103.156.24 - - [24/Apr/2018:17:08:37 -0300] "GET /cormun/servlet/hpexe_link HTTP/1.1" 200 949
186.103.156.24 - - [24/Apr/2018:17:08:38 -0300] "GET /cormun/servlet/hhome HTTP/1.1" 200 4227
186.103.156.24 - - [24/Apr/2018:17:08:39 -0300] "GET /cormun/servlet/hhome HTTP/1.1" 200 4223
186.103.156.24 - - [24/Apr/2018:17:08:43 -0300] "GET /cormun/servlet/trsolicitudot? HTTP/1.1" 200 7442
186.103.156.24 - - [24/Apr/2018:17:08:43 -0300] "GET /cormun/servlet/trsolicitudot? HTTP/1.1" 200 7441
186.103.156.24 - - [24/Apr/2018:17:08:46 -0300] "POST /cormun/servlet/trsolicitudot?aef27dfa516886e95581e95853e40fa7,,gx-no-cache=1524600471262 HTTP/1.1" 200 4469
186.103.156.24 - - [24/Apr/2018:17:08:49 -0300] "GET /cormun/servlet/trcontratounov2? HTTP/1.1" 200 17366
186.103.156.24 - - [24/Apr/2018:17:08:49 -0300] "GET /cormun/static/Resources/PXToolsAddSelectedAction.png HTTP/1.1" 200 3660
186.103.156.24 - - [24/Apr/2018:17:08:49 -0300] "GET /cormun/static/gxcfg.js?201752512124396 HTTP/1.1" 200 953
186.103.156.24 - - [24/Apr/2018:17:08:50 -0300] "GET /cormun/servlet/trcontratounov2? HTTP/1.1" 200 17305
186.103.159.204 - - [24/Apr/2018:17:08:58 -0300] "GET /cormun/servlet/prfichaempleado?,MD,,gxPopupLevel%3D0%3B HTTP/1.1" 200 9217
186.103.159.204 - - [24/Apr/2018:17:09:09 -0300] "POST /cormun/servlet/prfichaempleado?51fc5d881ff3654b7628647f0e3214c2,,MD,,gxPopupLevel%3D0%3B,gx-no-cache=1524600489982 HTTP/1.1" 200 3423
186.103.159.204 - - [24/Apr/2018:17:09:13 -0300] "GET /cormun/servlet/permisogoce?d675d37676144dfc0cadf6ce3ef26fb8945b166a16492d6182ae393f2fdc3259e8e50bf7f1e4a808b92b1c01efb19f64f4b5742a461e11f1af7d4dfe64c5de9f,gx-no-cache=1524600495762 HTTP/1.1" 200 76
186.103.159.204 - - [24/Apr/2018:17:09:14 -0300] "GET /cormun/static/menuarrow.gif HTTP/1.1" 404 1015
186.103.159.204 - - [24/Apr/2018:17:09:25 -0300] "GET /cormun/servlet/permisogoce?d675d37676144dfc0cadf6ce3ef26fb8dd68611e147f237db56f6204691bfd707ff058f91c6eba45df0f2ee5ad343b6ba4e1c905dd97886a35d833e4e0663196,gx-no-cache=1524600508006 HTTP/1.1" 200 47
186.103.156.24 - - [24/Apr/2018:17:09:28 -0300] "GET /cormun/servlet/trautorizarsolicitud? HTTP/1.1" 200 8712
186.103.156.24 - - [24/Apr/2018:17:09:28 -0300] "GET /cormun/servlet/trautorizarsolicitud? HTTP/1.1" 200 8712
186.103.159.204 - - [24/Apr/2018:17:09:32 -0300] "POST /cormun/servlet/permisogoce?51fc5d881ff3654b7628647f0e3214c2,INS,0,,,,gx-no-cache=1524600514265 HTTP/1.1" 200 93
186.103.159.204 - - [24/Apr/2018:17:09:32 -0300] "GET /cormun/servlet/hpexe_return? HTTP/1.1" 200 1012
186.103.159.204 - - [24/Apr/2018:17:09:32 -0300] "GET /cormun/servlet/trpermisosgoce? HTTP/1.1" 200 9223
186.103.159.204 - - [24/Apr/2018:17:09:33 -0300] "GET /cormun/servlet/trpermisosgoce? HTTP/1.1" 200 9224
186.103.156.24 - - [24/Apr/2018:17:09:40 -0300] "POST /cormun/servlet/trautorizarsolicitud?aef27dfa516886e95581e95853e40fa7,,gx-no-cache=1524600524589 HTTP/1.1" 200 9271
46.174.191.29 - - [24/Apr/2018:17:10:37 -0300] "GET / HTTP/1.0" 200 11197
186.103.159.204 - - [24/Apr/2018:17:11:11 -0300] "GET /cormun/servlet/permisogoce?INS,0,,, HTTP/1.1" 200 6722
186.103.159.204 - - [24/Apr/2018:17:11:12 -0300] "GET /cormun/servlet/permisogoce?INS,0,,, HTTP/1.1" 200 6721
186.103.159.204 - - [24/Apr/2018:17:11:41 -0300] "GET /cormun/servlet/prfichaempleado?,MD,,gxPopupLevel%3D0%3B HTTP/1.1" 200 9217
186.103.159.204 - - [24/Apr/2018:17:12:00 -0300] "POST /cormun/servlet/prfichaempleado?51fc5d881ff3654b7628647f0e3214c2,,MD,,gxPopupLevel%3D0%3B,gx-no-cache=1524600662177 HTTP/1.1" 200 3424
186.103.159.204 - - [24/Apr/2018:17:12:04 -0300] "GET /cormun/servlet/permisogoce?d675d37676144dfc0cadf6ce3ef26fb8cc245c05c6797c4088937cbbb796ba90e8e50bf7f1e4a808b92b1c01efb19f64f4b5742a461e11f1af7d4dfe64c5de9f,gx-no-cache=1524600666251 HTTP/1.1" 200 75
186.103.159.204 - - [24/Apr/2018:17:12:04 -0300] "GET /cormun/static/menuarrow.gif HTTP/1.1" 404 1015
186.103.159.204 - - [24/Apr/2018:17:12:11 -0300] "GET /cormun/servlet/permisogoce?d675d37676144dfc0cadf6ce3ef26fb81cda2f28406d05ed88b8da2a7f54a9d5a93ba34ece4450431f50f344fb0ee784a4e1c905dd97886a35d833e4e0663196,gx-no-cache=1524600673833 HTTP/1.1" 200 47
186.103.159.204 - - [24/Apr/2018:17:12:15 -0300] "POST /cormun/servlet/permisogoce?51fc5d881ff3654b7628647f0e3214c2,INS,0,,,,gx-no-cache=1524600677682 HTTP/1.1" 200 93
186.103.159.204 - - [24/Apr/2018:17:12:15 -0300] "GET /cormun/servlet/hpexe_return? HTTP/1.1" 200 1012
186.103.159.204 - - [24/Apr/2018:17:12:16 -0300] "GET /cormun/servlet/trpermisosgoce HTTP/1.1" 200 9451
186.103.159.204 - - [24/Apr/2018:17:12:16 -0300] "GET /cormun/servlet/trpermisosgoce HTTP/1.1" 200 9446
186.103.159.204 - - [24/Apr/2018:17:12:33 -0300] "GET /cormun/servlet/apermisogoceprn?13503222,P,20180424170811,PU HTTP/1.1" 200 1658
186.103.159.204 - - [24/Apr/2018:17:14:28 -0300] "GET /cormun/servlet/permisogoce?UPD,9261463,P,20180424170149, HTTP/1.1" 200 6794
186.103.159.204 - - [24/Apr/2018:17:14:28 -0300] "GET /cormun/servlet/permisogoce?UPD,9261463,P,20180424170149, HTTP/1.1" 200 6795
186.103.159.204 - - [24/Apr/2018:17:14:29 -0300] "GET /cormun/servlet/permisogoce?d675d37676144dfc0cadf6ce3ef26fb80b94b7814cb504008ee393dda47959e4405aae99c815ea42a24960fddf3a99c214ffe3f4e3e4d93e37c2389d4cd914c2,gx-no-cache=1524600811426 HTTP/1.1" 200 85
186.103.159.204 - - [24/Apr/2018:17:14:34 -0300] "GET /cormun/static/menuarrow.gif HTTP/1.1" 404 1015
186.103.159.204 - - [24/Apr/2018:17:14:44 -0300] "GET /cormun/servlet/permisogoce?d675d37676144dfc0cadf6ce3ef26fb8781bb648233bdeef7f6ae4a40d6d741d172624f7d07bb1256143b17839cddc5d368d8d1c9a83f4774d30bf8b03e29812,gx-no-cache=1524600827093 HTTP/1.1" 200 47
186.103.159.204 - - [24/Apr/2018:17:15:00 -0300] "POST /cormun/servlet/permisogoce?51fc5d881ff3654b7628647f0e3214c2,UPD,9261463,P,20180424170149,,gx-no-cache=1524600842684 HTTP/1.1" 200 93
186.103.159.204 - - [24/Apr/2018:17:15:00 -0300] "GET /cormun/servlet/hpexe_return? HTTP/1.1" 200 1031
186.103.159.204 - - [24/Apr/2018:17:15:00 -0300] "GET /cormun/servlet/trpermisosgoce HTTP/1.1" 200 9448
186.103.159.204 - - [24/Apr/2018:17:15:01 -0300] "GET /cormun/servlet/trpermisosgoce HTTP/1.1" 200 9443
186.103.159.189 - - [24/Apr/2018:17:17:12 -0300] "GET /cormun/servlet/hlogin HTTP/1.1" 200 1722
186.103.159.189 - - [24/Apr/2018:17:17:13 -0300] "GET /cormun/static/messages.spa.js?85251 HTTP/1.1" 304 -
186.103.159.189 - - [24/Apr/2018:17:17:13 -0300] "GET /cormun/servlet/hlogin HTTP/1.1" 200 1732
186.103.159.189 - - [24/Apr/2018:17:17:35 -0300] "POST /cormun/servlet/hlogin?7fee37f99255c92641bbb0ada86b3cb5,gx-no-cache=1524600999384 HTTP/1.1" 200 90
186.103.159.189 - - [24/Apr/2018:17:17:35 -0300] "GET /cormun/servlet/hpexe_link HTTP/1.1" 200 954
186.103.159.189 - - [24/Apr/2018:17:17:35 -0300] "GET /cormun/servlet/hhome HTTP/1.1" 200 4177
186.103.159.189 - - [24/Apr/2018:17:17:37 -0300] "GET /cormun/servlet/hhome HTTP/1.1" 200 4174
186.103.159.189 - - [24/Apr/2018:17:17:44 -0300] "GET /cormun/servlet/trlicencias? HTTP/1.1" 200 10776
186.103.159.189 - - [24/Apr/2018:17:17:46 -0300] "GET /cormun/servlet/trlicencias? HTTP/1.1" 200 10773
141.8.143.176 - - [24/Apr/2018:17:17:52 -0300] "GET /examples/jsp/jsp2/simpletag/book.jsp HTTP/1.1" 200 951
186.103.159.189 - - [24/Apr/2018:17:17:55 -0300] "GET /cormun/servlet/trvisualizadoreventos? HTTP/1.1" 200 6925
186.103.159.189 - - [24/Apr/2018:17:17:55 -0300] "GET /cormun/static/gxcfg.js?20175251251426 HTTP/1.1" 304 -
186.103.159.189 - - [24/Apr/2018:17:17:56 -0300] "GET /cormun/servlet/trvisualizadoreventos? HTTP/1.1" 200 6925
186.103.159.189 - - [24/Apr/2018:17:17:58 -0300] "GET /cormun/static/menuarrow.gif HTTP/1.1" 404 1015
186.103.159.189 - - [24/Apr/2018:17:18:05 -0300] "POST /cormun/servlet/trvisualizadoreventos?7fee37f99255c92641bbb0ada86b3cb5,,gx-no-cache=1524601029730 HTTP/1.1" 200 7017
186.103.159.189 - - [24/Apr/2018:17:18:16 -0300] "POST /cormun/servlet/trvisualizadoreventos?7fee37f99255c92641bbb0ada86b3cb5,,gx-no-cache=1524601040434 HTTP/1.1" 200 7612
200.86.95.220 - - [24/Apr/2018:17:18:46 -0300] "GET /cormun/servlet/hlogin HTTP/1.1" 200 1719
200.86.95.220 - - [24/Apr/2018:17:18:46 -0300] "GET /cormun/servlet/hlogin HTTP/1.1" 200 1730
200.86.95.220 - - [24/Apr/2018:17:18:54 -0300] "POST /cormun/servlet/hlogin?ed06a95be016b36641fda2acc4541097,gx-no-cache=1524601078520 HTTP/1.1" 200 90
200.86.95.220 - - [24/Apr/2018:17:18:54 -0300] "GET /cormun/servlet/hpexe_link HTTP/1.1" 200 952
200.86.95.220 - - [24/Apr/2018:17:18:54 -0300] "GET /cormun/servlet/hhome HTTP/1.1" 200 3950
200.86.95.220 - - [24/Apr/2018:17:18:56 -0300] "GET /cormun/servlet/hhome HTTP/1.1" 200 3946
200.86.95.220 - - [24/Apr/2018:17:18:58 -0300] "GET /cormun/servlet/trpermisosgoce? HTTP/1.1" 200 9420
200.86.95.220 - - [24/Apr/2018:17:18:59 -0300] "GET /cormun/servlet/trpermisosgoce? HTTP/1.1" 200 9408
200.86.95.220 - - [24/Apr/2018:17:19:05 -0300] "GET /cormun/servlet/trpermisosadjuntos?8070203,20180423140621,P, HTTP/1.1" 200 6260
200.86.95.220 - - [24/Apr/2018:17:19:05 -0300] "GET /cormun/static/gxcfg.js?201762817193957 HTTP/1.1" 200 953
200.86.95.220 - - [24/Apr/2018:17:19:05 -0300] "GET /cormun/static/Resources/Spanish/PXTools.css?17315867 HTTP/1.1" 200 89042
200.86.95.220 - - [24/Apr/2018:17:19:05 -0300] "GET /cormun/static/trpermisosadjuntos.js?201762817194366 HTTP/1.1" 200 20158
200.86.95.220 - - [24/Apr/2018:17:19:06 -0300] "GET /cormun/servlet/trpermisosadjuntos?8070203,20180423140621,P, HTTP/1.1" 200 6260
200.86.95.220 - - [24/Apr/2018:17:19:09 -0300] "GET /cormun/servlet/permisosadjuntos?INS,8070203,P,20180423140621,, HTTP/1.1" 200 5587
200.86.95.220 - - [24/Apr/2018:17:19:09 -0300] "GET /cormun/static/gxcfg.js?201762717441171 HTTP/1.1" 200 953
200.86.95.220 - - [24/Apr/2018:17:19:09 -0300] "GET /cormun/static/permisosadjuntos.js?201762717441184 HTTP/1.1" 200 8724
200.86.95.220 - - [24/Apr/2018:17:19:09 -0300] "GET /cormun/static/about:blank HTTP/1.1" 404 1011
200.86.95.220 - - [24/Apr/2018:17:19:10 -0300] "GET /cormun/servlet/permisosadjuntos?INS,8070203,P,20180423140621,, HTTP/1.1" 200 5576
200.86.95.220 - - [24/Apr/2018:17:19:24 -0300] "POST /cormun/servlet/permisosadjuntos?ed06a95be016b36641fda2acc4541097,INS,8070203,P,20180423140621,, HTTP/1.1" 200 116
200.86.95.220 - - [24/Apr/2018:17:19:24 -0300] "GET /cormun/servlet/hpexe_return? HTTP/1.1" 200 1038
200.86.95.220 - - [24/Apr/2018:17:19:25 -0300] "GET /cormun/servlet/trpermisosadjuntos?8070203,20180423140621,P, HTTP/1.1" 200 6725
200.86.95.220 - - [24/Apr/2018:17:19:26 -0300] "GET /cormun/servlet/trpermisosadjuntos?8070203,20180423140621,P, HTTP/1.1" 200 6724
200.86.95.220 - - [24/Apr/2018:17:19:29 -0300] "POST /cormun/servlet/trpermisosadjuntos?ed06a95be016b36641fda2acc4541097,8070203,20180423140621,P,,gx-no-cache=1524601113051 HTTP/1.1" 200 90
200.86.95.220 - - [24/Apr/2018:17:19:29 -0300] "GET /cormun/servlet/hpexe_link HTTP/1.1" 200 984
200.86.95.220 - - [24/Apr/2018:17:19:29 -0300] "GET /cormun/servlet/trpermisosgoce HTTP/1.1" 200 9419
200.86.95.220 - - [24/Apr/2018:17:19:30 -0300] "GET /cormun/servlet/trpermisosgoce HTTP/1.1" 200 9418
200.86.95.220 - - [24/Apr/2018:17:19:33 -0300] "GET /cormun/servlet/trpermisosadjuntos?15754372,20180423155749,P, HTTP/1.1" 200 6268
200.86.95.220 - - [24/Apr/2018:17:19:34 -0300] "GET /cormun/servlet/trpermisosadjuntos?15754372,20180423155749,P, HTTP/1.1" 200 6268
200.86.95.220 - - [24/Apr/2018:17:19:36 -0300] "GET /cormun/servlet/permisosadjuntos?INS,15754372,P,20180423155749,, HTTP/1.1" 200 5596
200.86.95.220 - - [24/Apr/2018:17:19:36 -0300] "GET /cormun/static/about:blank HTTP/1.1" 404 1011
200.86.95.220 - - [24/Apr/2018:17:19:37 -0300] "GET /cormun/servlet/permisosadjuntos?INS,15754372,P,20180423155749,, HTTP/1.1" 200 5586
200.86.95.220 - - [24/Apr/2018:17:19:46 -0300] "POST /cormun/servlet/permisosadjuntos?ed06a95be016b36641fda2acc4541097,INS,15754372,P,20180423155749,, HTTP/1.1" 200 116
200.86.95.220 - - [24/Apr/2018:17:19:46 -0300] "GET /cormun/servlet/hpexe_return? HTTP/1.1" 200 1039
200.86.95.220 - - [24/Apr/2018:17:19:46 -0300] "GET /cormun/servlet/trpermisosadjuntos?15754372,20180423155749,P, HTTP/1.1" 200 6737
200.86.95.220 - - [24/Apr/2018:17:19:47 -0300] "GET /cormun/servlet/trpermisosadjuntos?15754372,20180423155749,P, HTTP/1.1" 200 6733
200.86.95.220 - - [24/Apr/2018:17:19:50 -0300] "POST /cormun/servlet/trpermisosadjuntos?ed06a95be016b36641fda2acc4541097,15754372,20180423155749,P,,gx-no-cache=1524601134780 HTTP/1.1" 200 90
200.86.95.220 - - [24/Apr/2018:17:19:50 -0300] "GET /cormun/servlet/hpexe_link HTTP/1.1" 200 984
200.86.95.220 - - [24/Apr/2018:17:19:51 -0300] "GET /cormun/servlet/trpermisosgoce HTTP/1.1" 200 9426
200.86.95.220 - - [24/Apr/2018:17:19:52 -0300] "GET /cormun/servlet/trpermisosgoce HTTP/1.1" 200 9418
200.86.95.220 - - [24/Apr/2018:17:19:57 -0300] "POST /cormun/servlet/trpermisosgoce?ed06a95be016b36641fda2acc4541097,gx-no-cache=1524601140773 HTTP/1.1" 200 6657
200.86.95.220 - - [24/Apr/2018:17:19:57 -0300] "GET /cormun/static/Shared/jqueryui/images/ui-bg_highlight-soft_100_c6c2c8_1x100.png HTTP/1.1" 404 1117
200.86.95.220 - - [24/Apr/2018:17:19:57 -0300] "GET /cormun/static/Shared/jqueryui/images/ui-icons_82798d_256x240.png HTTP/1.1" 404 1089
200.86.95.220 - - [24/Apr/2018:17:19:57 -0300] "GET /cormun/static/Shared/jqueryui/images/ui-bg_flat_55_fafafa_40x100.png HTTP/1.1" 404 1097
200.86.95.220 - - [24/Apr/2018:17:19:57 -0300] "GET /cormun/static/Shared/jqueryui/images/ui-icons_8d78a5_256x240.png HTTP/1.1" 404 1089
200.86.95.220 - - [24/Apr/2018:17:20:01 -0300] "POST /cormun/servlet/trpermisosgoce?ed06a95be016b36641fda2acc4541097,gx-no-cache=1524601145144 HTTP/1.1" 200 6619
