200.86.237.19 - - [24/Apr/2018:14:12:25 -0300] "GET /cormun/static/PXToolsJavascripts/pexe_scrolldiv.js HTTP/1.1" 200 4138
200.86.237.19 - - [24/Apr/2018:14:12:25 -0300] "GET /cormun/static/PXToolsJavascripts/pexe_picture.js HTTP/1.1" 200 689
200.86.237.19 - - [24/Apr/2018:14:12:25 -0300] "GET /cormun/static/PXToolsJavascripts/pexe_oav.js HTTP/1.1" 200 645
200.86.237.19 - - [24/Apr/2018:14:12:26 -0300] "GET /cormun/static/PXToolsJavascripts/pexe_tabdivfix.js HTTP/1.1" 200 876
200.86.237.19 - - [24/Apr/2018:14:12:26 -0300] "GET /cormun/static/PXToolsJavascripts/pexe_tabs.js HTTP/1.1" 200 3748
200.86.237.19 - - [24/Apr/2018:14:12:26 -0300] "GET /cormun/static/PXToolsJavascripts/pexe_upload.js HTTP/1.1" 200 1423
200.86.237.19 - - [24/Apr/2018:14:12:26 -0300] "GET /cormun/static/PXToolsJavascripts/PXToolsJavascriptsRender.js HTTP/1.1" 200 367
200.86.237.19 - - [24/Apr/2018:14:12:29 -0300] "GET /cormun/static/RunJS/RunJS.js HTTP/1.1" 200 288
200.86.237.19 - - [24/Apr/2018:14:12:29 -0300] "GET /cormun/static/Shared/ext/locale/ext-lang-en.js HTTP/1.1" 200 10940
200.86.237.19 - - [24/Apr/2018:14:12:29 -0300] "GET /cormun/static/hwchdr01.js?201752511465785 HTTP/1.1" 200 1183
200.86.237.19 - - [24/Apr/2018:14:12:29 -0300] "GET /cormun/static/hhome.js?20175251212450 HTTP/1.1" 200 777
200.86.237.19 - - [24/Apr/2018:14:12:29 -0300] "GET /cormun/static/Resources/PXToolsFooterBackground2.png HTTP/1.1" 200 1172
200.86.237.19 - - [24/Apr/2018:14:12:29 -0300] "GET /cormun/static/gxui/gxui-all.js HTTP/1.1" 200 107772
200.86.237.19 - - [24/Apr/2018:14:12:29 -0300] "GET /cormun/static/Resources/PXToolsDataTitle.png HTTP/1.1" 200 1173
200.86.237.19 - - [24/Apr/2018:14:12:29 -0300] "GET /cormun/static/Resources/PXToolsHeaderBackground2.png HTTP/1.1" 200 1174
200.86.237.19 - - [24/Apr/2018:14:12:29 -0300] "GET /cormun/static/Resources/PXToolsHeaderHome.png HTTP/1.1" 200 4147
200.112.233.47 - - [24/Apr/2018:14:12:30 -0300] "GET /cormun/servlet/solicitudotadjuntos?c953c4707d79754fba8baba4c38ab3695bd1c4be621bcba9c0c142bac0683232,gx-no-cache=1524589893581 HTTP/1.1" 200 30
200.112.233.47 - - [24/Apr/2018:14:12:30 -0300] "GET /cormun/servlet/solicitudotadjuntos?c953c4707d79754fba8baba4c38ab3695bd1c4be621bcba9c0c142bac0683232,gx-no-cache=1524589893645 HTTP/1.1" 200 30
200.86.237.19 - - [24/Apr/2018:14:12:30 -0300] "GET /cormun/static/Resources/PXToolsHeaderActionsBackground.png HTTP/1.1" 200 484
200.112.233.47 - - [24/Apr/2018:14:12:30 -0300] "POST /cormun/servlet/solicitudotadjuntos?54105cb5ff08ae2701d9ceee19b258cc,INS,2018,11194,,1, HTTP/1.1" 200 116
200.112.233.47 - - [24/Apr/2018:14:12:30 -0300] "GET /cormun/servlet/hpexe_return? HTTP/1.1" 200 1024
200.86.237.19 - - [24/Apr/2018:14:12:30 -0300] "GET /cormun/static/Resources/PXToolsHeaderActionsLeft.png HTTP/1.1" 200 1118
200.112.233.47 - - [24/Apr/2018:14:12:30 -0300] "GET /cormun/servlet/trsolicitudadjuntos?2018,11194, HTTP/1.1" 200 9193
200.86.237.19 - - [24/Apr/2018:14:12:31 -0300] "GET /cormun/static/Resources/PXToolsHeaderLogin.png HTTP/1.1" 200 4279
200.86.237.19 - - [24/Apr/2018:14:12:31 -0300] "GET /cormun/static/Resources/PXToolsHeaderPreferences.png HTTP/1.1" 200 4189
200.86.237.19 - - [24/Apr/2018:14:12:31 -0300] "GET /cormun/static/Resources/PXToolsHeaderSecurity.png HTTP/1.1" 200 4166
200.86.237.19 - - [24/Apr/2018:14:12:31 -0300] "GET /cormun/static/Resources/PXToolsHeaderActionsRight.png HTTP/1.1" 200 1201
200.86.237.19 - - [24/Apr/2018:14:12:31 -0300] "GET /cormun/static/Resources/logo4.png HTTP/1.1" 200 6582
200.112.233.47 - - [24/Apr/2018:14:12:31 -0300] "GET /cormun/servlet/trsolicitudadjuntos?2018,11194, HTTP/1.1" 200 9191
200.86.237.19 - - [24/Apr/2018:14:12:32 -0300] "GET /cormun/static/hpexe_recentlink.js?20177611595044 HTTP/1.1" 200 2144
200.86.237.19 - - [24/Apr/2018:14:12:32 -0300] "GET /cormun/static/hpexe_scripts.js?201752511465715 HTTP/1.1" 200 1544
200.86.237.19 - - [24/Apr/2018:14:12:32 -0300] "GET /cormun/static/hpexe_messagepopupcomponent.js?20161017169425 HTTP/1.1" 200 605
200.86.237.19 - - [24/Apr/2018:14:12:32 -0300] "GET /cormun/static/hpexe_messagecontroller.js?20177611595012 HTTP/1.1" 200 870
200.86.237.19 - - [24/Apr/2018:14:12:32 -0300] "GET /cormun/static/hpexe_messagegenexuscomponent.js?201752511465344 HTTP/1.1" 200 587
200.86.237.19 - - [24/Apr/2018:14:12:32 -0300] "GET /cormun/static/Shared/ext/ext-all.js HTTP/1.1" 200 1289687
200.86.237.19 - - [24/Apr/2018:14:12:33 -0300] "GET /cormun/static/cmcontrolpreferences.js?201752511465670 HTTP/1.1" 200 1375
200.112.233.47 - - [24/Apr/2018:14:12:33 -0300] "GET /cormun/servlet/solicitudotadjuntos?INS,2018,11194,,1, HTTP/1.1" 200 6261
200.112.233.47 - - [24/Apr/2018:14:12:33 -0300] "GET /cormun/static/about:blank HTTP/1.1" 404 1011
200.112.233.47 - - [24/Apr/2018:14:12:33 -0300] "GET /cormun/servlet/solicitudotadjuntos?INS,2018,11194,,1, HTTP/1.1" 200 6254
200.86.237.19 - - [24/Apr/2018:14:12:33 -0300] "GET /cormun/static/Shared/jquery/jquery-1.4.2.min.js HTTP/1.1" 200 72174
200.86.237.19 - - [24/Apr/2018:14:12:33 -0300] "GET /cormun/static/SmoothNavMenu/resources/ddsmoothmenu.js HTTP/1.1" 200 12712
200.86.237.19 - - [24/Apr/2018:14:12:33 -0300] "GET /cormun/static/SmoothNavMenu/resources/SmoothNavMenuRender.js HTTP/1.1" 200 5951
200.86.237.19 - - [24/Apr/2018:14:12:34 -0300] "GET /cormun/static/Shared/jquery/jquery-1.10.2.min.js HTTP/1.1" 200 273199
200.86.237.19 - - [24/Apr/2018:14:12:34 -0300] "GET /cormun/static/Shared/jqueryui/jquery-ui.min.js HTTP/1.1" 200 240427
200.86.237.19 - - [24/Apr/2018:14:12:34 -0300] "GET /cormun/static/scaMessage/js/jquery.pnotify.min.js HTTP/1.1" 200 13038
200.112.233.47 - - [24/Apr/2018:14:12:34 -0300] "GET /cormun/servlet/solicitudotadjuntos?c953c4707d79754fba8baba4c38ab36956b0ba1f165bc35082dd4dc6b97c8b24279b0b37f2357b76c9fd7a35634dee8c,gx-no-cache=1524589897796 HTTP/1.1" 200 30
200.112.233.47 - - [24/Apr/2018:14:12:35 -0300] "POST /cormun/servlet/solicitudotadjuntos?54105cb5ff08ae2701d9ceee19b258cc,INS,2018,11194,,1,,gx-no-cache=1524589898124 HTTP/1.1" 200 3994
200.86.237.19 - - [24/Apr/2018:14:12:35 -0300] "GET /cormun/static/scaMessage/scaMessageRender.js HTTP/1.1" 200 11977
200.86.237.19 - - [24/Apr/2018:14:12:35 -0300] "GET /cormun/static/hmpwkw03.js?20177612122668 HTTP/1.1" 200 3965
200.86.237.19 - - [24/Apr/2018:14:12:36 -0300] "GET /cormun/static/SmoothNavMenu/resources/images/down.gif HTTP/1.1" 200 854
200.86.237.19 - - [24/Apr/2018:14:12:36 -0300] "GET /cormun/servlet/hhome HTTP/1.1" 200 3876
200.112.233.47 - - [24/Apr/2018:14:12:40 -0300] "POST /cormun/servlet/solicitudotadjuntos?gx-no-cache=1524589903676 HTTP/1.1" 200 26
200.112.233.47 - - [24/Apr/2018:14:12:47 -0300] "GET /cormun/servlet/solicitudotadjuntos?c953c4707d79754fba8baba4c38ab3695bd1c4be621bcba9c0c142bac0683232,gx-no-cache=1524589911381 HTTP/1.1" 200 30
200.112.233.47 - - [24/Apr/2018:14:12:47 -0300] "GET /cormun/servlet/solicitudotadjuntos?c953c4707d79754fba8baba4c38ab3695bd1c4be621bcba9c0c142bac0683232,gx-no-cache=1524589911474 HTTP/1.1" 200 30
200.112.233.47 - - [24/Apr/2018:14:12:48 -0300] "POST /cormun/servlet/solicitudotadjuntos?54105cb5ff08ae2701d9ceee19b258cc,INS,2018,11194,,1, HTTP/1.1" 200 116
200.112.233.47 - - [24/Apr/2018:14:12:48 -0300] "GET /cormun/servlet/hpexe_return? HTTP/1.1" 200 1024
200.112.233.47 - - [24/Apr/2018:14:12:48 -0300] "GET /cormun/servlet/trsolicitudadjuntos?2018,11194, HTTP/1.1" 200 9420
200.112.233.47 - - [24/Apr/2018:14:12:49 -0300] "GET /cormun/servlet/trsolicitudadjuntos?2018,11194, HTTP/1.1" 200 9418
200.86.237.19 - - [24/Apr/2018:14:12:49 -0300] "GET /cormun/servlet/trsolicitudot? HTTP/1.1" 200 7094
200.86.237.19 - - [24/Apr/2018:14:12:49 -0300] "GET /cormun/static/gxui/gxui-all.css?120300 HTTP/1.1" 200 2179
200.86.237.19 - - [24/Apr/2018:14:12:49 -0300] "GET /cormun/static/calendar-system.css?85620 HTTP/1.1" 200 5572
200.86.237.19 - - [24/Apr/2018:14:12:49 -0300] "GET /cormun/static/gxcfg.js?2017111422585916 HTTP/1.1" 200 953
200.86.237.19 - - [24/Apr/2018:14:12:49 -0300] "GET /cormun/static/calendar.js?85251 HTTP/1.1" 200 26246
200.86.237.19 - - [24/Apr/2018:14:12:49 -0300] "GET /cormun/static/calendar-setup.js?85251 HTTP/1.1" 200 2588
200.86.237.19 - - [24/Apr/2018:14:12:49 -0300] "GET /cormun/static/Shared/ext/resources/css/ext-all.css?215870 HTTP/1.1" 200 416045
200.86.237.19 - - [24/Apr/2018:14:12:49 -0300] "GET /cormun/static/Resources/Spanish/PXTools.css?1255365 HTTP/1.1" 200 89042
200.86.237.19 - - [24/Apr/2018:14:12:50 -0300] "GET /cormun/static/calendar-es.js?85251 HTTP/1.1" 200 1901
200.86.237.19 - - [24/Apr/2018:14:12:51 -0300] "GET /cormun/static/gxdec.js?85251 HTTP/1.1" 200 19579
200.86.237.19 - - [24/Apr/2018:14:12:51 -0300] "GET /cormun/static/trsolicitudot.js?201711142259839 HTTP/1.1" 200 54041
200.112.233.47 - - [24/Apr/2018:14:12:51 -0300] "GET /cormun/servlet/solicitudotadjuntos?INS,2018,11194,,1, HTTP/1.1" 200 6261
200.112.233.47 - - [24/Apr/2018:14:12:52 -0300] "GET /cormun/static/about:blank HTTP/1.1" 404 1011
200.112.233.47 - - [24/Apr/2018:14:12:52 -0300] "GET /cormun/servlet/solicitudotadjuntos?INS,2018,11194,,1, HTTP/1.1" 200 6254
200.86.237.19 - - [24/Apr/2018:14:12:52 -0300] "GET /cormun/static/Resources/PXTools/calendar.png HTTP/1.1" 200 1306
200.112.233.47 - - [24/Apr/2018:14:12:52 -0300] "GET /cormun/servlet/solicitudotadjuntos?c953c4707d79754fba8baba4c38ab36956b0ba1f165bc35082dd4dc6b97c8b24279b0b37f2357b76c9fd7a35634dee8c,gx-no-cache=1524589916369 HTTP/1.1" 200 30
200.86.237.19 - - [24/Apr/2018:14:12:52 -0300] "GET /cormun/static/Resources/PXToolsDataSearch.png HTTP/1.1" 200 419
200.86.237.19 - - [24/Apr/2018:14:12:53 -0300] "GET /cormun/static/Resources/PXToolsGridFirstDisabled.gif HTTP/1.1" 200 100
200.112.233.47 - - [24/Apr/2018:14:12:53 -0300] "POST /cormun/servlet/solicitudotadjuntos?54105cb5ff08ae2701d9ceee19b258cc,INS,2018,11194,,1,,gx-no-cache=1524589916420 HTTP/1.1" 200 3994
200.86.237.19 - - [24/Apr/2018:14:12:53 -0300] "GET /cormun/static/Resources/PXToolsGridPreviousDisabled.gif HTTP/1.1" 200 90
200.86.237.19 - - [24/Apr/2018:14:12:53 -0300] "GET /cormun/static/Resources/PXToolsGridNextDisabled.gif HTTP/1.1" 200 90
200.86.237.19 - - [24/Apr/2018:14:12:54 -0300] "GET /cormun/static/Resources/PXToolsGridLastDisabled.gif HTTP/1.1" 200 98
200.86.237.19 - - [24/Apr/2018:14:12:54 -0300] "GET /cormun/static/Resources/PXToolsGridNew.png HTTP/1.1" 200 2949
200.86.237.19 - - [24/Apr/2018:14:12:54 -0300] "GET /cormun/static/Resources/PXToolsActionExcel.png HTTP/1.1" 200 3187
200.86.237.19 - - [24/Apr/2018:14:12:54 -0300] "GET /cormun/static/Resources/PXToolsGridPage.gif HTTP/1.1" 200 725
200.86.237.19 - - [24/Apr/2018:14:12:56 -0300] "GET /cormun/static/Resources/asc.gif HTTP/1.1" 200 67
200.86.237.19 - - [24/Apr/2018:14:12:56 -0300] "GET /cormun/static/Resources/desc.gif HTTP/1.1" 200 65
200.86.237.19 - - [24/Apr/2018:14:12:56 -0300] "GET /cormun/static/Shared/ext/resources/themes/images/default/panel/bg-headersPanel.png HTTP/1.1" 200 255
200.86.237.19 - - [24/Apr/2018:14:12:56 -0300] "GET /cormun/static/Shared/ext/resources/themes/images/default/tools/tool-sprites.gif HTTP/1.1" 200 5434
200.86.237.19 - - [24/Apr/2018:14:12:56 -0300] "GET /cormun/servlet/trsolicitudot? HTTP/1.1" 200 7093
200.112.233.47 - - [24/Apr/2018:14:12:57 -0300] "POST /cormun/servlet/solicitudotadjuntos?gx-no-cache=1524589921188 HTTP/1.1" 200 26
200.112.233.47 - - [24/Apr/2018:14:13:06 -0300] "GET /cormun/servlet/solicitudotadjuntos?c953c4707d79754fba8baba4c38ab3695bd1c4be621bcba9c0c142bac0683232,gx-no-cache=1524589930360 HTTP/1.1" 200 30
200.112.233.47 - - [24/Apr/2018:14:13:06 -0300] "GET /cormun/servlet/solicitudotadjuntos?c953c4707d79754fba8baba4c38ab3695bd1c4be621bcba9c0c142bac0683232,gx-no-cache=1524589930397 HTTP/1.1" 200 30
200.112.233.47 - - [24/Apr/2018:14:13:07 -0300] "POST /cormun/servlet/solicitudotadjuntos?54105cb5ff08ae2701d9ceee19b258cc,INS,2018,11194,,1, HTTP/1.1" 200 116
200.112.233.47 - - [24/Apr/2018:14:13:07 -0300] "GET /cormun/servlet/hpexe_return? HTTP/1.1" 200 1024
200.112.233.47 - - [24/Apr/2018:14:13:07 -0300] "GET /cormun/servlet/trsolicitudadjuntos?2018,11194, HTTP/1.1" 200 9633
200.112.233.47 - - [24/Apr/2018:14:13:08 -0300] "GET /cormun/servlet/trsolicitudadjuntos?2018,11194, HTTP/1.1" 200 9633
200.86.237.19 - - [24/Apr/2018:14:13:10 -0300] "GET /cormun/servlet/trlicencias? HTTP/1.1" 200 13450
200.86.237.19 - - [24/Apr/2018:14:13:11 -0300] "GET /cormun/static/gxui/gxui-all.css?110300 HTTP/1.1" 200 2179
200.86.237.19 - - [24/Apr/2018:14:13:11 -0300] "GET /cormun/static/calendar-system.css?75620 HTTP/1.1" 200 5572
200.86.237.19 - - [24/Apr/2018:14:13:11 -0300] "GET /cormun/static/Resources/Spanish/PXTools.css?17315867 HTTP/1.1" 200 89042
200.86.237.19 - - [24/Apr/2018:14:13:11 -0300] "GET /cormun/static/gxcfg.js?20176272054169 HTTP/1.1" 200 953
200.86.237.19 - - [24/Apr/2018:14:13:11 -0300] "GET /cormun/static/trlicencias.js?20176272054837 HTTP/1.1" 200 41883
200.86.237.19 - - [24/Apr/2018:14:13:11 -0300] "GET /cormun/static/Shared/ext/resources/css/ext-all.css?205870 HTTP/1.1" 200 416045
200.86.237.19 - - [24/Apr/2018:14:13:12 -0300] "GET /cormun//static/Resources/PXToolsActionDisabled.gif HTTP/1.1" 200 53
200.86.237.19 - - [24/Apr/2018:14:13:12 -0300] "GET /cormun//static/Resources/PXTools/ActionInsert.png HTTP/1.1" 200 1482
200.86.237.19 - - [24/Apr/2018:14:13:12 -0300] "GET /cormun//static/Resources/PXToolsActionPrint.png HTTP/1.1" 200 3317
200.86.237.19 - - [24/Apr/2018:14:13:12 -0300] "GET /cormun//static/Resources/PXToolsHeaderFavorites.png HTTP/1.1" 200 2744
200.86.237.19 - - [24/Apr/2018:14:13:12 -0300] "GET /cormun//static/Resources/PXToolsHeaderHelp.png HTTP/1.1" 200 4055
200.86.237.19 - - [24/Apr/2018:14:13:12 -0300] "GET /cormun//static/Resources/PXToolsGridDisplay.png HTTP/1.1" 200 362
200.86.237.19 - - [24/Apr/2018:14:13:12 -0300] "GET /cormun/servlet/trlicencias? HTTP/1.1" 200 13449
200.112.233.47 - - [24/Apr/2018:14:13:13 -0300] "GET /cormun/servlet/solicitudotadjuntos?INS,2018,11194,,1, HTTP/1.1" 200 6260
200.112.233.47 - - [24/Apr/2018:14:13:13 -0300] "GET /cormun/static/about:blank HTTP/1.1" 404 1011
200.112.233.47 - - [24/Apr/2018:14:13:14 -0300] "GET /cormun/servlet/solicitudotadjuntos?INS,2018,11194,,1, HTTP/1.1" 200 6253
200.112.233.47 - - [24/Apr/2018:14:13:14 -0300] "GET /cormun/servlet/solicitudotadjuntos?c953c4707d79754fba8baba4c38ab36956b0ba1f165bc35082dd4dc6b97c8b24279b0b37f2357b76c9fd7a35634dee8c,gx-no-cache=1524589938111 HTTP/1.1" 200 30
200.112.233.47 - - [24/Apr/2018:14:13:15 -0300] "POST /cormun/servlet/solicitudotadjuntos?54105cb5ff08ae2701d9ceee19b258cc,INS,2018,11194,,1,,gx-no-cache=1524589938159 HTTP/1.1" 200 3992
200.112.233.47 - - [24/Apr/2018:14:13:18 -0300] "POST /cormun/servlet/solicitudotadjuntos?gx-no-cache=1524589942568 HTTP/1.1" 200 26
200.86.237.19 - - [24/Apr/2018:14:13:31 -0300] "GET /cormun/servlet/licenciaspermisos?DSP,15105682,L,20180424000000, HTTP/1.1" 200 6990
200.86.237.19 - - [24/Apr/2018:14:13:31 -0300] "GET /cormun/static/gxcfg.js?201762917281167 HTTP/1.1" 200 953
200.86.237.19 - - [24/Apr/2018:14:13:31 -0300] "GET /cormun/static/licenciaspermisos.js?201762917281260 HTTP/1.1" 200 37491
200.86.237.19 - - [24/Apr/2018:14:13:31 -0300] "GET /cormun/static/Resources/prompt.gif HTTP/1.1" 200 902
200.86.237.19 - - [24/Apr/2018:14:13:31 -0300] "GET /cormun/servlet/licenciaspermisos?DSP,15105682,L,20180424000000, HTTP/1.1" 200 6989
200.112.233.47 - - [24/Apr/2018:14:13:35 -0300] "GET /cormun/servlet/solicitudotadjuntos?c953c4707d79754fba8baba4c38ab3695bd1c4be621bcba9c0c142bac0683232,gx-no-cache=1524589958744 HTTP/1.1" 200 30
200.112.233.47 - - [24/Apr/2018:14:13:35 -0300] "GET /cormun/servlet/solicitudotadjuntos?c953c4707d79754fba8baba4c38ab3695bd1c4be621bcba9c0c142bac0683232,gx-no-cache=1524589958793 HTTP/1.1" 200 30
200.112.233.47 - - [24/Apr/2018:14:13:36 -0300] "POST /cormun/servlet/solicitudotadjuntos?54105cb5ff08ae2701d9ceee19b258cc,INS,2018,11194,,1, HTTP/1.1" 200 116
200.112.233.47 - - [24/Apr/2018:14:13:36 -0300] "GET /cormun/servlet/hpexe_return? HTTP/1.1" 200 1024
200.112.233.47 - - [24/Apr/2018:14:13:36 -0300] "GET /cormun/servlet/trsolicitudadjuntos?2018,11194, HTTP/1.1" 200 9900
200.112.233.47 - - [24/Apr/2018:14:13:37 -0300] "GET /cormun/servlet/trsolicitudadjuntos?2018,11194, HTTP/1.1" 200 9899
200.86.237.19 - - [24/Apr/2018:14:13:40 -0300] "GET /favicon.ico HTTP/1.1" 200 21630
200.112.233.47 - - [24/Apr/2018:14:13:52 -0300] "GET /cormun/servlet/solicitudotadjuntos?INS,2018,11194,,2, HTTP/1.1" 200 6259
200.112.233.47 - - [24/Apr/2018:14:13:52 -0300] "GET /cormun/static/about:blank HTTP/1.1" 404 1011
200.112.233.47 - - [24/Apr/2018:14:13:52 -0300] "GET /cormun/servlet/solicitudotadjuntos?INS,2018,11194,,2, HTTP/1.1" 200 6252
200.112.233.47 - - [24/Apr/2018:14:13:52 -0300] "GET /cormun/servlet/solicitudotadjuntos?c953c4707d79754fba8baba4c38ab36956b0ba1f165bc35082dd4dc6b97c8b24279b0b37f2357b76c9fd7a35634dee8c,gx-no-cache=1524589976534 HTTP/1.1" 200 30
200.112.233.47 - - [24/Apr/2018:14:13:53 -0300] "POST /cormun/servlet/solicitudotadjuntos?54105cb5ff08ae2701d9ceee19b258cc,INS,2018,11194,,2,,gx-no-cache=1524589976568 HTTP/1.1" 200 4209
200.86.237.19 - - [24/Apr/2018:14:14:08 -0300] "POST /cormun/servlet/licenciaspermisos?ce50e4032beadde1ad3b944f508e6c3d,DSP,15105682,L,20180424000000,,gx-no-cache=1524589956013 HTTP/1.1" 200 93
200.86.237.19 - - [24/Apr/2018:14:14:08 -0300] "GET /cormun/servlet/hpexe_return? HTTP/1.1" 200 1030
200.86.237.19 - - [24/Apr/2018:14:14:08 -0300] "GET /cormun/static/Resources/Spanish/PXTools.css?167811 HTTP/1.1" 200 89042
200.86.237.19 - - [24/Apr/2018:14:14:08 -0300] "GET /cormun/static/gxcfg.js?2016101716175148 HTTP/1.1" 200 953
200.86.237.19 - - [24/Apr/2018:14:14:08 -0300] "GET /cormun/static/hpexe_return.js?2016101716175153 HTTP/1.1" 200 1633
200.86.237.19 - - [24/Apr/2018:14:14:08 -0300] "GET /cormun/servlet/trlicencias HTTP/1.1" 200 13454
200.86.237.19 - - [24/Apr/2018:14:14:09 -0300] "GET /cormun/servlet/trlicencias HTTP/1.1" 200 13442
200.112.233.47 - - [24/Apr/2018:14:14:15 -0300] "POST /cormun/servlet/solicitudotadjuntos?54105cb5ff08ae2701d9ceee19b258cc,INS,2018,11194,,2,,gx-no-cache=1524589999180 HTTP/1.1" 200 90
200.112.233.47 - - [24/Apr/2018:14:14:15 -0300] "GET /cormun/servlet/hpexe_link HTTP/1.1" 200 980
200.112.233.47 - - [24/Apr/2018:14:14:16 -0300] "GET /cormun/servlet/trsolicitudadjuntos?2018,11194, HTTP/1.1" 200 9895
200.112.233.47 - - [24/Apr/2018:14:14:16 -0300] "GET /cormun/servlet/trsolicitudadjuntos?2018,11194, HTTP/1.1" 200 9897
200.112.233.47 - - [24/Apr/2018:14:14:19 -0300] "POST /cormun/servlet/trsolicitudadjuntos?54105cb5ff08ae2701d9ceee19b258cc,2018,11194,,gx-no-cache=1524590003071 HTTP/1.1" 200 90
200.112.233.47 - - [24/Apr/2018:14:14:19 -0300] "GET /cormun/servlet/hpexe_link HTTP/1.1" 200 968
200.112.233.47 - - [24/Apr/2018:14:14:19 -0300] "GET /cormun/servlet/trsolicitudot HTTP/1.1" 200 10985
200.112.233.47 - - [24/Apr/2018:14:14:20 -0300] "GET /cormun/servlet/trsolicitudot HTTP/1.1" 200 10984
200.86.237.19 - - [24/Apr/2018:14:14:21 -0300] "GET /cormun/servlet/licenciaspermisos?DSP,17476872,L,20180409000000, HTTP/1.1" 200 6992
200.86.237.19 - - [24/Apr/2018:14:14:22 -0300] "GET /cormun/servlet/licenciaspermisos?DSP,17476872,L,20180409000000, HTTP/1.1" 200 6991
200.86.237.19 - - [24/Apr/2018:14:14:37 -0300] "POST /cormun/servlet/licenciaspermisos?ce50e4032beadde1ad3b944f508e6c3d,DSP,17476872,L,20180409000000,,gx-no-cache=1524589985610 HTTP/1.1" 200 93
200.86.237.19 - - [24/Apr/2018:14:14:37 -0300] "GET /cormun/servlet/hpexe_return? HTTP/1.1" 200 1030
200.86.237.19 - - [24/Apr/2018:14:14:38 -0300] "GET /cormun/servlet/trlicencias HTTP/1.1" 200 13447
200.112.233.47 - - [24/Apr/2018:14:14:38 -0300] "POST /cormun/servlet/trsolicitudot?54105cb5ff08ae2701d9ceee19b258cc,gx-no-cache=1524590022031 HTTP/1.1" 200 7710
200.112.233.47 - - [24/Apr/2018:14:14:38 -0300] "GET /cormun/static/Shared/jqueryui/images/ui-icons_82798d_256x240.png HTTP/1.1" 404 1089
200.112.233.47 - - [24/Apr/2018:14:14:38 -0300] "GET /cormun/static/Shared/jqueryui/images/ui-bg_highlight-soft_100_c6c2c8_1x100.png HTTP/1.1" 404 1117
200.112.233.47 - - [24/Apr/2018:14:14:38 -0300] "GET /cormun/static/Shared/jqueryui/images/ui-bg_flat_55_fafafa_40x100.png HTTP/1.1" 404 1097
200.112.233.47 - - [24/Apr/2018:14:14:38 -0300] "GET /cormun/static/Shared/jqueryui/images/ui-icons_8d78a5_256x240.png HTTP/1.1" 404 1089
200.112.233.47 - - [24/Apr/2018:14:14:38 -0300] "POST /cormun/servlet/trsolicitudot?54105cb5ff08ae2701d9ceee19b258cc,gx-no-cache=1524590022412 HTTP/1.1" 200 7653
200.86.237.19 - - [24/Apr/2018:14:14:39 -0300] "GET /cormun/servlet/trlicencias HTTP/1.1" 200 13442
200.86.237.19 - - [24/Apr/2018:14:16:22 -0300] "GET /cormun/servlet/trsolicitudot? HTTP/1.1" 200 7093
200.86.237.19 - - [24/Apr/2018:14:16:23 -0300] "GET /cormun/servlet/trsolicitudot? HTTP/1.1" 200 7093
200.86.237.19 - - [24/Apr/2018:14:16:31 -0300] "GET /cormun/static/menuarrow.gif HTTP/1.1" 404 1015
200.86.237.19 - - [24/Apr/2018:14:16:47 -0300] "POST /cormun/servlet/trsolicitudot?ce50e4032beadde1ad3b944f508e6c3d,,gx-no-cache=1524590115626 HTTP/1.1" 200 6498
200.86.237.19 - - [24/Apr/2018:14:16:47 -0300] "GET /cormun//static/Resources/PXToolsActionView.png HTTP/1.1" 200 2995
200.86.237.19 - - [24/Apr/2018:14:16:47 -0300] "GET /cormun//static/Resources/PXToolsGridUpdate.png HTTP/1.1" 200 2984
200.86.237.19 - - [24/Apr/2018:14:16:47 -0300] "GET /cormun//static/Resources/PXToolsGridDelete.png HTTP/1.1" 200 357
200.86.237.19 - - [24/Apr/2018:14:16:47 -0300] "GET /cormun//static/Resources/PXToolsRemoveAllAction.png HTTP/1.1" 200 3558
200.86.237.19 - - [24/Apr/2018:14:16:59 -0300] "POST /cormun/servlet/trsolicitudot?ce50e4032beadde1ad3b944f508e6c3d,,gx-no-cache=1524590127463 HTTP/1.1" 200 6476
190.100.93.40 - - [24/Apr/2018:14:17:06 -0300] "GET /cormun/servlet/hlogin HTTP/1.1" 200 1714
190.100.93.40 - - [24/Apr/2018:14:17:08 -0300] "POST /cormun/servlet/hlogin?1fcef4a5c348a5c3deb8a5d091061bea,gx-no-cache=1524590172080 HTTP/1.1" 200 90
190.100.93.40 - - [24/Apr/2018:14:17:08 -0300] "GET /cormun/servlet/hpexe_link HTTP/1.1" 200 946
190.100.93.40 - - [24/Apr/2018:14:17:08 -0300] "GET /cormun/servlet/hhome HTTP/1.1" 200 4344
190.100.93.40 - - [24/Apr/2018:14:17:08 -0300] "GET /cormun/servlet/hhome HTTP/1.1" 200 4340
200.86.237.19 - - [24/Apr/2018:14:17:09 -0300] "POST /cormun/servlet/trsolicitudot?ce50e4032beadde1ad3b944f508e6c3d,,gx-no-cache=1524590137491 HTTP/1.1" 200 6476
190.100.93.40 - - [24/Apr/2018:14:17:13 -0300] "GET /cormun/servlet/trpermisosgoce? HTTP/1.1" 200 10291
190.100.93.40 - - [24/Apr/2018:14:17:13 -0300] "GET /cormun/servlet/trpermisosgoce? HTTP/1.1" 200 10287
190.100.93.40 - - [24/Apr/2018:14:17:16 -0300] "GET /cormun/servlet/permisogoce?INS,0,,, HTTP/1.1" 200 7203
190.100.93.40 - - [24/Apr/2018:14:17:17 -0300] "GET /cormun/servlet/permisogoce?INS,0,,, HTTP/1.1" 200 7203
200.86.237.19 - - [24/Apr/2018:14:17:19 -0300] "GET /cormun/servlet/treventos?2018,11057, HTTP/1.1" 200 7796
200.86.237.19 - - [24/Apr/2018:14:17:19 -0300] "GET /cormun/static/gxcfg.js?2016101716195975 HTTP/1.1" 200 953
200.86.237.19 - - [24/Apr/2018:14:17:19 -0300] "GET /cormun/static/treventos.js?201610171620222 HTTP/1.1" 200 16064
200.86.237.19 - - [24/Apr/2018:14:17:20 -0300] "GET /cormun/servlet/treventos?2018,11057, HTTP/1.1" 200 7796
200.86.237.19 - - [24/Apr/2018:14:17:24 -0300] "GET /cormun/servlet/trsolicitudot? HTTP/1.1" 200 9304
200.86.237.19 - - [24/Apr/2018:14:17:25 -0300] "GET /cormun/servlet/trsolicitudot? HTTP/1.1" 200 9304
190.100.93.40 - - [24/Apr/2018:14:17:25 -0300] "GET /cormun/servlet/permisogoce?98b380622dd195b960baa1b87230dd7c7fc1d1f40e8f4e5e6173578ad85a1e5eb739f3fabbda6be1c395c6c5fdac5a57f1294153f6485b8d45e8d4c30e7e9be9,gx-no-cache=1524590189614 HTTP/1.1" 200 78
190.100.93.40 - - [24/Apr/2018:14:17:27 -0300] "GET /cormun/static/menuarrow.gif HTTP/1.1" 404 1015
190.100.93.40 - - [24/Apr/2018:14:17:31 -0300] "GET /cormun/servlet/permisogoce?98b380622dd195b960baa1b87230dd7c4808923f59f7fbd85727eb69041bb16bb917f123486376aa007e527f38d78dace3309f0e9161e022db46d6ef99086e96,gx-no-cache=1524590195360 HTTP/1.1" 200 47
190.100.93.40 - - [24/Apr/2018:14:17:42 -0300] "POST /cormun/servlet/permisogoce?1fcef4a5c348a5c3deb8a5d091061bea,INS,0,,,,gx-no-cache=1524590205761 HTTP/1.1" 200 93
190.100.93.40 - - [24/Apr/2018:14:17:42 -0300] "GET /cormun/servlet/hpexe_return? HTTP/1.1" 200 1004
190.100.93.40 - - [24/Apr/2018:14:17:42 -0300] "GET /cormun/servlet/trpermisosgoce HTTP/1.1" 200 10628
190.100.93.40 - - [24/Apr/2018:14:17:43 -0300] "GET /cormun/servlet/trpermisosgoce HTTP/1.1" 200 10624
190.100.93.40 - - [24/Apr/2018:14:17:46 -0300] "GET /cormun/servlet/apermisogoceprn?19427347,P,20180424141416,PU HTTP/1.1" 200 1664
200.86.237.19 - - [24/Apr/2018:14:20:03 -0300] "POST /cormun/servlet/trsolicitudot?ce50e4032beadde1ad3b944f508e6c3d,,gx-no-cache=1524590311529 HTTP/1.1" 200 107
200.86.237.19 - - [24/Apr/2018:14:20:03 -0300] "GET /cormun/servlet/trsolicitudadjuntos?2018,11057, HTTP/1.1" 200 5928
200.86.237.19 - - [24/Apr/2018:14:20:03 -0300] "GET /cormun/static/gxcfg.js?20177612135366 HTTP/1.1" 200 953
200.86.237.19 - - [24/Apr/2018:14:20:03 -0300] "GET /cormun/static/trsolicitudadjuntos.js?20177612135632 HTTP/1.1" 200 17922
200.86.237.19 - - [24/Apr/2018:14:20:04 -0300] "GET /cormun/servlet/trsolicitudadjuntos?2018,11057, HTTP/1.1" 200 5928
200.86.237.19 - - [24/Apr/2018:14:20:19 -0300] "GET /cormun/servlet/trsolicitudot? HTTP/1.1" 200 9304
200.86.237.19 - - [24/Apr/2018:14:20:20 -0300] "GET /cormun/servlet/trsolicitudot? HTTP/1.1" 200 9304
200.86.237.19 - - [24/Apr/2018:14:20:38 -0300] "GET /cormun/servlet/treventos?2018,11057, HTTP/1.1" 200 7796
200.86.237.19 - - [24/Apr/2018:14:20:38 -0300] "GET /cormun/servlet/treventos?2018,11057, HTTP/1.1" 200 7796
200.86.237.19 - - [24/Apr/2018:14:20:52 -0300] "GET /cormun/servlet/trcontratoobservacion? HTTP/1.1" 200 12208
200.86.237.19 - - [24/Apr/2018:14:20:52 -0300] "GET /cormun/static/gxcfg.js?2017525126861 HTTP/1.1" 200 953
200.86.237.19 - - [24/Apr/2018:14:20:52 -0300] "GET /cormun/static/trcontratoobservacion.js?20175251261223 HTTP/1.1" 200 25148
200.86.237.19 - - [24/Apr/2018:14:20:53 -0300] "GET /cormun/servlet/trcontratoobservacion? HTTP/1.1" 200 12197
200.86.237.19 - - [24/Apr/2018:14:21:05 -0300] "GET /cormun/servlet/trsolicitudot? HTTP/1.1" 200 9305
200.86.237.19 - - [24/Apr/2018:14:21:05 -0300] "GET /cormun/servlet/trsolicitudot? HTTP/1.1" 200 9304
200.86.237.19 - - [24/Apr/2018:14:21:11 -0300] "GET /cormun/static/menuarrow.gif HTTP/1.1" 404 1015
200.86.237.19 - - [24/Apr/2018:14:21:32 -0300] "POST /cormun/servlet/trsolicitudot?ce50e4032beadde1ad3b944f508e6c3d,,gx-no-cache=1524590400134 HTTP/1.1" 200 23158
200.86.237.19 - - [24/Apr/2018:14:21:33 -0300] "GET /cormun/static/Resources/PXToolsGridNext.gif HTTP/1.1" 200 369
200.86.237.19 - - [24/Apr/2018:14:21:33 -0300] "GET /cormun/static/Resources/PXToolsGridLast.gif HTTP/1.1" 200 370
200.112.233.47 - - [24/Apr/2018:14:22:35 -0300] "GET /cormun/servlet/trpermisosgoce? HTTP/1.1" 200 9404
200.112.233.47 - - [24/Apr/2018:14:22:35 -0300] "GET /cormun/servlet/trpermisosgoce? HTTP/1.1" 200 9400
200.112.233.47 - - [24/Apr/2018:14:22:54 -0300] "POST /cormun/servlet/trpermisosgoce?54105cb5ff08ae2701d9ceee19b258cc,,gx-no-cache=1524590518118 HTTP/1.1" 200 4335
200.112.233.47 - - [24/Apr/2018:14:23:03 -0300] "POST /cormun/servlet/trpermisosgoce?54105cb5ff08ae2701d9ceee19b258cc,,gx-no-cache=1524590526427 HTTP/1.1" 200 4344
200.112.233.47 - - [24/Apr/2018:14:23:15 -0300] "POST /cormun/servlet/trpermisosgoce?54105cb5ff08ae2701d9ceee19b258cc,,gx-no-cache=1524590538362 HTTP/1.1" 200 90
200.112.233.47 - - [24/Apr/2018:14:23:15 -0300] "GET /cormun/servlet/hpexe_link HTTP/1.1" 200 983
200.112.233.47 - - [24/Apr/2018:14:23:15 -0300] "GET /cormun/servlet/trsolicitudot?gx-no-cache=1524590022412 HTTP/1.1" 200 10636
200.112.233.47 - - [24/Apr/2018:14:23:16 -0300] "GET /cormun/servlet/trsolicitudot?gx-no-cache=1524590022412 HTTP/1.1" 200 10655
200.112.233.47 - - [24/Apr/2018:14:23:20 -0300] "GET /cormun/servlet/trpermisosgoce? HTTP/1.1" 200 7190
200.112.233.47 - - [24/Apr/2018:14:23:24 -0300] "GET /cormun/servlet/trpermisosgoce? HTTP/1.1" 200 7169
200.112.233.47 - - [24/Apr/2018:14:23:42 -0300] "POST /cormun/servlet/trpermisosgoce?54105cb5ff08ae2701d9ceee19b258cc,,gx-no-cache=1524590565644 HTTP/1.1" 200 4346
200.86.237.19 - - [24/Apr/2018:14:23:45 -0300] "GET /cormun/servlet/trsolicitudot? HTTP/1.1" 200 25891
200.86.237.19 - - [24/Apr/2018:14:23:46 -0300] "GET /cormun/servlet/trsolicitudot? HTTP/1.1" 200 25891
200.112.233.47 - - [24/Apr/2018:14:23:47 -0300] "POST /cormun/servlet/trpermisosgoce?54105cb5ff08ae2701d9ceee19b258cc,,gx-no-cache=1524590570121 HTTP/1.1" 200 4346
200.86.237.19 - - [24/Apr/2018:14:23:51 -0300] "GET /cormun/servlet/solicitudot?INS,0,0, HTTP/1.1" 200 13334
200.86.237.19 - - [24/Apr/2018:14:23:51 -0300] "GET /cormun/static/gxcfg.js?201812313224582 HTTP/1.1" 200 953
200.86.237.19 - - [24/Apr/2018:14:23:51 -0300] "GET /cormun/static/solicitudot.js?201812313224831 HTTP/1.1" 200 72336
200.86.237.19 - - [24/Apr/2018:14:23:52 -0300] "GET /cormun/servlet/solicitudot?INS,0,0, HTTP/1.1" 200 13339
200.86.237.19 - - [24/Apr/2018:14:23:54 -0300] "GET /cormun/static/Resources/resize.gif HTTP/1.1" 200 77
200.86.237.19 - - [24/Apr/2018:14:23:55 -0300] "GET /cormun/servlet/prfichaempleado?,MD,,gxPopupLevel%3D0%3B HTTP/1.1" 200 9218
200.86.237.19 - - [24/Apr/2018:14:23:55 -0300] "GET /cormun/static/gxcfg.js?20177612134814 HTTP/1.1" 200 953
200.86.237.19 - - [24/Apr/2018:14:23:55 -0300] "GET /cormun/static/Resources/PXToolsMenuSearch.png HTTP/1.1" 200 2914
200.86.237.19 - - [24/Apr/2018:14:23:55 -0300] "GET /cormun/static/menusearch.js?201610171694467 HTTP/1.1" 200 1424
200.86.237.19 - - [24/Apr/2018:14:23:55 -0300] "GET /cormun/static/hmpwkw011.js?20177612121862 HTTP/1.1" 200 1968
200.86.237.19 - - [24/Apr/2018:14:23:55 -0300] "GET /cormun/static/Resources/PXToolsMenuSearchCancel.png HTTP/1.1" 200 2972
200.86.237.19 - - [24/Apr/2018:14:23:55 -0300] "GET /cormun/static/prfichaempleado.js?20177612134999 HTTP/1.1" 200 16006
200.112.233.47 - - [24/Apr/2018:14:24:02 -0300] "GET /cormun/servlet/trcontratounov2? HTTP/1.1" 200 17516
200.112.233.47 - - [24/Apr/2018:14:24:02 -0300] "GET /cormun/static/gxcfg.js?201752512124396 HTTP/1.1" 200 953
200.112.233.47 - - [24/Apr/2018:14:24:02 -0300] "GET /cormun/static/Resources/PXToolsAddSelectedAction.png HTTP/1.1" 200 3660
200.112.233.47 - - [24/Apr/2018:14:24:02 -0300] "GET /cormun/static/trcontratounov2.js?201752512125146 HTTP/1.1" 200 38486
200.112.233.47 - - [24/Apr/2018:14:24:02 -0300] "GET /cormun/servlet/trcontratounov2? HTTP/1.1" 200 17507
200.86.237.19 - - [24/Apr/2018:14:24:04 -0300] "POST /cormun/servlet/prfichaempleado?ce50e4032beadde1ad3b944f508e6c3d,,MD,,gxPopupLevel%3D0%3B,gx-no-cache=1524590552804 HTTP/1.1" 200 3421
200.86.237.19 - - [24/Apr/2018:14:24:12 -0300] "POST /cormun/servlet/solicitudot?gx-no-cache=1524590560049 HTTP/1.1" 200 3395
200.86.237.19 - - [24/Apr/2018:14:24:12 -0300] "POST /cormun/servlet/solicitudot?ce50e4032beadde1ad3b944f508e6c3d,INS,0,0,,gx-no-cache=1524590560286 HTTP/1.1" 200 10363
200.86.237.19 - - [24/Apr/2018:14:24:12 -0300] "GET /cormun/servlet/solicitudot?e558a0e6e26a00a5552f80f1e9ccc9d0cb521b33ad27f77d0d25f373afdf34f83bd856cf0d0c92cb3505d121475b05ce,gx-no-cache=1524590560572 HTTP/1.1" 200 30
200.86.237.19 - - [24/Apr/2018:14:24:23 -0300] "GET /cormun/servlet/solicitudot?e558a0e6e26a00a5552f80f1e9ccc9d05f78aaee86ea63d1d4184d11222350450201821243603974e6e50ae4c240ff3dba363a0f74756b0e56b8566bd921f5ea,gx-no-cache=1524590571774 HTTP/1.1" 200 30
200.86.237.19 - - [24/Apr/2018:14:24:23 -0300] "GET /cormun/servlet/solicitudot?e558a0e6e26a00a5552f80f1e9ccc9d0b1f3bc977ca22dd4175111d6cdb51cf3,gx-no-cache=1524590571869 HTTP/1.1" 200 53
200.86.237.19 - - [24/Apr/2018:14:24:23 -0300] "POST /cormun/servlet/solicitudot?gx-no-cache=1524590572001 HTTP/1.1" 200 256
200.86.237.19 - - [24/Apr/2018:14:24:23 -0300] "GET /cormun/servlet/solicitudot?e558a0e6e26a00a5552f80f1e9ccc9d0313479f0aab888bab6cdcc17c8decc385e386cbda34041079abd23f497640a60d3bf2d927ad1673cdee9d54446cc4be8be4eecf82dfdb34bda96502de7f73dca46acedb41841f7f7d1b2f399e76245f306324f398333922d426816bbe659df4958396b06cc82a7566d217553e6372802652d66c60c9291721f0c0aad5046ce532e034853a1cc195db03111908bab21770e6967d90a67a51a016d565e70fbe66f2d3a03e7cf9ea0e70033600fa340ba64184aa99a106f10e7086ee0f9772cbb23534149463ba2172039581aa6ac52f7cc68eaf455a39eb95156d78d8bf7aedfc14f939160e2badb567ad9951bf2c921049384e362dabc715a0e41df691043b37559f38b175d0b1cf32d1924c12b95dd75fc47efa1c57d314b0303bdd4498dbde37c401241b397569a27fde70c797b2b4753845d18044f19e4ad9d8f354887ff38bd638046ddb91083434fcf50602bc837c7ed8c5813118f22ae1066b026627e7fdcdb0fd86a879ed928f350f0275e9007,gx-no-cache=1524590572077 HTTP/1.1" 200 30
200.112.233.47 - - [24/Apr/2018:14:24:26 -0300] "GET /cormun/servlet/trvisualizadoreventos? HTTP/1.1" 200 6974
200.112.233.47 - - [24/Apr/2018:14:24:26 -0300] "GET /cormun/static/gxcfg.js?20175251251426 HTTP/1.1" 200 953
200.112.233.47 - - [24/Apr/2018:14:24:26 -0300] "GET /cormun/static/Resources/PXToolsActionPrint.png HTTP/1.1" 200 3317
200.112.233.47 - - [24/Apr/2018:14:24:27 -0300] "GET /cormun/servlet/trvisualizadoreventos? HTTP/1.1" 200 6973
200.112.233.47 - - [24/Apr/2018:14:24:36 -0300] "GET /cormun/servlet/trcontratosolicitud? HTTP/1.1" 200 14608
200.112.233.47 - - [24/Apr/2018:14:24:37 -0300] "GET /cormun/servlet/trcontratosolicitud? HTTP/1.1" 200 14610
186.67.203.186 - - [24/Apr/2018:14:24:46 -0300] "GET /cormun/servlet/trsolicitudot? HTTP/1.1" 200 8801
186.67.203.186 - - [24/Apr/2018:14:24:47 -0300] "GET /cormun/servlet/trsolicitudot? HTTP/1.1" 200 8795
200.112.233.47 - - [24/Apr/2018:14:25:15 -0300] "GET /cormun/servlet/trpermisosgoce? HTTP/1.1" 200 7161
200.112.233.47 - - [24/Apr/2018:14:25:16 -0300] "GET /cormun/servlet/trpermisosgoce? HTTP/1.1" 200 7161
200.112.233.47 - - [24/Apr/2018:14:25:25 -0300] "POST /cormun/servlet/trpermisosgoce?54105cb5ff08ae2701d9ceee19b258cc,,gx-no-cache=1524590669241 HTTP/1.1" 200 4351
200.86.237.19 - - [24/Apr/2018:14:25:28 -0300] "POST /cormun/servlet/solicitudot?gx-no-cache=1524590636305 HTTP/1.1" 200 30
200.112.233.47 - - [24/Apr/2018:14:25:28 -0300] "POST /cormun/servlet/trpermisosgoce?54105cb5ff08ae2701d9ceee19b258cc,,gx-no-cache=1524590671477 HTTP/1.1" 200 4351
200.112.233.47 - - [24/Apr/2018:14:25:34 -0300] "POST /cormun/servlet/trpermisosgoce?54105cb5ff08ae2701d9ceee19b258cc,,gx-no-cache=1524590677613 HTTP/1.1" 200 4342
200.112.233.47 - - [24/Apr/2018:14:25:35 -0300] "POST /cormun/servlet/trpermisosgoce?54105cb5ff08ae2701d9ceee19b258cc,,gx-no-cache=1524590678381 HTTP/1.1" 200 4341
200.112.233.47 - - [24/Apr/2018:14:25:35 -0300] "POST /cormun/servlet/trpermisosgoce?54105cb5ff08ae2701d9ceee19b258cc,,gx-no-cache=1524590679484 HTTP/1.1" 200 4342
200.112.233.47 - - [24/Apr/2018:14:25:43 -0300] "GET /cormun/servlet/trpermisosgoce? HTTP/1.1" 200 7157
200.112.233.47 - - [24/Apr/2018:14:25:44 -0300] "GET /cormun/servlet/trpermisosgoce? HTTP/1.1" 200 7157
200.112.233.47 - - [24/Apr/2018:14:25:47 -0300] "POST /cormun/servlet/trpermisosgoce?54105cb5ff08ae2701d9ceee19b258cc,,gx-no-cache=1524590690513 HTTP/1.1" 200 4334
200.112.233.47 - - [24/Apr/2018:14:25:57 -0300] "POST /cormun/servlet/trpermisosgoce?54105cb5ff08ae2701d9ceee19b258cc,,gx-no-cache=1524590700710 HTTP/1.1" 200 4335
200.112.233.47 - - [24/Apr/2018:14:25:59 -0300] "POST /cormun/servlet/trpermisosgoce?54105cb5ff08ae2701d9ceee19b258cc,,gx-no-cache=1524590702333 HTTP/1.1" 200 4335
200.112.233.47 - - [24/Apr/2018:14:26:02 -0300] "POST /cormun/servlet/acontrolpreferencessavestate?None,JPARRAGUEZ,true HTTP/1.1" 200 35
200.112.233.47 - - [24/Apr/2018:14:26:03 -0300] "GET /cormun/servlet/permisogoce?INS,0,,, HTTP/1.1" 200 7084
200.112.233.47 - - [24/Apr/2018:14:26:03 -0300] "GET /cormun/static/gxcfg.js?201776126440 HTTP/1.1" 200 953
200.112.233.47 - - [24/Apr/2018:14:26:03 -0300] "GET /cormun/servlet/permisogoce?INS,0,,, HTTP/1.1" 200 7084
200.86.237.19 - - [24/Apr/2018:14:26:10 -0300] "GET /cormun/servlet/trcontratoobservacion? HTTP/1.1" 200 12219
200.86.237.19 - - [24/Apr/2018:14:26:11 -0300] "GET /cormun/servlet/trcontratoobservacion? HTTP/1.1" 200 12213
200.112.233.47 - - [24/Apr/2018:14:26:11 -0300] "GET /cormun/servlet/prfichaempleado?,MD,,gxPopupLevel%3D0%3B HTTP/1.1" 200 9386
200.112.233.47 - - [24/Apr/2018:14:26:27 -0300] "POST /cormun/servlet/prfichaempleado?54105cb5ff08ae2701d9ceee19b258cc,,MD,,gxPopupLevel%3D0%3B,gx-no-cache=1524590731102 HTTP/1.1" 200 5060
200.86.237.19 - - [24/Apr/2018:14:26:44 -0300] "POST /cormun/servlet/trcontratoobservacion?ce50e4032beadde1ad3b944f508e6c3d,,gx-no-cache=1524590711756 HTTP/1.1" 200 9676
200.86.237.19 - - [24/Apr/2018:14:26:44 -0300] "GET /cormun/static/Resources/PXToolsGridFirst.gif HTTP/1.1" 200 379
200.86.237.19 - - [24/Apr/2018:14:26:44 -0300] "GET /cormun/static/Resources/PXToolsGridPrevious.gif HTTP/1.1" 200 369
200.112.233.47 - - [24/Apr/2018:14:27:00 -0300] "GET /cormun/servlet/permisogoce?fb046420daaa3f7b72fe100a92b2c3fb852aaad77d1ea4c53233c21e9a9f630e92474cb5ae58dfde235a04e43a8b8309,gx-no-cache=1524590763678 HTTP/1.1" 200 82
200.112.233.47 - - [24/Apr/2018:14:27:07 -0300] "GET /cormun/servlet/permisogoce?fb046420daaa3f7b72fe100a92b2c3fbce660ef3a8d32a63fa6003f0fa3d2f0a5ee048d193f51095ca1660bf2aae44de,gx-no-cache=1524590771563 HTTP/1.1" 200 129
200.112.233.47 - - [24/Apr/2018:14:27:07 -0300] "GET /cormun/static/Shared/jqueryui/images/ui-bg_flat_55_994d53_40x100.png HTTP/1.1" 404 1097
200.112.233.47 - - [24/Apr/2018:14:27:08 -0300] "GET /cormun/static/Shared/jqueryui/images/ui-icons_ebccce_256x240.png HTTP/1.1" 404 1089
200.112.233.47 - - [24/Apr/2018:14:27:12 -0300] "GET /cormun/servlet/permisogoce?fb046420daaa3f7b72fe100a92b2c3fbce660ef3a8d32a63fa6003f0fa3d2f0aa239e6cda4086c6c1e023d0dcc5e3ab3,gx-no-cache=1524590776588 HTTP/1.1" 200 44
200.112.233.47 - - [24/Apr/2018:14:27:36 -0300] "POST /cormun/servlet/permisogoce?54105cb5ff08ae2701d9ceee19b258cc,INS,0,,,,gx-no-cache=1524590799052 HTTP/1.1" 200 93
200.112.233.47 - - [24/Apr/2018:14:27:36 -0300] "GET /cormun/servlet/hpexe_return? HTTP/1.1" 200 1008
200.112.233.47 - - [24/Apr/2018:14:27:36 -0300] "GET /cormun/servlet/trpermisosgoce? HTTP/1.1" 200 7168
200.112.233.47 - - [24/Apr/2018:14:27:37 -0300] "GET /cormun/servlet/trpermisosgoce? HTTP/1.1" 200 7164
200.112.233.47 - - [24/Apr/2018:14:27:44 -0300] "POST /cormun/servlet/trpermisosgoce?54105cb5ff08ae2701d9ceee19b258cc,,gx-no-cache=1524590807920 HTTP/1.1" 200 90
200.112.233.47 - - [24/Apr/2018:14:27:44 -0300] "GET /cormun/servlet/hpexe_link HTTP/1.1" 200 983
200.112.233.47 - - [24/Apr/2018:14:27:44 -0300] "GET /cormun/servlet/trsolicitudot?gx-no-cache=1524590022412 HTTP/1.1" 200 10639
200.112.233.47 - - [24/Apr/2018:14:27:45 -0300] "GET /cormun/servlet/trsolicitudot?gx-no-cache=1524590022412 HTTP/1.1" 200 10658
200.112.233.47 - - [24/Apr/2018:14:27:54 -0300] "GET /cormun/servlet/trpermisosgoce? HTTP/1.1" 200 7184
200.112.233.47 - - [24/Apr/2018:14:27:54 -0300] "GET /cormun/servlet/trpermisosgoce? HTTP/1.1" 200 7164
200.86.237.19 - - [24/Apr/2018:14:27:57 -0300] "POST /cormun/servlet/trcontratoobservacion?ce50e4032beadde1ad3b944f508e6c3d,,gx-no-cache=1524590785601 HTTP/1.1" 200 9819
200.112.233.47 - - [24/Apr/2018:14:28:07 -0300] "GET /cormun/servlet/trpermisosgoce? HTTP/1.1" 200 7164
200.112.233.47 - - [24/Apr/2018:14:28:08 -0300] "GET /cormun/servlet/trpermisosgoce? HTTP/1.1" 200 7164
200.112.233.47 - - [24/Apr/2018:14:28:12 -0300] "POST /cormun/servlet/acontrolpreferencessavestate?None,JPARRAGUEZ,true HTTP/1.1" 200 35
200.112.233.47 - - [24/Apr/2018:14:28:14 -0300] "POST /cormun/servlet/trpermisosgoce?54105cb5ff08ae2701d9ceee19b258cc,,gx-no-cache=1524590837734 HTTP/1.1" 200 4333
200.112.233.47 - - [24/Apr/2018:14:28:19 -0300] "GET /cormun/servlet/permisogoce?INS,0,,, HTTP/1.1" 200 7080
200.112.233.47 - - [24/Apr/2018:14:28:19 -0300] "GET /cormun/servlet/permisogoce?INS,0,,, HTTP/1.1" 200 7080
200.86.237.19 - - [24/Apr/2018:14:28:38 -0300] "POST /cormun/servlet/trcontratoobservacion?ce50e4032beadde1ad3b944f508e6c3d,,gx-no-cache=1524590825955 HTTP/1.1" 200 3765
200.112.233.47 - - [24/Apr/2018:14:28:39 -0300] "GET /cormun/servlet/permisogoce?fb046420daaa3f7b72fe100a92b2c3fb852aaad77d1ea4c53233c21e9a9f630e92474cb5ae58dfde235a04e43a8b8309,gx-no-cache=1524590862607 HTTP/1.1" 200 86
200.112.233.47 - - [24/Apr/2018:14:28:48 -0300] "GET /cormun/servlet/permisogoce?fb046420daaa3f7b72fe100a92b2c3fbce660ef3a8d32a63fa6003f0fa3d2f0a466370c05fa8056e3ed2526bd8e9be40bf1a9afdafc4e17144570d332178abea,gx-no-cache=1524590871725 HTTP/1.1" 200 125
200.112.233.47 - - [24/Apr/2018:14:28:48 -0300] "GET /cormun/static/Shared/jqueryui/images/ui-bg_highlight-soft_100_c6c2c8_1x100.png HTTP/1.1" 404 1117
200.112.233.47 - - [24/Apr/2018:14:28:48 -0300] "GET /cormun/static/Shared/jqueryui/images/ui-icons_82798d_256x240.png HTTP/1.1" 404 1089
200.112.233.47 - - [24/Apr/2018:14:28:48 -0300] "GET /cormun/static/Shared/jqueryui/images/ui-bg_flat_55_994d53_40x100.png HTTP/1.1" 404 1097
200.112.233.47 - - [24/Apr/2018:14:28:48 -0300] "GET /cormun/static/Shared/jqueryui/images/ui-icons_ebccce_256x240.png HTTP/1.1" 404 1089
200.112.233.47 - - [24/Apr/2018:14:28:56 -0300] "GET /cormun/servlet/permisogoce?fb046420daaa3f7b72fe100a92b2c3fbce660ef3a8d32a63fa6003f0fa3d2f0a466370c05fa8056e3ed2526bd8e9be40baea5802d81ab93deae39e98a473b225,gx-no-cache=1524590880299 HTTP/1.1" 200 125
200.86.237.19 - - [24/Apr/2018:14:28:56 -0300] "GET /cormun/servlet/trvisualizadoreventos? HTTP/1.1" 200 6610
200.86.237.19 - - [24/Apr/2018:14:28:56 -0300] "GET /cormun/static/gxcfg.js?20175251251426 HTTP/1.1" 200 953
200.86.237.19 - - [24/Apr/2018:14:28:57 -0300] "GET /cormun/static/trvisualizadoreventos.js?20175251251768 HTTP/1.1" 200 19318
200.86.237.19 - - [24/Apr/2018:14:28:57 -0300] "GET /cormun/static/Resources/PXToolsActionPrint.png HTTP/1.1" 200 3317
200.86.237.19 - - [24/Apr/2018:14:28:57 -0300] "GET /cormun/servlet/trvisualizadoreventos? HTTP/1.1" 200 6610
200.86.237.19 - - [24/Apr/2018:14:29:00 -0300] "GET /cormun/static/menuarrow.gif HTTP/1.1" 404 1015
200.112.233.47 - - [24/Apr/2018:14:29:01 -0300] "GET /cormun/servlet/permisogoce?fb046420daaa3f7b72fe100a92b2c3fbce660ef3a8d32a63fa6003f0fa3d2f0a466370c05fa8056e3ed2526bd8e9be40baea5802d81ab93deae39e98a473b225,gx-no-cache=1524590884603 HTTP/1.1" 200 125
200.112.233.47 - - [24/Apr/2018:14:29:06 -0300] "POST /cormun/servlet/permisogoce?54105cb5ff08ae2701d9ceee19b258cc,INS,0,,,,gx-no-cache=1524590889390 HTTP/1.1" 200 4585
200.112.233.47 - - [24/Apr/2018:14:29:10 -0300] "GET /cormun/servlet/permisogoce?fb046420daaa3f7b72fe100a92b2c3fbce660ef3a8d32a63fa6003f0fa3d2f0a9d1b8dffae56884f5ac20baab5c1c8cced9b3182ce958fce057ce5558672f0b2,gx-no-cache=1524590893788 HTTP/1.1" 200 125
200.112.233.47 - - [24/Apr/2018:14:29:14 -0300] "GET /cormun/servlet/permisogoce?fb046420daaa3f7b72fe100a92b2c3fbce660ef3a8d32a63fa6003f0fa3d2f0a9d1b8dffae56884f5ac20baab5c1c8cced9b3182ce958fce057ce5558672f0b2,gx-no-cache=1524590898555 HTTP/1.1" 200 125
200.86.237.19 - - [24/Apr/2018:14:29:16 -0300] "POST /cormun/servlet/trvisualizadoreventos?ce50e4032beadde1ad3b944f508e6c3d,,gx-no-cache=1524590864874 HTTP/1.1" 200 3943
200.112.233.47 - - [24/Apr/2018:14:29:17 -0300] "POST /cormun/servlet/permisogoce?54105cb5ff08ae2701d9ceee19b258cc,INS,0,,,,gx-no-cache=1524590900795 HTTP/1.1" 200 4586
200.86.237.19 - - [24/Apr/2018:14:29:23 -0300] "POST /cormun/servlet/trvisualizadoreventos?ce50e4032beadde1ad3b944f508e6c3d,,gx-no-cache=1524590871611 HTTP/1.1" 200 3943
200.112.233.47 - - [24/Apr/2018:14:29:28 -0300] "GET /cormun/servlet/permisogoce?fb046420daaa3f7b72fe100a92b2c3fbce660ef3a8d32a63fa6003f0fa3d2f0a9d1b8dffae56884f5ac20baab5c1c8cced9b3182ce958fce057ce5558672f0b2,gx-no-cache=1524590912012 HTTP/1.1" 200 125
200.86.237.19 - - [24/Apr/2018:14:29:31 -0300] "POST /cormun/servlet/trvisualizadoreventos?ce50e4032beadde1ad3b944f508e6c3d,,gx-no-cache=1524590879051 HTTP/1.1" 200 3943
200.112.233.47 - - [24/Apr/2018:14:29:33 -0300] "GET /cormun/servlet/permisogoce?fb046420daaa3f7b72fe100a92b2c3fbce660ef3a8d32a63fa6003f0fa3d2f0a9d1b8dffae56884f5ac20baab5c1c8cced9b3182ce958fce057ce5558672f0b2,gx-no-cache=1524590916940 HTTP/1.1" 200 125
200.112.233.47 - - [24/Apr/2018:14:29:38 -0300] "GET /cormun/servlet/permisogoce?fb046420daaa3f7b72fe100a92b2c3fbce660ef3a8d32a63fa6003f0fa3d2f0a9d1b8dffae56884f5ac20baab5c1c8cced9b3182ce958fce057ce5558672f0b2,gx-no-cache=1524590921819 HTTP/1.1" 200 125
200.86.237.19 - - [24/Apr/2018:14:29:39 -0300] "GET /cormun/servlet/trlicencias? HTTP/1.1" 200 13433
200.86.237.19 - - [24/Apr/2018:14:29:40 -0300] "GET /cormun/servlet/trlicencias? HTTP/1.1" 200 13432
200.112.233.47 - - [24/Apr/2018:14:29:48 -0300] "POST /cormun/servlet/permisogoce?54105cb5ff08ae2701d9ceee19b258cc,INS,0,,,,gx-no-cache=1524590931547 HTTP/1.1" 200 93
200.112.233.47 - - [24/Apr/2018:14:29:48 -0300] "GET /cormun/servlet/hpexe_return? HTTP/1.1" 200 1008
200.112.233.47 - - [24/Apr/2018:14:29:48 -0300] "GET /cormun/servlet/trpermisosgoce? HTTP/1.1" 200 7165
200.112.233.47 - - [24/Apr/2018:14:29:48 -0300] "GET /cormun/servlet/trpermisosgoce? HTTP/1.1" 200 7161
200.112.233.47 - - [24/Apr/2018:14:29:53 -0300] "GET /cormun/servlet/trpermisosgoce? HTTP/1.1" 200 7161
200.112.233.47 - - [24/Apr/2018:14:29:54 -0300] "GET /cormun/servlet/trpermisosgoce? HTTP/1.1" 200 7161
200.112.233.47 - - [24/Apr/2018:14:29:56 -0300] "GET /cormun/servlet/permisogoce?INS,0,,, HTTP/1.1" 200 7080
200.112.233.47 - - [24/Apr/2018:14:29:56 -0300] "GET /cormun/servlet/permisogoce?INS,0,,, HTTP/1.1" 200 7080
200.112.233.47 - - [24/Apr/2018:14:30:00 -0300] "POST /cormun/servlet/permisogoce?54105cb5ff08ae2701d9ceee19b258cc,INS,0,,,,gx-no-cache=1524590943422 HTTP/1.1" 200 4651
200.112.233.47 - - [24/Apr/2018:14:30:06 -0300] "GET /cormun/servlet/permisogoce?fb046420daaa3f7b72fe100a92b2c3fb852aaad77d1ea4c53233c21e9a9f630e19deee9c4e91446e9f420f0a00176bd1,gx-no-cache=1524590950479 HTTP/1.1" 200 86
200.112.233.47 - - [24/Apr/2018:14:30:12 -0300] "GET /cormun/servlet/permisogoce?fb046420daaa3f7b72fe100a92b2c3fbce660ef3a8d32a63fa6003f0fa3d2f0a466370c05fa8056e3ed2526bd8e9be40bf1a9afdafc4e17144570d332178abea,gx-no-cache=1524590956477 HTTP/1.1" 200 125
200.112.233.47 - - [24/Apr/2018:14:30:21 -0300] "GET /cormun/servlet/permisogoce?fb046420daaa3f7b72fe100a92b2c3fbce660ef3a8d32a63fa6003f0fa3d2f0a0900a5196f3d1e0223852529de62a0821055bc057bda98d747b768c6ff580a1c,gx-no-cache=1524590965211 HTTP/1.1" 200 140
200.112.233.47 - - [24/Apr/2018:14:30:27 -0300] "GET /cormun/servlet/permisogoce?fb046420daaa3f7b72fe100a92b2c3fbce660ef3a8d32a63fa6003f0fa3d2f0a0900a5196f3d1e0223852529de62a0821055bc057bda98d747b768c6ff580a1c,gx-no-cache=1524590971115 HTTP/1.1" 200 140
200.112.233.47 - - [24/Apr/2018:14:31:22 -0300] "GET /cormun/servlet/permisogoce?fb046420daaa3f7b72fe100a92b2c3fbce660ef3a8d32a63fa6003f0fa3d2f0a0900a5196f3d1e0223852529de62a0821055bc057bda98d747b768c6ff580a1c,gx-no-cache=1524591026186 HTTP/1.1" 200 140
200.112.233.47 - - [24/Apr/2018:14:31:27 -0300] "GET /cormun/servlet/permisogoce?fb046420daaa3f7b72fe100a92b2c3fbce660ef3a8d32a63fa6003f0fa3d2f0a0900a5196f3d1e0223852529de62a0821055bc057bda98d747b768c6ff580a1c,gx-no-cache=1524591030730 HTTP/1.1" 200 140
200.112.233.47 - - [24/Apr/2018:14:31:28 -0300] "GET /cormun/static/menuarrow.gif HTTP/1.1" 404 1015
200.112.233.47 - - [24/Apr/2018:14:31:39 -0300] "GET /cormun/servlet/permisogoce?fb046420daaa3f7b72fe100a92b2c3fbce660ef3a8d32a63fa6003f0fa3d2f0a0900a5196f3d1e0223852529de62a0824b2afe495ffa0e79e61ddff572bbe1f5,gx-no-cache=1524591042627 HTTP/1.1" 200 140
200.112.233.47 - - [24/Apr/2018:14:31:39 -0300] "POST /cormun/servlet/permisogoce?54105cb5ff08ae2701d9ceee19b258cc,INS,0,,,,gx-no-cache=1524591042670 HTTP/1.1" 200 4628
200.112.233.47 - - [24/Apr/2018:14:31:44 -0300] "GET /cormun/servlet/permisogoce?fb046420daaa3f7b72fe100a92b2c3fbce660ef3a8d32a63fa6003f0fa3d2f0a466370c05fa8056e3ed2526bd8e9be40787499e05ac4e90b9bb995fa59bf588f,gx-no-cache=1524591047676 HTTP/1.1" 200 125
200.112.233.47 - - [24/Apr/2018:14:31:49 -0300] "GET /cormun/servlet/permisogoce?fb046420daaa3f7b72fe100a92b2c3fbce660ef3a8d32a63fa6003f0fa3d2f0a466370c05fa8056e3ed2526bd8e9be40787499e05ac4e90b9bb995fa59bf588f,gx-no-cache=1524591053371 HTTP/1.1" 200 125
200.112.233.47 - - [24/Apr/2018:14:31:56 -0300] "POST /cormun/servlet/permisogoce?54105cb5ff08ae2701d9ceee19b258cc,INS,0,,,,gx-no-cache=1524591059436 HTTP/1.1" 200 4587
200.112.233.47 - - [24/Apr/2018:14:32:06 -0300] "GET /cormun/servlet/permisogoce?fb046420daaa3f7b72fe100a92b2c3fbce660ef3a8d32a63fa6003f0fa3d2f0a9d1b8dffae56884f5ac20baab5c1c8cced9b3182ce958fce057ce5558672f0b2,gx-no-cache=1524591070204 HTTP/1.1" 200 125
200.86.237.19 - - [24/Apr/2018:14:32:13 -0300] "GET /cormun/servlet/licenciaspermisos?DSP,15105682,L,20180424000000, HTTP/1.1" 200 6989
200.86.237.19 - - [24/Apr/2018:14:32:13 -0300] "GET /cormun/servlet/licenciaspermisos?DSP,15105682,L,20180424000000, HTTP/1.1" 200 6989
200.112.233.47 - - [24/Apr/2018:14:32:15 -0300] "GET /cormun/servlet/permisogoce?fb046420daaa3f7b72fe100a92b2c3fbce660ef3a8d32a63fa6003f0fa3d2f0a9d1b8dffae56884f5ac20baab5c1c8cced9b3182ce958fce057ce5558672f0b2,gx-no-cache=1524591079290 HTTP/1.1" 200 125
200.112.233.47 - - [24/Apr/2018:14:32:17 -0300] "GET /cormun/servlet/permisogoce?fb046420daaa3f7b72fe100a92b2c3fbce660ef3a8d32a63fa6003f0fa3d2f0a9d1b8dffae56884f5ac20baab5c1c8cced9b3182ce958fce057ce5558672f0b2,gx-no-cache=1524591081212 HTTP/1.1" 200 125
200.112.233.47 - - [24/Apr/2018:14:32:26 -0300] "POST /cormun/servlet/permisogoce?54105cb5ff08ae2701d9ceee19b258cc,INS,0,,,,gx-no-cache=1524591089955 HTTP/1.1" 200 4587
200.112.233.47 - - [24/Apr/2018:14:32:28 -0300] "POST /cormun/servlet/permisogoce?54105cb5ff08ae2701d9ceee19b258cc,INS,0,,,,gx-no-cache=1524591091595 HTTP/1.1" 200 4587
