186.103.159.183 - - [24/Apr/2018:15:39:12 -0300] "POST /cormun/servlet/solicitudot?gx-no-cache=1524598693710 HTTP/1.1" 200 1246
186.103.159.183 - - [24/Apr/2018:15:39:31 -0300] "GET /cormun/static/menuarrow.gif HTTP/1.1" 404 1015
200.112.233.47 - - [24/Apr/2018:15:39:32 -0300] "POST /cormun/servlet/solicitudot?gx-no-cache=1524595116047 HTTP/1.1" 200 257
186.103.159.183 - - [24/Apr/2018:15:39:36 -0300] "GET /cormun/servlet/solicitudot?275e9be0e5917f60b8c1f6affcf63b93c343afbcdbb739583dd7e55e9af0629daa01d7bbb1061d11174d26498280e358,gx-no-cache=1524598718622 HTTP/1.1" 200 30
186.103.159.204 - - [24/Apr/2018:15:39:49 -0300] "GET /cormun/servlet/hlogin HTTP/1.1" 200 1722
186.103.159.204 - - [24/Apr/2018:15:39:49 -0300] "GET /cormun/servlet/hlogin HTTP/1.1" 200 1726
186.103.159.204 - - [24/Apr/2018:15:40:02 -0300] "POST /cormun/servlet/hlogin?63226e440c76a5f3acc17630663d39ae,gx-no-cache=1524595145132 HTTP/1.1" 200 444
200.112.233.47 - - [24/Apr/2018:15:40:04 -0300] "GET /cormun/servlet/solicitudot?561ac3b22842b941e7b4083560a0f385130e261af493e4a75cab176432cd9d04cac10ad553873a708473dbec50efe0b5eef19584b8c83f0b103af378b535799deab167ad6bdcfa7b21aa2a141d468c393fc08e933b27df4e36d95b5e5eb5441c71cee1da408dbb021e6be4648d62016f2e6f430a8c41b1cf933cd8f966a05b26789a92e85c8ffa015a464217b50e6a44a05b2fd522c8b01b387245c97ddc04e32a85b05a68770998bc34e55d9727b9b577b1baca83b884e237f36f8c0189db799d6a5e4f6c76c6359beef4a5781017c6b5a6fc7d6f59325ccccd8fe41b6a925699d63339d6cd18b3abceff64cc5979d058b6ca7c2cbde669d414100bf829078eb75a8757ad729341a86f4eae55201b96aeef94150414203a5e046074b3bd03720a50a86258b6cdfbaab0e071b6eddb5722e668230ffd6f69805d28c07142b6ff1a8d93c13f2eae10d05ea1c328e90a23e8b61aa8b600932c1641d048bbcf6a185396d94a1159cbfc6fbca01d692c4c8408a77bb9584ea79a13240adccf6893ca,gx-no-cache=1524595148544 HTTP/1.1" 200 30
200.112.233.47 - - [24/Apr/2018:15:40:04 -0300] "POST /cormun/servlet/solicitudot?gx-no-cache=1524595148606 HTTP/1.1" 200 30
200.112.233.47 - - [24/Apr/2018:15:40:05 -0300] "POST /cormun/servlet/solicitudot?gx-no-cache=1524595148683 HTTP/1.1" 200 1368
200.112.233.47 - - [24/Apr/2018:15:40:05 -0300] "POST /cormun/servlet/solicitudot?gx-no-cache=1524595149208 HTTP/1.1" 200 41
200.112.233.47 - - [24/Apr/2018:15:40:05 -0300] "POST /cormun/servlet/solicitudot?gx-no-cache=1524595149276 HTTP/1.1" 200 1350
200.112.233.47 - - [24/Apr/2018:15:40:05 -0300] "POST /cormun/servlet/solicitudot?gx-no-cache=1524595149801 HTTP/1.1" 200 1246
186.103.159.204 - - [24/Apr/2018:15:40:10 -0300] "POST /cormun/servlet/hlogin?63226e440c76a5f3acc17630663d39ae,gx-no-cache=1524595152455 HTTP/1.1" 200 90
186.103.159.204 - - [24/Apr/2018:15:40:10 -0300] "GET /cormun/servlet/hpexe_link HTTP/1.1" 200 948
186.103.159.204 - - [24/Apr/2018:15:40:10 -0300] "GET /cormun/servlet/hhome HTTP/1.1" 200 3875
186.103.159.204 - - [24/Apr/2018:15:40:10 -0300] "GET /cormun/servlet/hhome HTTP/1.1" 200 3871
201.236.62.77 - - [24/Apr/2018:15:40:12 -0300] "GET /cormun/servlet/prbanco?,MD,,gxPopupLevel%3D0%3B HTTP/1.1" 200 6630
186.103.159.204 - - [24/Apr/2018:15:40:16 -0300] "GET /cormun/servlet/trpermisosgoce? HTTP/1.1" 200 6757
186.103.159.204 - - [24/Apr/2018:15:40:16 -0300] "GET /cormun/static/calendar-system.css?75620 HTTP/1.1" 200 5572
186.103.159.204 - - [24/Apr/2018:15:40:16 -0300] "GET /cormun/static/gxui/gxui-all.css?110300 HTTP/1.1" 200 2179
186.103.159.204 - - [24/Apr/2018:15:40:16 -0300] "GET /cormun/static/gxcfg.js?20177612163875 HTTP/1.1" 200 953
186.103.159.204 - - [24/Apr/2018:15:40:17 -0300] "GET /cormun/static/trpermisosgoce.js?20177612164335 HTTP/1.1" 200 35904
186.103.159.204 - - [24/Apr/2018:15:40:17 -0300] "GET /cormun/static/Shared/ext/resources/css/ext-all.css?205870 HTTP/1.1" 200 416045
186.103.159.204 - - [24/Apr/2018:15:40:17 -0300] "GET /cormun/servlet/trpermisosgoce? HTTP/1.1" 200 6756
186.103.159.183 - - [24/Apr/2018:15:40:23 -0300] "POST /cormun/servlet/solicitudot?gx-no-cache=1524598765246 HTTP/1.1" 200 30
186.103.159.204 - - [24/Apr/2018:15:40:24 -0300] "GET /cormun/servlet/permisogoce?INS,0,,, HTTP/1.1" 200 6714
186.103.159.204 - - [24/Apr/2018:15:40:24 -0300] "GET /cormun/static/permisogoce.js?2017761264459 HTTP/1.1" 200 27897
186.103.159.204 - - [24/Apr/2018:15:40:24 -0300] "GET /cormun/static/gxcfg.js?201776126440 HTTP/1.1" 200 953
186.103.159.204 - - [24/Apr/2018:15:40:24 -0300] "GET /cormun/static/Resources/prompt.gif HTTP/1.1" 200 902
186.103.159.204 - - [24/Apr/2018:15:40:24 -0300] "GET /cormun/servlet/permisogoce?INS,0,,, HTTP/1.1" 200 6714
201.236.62.77 - - [24/Apr/2018:15:40:52 -0300] "GET /cormun/servlet/solicitudot?1ddfcd0b94bccc63f301aad3d0712226bc9be07fe33bb516c17aa166eeabcf03,gx-no-cache=1524595195410 HTTP/1.1" 200 94
201.236.62.77 - - [24/Apr/2018:15:40:52 -0300] "GET /cormun/static/Shared/jqueryui/images/ui-bg_highlight-soft_100_c6c2c8_1x100.png HTTP/1.1" 404 1117
201.236.62.77 - - [24/Apr/2018:15:40:52 -0300] "GET /cormun/static/Shared/jqueryui/images/ui-icons_82798d_256x240.png HTTP/1.1" 404 1089
201.236.62.77 - - [24/Apr/2018:15:40:52 -0300] "GET /cormun/static/Shared/jqueryui/images/ui-bg_flat_55_994d53_40x100.png HTTP/1.1" 404 1097
201.236.62.77 - - [24/Apr/2018:15:40:53 -0300] "GET /cormun/static/Shared/jqueryui/images/ui-icons_ebccce_256x240.png HTTP/1.1" 404 1089
201.236.62.77 - - [24/Apr/2018:15:40:54 -0300] "GET /cormun/servlet/solicitudot?1ddfcd0b94bccc63f301aad3d07122269202546930c2137e4089b2d1b3ab24f4,gx-no-cache=1524595197073 HTTP/1.1" 200 70
186.103.159.183 - - [24/Apr/2018:15:41:02 -0300] "POST /cormun/servlet/solicitudot?d4c865c451e69bc91145f89d523adea9,INS,0,0,,gx-no-cache=1524598803364 HTTP/1.1" 200 93
186.103.159.183 - - [24/Apr/2018:15:41:02 -0300] "GET /cormun/servlet/hpexe_return? HTTP/1.1" 200 1008
186.103.159.183 - - [24/Apr/2018:15:41:02 -0300] "GET /cormun/static/hpexe_return.js?2016101716175153 HTTP/1.1" 200 1633
186.103.159.183 - - [24/Apr/2018:15:41:02 -0300] "GET /cormun/static/gxcfg.js?2016101716175148 HTTP/1.1" 200 953
186.103.159.183 - - [24/Apr/2018:15:41:03 -0300] "GET /cormun/static/Resources/Spanish/PXTools.css?167811 HTTP/1.1" 200 89042
186.103.159.183 - - [24/Apr/2018:15:41:03 -0300] "GET /cormun/servlet/trsolicitudot HTTP/1.1" 200 8771
186.103.159.183 - - [24/Apr/2018:15:41:06 -0300] "GET /cormun/static/Shared/ext/ext-all.js HTTP/1.1" 200 1289687
186.103.159.183 - - [24/Apr/2018:15:41:07 -0300] "GET /cormun//static/Resources/PXToolsGridUpdate.png HTTP/1.1" 200 2984
186.103.159.183 - - [24/Apr/2018:15:41:07 -0300] "GET /cormun//static/Resources/PXToolsRemoveAllAction.png HTTP/1.1" 200 3558
186.103.159.183 - - [24/Apr/2018:15:41:07 -0300] "GET /cormun/servlet/trsolicitudot HTTP/1.1" 200 8767
186.103.159.183 - - [24/Apr/2018:15:41:07 -0300] "GET /cormun//static/Resources/PXToolsActionView.png HTTP/1.1" 200 2995
186.103.159.183 - - [24/Apr/2018:15:41:09 -0300] "POST /cormun/servlet/trsolicitudot?d4c865c451e69bc91145f89d523adea9,gx-no-cache=1524598811244 HTTP/1.1" 200 107
186.103.159.183 - - [24/Apr/2018:15:41:09 -0300] "GET /cormun/servlet/trsolicitudadjuntos?2018,11196, HTTP/1.1" 200 6297
186.103.159.183 - - [24/Apr/2018:15:41:09 -0300] "GET /cormun/static/trsolicitudadjuntos.js?20177612135632 HTTP/1.1" 200 17922
186.103.159.183 - - [24/Apr/2018:15:41:10 -0300] "GET /cormun/static/gxcfg.js?20177612135366 HTTP/1.1" 200 953
186.103.159.183 - - [24/Apr/2018:15:41:11 -0300] "GET /cormun/static/Shared/ext/ext-all.js HTTP/1.1" 200 1289687
186.103.159.183 - - [24/Apr/2018:15:41:11 -0300] "GET /cormun/servlet/trsolicitudadjuntos?2018,11196, HTTP/1.1" 200 6297
186.103.159.183 - - [24/Apr/2018:15:41:14 -0300] "GET /cormun/servlet/solicitudotadjuntos?INS,2018,11196,,1, HTTP/1.1" 200 6242
186.103.159.183 - - [24/Apr/2018:15:41:14 -0300] "GET /cormun/static/gxcfg.js?2017761244068 HTTP/1.1" 200 953
186.103.159.183 - - [24/Apr/2018:15:41:14 -0300] "GET /cormun/static/about:blank HTTP/1.1" 404 1011
186.103.159.183 - - [24/Apr/2018:15:41:15 -0300] "GET /cormun/static/solicitudotadjuntos.js?2017761244086 HTTP/1.1" 200 11771
186.103.159.183 - - [24/Apr/2018:15:41:18 -0300] "GET /cormun/static/Shared/ext/ext-all.js HTTP/1.1" 200 1289687
186.103.159.183 - - [24/Apr/2018:15:41:18 -0300] "GET /cormun/servlet/solicitudotadjuntos?INS,2018,11196,,1, HTTP/1.1" 200 6236
186.103.159.183 - - [24/Apr/2018:15:41:19 -0300] "GET /cormun/servlet/solicitudotadjuntos?275e9be0e5917f60b8c1f6affcf63b930639754657d4f27f230bebf91a2a67fcdf0dc1ffc57ac869a71d0a41550633fe,gx-no-cache=1524598821092 HTTP/1.1" 200 30
186.103.159.183 - - [24/Apr/2018:15:41:20 -0300] "POST /cormun/servlet/solicitudotadjuntos?d4c865c451e69bc91145f89d523adea9,INS,2018,11196,,1,,gx-no-cache=1524598821158 HTTP/1.1" 200 3988
200.112.233.47 - - [24/Apr/2018:15:41:21 -0300] "GET /cormun/servlet/solicitudot?561ac3b22842b941e7b4083560a0f385130e261af493e4a75cab176432cd9d04cac10ad553873a708473dbec50efe0b5eef19584b8c83f0b103af378b535799deab167ad6bdcfa7b21aa2a141d468c393fc08e933b27df4e36d95b5e5eb5441c71cee1da408dbb021e6be4648d62016f2e6f430a8c41b1cf933cd8f966a05b26789a92e85c8ffa015a464217b50e6a44a05b2fd522c8b01b387245c97ddc04e32a85b05a68770998bc34e55d9727b9b577b1baca83b884e237f36f8c0189db799d6a5e4f6c76c6359beef4a5781017c6b5a6fc7d6f59325ccccd8fe41b6a925699d63339d6cd18b3abceff64cc5979d058b6ca7c2cbde669d414100bf829078eb75a8757ad729341a86f4eae55201b96aeef94150414203a5e046074b3bd03720a50a86258b6cdfbaab0e071b6eddb5722e668230ffd6f69805d28c07142b6ff1a8d93c13f2eae10d05ea1c328e90a23e8b61aa8b600932c1641d048bbcf6a185396d94a1159cbfc6fbca01d692c4c8408a77bb9584ea79a13240adccf6893ca,gx-no-cache=1524595225631 HTTP/1.1" 200 30
200.112.233.47 - - [24/Apr/2018:15:41:21 -0300] "POST /cormun/servlet/solicitudot?gx-no-cache=1524595225748 HTTP/1.1" 200 30
200.112.233.47 - - [24/Apr/2018:15:41:21 -0300] "POST /cormun/servlet/solicitudot?gx-no-cache=1524595225797 HTTP/1.1" 200 1368
200.112.233.47 - - [24/Apr/2018:15:41:21 -0300] "POST /cormun/servlet/solicitudot?gx-no-cache=1524595225850 HTTP/1.1" 200 41
200.112.233.47 - - [24/Apr/2018:15:41:21 -0300] "POST /cormun/servlet/solicitudot?gx-no-cache=1524595225916 HTTP/1.1" 200 1350
200.112.233.47 - - [24/Apr/2018:15:41:22 -0300] "POST /cormun/servlet/solicitudot?gx-no-cache=1524595225994 HTTP/1.1" 200 1248
186.103.159.183 - - [24/Apr/2018:15:41:22 -0300] "POST /cormun/servlet/solicitudotadjuntos?gx-no-cache=1524598823902 HTTP/1.1" 200 26
200.112.233.47 - - [24/Apr/2018:15:41:22 -0300] "GET /cormun/servlet/solicitudot?561ac3b22842b941e7b4083560a0f3857a4e6561f2774385b496c63fe1fad773d9eebfcac8cba83c364ea3386b7df099,gx-no-cache=1524595226376 HTTP/1.1" 200 30
200.112.233.47 - - [24/Apr/2018:15:41:22 -0300] "POST /cormun/servlet/solicitudot?gx-no-cache=1524595226401 HTTP/1.1" 200 30
200.112.233.47 - - [24/Apr/2018:15:41:25 -0300] "POST /cormun/servlet/solicitudot?9e0c32ec583fb38b110aa3a1fd26e633,UPD,2018,11194,,gx-no-cache=1524595226480 HTTP/1.1" 200 93
200.112.233.47 - - [24/Apr/2018:15:41:25 -0300] "GET /cormun/servlet/hpexe_return? HTTP/1.1" 200 1017
200.112.233.47 - - [24/Apr/2018:15:41:25 -0300] "GET /cormun/servlet/trsolicitudot HTTP/1.1" 200 11012
200.112.233.47 - - [24/Apr/2018:15:41:26 -0300] "GET /cormun/servlet/trsolicitudot HTTP/1.1" 200 11007
186.103.159.183 - - [24/Apr/2018:15:41:28 -0300] "GET /cormun/servlet/solicitudotadjuntos?275e9be0e5917f60b8c1f6affcf63b93eba41d9bbaad66a6d3fe2edc5003cea3,gx-no-cache=1524598830172 HTTP/1.1" 200 30
186.103.159.183 - - [24/Apr/2018:15:41:28 -0300] "GET /cormun/servlet/solicitudotadjuntos?275e9be0e5917f60b8c1f6affcf63b93eba41d9bbaad66a6d3fe2edc5003cea3,gx-no-cache=1524598830236 HTTP/1.1" 200 30
186.103.159.183 - - [24/Apr/2018:15:41:30 -0300] "POST /cormun/servlet/solicitudotadjuntos?d4c865c451e69bc91145f89d523adea9,INS,2018,11196,,1, HTTP/1.1" 200 116
186.103.159.183 - - [24/Apr/2018:15:41:30 -0300] "GET /cormun/servlet/hpexe_return? HTTP/1.1" 200 1027
186.103.159.183 - - [24/Apr/2018:15:41:30 -0300] "GET /cormun/servlet/trsolicitudadjuntos?2018,11196, HTTP/1.1" 200 8732
186.103.159.183 - - [24/Apr/2018:15:41:33 -0300] "GET /cormun/static/Shared/ext/ext-all.js HTTP/1.1" 200 1289687
186.103.159.183 - - [24/Apr/2018:15:41:34 -0300] "GET /cormun/servlet/trsolicitudadjuntos?2018,11196, HTTP/1.1" 200 8725
186.103.159.183 - - [24/Apr/2018:15:41:36 -0300] "GET /cormun/servlet/solicitudotadjuntos?INS,2018,11196,,1, HTTP/1.1" 200 6242
186.103.159.183 - - [24/Apr/2018:15:41:36 -0300] "GET /cormun/static/about:blank HTTP/1.1" 404 1011
186.103.159.183 - - [24/Apr/2018:15:41:38 -0300] "GET /cormun/static/Shared/ext/ext-all.js HTTP/1.1" 200 1289687
186.103.159.183 - - [24/Apr/2018:15:41:38 -0300] "GET /cormun/servlet/solicitudotadjuntos?INS,2018,11196,,1, HTTP/1.1" 200 6236
186.103.159.183 - - [24/Apr/2018:15:41:39 -0300] "GET /cormun/servlet/solicitudotadjuntos?275e9be0e5917f60b8c1f6affcf63b930639754657d4f27f230bebf91a2a67fcdf0dc1ffc57ac869a71d0a41550633fe,gx-no-cache=1524598840790 HTTP/1.1" 200 30
186.103.159.183 - - [24/Apr/2018:15:41:41 -0300] "POST /cormun/servlet/solicitudotadjuntos?d4c865c451e69bc91145f89d523adea9,INS,2018,11196,,1,,gx-no-cache=1524598840882 HTTP/1.1" 200 3988
200.112.233.47 - - [24/Apr/2018:15:41:42 -0300] "POST /cormun/servlet/trsolicitudot?9e0c32ec583fb38b110aa3a1fd26e633,gx-no-cache=1524595245365 HTTP/1.1" 200 7720
200.112.233.47 - - [24/Apr/2018:15:41:42 -0300] "GET /cormun/static/Shared/jqueryui/images/ui-bg_highlight-soft_100_c6c2c8_1x100.png HTTP/1.1" 404 1117
200.112.233.47 - - [24/Apr/2018:15:41:42 -0300] "GET /cormun/static/Shared/jqueryui/images/ui-icons_8d78a5_256x240.png HTTP/1.1" 404 1089
200.112.233.47 - - [24/Apr/2018:15:41:42 -0300] "GET /cormun/static/Shared/jqueryui/images/ui-bg_flat_55_fafafa_40x100.png HTTP/1.1" 404 1097
200.112.233.47 - - [24/Apr/2018:15:41:42 -0300] "GET /cormun/static/Shared/jqueryui/images/ui-icons_82798d_256x240.png HTTP/1.1" 404 1089
200.112.233.47 - - [24/Apr/2018:15:41:43 -0300] "POST /cormun/servlet/trsolicitudot?9e0c32ec583fb38b110aa3a1fd26e633,gx-no-cache=1524595246277 HTTP/1.1" 200 7662
186.103.159.183 - - [24/Apr/2018:15:41:44 -0300] "POST /cormun/servlet/solicitudotadjuntos?gx-no-cache=1524598846516 HTTP/1.1" 200 26
200.112.233.47 - - [24/Apr/2018:15:41:49 -0300] "GET /cormun/servlet/trautorizarsolicitud? HTTP/1.1" 200 8700
200.112.233.47 - - [24/Apr/2018:15:41:49 -0300] "GET /cormun/servlet/trautorizarsolicitud? HTTP/1.1" 200 8699
186.103.159.183 - - [24/Apr/2018:15:41:52 -0300] "GET /cormun/servlet/solicitudotadjuntos?275e9be0e5917f60b8c1f6affcf63b93eba41d9bbaad66a6d3fe2edc5003cea3,gx-no-cache=1524598854088 HTTP/1.1" 200 30
186.103.159.183 - - [24/Apr/2018:15:41:52 -0300] "GET /cormun/servlet/solicitudotadjuntos?275e9be0e5917f60b8c1f6affcf63b93eba41d9bbaad66a6d3fe2edc5003cea3,gx-no-cache=1524598854114 HTTP/1.1" 200 30
186.103.159.183 - - [24/Apr/2018:15:41:58 -0300] "POST /cormun/servlet/solicitudotadjuntos?d4c865c451e69bc91145f89d523adea9,INS,2018,11196,,1, HTTP/1.1" 200 116
186.103.159.183 - - [24/Apr/2018:15:41:58 -0300] "GET /cormun/servlet/hpexe_return? HTTP/1.1" 200 1027
201.236.62.77 - - [24/Apr/2018:15:41:58 -0300] "GET /cormun/servlet/solicitudot?1ddfcd0b94bccc63f301aad3d0712226062f4bc34ba9fca161053154b49fd28e4ad04bf0f8e70a22e58909943b6109b7626f3c091bd2e216941f2e32a6505577ae317526652805526bc98bdc04828963,gx-no-cache=1524595261727 HTTP/1.1" 200 30
186.103.159.183 - - [24/Apr/2018:15:41:59 -0300] "GET /cormun/servlet/trsolicitudadjuntos?2018,11196, HTTP/1.1" 200 8942
201.236.62.77 - - [24/Apr/2018:15:42:01 -0300] "POST /cormun/servlet/solicitudot?gx-no-cache=1524595264464 HTTP/1.1" 200 255
186.103.159.183 - - [24/Apr/2018:15:42:02 -0300] "GET /cormun/static/Shared/ext/ext-all.js HTTP/1.1" 200 1289687
186.103.159.183 - - [24/Apr/2018:15:42:02 -0300] "GET /cormun/servlet/trsolicitudadjuntos?2018,11196, HTTP/1.1" 200 8942
186.103.159.183 - - [24/Apr/2018:15:42:05 -0300] "GET /cormun/servlet/solicitudotadjuntos?INS,2018,11196,,1, HTTP/1.1" 200 6243
186.103.159.183 - - [24/Apr/2018:15:42:05 -0300] "GET /cormun/static/about:blank HTTP/1.1" 404 1011
200.112.233.47 - - [24/Apr/2018:15:42:18 -0300] "POST /cormun/servlet/trautorizarsolicitud?9e0c32ec583fb38b110aa3a1fd26e633,,gx-no-cache=1524595279622 HTTP/1.1" 200 4630
200.112.233.47 - - [24/Apr/2018:15:42:18 -0300] "GET /cormun/static/Shared/jqueryui/images/ui-icons_8d78a5_256x240.png HTTP/1.1" 404 1089
200.112.233.47 - - [24/Apr/2018:15:42:18 -0300] "GET /cormun/static/Shared/jqueryui/images/ui-icons_82798d_256x240.png HTTP/1.1" 404 1089
200.112.233.47 - - [24/Apr/2018:15:42:18 -0300] "POST /cormun/servlet/trautorizarsolicitud?9e0c32ec583fb38b110aa3a1fd26e633,,gx-no-cache=1524595282084 HTTP/1.1" 200 4403
200.112.233.47 - - [24/Apr/2018:15:42:18 -0300] "GET /cormun/static/Shared/jqueryui/images/ui-bg_flat_55_fafafa_40x100.png HTTP/1.1" 404 1097
200.112.233.47 - - [24/Apr/2018:15:42:22 -0300] "GET /cormun/static/Shared/jqueryui/images/ui-bg_highlight-soft_100_c6c2c8_1x100.png HTTP/1.1" 404 1117
201.236.62.77 - - [24/Apr/2018:15:42:33 -0300] "GET /cormun/servlet/solicitudot?1ddfcd0b94bccc63f301aad3d071222628ce354fd5d621505fbfbec583bdfd378b93b0d2062f045974a7b0bc7fdd34a1b4b0b1528f72900a84490a8b9a87a2e995a04a921488b2af961634e416f698dba4889d17b1c2144e7134c990c0f74514fa54885fc10350f15587d487a4dd22ad6d1cf62d1c9a218cc3751399e9351a4f4c7a1c864b7c1aa48f56b56c70b70e937bd0dd3268b978930d5cc072a2f1e17bdfda8c82eda1b8a714adf35fe6d83c6393f788e29be6b6777fd205f0e8317e6ec706f448c9ed4d80f3755ee6b544310e68f3017931e3f60f01d811d875ce55186ada49a2a884b29aa8c698cabdfe23992add11e24702e482ce22d41424e17cf75bf51ecf80ea2b411093e46890a0d3421f9dee3a5f8b179d13944c4177e9d033760083aa56522b059a080e764a25cc6ca04e20187cc3b0012bc6418ddf7542ac0447cea8c1a10e7f558fcb58303c0b14a581fb586baf246e5363b5ee124c54f9ef08d7b9a89aaa83dcafd9ced28b18a7bb1d67203eb88143f0b34c37744dc9d5,gx-no-cache=1524595296671 HTTP/1.1" 200 30
201.236.62.77 - - [24/Apr/2018:15:42:34 -0300] "POST /cormun/servlet/solicitudot?gx-no-cache=1524595296890 HTTP/1.1" 200 30
201.236.62.77 - - [24/Apr/2018:15:42:34 -0300] "POST /cormun/servlet/solicitudot?gx-no-cache=1524595297462 HTTP/1.1" 200 1366
201.236.62.77 - - [24/Apr/2018:15:42:34 -0300] "POST /cormun/servlet/solicitudot?gx-no-cache=1524595297641 HTTP/1.1" 200 38
201.236.62.77 - - [24/Apr/2018:15:42:40 -0300] "GET /cormun/servlet/solicitudot?1ddfcd0b94bccc63f301aad3d071222628ce354fd5d621505fbfbec583bdfd378b93b0d2062f045974a7b0bc7fdd34a1b4b0b1528f72900a84490a8b9a87a2e995a04a921488b2af961634e416f698dba4889d17b1c2144e7134c990c0f74514fa54885fc10350f15587d487a4dd22ad6d1cf62d1c9a218cc3751399e9351a4f4c7a1c864b7c1aa48f56b56c70b70e937bd0dd3268b978930d5cc072a2f1e17bdfda8c82eda1b8a714adf35fe6d83c6393f788e29be6b6777fd205f0e8317e6ec706f448c9ed4d80f3755ee6b544310e68f3017931e3f60f01d811d875ce55186ada49a2a884b29aa8c698cabdfe23998e4a9a9666acef43dee5d268909ff6695bf51ecf80ea2b411093e46890a0d3421f9dee3a5f8b179d13944c4177e9d033760083aa56522b059a080e764a25cc6ca04e20187cc3b0012bc6418ddf7542ac0447cea8c1a10e7f558fcb58303c0b14a581fb586baf246e5363b5ee124c54f9ef08d7b9a89aaa83dcafd9ced28b18a7221321785c9f37667999fb7a7c091246,gx-no-cache=1524595303213 HTTP/1.1" 200 30
201.236.62.77 - - [24/Apr/2018:15:42:43 -0300] "POST /cormun/servlet/solicitudot?gx-no-cache=1524595306183 HTTP/1.1" 200 30
201.236.62.77 - - [24/Apr/2018:15:42:44 -0300] "POST /cormun/servlet/solicitudot?gx-no-cache=1524595307672 HTTP/1.1" 200 1366
201.236.62.77 - - [24/Apr/2018:15:42:44 -0300] "POST /cormun/servlet/solicitudot?gx-no-cache=1524595307958 HTTP/1.1" 200 38
186.103.159.183 - - [24/Apr/2018:15:42:53 -0300] "GET /cormun/static/Shared/ext/ext-all.js HTTP/1.1" 200 1289687
186.103.159.183 - - [24/Apr/2018:15:42:54 -0300] "GET /cormun/servlet/solicitudotadjuntos?INS,2018,11196,,1, HTTP/1.1" 200 6236
186.103.159.183 - - [24/Apr/2018:15:42:54 -0300] "GET /cormun/servlet/solicitudotadjuntos?275e9be0e5917f60b8c1f6affcf63b930639754657d4f27f230bebf91a2a67fcdf0dc1ffc57ac869a71d0a41550633fe,gx-no-cache=1524598916652 HTTP/1.1" 200 30
186.103.159.183 - - [24/Apr/2018:15:42:55 -0300] "POST /cormun/servlet/solicitudotadjuntos?d4c865c451e69bc91145f89d523adea9,INS,2018,11196,,1,,gx-no-cache=1524598916720 HTTP/1.1" 200 3987
186.103.159.183 - - [24/Apr/2018:15:42:58 -0300] "POST /cormun/servlet/solicitudotadjuntos?gx-no-cache=1524598920516 HTTP/1.1" 200 26
186.103.159.183 - - [24/Apr/2018:15:43:07 -0300] "GET /cormun/servlet/solicitudotadjuntos?275e9be0e5917f60b8c1f6affcf63b93eba41d9bbaad66a6d3fe2edc5003cea3,gx-no-cache=1524598928950 HTTP/1.1" 200 30
186.103.159.183 - - [24/Apr/2018:15:43:07 -0300] "GET /cormun/servlet/solicitudotadjuntos?275e9be0e5917f60b8c1f6affcf63b93eba41d9bbaad66a6d3fe2edc5003cea3,gx-no-cache=1524598929412 HTTP/1.1" 200 30
186.103.159.183 - - [24/Apr/2018:15:43:31 -0300] "POST /cormun/servlet/solicitudotadjuntos?d4c865c451e69bc91145f89d523adea9,INS,2018,11196,,1, HTTP/1.1" 200 116
186.103.159.183 - - [24/Apr/2018:15:43:31 -0300] "GET /cormun/servlet/hpexe_return? HTTP/1.1" 200 1027
186.103.159.183 - - [24/Apr/2018:15:43:31 -0300] "GET /cormun/servlet/trsolicitudadjuntos?2018,11196, HTTP/1.1" 200 9114
186.103.159.183 - - [24/Apr/2018:15:43:33 -0300] "GET /cormun/static/Shared/ext/ext-all.js HTTP/1.1" 200 1289687
186.103.159.183 - - [24/Apr/2018:15:43:33 -0300] "GET /cormun/servlet/trsolicitudadjuntos?2018,11196, HTTP/1.1" 200 9111
186.103.159.183 - - [24/Apr/2018:15:43:36 -0300] "GET /cormun/servlet/solicitudotadjuntos?INS,2018,11196,,1, HTTP/1.1" 200 6243
186.103.159.183 - - [24/Apr/2018:15:43:36 -0300] "GET /cormun/static/about:blank HTTP/1.1" 404 1011
186.103.159.183 - - [24/Apr/2018:15:43:37 -0300] "GET /cormun/static/Shared/ext/ext-all.js HTTP/1.1" 200 1289687
186.103.159.183 - - [24/Apr/2018:15:43:37 -0300] "GET /cormun/servlet/solicitudotadjuntos?INS,2018,11196,,1, HTTP/1.1" 200 6237
186.103.159.183 - - [24/Apr/2018:15:43:38 -0300] "GET /cormun/servlet/solicitudotadjuntos?275e9be0e5917f60b8c1f6affcf63b930639754657d4f27f230bebf91a2a67fcdf0dc1ffc57ac869a71d0a41550633fe,gx-no-cache=1524598959960 HTTP/1.1" 200 30
186.103.159.183 - - [24/Apr/2018:15:43:39 -0300] "POST /cormun/servlet/solicitudotadjuntos?d4c865c451e69bc91145f89d523adea9,INS,2018,11196,,1,,gx-no-cache=1524598960318 HTTP/1.1" 200 3986
186.103.159.183 - - [24/Apr/2018:15:43:43 -0300] "POST /cormun/servlet/solicitudotadjuntos?gx-no-cache=1524598965080 HTTP/1.1" 200 26
186.103.159.183 - - [24/Apr/2018:15:43:50 -0300] "GET /cormun/servlet/solicitudotadjuntos?275e9be0e5917f60b8c1f6affcf63b93eba41d9bbaad66a6d3fe2edc5003cea3,gx-no-cache=1524598972496 HTTP/1.1" 200 30
186.103.159.183 - - [24/Apr/2018:15:43:50 -0300] "GET /cormun/servlet/solicitudotadjuntos?275e9be0e5917f60b8c1f6affcf63b93eba41d9bbaad66a6d3fe2edc5003cea3,gx-no-cache=1524598972566 HTTP/1.1" 200 30
186.103.159.183 - - [24/Apr/2018:15:43:52 -0300] "POST /cormun/servlet/solicitudotadjuntos?d4c865c451e69bc91145f89d523adea9,INS,2018,11196,,1, HTTP/1.1" 200 116
186.103.159.183 - - [24/Apr/2018:15:43:52 -0300] "GET /cormun/servlet/hpexe_return? HTTP/1.1" 200 1027
186.103.159.183 - - [24/Apr/2018:15:43:53 -0300] "GET /cormun/servlet/trsolicitudadjuntos?2018,11196, HTTP/1.1" 200 9340
186.103.159.183 - - [24/Apr/2018:15:43:55 -0300] "GET /cormun/static/Shared/ext/ext-all.js HTTP/1.1" 200 1289687
186.103.159.183 - - [24/Apr/2018:15:43:55 -0300] "GET /cormun/servlet/trsolicitudadjuntos?2018,11196, HTTP/1.1" 200 9337
201.236.62.77 - - [24/Apr/2018:15:43:56 -0300] "POST /cormun/servlet/solicitudot?gx-no-cache=1524595378831 HTTP/1.1" 200 30
201.236.62.77 - - [24/Apr/2018:15:43:57 -0300] "POST /cormun/servlet/solicitudot?gx-no-cache=1524595379739 HTTP/1.1" 200 1366
201.236.62.77 - - [24/Apr/2018:15:43:58 -0300] "POST /cormun/servlet/solicitudot?gx-no-cache=1524595380567 HTTP/1.1" 200 38
186.103.159.183 - - [24/Apr/2018:15:43:59 -0300] "GET /cormun/servlet/solicitudotadjuntos?INS,2018,11196,,1, HTTP/1.1" 200 6243
186.103.159.183 - - [24/Apr/2018:15:43:59 -0300] "GET /cormun/static/about:blank HTTP/1.1" 404 1011
186.103.159.183 - - [24/Apr/2018:15:44:00 -0300] "GET /cormun/static/Shared/ext/ext-all.js HTTP/1.1" 200 1289687
186.103.159.183 - - [24/Apr/2018:15:44:00 -0300] "GET /cormun/servlet/solicitudotadjuntos?INS,2018,11196,,1, HTTP/1.1" 200 6236
186.103.159.183 - - [24/Apr/2018:15:44:01 -0300] "GET /cormun/servlet/solicitudotadjuntos?275e9be0e5917f60b8c1f6affcf63b930639754657d4f27f230bebf91a2a67fcdf0dc1ffc57ac869a71d0a41550633fe,gx-no-cache=1524598982838 HTTP/1.1" 200 30
186.103.159.183 - - [24/Apr/2018:15:44:06 -0300] "POST /cormun/servlet/solicitudotadjuntos?d4c865c451e69bc91145f89d523adea9,INS,2018,11196,,1,,gx-no-cache=1524598982900 HTTP/1.1" 200 3986
201.236.62.77 - - [24/Apr/2018:15:44:07 -0300] "GET /cormun/servlet/solicitudot?1ddfcd0b94bccc63f301aad3d07122265d40de3bbc405748493fcb53a30fc5f11b8ed32962826d6f6bc0b57c3fdde09e695aa26e2c748a65b845e9c32100dc52bcffb1bf9903c0444dbaf56dcd3b06350cad0cc7c277aae31eac505dc4fe3943cc5c0562e43118f45735f86b30918491,gx-no-cache=1524595390586 HTTP/1.1" 200 29
201.236.62.77 - - [24/Apr/2018:15:44:07 -0300] "POST /cormun/servlet/solicitudot?gx-no-cache=1524595390713 HTTP/1.1" 200 1350
201.236.62.77 - - [24/Apr/2018:15:44:07 -0300] "POST /cormun/servlet/solicitudot?gx-no-cache=1524595390939 HTTP/1.1" 200 1246
186.103.159.183 - - [24/Apr/2018:15:44:10 -0300] "POST /cormun/servlet/solicitudotadjuntos?gx-no-cache=1524598991962 HTTP/1.1" 200 26
201.236.62.77 - - [24/Apr/2018:15:44:10 -0300] "GET /cormun/servlet/solicitudot?1ddfcd0b94bccc63f301aad3d0712226eaf7025784e1f248150ceea3b525f61e,gx-no-cache=1524595393868 HTTP/1.1" 200 30
201.236.62.77 - - [24/Apr/2018:15:44:10 -0300] "POST /cormun/servlet/solicitudot?gx-no-cache=1524595393970 HTTP/1.1" 200 30
186.103.159.183 - - [24/Apr/2018:15:44:16 -0300] "GET /cormun/servlet/solicitudotadjuntos?275e9be0e5917f60b8c1f6affcf63b93eba41d9bbaad66a6d3fe2edc5003cea3,gx-no-cache=1524598998134 HTTP/1.1" 200 30
186.103.159.183 - - [24/Apr/2018:15:44:16 -0300] "GET /cormun/servlet/solicitudotadjuntos?275e9be0e5917f60b8c1f6affcf63b93eba41d9bbaad66a6d3fe2edc5003cea3,gx-no-cache=1524598998192 HTTP/1.1" 200 30
186.103.159.183 - - [24/Apr/2018:15:45:13 -0300] "POST /cormun/servlet/solicitudotadjuntos?d4c865c451e69bc91145f89d523adea9,INS,2018,11196,,1, HTTP/1.1" 200 7073
186.103.159.183 - - [24/Apr/2018:15:45:33 -0300] "POST /cormun/servlet/solicitudotadjuntos?gx-no-cache=1524599063684 HTTP/1.1" 200 26
186.103.159.183 - - [24/Apr/2018:15:45:36 -0300] "GET /cormun/servlet/solicitudotadjuntos?INS,2018,11196,,1, HTTP/1.1" 200 6242
186.103.159.183 - - [24/Apr/2018:15:45:36 -0300] "GET /cormun/static/Resources/Spanish/PXTools.css?1155365 HTTP/1.1" 304 -
186.103.159.183 - - [24/Apr/2018:15:45:37 -0300] "GET /cormun/static/gxtimezone.js?85251 HTTP/1.1" 304 -
186.103.159.183 - - [24/Apr/2018:15:45:37 -0300] "GET /cormun/static/gxgral.js?85251 HTTP/1.1" 304 -
186.103.159.183 - - [24/Apr/2018:15:45:37 -0300] "GET /cormun/static/gxcfg.js?2017761244068 HTTP/1.1" 304 -
186.103.159.183 - - [24/Apr/2018:15:45:37 -0300] "GET /cormun/static/Shared/jqueryui/jquery-ui.min.css?1245370 HTTP/1.1" 304 -
186.103.159.183 - - [24/Apr/2018:15:45:37 -0300] "GET /cormun/static/calendar-system.css?75620 HTTP/1.1" 304 -
186.103.159.183 - - [24/Apr/2018:15:45:37 -0300] "GET /cormun/static/SmoothNavMenu/resources/ddsmoothmenu.css?1012540 HTTP/1.1" 304 -
186.103.159.183 - - [24/Apr/2018:15:45:37 -0300] "GET /cormun/static/scaMessage/css/jquery.pnotify.default.css?1716380 HTTP/1.1" 304 -
186.103.159.183 - - [24/Apr/2018:15:45:37 -0300] "GET /cormun/static/SmoothNavMenu/resources/ddsmoothmenu-v.css?1012540 HTTP/1.1" 304 -
186.103.159.183 - - [24/Apr/2018:15:45:37 -0300] "GET /cormun/static/RunJS/RunJS.js HTTP/1.1" 304 -
186.103.159.183 - - [24/Apr/2018:15:45:37 -0300] "GET /cormun/static/PXToolsJavascripts/pexe_autoreload.js HTTP/1.1" 304 -
186.103.159.183 - - [24/Apr/2018:15:45:37 -0300] "GET /cormun/static/PXToolsJavascripts/pexe_cookies.js HTTP/1.1" 304 -
186.103.159.183 - - [24/Apr/2018:15:45:37 -0300] "GET /cormun/static/PXToolsJavascripts/pexe_windows.js HTTP/1.1" 304 -
186.103.159.183 - - [24/Apr/2018:15:45:37 -0300] "GET /cormun/static/PXToolsJavascripts/pexe_grid.js HTTP/1.1" 304 -
186.103.159.183 - - [24/Apr/2018:15:45:37 -0300] "GET /cormun/static/PXToolsJavascripts/pexe_griddivfix.js HTTP/1.1" 304 -
186.103.159.183 - - [24/Apr/2018:15:45:37 -0300] "GET /cormun/static/PXToolsJavascripts/pexe_link.js HTTP/1.1" 304 -
186.103.159.183 - - [24/Apr/2018:15:45:37 -0300] "GET /cormun/static/PXToolsJavascripts/pexe_menudivfix.js HTTP/1.1" 304 -
186.103.159.183 - - [24/Apr/2018:15:45:37 -0300] "GET /cormun/static/calendar.js?85251 HTTP/1.1" 304 -
186.103.159.183 - - [24/Apr/2018:15:45:37 -0300] "GET /cormun/static/PXToolsJavascripts/pexe_layers.js HTTP/1.1" 304 -
186.103.159.183 - - [24/Apr/2018:15:45:37 -0300] "GET /cormun/static/PXToolsJavascripts/pexe_oav.js HTTP/1.1" 304 -
186.103.159.183 - - [24/Apr/2018:15:45:37 -0300] "GET /cormun/static/PXToolsJavascripts/pexe_menus.js HTTP/1.1" 304 -
186.103.159.183 - - [24/Apr/2018:15:45:37 -0300] "GET /cormun/static/PXToolsJavascripts/pexe_picture.js HTTP/1.1" 304 -
186.103.159.183 - - [24/Apr/2018:15:45:37 -0300] "GET /cormun/static/PXToolsJavascripts/pexe_scrolldiv.js HTTP/1.1" 304 -
186.103.159.183 - - [24/Apr/2018:15:45:37 -0300] "GET /cormun/static/PXToolsJavascripts/pexe_tabdivfix.js HTTP/1.1" 304 -
186.103.159.183 - - [24/Apr/2018:15:45:37 -0300] "GET /cormun/static/calendar-setup.js?85251 HTTP/1.1" 304 -
186.103.159.183 - - [24/Apr/2018:15:45:37 -0300] "GET /cormun/static/PXToolsJavascripts/pexe_upload.js HTTP/1.1" 304 -
186.103.159.183 - - [24/Apr/2018:15:45:37 -0300] "GET /cormun/static/PXToolsJavascripts/PXToolsJavascriptsRender.js HTTP/1.1" 304 -
186.103.159.183 - - [24/Apr/2018:15:45:37 -0300] "GET /cormun/static/PXToolsJavascripts/pexe_popup.js HTTP/1.1" 304 -
186.103.159.183 - - [24/Apr/2018:15:45:37 -0300] "GET /cormun/static/Shared/ext/locale/ext-lang-en.js HTTP/1.1" 304 -
186.103.159.183 - - [24/Apr/2018:15:45:37 -0300] "GET /cormun/static/PXToolsJavascripts/pexe_oavdivfix.js HTTP/1.1" 304 -
186.103.159.183 - - [24/Apr/2018:15:45:37 -0300] "GET /cormun/static/PXToolsJavascripts/pexe_tabs.js HTTP/1.1" 304 -
186.103.159.183 - - [24/Apr/2018:15:45:38 -0300] "GET /cormun/static/gxui/gxui-all.js HTTP/1.1" 304 -
186.103.159.183 - - [24/Apr/2018:15:45:38 -0300] "GET /cormun/static/solicitudotadjuntos.js?2017761244086 HTTP/1.1" 304 -
186.103.159.183 - - [24/Apr/2018:15:45:38 -0300] "GET /cormun/static/hwchdr01.js?201752511465785 HTTP/1.1" 304 -
186.103.159.183 - - [24/Apr/2018:15:45:38 -0300] "GET /cormun/static/hpexe_recentlink.js?20177611595044 HTTP/1.1" 304 -
186.103.159.183 - - [24/Apr/2018:15:45:38 -0300] "GET /cormun/static/hpexe_scripts.js?201752511465715 HTTP/1.1" 304 -
186.103.159.183 - - [24/Apr/2018:15:45:38 -0300] "GET /cormun/static/hpexe_messagecontroller.js?20177611595012 HTTP/1.1" 304 -
186.103.159.183 - - [24/Apr/2018:15:45:38 -0300] "GET /cormun/static/hpexe_messagegenexuscomponent.js?201752511465344 HTTP/1.1" 304 -
186.103.159.183 - - [24/Apr/2018:15:45:38 -0300] "GET /cormun/static/messages.spa.js?85251 HTTP/1.1" 304 -
186.103.159.183 - - [24/Apr/2018:15:45:38 -0300] "GET /cormun/static/Shared/jquery/jquery-1.4.2.min.js HTTP/1.1" 304 -
186.103.159.183 - - [24/Apr/2018:15:45:38 -0300] "GET /cormun/static/Shared/jquery/jquery-1.10.2.min.js HTTP/1.1" 304 -
186.103.159.183 - - [24/Apr/2018:15:45:38 -0300] "GET /cormun/static/Shared/jqueryui/jquery-ui.min.js HTTP/1.1" 304 -
186.103.159.183 - - [24/Apr/2018:15:45:38 -0300] "GET /cormun/static/SmoothNavMenu/resources/ddsmoothmenu.js HTTP/1.1" 304 -
186.103.159.183 - - [24/Apr/2018:15:45:38 -0300] "GET /cormun/static/hpexe_messagepopupcomponent.js?20161017169425 HTTP/1.1" 304 -
186.103.159.183 - - [24/Apr/2018:15:45:38 -0300] "GET /cormun/static/SmoothNavMenu/resources/SmoothNavMenuRender.js HTTP/1.1" 304 -
186.103.159.183 - - [24/Apr/2018:15:45:38 -0300] "GET /cormun/static/scaMessage/js/jquery.pnotify.min.js HTTP/1.1" 304 -
186.103.159.183 - - [24/Apr/2018:15:45:38 -0300] "GET /cormun/static/scaMessage/scaMessageRender.js HTTP/1.1" 304 -
186.103.159.183 - - [24/Apr/2018:15:45:38 -0300] "GET /cormun/static/hmpwkw03.js?20177612122668 HTTP/1.1" 304 -
186.103.159.183 - - [24/Apr/2018:15:45:38 -0300] "GET /cormun/static/cmcontrolpreferences.js?201752511465670 HTTP/1.1" 304 -
186.103.159.183 - - [24/Apr/2018:15:45:39 -0300] "GET /cormun/static/calendar-es.js?85251 HTTP/1.1" 304 -
186.103.159.183 - - [24/Apr/2018:15:45:40 -0300] "GET /cormun/static/Resources/logo4.png HTTP/1.1" 304 -
186.103.159.183 - - [24/Apr/2018:15:45:40 -0300] "GET /cormun/static/Resources/PXToolsHeaderActionsLeft.png HTTP/1.1" 304 -
186.103.159.183 - - [24/Apr/2018:15:45:40 -0300] "GET /cormun/static/Resources/PXToolsHeaderHome.png HTTP/1.1" 304 -
186.103.159.183 - - [24/Apr/2018:15:45:40 -0300] "GET /cormun/static/Resources/PXToolsHeaderLogin.png HTTP/1.1" 304 -
186.103.159.183 - - [24/Apr/2018:15:45:40 -0300] "GET /cormun/static/about:blank HTTP/1.1" 404 1011
186.103.159.183 - - [24/Apr/2018:15:45:40 -0300] "GET /cormun/static/Resources/PXToolsHeaderPreferences.png HTTP/1.1" 304 -
186.103.159.183 - - [24/Apr/2018:15:45:40 -0300] "GET /cormun/static/Resources/PXToolsHeaderSecurity.png HTTP/1.1" 304 -
186.103.159.183 - - [24/Apr/2018:15:45:40 -0300] "GET /cormun/static/Resources/PXToolsHeaderActionsRight.png HTTP/1.1" 304 -
186.103.159.183 - - [24/Apr/2018:15:45:40 -0300] "GET /cormun/static/Resources/PXTools/calendar.png HTTP/1.1" 304 -
186.103.159.183 - - [24/Apr/2018:15:45:40 -0300] "GET /cormun/static/Resources/PXToolsFooterBackground2.png HTTP/1.1" 304 -
186.103.159.183 - - [24/Apr/2018:15:45:40 -0300] "GET /cormun/static/Resources/PXToolsHeaderBackground2.png HTTP/1.1" 304 -
186.103.159.183 - - [24/Apr/2018:15:45:40 -0300] "GET /cormun/static/Resources/PXToolsHeaderActionsBackground.png HTTP/1.1" 304 -
186.103.159.183 - - [24/Apr/2018:15:45:40 -0300] "GET /cormun/static/Resources/PXToolsDataTitle.png HTTP/1.1" 304 -
186.103.159.183 - - [24/Apr/2018:15:45:40 -0300] "GET /cormun/static/Resources/PXToolsButtonLeft21.png HTTP/1.1" 304 -
186.103.159.183 - - [24/Apr/2018:15:45:40 -0300] "GET /cormun/static/Resources/PXToolsButtonRight21.png HTTP/1.1" 304 -
186.103.159.183 - - [24/Apr/2018:15:45:40 -0300] "GET /cormun/static/Resources/PXToolsButtonBackground2.png HTTP/1.1" 304 -
186.103.159.183 - - [24/Apr/2018:15:45:41 -0300] "GET /cormun/static/Shared/ext/ext-all.js HTTP/1.1" 200 1289687
186.103.159.183 - - [24/Apr/2018:15:45:47 -0300] "GET /cormun/static/gxdec.js?85251 HTTP/1.1" 304 -
186.103.159.183 - - [24/Apr/2018:15:45:47 -0300] "GET /cormun/static/Resources/indicator.gif HTTP/1.1" 304 -
186.103.159.183 - - [24/Apr/2018:15:45:47 -0300] "GET /cormun/static/SmoothNavMenu/resources/images/down.gif HTTP/1.1" 304 -
186.103.159.183 - - [24/Apr/2018:15:45:47 -0300] "GET /cormun/static/SmoothNavMenu/resources/images/right.gif HTTP/1.1" 304 -
186.103.159.183 - - [24/Apr/2018:15:45:47 -0300] "GET /cormun/servlet/solicitudotadjuntos?INS,2018,11196,,1, HTTP/1.1" 200 6236
186.103.159.183 - - [24/Apr/2018:15:45:47 -0300] "GET /cormun/servlet/solicitudotadjuntos?275e9be0e5917f60b8c1f6affcf63b930639754657d4f27f230bebf91a2a67fcdf0dc1ffc57ac869a71d0a41550633fe,gx-no-cache=1524599089390 HTTP/1.1" 200 30
186.103.159.183 - - [24/Apr/2018:15:45:49 -0300] "POST /cormun/servlet/solicitudotadjuntos?d4c865c451e69bc91145f89d523adea9,INS,2018,11196,,1,,gx-no-cache=1524599089480 HTTP/1.1" 200 3986
186.103.159.183 - - [24/Apr/2018:15:45:51 -0300] "POST /cormun/servlet/solicitudotadjuntos?gx-no-cache=1524599093326 HTTP/1.1" 200 26
186.103.159.183 - - [24/Apr/2018:15:45:58 -0300] "GET /cormun/servlet/solicitudotadjuntos?275e9be0e5917f60b8c1f6affcf63b93eba41d9bbaad66a6d3fe2edc5003cea3,gx-no-cache=1524599099942 HTTP/1.1" 200 30
186.103.159.183 - - [24/Apr/2018:15:45:58 -0300] "GET /cormun/servlet/solicitudotadjuntos?275e9be0e5917f60b8c1f6affcf63b93eba41d9bbaad66a6d3fe2edc5003cea3,gx-no-cache=1524599099994 HTTP/1.1" 200 30
186.103.159.183 - - [24/Apr/2018:15:46:06 -0300] "POST /cormun/servlet/solicitudotadjuntos?d4c865c451e69bc91145f89d523adea9,INS,2018,11196,,1, HTTP/1.1" 200 116
186.103.159.183 - - [24/Apr/2018:15:46:06 -0300] "GET /cormun/servlet/hpexe_return? HTTP/1.1" 200 1027
186.103.159.183 - - [24/Apr/2018:15:46:06 -0300] "GET /cormun/servlet/trsolicitudadjuntos?2018,11196, HTTP/1.1" 200 9546
186.103.159.183 - - [24/Apr/2018:15:46:08 -0300] "GET /cormun/static/Shared/ext/ext-all.js HTTP/1.1" 200 1289687
186.103.159.183 - - [24/Apr/2018:15:46:08 -0300] "GET /cormun/servlet/trsolicitudadjuntos?2018,11196, HTTP/1.1" 200 9544
186.103.159.183 - - [24/Apr/2018:15:46:15 -0300] "GET /cormun/servlet/solicitudotadjuntos?INS,2018,11196,,1, HTTP/1.1" 200 6242
186.103.159.183 - - [24/Apr/2018:15:46:15 -0300] "GET /cormun/static/about:blank HTTP/1.1" 404 1011
186.103.159.183 - - [24/Apr/2018:15:46:17 -0300] "GET /cormun/static/Shared/ext/ext-all.js HTTP/1.1" 200 1289687
186.103.159.183 - - [24/Apr/2018:15:46:17 -0300] "GET /cormun/servlet/solicitudotadjuntos?INS,2018,11196,,1, HTTP/1.1" 200 6236
186.103.159.183 - - [24/Apr/2018:15:46:18 -0300] "GET /cormun/servlet/solicitudotadjuntos?275e9be0e5917f60b8c1f6affcf63b930639754657d4f27f230bebf91a2a67fcdf0dc1ffc57ac869a71d0a41550633fe,gx-no-cache=1524599119930 HTTP/1.1" 200 30
186.103.159.183 - - [24/Apr/2018:15:46:19 -0300] "POST /cormun/servlet/solicitudotadjuntos?d4c865c451e69bc91145f89d523adea9,INS,2018,11196,,1,,gx-no-cache=1524599120010 HTTP/1.1" 200 3988
186.103.159.183 - - [24/Apr/2018:15:46:21 -0300] "POST /cormun/servlet/solicitudotadjuntos?gx-no-cache=1524599123540 HTTP/1.1" 200 26
186.103.159.183 - - [24/Apr/2018:15:46:27 -0300] "GET /cormun/servlet/solicitudotadjuntos?275e9be0e5917f60b8c1f6affcf63b93eba41d9bbaad66a6d3fe2edc5003cea3,gx-no-cache=1524599129672 HTTP/1.1" 200 30
186.103.159.183 - - [24/Apr/2018:15:46:28 -0300] "GET /cormun/servlet/solicitudotadjuntos?275e9be0e5917f60b8c1f6affcf63b93eba41d9bbaad66a6d3fe2edc5003cea3,gx-no-cache=1524599129730 HTTP/1.1" 200 30
201.236.62.77 - - [24/Apr/2018:15:46:55 -0300] "GET /cormun/servlet/solicitudot?1ddfcd0b94bccc63f301aad3d0712226eaf7025784e1f248150ceea3b525f61e,gx-no-cache=1524595558656 HTTP/1.1" 200 30
201.236.62.77 - - [24/Apr/2018:15:46:55 -0300] "POST /cormun/servlet/solicitudot?gx-no-cache=1524595558897 HTTP/1.1" 200 30
201.236.62.77 - - [24/Apr/2018:15:46:57 -0300] "POST /cormun/servlet/solicitudot?c38bb10f2ae225a756116e78f323254f,INS,0,0,,gx-no-cache=1524595559075 HTTP/1.1" 200 11863
201.236.62.77 - - [24/Apr/2018:15:46:59 -0300] "GET /cormun/static/menuarrow.gif HTTP/1.1" 404 1015
201.236.62.77 - - [24/Apr/2018:15:47:03 -0300] "GET /cormun/servlet/solicitudot?1ddfcd0b94bccc63f301aad3d0712226ef0885939d5d3c0ffd31fcd839bc40fa4347acd9474a6029b6542c65fa44de27,gx-no-cache=1524595566766 HTTP/1.1" 200 30
201.236.56.85 - - [24/Apr/2018:15:47:39 -0300] "POST /cormun/servlet/solicitudot?gx-no-cache=1524595582995 HTTP/1.1" 200 30
201.236.56.85 - - [24/Apr/2018:15:47:41 -0300] "POST /cormun/servlet/solicitudot?c38bb10f2ae225a756116e78f323254f,INS,0,0,,gx-no-cache=1524595602636 HTTP/1.1" 200 93
201.236.56.85 - - [24/Apr/2018:15:47:41 -0300] "GET /cormun/servlet/hpexe_return? HTTP/1.1" 200 1003
201.236.56.85 - - [24/Apr/2018:15:47:41 -0300] "GET /cormun/static/gxcfg.js?2016101716175148 HTTP/1.1" 304 -
201.236.56.85 - - [24/Apr/2018:15:47:42 -0300] "GET /cormun/servlet/trsolicitudot HTTP/1.1" 200 22439
201.236.56.85 - - [24/Apr/2018:15:47:43 -0300] "GET /cormun/servlet/trsolicitudot HTTP/1.1" 200 22434
201.236.56.85 - - [24/Apr/2018:15:48:04 -0300] "POST /cormun/servlet/trsolicitudot?c38bb10f2ae225a756116e78f323254f,gx-no-cache=1524595622735 HTTP/1.1" 200 106
186.103.159.183 - - [24/Apr/2018:15:48:05 -0300] "POST /cormun/servlet/solicitudotadjuntos?d4c865c451e69bc91145f89d523adea9,INS,2018,11196,,1, HTTP/1.1" 200 7073
201.236.56.85 - - [24/Apr/2018:15:48:05 -0300] "GET /cormun/servlet/trsolicitudadjuntos?2018,11197, HTTP/1.1" 200 6094
201.236.56.85 - - [24/Apr/2018:15:48:05 -0300] "GET /cormun/servlet/trsolicitudadjuntos?2018,11197, HTTP/1.1" 200 6094
201.236.56.85 - - [24/Apr/2018:15:48:17 -0300] "GET /cormun/servlet/solicitudotadjuntos?INS,2018,11197,,1, HTTP/1.1" 200 6041
201.236.56.85 - - [24/Apr/2018:15:48:17 -0300] "GET /cormun/static/about:blank HTTP/1.1" 404 1011
201.236.56.85 - - [24/Apr/2018:15:48:17 -0300] "GET /cormun/servlet/solicitudotadjuntos?INS,2018,11197,,1, HTTP/1.1" 200 6035
201.236.56.85 - - [24/Apr/2018:15:48:18 -0300] "GET /cormun/servlet/solicitudotadjuntos?1ddfcd0b94bccc63f301aad3d0712226c610476e7f753d0b1c0ec74d45e8382e72032e734f2531d0758e6bb54f8f983d,gx-no-cache=1524595641386 HTTP/1.1" 200 30
201.236.56.85 - - [24/Apr/2018:15:48:18 -0300] "POST /cormun/servlet/solicitudotadjuntos?c38bb10f2ae225a756116e78f323254f,INS,2018,11197,,1,,gx-no-cache=1524595641499 HTTP/1.1" 200 3824
201.236.56.85 - - [24/Apr/2018:15:48:19 -0300] "POST /cormun/servlet/solicitudotadjuntos?gx-no-cache=1524595643051 HTTP/1.1" 200 26
201.236.56.85 - - [24/Apr/2018:15:48:34 -0300] "GET /cormun/servlet/solicitudotadjuntos?1ddfcd0b94bccc63f301aad3d07122260b7d9bef6ca6966b77abe76bcf301518,gx-no-cache=1524595657336 HTTP/1.1" 200 30
201.236.56.85 - - [24/Apr/2018:15:48:34 -0300] "GET /cormun/servlet/solicitudotadjuntos?1ddfcd0b94bccc63f301aad3d07122260b7d9bef6ca6966b77abe76bcf301518,gx-no-cache=1524595657441 HTTP/1.1" 200 30
201.236.56.85 - - [24/Apr/2018:15:48:39 -0300] "POST /cormun/servlet/solicitudotadjuntos?c38bb10f2ae225a756116e78f323254f,INS,2018,11197,,1, HTTP/1.1" 200 116
201.236.56.85 - - [24/Apr/2018:15:48:39 -0300] "GET /cormun/servlet/hpexe_return? HTTP/1.1" 200 1022
201.236.56.85 - - [24/Apr/2018:15:48:39 -0300] "GET /cormun/servlet/trsolicitudadjuntos?2018,11197, HTTP/1.1" 200 8551
201.236.56.85 - - [24/Apr/2018:15:48:40 -0300] "GET /cormun/servlet/trsolicitudadjuntos?2018,11197, HTTP/1.1" 200 8547
201.236.56.85 - - [24/Apr/2018:15:48:42 -0300] "GET /cormun/servlet/solicitudotadjuntos?INS,2018,11197,,1, HTTP/1.1" 200 6041
201.236.56.85 - - [24/Apr/2018:15:48:42 -0300] "GET /cormun/static/about:blank HTTP/1.1" 404 1011
201.236.56.85 - - [24/Apr/2018:15:48:42 -0300] "GET /cormun/servlet/solicitudotadjuntos?INS,2018,11197,,1, HTTP/1.1" 200 6035
201.236.56.85 - - [24/Apr/2018:15:48:43 -0300] "GET /cormun/servlet/solicitudotadjuntos?1ddfcd0b94bccc63f301aad3d0712226c610476e7f753d0b1c0ec74d45e8382e72032e734f2531d0758e6bb54f8f983d,gx-no-cache=1524595666376 HTTP/1.1" 200 30
201.236.56.85 - - [24/Apr/2018:15:48:43 -0300] "POST /cormun/servlet/solicitudotadjuntos?c38bb10f2ae225a756116e78f323254f,INS,2018,11197,,1,,gx-no-cache=1524595666489 HTTP/1.1" 200 3824
186.103.159.183 - - [24/Apr/2018:15:48:43 -0300] "POST /cormun/servlet/solicitudotadjuntos?d4c865c451e69bc91145f89d523adea9,INS,2018,11196,,1,,gx-no-cache=1524599258926 HTTP/1.1" 200 93
186.103.159.183 - - [24/Apr/2018:15:48:43 -0300] "GET /cormun/servlet/hpexe_return? HTTP/1.1" 200 1027
186.103.159.183 - - [24/Apr/2018:15:48:44 -0300] "GET /cormun/servlet/trsolicitudadjuntos?2018,11196, HTTP/1.1" 200 9544
186.103.159.183 - - [24/Apr/2018:15:48:45 -0300] "GET /cormun/static/Shared/ext/ext-all.js HTTP/1.1" 200 1289687
201.236.56.85 - - [24/Apr/2018:15:48:45 -0300] "POST /cormun/servlet/solicitudotadjuntos?gx-no-cache=1524595668167 HTTP/1.1" 200 26
186.103.159.183 - - [24/Apr/2018:15:48:46 -0300] "GET /cormun/servlet/trsolicitudadjuntos?2018,11196, HTTP/1.1" 200 9544
201.236.56.85 - - [24/Apr/2018:15:48:50 -0300] "GET /cormun/servlet/solicitudotadjuntos?1ddfcd0b94bccc63f301aad3d07122260b7d9bef6ca6966b77abe76bcf301518,gx-no-cache=1524595673639 HTTP/1.1" 200 30
201.236.56.85 - - [24/Apr/2018:15:48:50 -0300] "GET /cormun/servlet/solicitudotadjuntos?1ddfcd0b94bccc63f301aad3d07122260b7d9bef6ca6966b77abe76bcf301518,gx-no-cache=1524595673744 HTTP/1.1" 200 30
186.103.159.183 - - [24/Apr/2018:15:48:54 -0300] "GET /cormun/servlet/solicitudotadjuntos?INS,2018,11196,,1, HTTP/1.1" 200 6242
186.103.159.183 - - [24/Apr/2018:15:48:54 -0300] "GET /cormun/static/about:blank HTTP/1.1" 404 1011
201.236.56.85 - - [24/Apr/2018:15:48:55 -0300] "POST /cormun/servlet/solicitudotadjuntos?c38bb10f2ae225a756116e78f323254f,INS,2018,11197,,1, HTTP/1.1" 200 116
186.103.159.183 - - [24/Apr/2018:15:48:55 -0300] "GET /cormun/static/Shared/ext/ext-all.js HTTP/1.1" 200 1289687
201.236.56.85 - - [24/Apr/2018:15:48:55 -0300] "GET /cormun/servlet/hpexe_return? HTTP/1.1" 200 1022
186.103.159.183 - - [24/Apr/2018:15:48:55 -0300] "GET /cormun/servlet/solicitudotadjuntos?INS,2018,11196,,1, HTTP/1.1" 200 6235
201.236.56.85 - - [24/Apr/2018:15:48:55 -0300] "GET /cormun/servlet/trsolicitudadjuntos?2018,11197, HTTP/1.1" 200 8765
186.103.159.183 - - [24/Apr/2018:15:48:56 -0300] "GET /cormun/servlet/solicitudotadjuntos?275e9be0e5917f60b8c1f6affcf63b930639754657d4f27f230bebf91a2a67fcdf0dc1ffc57ac869a71d0a41550633fe,gx-no-cache=1524599277782 HTTP/1.1" 200 30
201.236.56.85 - - [24/Apr/2018:15:48:56 -0300] "GET /cormun/servlet/trsolicitudadjuntos?2018,11197, HTTP/1.1" 200 8765
186.103.159.183 - - [24/Apr/2018:15:48:57 -0300] "POST /cormun/servlet/solicitudotadjuntos?d4c865c451e69bc91145f89d523adea9,INS,2018,11196,,1,,gx-no-cache=1524599277854 HTTP/1.1" 200 3985
186.103.159.183 - - [24/Apr/2018:15:49:00 -0300] "POST /cormun/servlet/solicitudotadjuntos?gx-no-cache=1524599281774 HTTP/1.1" 200 26
201.236.56.85 - - [24/Apr/2018:15:49:01 -0300] "GET /cormun/servlet/solicitudotadjuntos?INS,2018,11197,,1, HTTP/1.1" 200 6041
201.236.56.85 - - [24/Apr/2018:15:49:01 -0300] "GET /cormun/static/about:blank HTTP/1.1" 404 1011
201.236.56.85 - - [24/Apr/2018:15:49:01 -0300] "GET /cormun/servlet/solicitudotadjuntos?INS,2018,11197,,1, HTTP/1.1" 200 6035
201.236.56.85 - - [24/Apr/2018:15:49:02 -0300] "GET /cormun/servlet/solicitudotadjuntos?1ddfcd0b94bccc63f301aad3d0712226c610476e7f753d0b1c0ec74d45e8382e72032e734f2531d0758e6bb54f8f983d,gx-no-cache=1524595685439 HTTP/1.1" 200 30
201.236.56.85 - - [24/Apr/2018:15:49:03 -0300] "POST /cormun/servlet/solicitudotadjuntos?c38bb10f2ae225a756116e78f323254f,INS,2018,11197,,1,,gx-no-cache=1524595685563 HTTP/1.1" 200 3824
186.103.159.183 - - [24/Apr/2018:15:49:06 -0300] "GET /cormun/servlet/solicitudotadjuntos?275e9be0e5917f60b8c1f6affcf63b93eba41d9bbaad66a6d3fe2edc5003cea3,gx-no-cache=1524599288640 HTTP/1.1" 200 30
186.103.159.183 - - [24/Apr/2018:15:49:07 -0300] "GET /cormun/servlet/solicitudotadjuntos?275e9be0e5917f60b8c1f6affcf63b93eba41d9bbaad66a6d3fe2edc5003cea3,gx-no-cache=1524599288700 HTTP/1.1" 200 30
201.236.56.85 - - [24/Apr/2018:15:49:09 -0300] "POST /cormun/servlet/solicitudotadjuntos?gx-no-cache=1524595690991 HTTP/1.1" 200 26
186.103.159.204 - - [24/Apr/2018:15:49:20 -0300] "GET /cormun/servlet/permisogoce?f7647800ffb24d2f7f7c9c83addff7fe52e2c750efbbadcbeecb702215657fb792da5dcac4b5e88eb52d0faca861861f,gx-no-cache=1524595702514 HTTP/1.1" 200 223
186.103.159.204 - - [24/Apr/2018:15:49:20 -0300] "GET /cormun/static/Shared/jqueryui/images/ui-bg_highlight-soft_100_c6c2c8_1x100.png HTTP/1.1" 404 1117
186.103.159.204 - - [24/Apr/2018:15:49:20 -0300] "GET /cormun/static/Shared/jqueryui/images/ui-bg_flat_55_994d53_40x100.png HTTP/1.1" 404 1097
186.103.159.204 - - [24/Apr/2018:15:49:20 -0300] "GET /cormun/static/Shared/jqueryui/images/ui-icons_82798d_256x240.png HTTP/1.1" 404 1089
186.103.159.204 - - [24/Apr/2018:15:49:20 -0300] "GET /cormun/static/Shared/jqueryui/images/ui-icons_ebccce_256x240.png HTTP/1.1" 404 1089
186.103.159.204 - - [24/Apr/2018:15:49:20 -0300] "GET /cormun/servlet/permisogoce?f7647800ffb24d2f7f7c9c83addff7fe6fdd295478a0817522ea7b64b89c477ad11cc6e20665413ac16af8ed6f9990bd,gx-no-cache=1524595702735 HTTP/1.1" 200 129
186.103.159.183 - - [24/Apr/2018:15:49:28 -0300] "POST /cormun/servlet/solicitudotadjuntos?d4c865c451e69bc91145f89d523adea9,INS,2018,11196,,1, HTTP/1.1" 200 116
186.103.159.183 - - [24/Apr/2018:15:49:29 -0300] "GET /cormun/servlet/hpexe_return? HTTP/1.1" 200 1027
186.103.159.183 - - [24/Apr/2018:15:49:29 -0300] "GET /cormun/servlet/trsolicitudadjuntos?2018,11196, HTTP/1.1" 200 9794
186.103.159.183 - - [24/Apr/2018:15:49:30 -0300] "GET /cormun/static/Shared/ext/ext-all.js HTTP/1.1" 200 1289687
186.103.159.183 - - [24/Apr/2018:15:49:31 -0300] "GET /cormun/servlet/trsolicitudadjuntos?2018,11196, HTTP/1.1" 200 9792
186.103.159.204 - - [24/Apr/2018:15:49:32 -0300] "POST /cormun/servlet/permisogoce?63226e440c76a5f3acc17630663d39ae,INS,0,,,,gx-no-cache=1524595714036 HTTP/1.1" 200 93
186.103.159.204 - - [24/Apr/2018:15:49:32 -0300] "GET /cormun/servlet/hpexe_return? HTTP/1.1" 200 1007
186.103.159.204 - - [24/Apr/2018:15:49:32 -0300] "GET /cormun/static/hpexe_return.js?2016101716175153 HTTP/1.1" 200 1633
186.103.159.204 - - [24/Apr/2018:15:49:32 -0300] "GET /cormun/static/gxcfg.js?2016101716175148 HTTP/1.1" 200 953
186.103.159.204 - - [24/Apr/2018:15:49:33 -0300] "GET /cormun/static/Resources/Spanish/PXTools.css?167811 HTTP/1.1" 200 89042
186.103.159.204 - - [24/Apr/2018:15:49:33 -0300] "GET /cormun/servlet/trpermisosgoce HTTP/1.1" 200 6760
186.103.159.204 - - [24/Apr/2018:15:49:34 -0300] "GET /cormun/servlet/trpermisosgoce HTTP/1.1" 200 6756
201.236.56.85 - - [24/Apr/2018:15:50:02 -0300] "GET /cormun/servlet/solicitudotadjuntos?1ddfcd0b94bccc63f301aad3d07122260b7d9bef6ca6966b77abe76bcf301518,gx-no-cache=1524595745656 HTTP/1.1" 200 30
201.236.56.85 - - [24/Apr/2018:15:50:02 -0300] "GET /cormun/servlet/solicitudotadjuntos?1ddfcd0b94bccc63f301aad3d07122260b7d9bef6ca6966b77abe76bcf301518,gx-no-cache=1524595745857 HTTP/1.1" 200 30
201.236.56.85 - - [24/Apr/2018:15:50:07 -0300] "POST /cormun/servlet/solicitudotadjuntos?c38bb10f2ae225a756116e78f323254f,INS,2018,11197,,1, HTTP/1.1" 200 116
201.236.56.85 - - [24/Apr/2018:15:50:07 -0300] "GET /cormun/servlet/hpexe_return? HTTP/1.1" 200 1022
201.236.56.85 - - [24/Apr/2018:15:50:07 -0300] "GET /cormun/servlet/trsolicitudadjuntos?2018,11197, HTTP/1.1" 200 8959
201.236.56.85 - - [24/Apr/2018:15:50:08 -0300] "GET /cormun/servlet/trsolicitudadjuntos?2018,11197, HTTP/1.1" 200 8958
186.103.159.183 - - [24/Apr/2018:15:50:10 -0300] "GET /cormun/servlet/trsolicitudot? HTTP/1.1" 200 8773
