200.112.49.70 - - [23/Apr/2018:08:59:17 -0300] "GET /cormun/servlet/solicitudot?a87c9881c882af0b4464a44f7d90821e4dcfb5886e3a5bf0d6fef9f27f63d24f01e8436577d889e916da5c4822f655e08eb8b9b377dd78123e5fea76295741c2,gx-no-cache=1524484700986 HTTP/1.1" 200 30
200.112.49.70 - - [23/Apr/2018:08:59:17 -0300] "POST /cormun/servlet/solicitudot?gx-no-cache=1524484701274 HTTP/1.1" 200 297
200.112.49.70 - - [23/Apr/2018:08:59:17 -0300] "GET /cormun/servlet/solicitudot?a87c9881c882af0b4464a44f7d90821e12b627c992436015195eeab12fbb8a80b5c26ec301dbc3364837afa69c3f14f3a7cf20c7d0e63c210b19d943fca474385aac7527f95c7ee8f16686b37a64ca19439ef76fe4b6e107c272d3ffd1611c3e72a07555327e203c056022b440b672f564c5e35fc16d96bd8dd8094d89208217a016707ca478342707575c205af8152447872f5a711e9f77496757662e43fca2b0ee83151a0471840555df3660f26682952ddf21046d779e7c0fa7b4d728fd7117b359ba1766468b2013847487dc6434e0f39078c2c44d296692e02142e6a949265b96739be3928b7721ae15bacb036320a6afa62d4eb9dd86d327652f99727b926ff1b9c4f15af1931f7db9e0b6c3388b5173931104883e70027977c71a9f2c0bcbfb1890d2d2edf4f9759436cafbd9994405a3b39e139a83617f92bce05b1e3de47b14aaeb30e8a5e10b067bd0510968a9bb25e145f43f46f74ff2ef188d07c19467ca9ae5f9437f82f62ffa5f2b6a28435e6fc59e9c5119d3fe94c620d0c032ab1c843b50e1ef916f4bd53ba5e466,gx-no-cache=1524484701475 HTTP/1.1" 200 30
200.112.49.70 - - [23/Apr/2018:08:59:21 -0300] "POST /cormun/servlet/solicitudot?gx-no-cache=1524484705176 HTTP/1.1" 200 30
200.112.49.70 - - [23/Apr/2018:08:59:24 -0300] "GET /cormun/servlet/prfichaempleado?,MD,,gxPopupLevel%3D0%3B HTTP/1.1" 200 9351
200.112.49.70 - - [23/Apr/2018:08:59:24 -0300] "GET /cormun/static/gxcfg.js?20177612134814 HTTP/1.1" 200 953
192.168.10.97 - - [23/Apr/2018:08:59:27 -0300] "POST /cormun/servlet/trsolicitudgral?cd2ffc80267d38dfbaab8da38f33e7fc,gx-no-cache=1524482571906,gx-no-cache=1524484587406 HTTP/1.1" 200 7276
200.112.49.70 - - [23/Apr/2018:08:59:45 -0300] "POST /cormun/servlet/prfichaempleado?3744f8296463764308665f70b13764ef,,MD,,gxPopupLevel%3D0%3B,gx-no-cache=1524484728137 HTTP/1.1" 200 3421
186.103.157.246 - - [23/Apr/2018:08:59:49 -0300] "GET /cormun/servlet/licenciaspermisos?69fd50467e64f4be0ec2896d3cc5bb92cbbf782be22bc5917937b3c0a2007c4f493c26e632f4e523407658148596fbbfb1727a9b89e1c77164830a7240101c9f730a802eda5639e53237089fdb4191742551d332edf1fc1034f31c815641158527ff35d10d6b0c2cfb50bbc95e3bf880e9b6d23f9f19150208e491df950981e845625c9a5386cfc779f87a74f043fe1952edaadd144dd9948050bdace44a1fc974126d2e7ef220a7353005425f7e380e,gx-no-cache=1524484733274 HTTP/1.1" 200 30
186.103.157.246 - - [23/Apr/2018:08:59:50 -0300] "GET /cormun/servlet/licenciaspermisos?69fd50467e64f4be0ec2896d3cc5bb928875187da24684d1b3b00211528aa392d2983d938680e15e65b5f21ffb74a1eb9af84abd723d7b9636454409719a9ed7ea5ea88842da86c35d4d193ecca8a1ee79da394ad1fa93740a6df000ca1b48ab8d3b75c0ee9e5da9227142ad5b54356bb3f4f0e70c1b758211b2d389c69bcff4b12bd096d04b33d3c5f21b8431a928d5c4b31ad83e4f3d6e94504a8d7894a70a40e41f146706c048f1784dc20d5af5ea,gx-no-cache=1524484733659 HTTP/1.1" 200 29
186.103.157.246 - - [23/Apr/2018:08:59:51 -0300] "POST /cormun/servlet/licenciaspermisos?6343f0abbdba4069f3e4e08a3e8a13bf,INS,0,,,,gx-no-cache=1524484733792 HTTP/1.1" 200 93
186.103.157.246 - - [23/Apr/2018:08:59:51 -0300] "GET /cormun/servlet/hpexe_return? HTTP/1.1" 200 1012
186.103.157.246 - - [23/Apr/2018:08:59:52 -0300] "GET /cormun/servlet/hhome HTTP/1.1" 200 4138
186.103.157.246 - - [23/Apr/2018:08:59:52 -0300] "GET /cormun/static/gxcfg.js?20175251212442 HTTP/1.1" 304 -
186.103.157.246 - - [23/Apr/2018:08:59:53 -0300] "GET /cormun/servlet/hhome HTTP/1.1" 200 4134
200.112.49.70 - - [23/Apr/2018:08:59:58 -0300] "POST /cormun/servlet/solicitudot?gx-no-cache=1524484742131 HTTP/1.1" 200 1368
200.112.49.70 - - [23/Apr/2018:08:59:58 -0300] "GET /cormun/static/menuarrow.gif HTTP/1.1" 404 1015
200.112.49.70 - - [23/Apr/2018:08:59:59 -0300] "GET /cormun/servlet/prlicenciaspermisos?11891600,L,,MD,,gxPopupLevel%3D0%3B HTTP/1.1" 200 5682
200.112.49.70 - - [23/Apr/2018:08:59:59 -0300] "GET /cormun/static/gxcfg.js?20176272053834 HTTP/1.1" 200 953
200.112.49.70 - - [23/Apr/2018:08:59:59 -0300] "GET /cormun/static/prlicenciaspermisos.js?20176272054050 HTTP/1.1" 200 13379
186.103.157.246 - - [23/Apr/2018:09:00:07 -0300] "GET /cormun/servlet/trlicencias? HTTP/1.1" 200 12807
186.103.157.246 - - [23/Apr/2018:09:00:09 -0300] "GET /cormun/servlet/trlicencias? HTTP/1.1" 200 12801
186.103.157.246 - - [23/Apr/2018:09:00:16 -0300] "GET /cormun/servlet/trlicenciaspermisosadjuntos?9732871,20180423000000,L, HTTP/1.1" 200 6481
186.103.157.246 - - [23/Apr/2018:09:00:16 -0300] "GET /cormun/static/trlicenciaspermisosadjuntos.js?20177612163719 HTTP/1.1" 304 -
186.103.157.246 - - [23/Apr/2018:09:00:17 -0300] "GET /cormun/servlet/trlicenciaspermisosadjuntos?9732871,20180423000000,L, HTTP/1.1" 200 6481
186.103.157.246 - - [23/Apr/2018:09:00:20 -0300] "GET /cormun/servlet/licenciaspermisosadjuntos?INS,9732871,L,20180423000000,, HTTP/1.1" 200 5777
186.103.157.246 - - [23/Apr/2018:09:00:20 -0300] "GET /cormun/static/about:blank HTTP/1.1" 404 1011
186.103.157.246 - - [23/Apr/2018:09:00:21 -0300] "GET /cormun/static/licenciaspermisosadjuntos.js?201776126362 HTTP/1.1" 304 -
186.103.157.246 - - [23/Apr/2018:09:00:21 -0300] "GET /cormun/servlet/licenciaspermisosadjuntos?INS,9732871,L,20180423000000,, HTTP/1.1" 200 5767
186.103.157.246 - - [23/Apr/2018:09:00:44 -0300] "POST /cormun/servlet/licenciaspermisosadjuntos?6343f0abbdba4069f3e4e08a3e8a13bf,INS,9732871,L,20180423000000,, HTTP/1.1" 200 116
186.103.157.246 - - [23/Apr/2018:09:00:44 -0300] "GET /cormun/servlet/hpexe_return? HTTP/1.1" 200 1042
186.103.157.246 - - [23/Apr/2018:09:00:44 -0300] "GET /cormun/servlet/trlicenciaspermisosadjuntos?9732871,20180423000000,L, HTTP/1.1" 200 6971
186.103.157.246 - - [23/Apr/2018:09:00:45 -0300] "GET /cormun/servlet/trlicenciaspermisosadjuntos?9732871,20180423000000,L, HTTP/1.1" 200 6967
186.103.157.246 - - [23/Apr/2018:09:00:50 -0300] "GET /cormun/servlet/trlicencias? HTTP/1.1" 200 12803
186.103.157.246 - - [23/Apr/2018:09:00:51 -0300] "GET /cormun/servlet/trlicencias? HTTP/1.1" 200 12801
186.103.157.246 - - [23/Apr/2018:09:01:00 -0300] "POST /cormun/servlet/trlicencias?6343f0abbdba4069f3e4e08a3e8a13bf,,gx-no-cache=1524484801561 HTTP/1.1" 200 10152
186.103.157.246 - - [23/Apr/2018:09:01:02 -0300] "GET /cormun/static/Shared/jqueryui/images/ui-bg_highlight-soft_100_c6c2c8_1x100.png HTTP/1.1" 404 1117
186.103.157.246 - - [23/Apr/2018:09:01:02 -0300] "GET /cormun/static/Shared/jqueryui/images/ui-bg_flat_55_fafafa_40x100.png HTTP/1.1" 404 1097
186.103.157.246 - - [23/Apr/2018:09:01:02 -0300] "GET /cormun/static/Shared/jqueryui/images/ui-icons_8d78a5_256x240.png HTTP/1.1" 404 1089
186.103.157.246 - - [23/Apr/2018:09:01:02 -0300] "GET /cormun/static/Shared/jqueryui/images/ui-icons_82798d_256x240.png HTTP/1.1" 404 1089
200.112.49.70 - - [23/Apr/2018:09:01:08 -0300] "POST /cormun/servlet/solicitudot?gx-no-cache=1524484812302 HTTP/1.1" 200 41
186.103.157.246 - - [23/Apr/2018:09:01:13 -0300] "GET /cormun/servlet/trcontratounov2? HTTP/1.1" 200 17542
186.103.157.246 - - [23/Apr/2018:09:01:13 -0300] "GET /cormun/static/gxcfg.js?201752512124396 HTTP/1.1" 304 -
186.103.157.246 - - [23/Apr/2018:09:01:15 -0300] "GET /cormun/servlet/trcontratounov2? HTTP/1.1" 200 17531
200.112.49.70 - - [23/Apr/2018:09:01:38 -0300] "GET /cormun/servlet/solicitudot?a87c9881c882af0b4464a44f7d90821ea610ac366b7630b26cbf9d1ba20c69071c8e1f21ccb8d1470edf77d75204623ab9405cef34706be9a7580515702e34bcfb3b5f5a0337a3d85ad1d2e0c72017d7f0ce781e366bf4aee6a0c2671ae7f17b7ce2da89c54bb00eed68d1743168deef,gx-no-cache=1524484842241 HTTP/1.1" 200 29
200.112.49.70 - - [23/Apr/2018:09:01:38 -0300] "POST /cormun/servlet/solicitudot?gx-no-cache=1524484842384 HTTP/1.1" 200 1351
200.112.49.70 - - [23/Apr/2018:09:01:39 -0300] "POST /cormun/servlet/solicitudot?gx-no-cache=1524484842611 HTTP/1.1" 200 1249
186.103.157.246 - - [23/Apr/2018:09:01:44 -0300] "GET /cormun/servlet/trcontratoobservaciondir? HTTP/1.1" 200 13688
186.103.157.246 - - [23/Apr/2018:09:01:44 -0300] "GET /cormun/static/gxcfg.js?20175251262281 HTTP/1.1" 200 953
186.103.157.246 - - [23/Apr/2018:09:01:46 -0300] "GET /cormun/servlet/trcontratoobservaciondir? HTTP/1.1" 200 13688
200.112.49.70 - - [23/Apr/2018:09:01:53 -0300] "GET /cormun/servlet/prlicenciaspermisos?11891600,L,,MD,,gxPopupLevel%3D0%3B HTTP/1.1" 200 5682
200.112.49.70 - - [23/Apr/2018:09:02:20 -0300] "POST /cormun/servlet/solicitudot?gx-no-cache=1524484884414 HTTP/1.1" 200 1351
200.112.49.70 - - [23/Apr/2018:09:02:21 -0300] "POST /cormun/servlet/solicitudot?gx-no-cache=1524484884634 HTTP/1.1" 200 1249
200.112.49.70 - - [23/Apr/2018:09:02:23 -0300] "POST /cormun/servlet/solicitudot?gx-no-cache=1524484886877 HTTP/1.1" 200 1351
200.112.49.70 - - [23/Apr/2018:09:02:23 -0300] "POST /cormun/servlet/solicitudot?gx-no-cache=1524484887088 HTTP/1.1" 200 1249
200.112.49.70 - - [23/Apr/2018:09:02:24 -0300] "GET /cormun/servlet/solicitudot?a87c9881c882af0b4464a44f7d90821e30ebeab902290f98aa8940da9774f005c74c063a64193d3afebbece496c231d2,gx-no-cache=1524484888417 HTTP/1.1" 200 30
200.112.49.70 - - [23/Apr/2018:09:02:24 -0300] "POST /cormun/servlet/solicitudot?gx-no-cache=1524484888505 HTTP/1.1" 200 34
200.112.49.70 - - [23/Apr/2018:09:02:38 -0300] "POST /cormun/servlet/solicitudot?3744f8296463764308665f70b13764ef,INS,0,0,,gx-no-cache=1524484900965 HTTP/1.1" 200 93
200.112.49.70 - - [23/Apr/2018:09:02:38 -0300] "GET /cormun/servlet/hpexe_return? HTTP/1.1" 200 1004
186.103.157.246 - - [23/Apr/2018:09:02:38 -0300] "GET /cormun/servlet/trautorizarsolicitud? HTTP/1.1" 200 7243
186.103.157.246 - - [23/Apr/2018:09:02:39 -0300] "GET /cormun/static/trautorizarsolicitud.js?201711142340425 HTTP/1.1" 304 -
200.112.49.70 - - [23/Apr/2018:09:02:39 -0300] "GET /cormun/servlet/trsolicitudot? HTTP/1.1" 200 22215
186.103.157.246 - - [23/Apr/2018:09:02:40 -0300] "GET /cormun/servlet/trautorizarsolicitud? HTTP/1.1" 200 7242
200.112.49.70 - - [23/Apr/2018:09:02:40 -0300] "GET /cormun/servlet/trsolicitudot? HTTP/1.1" 200 22211
190.100.93.40 - - [23/Apr/2018:09:02:42 -0300] "GET /cormun/servlet/hlogin HTTP/1.1" 200 1720
190.100.93.40 - - [23/Apr/2018:09:02:42 -0300] "GET /cormun/static/gxtimezone.js?85251 HTTP/1.1" 304 -
190.100.93.40 - - [23/Apr/2018:09:02:42 -0300] "GET /cormun/static/gxcfg.js?20175251213516 HTTP/1.1" 304 -
190.100.93.40 - - [23/Apr/2018:09:02:42 -0300] "GET /cormun/static/messages.spa.js?85251 HTTP/1.1" 304 -
190.100.93.40 - - [23/Apr/2018:09:02:42 -0300] "GET /cormun/servlet/hlogin HTTP/1.1" 200 1730
190.100.93.40 - - [23/Apr/2018:09:02:42 -0300] "GET /favicon.ico HTTP/1.1" 200 21630
200.112.49.70 - - [23/Apr/2018:09:02:43 -0300] "POST /cormun/servlet/trsolicitudot?3744f8296463764308665f70b13764ef,,gx-no-cache=1524484905823 HTTP/1.1" 200 106
200.112.49.70 - - [23/Apr/2018:09:02:43 -0300] "GET /cormun/servlet/trsolicitudadjuntos?2018,11181, HTTP/1.1" 200 6098
200.112.49.70 - - [23/Apr/2018:09:02:44 -0300] "GET /cormun/static/gxcfg.js?20177612135366 HTTP/1.1" 200 953
200.112.49.70 - - [23/Apr/2018:09:02:44 -0300] "GET /cormun/servlet/trsolicitudadjuntos?2018,11181, HTTP/1.1" 200 6098
190.100.93.40 - - [23/Apr/2018:09:02:44 -0300] "POST /cormun/servlet/hlogin?1abca2303569bebee1b8a110a9acb87d,gx-no-cache=1524484907966 HTTP/1.1" 200 90
190.100.93.40 - - [23/Apr/2018:09:02:44 -0300] "GET /cormun/servlet/hpexe_link HTTP/1.1" 200 953
190.100.93.40 - - [23/Apr/2018:09:02:44 -0300] "GET /cormun/static/gxcfg.js?20177612121792 HTTP/1.1" 304 -
190.100.93.40 - - [23/Apr/2018:09:02:44 -0300] "GET /cormun/servlet/hhome HTTP/1.1" 200 4348
190.100.93.40 - - [23/Apr/2018:09:02:44 -0300] "GET /cormun/static/gxcfg.js?20175251212442 HTTP/1.1" 304 -
190.100.93.40 - - [23/Apr/2018:09:02:45 -0300] "GET /cormun/servlet/hhome HTTP/1.1" 200 4345
200.112.49.70 - - [23/Apr/2018:09:02:46 -0300] "GET /cormun/servlet/solicitudotadjuntos?INS,2018,11181,,1, HTTP/1.1" 200 6044
200.112.49.70 - - [23/Apr/2018:09:02:46 -0300] "GET /cormun/static/about:blank HTTP/1.1" 404 1011
200.112.49.70 - - [23/Apr/2018:09:02:46 -0300] "GET /cormun/servlet/solicitudotadjuntos?INS,2018,11181,,1, HTTP/1.1" 200 6038
200.112.49.70 - - [23/Apr/2018:09:02:47 -0300] "GET /cormun/servlet/solicitudotadjuntos?a87c9881c882af0b4464a44f7d90821e5216550a45caabf1773cf26985387d7b28e7d27542797032aab23b59c0a13d51,gx-no-cache=1524484910801 HTTP/1.1" 200 30
200.112.49.70 - - [23/Apr/2018:09:02:47 -0300] "POST /cormun/servlet/solicitudotadjuntos?3744f8296463764308665f70b13764ef,INS,2018,11181,,1,,gx-no-cache=1524484910942 HTTP/1.1" 200 3795
200.112.49.70 - - [23/Apr/2018:09:02:50 -0300] "POST /cormun/servlet/solicitudotadjuntos?gx-no-cache=1524484913138 HTTP/1.1" 200 26
186.103.157.246 - - [23/Apr/2018:09:02:52 -0300] "POST /cormun/servlet/trautorizarsolicitud?6343f0abbdba4069f3e4e08a3e8a13bf,,gx-no-cache=1524484916096 HTTP/1.1" 200 4403
190.100.93.40 - - [23/Apr/2018:09:02:55 -0300] "GET /cormun/servlet/trlicencias? HTTP/1.1" 200 11725
190.100.93.40 - - [23/Apr/2018:09:02:55 -0300] "GET /cormun/static/calendar-system.css?75620 HTTP/1.1" 200 5572
190.100.93.40 - - [23/Apr/2018:09:02:55 -0300] "GET /cormun/static/gxcfg.js?20176272054169 HTTP/1.1" 304 -
190.100.93.40 - - [23/Apr/2018:09:02:55 -0300] "GET /cormun/static/calendar.js?85251 HTTP/1.1" 304 -
190.100.93.40 - - [23/Apr/2018:09:02:55 -0300] "GET /cormun/static/calendar-setup.js?85251 HTTP/1.1" 304 -
190.100.93.40 - - [23/Apr/2018:09:02:55 -0300] "GET /cormun/static/calendar-es.js?85251 HTTP/1.1" 304 -
190.100.93.40 - - [23/Apr/2018:09:02:56 -0300] "GET /cormun/static/gxdec.js?85251 HTTP/1.1" 304 -
190.100.93.40 - - [23/Apr/2018:09:02:56 -0300] "GET /cormun/servlet/trlicencias? HTTP/1.1" 200 11723
200.112.49.70 - - [23/Apr/2018:09:02:58 -0300] "GET /cormun/servlet/solicitudotadjuntos?a87c9881c882af0b4464a44f7d90821e4cb1e6b91c4e9670b2152f0a53a5158b,gx-no-cache=1524484921576 HTTP/1.1" 200 30
200.112.49.70 - - [23/Apr/2018:09:02:58 -0300] "GET /cormun/servlet/solicitudotadjuntos?a87c9881c882af0b4464a44f7d90821e4cb1e6b91c4e9670b2152f0a53a5158b,gx-no-cache=1524484921663 HTTP/1.1" 200 30
186.103.157.246 - - [23/Apr/2018:09:02:58 -0300] "POST /cormun/servlet/trautorizarsolicitud?6343f0abbdba4069f3e4e08a3e8a13bf,,gx-no-cache=1524484922549 HTTP/1.1" 200 4403
200.112.49.70 - - [23/Apr/2018:09:03:01 -0300] "POST /cormun/servlet/solicitudotadjuntos?3744f8296463764308665f70b13764ef,INS,2018,11181,,1, HTTP/1.1" 200 116
200.112.49.70 - - [23/Apr/2018:09:03:01 -0300] "GET /cormun/servlet/hpexe_return? HTTP/1.1" 200 1023
200.112.49.70 - - [23/Apr/2018:09:03:01 -0300] "GET /cormun/servlet/trsolicitudadjuntos?2018,11181, HTTP/1.1" 200 8547
200.112.49.70 - - [23/Apr/2018:09:03:02 -0300] "GET /cormun/servlet/trsolicitudadjuntos?2018,11181, HTTP/1.1" 200 8543
200.112.49.70 - - [23/Apr/2018:09:03:03 -0300] "GET /cormun/servlet/solicitudotadjuntos?INS,2018,11181,,1, HTTP/1.1" 200 6043
200.112.49.70 - - [23/Apr/2018:09:03:04 -0300] "GET /cormun/static/about:blank HTTP/1.1" 404 1011
200.112.49.70 - - [23/Apr/2018:09:03:04 -0300] "GET /cormun/servlet/solicitudotadjuntos?INS,2018,11181,,1, HTTP/1.1" 200 6037
200.112.49.70 - - [23/Apr/2018:09:03:04 -0300] "GET /cormun/servlet/solicitudotadjuntos?a87c9881c882af0b4464a44f7d90821e5216550a45caabf1773cf26985387d7b28e7d27542797032aab23b59c0a13d51,gx-no-cache=1524484928392 HTTP/1.1" 200 30
200.112.49.70 - - [23/Apr/2018:09:03:05 -0300] "POST /cormun/servlet/solicitudotadjuntos?3744f8296463764308665f70b13764ef,INS,2018,11181,,1,,gx-no-cache=1524484928544 HTTP/1.1" 200 3794
200.112.49.70 - - [23/Apr/2018:09:03:07 -0300] "POST /cormun/servlet/solicitudotadjuntos?gx-no-cache=1524484931008 HTTP/1.1" 200 26
190.100.93.40 - - [23/Apr/2018:09:03:50 -0300] "GET /cormun/servlet/trcontratounov2? HTTP/1.1" 200 17696
190.100.93.40 - - [23/Apr/2018:09:03:50 -0300] "GET /cormun/static/gxcfg.js?201752512124396 HTTP/1.1" 304 -
190.100.93.40 - - [23/Apr/2018:09:03:50 -0300] "GET /cormun/servlet/trcontratounov2? HTTP/1.1" 200 17708
190.100.93.40 - - [23/Apr/2018:09:03:59 -0300] "GET /cormun/servlet/trcontratosolicitud? HTTP/1.1" 200 14908
190.100.93.40 - - [23/Apr/2018:09:03:59 -0300] "GET /cormun/static/gxcfg.js?20177612214014 HTTP/1.1" 200 953
190.100.93.40 - - [23/Apr/2018:09:03:59 -0300] "GET /cormun/static/trcontratosolicitud.js?20177612214349 HTTP/1.1" 200 28237
190.100.93.40 - - [23/Apr/2018:09:04:00 -0300] "GET /cormun//static/Resources/PXToolsGridNew.png HTTP/1.1" 200 2949
190.100.93.40 - - [23/Apr/2018:09:04:00 -0300] "GET /cormun/servlet/trcontratosolicitud? HTTP/1.1" 200 14913
200.112.49.70 - - [23/Apr/2018:09:04:07 -0300] "GET /cormun/servlet/solicitudotadjuntos?a87c9881c882af0b4464a44f7d90821e4cb1e6b91c4e9670b2152f0a53a5158b,gx-no-cache=1524484990585 HTTP/1.1" 200 30
200.112.49.70 - - [23/Apr/2018:09:04:07 -0300] "GET /cormun/servlet/solicitudotadjuntos?a87c9881c882af0b4464a44f7d90821e4cb1e6b91c4e9670b2152f0a53a5158b,gx-no-cache=1524484990699 HTTP/1.1" 200 30
200.112.49.70 - - [23/Apr/2018:09:04:08 -0300] "POST /cormun/servlet/solicitudotadjuntos?3744f8296463764308665f70b13764ef,INS,2018,11181,,1, HTTP/1.1" 200 116
200.112.49.70 - - [23/Apr/2018:09:04:08 -0300] "GET /cormun/servlet/hpexe_return? HTTP/1.1" 200 1023
200.112.49.70 - - [23/Apr/2018:09:04:09 -0300] "GET /cormun/servlet/trsolicitudadjuntos?2018,11181, HTTP/1.1" 200 8804
200.112.49.70 - - [23/Apr/2018:09:04:09 -0300] "GET /cormun/servlet/trsolicitudadjuntos?2018,11181, HTTP/1.1" 200 8801
190.100.93.40 - - [23/Apr/2018:09:04:11 -0300] "GET /cormun/servlet/trcontratoobservaciondir? HTTP/1.1" 200 12404
190.100.93.40 - - [23/Apr/2018:09:04:11 -0300] "GET /cormun/static/gxcfg.js?20175251262281 HTTP/1.1" 200 953
190.100.93.40 - - [23/Apr/2018:09:04:11 -0300] "GET /cormun/static/trcontratoobservaciondir.js?20175251262715 HTTP/1.1" 200 27185
190.100.93.40 - - [23/Apr/2018:09:04:11 -0300] "GET /cormun/servlet/trcontratoobservaciondir? HTTP/1.1" 200 12404
200.112.49.70 - - [23/Apr/2018:09:04:13 -0300] "GET /cormun/servlet/solicitudotadjuntos?INS,2018,11181,,1, HTTP/1.1" 200 6043
200.112.49.70 - - [23/Apr/2018:09:04:13 -0300] "GET /cormun/static/about:blank HTTP/1.1" 404 1011
200.112.49.70 - - [23/Apr/2018:09:04:13 -0300] "GET /cormun/servlet/solicitudotadjuntos?INS,2018,11181,,1, HTTP/1.1" 200 6036
200.112.49.70 - - [23/Apr/2018:09:04:14 -0300] "GET /cormun/servlet/solicitudotadjuntos?a87c9881c882af0b4464a44f7d90821e5216550a45caabf1773cf26985387d7b28e7d27542797032aab23b59c0a13d51,gx-no-cache=1524484997881 HTTP/1.1" 200 30
200.112.49.70 - - [23/Apr/2018:09:04:14 -0300] "POST /cormun/servlet/solicitudotadjuntos?3744f8296463764308665f70b13764ef,INS,2018,11181,,1,,gx-no-cache=1524484998042 HTTP/1.1" 200 3794
190.100.93.40 - - [23/Apr/2018:09:04:38 -0300] "POST /cormun/servlet/trcontratoobservaciondir?1abca2303569bebee1b8a110a9acb87d,,gx-no-cache=1524485021316 HTTP/1.1" 200 3975
190.100.93.40 - - [23/Apr/2018:09:04:41 -0300] "GET /cormun/servlet/trcontratosolicitud? HTTP/1.1" 200 14901
190.100.93.40 - - [23/Apr/2018:09:04:42 -0300] "GET /cormun/servlet/trcontratosolicitud? HTTP/1.1" 200 14926
190.100.93.40 - - [23/Apr/2018:09:04:48 -0300] "GET /cormun/servlet/trcontratounov2? HTTP/1.1" 200 17707
190.100.93.40 - - [23/Apr/2018:09:04:49 -0300] "GET /cormun/servlet/trcontratounov2? HTTP/1.1" 200 17691
200.112.49.70 - - [23/Apr/2018:09:04:49 -0300] "POST /cormun/servlet/solicitudotadjuntos?gx-no-cache=1524485033476 HTTP/1.1" 200 26
190.100.93.40 - - [23/Apr/2018:09:04:56 -0300] "POST /cormun/servlet/trcontratounov2?1abca2303569bebee1b8a110a9acb87d,,gx-no-cache=1524485039001 HTTP/1.1" 200 6050
200.112.49.70 - - [23/Apr/2018:09:04:57 -0300] "POST /cormun/servlet/solicitudotadjuntos?gx-no-cache=1524485040873 HTTP/1.1" 200 26
190.100.93.40 - - [23/Apr/2018:09:05:00 -0300] "GET /cormun/servlet/trvisualizadoreventos? HTTP/1.1" 200 7118
190.100.93.40 - - [23/Apr/2018:09:05:01 -0300] "GET /cormun/static/gxcfg.js?20175251251426 HTTP/1.1" 200 953
190.100.93.40 - - [23/Apr/2018:09:05:01 -0300] "GET /cormun/static/Resources/PXToolsActionPrint.png HTTP/1.1" 200 3317
190.100.93.40 - - [23/Apr/2018:09:05:01 -0300] "GET /cormun/static/trvisualizadoreventos.js?20175251251768 HTTP/1.1" 200 19318
190.100.93.40 - - [23/Apr/2018:09:05:01 -0300] "GET /cormun/servlet/trvisualizadoreventos? HTTP/1.1" 200 7117
200.112.49.70 - - [23/Apr/2018:09:05:02 -0300] "GET /cormun/servlet/solicitudotadjuntos?a87c9881c882af0b4464a44f7d90821e4cb1e6b91c4e9670b2152f0a53a5158b,gx-no-cache=1524485045681 HTTP/1.1" 200 30
200.112.49.70 - - [23/Apr/2018:09:05:02 -0300] "GET /cormun/servlet/solicitudotadjuntos?a87c9881c882af0b4464a44f7d90821e4cb1e6b91c4e9670b2152f0a53a5158b,gx-no-cache=1524485045838 HTTP/1.1" 200 30
200.112.49.70 - - [23/Apr/2018:09:05:05 -0300] "POST /cormun/servlet/solicitudotadjuntos?3744f8296463764308665f70b13764ef,INS,2018,11181,,1, HTTP/1.1" 200 116
200.112.49.70 - - [23/Apr/2018:09:05:05 -0300] "GET /cormun/servlet/hpexe_return? HTTP/1.1" 200 1023
200.112.49.70 - - [23/Apr/2018:09:05:05 -0300] "GET /cormun/servlet/trsolicitudadjuntos?2018,11181, HTTP/1.1" 200 8992
190.100.93.40 - - [23/Apr/2018:09:05:06 -0300] "GET /cormun/servlet/trcontratoobservaciondir? HTTP/1.1" 200 6588
200.112.49.70 - - [23/Apr/2018:09:05:06 -0300] "GET /cormun/servlet/trsolicitudadjuntos?2018,11181, HTTP/1.1" 200 8991
190.100.93.40 - - [23/Apr/2018:09:05:06 -0300] "GET /cormun/servlet/trcontratoobservaciondir? HTTP/1.1" 200 6588
190.100.93.40 - - [23/Apr/2018:09:05:09 -0300] "POST /cormun/servlet/trcontratoobservaciondir?1abca2303569bebee1b8a110a9acb87d,,gx-no-cache=1524485052758 HTTP/1.1" 200 3977
200.112.49.70 - - [23/Apr/2018:09:05:11 -0300] "GET /cormun/servlet/solicitudotadjuntos?INS,2018,11181,,1, HTTP/1.1" 200 6043
200.112.49.70 - - [23/Apr/2018:09:05:11 -0300] "GET /cormun/static/about:blank HTTP/1.1" 404 1011
200.112.49.70 - - [23/Apr/2018:09:05:11 -0300] "GET /cormun/servlet/solicitudotadjuntos?INS,2018,11181,,1, HTTP/1.1" 200 6036
200.112.49.70 - - [23/Apr/2018:09:05:11 -0300] "GET /cormun/servlet/solicitudotadjuntos?a87c9881c882af0b4464a44f7d90821e5216550a45caabf1773cf26985387d7b28e7d27542797032aab23b59c0a13d51,gx-no-cache=1524485055454 HTTP/1.1" 200 30
200.112.49.70 - - [23/Apr/2018:09:05:12 -0300] "POST /cormun/servlet/solicitudotadjuntos?3744f8296463764308665f70b13764ef,INS,2018,11181,,1,,gx-no-cache=1524485055606 HTTP/1.1" 200 3794
190.100.93.40 - - [23/Apr/2018:09:05:13 -0300] "GET /cormun/servlet/trcontratosolicitud? HTTP/1.1" 200 14892
190.100.93.40 - - [23/Apr/2018:09:05:13 -0300] "GET /cormun/servlet/trcontratosolicitud? HTTP/1.1" 200 14936
186.103.159.189 - - [23/Apr/2018:09:05:14 -0300] "GET /cormun/servlet/hlogin HTTP/1.1" 200 1724
186.103.159.189 - - [23/Apr/2018:09:05:16 -0300] "GET /cormun/static/gxtimezone.js?85251 HTTP/1.1" 304 -
186.103.159.189 - - [23/Apr/2018:09:05:16 -0300] "GET /cormun/static/gxcfg.js?20175251213516 HTTP/1.1" 304 -
200.112.49.70 - - [23/Apr/2018:09:05:16 -0300] "POST /cormun/servlet/solicitudotadjuntos?gx-no-cache=1524485059873 HTTP/1.1" 200 26
186.103.159.189 - - [23/Apr/2018:09:05:16 -0300] "GET /cormun/static/messages.spa.js?85251 HTTP/1.1" 304 -
186.103.159.189 - - [23/Apr/2018:09:05:17 -0300] "GET /cormun/servlet/hlogin HTTP/1.1" 200 1734
200.112.49.70 - - [23/Apr/2018:09:05:22 -0300] "GET /cormun/servlet/solicitudotadjuntos?a87c9881c882af0b4464a44f7d90821e4cb1e6b91c4e9670b2152f0a53a5158b,gx-no-cache=1524485065585 HTTP/1.1" 200 30
200.112.49.70 - - [23/Apr/2018:09:05:22 -0300] "GET /cormun/servlet/solicitudotadjuntos?a87c9881c882af0b4464a44f7d90821e4cb1e6b91c4e9670b2152f0a53a5158b,gx-no-cache=1524485065710 HTTP/1.1" 200 30
200.112.49.70 - - [23/Apr/2018:09:05:25 -0300] "POST /cormun/servlet/solicitudotadjuntos?3744f8296463764308665f70b13764ef,INS,2018,11181,,1, HTTP/1.1" 200 116
200.112.49.70 - - [23/Apr/2018:09:05:25 -0300] "GET /cormun/servlet/hpexe_return? HTTP/1.1" 200 1023
200.112.49.70 - - [23/Apr/2018:09:05:26 -0300] "GET /cormun/servlet/trsolicitudadjuntos?2018,11181, HTTP/1.1" 200 9187
200.112.49.70 - - [23/Apr/2018:09:05:26 -0300] "GET /cormun/servlet/trsolicitudadjuntos?2018,11181, HTTP/1.1" 200 9183
200.112.49.70 - - [23/Apr/2018:09:05:28 -0300] "GET /cormun/servlet/solicitudotadjuntos?INS,2018,11181,,1, HTTP/1.1" 200 6043
200.112.49.70 - - [23/Apr/2018:09:05:28 -0300] "GET /cormun/static/about:blank HTTP/1.1" 404 1011
200.112.49.70 - - [23/Apr/2018:09:05:28 -0300] "GET /cormun/servlet/solicitudotadjuntos?INS,2018,11181,,1, HTTP/1.1" 200 6036
200.112.49.70 - - [23/Apr/2018:09:05:29 -0300] "GET /cormun/servlet/solicitudotadjuntos?a87c9881c882af0b4464a44f7d90821e5216550a45caabf1773cf26985387d7b28e7d27542797032aab23b59c0a13d51,gx-no-cache=1524485073053 HTTP/1.1" 200 30
200.112.49.70 - - [23/Apr/2018:09:05:29 -0300] "POST /cormun/servlet/solicitudotadjuntos?3744f8296463764308665f70b13764ef,INS,2018,11181,,1,,gx-no-cache=1524485073185 HTTP/1.1" 200 3794
200.112.49.70 - - [23/Apr/2018:09:05:32 -0300] "POST /cormun/servlet/solicitudotadjuntos?gx-no-cache=1524485076448 HTTP/1.1" 200 26
190.100.93.40 - - [23/Apr/2018:09:05:35 -0300] "GET /cormun/servlet/hlogin HTTP/1.1" 200 1720
190.100.93.40 - - [23/Apr/2018:09:05:37 -0300] "POST /cormun/servlet/hlogin?1abca2303569bebee1b8a110a9acb87d,gx-no-cache=1524485081276 HTTP/1.1" 200 90
190.100.93.40 - - [23/Apr/2018:09:05:37 -0300] "GET /cormun/servlet/hpexe_link HTTP/1.1" 200 961
186.103.159.189 - - [23/Apr/2018:09:05:37 -0300] "POST /cormun/servlet/hlogin?ffdea93fe570850772103a92c41488c3,gx-no-cache=1524488680040 HTTP/1.1" 200 446
190.100.93.40 - - [23/Apr/2018:09:05:38 -0300] "GET /cormun/servlet/trcontratosolicitud HTTP/1.1" 200 14922
200.112.49.70 - - [23/Apr/2018:09:05:38 -0300] "GET /cormun/servlet/solicitudotadjuntos?a87c9881c882af0b4464a44f7d90821e4cb1e6b91c4e9670b2152f0a53a5158b,gx-no-cache=1524485082496 HTTP/1.1" 200 30
190.100.93.40 - - [23/Apr/2018:09:05:38 -0300] "GET /cormun/servlet/trcontratosolicitud HTTP/1.1" 200 14910
200.112.49.70 - - [23/Apr/2018:09:05:39 -0300] "GET /cormun/servlet/solicitudotadjuntos?a87c9881c882af0b4464a44f7d90821e4cb1e6b91c4e9670b2152f0a53a5158b,gx-no-cache=1524485082569 HTTP/1.1" 200 30
200.112.49.70 - - [23/Apr/2018:09:05:42 -0300] "POST /cormun/servlet/solicitudotadjuntos?3744f8296463764308665f70b13764ef,INS,2018,11181,,1, HTTP/1.1" 200 116
200.112.49.70 - - [23/Apr/2018:09:05:42 -0300] "GET /cormun/servlet/hpexe_return? HTTP/1.1" 200 1023
200.112.49.70 - - [23/Apr/2018:09:05:42 -0300] "GET /cormun/servlet/trsolicitudadjuntos?2018,11181, HTTP/1.1" 200 9404
200.112.49.70 - - [23/Apr/2018:09:05:43 -0300] "GET /cormun/servlet/trsolicitudadjuntos?2018,11181, HTTP/1.1" 200 9403
186.103.159.189 - - [23/Apr/2018:09:05:44 -0300] "POST /cormun/servlet/hlogin?ffdea93fe570850772103a92c41488c3,gx-no-cache=1524488686276 HTTP/1.1" 200 90
186.103.159.189 - - [23/Apr/2018:09:05:44 -0300] "GET /cormun/servlet/hpexe_link HTTP/1.1" 200 953
186.103.159.189 - - [23/Apr/2018:09:05:44 -0300] "GET /cormun/static/gxcfg.js?20177612121792 HTTP/1.1" 304 -
186.103.159.189 - - [23/Apr/2018:09:05:45 -0300] "GET /cormun/servlet/hhome HTTP/1.1" 200 3990
186.103.159.189 - - [23/Apr/2018:09:05:45 -0300] "GET /cormun/static/gxcfg.js?20175251212442 HTTP/1.1" 304 -
200.112.49.70 - - [23/Apr/2018:09:05:47 -0300] "GET /cormun/servlet/solicitudotadjuntos?INS,2018,11181,,1, HTTP/1.1" 200 6043
200.112.49.70 - - [23/Apr/2018:09:05:47 -0300] "GET /cormun/static/about:blank HTTP/1.1" 404 1011
200.112.49.70 - - [23/Apr/2018:09:05:47 -0300] "GET /cormun/servlet/solicitudotadjuntos?INS,2018,11181,,1, HTTP/1.1" 200 6036
186.103.159.189 - - [23/Apr/2018:09:05:48 -0300] "GET /cormun/servlet/hhome HTTP/1.1" 200 3987
200.112.49.70 - - [23/Apr/2018:09:05:48 -0300] "GET /cormun/servlet/solicitudotadjuntos?a87c9881c882af0b4464a44f7d90821e5216550a45caabf1773cf26985387d7b28e7d27542797032aab23b59c0a13d51,gx-no-cache=1524485091933 HTTP/1.1" 200 30
200.112.49.70 - - [23/Apr/2018:09:05:48 -0300] "POST /cormun/servlet/solicitudotadjuntos?3744f8296463764308665f70b13764ef,INS,2018,11181,,1,,gx-no-cache=1524485092036 HTTP/1.1" 200 3794
200.112.49.70 - - [23/Apr/2018:09:05:49 -0300] "POST /cormun/servlet/solicitudotadjuntos?gx-no-cache=1524485093346 HTTP/1.1" 200 26
200.112.49.70 - - [23/Apr/2018:09:05:55 -0300] "POST /cormun/servlet/solicitudotadjuntos?gx-no-cache=1524485099201 HTTP/1.1" 200 26
200.112.49.70 - - [23/Apr/2018:09:06:00 -0300] "GET /cormun/servlet/solicitudotadjuntos?a87c9881c882af0b4464a44f7d90821e4cb1e6b91c4e9670b2152f0a53a5158b,gx-no-cache=1524485104035 HTTP/1.1" 200 30
200.112.49.70 - - [23/Apr/2018:09:06:00 -0300] "GET /cormun/servlet/solicitudotadjuntos?a87c9881c882af0b4464a44f7d90821e4cb1e6b91c4e9670b2152f0a53a5158b,gx-no-cache=1524485104114 HTTP/1.1" 200 30
200.112.49.70 - - [23/Apr/2018:09:06:03 -0300] "POST /cormun/servlet/solicitudotadjuntos?3744f8296463764308665f70b13764ef,INS,2018,11181,,1, HTTP/1.1" 200 116
200.112.49.70 - - [23/Apr/2018:09:06:03 -0300] "GET /cormun/servlet/hpexe_return? HTTP/1.1" 200 1023
200.112.49.70 - - [23/Apr/2018:09:06:04 -0300] "GET /cormun/servlet/trsolicitudadjuntos?2018,11181, HTTP/1.1" 200 9678
200.112.49.70 - - [23/Apr/2018:09:06:05 -0300] "GET /cormun/servlet/trsolicitudadjuntos?2018,11181, HTTP/1.1" 200 9677
200.112.49.70 - - [23/Apr/2018:09:06:09 -0300] "GET /cormun/servlet/solicitudotadjuntos?INS,2018,11181,,2, HTTP/1.1" 200 6042
200.112.49.70 - - [23/Apr/2018:09:06:09 -0300] "GET /cormun/static/about:blank HTTP/1.1" 404 1011
200.112.49.70 - - [23/Apr/2018:09:06:09 -0300] "GET /cormun/servlet/solicitudotadjuntos?INS,2018,11181,,2, HTTP/1.1" 200 6036
200.112.49.70 - - [23/Apr/2018:09:06:10 -0300] "GET /cormun/servlet/solicitudotadjuntos?a87c9881c882af0b4464a44f7d90821e5216550a45caabf1773cf26985387d7b28e7d27542797032aab23b59c0a13d51,gx-no-cache=1524485113746 HTTP/1.1" 200 30
200.112.49.70 - - [23/Apr/2018:09:06:10 -0300] "POST /cormun/servlet/solicitudotadjuntos?3744f8296463764308665f70b13764ef,INS,2018,11181,,2,,gx-no-cache=1524485113902 HTTP/1.1" 200 4005
200.112.49.70 - - [23/Apr/2018:09:06:17 -0300] "POST /cormun/servlet/solicitudotadjuntos?gx-no-cache=1524485121140 HTTP/1.1" 200 26
186.103.159.189 - - [23/Apr/2018:09:06:18 -0300] "GET /cormun/servlet/trpermisosgoce? HTTP/1.1" 200 13660
186.103.159.189 - - [23/Apr/2018:09:06:18 -0300] "GET /cormun/static/calendar.js?85251 HTTP/1.1" 304 -
186.103.159.189 - - [23/Apr/2018:09:06:18 -0300] "GET /cormun/static/calendar-setup.js?85251 HTTP/1.1" 304 -
186.103.159.189 - - [23/Apr/2018:09:06:18 -0300] "GET /cormun/static/calendar-es.js?85251 HTTP/1.1" 304 -
186.103.159.189 - - [23/Apr/2018:09:06:19 -0300] "GET /cormun/static/gxdec.js?85251 HTTP/1.1" 304 -
186.103.159.189 - - [23/Apr/2018:09:06:22 -0300] "GET /cormun/servlet/trpermisosgoce? HTTP/1.1" 200 13655
186.103.159.189 - - [23/Apr/2018:09:06:26 -0300] "GET /cormun/servlet/trpermisosadjuntos?13095880,20180420110805,P, HTTP/1.1" 200 6305
186.103.159.189 - - [23/Apr/2018:09:06:27 -0300] "GET /cormun/servlet/trpermisosadjuntos?13095880,20180420110805,P, HTTP/1.1" 200 6306
200.112.49.70 - - [23/Apr/2018:09:06:30 -0300] "GET /cormun/servlet/solicitudotadjuntos?a87c9881c882af0b4464a44f7d90821e4cb1e6b91c4e9670b2152f0a53a5158b,gx-no-cache=1524485134339 HTTP/1.1" 200 30
200.112.49.70 - - [23/Apr/2018:09:06:30 -0300] "GET /cormun/servlet/solicitudotadjuntos?a87c9881c882af0b4464a44f7d90821e4cb1e6b91c4e9670b2152f0a53a5158b,gx-no-cache=1524485134440 HTTP/1.1" 200 30
186.103.159.189 - - [23/Apr/2018:09:06:31 -0300] "GET /cormun/servlet/permisosadjuntos?INS,13095880,P,20180420110805,, HTTP/1.1" 200 5636
186.103.159.189 - - [23/Apr/2018:09:06:33 -0300] "GET /cormun/static/about:blank HTTP/1.1" 404 1011
186.103.159.189 - - [23/Apr/2018:09:06:33 -0300] "GET /cormun/servlet/permisosadjuntos?INS,13095880,P,20180420110805,, HTTP/1.1" 200 5626
200.112.49.70 - - [23/Apr/2018:09:06:34 -0300] "POST /cormun/servlet/solicitudotadjuntos?3744f8296463764308665f70b13764ef,INS,2018,11181,,2, HTTP/1.1" 200 116
200.112.49.70 - - [23/Apr/2018:09:06:34 -0300] "GET /cormun/servlet/hpexe_return? HTTP/1.1" 200 1024
200.112.49.70 - - [23/Apr/2018:09:06:35 -0300] "GET /cormun/servlet/trsolicitudadjuntos?2018,11181, HTTP/1.1" 200 9814
200.112.49.70 - - [23/Apr/2018:09:06:36 -0300] "GET /cormun/servlet/trsolicitudadjuntos?2018,11181, HTTP/1.1" 200 9813
192.168.10.54 - - [23/Apr/2018:09:06:40 -0300] "GET /cormun/servlet/hlogin HTTP/1.1" 200 1728
192.168.10.54 - - [23/Apr/2018:09:06:40 -0300] "GET /cormun/servlet/hlogin HTTP/1.1" 200 1733
200.112.49.70 - - [23/Apr/2018:09:06:40 -0300] "GET /cormun/servlet/trsolicitudot? HTTP/1.1" 200 22217
200.112.49.70 - - [23/Apr/2018:09:06:41 -0300] "GET /cormun/servlet/trsolicitudot? HTTP/1.1" 200 22211
186.103.159.189 - - [23/Apr/2018:09:06:48 -0300] "POST /cormun/servlet/permisosadjuntos?ffdea93fe570850772103a92c41488c3,INS,13095880,P,20180420110805,, HTTP/1.1" 200 116
186.103.159.189 - - [23/Apr/2018:09:06:49 -0300] "GET /cormun/servlet/hpexe_return? HTTP/1.1" 200 1039
186.103.159.189 - - [23/Apr/2018:09:06:49 -0300] "GET /cormun/static/gxcfg.js?2016101716175148 HTTP/1.1" 304 -
186.103.159.189 - - [23/Apr/2018:09:06:50 -0300] "GET /cormun/servlet/trpermisosadjuntos?13095880,20180420110805,P, HTTP/1.1" 200 6815
186.103.159.189 - - [23/Apr/2018:09:06:52 -0300] "GET /cormun/servlet/trpermisosadjuntos?13095880,20180420110805,P, HTTP/1.1" 200 6811
200.112.49.70 - - [23/Apr/2018:09:06:54 -0300] "POST /cormun/servlet/trsolicitudot?3744f8296463764308665f70b13764ef,,gx-no-cache=1524485155730 HTTP/1.1" 200 19395
200.112.49.70 - - [23/Apr/2018:09:06:54 -0300] "GET /cormun/static/Shared/jqueryui/images/ui-bg_highlight-soft_100_c6c2c8_1x100.png HTTP/1.1" 404 1117
200.112.49.70 - - [23/Apr/2018:09:06:54 -0300] "GET /cormun/static/Shared/jqueryui/images/ui-icons_82798d_256x240.png HTTP/1.1" 404 1089
200.112.49.70 - - [23/Apr/2018:09:06:54 -0300] "GET /cormun/static/Shared/jqueryui/images/ui-bg_flat_55_fafafa_40x100.png HTTP/1.1" 404 1097
200.112.49.70 - - [23/Apr/2018:09:06:54 -0300] "GET /cormun/static/Shared/jqueryui/images/ui-icons_8d78a5_256x240.png HTTP/1.1" 404 1089
186.103.159.189 - - [23/Apr/2018:09:06:56 -0300] "POST /cormun/servlet/trpermisosadjuntos?ffdea93fe570850772103a92c41488c3,13095880,20180420110805,P,,gx-no-cache=1524488758434 HTTP/1.1" 200 90
186.103.159.189 - - [23/Apr/2018:09:06:56 -0300] "GET /cormun/servlet/hpexe_link HTTP/1.1" 200 984
186.103.159.189 - - [23/Apr/2018:09:06:56 -0300] "GET /cormun/servlet/trpermisosgoce HTTP/1.1" 200 13669
200.112.49.70 - - [23/Apr/2018:09:06:56 -0300] "POST /cormun/servlet/trsolicitudot?3744f8296463764308665f70b13764ef,,gx-no-cache=1524485158586 HTTP/1.1" 200 19331
186.103.159.189 - - [23/Apr/2018:09:06:59 -0300] "GET /cormun/servlet/trpermisosgoce HTTP/1.1" 200 13656
200.112.49.70 - - [23/Apr/2018:09:07:02 -0300] "GET /cormun/servlet/hlogin HTTP/1.1" 200 1716
186.103.159.189 - - [23/Apr/2018:09:07:04 -0300] "POST /cormun/servlet/trpermisosgoce?ffdea93fe570850772103a92c41488c3,gx-no-cache=1524488766103 HTTP/1.1" 200 10784
186.103.159.189 - - [23/Apr/2018:09:07:04 -0300] "GET /cormun/static/Shared/jqueryui/images/ui-bg_highlight-soft_100_c6c2c8_1x100.png HTTP/1.1" 404 1117
186.103.159.189 - - [23/Apr/2018:09:07:04 -0300] "GET /cormun/static/Shared/jqueryui/images/ui-icons_82798d_256x240.png HTTP/1.1" 404 1089
200.112.49.70 - - [23/Apr/2018:09:07:05 -0300] "POST /cormun/servlet/hlogin?3744f8296463764308665f70b13764ef,gx-no-cache=1524485168660 HTTP/1.1" 200 90
186.103.159.189 - - [23/Apr/2018:09:07:05 -0300] "GET /cormun/static/Shared/jqueryui/images/ui-bg_flat_55_fafafa_40x100.png HTTP/1.1" 404 1097
186.103.159.189 - - [23/Apr/2018:09:07:05 -0300] "GET /cormun/static/Shared/jqueryui/images/ui-icons_8d78a5_256x240.png HTTP/1.1" 404 1089
200.112.49.70 - - [23/Apr/2018:09:07:05 -0300] "GET /cormun/servlet/hpexe_link HTTP/1.1" 200 949
200.112.49.70 - - [23/Apr/2018:09:07:05 -0300] "GET /cormun/servlet/hhome HTTP/1.1" 200 4201
200.112.49.70 - - [23/Apr/2018:09:07:05 -0300] "GET /cormun/servlet/hhome HTTP/1.1" 200 4197
186.103.159.189 - - [23/Apr/2018:09:07:08 -0300] "GET /cormun/servlet/trpermisosadjuntos?12913379,20180420132401,P, HTTP/1.1" 200 6295
186.103.159.189 - - [23/Apr/2018:09:07:10 -0300] "GET /cormun/servlet/trpermisosadjuntos?12913379,20180420132401,P, HTTP/1.1" 200 6295
186.103.159.189 - - [23/Apr/2018:09:07:14 -0300] "GET /cormun/servlet/permisosadjuntos?INS,12913379,P,20180420132401,, HTTP/1.1" 200 5622
186.103.159.189 - - [23/Apr/2018:09:07:16 -0300] "GET /cormun/static/about:blank HTTP/1.1" 404 1011
186.103.159.189 - - [23/Apr/2018:09:07:16 -0300] "GET /cormun/servlet/permisosadjuntos?INS,12913379,P,20180420132401,, HTTP/1.1" 200 5612
200.112.49.70 - - [23/Apr/2018:09:07:27 -0300] "GET /cormun/servlet/trautorizarsolicitud? HTTP/1.1" 200 8712
200.112.49.70 - - [23/Apr/2018:09:07:28 -0300] "GET /cormun/servlet/trautorizarsolicitud? HTTP/1.1" 200 8710
186.103.159.189 - - [23/Apr/2018:09:07:38 -0300] "POST /cormun/servlet/permisosadjuntos?ffdea93fe570850772103a92c41488c3,INS,12913379,P,20180420132401,, HTTP/1.1" 200 116
186.103.159.189 - - [23/Apr/2018:09:07:38 -0300] "GET /cormun/servlet/hpexe_return? HTTP/1.1" 200 1039
186.103.159.189 - - [23/Apr/2018:09:07:38 -0300] "GET /cormun/servlet/trpermisosadjuntos?12913379,20180420132401,P, HTTP/1.1" 200 6814
186.103.159.189 - - [23/Apr/2018:09:07:40 -0300] "GET /cormun/servlet/trpermisosadjuntos?12913379,20180420132401,P, HTTP/1.1" 200 6811
186.103.159.189 - - [23/Apr/2018:09:07:43 -0300] "POST /cormun/servlet/trpermisosadjuntos?ffdea93fe570850772103a92c41488c3,12913379,20180420132401,P,,gx-no-cache=1524488805866 HTTP/1.1" 200 90
186.103.159.189 - - [23/Apr/2018:09:07:43 -0300] "GET /cormun/servlet/hpexe_link HTTP/1.1" 200 1007
186.103.159.189 - - [23/Apr/2018:09:07:44 -0300] "GET /cormun/servlet/trpermisosgoce?gx-no-cache=1524488766103 HTTP/1.1" 200 13632
186.103.159.189 - - [23/Apr/2018:09:07:46 -0300] "GET /cormun/servlet/trpermisosgoce?gx-no-cache=1524488766103 HTTP/1.1" 200 13689
186.103.159.189 - - [23/Apr/2018:09:07:50 -0300] "POST /cormun/servlet/trpermisosgoce?ffdea93fe570850772103a92c41488c3,gx-no-cache=1524488766103,gx-no-cache=1524488812270 HTTP/1.1" 200 10728
186.103.159.189 - - [23/Apr/2018:09:07:50 -0300] "GET /cormun/static/Shared/jqueryui/images/ui-bg_highlight-soft_100_c6c2c8_1x100.png HTTP/1.1" 404 1117
186.103.159.189 - - [23/Apr/2018:09:07:50 -0300] "GET /cormun/static/Shared/jqueryui/images/ui-icons_82798d_256x240.png HTTP/1.1" 404 1089
186.103.159.189 - - [23/Apr/2018:09:07:51 -0300] "GET /cormun/static/Shared/jqueryui/images/ui-bg_flat_55_fafafa_40x100.png HTTP/1.1" 404 1097
186.103.159.189 - - [23/Apr/2018:09:07:51 -0300] "GET /cormun/static/Shared/jqueryui/images/ui-icons_8d78a5_256x240.png HTTP/1.1" 404 1089
192.168.10.54 - - [23/Apr/2018:09:07:57 -0300] "POST /cormun/servlet/hlogin?8b103adceb9095c351485b91caa914cc,gx-no-cache=1524485097311 HTTP/1.1" 200 90
192.168.10.54 - - [23/Apr/2018:09:07:57 -0300] "GET /cormun/servlet/hpexe_link HTTP/1.1" 200 955
192.168.10.54 - - [23/Apr/2018:09:07:57 -0300] "GET /cormun/servlet/hhome HTTP/1.1" 200 3841
192.168.10.54 - - [23/Apr/2018:09:07:58 -0300] "GET /cormun/servlet/hhome HTTP/1.1" 200 3838
192.168.10.54 - - [23/Apr/2018:09:08:06 -0300] "GET /cormun/servlet/trsolicitudgral? HTTP/1.1" 200 28363
192.168.10.54 - - [23/Apr/2018:09:08:08 -0300] "GET /cormun/servlet/trsolicitudgral? HTTP/1.1" 200 28360
200.112.49.70 - - [23/Apr/2018:09:08:21 -0300] "POST /cormun/servlet/trautorizarsolicitud?3744f8296463764308665f70b13764ef,,gx-no-cache=1524485244365 HTTP/1.1" 200 4622
200.112.49.70 - - [23/Apr/2018:09:08:21 -0300] "GET /cormun/static/Shared/jqueryui/images/ui-bg_highlight-soft_100_c6c2c8_1x100.png HTTP/1.1" 404 1117
200.112.49.70 - - [23/Apr/2018:09:08:21 -0300] "GET /cormun/static/Shared/jqueryui/images/ui-icons_82798d_256x240.png HTTP/1.1" 404 1089
200.112.49.70 - - [23/Apr/2018:09:08:21 -0300] "GET /cormun/static/Shared/jqueryui/images/ui-bg_flat_55_fafafa_40x100.png HTTP/1.1" 404 1097
200.112.49.70 - - [23/Apr/2018:09:08:21 -0300] "GET /cormun/static/Shared/jqueryui/images/ui-icons_8d78a5_256x240.png HTTP/1.1" 404 1089
200.112.49.70 - - [23/Apr/2018:09:08:21 -0300] "POST /cormun/servlet/trautorizarsolicitud?3744f8296463764308665f70b13764ef,,gx-no-cache=1524485245060 HTTP/1.1" 200 4376
192.168.10.54 - - [23/Apr/2018:09:09:20 -0300] "GET /cormun/servlet/trautorizarot? HTTP/1.1" 200 17344
192.168.10.54 - - [23/Apr/2018:09:09:21 -0300] "GET /cormun/servlet/trautorizarot? HTTP/1.1" 200 17343
192.168.10.54 - - [23/Apr/2018:09:09:55 -0300] "GET /cormun/servlet/trsolicitudgral? HTTP/1.1" 200 28367
192.168.10.54 - - [23/Apr/2018:09:09:57 -0300] "GET /cormun/servlet/trsolicitudgral? HTTP/1.1" 200 28367
192.168.10.96 - - [23/Apr/2018:09:11:39 -0300] "POST /cormun/servlet/trsolicitudgral?29da06ac2bd56704cf79c2a7a987e62b,,gx-no-cache=1524485319582 HTTP/1.1" 200 10076
192.168.10.96 - - [23/Apr/2018:09:11:42 -0300] "GET /cormun/servlet/solicitudgral2?UPD,2018,11166, HTTP/1.1" 200 13190
192.168.10.96 - - [23/Apr/2018:09:11:42 -0300] "GET /cormun/static/gxcfg.js?20181911361990 HTTP/1.1" 200 953
192.168.10.96 - - [23/Apr/2018:09:11:42 -0300] "GET /cormun/static/solicitudgral2.js?20181911362067 HTTP/1.1" 200 43987
192.168.10.96 - - [23/Apr/2018:09:11:43 -0300] "GET /cormun/servlet/solicitudgral2?UPD,2018,11166, HTTP/1.1" 200 13201
192.168.10.96 - - [23/Apr/2018:09:11:44 -0300] "POST /cormun/servlet/solicitudgral2?gx-no-cache=1524485323902 HTTP/1.1" 200 3891
192.168.10.96 - - [23/Apr/2018:09:11:44 -0300] "GET /cormun/servlet/solicitudgral2?bc745d7a16ef5de68f70c70575cbbd1375f88c71b08dab65216bcf2af448792a3aa1192849b75cb63786fca03a88be4e162ab18f1506997a7e094449a13e2d7a2f1e879902001bdae954c31378a596a2363189cdf76f3aed8ac88b478867605c9ea0805bd557323baf496a28eddaa01b126f8275d22b3db13ba8f8067892cd0e11d69c864f36d84442a88d98d0bafe2cc84ef2ecfe912cdcd2af7250f451d4e05c4286dee84058ed91f70e71a845a91043599fd657c595f51b9ee6ace15e409c7a6b303d596bb6e5e2057ce9452874e09645d55ff893c3efd269d7440e9a932e1a00d4d39577f2fa8f7f582285fafd4289abb3b36e778e3aef81f4bb083b0698f02a601c2df3bfc5136568d03f179c1a2022df2b3049af25a72af144eef2421fcf76f179431cdc7fcac8ba2d33c22b68809b04b397ef92a54cb46744598bd1271d9a77beacb118f16301b9090c54fd62,gx-no-cache=1524485324081 HTTP/1.1" 200 255
192.168.10.96 - - [23/Apr/2018:09:11:44 -0300] "POST /cormun/servlet/solicitudgral2?gx-no-cache=1524485324122 HTTP/1.1" 200 1427
192.168.10.96 - - [23/Apr/2018:09:11:44 -0300] "GET /cormun/servlet/solicitudgral2?bc745d7a16ef5de68f70c70575cbbd131715c36c070b925d99cb8894aa41fe96e7c7715306caf7f8d0b3dfd8a95b9a18af0bff92913e48cef002bcfb04583df3b8f600b93a3f659aa45690477c42048e1a193bed9de49acc66a67d6f01503d870af6f0df675af9d1e3c4826515639ea0,gx-no-cache=1524485324185 HTTP/1.1" 200 41
192.168.10.96 - - [23/Apr/2018:09:11:47 -0300] "POST /cormun/servlet/solicitudgral2?29da06ac2bd56704cf79c2a7a987e62b,UPD,2018,11166,,gx-no-cache=1524485327831 HTTP/1.1" 200 93
192.168.10.96 - - [23/Apr/2018:09:11:47 -0300] "GET /cormun/servlet/hpexe_return? HTTP/1.1" 200 1016
192.168.10.96 - - [23/Apr/2018:09:11:48 -0300] "GET /cormun/servlet/trsolicitudgral? HTTP/1.1" 200 13291
192.168.10.96 - - [23/Apr/2018:09:11:48 -0300] "GET /cormun/servlet/trsolicitudgral? HTTP/1.1" 200 13286
192.168.10.96 - - [23/Apr/2018:09:12:29 -0300] "GET /cormun/servlet/vesolicitudgral?2018,11166,, HTTP/1.1" 200 9317
192.168.10.96 - - [23/Apr/2018:09:12:29 -0300] "GET /cormun/pexe_scrolldiv.js HTTP/1.1" 404 1009
192.168.10.96 - - [23/Apr/2018:09:12:30 -0300] "GET /cormun/servlet/vesolicitudgral?2018,11166,, HTTP/1.1" 200 9315
192.168.10.96 - - [23/Apr/2018:09:12:32 -0300] "GET /cormun/servlet/vesolicitudgral?2018,11166,,SolicitudOTLog HTTP/1.1" 200 9824
192.168.10.96 - - [23/Apr/2018:09:12:32 -0300] "GET /cormun/pexe_scrolldiv.js HTTP/1.1" 404 1009
192.168.10.96 - - [23/Apr/2018:09:12:32 -0300] "GET /cormun/pexe_scrolldiv.js HTTP/1.1" 404 1009
192.168.10.96 - - [23/Apr/2018:09:12:32 -0300] "GET /cormun/servlet/vesolicitudgral?2018,11166,,SolicitudOTLog HTTP/1.1" 200 9824
192.168.10.96 - - [23/Apr/2018:09:12:33 -0300] "POST /cormun/servlet/acontrolpreferencessavestate?None,DZAMUDIO,true HTTP/1.1" 200 35
200.111.191.210 - - [23/Apr/2018:09:12:39 -0300] "GET /cormun/servlet/trsolicitudot? HTTP/1.1" 200 6390
200.111.191.210 - - [23/Apr/2018:09:12:39 -0300] "GET /cormun/static/gxtimezone.js?85251 HTTP/1.1" 304 -
200.111.191.210 - - [23/Apr/2018:09:12:39 -0300] "GET /cormun/static/gxcfg.js?2017111422585916 HTTP/1.1" 304 -
200.111.191.210 - - [23/Apr/2018:09:12:39 -0300] "GET /cormun/static/calendar.js?85251 HTTP/1.1" 304 -
200.111.191.210 - - [23/Apr/2018:09:12:39 -0300] "GET /cormun/static/calendar-setup.js?85251 HTTP/1.1" 304 -
200.111.191.210 - - [23/Apr/2018:09:12:39 -0300] "GET /cormun/static/calendar-es.js?85251 HTTP/1.1" 304 -
200.111.191.210 - - [23/Apr/2018:09:12:39 -0300] "GET /cormun/static/messages.spa.js?85251 HTTP/1.1" 304 -
200.111.191.210 - - [23/Apr/2018:09:12:39 -0300] "GET /cormun/static/gxdec.js?85251 HTTP/1.1" 304 -
200.111.191.210 - - [23/Apr/2018:09:12:39 -0300] "GET /cormun/servlet/trsolicitudot? HTTP/1.1" 200 6384
200.111.191.210 - - [23/Apr/2018:09:12:39 -0300] "GET /cormun/servlet/hlogin HTTP/1.1" 200 1730
200.111.191.210 - - [23/Apr/2018:09:12:39 -0300] "GET /cormun/static/gxcfg.js?20175251213516 HTTP/1.1" 304 -
192.168.10.96 - - [23/Apr/2018:09:12:41 -0300] "POST /cormun/servlet/vesolicitudgral?29da06ac2bd56704cf79c2a7a987e62b,2018,11166,,SolicitudOTLog,gx-no-cache=1524485381224 HTTP/1.1" 200 90
192.168.10.96 - - [23/Apr/2018:09:12:41 -0300] "GET /cormun/servlet/hpexe_link HTTP/1.1" 200 975
192.168.10.96 - - [23/Apr/2018:09:12:41 -0300] "GET /cormun/servlet/trsolicitudgral HTTP/1.1" 200 13288
192.168.10.96 - - [23/Apr/2018:09:12:42 -0300] "GET /cormun/servlet/trsolicitudgral HTTP/1.1" 200 13287
200.111.191.210 - - [23/Apr/2018:09:12:44 -0300] "POST /cormun/servlet/hlogin?b133843a8b0bc73186f7e76400df68e6,gx-no-cache=1524485528667 HTTP/1.1" 200 90
200.111.191.210 - - [23/Apr/2018:09:12:44 -0300] "GET /cormun/servlet/hpexe_link HTTP/1.1" 200 943
200.111.191.210 - - [23/Apr/2018:09:12:44 -0300] "GET /cormun/static/gxcfg.js?20177612121792 HTTP/1.1" 304 -
200.111.191.210 - - [23/Apr/2018:09:12:44 -0300] "GET /cormun/servlet/hhome HTTP/1.1" 200 3950
200.111.191.210 - - [23/Apr/2018:09:12:44 -0300] "GET /cormun/static/gxcfg.js?20175251212442 HTTP/1.1" 304 -
200.111.191.210 - - [23/Apr/2018:09:12:44 -0300] "GET /cormun/servlet/hhome HTTP/1.1" 200 3947
200.111.191.210 - - [23/Apr/2018:09:12:47 -0300] "GET /cormun/servlet/trsolicitudot? HTTP/1.1" 200 12501
200.111.191.210 - - [23/Apr/2018:09:12:47 -0300] "GET /cormun/servlet/trsolicitudot? HTTP/1.1" 200 12500
200.111.191.210 - - [23/Apr/2018:09:12:52 -0300] "POST /cormun/servlet/trsolicitudot?b133843a8b0bc73186f7e76400df68e6,,gx-no-cache=1524485536269 HTTP/1.1" 200 15863
192.168.10.96 - - [23/Apr/2018:09:13:42 -0300] "GET /cormun/servlet/vesolicitudgral?2018,11166,, HTTP/1.1" 200 9317
192.168.10.96 - - [23/Apr/2018:09:13:42 -0300] "GET /cormun/pexe_scrolldiv.js HTTP/1.1" 404 1009
192.168.10.96 - - [23/Apr/2018:09:13:42 -0300] "GET /cormun/pexe_scrolldiv.js HTTP/1.1" 404 1009
192.168.10.96 - - [23/Apr/2018:09:13:43 -0300] "GET /cormun/servlet/vesolicitudgral?2018,11166,, HTTP/1.1" 200 9315
192.168.10.96 - - [23/Apr/2018:09:13:44 -0300] "GET /cormun/servlet/vesolicitudgral?2018,11166,,SolicitudOTLog HTTP/1.1" 200 9824
192.168.10.96 - - [23/Apr/2018:09:13:44 -0300] "GET /cormun/pexe_scrolldiv.js HTTP/1.1" 404 1009
192.168.10.96 - - [23/Apr/2018:09:13:44 -0300] "GET /cormun/pexe_scrolldiv.js HTTP/1.1" 404 1009
192.168.10.96 - - [23/Apr/2018:09:13:44 -0300] "GET /cormun/servlet/vesolicitudgral?2018,11166,,SolicitudOTLog HTTP/1.1" 200 9824
192.168.10.96 - - [23/Apr/2018:09:13:45 -0300] "POST /cormun/servlet/acontrolpreferencessavestate?None,DZAMUDIO,true HTTP/1.1" 200 35
192.168.10.96 - - [23/Apr/2018:09:13:48 -0300] "POST /cormun/servlet/vesolicitudgral?29da06ac2bd56704cf79c2a7a987e62b,2018,11166,,SolicitudOTLog,gx-no-cache=1524485448679 HTTP/1.1" 200 90
192.168.10.96 - - [23/Apr/2018:09:13:48 -0300] "GET /cormun/servlet/hpexe_link HTTP/1.1" 200 975
192.168.10.96 - - [23/Apr/2018:09:13:49 -0300] "GET /cormun/servlet/trsolicitudgral HTTP/1.1" 200 13288
192.168.10.96 - - [23/Apr/2018:09:13:49 -0300] "GET /cormun/servlet/trsolicitudgral HTTP/1.1" 200 13287
192.168.10.96 - - [23/Apr/2018:09:13:59 -0300] "GET /cormun/servlet/vesolicitudgral?2018,11161,, HTTP/1.1" 200 9332
192.168.10.96 - - [23/Apr/2018:09:13:59 -0300] "GET /cormun/pexe_scrolldiv.js HTTP/1.1" 404 1009
192.168.10.96 - - [23/Apr/2018:09:13:59 -0300] "GET /cormun/pexe_scrolldiv.js HTTP/1.1" 404 1009
192.168.10.96 - - [23/Apr/2018:09:14:00 -0300] "GET /cormun/servlet/vesolicitudgral?2018,11161,, HTTP/1.1" 200 9331
192.168.10.96 - - [23/Apr/2018:09:14:01 -0300] "GET /cormun/servlet/vesolicitudgral?2018,11161,,SolicitudOTLog HTTP/1.1" 200 9826
192.168.10.96 - - [23/Apr/2018:09:14:01 -0300] "GET /cormun/pexe_scrolldiv.js HTTP/1.1" 404 1009
192.168.10.96 - - [23/Apr/2018:09:14:01 -0300] "GET /cormun/pexe_scrolldiv.js HTTP/1.1" 404 1009
192.168.10.96 - - [23/Apr/2018:09:14:01 -0300] "GET /cormun/servlet/vesolicitudgral?2018,11161,,SolicitudOTLog HTTP/1.1" 200 9826
192.168.10.96 - - [23/Apr/2018:09:14:02 -0300] "POST /cormun/servlet/acontrolpreferencessavestate?None,DZAMUDIO,true HTTP/1.1" 200 35
192.168.10.96 - - [23/Apr/2018:09:14:05 -0300] "POST /cormun/servlet/vesolicitudgral?29da06ac2bd56704cf79c2a7a987e62b,2018,11161,,SolicitudOTLog,gx-no-cache=1524485465422 HTTP/1.1" 200 90
192.168.10.96 - - [23/Apr/2018:09:14:05 -0300] "GET /cormun/servlet/hpexe_link HTTP/1.1" 200 974
192.168.10.96 - - [23/Apr/2018:09:14:05 -0300] "GET /cormun/servlet/trsolicitudgral HTTP/1.1" 200 13288
192.168.10.96 - - [23/Apr/2018:09:14:06 -0300] "GET /cormun/servlet/trsolicitudgral HTTP/1.1" 200 13287
200.111.191.210 - - [23/Apr/2018:09:16:53 -0300] "POST /cormun/servlet/trsolicitudot?b133843a8b0bc73186f7e76400df68e6,,gx-no-cache=1524485777433 HTTP/1.1" 200 5678
