186.103.132.155 - - [20/Apr/2018:09:44:39 -0300] "POST /cormun/servlet/licenciaspermisos?5cf54ab0d0c0513901fa6d2b4d60a1aa,INS,0,,,,gx-no-cache=1524228223361 HTTP/1.1" 200 93
186.103.159.187 - - [20/Apr/2018:09:44:39 -0300] "GET /cormun/servlet/hlogin HTTP/1.1" 200 1735
186.103.132.155 - - [20/Apr/2018:09:44:39 -0300] "GET /cormun/servlet/hpexe_return? HTTP/1.1" 200 1011
186.103.132.155 - - [20/Apr/2018:09:44:40 -0300] "GET /cormun/servlet/trlicencias HTTP/1.1" 200 10552
186.103.132.155 - - [20/Apr/2018:09:44:42 -0300] "GET /cormun/servlet/trlicencias HTTP/1.1" 200 10547
186.103.159.187 - - [20/Apr/2018:09:44:46 -0300] "POST /cormun/servlet/hlogin?137f7252726f96ea5580bdc0dbc61b58,gx-no-cache=1524231909092 HTTP/1.1" 200 446
186.103.159.187 - - [20/Apr/2018:09:44:53 -0300] "POST /cormun/servlet/hlogin?137f7252726f96ea5580bdc0dbc61b58,gx-no-cache=1524231915494 HTTP/1.1" 200 90
186.103.159.187 - - [20/Apr/2018:09:44:53 -0300] "GET /cormun/servlet/hpexe_link HTTP/1.1" 200 955
186.103.159.187 - - [20/Apr/2018:09:44:53 -0300] "GET /cormun/servlet/hhome HTTP/1.1" 200 4147
186.103.159.187 - - [20/Apr/2018:09:44:54 -0300] "GET /cormun/servlet/hhome HTTP/1.1" 200 4143
186.103.159.187 - - [20/Apr/2018:09:45:02 -0300] "GET /cormun/servlet/trautorizarsolicitud? HTTP/1.1" 200 9036
186.103.159.187 - - [20/Apr/2018:09:45:03 -0300] "GET /cormun/servlet/trautorizarsolicitud? HTTP/1.1" 200 9034
186.103.159.187 - - [20/Apr/2018:09:45:08 -0300] "POST /cormun/servlet/trautorizarsolicitud?137f7252726f96ea5580bdc0dbc61b58,,gx-no-cache=1524231929930 HTTP/1.1" 200 5785
186.103.159.187 - - [20/Apr/2018:09:45:08 -0300] "GET /cormun/static/Shared/jqueryui/images/ui-bg_highlight-soft_100_c6c2c8_1x100.png HTTP/1.1" 404 1117
186.103.159.187 - - [20/Apr/2018:09:45:08 -0300] "GET /cormun/static/Shared/jqueryui/images/ui-bg_flat_55_fafafa_40x100.png HTTP/1.1" 404 1097
186.103.159.187 - - [20/Apr/2018:09:45:08 -0300] "GET /cormun/static/Shared/jqueryui/images/ui-icons_8d78a5_256x240.png HTTP/1.1" 404 1089
186.103.159.187 - - [20/Apr/2018:09:45:08 -0300] "POST /cormun/servlet/trautorizarsolicitud?137f7252726f96ea5580bdc0dbc61b58,,gx-no-cache=1524231930856 HTTP/1.1" 200 5730
186.103.159.187 - - [20/Apr/2018:09:45:08 -0300] "GET /cormun/static/Shared/jqueryui/images/ui-icons_82798d_256x240.png HTTP/1.1" 404 1089
186.103.159.46 - - [20/Apr/2018:09:45:09 -0300] "GET /cormun/servlet/permisogoce?851ce0297a5fca515376e73cc708d472bca0e791ed788db54c31c4498a73a7627367f621b64fe5b9653bc5d26b7d90ae9f78c5222992c3022a76e4f9582fbea9,gx-no-cache=1524228253624 HTTP/1.1" 200 47
186.103.159.187 - - [20/Apr/2018:09:45:10 -0300] "POST /cormun/servlet/trautorizarsolicitud?137f7252726f96ea5580bdc0dbc61b58,,gx-no-cache=1524231932110 HTTP/1.1" 200 4613
186.103.159.187 - - [20/Apr/2018:09:45:10 -0300] "POST /cormun/servlet/trautorizarsolicitud?137f7252726f96ea5580bdc0dbc61b58,,gx-no-cache=1524231932626 HTTP/1.1" 200 4379
200.111.122.170 - - [20/Apr/2018:09:45:13 -0300] "GET /cormun/servlet/trlicenciaspermisosadjuntos?17967465,20180420000000,L, HTTP/1.1" 200 6546
200.111.122.170 - - [20/Apr/2018:09:45:15 -0300] "GET /cormun/servlet/trlicenciaspermisosadjuntos?17967465,20180420000000,L, HTTP/1.1" 200 6547
186.103.132.155 - - [20/Apr/2018:09:45:20 -0300] "GET /cormun/servlet/licenciaspermisosadjuntos?INS,17967465,L,20180420000000,, HTTP/1.1" 200 5849
186.103.132.155 - - [20/Apr/2018:09:45:21 -0300] "GET /cormun/static/about:blank HTTP/1.1" 404 1011
186.103.132.155 - - [20/Apr/2018:09:45:21 -0300] "GET /cormun/servlet/licenciaspermisosadjuntos?INS,17967465,L,20180420000000,, HTTP/1.1" 200 5838
186.103.159.46 - - [20/Apr/2018:09:46:13 -0300] "POST /cormun/servlet/permisogoce?06b520a8155d8944212c8d85f4cdf566,INS,0,,,,gx-no-cache=1524228317358 HTTP/1.1" 200 93
186.103.159.46 - - [20/Apr/2018:09:46:13 -0300] "GET /cormun/servlet/hpexe_return? HTTP/1.1" 200 1008
186.103.159.46 - - [20/Apr/2018:09:46:13 -0300] "GET /cormun/servlet/trpermisosgoce HTTP/1.1" 200 12250
186.103.159.46 - - [20/Apr/2018:09:46:16 -0300] "GET /cormun/servlet/trpermisosgoce HTTP/1.1" 200 12254
186.67.203.186 - - [20/Apr/2018:09:46:29 -0300] "POST /cormun/servlet/licenciaspermisosadjuntos?5cf54ab0d0c0513901fa6d2b4d60a1aa,INS,17967465,L,20180420000000,, HTTP/1.1" 200 116
186.67.203.186 - - [20/Apr/2018:09:46:29 -0300] "GET /cormun/servlet/hpexe_return? HTTP/1.1" 200 1041
186.67.203.186 - - [20/Apr/2018:09:46:29 -0300] "GET /cormun/servlet/trlicenciaspermisosadjuntos?17967465,20180420000000,L, HTTP/1.1" 200 7069
186.67.203.186 - - [20/Apr/2018:09:46:31 -0300] "GET /cormun/servlet/trlicenciaspermisosadjuntos?17967465,20180420000000,L, HTTP/1.1" 200 7065
186.103.159.46 - - [20/Apr/2018:09:46:35 -0300] "GET /cormun/servlet/apermisogoceprn?9569964,P,20180420093811,PU HTTP/1.1" 200 1664
186.67.203.186 - - [20/Apr/2018:09:46:41 -0300] "POST /cormun/servlet/trlicenciaspermisosadjuntos?5cf54ab0d0c0513901fa6d2b4d60a1aa,17967465,20180420000000,L,,gx-no-cache=1524228346009 HTTP/1.1" 200 90
186.67.203.186 - - [20/Apr/2018:09:46:42 -0300] "GET /cormun/servlet/hpexe_link HTTP/1.1" 200 983
186.67.203.186 - - [20/Apr/2018:09:46:42 -0300] "GET /cormun/servlet/trlicencias HTTP/1.1" 200 10543
186.67.203.186 - - [20/Apr/2018:09:46:43 -0300] "GET /cormun/servlet/trlicencias HTTP/1.1" 200 10547
186.103.159.46 - - [20/Apr/2018:09:46:58 -0300] "GET /cormun/servlet/apermisogoceprn?5821441,P,20180420094014,PU HTTP/1.1" 200 1683
186.67.203.186 - - [20/Apr/2018:09:46:59 -0300] "POST /cormun/servlet/trlicencias?5cf54ab0d0c0513901fa6d2b4d60a1aa,gx-no-cache=1524228363749 HTTP/1.1" 200 7850
186.67.203.186 - - [20/Apr/2018:09:47:00 -0300] "GET /cormun/static/Shared/jqueryui/images/ui-bg_highlight-soft_100_c6c2c8_1x100.png HTTP/1.1" 404 1117
200.72.197.82 - - [20/Apr/2018:09:47:00 -0300] "GET /cormun/static/Shared/jqueryui/images/ui-icons_82798d_256x240.png HTTP/1.1" 404 1089
186.67.203.186 - - [20/Apr/2018:09:47:00 -0300] "GET /cormun/static/Shared/jqueryui/images/ui-bg_flat_55_fafafa_40x100.png HTTP/1.1" 404 1097
200.72.197.82 - - [20/Apr/2018:09:47:00 -0300] "GET /cormun/static/Shared/jqueryui/images/ui-icons_8d78a5_256x240.png HTTP/1.1" 404 1089
200.111.122.170 - - [20/Apr/2018:09:47:05 -0300] "GET /cormun/servlet/solicitudot?fcb67217da29c6d696f3de00444db9c71c6483e6aadc0ecf5ace786907d43c9a111b63e0b0b5c1abf035246a96d8cb499f44961a4708117333149a58bafc7bb3,gx-no-cache=1524228368958 HTTP/1.1" 200 30
200.111.122.170 - - [20/Apr/2018:09:47:05 -0300] "GET /cormun/servlet/solicitudot?fcb67217da29c6d696f3de00444db9c7713cfad5b4c8a530d54d3867d34c7ea2,gx-no-cache=1524228369098 HTTP/1.1" 200 29
186.67.203.186 - - [20/Apr/2018:09:47:08 -0300] "POST /cormun/servlet/solicitudot?gx-no-cache=1524228372305 HTTP/1.1" 200 297
186.67.203.186 - - [20/Apr/2018:09:47:11 -0300] "GET /cormun/servlet/solicitudot?fcb67217da29c6d696f3de00444db9c77323922a5eb4c3c1878ca8c4c96b96b4991e7071f52de0457c49cf20fba9053df5d3d696defa9bcf86f6aafeefe87706e043c81b00e1fdbbaf93fe7335597ecf9ef59cf65903feb30bbf60a6bc1a6036de5b5bcbdafc24738a5bdf0bf5e0a68581ed467248c0ddf99e9f82339b9b98a074ab7a564f19ecc4d7244eeb9b2262695490a68b074da7b650189fb09764fe0f557713e6d12157025c2514df5bc3ed7dd08d684bdec038d9026f626d009d743f3e76ec7cb05d9ebc0096f4060edf7bdd3ef6599221953badfd12904beddd2d441c25494480a2ff7a1713d0515345c7b957a99bfcd504b0de6ec0f2019a34e61d76662b1e3e346af94da681bfa6fea237050ed3fff832e66276e9bcd5287c69a762d1d0341b41015f2e8b5003f7d8a75776a40570289719fc3c63e317f1fd9478492069ab9874f5e9e457e8ddc08a41d9a3398c03e20a693221f7eebc18eb0bd62b5f66f3aae1a8bbe5a2e7786e3ae73a806cfd6c62a9398fbc5b99c4ad4e496825f88646b95af0129bf4dfd461575dee,gx-no-cache=1524228374794 HTTP/1.1" 200 30
200.72.197.82 - - [20/Apr/2018:09:47:12 -0300] "GET /cormun/servlet/alicenciaprn?17967465,L,20180420000000,PU HTTP/1.1" 200 1536
186.67.203.186 - - [20/Apr/2018:09:47:16 -0300] "POST /cormun/servlet/solicitudot?gx-no-cache=1524228380321 HTTP/1.1" 200 30
186.103.132.155 - - [20/Apr/2018:09:47:21 -0300] "POST /cormun/servlet/solicitudot?gx-no-cache=1524228384741 HTTP/1.1" 200 1366
186.103.132.155 - - [20/Apr/2018:09:47:21 -0300] "POST /cormun/servlet/solicitudot?gx-no-cache=1524228384878 HTTP/1.1" 200 38
186.103.159.44 - - [20/Apr/2018:09:47:26 -0300] "GET /cormun/servlet/hlogin HTTP/1.1" 200 1714
186.103.159.44 - - [20/Apr/2018:09:47:26 -0300] "GET /cormun/servlet/hlogin HTTP/1.1" 200 1724
186.103.159.44 - - [20/Apr/2018:09:47:40 -0300] "POST /cormun/servlet/hlogin?351810ed6fbffbec0755bce6b5e2ab1a,gx-no-cache=1524228406219 HTTP/1.1" 200 90
186.103.159.44 - - [20/Apr/2018:09:47:40 -0300] "GET /cormun/servlet/hpexe_link HTTP/1.1" 200 943
186.103.159.44 - - [20/Apr/2018:09:47:41 -0300] "GET /cormun/servlet/hhome HTTP/1.1" 200 4161
186.103.159.44 - - [20/Apr/2018:09:47:41 -0300] "GET /cormun/static/gxcfg.js?20175251212442 HTTP/1.1" 200 953
186.103.159.44 - - [20/Apr/2018:09:47:41 -0300] "GET /cormun/static/hhome.js?20175251212450 HTTP/1.1" 200 777
200.72.197.82 - - [20/Apr/2018:09:47:43 -0300] "GET /cormun/servlet/solicitudot?fcb67217da29c6d696f3de00444db9c703d1d0161d24f39c382a66f12802a58909dd23305cf03635d27e30ba8e5ea336a9d6d44852cf5c72f1355ca9ebecad022ae0377ed06cd7334eafd3d257e32bd3f799b595f10ced6076373698d7abd231a34362002a8f8c8bd899b992d9a5002a,gx-no-cache=1524228406941 HTTP/1.1" 200 29
200.72.197.82 - - [20/Apr/2018:09:47:43 -0300] "POST /cormun/servlet/solicitudot?gx-no-cache=1524228407106 HTTP/1.1" 200 1350
200.72.197.82 - - [20/Apr/2018:09:47:44 -0300] "POST /cormun/servlet/solicitudot?gx-no-cache=1524228407252 HTTP/1.1" 200 1246
186.103.159.44 - - [20/Apr/2018:09:47:44 -0300] "GET /cormun/servlet/trlicencias? HTTP/1.1" 200 13383
192.168.10.96 - - [20/Apr/2018:09:47:48 -0300] "POST /cormun/servlet/trsolicitudgral?b8dce271fc8047c2c82b2cf9534dfb5a,,gx-no-cache=1524228289473 HTTP/1.1" 200 5932
192.168.10.96 - - [20/Apr/2018:09:47:57 -0300] "POST /cormun/servlet/trsolicitudgral?b8dce271fc8047c2c82b2cf9534dfb5a,,gx-no-cache=1524228298881 HTTP/1.1" 200 5933
192.168.10.96 - - [20/Apr/2018:09:47:58 -0300] "POST /cormun/servlet/trsolicitudgral?b8dce271fc8047c2c82b2cf9534dfb5a,,gx-no-cache=1524228299551 HTTP/1.1" 200 5932
192.168.10.96 - - [20/Apr/2018:09:47:58 -0300] "POST /cormun/servlet/trsolicitudgral?b8dce271fc8047c2c82b2cf9534dfb5a,,gx-no-cache=1524228299738 HTTP/1.1" 200 5933
192.168.10.96 - - [20/Apr/2018:09:48:02 -0300] "POST /cormun/servlet/trsolicitudgral?b8dce271fc8047c2c82b2cf9534dfb5a,,gx-no-cache=1524228303088 HTTP/1.1" 200 9767
192.168.10.96 - - [20/Apr/2018:09:48:15 -0300] "POST /cormun/servlet/trsolicitudgral?b8dce271fc8047c2c82b2cf9534dfb5a,,gx-no-cache=1524228316113 HTTP/1.1" 200 7312
186.67.203.186 - - [20/Apr/2018:09:48:21 -0300] "GET /cormun/servlet/solicitudot?fcb67217da29c6d696f3de00444db9c742e4cc7d885e5e2d4297386f266d4c786f7f34727035ed430d44d0677c5a2645,gx-no-cache=1524228445204 HTTP/1.1" 200 30
192.168.10.96 - - [20/Apr/2018:09:48:23 -0300] "POST /cormun/servlet/trsolicitudgral?b8dce271fc8047c2c82b2cf9534dfb5a,,gx-no-cache=1524228324823 HTTP/1.1" 200 7355
192.168.10.96 - - [20/Apr/2018:09:48:28 -0300] "GET /cormun/servlet/vesolicitudgral?2018,11130,, HTTP/1.1" 200 9238
192.168.10.96 - - [20/Apr/2018:09:48:28 -0300] "GET /cormun/pexe_scrolldiv.js HTTP/1.1" 404 1009
192.168.10.96 - - [20/Apr/2018:09:48:28 -0300] "GET /cormun/pexe_scrolldiv.js HTTP/1.1" 404 1009
192.168.10.96 - - [20/Apr/2018:09:48:28 -0300] "GET /cormun/servlet/vesolicitudgral?2018,11130,, HTTP/1.1" 200 9237
192.168.10.96 - - [20/Apr/2018:09:48:28 -0300] "GET /cormun/servlet/vesolicitudgral?2018,11130,, HTTP/1.1" 200 9237
192.168.10.96 - - [20/Apr/2018:09:48:28 -0300] "GET /cormun/pexe_scrolldiv.js HTTP/1.1" 404 1009
192.168.10.96 - - [20/Apr/2018:09:48:29 -0300] "GET /cormun/pexe_scrolldiv.js HTTP/1.1" 404 1009
186.103.161.206 - - [20/Apr/2018:09:48:29 -0300] "POST /cormun/servlet/solicitudot?gx-no-cache=1524228452818 HTTP/1.1" 200 30
192.168.10.96 - - [20/Apr/2018:09:48:29 -0300] "GET /cormun/servlet/vesolicitudgral?2018,11130,, HTTP/1.1" 200 9237
192.168.10.96 - - [20/Apr/2018:09:48:30 -0300] "GET /cormun/servlet/vesolicitudgral?2018,11130,,SolicitudOTLog HTTP/1.1" 200 10163
192.168.10.96 - - [20/Apr/2018:09:48:30 -0300] "GET /cormun/pexe_scrolldiv.js HTTP/1.1" 404 1009
192.168.10.96 - - [20/Apr/2018:09:48:30 -0300] "GET /cormun/pexe_scrolldiv.js HTTP/1.1" 404 1009
192.168.10.96 - - [20/Apr/2018:09:48:30 -0300] "GET /cormun/static/tbsolicitudgral03.js?20177611585854 HTTP/1.1" 200 13342
192.168.10.96 - - [20/Apr/2018:09:48:30 -0300] "GET /cormun/static/Resources/PXToolsTabLastSelected.png HTTP/1.1" 200 1262
192.168.10.96 - - [20/Apr/2018:09:48:30 -0300] "GET /cormun/servlet/vesolicitudgral?2018,11130,,SolicitudOTLog HTTP/1.1" 200 10163
192.168.10.96 - - [20/Apr/2018:09:48:31 -0300] "POST /cormun/servlet/acontrolpreferencessavestate?None,DZAMUDIO,true HTTP/1.1" 200 35
186.103.159.46 - - [20/Apr/2018:09:48:47 -0300] "GET /cormun/servlet/trlicencias? HTTP/1.1" 200 10380
186.103.159.46 - - [20/Apr/2018:09:48:49 -0300] "GET /cormun/servlet/trlicencias? HTTP/1.1" 200 10377
192.168.10.96 - - [20/Apr/2018:09:48:52 -0300] "GET /cormun/servlet/trsolicitudgral? HTTP/1.1" 200 10647
192.168.10.96 - - [20/Apr/2018:09:48:52 -0300] "GET /cormun/servlet/trsolicitudgral? HTTP/1.1" 200 10641
186.103.159.182 - - [20/Apr/2018:09:49:19 -0300] "GET /cormun/servlet/hlogin HTTP/1.1" 200 1716
186.103.159.182 - - [20/Apr/2018:09:49:20 -0300] "GET /cormun/servlet/hlogin HTTP/1.1" 200 1727
186.103.159.182 - - [20/Apr/2018:09:49:22 -0300] "POST /cormun/servlet/hlogin?87321fdde49e656207b2166ee4d2dae4,gx-no-cache=1524228507086 HTTP/1.1" 200 90
186.103.159.182 - - [20/Apr/2018:09:49:22 -0300] "GET /cormun/servlet/hpexe_link HTTP/1.1" 200 948
186.103.159.182 - - [20/Apr/2018:09:49:23 -0300] "GET /cormun/servlet/hhome HTTP/1.1" 200 4258
186.103.159.182 - - [20/Apr/2018:09:49:24 -0300] "GET /cormun/servlet/hhome HTTP/1.1" 200 4254
186.103.159.182 - - [20/Apr/2018:09:49:39 -0300] "GET /cormun/servlet/trlicencias? HTTP/1.1" 200 9473
186.103.159.182 - - [20/Apr/2018:09:49:40 -0300] "GET /cormun/static/gxcfg.js?20176272054169 HTTP/1.1" 200 953
186.103.159.182 - - [20/Apr/2018:09:49:40 -0300] "GET /cormun/static/Resources/Spanish/PXTools.css?17315867 HTTP/1.1" 200 89042
186.103.159.182 - - [20/Apr/2018:09:49:40 -0300] "GET /cormun/static/trlicencias.js?20176272054837 HTTP/1.1" 200 41883
186.103.159.182 - - [20/Apr/2018:09:49:40 -0300] "GET /cormun/static/Resources/PXTools/calendar.png HTTP/1.1" 200 1306
186.103.159.182 - - [20/Apr/2018:09:49:41 -0300] "GET /cormun//static/Resources/PXToolsActionDisabled.gif HTTP/1.1" 200 53
186.103.159.182 - - [20/Apr/2018:09:49:41 -0300] "GET /cormun//static/Resources/PXToolsGridDisplay.png HTTP/1.1" 200 362
186.103.159.182 - - [20/Apr/2018:09:49:41 -0300] "GET /cormun//static/Resources/PXTools/ActionInsert.png HTTP/1.1" 200 1482
186.103.159.182 - - [20/Apr/2018:09:49:41 -0300] "GET /cormun//static/Resources/PXToolsHeaderFavorites.png HTTP/1.1" 200 2744
186.103.159.182 - - [20/Apr/2018:09:49:41 -0300] "GET /cormun//static/Resources/PXToolsHeaderHelp.png HTTP/1.1" 200 4055
186.103.159.182 - - [20/Apr/2018:09:49:41 -0300] "GET /cormun//static/Resources/PXToolsActionPrint.png HTTP/1.1" 200 3317
186.103.159.182 - - [20/Apr/2018:09:49:41 -0300] "GET /cormun/servlet/trlicencias? HTTP/1.1" 200 9470
186.103.159.182 - - [20/Apr/2018:09:49:58 -0300] "GET /cormun/static/menuarrow.gif HTTP/1.1" 404 1015
186.103.159.182 - - [20/Apr/2018:09:52:16 -0300] "GET /cormun/servlet/licenciaspermisos?INS,0,,, HTTP/1.1" 200 7797
186.103.159.182 - - [20/Apr/2018:09:52:18 -0300] "GET /cormun/static/gxcfg.js?201762917281167 HTTP/1.1" 200 953
186.103.159.182 - - [20/Apr/2018:09:52:18 -0300] "GET /cormun/static/Resources/prompt.gif HTTP/1.1" 200 902
186.103.159.182 - - [20/Apr/2018:09:52:18 -0300] "GET /cormun/static/licenciaspermisos.js?201762917281260 HTTP/1.1" 200 37491
200.112.233.47 - - [20/Apr/2018:09:52:18 -0300] "GET /cormun/servlet/hlogin HTTP/1.1" 200 1718
200.112.233.47 - - [20/Apr/2018:09:52:19 -0300] "GET /cormun/static/Resources/PXToolsLoginBottom.png HTTP/1.1" 200 1389
186.103.159.182 - - [20/Apr/2018:09:52:19 -0300] "GET /cormun/servlet/licenciaspermisos?INS,0,,, HTTP/1.1" 200 7805
200.112.233.47 - - [20/Apr/2018:09:52:23 -0300] "POST /cormun/servlet/hlogin?835434d9a3ada92ed9eaf48518eb79db,gx-no-cache=1524228687562 HTTP/1.1" 200 90
200.112.233.47 - - [20/Apr/2018:09:52:23 -0300] "GET /cormun/servlet/hpexe_link HTTP/1.1" 200 944
200.112.233.47 - - [20/Apr/2018:09:52:23 -0300] "GET /cormun/servlet/hhome HTTP/1.1" 200 4210
200.112.233.47 - - [20/Apr/2018:09:52:25 -0300] "GET /cormun/servlet/hhome HTTP/1.1" 200 4206
186.103.158.250 - - [20/Apr/2018:09:52:31 -0300] "GET /cormun/servlet/hlogin HTTP/1.1" 200 1717
186.103.159.182 - - [20/Apr/2018:09:52:35 -0300] "GET /cormun/static/Resources/resize.gif HTTP/1.1" 200 77
186.103.159.182 - - [20/Apr/2018:09:52:36 -0300] "GET /cormun/servlet/prfichaempleado?,MD,,gxPopupLevel%3D0%3B HTTP/1.1" 200 9431
186.103.159.182 - - [20/Apr/2018:09:52:36 -0300] "GET /cormun/static/gxcfg.js?20177612134814 HTTP/1.1" 200 953
186.103.159.182 - - [20/Apr/2018:09:52:36 -0300] "GET /cormun/static/Resources/PXToolsMenuSearch.png HTTP/1.1" 200 2914
186.103.159.182 - - [20/Apr/2018:09:52:36 -0300] "GET /cormun/static/menusearch.js?201610171694467 HTTP/1.1" 200 1424
186.103.159.182 - - [20/Apr/2018:09:52:36 -0300] "GET /cormun/static/hmpwkw011.js?20177612121862 HTTP/1.1" 200 1968
186.103.159.182 - - [20/Apr/2018:09:52:36 -0300] "GET /cormun/static/prfichaempleado.js?20177612134999 HTTP/1.1" 200 16006
186.103.159.182 - - [20/Apr/2018:09:52:36 -0300] "GET /cormun/static/Resources/PXToolsMenuSearchCancel.png HTTP/1.1" 200 2972
200.112.233.47 - - [20/Apr/2018:09:52:41 -0300] "GET /cormun/servlet/trpermisosgoce? HTTP/1.1" 200 9187
200.112.233.47 - - [20/Apr/2018:09:52:42 -0300] "GET /cormun/static/gxcfg.js?20177612163875 HTTP/1.1" 200 953
200.112.233.47 - - [20/Apr/2018:09:52:43 -0300] "GET /cormun/static/trpermisosgoce.js?20177612164335 HTTP/1.1" 200 35904
200.112.233.47 - - [20/Apr/2018:09:52:44 -0300] "GET /cormun/servlet/trpermisosgoce? HTTP/1.1" 200 9185
186.67.203.186 - - [20/Apr/2018:09:52:47 -0300] "GET /cormun/servlet/solicitudot?fcb67217da29c6d696f3de00444db9c77323922a5eb4c3c1878ca8c4c96b96b4991e7071f52de0457c49cf20fba9053df5d3d696defa9bcf86f6aafeefe87706e043c81b00e1fdbbaf93fe7335597ecf9ef59cf65903feb30bbf60a6bc1a6036de5b5bcbdafc24738a5bdf0bf5e0a68581ed467248c0ddf99e9f82339b9b98a074ab7a564f19ecc4d7244eeb9b2262695490a68b074da7b650189fb09764fe0f557713e6d12157025c2514df5bc3ed7dd08d684bdec038d9026f626d009d743f3e76ec7cb05d9ebc0096f4060edf7bdd3ef6599221953badfd12904beddd2d441c25494480a2ff7a1713d0515345c7b957a99bfcd504b0de6ec0f2019a34e61d76662b1e3e346af94da681bfa6fea237050ed3fff832e66276e9bcd5287c69a762d1d0341b41015f2e8b5003f7d8a75776a40570289719fc3c63e317f1fd9478492069ab9874f5e9e457e8ddc08a41d9a3398c03e20a693221f7eebc18eb0bd62b5f66f3aae1a8bbe5a2e7786e3ae73a0db0e687ce01e83a3dd1a800b3e7ddb025f88646b95af0129bf4dfd461575dee,gx-no-cache=1524228711270 HTTP/1.1" 200 30
186.67.203.186 - - [20/Apr/2018:09:52:47 -0300] "POST /cormun/servlet/solicitudot?gx-no-cache=1524228711407 HTTP/1.1" 200 30
186.67.203.186 - - [20/Apr/2018:09:52:47 -0300] "POST /cormun/servlet/solicitudot?gx-no-cache=1524228711480 HTTP/1.1" 200 1366
186.67.203.186 - - [20/Apr/2018:09:52:47 -0300] "POST /cormun/servlet/solicitudot?gx-no-cache=1524228711619 HTTP/1.1" 200 41
186.67.203.186 - - [20/Apr/2018:09:52:47 -0300] "POST /cormun/servlet/solicitudot?gx-no-cache=1524228711663 HTTP/1.1" 200 1351
186.67.203.186 - - [20/Apr/2018:09:52:48 -0300] "POST /cormun/servlet/solicitudot?gx-no-cache=1524228711724 HTTP/1.1" 200 1249
186.67.203.186 - - [20/Apr/2018:09:52:48 -0300] "GET /cormun/servlet/solicitudot?fcb67217da29c6d696f3de00444db9c742e4cc7d885e5e2d4297386f266d4c786f7f34727035ed430d44d0677c5a2645,gx-no-cache=1524228711817 HTTP/1.1" 200 30
186.67.203.186 - - [20/Apr/2018:09:52:48 -0300] "POST /cormun/servlet/solicitudot?gx-no-cache=1524228711876 HTTP/1.1" 200 30
186.67.203.186 - - [20/Apr/2018:09:52:48 -0300] "POST /cormun/servlet/solicitudot?01192742a8e70643eec1f7c2536fdcd5,INS,0,0,,gx-no-cache=1524228711935 HTTP/1.1" 200 93
186.67.203.186 - - [20/Apr/2018:09:52:48 -0300] "GET /cormun/servlet/hpexe_return? HTTP/1.1" 200 1001
186.67.203.186 - - [20/Apr/2018:09:52:48 -0300] "GET /cormun/servlet/trsolicitudot HTTP/1.1" 200 8777
190.151.100.218 - - [20/Apr/2018:09:52:49 -0300] "GET /cormun//static/Resources/PXToolsRemoveAllAction.png HTTP/1.1" 200 3558
186.67.203.186 - - [20/Apr/2018:09:52:49 -0300] "GET /cormun/servlet/trsolicitudot HTTP/1.1" 200 8775
186.67.203.186 - - [20/Apr/2018:09:52:49 -0300] "GET /cormun//static/Resources/PXToolsActionView.png HTTP/1.1" 200 2995
186.103.159.182 - - [20/Apr/2018:09:52:55 -0300] "POST /cormun/servlet/prfichaempleado?87321fdde49e656207b2166ee4d2dae4,,MD,,gxPopupLevel%3D0%3B,gx-no-cache=1524228719334 HTTP/1.1" 200 3859
200.112.233.47 - - [20/Apr/2018:09:52:56 -0300] "GET /cormun/servlet/permisogoce?INS,0,,, HTTP/1.1" 200 7072
200.112.233.47 - - [20/Apr/2018:09:52:56 -0300] "GET /cormun/static/gxcfg.js?201776126440 HTTP/1.1" 200 953
200.112.233.47 - - [20/Apr/2018:09:52:59 -0300] "GET /cormun/static/permisogoce.js?2017761264459 HTTP/1.1" 200 27897
200.112.233.47 - - [20/Apr/2018:09:52:59 -0300] "GET /cormun/servlet/permisogoce?INS,0,,, HTTP/1.1" 200 7073
186.103.159.182 - - [20/Apr/2018:09:53:05 -0300] "GET /cormun/servlet/licenciaspermisos?6df5d7fcde21fa85c0285bcffd8807b5695cc3ebb0d8e53f8d00fdaeaba4aac5950ed195223bfa9d08306581f88717e2,gx-no-cache=1524228729773 HTTP/1.1" 200 106
200.112.233.47 - - [20/Apr/2018:09:53:06 -0300] "GET /cormun/servlet/prfichaempleado?,MD,,gxPopupLevel%3D0%3B HTTP/1.1" 200 9380
186.103.159.182 - - [20/Apr/2018:09:53:07 -0300] "POST /cormun/servlet/licenciaspermisos?87321fdde49e656207b2166ee4d2dae4,INS,0,,,,gx-no-cache=1524228729842 HTTP/1.1" 200 4884
186.103.159.182 - - [20/Apr/2018:09:53:09 -0300] "GET /cormun/servlet/trlicencias? HTTP/1.1" 200 9478
186.103.159.182 - - [20/Apr/2018:09:53:11 -0300] "GET /cormun/servlet/trlicencias? HTTP/1.1" 200 9470
186.103.159.46 - - [20/Apr/2018:09:53:14 -0300] "GET /cormun/servlet/trsolicitudot? HTTP/1.1" 200 7333
200.112.233.47 - - [20/Apr/2018:09:53:15 -0300] "POST /cormun/servlet/prfichaempleado?835434d9a3ada92ed9eaf48518eb79db,,MD,,gxPopupLevel%3D0%3B,gx-no-cache=1524228739324 HTTP/1.1" 200 3401
186.103.159.46 - - [20/Apr/2018:09:53:16 -0300] "GET /cormun/servlet/trsolicitudot? HTTP/1.1" 200 7333
186.103.156.24 - - [20/Apr/2018:09:53:16 -0300] "GET /cormun/servlet/trlicencias? HTTP/1.1" 200 10714
186.103.156.24 - - [20/Apr/2018:09:53:17 -0300] "GET /cormun/servlet/trlicencias? HTTP/1.1" 200 10719
200.112.233.47 - - [20/Apr/2018:09:53:30 -0300] "POST /cormun/servlet/prfichaempleado?835434d9a3ada92ed9eaf48518eb79db,,MD,,gxPopupLevel%3D0%3B,gx-no-cache=1524228754498 HTTP/1.1" 200 6278
186.103.158.250 - - [20/Apr/2018:09:53:38 -0300] "GET /cormun/servlet/hlogin HTTP/1.1" 200 1717
186.103.159.182 - - [20/Apr/2018:09:53:54 -0300] "GET /cormun/servlet/licenciaspermisos?INS,0,,, HTTP/1.1" 200 7797
186.103.159.182 - - [20/Apr/2018:09:53:55 -0300] "GET /cormun/servlet/licenciaspermisos?INS,0,,, HTTP/1.1" 200 7805
186.103.159.182 - - [20/Apr/2018:09:54:16 -0300] "GET /cormun/servlet/prfichaempleado?,MD,,gxPopupLevel%3D0%3B HTTP/1.1" 200 9431
186.103.159.182 - - [20/Apr/2018:09:54:35 -0300] "POST /cormun/servlet/prfichaempleado?87321fdde49e656207b2166ee4d2dae4,,MD,,gxPopupLevel%3D0%3B,gx-no-cache=1524228819991 HTTP/1.1" 200 3859
186.103.159.182 - - [20/Apr/2018:09:54:42 -0300] "GET /cormun/servlet/licenciaspermisos?6df5d7fcde21fa85c0285bcffd8807b5695cc3ebb0d8e53f8d00fdaeaba4aac5950ed195223bfa9d08306581f88717e2,gx-no-cache=1524228826226 HTTP/1.1" 200 106
186.103.159.182 - - [20/Apr/2018:09:54:42 -0300] "POST /cormun/servlet/licenciaspermisos?87321fdde49e656207b2166ee4d2dae4,INS,0,,,,gx-no-cache=1524228826343 HTTP/1.1" 200 4884
200.112.233.47 - - [20/Apr/2018:09:54:59 -0300] "GET /cormun/servlet/prfichaempleado?,MD,,gxPopupLevel%3D0%3B HTTP/1.1" 200 9380
200.112.233.47 - - [20/Apr/2018:09:55:06 -0300] "POST /cormun/servlet/permisogoce?835434d9a3ada92ed9eaf48518eb79db,INS,0,,,,gx-no-cache=1524228850508 HTTP/1.1" 200 4607
200.112.233.47 - - [20/Apr/2018:09:55:06 -0300] "GET /cormun/static/Shared/jqueryui/images/ui-bg_highlight-soft_100_c6c2c8_1x100.png HTTP/1.1" 404 1117
200.112.233.47 - - [20/Apr/2018:09:55:06 -0300] "GET /cormun/static/Shared/jqueryui/images/ui-icons_82798d_256x240.png HTTP/1.1" 404 1089
200.112.233.47 - - [20/Apr/2018:09:55:06 -0300] "GET /cormun/static/Shared/jqueryui/images/ui-bg_flat_55_994d53_40x100.png HTTP/1.1" 404 1097
200.112.233.47 - - [20/Apr/2018:09:55:06 -0300] "GET /cormun/static/Shared/jqueryui/images/ui-icons_ebccce_256x240.png HTTP/1.1" 404 1089
200.112.233.47 - - [20/Apr/2018:09:55:11 -0300] "GET /cormun/servlet/prfichaempleado?,MD,,gxPopupLevel%3D0%3B HTTP/1.1" 200 9380
186.103.159.182 - - [20/Apr/2018:09:55:12 -0300] "GET /cormun/static/menuarrow.gif HTTP/1.1" 404 1015
200.112.233.47 - - [20/Apr/2018:09:55:17 -0300] "POST /cormun/servlet/prfichaempleado?835434d9a3ada92ed9eaf48518eb79db,,MD,,gxPopupLevel%3D0%3B,gx-no-cache=1524228861036 HTTP/1.1" 200 6557
200.112.233.47 - - [20/Apr/2018:09:55:22 -0300] "POST /cormun/servlet/prfichaempleado?835434d9a3ada92ed9eaf48518eb79db,,MD,,gxPopupLevel%3D0%3B,gx-no-cache=1524228867298 HTTP/1.1" 200 3191
200.112.233.47 - - [20/Apr/2018:09:55:28 -0300] "POST /cormun/servlet/prfichaempleado?835434d9a3ada92ed9eaf48518eb79db,,MD,,gxPopupLevel%3D0%3B,gx-no-cache=1524228873241 HTTP/1.1" 200 3195
200.112.233.47 - - [20/Apr/2018:09:55:51 -0300] "POST /cormun/servlet/prfichaempleado?835434d9a3ada92ed9eaf48518eb79db,,MD,,gxPopupLevel%3D0%3B,gx-no-cache=1524228877921 HTTP/1.1" 200 3191
186.103.159.46 - - [20/Apr/2018:09:57:18 -0300] "GET /cormun/servlet/solicitudot?INS,0,0, HTTP/1.1" 200 13556
186.103.159.46 - - [20/Apr/2018:09:57:19 -0300] "GET /cormun/servlet/solicitudot?INS,0,0, HTTP/1.1" 200 13560
186.103.159.46 - - [20/Apr/2018:09:57:25 -0300] "POST /cormun/servlet/solicitudot?gx-no-cache=1524228986884 HTTP/1.1" 200 3341
186.103.159.46 - - [20/Apr/2018:09:57:25 -0300] "GET /cormun/static/Shared/jqueryui/images/ui-bg_flat_55_994d53_40x100.png HTTP/1.1" 404 1097
186.103.159.46 - - [20/Apr/2018:09:57:25 -0300] "GET /cormun/static/Shared/jqueryui/images/ui-bg_highlight-soft_100_c6c2c8_1x100.png HTTP/1.1" 404 1117
186.103.159.46 - - [20/Apr/2018:09:57:25 -0300] "GET /cormun/static/Shared/jqueryui/images/ui-icons_82798d_256x240.png HTTP/1.1" 404 1089
186.103.159.46 - - [20/Apr/2018:09:57:25 -0300] "GET /cormun/static/Shared/jqueryui/images/ui-icons_ebccce_256x240.png HTTP/1.1" 404 1089
186.103.159.46 - - [20/Apr/2018:09:57:26 -0300] "GET /cormun/servlet/solicitudot?fc86b3e367463b989fd353207be6c86b2f8dfb8afddf43086d183d85310a0fbd,gx-no-cache=1524228988671 HTTP/1.1" 200 111
186.103.159.46 - - [20/Apr/2018:09:57:26 -0300] "GET /cormun/servlet/solicitudot?fc86b3e367463b989fd353207be6c86b9e9eda1c2caf4b9ae8ac6ea669c3dc24,gx-no-cache=1524228988733 HTTP/1.1" 200 94
186.103.159.46 - - [20/Apr/2018:09:57:26 -0300] "GET /cormun/servlet/solicitudot?fc86b3e367463b989fd353207be6c86b64f2086bdc4478f1aee33565d1d27caf,gx-no-cache=1524228988782 HTTP/1.1" 200 29
186.103.159.46 - - [20/Apr/2018:09:57:26 -0300] "GET /cormun/servlet/solicitudot?fc86b3e367463b989fd353207be6c86b389d60979c21d5bb1ededd322f316104bf83ac49c926888cbd1474fb1a92dc3e080b521d382dbb5720314cc6fbb11941bf219cb19a556b0661e0f65092e163a61363cc6ec804560965d81626354a27c3c6a8f56a234f8dfc1e2cc5cd7cb6fd12ee999bb921d7f8d4545cafdb88395da2dcb43cf67e417abcff3ff2b0f09ccee532403b54eebde21b64e6617ce7c65ba8ae258b74650dbd6a54dd1abccf29a3b5a792152b40f2f1619b4468c17cc0211dfbddc4c275bb3e5a5aba573e2f9aa2baf2363fa6ad2c808eff7e78383395f0be8e1b4d9153ebb3c5c3e13a3664e32e5b0d0db303163f5baf3cc85f7926db4a622daf9a0fe342f834d6528f953fe019e293bf6ce718b004ec42a0793a448920136666b482c3e058168f9444176dc5e3776ce1389c4f94a24fe81a954cf2a6479d877f88cc2df9df7967445fd252000c89,gx-no-cache=1524228988886 HTTP/1.1" 200 297
186.103.159.46 - - [20/Apr/2018:09:57:26 -0300] "GET /cormun/servlet/solicitudot?fc86b3e367463b989fd353207be6c86b1a57f7a44cfb6aeaf968f99faec9f0eee6186e03e9aad7de490dd6906cab0722f1344121c064880e4e26804f3329294e4f356ded00bb2312c914e7f282635970fa8ee9570870313c2bf97509bdc4b5545c2009b39479a1775f63a9d216e659b37b25c399a587806b5968b05bdc945c1ed229cbe544e5ef94baab0714157785649c4953fdd1e9b3a7d9948f260b9731a507e546e49e6a14066091fea157700e2601ce1cafb6c6e68bf74274c61c1a00f7959568ae807c1d274d1220f7fd41a4cb630a8e8f0720d1aff23d38860a5fbce1f7afd3ac25cd2c62a7aa3610e03c095aebbbcbfb6e46a995114fdbf494ae8404721b27837fc6b80fc31eb7ce867cac821a3b3902317ada932598c43a861fb901d832ca411d2f88d06f2f458675f27d449c525995fed40d9671d911c0b12df94ce0ec9b5735e46ac92def704d8c750930aaa8e66893038ac2476fa3ec4c0dc9e9614de3fb9f28004ee61bd47409839ca339193acab60dde5a0068c89466b442365393a48446dd18a44bb7b0dee33735e8,gx-no-cache=1524228989029 HTTP/1.1" 200 30
186.103.159.46 - - [20/Apr/2018:09:57:26 -0300] "POST /cormun/servlet/solicitudot?gx-no-cache=1524228989071 HTTP/1.1" 200 30
186.103.159.46 - - [20/Apr/2018:09:57:26 -0300] "POST /cormun/servlet/solicitudot?gx-no-cache=1524228989126 HTTP/1.1" 200 1363
186.103.159.46 - - [20/Apr/2018:09:57:26 -0300] "POST /cormun/servlet/solicitudot?gx-no-cache=1524228989212 HTTP/1.1" 200 38
186.103.159.46 - - [20/Apr/2018:09:57:26 -0300] "GET /cormun/servlet/solicitudot?fc86b3e367463b989fd353207be6c86b867630112b006072f9717c2154261efc0d0db303163f5baf3cc85f7926db4a622daf9a0fe342f834d6528f953fe019e2084a369d0531f6a79875cdf0d9755885,gx-no-cache=1524228989256 HTTP/1.1" 200 29
186.103.159.46 - - [20/Apr/2018:09:57:26 -0300] "POST /cormun/servlet/solicitudot?gx-no-cache=1524228989316 HTTP/1.1" 200 1350
186.103.159.46 - - [20/Apr/2018:09:57:26 -0300] "POST /cormun/servlet/solicitudot?gx-no-cache=1524228989399 HTTP/1.1" 200 1246
186.103.159.46 - - [20/Apr/2018:09:57:31 -0300] "GET /cormun/static/menuarrow.gif HTTP/1.1" 404 1015
200.54.247.70 - - [20/Apr/2018:09:57:34 -0300] "GET /cormun/servlet/hlogin HTTP/1.1" 200 1721
200.54.247.70 - - [20/Apr/2018:09:57:35 -0300] "GET /cormun/static/Resources/Spanish/PXTools.css?11423723 HTTP/1.1" 304 -
200.54.247.70 - - [20/Apr/2018:09:57:35 -0300] "GET /cormun/static/gxtimezone.js?85251 HTTP/1.1" 304 -
200.54.247.70 - - [20/Apr/2018:09:57:35 -0300] "GET /cormun/static/gxgral.js?85251 HTTP/1.1" 304 -
200.54.247.70 - - [20/Apr/2018:09:57:35 -0300] "GET /cormun/static/gxcfg.js?20175251213516 HTTP/1.1" 304 -
200.54.247.70 - - [20/Apr/2018:09:57:35 -0300] "GET /cormun/static/messages.spa.js?85251 HTTP/1.1" 304 -
200.54.247.70 - - [20/Apr/2018:09:57:35 -0300] "GET /cormun/static/Resources/ComunLogin.png HTTP/1.1" 304 -
200.54.247.70 - - [20/Apr/2018:09:57:35 -0300] "GET /cormun/static/hlogin.js?20175251213537 HTTP/1.1" 304 -
200.54.247.70 - - [20/Apr/2018:09:57:35 -0300] "GET /cormun/static/Resources/indicator.gif HTTP/1.1" 304 -
186.103.159.46 - - [20/Apr/2018:09:57:41 -0300] "GET /cormun/servlet/solicitudot?fc86b3e367463b989fd353207be6c86b92d2888f21478376c7259516025bad17d32d3594c3e6c99cac1b57482e067bda,gx-no-cache=1524229003535 HTTP/1.1" 200 134
200.54.247.70 - - [20/Apr/2018:09:57:43 -0300] "POST /cormun/servlet/hlogin?feae4aa2ffe02ee06aa68310547538a6,gx-no-cache=1524229005597 HTTP/1.1" 200 90
200.54.247.70 - - [20/Apr/2018:09:57:45 -0300] "GET /cormun/servlet/hpexe_link HTTP/1.1" 200 953
200.54.247.70 - - [20/Apr/2018:09:57:45 -0300] "GET /cormun/servlet/hhome HTTP/1.1" 200 4239
200.54.247.70 - - [20/Apr/2018:09:57:49 -0300] "GET /cormun/servlet/trlicencias? HTTP/1.1" 200 12815
186.103.159.182 - - [20/Apr/2018:09:58:08 -0300] "GET /cormun/servlet/licenciaspermisos?6df5d7fcde21fa85c0285bcffd8807b54256176bf5cac90dea2f09fe907f380d25a62a2b6d2e063c9d75195eadb7b5cf192c9761d5a9cb1c331871505e220f95f754d220ee8a5b229f08b14d6fb7f2a224f6af53437ac8131b1b83b0cd93de19132c24cb57a50a3d51c643a1aaf734424a6cfae10e2b483ecb40d6585ddb3cce02ae52c0bfc3d89b258a9d881f8effc461c4286e28a998ad652fe04da25f2ef85842d5b3e508d3645c9c80ddbfac7ac6,gx-no-cache=1524229032755 HTTP/1.1" 200 30
186.103.159.182 - - [20/Apr/2018:09:58:08 -0300] "GET /cormun/servlet/licenciaspermisos?6df5d7fcde21fa85c0285bcffd8807b5a1ea4ca59fe35f0dbc25f429726c7a1fea927c8113e6f1c37744a0a2e5dd44030abf0f23cb6c8f58042351e2812f5517f7e04a55f28f9fcada556145346cddb8d9fc99898dac81196061a72515dcece4b3c3dcf7d0656b0f8fd9523084a0348f96ff9329bd1a9e4223a815cf6d240bd9474f9be31a15bd51240a181ab788e408d17a44305bc9292f9d915e985194c7d7b5cdb6b69f6ca22bbc5ace8e92ae034a,gx-no-cache=1524229032821 HTTP/1.1" 200 29
186.103.159.182 - - [20/Apr/2018:09:58:08 -0300] "POST /cormun/servlet/licenciaspermisos?87321fdde49e656207b2166ee4d2dae4,INS,0,,,,gx-no-cache=1524229032873 HTTP/1.1" 200 93
186.103.159.182 - - [20/Apr/2018:09:58:08 -0300] "GET /cormun/servlet/hpexe_return? HTTP/1.1" 200 1010
186.103.159.182 - - [20/Apr/2018:09:58:09 -0300] "GET /cormun/static/gxcfg.js?2016101716175148 HTTP/1.1" 200 953
186.103.159.182 - - [20/Apr/2018:09:58:09 -0300] "GET /cormun/static/hpexe_return.js?2016101716175153 HTTP/1.1" 200 1633
186.103.159.182 - - [20/Apr/2018:09:58:09 -0300] "GET /cormun/static/Resources/Spanish/PXTools.css?167811 HTTP/1.1" 200 89042
186.103.159.182 - - [20/Apr/2018:09:58:09 -0300] "GET /cormun/servlet/trlicencias HTTP/1.1" 200 9938
186.103.159.182 - - [20/Apr/2018:09:58:11 -0300] "GET /cormun//static/Resources/PXToolsGridUpdate.png HTTP/1.1" 200 2984
186.103.159.182 - - [20/Apr/2018:09:58:11 -0300] "GET /cormun//static/Resources/PXToolsGridDelete.png HTTP/1.1" 200 357
186.103.159.182 - - [20/Apr/2018:09:58:11 -0300] "GET /cormun/servlet/trlicencias HTTP/1.1" 200 9933
200.111.122.170 - - [20/Apr/2018:09:59:45 -0300] "POST /cormun/servlet/trsolicitudot?01192742a8e70643eec1f7c2536fdcd5,gx-no-cache=1524229129425 HTTP/1.1" 200 107
200.111.122.170 - - [20/Apr/2018:09:59:46 -0300] "GET /cormun/servlet/trsolicitudadjuntos?2018,11157, HTTP/1.1" 200 6305
200.111.122.170 - - [20/Apr/2018:09:59:46 -0300] "GET /cormun/static/gxcfg.js?20177612135366 HTTP/1.1" 200 953
200.111.122.170 - - [20/Apr/2018:09:59:46 -0300] "GET /cormun/static/trsolicitudadjuntos.js?20177612135632 HTTP/1.1" 200 17922
200.111.122.170 - - [20/Apr/2018:09:59:46 -0300] "GET /cormun/servlet/trsolicitudadjuntos?2018,11157, HTTP/1.1" 200 6305
186.67.203.186 - - [20/Apr/2018:09:59:48 -0300] "GET /cormun/servlet/solicitudotadjuntos?INS,2018,11157,,1, HTTP/1.1" 200 6251
186.67.203.186 - - [20/Apr/2018:09:59:48 -0300] "GET /cormun/static/gxcfg.js?2017761244068 HTTP/1.1" 200 953
186.67.203.186 - - [20/Apr/2018:09:59:49 -0300] "GET /cormun/static/solicitudotadjuntos.js?2017761244086 HTTP/1.1" 200 11771
190.151.100.218 - - [20/Apr/2018:09:59:49 -0300] "GET /cormun/static/about:blank HTTP/1.1" 404 1011
190.151.100.218 - - [20/Apr/2018:09:59:49 -0300] "GET /cormun/servlet/solicitudotadjuntos?INS,2018,11157,,1, HTTP/1.1" 200 6245
186.67.203.186 - - [20/Apr/2018:09:59:49 -0300] "GET /cormun/servlet/solicitudotadjuntos?fcb67217da29c6d696f3de00444db9c793b2de4c0fbea3f62846fbffa732a40e34be79db4e417be6f835084c68a6c3ca,gx-no-cache=1524229133574 HTTP/1.1" 200 30
186.67.203.186 - - [20/Apr/2018:09:59:50 -0300] "POST /cormun/servlet/solicitudotadjuntos?01192742a8e70643eec1f7c2536fdcd5,INS,2018,11157,,1,,gx-no-cache=1524229133651 HTTP/1.1" 200 3976
186.67.203.186 - - [20/Apr/2018:09:59:52 -0300] "POST /cormun/servlet/solicitudotadjuntos?gx-no-cache=1524229135725 HTTP/1.1" 200 26
186.103.159.182 - - [20/Apr/2018:09:59:53 -0300] "GET /cormun/servlet/trlicenciaspermisosadjuntos?18040152,20180420000000,L, HTTP/1.1" 200 6603
186.103.159.182 - - [20/Apr/2018:09:59:54 -0300] "GET /cormun/static/gxcfg.js?20177612163414 HTTP/1.1" 200 953
186.103.159.182 - - [20/Apr/2018:09:59:54 -0300] "GET /cormun/static/trlicenciaspermisosadjuntos.js?20177612163719 HTTP/1.1" 200 21036
186.103.159.182 - - [20/Apr/2018:09:59:55 -0300] "GET /cormun/servlet/trlicenciaspermisosadjuntos?18040152,20180420000000,L, HTTP/1.1" 200 6603
186.103.159.182 - - [20/Apr/2018:10:00:01 -0300] "GET /cormun/servlet/licenciaspermisosadjuntos?INS,18040152,L,20180420000000,, HTTP/1.1" 200 5904
186.103.159.182 - - [20/Apr/2018:10:00:02 -0300] "GET /cormun/static/gxcfg.js?2017761263592 HTTP/1.1" 200 953
186.103.159.182 - - [20/Apr/2018:10:00:02 -0300] "GET /cormun/static/licenciaspermisosadjuntos.js?201776126362 HTTP/1.1" 200 8760
186.103.159.182 - - [20/Apr/2018:10:00:02 -0300] "GET /cormun/static/about:blank HTTP/1.1" 404 1011
186.103.159.182 - - [20/Apr/2018:10:00:03 -0300] "GET /cormun/servlet/licenciaspermisosadjuntos?INS,18040152,L,20180420000000,, HTTP/1.1" 200 5893
200.72.197.82 - - [20/Apr/2018:10:00:11 -0300] "GET /cormun/servlet/solicitudotadjuntos?fcb67217da29c6d696f3de00444db9c7c147a3d44f0d24bb9bd9d2db0f0c47a1,gx-no-cache=1524229154740 HTTP/1.1" 200 30
200.72.197.82 - - [20/Apr/2018:10:00:11 -0300] "GET /cormun/servlet/solicitudotadjuntos?fcb67217da29c6d696f3de00444db9c7c147a3d44f0d24bb9bd9d2db0f0c47a1,gx-no-cache=1524229155564 HTTP/1.1" 200 30
200.72.197.82 - - [20/Apr/2018:10:00:17 -0300] "POST /cormun/servlet/solicitudotadjuntos?01192742a8e70643eec1f7c2536fdcd5,INS,2018,11157,,1, HTTP/1.1" 200 116
200.72.197.82 - - [20/Apr/2018:10:00:17 -0300] "GET /cormun/servlet/hpexe_return? HTTP/1.1" 200 1020
200.111.122.170 - - [20/Apr/2018:10:00:18 -0300] "GET /cormun/servlet/trsolicitudadjuntos?2018,11157, HTTP/1.1" 200 8758
200.111.122.170 - - [20/Apr/2018:10:00:18 -0300] "GET /cormun/servlet/trsolicitudadjuntos?2018,11157, HTTP/1.1" 200 8750
200.111.122.170 - - [20/Apr/2018:10:00:21 -0300] "GET /cormun/servlet/solicitudotadjuntos?INS,2018,11157,,1, HTTP/1.1" 200 6251
200.111.122.170 - - [20/Apr/2018:10:00:21 -0300] "GET /cormun/static/about:blank HTTP/1.1" 404 1011
200.111.122.170 - - [20/Apr/2018:10:00:21 -0300] "GET /cormun/servlet/solicitudotadjuntos?INS,2018,11157,,1, HTTP/1.1" 200 6244
200.111.122.170 - - [20/Apr/2018:10:00:22 -0300] "GET /cormun/servlet/solicitudotadjuntos?fcb67217da29c6d696f3de00444db9c793b2de4c0fbea3f62846fbffa732a40e34be79db4e417be6f835084c68a6c3ca,gx-no-cache=1524229165819 HTTP/1.1" 200 30
200.111.122.170 - - [20/Apr/2018:10:00:22 -0300] "POST /cormun/servlet/solicitudotadjuntos?01192742a8e70643eec1f7c2536fdcd5,INS,2018,11157,,1,,gx-no-cache=1524229165885 HTTP/1.1" 200 3976
186.103.159.182 - - [20/Apr/2018:10:00:23 -0300] "POST /cormun/servlet/licenciaspermisosadjuntos?87321fdde49e656207b2166ee4d2dae4,INS,18040152,L,20180420000000,, HTTP/1.1" 200 116
186.103.159.182 - - [20/Apr/2018:10:00:23 -0300] "GET /cormun/servlet/hpexe_return? HTTP/1.1" 200 1039
200.111.122.170 - - [20/Apr/2018:10:00:23 -0300] "POST /cormun/servlet/solicitudotadjuntos?gx-no-cache=1524229167505 HTTP/1.1" 200 26
186.103.159.182 - - [20/Apr/2018:10:00:23 -0300] "GET /cormun/servlet/trlicenciaspermisosadjuntos?18040152,20180420000000,L, HTTP/1.1" 200 7112
186.103.159.182 - - [20/Apr/2018:10:00:25 -0300] "GET /cormun/servlet/trlicenciaspermisosadjuntos?18040152,20180420000000,L, HTTP/1.1" 200 7108
200.111.122.170 - - [20/Apr/2018:10:00:28 -0300] "POST /cormun/servlet/solicitudotadjuntos?gx-no-cache=1524229172390 HTTP/1.1" 200 26
200.111.122.170 - - [20/Apr/2018:10:00:33 -0300] "GET /cormun/servlet/solicitudotadjuntos?fcb67217da29c6d696f3de00444db9c7c147a3d44f0d24bb9bd9d2db0f0c47a1,gx-no-cache=1524229177256 HTTP/1.1" 200 30
200.111.122.170 - - [20/Apr/2018:10:00:35 -0300] "GET /cormun/servlet/solicitudotadjuntos?fcb67217da29c6d696f3de00444db9c7c147a3d44f0d24bb9bd9d2db0f0c47a1,gx-no-cache=1524229178882 HTTP/1.1" 200 30
186.103.159.182 - - [20/Apr/2018:10:00:36 -0300] "GET /cormun/servlet/trlicencias? HTTP/1.1" 200 9934
186.103.159.182 - - [20/Apr/2018:10:00:37 -0300] "GET /cormun/servlet/trlicencias? HTTP/1.1" 200 9933
200.111.122.170 - - [20/Apr/2018:10:00:38 -0300] "POST /cormun/servlet/solicitudotadjuntos?01192742a8e70643eec1f7c2536fdcd5,INS,2018,11157,,1, HTTP/1.1" 200 116
200.111.122.170 - - [20/Apr/2018:10:00:38 -0300] "GET /cormun/servlet/hpexe_return? HTTP/1.1" 200 1020
200.111.122.170 - - [20/Apr/2018:10:00:39 -0300] "GET /cormun/servlet/trsolicitudadjuntos?2018,11157, HTTP/1.1" 200 8977
200.111.122.170 - - [20/Apr/2018:10:00:39 -0300] "GET /cormun/servlet/trsolicitudadjuntos?2018,11157, HTTP/1.1" 200 8975
200.72.197.82 - - [20/Apr/2018:10:00:43 -0300] "GET /cormun/servlet/solicitudotadjuntos?INS,2018,11157,,1, HTTP/1.1" 200 6251
200.72.197.82 - - [20/Apr/2018:10:00:44 -0300] "GET /cormun/static/about:blank HTTP/1.1" 404 1011
200.72.197.82 - - [20/Apr/2018:10:00:44 -0300] "GET /cormun/servlet/solicitudotadjuntos?INS,2018,11157,,1, HTTP/1.1" 200 6244
200.111.122.170 - - [20/Apr/2018:10:00:44 -0300] "GET /cormun/servlet/solicitudotadjuntos?fcb67217da29c6d696f3de00444db9c793b2de4c0fbea3f62846fbffa732a40e34be79db4e417be6f835084c68a6c3ca,gx-no-cache=1524229188287 HTTP/1.1" 200 30
186.103.159.182 - - [20/Apr/2018:10:00:45 -0300] "GET /cormun/servlet/licenciaspermisos?DSP,18040152,L,20180420000000, HTTP/1.1" 200 7403
186.103.159.182 - - [20/Apr/2018:10:00:47 -0300] "GET /cormun/servlet/licenciaspermisos?DSP,18040152,L,20180420000000, HTTP/1.1" 200 7403
200.111.122.170 - - [20/Apr/2018:10:00:49 -0300] "POST /cormun/servlet/solicitudotadjuntos?01192742a8e70643eec1f7c2536fdcd5,INS,2018,11157,,1,,gx-no-cache=1524229189016 HTTP/1.1" 200 3976
200.111.122.170 - - [20/Apr/2018:10:00:52 -0300] "POST /cormun/servlet/solicitudotadjuntos?gx-no-cache=1524229195852 HTTP/1.1" 200 26
186.103.159.182 - - [20/Apr/2018:10:00:55 -0300] "POST /cormun/servlet/licenciaspermisos?87321fdde49e656207b2166ee4d2dae4,DSP,18040152,L,20180420000000,,gx-no-cache=1524229199549 HTTP/1.1" 200 93
186.103.159.182 - - [20/Apr/2018:10:00:55 -0300] "GET /cormun/servlet/hpexe_return? HTTP/1.1" 200 1025
186.103.159.182 - - [20/Apr/2018:10:00:55 -0300] "GET /cormun/servlet/trlicencias HTTP/1.1" 200 9938
186.103.159.182 - - [20/Apr/2018:10:00:56 -0300] "GET /cormun/servlet/trlicencias HTTP/1.1" 200 9933
200.111.122.170 - - [20/Apr/2018:10:00:57 -0300] "GET /cormun/servlet/solicitudotadjuntos?fcb67217da29c6d696f3de00444db9c7c147a3d44f0d24bb9bd9d2db0f0c47a1,gx-no-cache=1524229201220 HTTP/1.1" 200 30
200.111.122.170 - - [20/Apr/2018:10:00:57 -0300] "GET /cormun/servlet/solicitudotadjuntos?fcb67217da29c6d696f3de00444db9c7c147a3d44f0d24bb9bd9d2db0f0c47a1,gx-no-cache=1524229201269 HTTP/1.1" 200 30
200.111.122.170 - - [20/Apr/2018:10:00:58 -0300] "POST /cormun/servlet/solicitudotadjuntos?01192742a8e70643eec1f7c2536fdcd5,INS,2018,11157,,1, HTTP/1.1" 200 116
200.111.122.170 - - [20/Apr/2018:10:00:58 -0300] "GET /cormun/servlet/hpexe_return? HTTP/1.1" 200 1020
200.111.122.170 - - [20/Apr/2018:10:00:58 -0300] "GET /cormun/servlet/trsolicitudadjuntos?2018,11157, HTTP/1.1" 200 9152
200.111.122.170 - - [20/Apr/2018:10:00:59 -0300] "GET /cormun/servlet/trsolicitudadjuntos?2018,11157, HTTP/1.1" 200 9151
200.72.197.82 - - [20/Apr/2018:10:01:11 -0300] "GET /cormun/servlet/solicitudotadjuntos?INS,2018,11157,,1, HTTP/1.1" 200 6252
200.72.197.82 - - [20/Apr/2018:10:01:11 -0300] "GET /cormun/static/about:blank HTTP/1.1" 404 1011
200.72.197.82 - - [20/Apr/2018:10:01:12 -0300] "GET /cormun/servlet/solicitudotadjuntos?INS,2018,11157,,1, HTTP/1.1" 200 6245
200.72.197.82 - - [20/Apr/2018:10:01:12 -0300] "GET /cormun/servlet/solicitudotadjuntos?fcb67217da29c6d696f3de00444db9c793b2de4c0fbea3f62846fbffa732a40e34be79db4e417be6f835084c68a6c3ca,gx-no-cache=1524229216191 HTTP/1.1" 200 30
200.72.197.82 - - [20/Apr/2018:10:01:12 -0300] "POST /cormun/servlet/solicitudotadjuntos?01192742a8e70643eec1f7c2536fdcd5,INS,2018,11157,,1,,gx-no-cache=1524229216245 HTTP/1.1" 200 3977
200.72.197.82 - - [20/Apr/2018:10:01:15 -0300] "POST /cormun/servlet/solicitudotadjuntos?gx-no-cache=1524229218688 HTTP/1.1" 200 26
200.111.122.170 - - [20/Apr/2018:10:01:20 -0300] "GET /cormun/servlet/solicitudotadjuntos?fcb67217da29c6d696f3de00444db9c7c147a3d44f0d24bb9bd9d2db0f0c47a1,gx-no-cache=1524229223604 HTTP/1.1" 200 30
200.111.122.170 - - [20/Apr/2018:10:01:20 -0300] "GET /cormun/servlet/solicitudotadjuntos?fcb67217da29c6d696f3de00444db9c7c147a3d44f0d24bb9bd9d2db0f0c47a1,gx-no-cache=1524229224664 HTTP/1.1" 200 30
200.111.122.170 - - [20/Apr/2018:10:01:22 -0300] "POST /cormun/servlet/solicitudotadjuntos?01192742a8e70643eec1f7c2536fdcd5,INS,2018,11157,,1, HTTP/1.1" 200 116
200.111.122.170 - - [20/Apr/2018:10:01:22 -0300] "GET /cormun/servlet/hpexe_return? HTTP/1.1" 200 1020
200.111.122.170 - - [20/Apr/2018:10:01:22 -0300] "GET /cormun/servlet/trsolicitudadjuntos?2018,11157, HTTP/1.1" 200 9380
186.103.159.46 - - [20/Apr/2018:10:01:23 -0300] "GET /cormun/servlet/solicitudot?fc86b3e367463b989fd353207be6c86b797864d61a6212faa98d01ab1f11fa13d32d3594c3e6c99cac1b57482e067bda,gx-no-cache=1524229225974 HTTP/1.1" 200 30
200.111.122.170 - - [20/Apr/2018:10:01:23 -0300] "GET /cormun/servlet/trsolicitudadjuntos?2018,11157, HTTP/1.1" 200 9378
186.103.159.182 - - [20/Apr/2018:10:01:24 -0300] "GET /cormun/servlet/alicenciaprn?18040152,L,20180420000000,PU HTTP/1.1" 200 1533
200.111.122.170 - - [20/Apr/2018:10:01:26 -0300] "GET /cormun/servlet/solicitudotadjuntos?INS,2018,11157,,1, HTTP/1.1" 200 6252
200.111.122.170 - - [20/Apr/2018:10:01:26 -0300] "GET /cormun/static/about:blank HTTP/1.1" 404 1011
200.111.122.170 - - [20/Apr/2018:10:01:26 -0300] "GET /cormun/servlet/solicitudotadjuntos?INS,2018,11157,,1, HTTP/1.1" 200 6245
200.111.122.170 - - [20/Apr/2018:10:01:27 -0300] "GET /cormun/servlet/solicitudotadjuntos?fcb67217da29c6d696f3de00444db9c793b2de4c0fbea3f62846fbffa732a40e34be79db4e417be6f835084c68a6c3ca,gx-no-cache=1524229231016 HTTP/1.1" 200 30
200.111.122.170 - - [20/Apr/2018:10:01:27 -0300] "POST /cormun/servlet/solicitudotadjuntos?01192742a8e70643eec1f7c2536fdcd5,INS,2018,11157,,1,,gx-no-cache=1524229231067 HTTP/1.1" 200 3977
190.151.100.218 - - [20/Apr/2018:10:01:30 -0300] "POST /cormun/servlet/solicitudotadjuntos?gx-no-cache=1524229233604 HTTP/1.1" 200 26
190.151.100.218 - - [20/Apr/2018:10:01:34 -0300] "GET /cormun/servlet/solicitudotadjuntos?fcb67217da29c6d696f3de00444db9c7c147a3d44f0d24bb9bd9d2db0f0c47a1,gx-no-cache=1524229238582 HTTP/1.1" 200 30
190.151.100.218 - - [20/Apr/2018:10:01:34 -0300] "GET /cormun/servlet/solicitudotadjuntos?fcb67217da29c6d696f3de00444db9c7c147a3d44f0d24bb9bd9d2db0f0c47a1,gx-no-cache=1524229238632 HTTP/1.1" 200 30
190.151.100.218 - - [20/Apr/2018:10:01:36 -0300] "POST /cormun/servlet/solicitudotadjuntos?01192742a8e70643eec1f7c2536fdcd5,INS,2018,11157,,1, HTTP/1.1" 200 116
190.151.100.218 - - [20/Apr/2018:10:01:36 -0300] "GET /cormun/servlet/hpexe_return? HTTP/1.1" 200 1020
190.151.100.218 - - [20/Apr/2018:10:01:36 -0300] "GET /cormun/servlet/trsolicitudadjuntos?2018,11157, HTTP/1.1" 200 9582
190.151.100.218 - - [20/Apr/2018:10:01:37 -0300] "GET /cormun/servlet/trsolicitudadjuntos?2018,11157, HTTP/1.1" 200 9581
186.103.161.206 - - [20/Apr/2018:10:01:45 -0300] "GET /cormun/servlet/solicitudotadjuntos?INS,2018,11157,,1, HTTP/1.1" 200 6252
186.103.161.206 - - [20/Apr/2018:10:01:45 -0300] "GET /cormun/static/about:blank HTTP/1.1" 404 1011
186.67.203.186 - - [20/Apr/2018:10:01:45 -0300] "GET /cormun/servlet/solicitudotadjuntos?INS,2018,11157,,1, HTTP/1.1" 200 6245
186.103.161.206 - - [20/Apr/2018:10:01:46 -0300] "GET /cormun/servlet/solicitudotadjuntos?fcb67217da29c6d696f3de00444db9c793b2de4c0fbea3f62846fbffa732a40e34be79db4e417be6f835084c68a6c3ca,gx-no-cache=1524229249976 HTTP/1.1" 200 30
186.103.161.206 - - [20/Apr/2018:10:01:46 -0300] "POST /cormun/servlet/solicitudotadjuntos?01192742a8e70643eec1f7c2536fdcd5,INS,2018,11157,,1,,gx-no-cache=1524229250087 HTTP/1.1" 200 3977
186.103.159.46 - - [20/Apr/2018:10:06:41 -0300] "GET /cormun/servlet/trpermisosadjuntos?9569964,20180420093811,P, HTTP/1.1" 200 6278
186.103.159.46 - - [20/Apr/2018:10:06:42 -0300] "GET /cormun/servlet/trpermisosadjuntos?9569964,20180420093811,P, HTTP/1.1" 200 6279
186.103.159.46 - - [20/Apr/2018:10:06:45 -0300] "GET /cormun/servlet/permisosadjuntos?INS,9569964,P,20180420093811,, HTTP/1.1" 200 5608
186.103.159.46 - - [20/Apr/2018:10:06:45 -0300] "GET /cormun/static/about:blank HTTP/1.1" 404 1011
186.103.159.46 - - [20/Apr/2018:10:06:47 -0300] "GET /cormun/servlet/permisosadjuntos?INS,9569964,P,20180420093811,, HTTP/1.1" 200 5597
186.103.159.46 - - [20/Apr/2018:10:07:13 -0300] "POST /cormun/servlet/permisosadjuntos?06b520a8155d8944212c8d85f4cdf566,INS,9569964,P,20180420093811,, HTTP/1.1" 200 116
186.103.159.46 - - [20/Apr/2018:10:07:13 -0300] "GET /cormun/servlet/hpexe_return? HTTP/1.1" 200 1036
186.103.159.46 - - [20/Apr/2018:10:07:14 -0300] "GET /cormun/servlet/trpermisosadjuntos?9569964,20180420093811,P, HTTP/1.1" 200 6768
186.103.159.46 - - [20/Apr/2018:10:07:15 -0300] "GET /cormun/servlet/trpermisosadjuntos?9569964,20180420093811,P, HTTP/1.1" 200 6766
186.103.159.46 - - [20/Apr/2018:10:07:20 -0300] "GET /cormun/servlet/trpermisosgoce? HTTP/1.1" 200 12269
186.103.159.46 - - [20/Apr/2018:10:07:21 -0300] "GET /cormun/servlet/trpermisosgoce? HTTP/1.1" 200 12246
186.103.159.46 - - [20/Apr/2018:10:07:37 -0300] "POST /cormun/servlet/trpermisosgoce?06b520a8155d8944212c8d85f4cdf566,,gx-no-cache=1524229601762 HTTP/1.1" 200 9400
186.103.159.46 - - [20/Apr/2018:10:07:38 -0300] "GET /cormun/static/Shared/jqueryui/images/ui-bg_highlight-soft_100_c6c2c8_1x100.png HTTP/1.1" 404 1117
186.103.159.46 - - [20/Apr/2018:10:07:38 -0300] "GET /cormun/static/Shared/jqueryui/images/ui-icons_82798d_256x240.png HTTP/1.1" 404 1089
186.103.159.46 - - [20/Apr/2018:10:07:38 -0300] "GET /cormun/static/Shared/jqueryui/images/ui-bg_flat_55_fafafa_40x100.png HTTP/1.1" 404 1097
186.103.159.46 - - [20/Apr/2018:10:07:38 -0300] "GET /cormun/static/Shared/jqueryui/images/ui-icons_8d78a5_256x240.png HTTP/1.1" 404 1089
200.111.122.170 - - [20/Apr/2018:10:08:18 -0300] "POST /cormun/servlet/solicitudotadjuntos?gx-no-cache=1524229640404 HTTP/1.1" 200 26
200.72.197.82 - - [20/Apr/2018:10:08:53 -0300] "GET /cormun/servlet/solicitudotadjuntos?fcb67217da29c6d696f3de00444db9c7c147a3d44f0d24bb9bd9d2db0f0c47a1,gx-no-cache=1524229676620 HTTP/1.1" 200 30
