186.67.172.234 - - [20/Apr/2018:09:30:02 -0300] "GET /cormun/servlet/solicitudotadjuntos?1caf60f3899a5cb553c6755b5133d26a93ac73b3ff667b6a8792fed26053d59a4edbbb272ba7c3a170705d1f63a93662,gx-no-cache=1524227346684 HTTP/1.1" 200 30
186.67.172.234 - - [20/Apr/2018:09:30:03 -0300] "POST /cormun/servlet/solicitudotadjuntos?477d6f9a206509dd9ac79a1016a5606a,INS,2018,11154,,1,,gx-no-cache=1524227346787 HTTP/1.1" 200 4020
186.67.172.234 - - [20/Apr/2018:09:30:08 -0300] "POST /cormun/servlet/solicitudotadjuntos?gx-no-cache=1524227351958 HTTP/1.1" 200 26
186.67.172.234 - - [20/Apr/2018:09:30:23 -0300] "GET /cormun/servlet/solicitudotadjuntos?1caf60f3899a5cb553c6755b5133d26a37a7e798b4b65020c3f2428beb5139a3,gx-no-cache=1524227367467 HTTP/1.1" 200 30
186.67.172.234 - - [20/Apr/2018:09:30:23 -0300] "GET /cormun/servlet/solicitudotadjuntos?1caf60f3899a5cb553c6755b5133d26a37a7e798b4b65020c3f2428beb5139a3,gx-no-cache=1524227367501 HTTP/1.1" 200 30
186.67.172.234 - - [20/Apr/2018:09:30:24 -0300] "POST /cormun/servlet/solicitudotadjuntos?477d6f9a206509dd9ac79a1016a5606a,INS,2018,11154,,1, HTTP/1.1" 200 116
186.67.172.234 - - [20/Apr/2018:09:30:24 -0300] "GET /cormun/servlet/hpexe_return? HTTP/1.1" 200 1027
186.67.172.234 - - [20/Apr/2018:09:30:25 -0300] "GET /cormun/servlet/trsolicitudadjuntos?2018,11154, HTTP/1.1" 200 8806
186.67.172.234 - - [20/Apr/2018:09:30:25 -0300] "GET /cormun/servlet/trsolicitudadjuntos?2018,11154, HTTP/1.1" 200 8805
186.67.172.234 - - [20/Apr/2018:09:30:28 -0300] "GET /cormun/servlet/solicitudotadjuntos?INS,2018,11154,,1, HTTP/1.1" 200 6265
186.67.172.234 - - [20/Apr/2018:09:30:28 -0300] "GET /cormun/static/about:blank HTTP/1.1" 404 1011
186.67.172.234 - - [20/Apr/2018:09:30:28 -0300] "GET /cormun/servlet/solicitudotadjuntos?INS,2018,11154,,1, HTTP/1.1" 200 6259
186.67.172.234 - - [20/Apr/2018:09:30:28 -0300] "GET /cormun/servlet/solicitudotadjuntos?1caf60f3899a5cb553c6755b5133d26a93ac73b3ff667b6a8792fed26053d59a4edbbb272ba7c3a170705d1f63a93662,gx-no-cache=1524227372793 HTTP/1.1" 200 30
186.67.172.234 - - [20/Apr/2018:09:30:29 -0300] "POST /cormun/servlet/solicitudotadjuntos?477d6f9a206509dd9ac79a1016a5606a,INS,2018,11154,,1,,gx-no-cache=1524227372883 HTTP/1.1" 200 4020
186.67.172.234 - - [20/Apr/2018:09:30:31 -0300] "POST /cormun/servlet/solicitudotadjuntos?gx-no-cache=1524227375554 HTTP/1.1" 200 26
186.67.172.234 - - [20/Apr/2018:09:30:38 -0300] "GET /cormun/servlet/solicitudotadjuntos?1caf60f3899a5cb553c6755b5133d26a37a7e798b4b65020c3f2428beb5139a3,gx-no-cache=1524227382418 HTTP/1.1" 200 30
186.67.172.234 - - [20/Apr/2018:09:30:38 -0300] "GET /cormun/servlet/solicitudotadjuntos?1caf60f3899a5cb553c6755b5133d26a37a7e798b4b65020c3f2428beb5139a3,gx-no-cache=1524227382470 HTTP/1.1" 200 30
186.67.172.234 - - [20/Apr/2018:09:30:40 -0300] "POST /cormun/servlet/solicitudotadjuntos?477d6f9a206509dd9ac79a1016a5606a,INS,2018,11154,,1, HTTP/1.1" 200 116
186.67.172.234 - - [20/Apr/2018:09:30:40 -0300] "GET /cormun/servlet/hpexe_return? HTTP/1.1" 200 1027
186.67.172.234 - - [20/Apr/2018:09:30:41 -0300] "GET /cormun/servlet/trsolicitudadjuntos?2018,11154, HTTP/1.1" 200 9027
186.67.172.234 - - [20/Apr/2018:09:30:42 -0300] "GET /cormun/servlet/trsolicitudadjuntos?2018,11154, HTTP/1.1" 200 9026
186.67.172.234 - - [20/Apr/2018:09:30:44 -0300] "GET /cormun/servlet/solicitudotadjuntos?INS,2018,11154,,1, HTTP/1.1" 200 6265
186.67.172.234 - - [20/Apr/2018:09:30:44 -0300] "GET /cormun/static/about:blank HTTP/1.1" 404 1011
186.67.172.234 - - [20/Apr/2018:09:30:45 -0300] "GET /cormun/servlet/solicitudotadjuntos?INS,2018,11154,,1, HTTP/1.1" 200 6259
186.67.172.234 - - [20/Apr/2018:09:30:45 -0300] "GET /cormun/servlet/solicitudotadjuntos?1caf60f3899a5cb553c6755b5133d26a93ac73b3ff667b6a8792fed26053d59a4edbbb272ba7c3a170705d1f63a93662,gx-no-cache=1524227389362 HTTP/1.1" 200 30
186.67.172.234 - - [20/Apr/2018:09:30:46 -0300] "POST /cormun/servlet/solicitudotadjuntos?477d6f9a206509dd9ac79a1016a5606a,INS,2018,11154,,1,,gx-no-cache=1524227389442 HTTP/1.1" 200 4020
186.67.172.234 - - [20/Apr/2018:09:30:48 -0300] "POST /cormun/servlet/solicitudotadjuntos?gx-no-cache=1524227392857 HTTP/1.1" 200 26
186.67.172.234 - - [20/Apr/2018:09:30:55 -0300] "GET /cormun/servlet/solicitudotadjuntos?1caf60f3899a5cb553c6755b5133d26a37a7e798b4b65020c3f2428beb5139a3,gx-no-cache=1524227398930 HTTP/1.1" 200 30
186.67.172.234 - - [20/Apr/2018:09:30:55 -0300] "GET /cormun/servlet/solicitudotadjuntos?1caf60f3899a5cb553c6755b5133d26a37a7e798b4b65020c3f2428beb5139a3,gx-no-cache=1524227398961 HTTP/1.1" 200 30
186.67.172.234 - - [20/Apr/2018:09:30:55 -0300] "POST /cormun/servlet/solicitudotadjuntos?477d6f9a206509dd9ac79a1016a5606a,INS,2018,11154,,1, HTTP/1.1" 200 116
186.67.172.234 - - [20/Apr/2018:09:30:55 -0300] "GET /cormun/servlet/hpexe_return? HTTP/1.1" 200 1027
186.67.172.234 - - [20/Apr/2018:09:30:56 -0300] "GET /cormun/servlet/trsolicitudadjuntos?2018,11154, HTTP/1.1" 200 9196
186.67.172.234 - - [20/Apr/2018:09:30:56 -0300] "GET /cormun/servlet/trsolicitudadjuntos?2018,11154, HTTP/1.1" 200 9194
186.67.172.234 - - [20/Apr/2018:09:30:58 -0300] "GET /cormun/servlet/solicitudotadjuntos?INS,2018,11154,,1, HTTP/1.1" 200 6266
186.67.172.234 - - [20/Apr/2018:09:30:59 -0300] "GET /cormun/static/about:blank HTTP/1.1" 404 1011
186.67.172.234 - - [20/Apr/2018:09:30:59 -0300] "GET /cormun/servlet/solicitudotadjuntos?INS,2018,11154,,1, HTTP/1.1" 200 6259
186.67.172.234 - - [20/Apr/2018:09:30:59 -0300] "GET /cormun/servlet/solicitudotadjuntos?1caf60f3899a5cb553c6755b5133d26a93ac73b3ff667b6a8792fed26053d59a4edbbb272ba7c3a170705d1f63a93662,gx-no-cache=1524227403495 HTTP/1.1" 200 30
186.67.172.234 - - [20/Apr/2018:09:30:59 -0300] "POST /cormun/servlet/solicitudotadjuntos?477d6f9a206509dd9ac79a1016a5606a,INS,2018,11154,,1,,gx-no-cache=1524227403565 HTTP/1.1" 200 4019
186.67.172.234 - - [20/Apr/2018:09:31:02 -0300] "POST /cormun/servlet/solicitudotadjuntos?gx-no-cache=1524227406385 HTTP/1.1" 200 26
186.67.172.234 - - [20/Apr/2018:09:31:10 -0300] "GET /cormun/servlet/solicitudotadjuntos?1caf60f3899a5cb553c6755b5133d26a37a7e798b4b65020c3f2428beb5139a3,gx-no-cache=1524227414026 HTTP/1.1" 200 30
186.67.172.234 - - [20/Apr/2018:09:31:10 -0300] "GET /cormun/servlet/solicitudotadjuntos?1caf60f3899a5cb553c6755b5133d26a37a7e798b4b65020c3f2428beb5139a3,gx-no-cache=1524227414079 HTTP/1.1" 200 30
186.67.172.234 - - [20/Apr/2018:09:31:11 -0300] "POST /cormun/servlet/solicitudotadjuntos?477d6f9a206509dd9ac79a1016a5606a,INS,2018,11154,,1, HTTP/1.1" 200 116
186.67.172.234 - - [20/Apr/2018:09:31:11 -0300] "GET /cormun/servlet/hpexe_return? HTTP/1.1" 200 1027
186.67.172.234 - - [20/Apr/2018:09:31:12 -0300] "GET /cormun/servlet/trsolicitudadjuntos?2018,11154, HTTP/1.1" 200 9448
186.67.172.234 - - [20/Apr/2018:09:31:13 -0300] "GET /cormun/servlet/trsolicitudadjuntos?2018,11154, HTTP/1.1" 200 9446
186.67.172.234 - - [20/Apr/2018:09:31:15 -0300] "GET /cormun/servlet/solicitudotadjuntos?INS,2018,11154,,1, HTTP/1.1" 200 6266
186.67.172.234 - - [20/Apr/2018:09:31:15 -0300] "GET /cormun/static/about:blank HTTP/1.1" 404 1011
186.67.172.234 - - [20/Apr/2018:09:31:15 -0300] "GET /cormun/servlet/solicitudotadjuntos?INS,2018,11154,,1, HTTP/1.1" 200 6259
186.67.172.234 - - [20/Apr/2018:09:31:16 -0300] "GET /cormun/servlet/solicitudotadjuntos?1caf60f3899a5cb553c6755b5133d26a93ac73b3ff667b6a8792fed26053d59a4edbbb272ba7c3a170705d1f63a93662,gx-no-cache=1524227419937 HTTP/1.1" 200 30
186.67.172.234 - - [20/Apr/2018:09:31:16 -0300] "POST /cormun/servlet/solicitudotadjuntos?477d6f9a206509dd9ac79a1016a5606a,INS,2018,11154,,1,,gx-no-cache=1524227419996 HTTP/1.1" 200 4019
186.67.172.234 - - [20/Apr/2018:09:31:18 -0300] "POST /cormun/servlet/solicitudotadjuntos?gx-no-cache=1524227422241 HTTP/1.1" 200 26
186.67.172.234 - - [20/Apr/2018:09:31:22 -0300] "GET /cormun/servlet/solicitudotadjuntos?1caf60f3899a5cb553c6755b5133d26a37a7e798b4b65020c3f2428beb5139a3,gx-no-cache=1524227426731 HTTP/1.1" 200 30
186.67.172.234 - - [20/Apr/2018:09:31:22 -0300] "GET /cormun/servlet/solicitudotadjuntos?1caf60f3899a5cb553c6755b5133d26a37a7e798b4b65020c3f2428beb5139a3,gx-no-cache=1524227426778 HTTP/1.1" 200 30
186.67.172.234 - - [20/Apr/2018:09:31:26 -0300] "POST /cormun/servlet/solicitudotadjuntos?477d6f9a206509dd9ac79a1016a5606a,INS,2018,11154,,1, HTTP/1.1" 200 116
186.67.172.234 - - [20/Apr/2018:09:31:26 -0300] "GET /cormun/servlet/hpexe_return? HTTP/1.1" 200 1027
186.67.172.234 - - [20/Apr/2018:09:31:27 -0300] "GET /cormun/servlet/trsolicitudadjuntos?2018,11154, HTTP/1.1" 200 9672
186.67.172.234 - - [20/Apr/2018:09:31:28 -0300] "GET /cormun/servlet/trsolicitudadjuntos?2018,11154, HTTP/1.1" 200 9671
186.67.172.234 - - [20/Apr/2018:09:31:34 -0300] "GET /cormun/servlet/solicitudotadjuntos?INS,2018,11154,,1, HTTP/1.1" 200 6266
186.67.172.234 - - [20/Apr/2018:09:31:35 -0300] "GET /cormun/static/about:blank HTTP/1.1" 404 1011
186.67.172.234 - - [20/Apr/2018:09:31:35 -0300] "GET /cormun/servlet/solicitudotadjuntos?INS,2018,11154,,1, HTTP/1.1" 200 6259
186.67.172.234 - - [20/Apr/2018:09:31:35 -0300] "GET /cormun/servlet/solicitudotadjuntos?1caf60f3899a5cb553c6755b5133d26a93ac73b3ff667b6a8792fed26053d59a4edbbb272ba7c3a170705d1f63a93662,gx-no-cache=1524227439633 HTTP/1.1" 200 30
186.67.172.234 - - [20/Apr/2018:09:31:35 -0300] "POST /cormun/servlet/solicitudotadjuntos?477d6f9a206509dd9ac79a1016a5606a,INS,2018,11154,,1,,gx-no-cache=1524227439702 HTTP/1.1" 200 4019
186.67.172.234 - - [20/Apr/2018:09:31:39 -0300] "POST /cormun/servlet/solicitudotadjuntos?gx-no-cache=1524227443506 HTTP/1.1" 200 26
192.168.10.56 - - [20/Apr/2018:09:31:43 -0300] "POST /cormun/servlet/hlogin?b1bb7c7ed20180ceeb34b7c0127e64bc,gx-no-cache=1524227324841 HTTP/1.1" 440 972
192.168.10.56 - - [20/Apr/2018:09:31:45 -0300] "GET /cormun/servlet/hlogin HTTP/1.1" 200 1733
186.67.172.234 - - [20/Apr/2018:09:31:45 -0300] "GET /cormun/servlet/solicitudotadjuntos?1caf60f3899a5cb553c6755b5133d26a37a7e798b4b65020c3f2428beb5139a3,gx-no-cache=1524227449850 HTTP/1.1" 200 30
186.67.172.234 - - [20/Apr/2018:09:31:45 -0300] "GET /cormun/servlet/solicitudotadjuntos?1caf60f3899a5cb553c6755b5133d26a37a7e798b4b65020c3f2428beb5139a3,gx-no-cache=1524227449869 HTTP/1.1" 200 30
186.67.172.234 - - [20/Apr/2018:09:31:46 -0300] "POST /cormun/servlet/solicitudotadjuntos?477d6f9a206509dd9ac79a1016a5606a,INS,2018,11154,,1, HTTP/1.1" 200 116
186.67.172.234 - - [20/Apr/2018:09:31:46 -0300] "GET /cormun/servlet/hpexe_return? HTTP/1.1" 200 1027
186.67.172.234 - - [20/Apr/2018:09:31:47 -0300] "GET /cormun/servlet/trsolicitudadjuntos?2018,11154, HTTP/1.1" 200 9943
186.67.172.234 - - [20/Apr/2018:09:31:48 -0300] "GET /cormun/servlet/trsolicitudadjuntos?2018,11154, HTTP/1.1" 200 9940
192.168.10.56 - - [20/Apr/2018:09:31:48 -0300] "POST /cormun/servlet/hlogin?fab092935f85049d581d639027a790d7,gx-no-cache=1524227330039 HTTP/1.1" 200 90
192.168.10.56 - - [20/Apr/2018:09:31:48 -0300] "GET /cormun/servlet/hpexe_link HTTP/1.1" 200 953
192.168.10.56 - - [20/Apr/2018:09:31:49 -0300] "GET /cormun/servlet/hhome HTTP/1.1" 200 4501
192.168.10.56 - - [20/Apr/2018:09:31:49 -0300] "GET /cormun/servlet/hhome HTTP/1.1" 200 4497
192.168.10.56 - - [20/Apr/2018:09:31:53 -0300] "GET /cormun/servlet/trsolicitudgral? HTTP/1.1" 200 28574
192.168.10.56 - - [20/Apr/2018:09:31:54 -0300] "GET /cormun/servlet/trsolicitudgral? HTTP/1.1" 200 28572
192.168.10.56 - - [20/Apr/2018:09:31:55 -0300] "GET /cormun/static/menuarrow.gif HTTP/1.1" 404 1015
192.168.10.56 - - [20/Apr/2018:09:32:03 -0300] "POST /cormun/servlet/trsolicitudgral?fab092935f85049d581d639027a790d7,,gx-no-cache=1524227343799 HTTP/1.1" 200 24525
186.67.172.234 - - [20/Apr/2018:09:32:17 -0300] "GET /cormun/servlet/solicitudotadjuntos?INS,2018,11154,,2, HTTP/1.1" 200 6262
186.67.172.234 - - [20/Apr/2018:09:32:18 -0300] "GET /cormun/static/about:blank HTTP/1.1" 404 1011
186.67.172.234 - - [20/Apr/2018:09:32:18 -0300] "GET /cormun/servlet/solicitudotadjuntos?INS,2018,11154,,2, HTTP/1.1" 200 6256
186.67.172.234 - - [20/Apr/2018:09:32:18 -0300] "GET /cormun/servlet/solicitudotadjuntos?1caf60f3899a5cb553c6755b5133d26a93ac73b3ff667b6a8792fed26053d59a4edbbb272ba7c3a170705d1f63a93662,gx-no-cache=1524227482827 HTTP/1.1" 200 30
186.67.172.234 - - [20/Apr/2018:09:32:19 -0300] "POST /cormun/servlet/solicitudotadjuntos?477d6f9a206509dd9ac79a1016a5606a,INS,2018,11154,,2,,gx-no-cache=1524227482861 HTTP/1.1" 200 4162
192.168.10.56 - - [20/Apr/2018:09:32:21 -0300] "POST /cormun/servlet/trsolicitudgral?fab092935f85049d581d639027a790d7,,gx-no-cache=1524227362345 HTTP/1.1" 200 24126
192.168.10.56 - - [20/Apr/2018:09:32:21 -0300] "GET /cormun/static/Shared/jqueryui/images/ui-bg_highlight-soft_100_c6c2c8_1x100.png HTTP/1.1" 404 1117
192.168.10.56 - - [20/Apr/2018:09:32:21 -0300] "GET /cormun/static/Shared/jqueryui/images/ui-icons_82798d_256x240.png HTTP/1.1" 404 1089
192.168.10.56 - - [20/Apr/2018:09:32:22 -0300] "GET /cormun/static/Shared/jqueryui/images/ui-bg_flat_55_fafafa_40x100.png HTTP/1.1" 404 1097
192.168.10.56 - - [20/Apr/2018:09:32:22 -0300] "GET /cormun/static/Shared/jqueryui/images/ui-icons_8d78a5_256x240.png HTTP/1.1" 404 1089
186.103.161.206 - - [20/Apr/2018:09:32:23 -0300] "GET /cormun/servlet/hlogin HTTP/1.1" 200 1718
186.67.172.234 - - [20/Apr/2018:09:32:30 -0300] "POST /cormun/servlet/solicitudotadjuntos?gx-no-cache=1524227494322 HTTP/1.1" 200 26
186.67.172.234 - - [20/Apr/2018:09:32:37 -0300] "GET /cormun/servlet/solicitudotadjuntos?1caf60f3899a5cb553c6755b5133d26a37a7e798b4b65020c3f2428beb5139a3,gx-no-cache=1524227501202 HTTP/1.1" 200 30
186.67.172.234 - - [20/Apr/2018:09:32:37 -0300] "GET /cormun/servlet/solicitudotadjuntos?1caf60f3899a5cb553c6755b5133d26a37a7e798b4b65020c3f2428beb5139a3,gx-no-cache=1524227501217 HTTP/1.1" 200 30
192.168.10.56 - - [20/Apr/2018:09:32:41 -0300] "GET /cormun/servlet/hlogin HTTP/1.1" 200 1740
186.103.161.206 - - [20/Apr/2018:09:32:43 -0300] "POST /cormun/servlet/hlogin?5cf54ab0d0c0513901fa6d2b4d60a1aa,gx-no-cache=1524227506950 HTTP/1.1" 200 90
186.103.161.206 - - [20/Apr/2018:09:32:43 -0300] "GET /cormun/servlet/hpexe_link HTTP/1.1" 200 949
186.103.161.206 - - [20/Apr/2018:09:32:43 -0300] "GET /cormun/servlet/hhome HTTP/1.1" 200 4201
186.67.172.234 - - [20/Apr/2018:09:32:43 -0300] "POST /cormun/servlet/solicitudotadjuntos?477d6f9a206509dd9ac79a1016a5606a,INS,2018,11154,,2, HTTP/1.1" 200 116
186.67.172.234 - - [20/Apr/2018:09:32:43 -0300] "GET /cormun/servlet/hpexe_return? HTTP/1.1" 200 1027
186.103.161.206 - - [20/Apr/2018:09:32:44 -0300] "GET /cormun/servlet/hhome HTTP/1.1" 200 4197
186.67.172.234 - - [20/Apr/2018:09:32:45 -0300] "GET /cormun/servlet/trsolicitudadjuntos?2018,11154, HTTP/1.1" 200 10119
186.67.172.234 - - [20/Apr/2018:09:32:46 -0300] "GET /cormun/servlet/trsolicitudadjuntos?2018,11154, HTTP/1.1" 200 10115
186.103.161.206 - - [20/Apr/2018:09:32:48 -0300] "GET /cormun/servlet/trlicencias? HTTP/1.1" 200 10167
186.103.161.206 - - [20/Apr/2018:09:32:50 -0300] "GET /cormun/servlet/trlicencias? HTTP/1.1" 200 10164
186.67.203.186 - - [20/Apr/2018:09:35:05 -0300] "GET /cormun/servlet/hlogin HTTP/1.1" 200 1718
186.67.172.234 - - [20/Apr/2018:09:35:39 -0300] "GET /cormun/servlet/trsolicitudot? HTTP/1.1" 200 8909
186.67.172.234 - - [20/Apr/2018:09:35:39 -0300] "GET /cormun/servlet/trsolicitudot? HTTP/1.1" 200 8903
186.67.172.234 - - [20/Apr/2018:09:35:52 -0300] "POST /cormun/servlet/trsolicitudot?477d6f9a206509dd9ac79a1016a5606a,,gx-no-cache=1524227696606 HTTP/1.1" 200 4731
186.67.172.234 - - [20/Apr/2018:09:35:52 -0300] "GET /cormun/static/Shared/jqueryui/images/ui-bg_highlight-soft_100_c6c2c8_1x100.png HTTP/1.1" 404 1117
186.67.172.234 - - [20/Apr/2018:09:35:52 -0300] "GET /cormun/static/Shared/jqueryui/images/ui-icons_82798d_256x240.png HTTP/1.1" 404 1089
186.67.172.234 - - [20/Apr/2018:09:35:52 -0300] "GET /cormun/static/Shared/jqueryui/images/ui-bg_flat_55_fafafa_40x100.png HTTP/1.1" 404 1097
186.67.172.234 - - [20/Apr/2018:09:35:52 -0300] "GET /cormun/static/Shared/jqueryui/images/ui-icons_8d78a5_256x240.png HTTP/1.1" 404 1089
186.67.172.234 - - [20/Apr/2018:09:35:52 -0300] "POST /cormun/servlet/trsolicitudot?477d6f9a206509dd9ac79a1016a5606a,,gx-no-cache=1524227696835 HTTP/1.1" 200 4471
186.67.172.234 - - [20/Apr/2018:09:35:58 -0300] "GET /cormun/servlet/trautorizarsolicitud? HTTP/1.1" 200 8793
186.67.172.234 - - [20/Apr/2018:09:35:58 -0300] "GET /cormun/servlet/trautorizarsolicitud? HTTP/1.1" 200 8793
186.67.172.234 - - [20/Apr/2018:09:36:01 -0300] "POST /cormun/servlet/trautorizarsolicitud?477d6f9a206509dd9ac79a1016a5606a,,gx-no-cache=1524227705228 HTTP/1.1" 200 4649
186.67.172.234 - - [20/Apr/2018:09:36:01 -0300] "GET /cormun/static/Shared/jqueryui/images/ui-bg_highlight-soft_100_c6c2c8_1x100.png HTTP/1.1" 404 1117
186.67.172.234 - - [20/Apr/2018:09:36:01 -0300] "GET /cormun/static/Shared/jqueryui/images/ui-icons_82798d_256x240.png HTTP/1.1" 404 1089
186.67.172.234 - - [20/Apr/2018:09:36:01 -0300] "GET /cormun/static/Shared/jqueryui/images/ui-bg_flat_55_fafafa_40x100.png HTTP/1.1" 404 1097
186.67.172.234 - - [20/Apr/2018:09:36:01 -0300] "GET /cormun/static/Shared/jqueryui/images/ui-icons_8d78a5_256x240.png HTTP/1.1" 404 1089
186.67.172.234 - - [20/Apr/2018:09:36:01 -0300] "POST /cormun/servlet/trautorizarsolicitud?477d6f9a206509dd9ac79a1016a5606a,,gx-no-cache=1524227705452 HTTP/1.1" 200 4392
186.103.161.206 - - [20/Apr/2018:09:36:44 -0300] "GET /cormun/servlet/hlogin HTTP/1.1" 200 1718
200.72.197.82 - - [20/Apr/2018:09:37:51 -0300] "POST /cormun/servlet/hlogin?5cf54ab0d0c0513901fa6d2b4d60a1aa,gx-no-cache=1524227815483 HTTP/1.1" 200 90
200.72.197.82 - - [20/Apr/2018:09:37:51 -0300] "GET /cormun/servlet/hpexe_link HTTP/1.1" 200 954
200.72.197.82 - - [20/Apr/2018:09:37:51 -0300] "GET /cormun/servlet/trlicencias HTTP/1.1" 200 10161
200.72.197.82 - - [20/Apr/2018:09:37:53 -0300] "GET /cormun/servlet/trlicencias HTTP/1.1" 200 10164
200.72.197.82 - - [20/Apr/2018:09:38:00 -0300] "GET /cormun/servlet/trlicencias? HTTP/1.1" 200 10164
200.72.197.82 - - [20/Apr/2018:09:38:01 -0300] "GET /cormun/servlet/trlicencias? HTTP/1.1" 200 10159
186.103.156.24 - - [20/Apr/2018:09:38:07 -0300] "GET /cormun/servlet/hlogin HTTP/1.1" 200 1711
186.103.156.24 - - [20/Apr/2018:09:38:07 -0300] "GET /cormun/servlet/hlogin HTTP/1.1" 200 1721
186.103.156.24 - - [20/Apr/2018:09:38:27 -0300] "POST /cormun/servlet/hlogin?c320b81dbd812bc68e7527cf63333d02,gx-no-cache=1524227852403 HTTP/1.1" 200 90
186.103.156.24 - - [20/Apr/2018:09:38:27 -0300] "GET /cormun/servlet/hpexe_link HTTP/1.1" 200 944
186.103.156.24 - - [20/Apr/2018:09:38:27 -0300] "GET /cormun/servlet/hhome HTTP/1.1" 200 4222
186.103.156.24 - - [20/Apr/2018:09:38:28 -0300] "GET /cormun/servlet/hhome HTTP/1.1" 200 4218
186.103.156.24 - - [20/Apr/2018:09:38:31 -0300] "GET /cormun/servlet/trlicencias? HTTP/1.1" 200 10721
186.103.156.24 - - [20/Apr/2018:09:38:32 -0300] "GET /cormun/servlet/trlicencias? HTTP/1.1" 200 10719
186.103.161.206 - - [20/Apr/2018:09:38:37 -0300] "GET /cormun/servlet/licenciaspermisos?INS,0,,, HTTP/1.1" 200 7733
186.103.161.206 - - [20/Apr/2018:09:38:39 -0300] "GET /cormun/servlet/licenciaspermisos?INS,0,,, HTTP/1.1" 200 7741
164.52.6.186 - - [20/Apr/2018:09:38:42 -0300] ""u¬“¶ú m%éÛÌ9ý©(˜\gw‹)Á*¬‘lˆÀ0À,À(À$ÀÀ " 400 -
164.52.6.186 - - [20/Apr/2018:09:38:46 -0300] "GET / HTTP/1.1" 200 11217
186.67.203.186 - - [20/Apr/2018:09:39:22 -0300] "GET /cormun/servlet/licenciaspermisos?06f0c1cb3db8109c9a1c0d96b986f594c43f051279780565921c552cb6a59b0c95e1e36a6c330f39a625e909025d5095,gx-no-cache=1524227906040 HTTP/1.1" 200 112
186.67.203.186 - - [20/Apr/2018:09:39:22 -0300] "POST /cormun/servlet/licenciaspermisos?5cf54ab0d0c0513901fa6d2b4d60a1aa,INS,0,,,,gx-no-cache=1524227906416 HTTP/1.1" 200 4891
186.103.159.46 - - [20/Apr/2018:09:40:01 -0300] "GET /cormun/servlet/hlogin HTTP/1.1" 200 1724
186.103.159.46 - - [20/Apr/2018:09:40:17 -0300] "POST /cormun/servlet/hlogin?06b520a8155d8944212c8d85f4cdf566,gx-no-cache=1524227961950 HTTP/1.1" 200 90
186.103.159.46 - - [20/Apr/2018:09:40:18 -0300] "GET /cormun/servlet/hpexe_link HTTP/1.1" 200 948
186.103.159.46 - - [20/Apr/2018:09:40:18 -0300] "GET /cormun/servlet/hhome HTTP/1.1" 200 3969
186.103.159.46 - - [20/Apr/2018:09:40:21 -0300] "GET /cormun/servlet/hhome HTTP/1.1" 200 3965
186.103.159.187 - - [20/Apr/2018:09:40:31 -0300] "GET /cormun/servlet/hhome HTTP/1.1" 200 3400
186.103.159.187 - - [20/Apr/2018:09:40:32 -0300] "GET /cormun/servlet/hhome HTTP/1.1" 200 3410
186.103.159.187 - - [20/Apr/2018:09:40:32 -0300] "GET /cormun/servlet/hlogin HTTP/1.1" 200 1735
186.103.159.187 - - [20/Apr/2018:09:40:42 -0300] "POST /cormun/servlet/hlogin?137f7252726f96ea5580bdc0dbc61b58,gx-no-cache=1524231664705 HTTP/1.1" 200 90
186.103.159.187 - - [20/Apr/2018:09:40:42 -0300] "GET /cormun/servlet/hpexe_link HTTP/1.1" 200 955
186.103.159.187 - - [20/Apr/2018:09:40:42 -0300] "GET /cormun/servlet/hhome HTTP/1.1" 200 3935
186.103.159.187 - - [20/Apr/2018:09:40:43 -0300] "GET /cormun/servlet/hhome HTTP/1.1" 200 3932
186.103.159.187 - - [20/Apr/2018:09:40:46 -0300] "GET /cormun/servlet/trsolicitudot? HTTP/1.1" 200 7143
200.111.122.170 - - [20/Apr/2018:09:40:46 -0300] "GET /cormun/servlet/hlogin HTTP/1.1" 200 1713
200.111.122.170 - - [20/Apr/2018:09:40:46 -0300] "GET /cormun/static/gxtimezone.js?85251 HTTP/1.1" 304 -
186.103.132.155 - - [20/Apr/2018:09:40:46 -0300] "GET /cormun/static/gxcfg.js?20175251213516 HTTP/1.1" 304 -
186.103.132.155 - - [20/Apr/2018:09:40:46 -0300] "GET /cormun/static/messages.spa.js?85251 HTTP/1.1" 304 -
186.103.132.155 - - [20/Apr/2018:09:40:47 -0300] "GET /cormun/servlet/hlogin HTTP/1.1" 200 1723
186.103.159.187 - - [20/Apr/2018:09:40:47 -0300] "GET /cormun/servlet/trsolicitudot? HTTP/1.1" 200 7142
186.103.132.155 - - [20/Apr/2018:09:40:47 -0300] "GET /favicon.ico HTTP/1.1" 200 21630
186.103.159.187 - - [20/Apr/2018:09:40:49 -0300] "GET /cormun/servlet/solicitudot?INS,0,0, HTTP/1.1" 200 13384
186.103.159.187 - - [20/Apr/2018:09:40:50 -0300] "GET /cormun/servlet/solicitudot?INS,0,0, HTTP/1.1" 200 13389
186.103.159.46 - - [20/Apr/2018:09:41:00 -0300] "GET /cormun/servlet/trpermisosgoce? HTTP/1.1" 200 11662
186.103.159.46 - - [20/Apr/2018:09:41:04 -0300] "GET /cormun/servlet/trpermisosgoce? HTTP/1.1" 200 11658
186.103.159.187 - - [20/Apr/2018:09:41:06 -0300] "POST /cormun/servlet/solicitudot?gx-no-cache=1524231688483 HTTP/1.1" 200 3436
200.73.230.197 - - [20/Apr/2018:09:41:07 -0300] "GET /cormun/servlet/hlogin HTTP/1.1" 200 1715
186.103.159.187 - - [20/Apr/2018:09:41:07 -0300] "POST /cormun/servlet/solicitudot?137f7252726f96ea5580bdc0dbc61b58,INS,0,0,,gx-no-cache=1524231689096 HTTP/1.1" 200 10400
200.73.230.197 - - [20/Apr/2018:09:41:07 -0300] "GET /cormun/servlet/hlogin HTTP/1.1" 200 1725
186.103.159.46 - - [20/Apr/2018:09:41:10 -0300] "GET /cormun/servlet/permisogoce?INS,0,,, HTTP/1.1" 200 6803
186.103.159.187 - - [20/Apr/2018:09:41:11 -0300] "GET /cormun/servlet/solicitudot?5dda0dc06b7ec150c9d14448d556dfe90631ed50c219f6db76fe737a091b1feffae2cf1be96a532eebde6cb7ee8499ee,gx-no-cache=1524231693693 HTTP/1.1" 200 30
186.103.159.187 - - [20/Apr/2018:09:41:11 -0300] "GET /cormun/servlet/solicitudot?5dda0dc06b7ec150c9d14448d556dfe92e51d0f463188efcf4efde8ddb37546868d30f8f65b7fb3ef8b6831f79a308f68e7676a9f5a54e442b7f8654350e088c,gx-no-cache=1524231693762 HTTP/1.1" 200 30
186.103.159.187 - - [20/Apr/2018:09:41:11 -0300] "GET /cormun/servlet/solicitudot?5dda0dc06b7ec150c9d14448d556dfe96b0c197d440e37687da14656bfa6e18c,gx-no-cache=1524231693817 HTTP/1.1" 200 53
186.103.159.187 - - [20/Apr/2018:09:41:11 -0300] "POST /cormun/servlet/solicitudot?gx-no-cache=1524231693886 HTTP/1.1" 200 256
186.103.159.46 - - [20/Apr/2018:09:41:11 -0300] "GET /cormun/servlet/permisogoce?INS,0,,, HTTP/1.1" 200 6803
186.103.159.187 - - [20/Apr/2018:09:41:11 -0300] "GET /cormun/servlet/solicitudot?5dda0dc06b7ec150c9d14448d556dfe9df3a15085f7e50f49e0afb2f7aab60218da1ce89d67ed3740eeca2795f45b91cb53560b1c2cb4201a1f293132bb6c1577f23330630f4ca764979323c2b9dc58dd26dfce0103c6bd650dc05785eb3e37f5b079e004c2ebb3a2dfc8991f211ca1cfb3168c79345043937bf74ba03e41ef4fcea078e5bd7f3de0dad4f35b7a9399007c32482d413a14b1bcd0cf17946c3a3f844a0e1082605220053cc166882f09e2a1df54d25d66c8caeef6ac629077c27bd190165efcc5a9b96b571e9005d58c5bd170d5476db71084b44ee343fd00b04c9755c3ba89006f8ae995f82610c6f65326d8437f71e5c2800192124aedd26b1bf9d7f23d2b184158c107ffe4bf11a01a829a049d832d06ae0795fc3dfb47296617c0f80078eeeb3479394989464009aaeaaaf1bb4f07d8b8a6e3505b17f525ded4dd3c32bcec0fb1a48ab587b7780bb0d05e37b804ef4b14888aaa586f47830cfa6f7e2678a39829778bb200e4a2a63a80f9a0f2f766ce4f8d94d540406804e,gx-no-cache=1524231693964 HTTP/1.1" 200 30
186.103.159.187 - - [20/Apr/2018:09:41:15 -0300] "POST /cormun/servlet/solicitudot?gx-no-cache=1524231697418 HTTP/1.1" 200 30
186.103.159.187 - - [20/Apr/2018:09:41:17 -0300] "GET /cormun/servlet/prcontratosol?17522124,,,,,MD,,gxPopupLevel%3D0%3B HTTP/1.1" 200 7932
186.103.156.24 - - [20/Apr/2018:09:41:18 -0300] "GET /cormun/servlet/trcontratounov2? HTTP/1.1" 200 17304
186.103.156.24 - - [20/Apr/2018:09:41:18 -0300] "GET /cormun/static/gxcfg.js?201752512124396 HTTP/1.1" 200 953
186.103.156.24 - - [20/Apr/2018:09:41:18 -0300] "GET /cormun/static/Resources/PXToolsAddSelectedAction.png HTTP/1.1" 200 3660
186.103.156.24 - - [20/Apr/2018:09:41:18 -0300] "GET /cormun/static/trcontratounov2.js?201752512125146 HTTP/1.1" 200 38486
186.103.156.24 - - [20/Apr/2018:09:41:19 -0300] "GET /cormun/servlet/trcontratounov2? HTTP/1.1" 200 17343
186.103.159.46 - - [20/Apr/2018:09:41:33 -0300] "GET /cormun/servlet/permisogoce?851ce0297a5fca515376e73cc708d47225a3648c8ee7d770c1c8534f23656ba26cb2c6840f7c66e4a5ebe7d618fcb321,gx-no-cache=1524228037546 HTTP/1.1" 200 226
186.103.159.46 - - [20/Apr/2018:09:41:33 -0300] "GET /cormun/static/Shared/jqueryui/images/ui-bg_highlight-soft_100_c6c2c8_1x100.png HTTP/1.1" 404 1117
186.103.159.46 - - [20/Apr/2018:09:41:33 -0300] "GET /cormun/static/Shared/jqueryui/images/ui-icons_82798d_256x240.png HTTP/1.1" 404 1089
186.103.159.46 - - [20/Apr/2018:09:41:33 -0300] "GET /cormun/static/Shared/jqueryui/images/ui-bg_flat_55_994d53_40x100.png HTTP/1.1" 404 1097
186.103.159.46 - - [20/Apr/2018:09:41:33 -0300] "GET /cormun/static/Shared/jqueryui/images/ui-icons_ebccce_256x240.png HTTP/1.1" 404 1089
186.103.159.187 - - [20/Apr/2018:09:41:34 -0300] "POST /cormun/servlet/solicitudot?gx-no-cache=1524231716432 HTTP/1.1" 200 1368
186.103.159.187 - - [20/Apr/2018:09:41:34 -0300] "POST /cormun/servlet/solicitudot?gx-no-cache=1524231716516 HTTP/1.1" 200 38
186.103.159.187 - - [20/Apr/2018:09:41:34 -0300] "GET /cormun/servlet/solicitudot?5dda0dc06b7ec150c9d14448d556dfe9ebc9beda5b8d62c956d5115f7753fd5518705f52f98b9b01cd4074be86d552a51ef66a219ae260ec14259a8a2ce7bab7dcdc28cc26d1c744c35eb147023efb68455b0169d7b8c3606a073875bf6704183284c6c4a171279409654b82cfaab918,gx-no-cache=1524231716559 HTTP/1.1" 200 29
186.103.159.187 - - [20/Apr/2018:09:41:34 -0300] "POST /cormun/servlet/solicitudot?gx-no-cache=1524231716600 HTTP/1.1" 200 1351
186.103.159.187 - - [20/Apr/2018:09:41:34 -0300] "POST /cormun/servlet/solicitudot?gx-no-cache=1524231716659 HTTP/1.1" 200 1249
186.103.159.187 - - [20/Apr/2018:09:41:34 -0300] "GET /cormun/servlet/solicitudot?5dda0dc06b7ec150c9d14448d556dfe9aee58a96c2c974ce3f192a3c0e95c580f0c341a2e88cb55677fa0813b81339cc,gx-no-cache=1524231716726 HTTP/1.1" 200 134
186.103.159.187 - - [20/Apr/2018:09:41:34 -0300] "GET /cormun/static/Shared/jqueryui/images/ui-bg_highlight-soft_100_c6c2c8_1x100.png HTTP/1.1" 404 1117
186.103.159.187 - - [20/Apr/2018:09:41:34 -0300] "GET /cormun/static/Shared/jqueryui/images/ui-icons_82798d_256x240.png HTTP/1.1" 404 1089
186.103.159.187 - - [20/Apr/2018:09:41:34 -0300] "GET /cormun/static/Shared/jqueryui/images/ui-icons_ebccce_256x240.png HTTP/1.1" 404 1089
186.103.159.187 - - [20/Apr/2018:09:41:34 -0300] "GET /cormun/static/Shared/jqueryui/images/ui-bg_flat_55_994d53_40x100.png HTTP/1.1" 404 1097
186.103.159.187 - - [20/Apr/2018:09:41:49 -0300] "POST /cormun/servlet/solicitudot?gx-no-cache=1524231731273 HTTP/1.1" 200 1350
186.103.159.187 - - [20/Apr/2018:09:41:49 -0300] "POST /cormun/servlet/solicitudot?gx-no-cache=1524231731411 HTTP/1.1" 200 1249
186.103.159.187 - - [20/Apr/2018:09:41:49 -0300] "GET /cormun/static/menuarrow.gif HTTP/1.1" 404 1015
186.103.159.187 - - [20/Apr/2018:09:41:52 -0300] "POST /cormun/servlet/solicitudot?gx-no-cache=1524231735200 HTTP/1.1" 200 1350
186.103.159.187 - - [20/Apr/2018:09:41:52 -0300] "POST /cormun/servlet/solicitudot?gx-no-cache=1524231735259 HTTP/1.1" 200 1249
186.103.161.206 - - [20/Apr/2018:09:41:57 -0300] "GET /cormun/static/menuarrow.gif HTTP/1.1" 404 1015
186.103.159.187 - - [20/Apr/2018:09:41:58 -0300] "GET /cormun/servlet/solicitudot?5dda0dc06b7ec150c9d14448d556dfe9f37300af2ef8cd6414115c3b6a2cd451a7267718ca04dbdf408096409c7fc43e,gx-no-cache=1524231740446 HTTP/1.1" 200 30
186.103.159.187 - - [20/Apr/2018:09:41:58 -0300] "POST /cormun/servlet/solicitudot?gx-no-cache=1524231740488 HTTP/1.1" 200 33
186.103.159.46 - - [20/Apr/2018:09:42:01 -0300] "GET /cormun/servlet/permisogoce?851ce0297a5fca515376e73cc708d472918d94b707f163da1f4ec2eaf6ad5d676cb2c6840f7c66e4a5ebe7d618fcb321,gx-no-cache=1524228065622 HTTP/1.1" 200 76
200.73.230.197 - - [20/Apr/2018:09:42:05 -0300] "POST /cormun/servlet/hlogin?5e6f7964cb3f4784790d18466286cd07,gx-no-cache=1524228069186 HTTP/1.1" 200 90
200.73.230.197 - - [20/Apr/2018:09:42:05 -0300] "GET /cormun/servlet/hpexe_link HTTP/1.1" 200 948
200.73.230.197 - - [20/Apr/2018:09:42:05 -0300] "GET /cormun/servlet/hhome HTTP/1.1" 200 3922
186.103.159.187 - - [20/Apr/2018:09:42:05 -0300] "POST /cormun/servlet/solicitudot?137f7252726f96ea5580bdc0dbc61b58,INS,0,0,,gx-no-cache=1524231747633 HTTP/1.1" 200 93
186.103.159.187 - - [20/Apr/2018:09:42:05 -0300] "GET /cormun/servlet/hpexe_return? HTTP/1.1" 200 1011
186.103.159.187 - - [20/Apr/2018:09:42:06 -0300] "GET /cormun/servlet/trsolicitudot HTTP/1.1" 200 8528
200.73.230.197 - - [20/Apr/2018:09:42:07 -0300] "GET /cormun/servlet/hhome HTTP/1.1" 200 3919
186.103.159.187 - - [20/Apr/2018:09:42:07 -0300] "GET /cormun/servlet/trsolicitudot HTTP/1.1" 200 8524
200.73.230.197 - - [20/Apr/2018:09:42:12 -0300] "GET /cormun/servlet/trpermisosgoce? HTTP/1.1" 200 10549
200.73.230.197 - - [20/Apr/2018:09:42:13 -0300] "GET /cormun/servlet/trpermisosgoce? HTTP/1.1" 200 10558
186.103.159.187 - - [20/Apr/2018:09:42:14 -0300] "POST /cormun/servlet/trsolicitudot?137f7252726f96ea5580bdc0dbc61b58,gx-no-cache=1524231756272 HTTP/1.1" 200 4491
186.103.159.187 - - [20/Apr/2018:09:42:14 -0300] "GET /cormun/static/Shared/jqueryui/images/ui-bg_highlight-soft_100_c6c2c8_1x100.png HTTP/1.1" 404 1117
186.103.159.187 - - [20/Apr/2018:09:42:14 -0300] "GET /cormun/static/Shared/jqueryui/images/ui-icons_8d78a5_256x240.png HTTP/1.1" 404 1089
186.103.159.187 - - [20/Apr/2018:09:42:14 -0300] "GET /cormun/static/Shared/jqueryui/images/ui-icons_82798d_256x240.png HTTP/1.1" 404 1089
186.103.159.187 - - [20/Apr/2018:09:42:14 -0300] "GET /cormun/static/Shared/jqueryui/images/ui-bg_flat_55_fafafa_40x100.png HTTP/1.1" 404 1097
186.103.159.187 - - [20/Apr/2018:09:42:14 -0300] "POST /cormun/servlet/trsolicitudot?137f7252726f96ea5580bdc0dbc61b58,gx-no-cache=1524231756541 HTTP/1.1" 200 4261
186.103.159.187 - - [20/Apr/2018:09:42:17 -0300] "GET /cormun/servlet/trsolicitudot? HTTP/1.1" 200 7142
186.103.159.187 - - [20/Apr/2018:09:42:18 -0300] "GET /cormun/servlet/trsolicitudot? HTTP/1.1" 200 7142
200.73.230.197 - - [20/Apr/2018:09:42:18 -0300] "GET /cormun/servlet/trlicencias? HTTP/1.1" 200 9076
186.103.159.46 - - [20/Apr/2018:09:42:19 -0300] "GET /cormun/static/menuarrow.gif HTTP/1.1" 404 1015
200.73.230.197 - - [20/Apr/2018:09:42:19 -0300] "GET /cormun/servlet/trlicencias? HTTP/1.1" 200 9075
186.103.159.187 - - [20/Apr/2018:09:42:21 -0300] "GET /cormun/servlet/solicitudot?INS,0,0, HTTP/1.1" 200 13384
186.103.159.187 - - [20/Apr/2018:09:42:22 -0300] "GET /cormun/servlet/solicitudot?INS,0,0, HTTP/1.1" 200 13389
186.103.159.46 - - [20/Apr/2018:09:42:34 -0300] "GET /cormun/servlet/permisogoce?851ce0297a5fca515376e73cc708d472eb12d334a2cdbee18f826d4359adcdadc8419f3c5088717deb755b885e21883d9f78c5222992c3022a76e4f9582fbea9,gx-no-cache=1524228098199 HTTP/1.1" 200 47
200.73.230.197 - - [20/Apr/2018:09:42:35 -0300] "GET /cormun/servlet/hlogin HTTP/1.1" 200 1715
186.103.159.187 - - [20/Apr/2018:09:42:38 -0300] "POST /cormun/servlet/solicitudot?gx-no-cache=1524231780462 HTTP/1.1" 200 3419
186.103.159.187 - - [20/Apr/2018:09:42:38 -0300] "POST /cormun/servlet/solicitudot?137f7252726f96ea5580bdc0dbc61b58,INS,0,0,,gx-no-cache=1524231780663 HTTP/1.1" 200 10409
186.103.159.187 - - [20/Apr/2018:09:42:42 -0300] "GET /cormun/servlet/solicitudot?5dda0dc06b7ec150c9d14448d556dfe94d31bcfbb7ec26d33bc20591c7be22c0fae2cf1be96a532eebde6cb7ee8499ee,gx-no-cache=1524231784561 HTTP/1.1" 200 30
186.103.159.187 - - [20/Apr/2018:09:42:42 -0300] "GET /cormun/servlet/solicitudot?5dda0dc06b7ec150c9d14448d556dfe9086dc1d968e1fbf96799733f5ad1b5da0bd622f98d7dc0db8667016c1d9c5ddb8e7676a9f5a54e442b7f8654350e088c,gx-no-cache=1524231784616 HTTP/1.1" 200 30
186.103.159.187 - - [20/Apr/2018:09:42:42 -0300] "GET /cormun/servlet/solicitudot?5dda0dc06b7ec150c9d14448d556dfe97a8a8ba24e28f7ed9ebb89e5ca9a60dc,gx-no-cache=1524231784650 HTTP/1.1" 200 61
186.103.159.187 - - [20/Apr/2018:09:42:42 -0300] "POST /cormun/servlet/solicitudot?gx-no-cache=1524231784706 HTTP/1.1" 200 297
186.103.159.187 - - [20/Apr/2018:09:42:42 -0300] "GET /cormun/servlet/solicitudot?5dda0dc06b7ec150c9d14448d556dfe9df3a15085f7e50f49e0afb2f7aab60219b21c42a94074584f6da95b34d52fa72b53560b1c2cb4201a1f293132bb6c1577f23330630f4ca764979323c2b9dc58dd26dfce0103c6bd650dc05785eb3e37f5b079e004c2ebb3a2dfc8991f211ca1cfb3168c79345043937bf74ba03e41ef4fcea078e5bd7f3de0dad4f35b7a9399007c32482d413a14b1bcd0cf17946c3a3f844a0e1082605220053cc166882f09e2a1df54d25d66c8caeef6ac629077c27bd190165efcc5a9b96b571e9005d58c5bd170d5476db71084b44ee343fd00b04c9755c3ba89006f8ae995f82610c6f65326d8437f71e5c2800192124aedd26b1bf9d7f23d2b184158c107ffe4bf11a01a829a049d832d06ae0795fc3dfb47296617c0f80078eeeb3479394989464009aaeaaaf1bb4f07d8b8a6e3505b17f525db195ed37058c90e6e8d8809516b69ce19a67b1447c7a071aaa6426522cf9f702240f22f1b266ee8f86d35cf19ad92d61caccdec57f40e7a52f879e3c479602c6faa9851b9b7b43f68dab9c3a372d768a,gx-no-cache=1524231784755 HTTP/1.1" 200 30
186.103.159.187 - - [20/Apr/2018:09:42:42 -0300] "POST /cormun/servlet/solicitudot?gx-no-cache=1524231785091 HTTP/1.1" 200 30
186.103.159.187 - - [20/Apr/2018:09:42:42 -0300] "POST /cormun/servlet/solicitudot?gx-no-cache=1524231785138 HTTP/1.1" 200 1368
186.103.159.187 - - [20/Apr/2018:09:42:42 -0300] "POST /cormun/servlet/solicitudot?gx-no-cache=1524231785211 HTTP/1.1" 200 38
200.73.230.197 - - [20/Apr/2018:09:42:44 -0300] "POST /cormun/servlet/hlogin?5e6f7964cb3f4784790d18466286cd07,gx-no-cache=1524228108592 HTTP/1.1" 200 90
200.73.230.197 - - [20/Apr/2018:09:42:44 -0300] "GET /cormun/servlet/hpexe_link HTTP/1.1" 200 948
200.73.230.197 - - [20/Apr/2018:09:42:44 -0300] "GET /cormun/servlet/hhome HTTP/1.1" 200 4115
200.73.230.197 - - [20/Apr/2018:09:42:46 -0300] "GET /cormun/servlet/hhome HTTP/1.1" 200 4111
186.103.159.187 - - [20/Apr/2018:09:42:54 -0300] "GET /cormun/servlet/solicitudot?5dda0dc06b7ec150c9d14448d556dfe9ebc9beda5b8d62c956d5115f7753fd5518705f52f98b9b01cd4074be86d552a51ef66a219ae260ec14259a8a2ce7bab7dcdc28cc26d1c744c35eb147023efb68455b0169d7b8c3606a073875bf6704183284c6c4a171279409654b82cfaab918,gx-no-cache=1524231797113 HTTP/1.1" 200 29
186.103.159.187 - - [20/Apr/2018:09:42:54 -0300] "POST /cormun/servlet/solicitudot?gx-no-cache=1524231797197 HTTP/1.1" 200 1349
186.103.159.187 - - [20/Apr/2018:09:42:55 -0300] "POST /cormun/servlet/solicitudot?gx-no-cache=1524231797278 HTTP/1.1" 200 1249
186.103.159.187 - - [20/Apr/2018:09:42:55 -0300] "GET /cormun/static/menuarrow.gif HTTP/1.1" 404 1015
200.73.230.197 - - [20/Apr/2018:09:42:55 -0300] "GET /cormun/servlet/trpermisosgoce? HTTP/1.1" 200 10766
186.103.159.187 - - [20/Apr/2018:09:42:56 -0300] "POST /cormun/servlet/solicitudot?gx-no-cache=1524231798710 HTTP/1.1" 200 1349
186.103.159.187 - - [20/Apr/2018:09:42:56 -0300] "POST /cormun/servlet/solicitudot?gx-no-cache=1524231798773 HTTP/1.1" 200 1249
200.73.230.197 - - [20/Apr/2018:09:42:57 -0300] "GET /cormun/servlet/trpermisosgoce? HTTP/1.1" 200 10757
186.103.159.187 - - [20/Apr/2018:09:42:57 -0300] "GET /cormun/servlet/solicitudot?5dda0dc06b7ec150c9d14448d556dfe9f37300af2ef8cd6414115c3b6a2cd451a7267718ca04dbdf408096409c7fc43e,gx-no-cache=1524231800032 HTTP/1.1" 200 30
186.103.159.46 - - [20/Apr/2018:09:42:57 -0300] "POST /cormun/servlet/permisogoce?06b520a8155d8944212c8d85f4cdf566,INS,0,,,,gx-no-cache=1524228121504 HTTP/1.1" 200 93
186.103.159.46 - - [20/Apr/2018:09:42:57 -0300] "GET /cormun/servlet/hpexe_return? HTTP/1.1" 200 1008
186.103.159.46 - - [20/Apr/2018:09:42:58 -0300] "GET /cormun/servlet/trpermisosgoce HTTP/1.1" 200 11948
186.103.159.46 - - [20/Apr/2018:09:43:00 -0300] "GET /cormun/servlet/trpermisosgoce HTTP/1.1" 200 11944
186.103.159.187 - - [20/Apr/2018:09:43:06 -0300] "POST /cormun/servlet/solicitudot?gx-no-cache=1524231809142 HTTP/1.1" 200 30
186.103.161.206 - - [20/Apr/2018:09:43:09 -0300] "POST /cormun/servlet/hlogin?01192742a8e70643eec1f7c2536fdcd5,gx-no-cache=1524228133380 HTTP/1.1" 200 90
186.103.161.206 - - [20/Apr/2018:09:43:09 -0300] "GET /cormun/servlet/hpexe_link HTTP/1.1" 200 944
186.103.161.206 - - [20/Apr/2018:09:43:09 -0300] "GET /cormun/static/gxcfg.js?20177612121792 HTTP/1.1" 304 -
186.103.161.206 - - [20/Apr/2018:09:43:09 -0300] "GET /cormun/servlet/hhome HTTP/1.1" 200 4209
186.103.161.206 - - [20/Apr/2018:09:43:10 -0300] "GET /cormun/static/gxcfg.js?20175251212442 HTTP/1.1" 304 -
186.103.161.206 - - [20/Apr/2018:09:43:10 -0300] "GET /cormun/servlet/hhome HTTP/1.1" 200 4205
186.103.159.46 - - [20/Apr/2018:09:43:12 -0300] "GET /cormun/servlet/permisogoce?INS,0,,, HTTP/1.1" 200 6803
186.103.159.187 - - [20/Apr/2018:09:43:13 -0300] "POST /cormun/servlet/solicitudot?137f7252726f96ea5580bdc0dbc61b58,INS,0,0,,gx-no-cache=1524231815460 HTTP/1.1" 200 93
186.103.159.187 - - [20/Apr/2018:09:43:13 -0300] "GET /cormun/servlet/hpexe_return? HTTP/1.1" 200 1011
186.103.159.187 - - [20/Apr/2018:09:43:13 -0300] "GET /cormun/servlet/trsolicitudot HTTP/1.1" 200 8526
186.103.159.46 - - [20/Apr/2018:09:43:14 -0300] "GET /cormun/servlet/permisogoce?INS,0,,, HTTP/1.1" 200 6802
186.103.159.187 - - [20/Apr/2018:09:43:15 -0300] "GET /cormun/servlet/trsolicitudot HTTP/1.1" 200 8521
186.103.161.206 - - [20/Apr/2018:09:43:15 -0300] "GET /cormun/servlet/trsolicitudot? HTTP/1.1" 200 7426
200.72.197.82 - - [20/Apr/2018:09:43:16 -0300] "GET /cormun/static/gxui/gxui-all.css?120300 HTTP/1.1" 200 2179
200.72.197.82 - - [20/Apr/2018:09:43:16 -0300] "GET /cormun/static/calendar-system.css?85620 HTTP/1.1" 200 5572
186.103.132.155 - - [20/Apr/2018:09:43:16 -0300] "GET /cormun/static/gxcfg.js?2017111422585916 HTTP/1.1" 200 953
186.103.161.206 - - [20/Apr/2018:09:43:16 -0300] "GET /cormun/static/calendar.js?85251 HTTP/1.1" 304 -
200.72.197.82 - - [20/Apr/2018:09:43:16 -0300] "GET /cormun/static/calendar-setup.js?85251 HTTP/1.1" 304 -
200.72.197.82 - - [20/Apr/2018:09:43:16 -0300] "GET /cormun/static/calendar-es.js?85251 HTTP/1.1" 304 -
186.67.203.186 - - [20/Apr/2018:09:43:16 -0300] "GET /cormun/static/Resources/Spanish/PXTools.css?1255365 HTTP/1.1" 200 89042
186.67.203.186 - - [20/Apr/2018:09:43:16 -0300] "GET /cormun/static/gxdec.js?85251 HTTP/1.1" 304 -
186.103.161.206 - - [20/Apr/2018:09:43:16 -0300] "GET /cormun/static/Shared/ext/resources/css/ext-all.css?215870 HTTP/1.1" 200 416045
186.67.203.186 - - [20/Apr/2018:09:43:17 -0300] "GET /cormun/servlet/trsolicitudot? HTTP/1.1" 200 7425
186.103.159.187 - - [20/Apr/2018:09:43:19 -0300] "POST /cormun/servlet/trsolicitudot?137f7252726f96ea5580bdc0dbc61b58,gx-no-cache=1524231822104 HTTP/1.1" 200 5857
186.103.159.187 - - [20/Apr/2018:09:43:20 -0300] "GET /cormun/static/Shared/jqueryui/images/ui-bg_highlight-soft_100_c6c2c8_1x100.png HTTP/1.1" 404 1117
186.103.159.187 - - [20/Apr/2018:09:43:20 -0300] "GET /cormun/static/Shared/jqueryui/images/ui-icons_82798d_256x240.png HTTP/1.1" 404 1089
186.103.159.187 - - [20/Apr/2018:09:43:20 -0300] "GET /cormun/static/Shared/jqueryui/images/ui-bg_flat_55_fafafa_40x100.png HTTP/1.1" 404 1097
186.103.159.187 - - [20/Apr/2018:09:43:20 -0300] "GET /cormun/static/Shared/jqueryui/images/ui-icons_8d78a5_256x240.png HTTP/1.1" 404 1089
186.67.203.186 - - [20/Apr/2018:09:43:20 -0300] "GET /cormun/servlet/solicitudot?INS,0,0, HTTP/1.1" 200 13649
186.67.203.186 - - [20/Apr/2018:09:43:20 -0300] "GET /cormun/static/gxcfg.js?201812313224582 HTTP/1.1" 200 953
190.151.100.218 - - [20/Apr/2018:09:43:20 -0300] "GET /cormun/static/solicitudot.js?201812313224831 HTTP/1.1" 200 72336
190.151.100.218 - - [20/Apr/2018:09:43:21 -0300] "GET /cormun/servlet/solicitudot?INS,0,0, HTTP/1.1" 200 13654
186.103.161.206 - - [20/Apr/2018:09:43:30 -0300] "POST /cormun/servlet/solicitudot?gx-no-cache=1524228153701 HTTP/1.1" 200 3284
186.103.161.206 - - [20/Apr/2018:09:43:30 -0300] "POST /cormun/servlet/solicitudot?01192742a8e70643eec1f7c2536fdcd5,INS,0,0,,gx-no-cache=1524228153992 HTTP/1.1" 200 10433
200.111.122.170 - - [20/Apr/2018:09:43:40 -0300] "GET /cormun/servlet/solicitudot?fcb67217da29c6d696f3de00444db9c77a617080b2ee6ad02a3b490401a084be7bb84599ae87590e52eebc55f3e86d68,gx-no-cache=1524228164614 HTTP/1.1" 200 30
186.103.159.46 - - [20/Apr/2018:09:43:46 -0300] "GET /cormun/servlet/permisogoce?851ce0297a5fca515376e73cc708d4721187d7f1b7ec075ae52905d269d68ee26cb2c6840f7c66e4a5ebe7d618fcb321,gx-no-cache=1524228170444 HTTP/1.1" 200 81
186.103.159.187 - - [20/Apr/2018:09:43:49 -0300] "POST /cormun/servlet/trsolicitudot?137f7252726f96ea5580bdc0dbc61b58,gx-no-cache=1524231851145 HTTP/1.1" 200 106
186.103.159.187 - - [20/Apr/2018:09:43:49 -0300] "GET /cormun/servlet/solicitudot?UPD,2018,11156, HTTP/1.1" 200 15237
186.103.159.187 - - [20/Apr/2018:09:43:50 -0300] "GET /cormun/servlet/solicitudot?UPD,2018,11156, HTTP/1.1" 200 15246
186.103.159.187 - - [20/Apr/2018:09:43:51 -0300] "POST /cormun/servlet/solicitudot?gx-no-cache=1524231853313 HTTP/1.1" 200 3436
186.103.159.187 - - [20/Apr/2018:09:43:51 -0300] "POST /cormun/servlet/solicitudot?137f7252726f96ea5580bdc0dbc61b58,UPD,2018,11156,,gx-no-cache=1524231853525 HTTP/1.1" 200 11604
186.103.159.187 - - [20/Apr/2018:09:43:51 -0300] "GET /cormun/servlet/solicitudot?5dda0dc06b7ec150c9d14448d556dfe94d31bcfbb7ec26d33bc20591c7be22c0fb26cde1635ee673e0695c9e28aed033,gx-no-cache=1524231853795 HTTP/1.1" 200 30
186.103.159.187 - - [20/Apr/2018:09:43:51 -0300] "GET /cormun/servlet/solicitudot?5dda0dc06b7ec150c9d14448d556dfe9086dc1d968e1fbf96799733f5ad1b5da0bd622f98d7dc0db8667016c1d9c5ddbdfad9dd6c0fac24f5048f479d0fc704e,gx-no-cache=1524231853848 HTTP/1.1" 200 30
186.103.159.187 - - [20/Apr/2018:09:43:51 -0300] "GET /cormun/servlet/solicitudot?5dda0dc06b7ec150c9d14448d556dfe982d1ba028fd31f7ec44c0f3a903af5844a55c9414f77c555183e43fb046af3789be0baecf6a0a0e2384653c84554689e37bc8548bee47c046aa69d659c2a276b,gx-no-cache=1524231853882 HTTP/1.1" 200 61
186.103.159.187 - - [20/Apr/2018:09:43:51 -0300] "POST /cormun/servlet/solicitudot?gx-no-cache=1524231853924 HTTP/1.1" 200 297
186.103.159.187 - - [20/Apr/2018:09:43:51 -0300] "GET /cormun/servlet/solicitudot?5dda0dc06b7ec150c9d14448d556dfe9df3a15085f7e50f49e0afb2f7aab60219b21c42a94074584f6da95b34d52fa72b53560b1c2cb4201a1f293132bb6c1577f23330630f4ca764979323c2b9dc58dd26dfce0103c6bd650dc05785eb3e37f5b079e004c2ebb3a2dfc8991f211ca1cfb3168c79345043937bf74ba03e41ef4fcea078e5bd7f3de0dad4f35b7a9399007c32482d413a14b1bcd0cf17946c3a3f844a0e1082605220053cc166882f09e2a1df54d25d66c8caeef6ac629077c27bd190165efcc5a9b96b571e9005d58c5bd170d5476db71084b44ee343fd00b04c9755c3ba89006f8ae995f82610c6f65326d8437f71e5c2800192124aedd26b1bf9d7f23d2b184158c107ffe4bf11a01a829a049d832d06ae0795fc3dfb47296617c0f80078eeeb3479394989464009aaeaaaf1bb4f07d8b8a6e3505b17f525db195ed37058c90e6e8d8809516b69ce19a67b1447c7a071aaa6426522cf9f702240f22f1b266ee8f86d35cf19ad92d61fe88ee7d475bc7e7d12f88031a6ed7f6faa9851b9b7b43f68dab9c3a372d768a,gx-no-cache=1524231853972 HTTP/1.1" 200 30
186.103.159.187 - - [20/Apr/2018:09:43:52 -0300] "POST /cormun/servlet/solicitudot?gx-no-cache=1524231854308 HTTP/1.1" 200 30
186.103.159.187 - - [20/Apr/2018:09:43:52 -0300] "POST /cormun/servlet/solicitudot?gx-no-cache=1524231854356 HTTP/1.1" 200 1367
186.103.159.187 - - [20/Apr/2018:09:43:52 -0300] "POST /cormun/servlet/solicitudot?gx-no-cache=1524231854440 HTTP/1.1" 200 41
186.103.159.187 - - [20/Apr/2018:09:43:56 -0300] "POST /cormun/servlet/solicitudot?gx-no-cache=1524231858694 HTTP/1.1" 200 30
186.103.159.187 - - [20/Apr/2018:09:44:02 -0300] "GET /cormun/servlet/prcontratosol?17235254,,,,,MD,,gxPopupLevel%3D0%3B HTTP/1.1" 200 7797
186.103.159.187 - - [20/Apr/2018:09:44:08 -0300] "POST /cormun/servlet/solicitudot?gx-no-cache=1524231871215 HTTP/1.1" 200 1367
186.103.159.187 - - [20/Apr/2018:09:44:09 -0300] "POST /cormun/servlet/solicitudot?gx-no-cache=1524231871311 HTTP/1.1" 200 41
186.103.159.187 - - [20/Apr/2018:09:44:09 -0300] "GET /cormun/servlet/solicitudot?5dda0dc06b7ec150c9d14448d556dfe979add62ac3829cbafb16fb7622feddbaeb481fe3df855bd15d1f79becf3ebca23ac175d1a60bfa88379800ee4fd643090eaa962dd2d3f9620201d2e447055ad482f75b670b54fc200f6d53031fcd404f4969d547302cd0ea8de22e9b88c27be1,gx-no-cache=1524231871379 HTTP/1.1" 200 29
186.103.159.187 - - [20/Apr/2018:09:44:09 -0300] "POST /cormun/servlet/solicitudot?gx-no-cache=1524231871446 HTTP/1.1" 200 1349
186.103.159.187 - - [20/Apr/2018:09:44:09 -0300] "POST /cormun/servlet/solicitudot?gx-no-cache=1524231871527 HTTP/1.1" 200 1249
186.103.159.187 - - [20/Apr/2018:09:44:09 -0300] "GET /cormun/servlet/solicitudot?5dda0dc06b7ec150c9d14448d556dfe9aee58a96c2c974ce3f192a3c0e95c580d102f3f45c654cd2dacc66a8bd3a230c,gx-no-cache=1524231871583 HTTP/1.1" 200 134
186.103.159.187 - - [20/Apr/2018:09:44:09 -0300] "GET /cormun/static/Shared/jqueryui/images/ui-bg_highlight-soft_100_c6c2c8_1x100.png HTTP/1.1" 404 1117
186.103.159.187 - - [20/Apr/2018:09:44:09 -0300] "GET /cormun/static/Shared/jqueryui/images/ui-icons_82798d_256x240.png HTTP/1.1" 404 1089
186.103.159.187 - - [20/Apr/2018:09:44:09 -0300] "GET /cormun/static/Shared/jqueryui/images/ui-bg_flat_55_994d53_40x100.png HTTP/1.1" 404 1097
186.103.159.187 - - [20/Apr/2018:09:44:09 -0300] "GET /cormun/static/Shared/jqueryui/images/ui-icons_ebccce_256x240.png HTTP/1.1" 404 1089
186.103.159.187 - - [20/Apr/2018:09:44:12 -0300] "GET /cormun/static/menuarrow.gif HTTP/1.1" 404 1015
186.103.159.46 - - [20/Apr/2018:09:44:13 -0300] "GET /cormun/static/menuarrow.gif HTTP/1.1" 404 1015
186.103.159.187 - - [20/Apr/2018:09:44:22 -0300] "GET /cormun/servlet/solicitudot?5dda0dc06b7ec150c9d14448d556dfe9f37300af2ef8cd6414115c3b6a2cd451a7267718ca04dbdf408096409c7fc43e,gx-no-cache=1524231884524 HTTP/1.1" 200 30
186.103.159.187 - - [20/Apr/2018:09:44:22 -0300] "POST /cormun/servlet/solicitudot?gx-no-cache=1524231884606 HTTP/1.1" 200 33
186.103.159.187 - - [20/Apr/2018:09:44:22 -0300] "POST /cormun/servlet/solicitudot?137f7252726f96ea5580bdc0dbc61b58,UPD,2018,11156,,gx-no-cache=1524231884712 HTTP/1.1" 200 93
186.103.159.187 - - [20/Apr/2018:09:44:22 -0300] "GET /cormun/servlet/hpexe_return? HTTP/1.1" 200 1038
186.103.159.187 - - [20/Apr/2018:09:44:23 -0300] "GET /cormun/servlet/trsolicitudot?gx-no-cache=1524231822104 HTTP/1.1" 200 8514
186.103.159.187 - - [20/Apr/2018:09:44:24 -0300] "GET /cormun/servlet/trsolicitudot?gx-no-cache=1524231822104 HTTP/1.1" 200 8531
186.103.159.187 - - [20/Apr/2018:09:44:29 -0300] "POST /cormun/servlet/trsolicitudot?137f7252726f96ea5580bdc0dbc61b58,gx-no-cache=1524231822104,gx-no-cache=1524231890631 HTTP/1.1" 200 4484
186.103.159.187 - - [20/Apr/2018:09:44:29 -0300] "GET /cormun/static/Shared/jqueryui/images/ui-bg_highlight-soft_100_c6c2c8_1x100.png HTTP/1.1" 404 1117
186.103.159.187 - - [20/Apr/2018:09:44:29 -0300] "GET /cormun/static/Shared/jqueryui/images/ui-icons_82798d_256x240.png HTTP/1.1" 404 1089
186.103.159.187 - - [20/Apr/2018:09:44:29 -0300] "GET /cormun/static/Shared/jqueryui/images/ui-bg_flat_55_fafafa_40x100.png HTTP/1.1" 404 1097
186.103.159.187 - - [20/Apr/2018:09:44:29 -0300] "GET /cormun/static/Shared/jqueryui/images/ui-icons_8d78a5_256x240.png HTTP/1.1" 404 1089
186.103.159.187 - - [20/Apr/2018:09:44:29 -0300] "POST /cormun/servlet/trsolicitudot?137f7252726f96ea5580bdc0dbc61b58,gx-no-cache=1524231822104,gx-no-cache=1524231891673 HTTP/1.1" 200 4259
186.103.159.187 - - [20/Apr/2018:09:44:35 -0300] "POST /cormun/servlet/trsolicitudot?137f7252726f96ea5580bdc0dbc61b58,gx-no-cache=1524231822104,gx-no-cache=1524231897997 HTTP/1.1" 200 90
186.103.159.187 - - [20/Apr/2018:09:44:36 -0300] "GET /cormun/servlet/hpexe_link HTTP/1.1" 200 979
186.103.159.187 - - [20/Apr/2018:09:44:36 -0300] "GET /cormun/servlet/hhome HTTP/1.1" 200 3935
186.103.159.187 - - [20/Apr/2018:09:44:37 -0300] "GET /cormun/servlet/hhome HTTP/1.1" 200 3932
186.103.132.155 - - [20/Apr/2018:09:44:39 -0300] "GET /cormun/servlet/licenciaspermisos?06f0c1cb3db8109c9a1c0d96b986f594dc5f4d6beac3dc1d32ccce2e9fb5534de3012e3135b2257bedc2422b9459aba34f0ed2bf246284ecc056b47352f0fbe8f34892cb8aba36bc4c514d072afa2659642f98f5e384dc1bd8bcf203d9b2c5577ee62a0607544877a774a0f3f289ec9a58330bc1b17d7840afc5c14cb2a0660d307d2b02c78425f47a9bc4085bcdc94235fb3758b32fcff7478f11687392a22d8c7016fae7d2ce56b62f7f40e3d6856d,gx-no-cache=1524228223084 HTTP/1.1" 200 30
186.103.132.155 - - [20/Apr/2018:09:44:39 -0300] "GET /cormun/servlet/licenciaspermisos?06f0c1cb3db8109c9a1c0d96b986f59402ccdeb9c9ff489abfa89d965a420743772e9d7d8373187a3c4f75b6726e4fc8883cebf5befce8601a8ae7c01009cd6b39408e729ff5bbb9434454a50399e5d37c814370a1589c4c943d65d2781a06b6d0e63a9cd4c90a2b112054264a1de1ec116a607311d1a1a731e3fe5fbdc4de721649fe1c3a3a812414a796f500879cd961dc922250e8f5a4173234560389d9d54caf5b65c952d3f51ebcfce822bb0d4a,gx-no-cache=1524228223226 HTTP/1.1" 200 29
