186.103.159.46 - - [20/Apr/2018:12:56:12 -0300] "GET /cormun/servlet/solicitudot?d45836e40e9f79e89765871ba78f1ee2f6b19367bac7837e7d273ad90a98d03a87cc79245a660ec814e2a19440a347ac90927b983f2521cf6d6f4e47b2261b34,gx-no-cache=1524239714443 HTTP/1.1" 200 30
186.103.159.188 - - [20/Apr/2018:12:56:12 -0300] "POST /cormun/servlet/solicitudotadjuntos?gx-no-cache=1524239718849 HTTP/1.1" 200 26
186.103.159.46 - - [20/Apr/2018:12:56:12 -0300] "GET /cormun/servlet/solicitudot?d45836e40e9f79e89765871ba78f1ee2a162bf40ba4f339591ae8f820d5d12d9,gx-no-cache=1524239714496 HTTP/1.1" 200 51
186.103.159.46 - - [20/Apr/2018:12:56:12 -0300] "POST /cormun/servlet/solicitudot?gx-no-cache=1524239714551 HTTP/1.1" 200 255
186.103.159.46 - - [20/Apr/2018:12:56:12 -0300] "GET /cormun/servlet/solicitudot?d45836e40e9f79e89765871ba78f1ee2da5441dc3a7189bdbaf75b290ab69a71deaad9e8604c85d0d51daaee4a3796094cde9cff8ceffbd3df8eb275a032f3726eef22d03b3b81edfc498d550b1ac7b4fcce92b6c1a0dd0b31eeb9996739a60a0da0a8901843b954b7b2f0d6c41da5c216835c9f219c1ec494d3c0d2958856892d57174f633cb0d586b628436109b5f39200c76f58f04c26d99fb940bf5a0edc9d560ce09a38052a641626ce3926621be4a06f735c8130097e48d9a30f645997689b186928950a5a9afe105f125155b2202e4bf60d7c5ab577bd1414c243280789957fe3ac190e6cbf551ff54f8b417ff7ba7b1db07178087e36c5d08818d96f28289f4a5b3f1b92d24b538d1219ccd629197bc9596dfcbf8ceee0aadd9af8bea4feec94fb5060846b3148683d9655c3c1327e7dc3f4a461c58a18e540c3e53f5c8bfbafac55bfcb661ede23bc0ef056e2979ad3ebbad1811ba7409b0ead924d72b111fdfd93cd72b328b041c510c4c886a0163fd67a910b87e4f65bb90e35ac,gx-no-cache=1524239714606 HTTP/1.1" 200 30
186.103.159.46 - - [20/Apr/2018:12:56:14 -0300] "POST /cormun/servlet/solicitudot?gx-no-cache=1524239716512 HTTP/1.1" 200 30
186.103.159.46 - - [20/Apr/2018:12:56:17 -0300] "GET /cormun/servlet/prcontratosol?9882379,,,,,MD,,gxPopupLevel%3D0%3B HTTP/1.1" 200 8603
186.103.159.188 - - [20/Apr/2018:12:56:20 -0300] "GET /cormun/servlet/solicitudotadjuntos?cb638c9bc93a60089de7943a37e6f17f6c8cbd7e91f4e74e3a9f1aa93f0f71c4,gx-no-cache=1524239727089 HTTP/1.1" 200 30
186.103.159.188 - - [20/Apr/2018:12:56:20 -0300] "GET /cormun/servlet/solicitudotadjuntos?cb638c9bc93a60089de7943a37e6f17f6c8cbd7e91f4e74e3a9f1aa93f0f71c4,gx-no-cache=1524239727103 HTTP/1.1" 200 30
186.103.159.188 - - [20/Apr/2018:12:56:21 -0300] "POST /cormun/servlet/solicitudotadjuntos?cdf3139522b5453ad0c1444362be013c,INS,2018,11170,,2, HTTP/1.1" 200 6110
186.103.159.188 - - [20/Apr/2018:12:56:21 -0300] "GET /home/sistema/apache-tomcat-7.0.65/webapps/cormun/PrivateTempStorage/upload_00029922.pdf HTTP/1.1" 404 1135
186.103.159.188 - - [20/Apr/2018:12:56:21 -0300] "GET /cormun/static/Shared/jqueryui/images/ui-bg_highlight-soft_100_c6c2c8_1x100.png HTTP/1.1" 404 1117
186.103.159.188 - - [20/Apr/2018:12:56:21 -0300] "GET /cormun/static/Shared/jqueryui/images/ui-icons_82798d_256x240.png HTTP/1.1" 404 1089
186.103.159.188 - - [20/Apr/2018:12:56:21 -0300] "GET /home/sistema/apache-tomcat-7.0.65/webapps/cormun/PrivateTempStorage/upload_00029922.pdf HTTP/1.1" 404 1135
186.103.159.188 - - [20/Apr/2018:12:56:21 -0300] "GET /cormun/static/Shared/jqueryui/images/ui-bg_flat_55_994d53_40x100.png HTTP/1.1" 404 1097
186.103.159.188 - - [20/Apr/2018:12:56:21 -0300] "GET /cormun/static/Shared/jqueryui/images/ui-icons_ebccce_256x240.png HTTP/1.1" 404 1089
186.103.159.188 - - [20/Apr/2018:12:56:21 -0300] "GET /cormun/PrivateTempStorage/upload_00029922.pdf HTTP/1.1" 200 62318
190.161.236.41 - - [20/Apr/2018:12:56:21 -0300] "GET /cormun/PrivateTempStorage/upload_00029922.pdf HTTP/1.1" 200 16384
186.103.159.46 - - [20/Apr/2018:12:56:21 -0300] "POST /cormun/servlet/solicitudot?gx-no-cache=1524239723479 HTTP/1.1" 200 1369
186.103.159.46 - - [20/Apr/2018:12:56:21 -0300] "POST /cormun/servlet/solicitudot?gx-no-cache=1524239723640 HTTP/1.1" 200 38
186.103.159.46 - - [20/Apr/2018:12:56:21 -0300] "GET /cormun/servlet/solicitudot?d45836e40e9f79e89765871ba78f1ee29d0775a84f3edf35b534eb3f3ab466923bfa723617f0a9347fda525490dbf7db6e53f69cfc70fb157f3598a726db286bb2ac301e706eea4f6c2f677cf39b87017f0892f4db3063e3044a1057f1cb504acc7a5b004133adc43732b5c5a65aef460743e467897b1e6013550663458c326f09dc5651b4b09f12bd6d58910da1e3e00bd2818c95623bf6922244fbf339f2da,gx-no-cache=1524239723687 HTTP/1.1" 200 29
186.103.159.46 - - [20/Apr/2018:12:56:21 -0300] "POST /cormun/servlet/solicitudot?gx-no-cache=1524239723733 HTTP/1.1" 200 1350
186.103.159.46 - - [20/Apr/2018:12:56:21 -0300] "POST /cormun/servlet/solicitudot?gx-no-cache=1524239723795 HTTP/1.1" 200 1249
186.103.159.46 - - [20/Apr/2018:12:56:21 -0300] "GET /cormun/servlet/solicitudot?d45836e40e9f79e89765871ba78f1ee2caef1a82a96739ddfff742502a19f77a2d9aaa7396bbd12cdf13ab90f788f37a,gx-no-cache=1524239723856 HTTP/1.1" 200 134
186.103.159.46 - - [20/Apr/2018:12:56:21 -0300] "GET /cormun/static/Shared/jqueryui/images/ui-bg_highlight-soft_100_c6c2c8_1x100.png HTTP/1.1" 404 1117
186.103.159.46 - - [20/Apr/2018:12:56:21 -0300] "GET /cormun/static/Shared/jqueryui/images/ui-icons_82798d_256x240.png HTTP/1.1" 404 1089
186.103.159.46 - - [20/Apr/2018:12:56:21 -0300] "GET /cormun/static/Shared/jqueryui/images/ui-bg_flat_55_994d53_40x100.png HTTP/1.1" 404 1097
186.103.159.46 - - [20/Apr/2018:12:56:21 -0300] "GET /cormun/static/Shared/jqueryui/images/ui-icons_ebccce_256x240.png HTTP/1.1" 404 1089
186.103.159.188 - - [20/Apr/2018:12:56:27 -0300] "GET /cormun/servlet/solicitudotadjuntos?cb638c9bc93a60089de7943a37e6f17ffd6a131792dd71283f41a04b06ff86e473ea77097ca81611f23436d9d7f2f467,gx-no-cache=1524239733369 HTTP/1.1" 200 30
186.103.159.188 - - [20/Apr/2018:12:56:27 -0300] "POST /cormun/servlet/solicitudotadjuntos?cdf3139522b5453ad0c1444362be013c,INS,2018,11170,,2, HTTP/1.1" 200 6111
186.103.159.188 - - [20/Apr/2018:12:56:28 -0300] "GET /home/sistema/apache-tomcat-7.0.65/webapps/cormun/PrivateTempStorage/upload_00029934.pdf HTTP/1.1" 404 1135
186.103.159.188 - - [20/Apr/2018:12:56:28 -0300] "GET /home/sistema/apache-tomcat-7.0.65/webapps/cormun/PrivateTempStorage/upload_00029934.pdf HTTP/1.1" 404 1135
186.103.159.188 - - [20/Apr/2018:12:56:28 -0300] "GET /cormun/PrivateTempStorage/upload_00029934.pdf HTTP/1.1" 200 16384
186.103.159.188 - - [20/Apr/2018:12:56:28 -0300] "GET /cormun/PrivateTempStorage/upload_00029934.pdf HTTP/1.1" 200 62318
186.103.159.188 - - [20/Apr/2018:12:56:44 -0300] "POST /cormun/servlet/solicitudotadjuntos?cdf3139522b5453ad0c1444362be013c,INS,2018,11170,,2, HTTP/1.1" 200 116
186.103.159.188 - - [20/Apr/2018:12:56:44 -0300] "GET /cormun/servlet/hpexe_return? HTTP/1.1" 200 1024
186.103.159.188 - - [20/Apr/2018:12:56:44 -0300] "GET /cormun/servlet/trsolicitudadjuntos?2018,11170, HTTP/1.1" 200 9531
186.103.159.188 - - [20/Apr/2018:12:56:45 -0300] "GET /cormun/servlet/trsolicitudadjuntos?2018,11170, HTTP/1.1" 200 9529
190.161.236.41 - - [20/Apr/2018:12:56:56 -0300] "GET /cormun/servlet/solicitudotadjuntos?DLT,2018,11170,FOTO,0, HTTP/1.1" 200 5866
190.161.236.41 - - [20/Apr/2018:12:56:56 -0300] "GET /cormun/static/about:blank HTTP/1.1" 404 1011
186.103.159.188 - - [20/Apr/2018:12:56:56 -0300] "GET /cormun/static/Shared/jqueryui/images/ui-bg_highlight-soft_100_c6c2c8_1x100.png HTTP/1.1" 404 1117
186.103.159.188 - - [20/Apr/2018:12:56:56 -0300] "GET /cormun/static/Shared/jqueryui/images/ui-icons_82798d_256x240.png HTTP/1.1" 404 1089
186.103.159.188 - - [20/Apr/2018:12:56:56 -0300] "GET /cormun/static/Shared/jqueryui/images/ui-icons_8d78a5_256x240.png HTTP/1.1" 404 1089
190.161.236.41 - - [20/Apr/2018:12:56:56 -0300] "GET /cormun/static/Shared/jqueryui/images/ui-bg_flat_55_fafafa_40x100.png HTTP/1.1" 404 1097
186.103.159.188 - - [20/Apr/2018:12:56:56 -0300] "GET /cormun/servlet/solicitudotadjuntos?DLT,2018,11170,FOTO,0, HTTP/1.1" 200 5860
186.103.159.188 - - [20/Apr/2018:12:56:58 -0300] "POST /cormun/servlet/solicitudotadjuntos?cdf3139522b5453ad0c1444362be013c,DLT,2018,11170,FOTO,0,,gx-no-cache=1524239765021 HTTP/1.1" 200 93
186.103.159.188 - - [20/Apr/2018:12:56:58 -0300] "GET /cormun/servlet/hpexe_return? HTTP/1.1" 200 1028
186.103.159.188 - - [20/Apr/2018:12:56:59 -0300] "GET /cormun/servlet/trsolicitudadjuntos?2018,11170, HTTP/1.1" 200 9311
186.103.159.188 - - [20/Apr/2018:12:56:59 -0300] "GET /cormun/servlet/trsolicitudadjuntos?2018,11170, HTTP/1.1" 200 9309
190.161.236.41 - - [20/Apr/2018:12:57:01 -0300] "GET /cormun/servlet/solicitudotadjuntos?INS,2018,11170,,2, HTTP/1.1" 200 5992
190.161.236.41 - - [20/Apr/2018:12:57:01 -0300] "GET /cormun/static/about:blank HTTP/1.1" 404 1011
190.161.236.41 - - [20/Apr/2018:12:57:01 -0300] "GET /cormun/servlet/solicitudotadjuntos?INS,2018,11170,,2, HTTP/1.1" 200 5984
186.103.159.188 - - [20/Apr/2018:12:57:02 -0300] "GET /cormun/servlet/solicitudotadjuntos?cb638c9bc93a60089de7943a37e6f17fbc2b29ede5248ec24388adb02d1c09e9696075637124bb4472143ea0abf45eb2,gx-no-cache=1524239768752 HTTP/1.1" 200 30
186.103.159.188 - - [20/Apr/2018:12:57:02 -0300] "POST /cormun/servlet/solicitudotadjuntos?cdf3139522b5453ad0c1444362be013c,INS,2018,11170,,2,,gx-no-cache=1524239768786 HTTP/1.1" 200 4006
186.103.159.188 - - [20/Apr/2018:12:57:16 -0300] "POST /cormun/servlet/solicitudotadjuntos?gx-no-cache=1524239782585 HTTP/1.1" 200 26
186.103.159.46 - - [20/Apr/2018:12:57:26 -0300] "POST /cormun/servlet/solicitudot?gx-no-cache=1524239788569 HTTP/1.1" 200 1351
186.103.159.46 - - [20/Apr/2018:12:57:26 -0300] "POST /cormun/servlet/solicitudot?gx-no-cache=1524239788691 HTTP/1.1" 200 1249
186.103.159.188 - - [20/Apr/2018:12:57:30 -0300] "GET /cormun/servlet/solicitudotadjuntos?cb638c9bc93a60089de7943a37e6f17f6c8cbd7e91f4e74e3a9f1aa93f0f71c4,gx-no-cache=1524239796321 HTTP/1.1" 200 30
186.103.159.188 - - [20/Apr/2018:12:57:30 -0300] "GET /cormun/servlet/solicitudotadjuntos?cb638c9bc93a60089de7943a37e6f17f6c8cbd7e91f4e74e3a9f1aa93f0f71c4,gx-no-cache=1524239796336 HTTP/1.1" 200 30
186.103.159.188 - - [20/Apr/2018:12:57:30 -0300] "POST /cormun/servlet/solicitudotadjuntos?cdf3139522b5453ad0c1444362be013c,INS,2018,11170,,2, HTTP/1.1" 200 116
186.103.159.188 - - [20/Apr/2018:12:57:30 -0300] "GET /cormun/servlet/hpexe_return? HTTP/1.1" 200 1024
186.103.159.188 - - [20/Apr/2018:12:57:31 -0300] "GET /cormun/servlet/trsolicitudadjuntos?2018,11170, HTTP/1.1" 200 9577
186.103.159.188 - - [20/Apr/2018:12:57:31 -0300] "GET /cormun/servlet/trsolicitudadjuntos?2018,11170, HTTP/1.1" 200 9577
200.72.197.82 - - [20/Apr/2018:12:57:33 -0300] "GET /cormun/servlet/apermisogoceprn?11672839,P,20180420114136,PU HTTP/1.1" 200 1662
186.103.159.46 - - [20/Apr/2018:12:57:34 -0300] "GET /cormun/servlet/solicitudot?d45836e40e9f79e89765871ba78f1ee278fb9e39fcff76d22323b5ab238a7c0a2d9aaa7396bbd12cdf13ab90f788f37a,gx-no-cache=1524239796581 HTTP/1.1" 200 30
186.103.159.188 - - [20/Apr/2018:12:57:36 -0300] "GET /cormun/servlet/solicitudotadjuntos?INS,2018,11170,,1, HTTP/1.1" 200 5993
186.103.159.188 - - [20/Apr/2018:12:57:36 -0300] "GET /cormun/static/about:blank HTTP/1.1" 404 1011
186.103.159.188 - - [20/Apr/2018:12:57:36 -0300] "GET /cormun/servlet/solicitudotadjuntos?INS,2018,11170,,1, HTTP/1.1" 200 5985
186.103.159.188 - - [20/Apr/2018:12:57:36 -0300] "GET /cormun/servlet/solicitudotadjuntos?cb638c9bc93a60089de7943a37e6f17fbc2b29ede5248ec24388adb02d1c09e9696075637124bb4472143ea0abf45eb2,gx-no-cache=1524239803236 HTTP/1.1" 200 30
186.103.159.188 - - [20/Apr/2018:12:57:37 -0300] "POST /cormun/servlet/solicitudotadjuntos?cdf3139522b5453ad0c1444362be013c,INS,2018,11170,,1,,gx-no-cache=1524239803276 HTTP/1.1" 200 3797
186.103.159.188 - - [20/Apr/2018:12:57:43 -0300] "POST /cormun/servlet/solicitudotadjuntos?gx-no-cache=1524239809752 HTTP/1.1" 200 26
186.103.159.46 - - [20/Apr/2018:12:57:44 -0300] "POST /cormun/servlet/solicitudot?gx-no-cache=1524239806074 HTTP/1.1" 200 33
186.103.159.46 - - [20/Apr/2018:12:57:44 -0300] "POST /cormun/servlet/solicitudot?c83b8248af5b1429f192f83905d627f9,INS,0,0,,gx-no-cache=1524239806169 HTTP/1.1" 200 93
186.103.159.46 - - [20/Apr/2018:12:57:44 -0300] "GET /cormun/servlet/hpexe_return? HTTP/1.1" 200 1007
186.103.159.46 - - [20/Apr/2018:12:57:44 -0300] "GET /cormun/servlet/trsolicitudot HTTP/1.1" 200 10931
186.103.159.46 - - [20/Apr/2018:12:57:45 -0300] "GET /cormun/servlet/trsolicitudot HTTP/1.1" 200 10926
186.103.159.188 - - [20/Apr/2018:12:57:50 -0300] "GET /cormun/servlet/solicitudotadjuntos?cb638c9bc93a60089de7943a37e6f17f6c8cbd7e91f4e74e3a9f1aa93f0f71c4,gx-no-cache=1524239816585 HTTP/1.1" 200 30
186.103.159.188 - - [20/Apr/2018:12:57:50 -0300] "GET /cormun/servlet/solicitudotadjuntos?cb638c9bc93a60089de7943a37e6f17f6c8cbd7e91f4e74e3a9f1aa93f0f71c4,gx-no-cache=1524239816597 HTTP/1.1" 200 30
186.103.159.188 - - [20/Apr/2018:12:57:51 -0300] "POST /cormun/servlet/solicitudotadjuntos?cdf3139522b5453ad0c1444362be013c,INS,2018,11170,,1, HTTP/1.1" 200 116
186.103.159.188 - - [20/Apr/2018:12:57:51 -0300] "GET /cormun/servlet/hpexe_return? HTTP/1.1" 200 1024
186.103.159.188 - - [20/Apr/2018:12:57:51 -0300] "GET /cormun/servlet/trsolicitudadjuntos?2018,11170, HTTP/1.1" 200 9731
186.103.159.188 - - [20/Apr/2018:12:57:52 -0300] "GET /cormun/servlet/trsolicitudadjuntos?2018,11170, HTTP/1.1" 200 9728
186.103.159.188 - - [20/Apr/2018:12:57:55 -0300] "GET /cormun/servlet/trsolicitudot? HTTP/1.1" 200 8529
186.103.159.188 - - [20/Apr/2018:12:57:56 -0300] "GET /cormun/servlet/trsolicitudot? HTTP/1.1" 200 8522
186.103.159.188 - - [20/Apr/2018:12:58:00 -0300] "POST /cormun/servlet/trsolicitudot?cdf3139522b5453ad0c1444362be013c,,gx-no-cache=1524239826676 HTTP/1.1" 200 4492
186.103.159.188 - - [20/Apr/2018:12:58:00 -0300] "GET /cormun/static/Shared/jqueryui/images/ui-bg_highlight-soft_100_c6c2c8_1x100.png HTTP/1.1" 404 1117
186.103.159.188 - - [20/Apr/2018:12:58:00 -0300] "GET /cormun/static/Shared/jqueryui/images/ui-icons_82798d_256x240.png HTTP/1.1" 404 1089
186.103.159.188 - - [20/Apr/2018:12:58:00 -0300] "GET /cormun/static/Shared/jqueryui/images/ui-bg_flat_55_fafafa_40x100.png HTTP/1.1" 404 1097
190.161.236.41 - - [20/Apr/2018:12:58:00 -0300] "GET /cormun/static/Shared/jqueryui/images/ui-icons_8d78a5_256x240.png HTTP/1.1" 404 1089
186.103.159.188 - - [20/Apr/2018:12:58:00 -0300] "POST /cormun/servlet/trsolicitudot?cdf3139522b5453ad0c1444362be013c,,gx-no-cache=1524239826917 HTTP/1.1" 200 4273
186.103.159.46 - - [20/Apr/2018:12:59:13 -0300] "GET /cormun/servlet/solicitudot?INS,0,0, HTTP/1.1" 200 13415
186.103.159.46 - - [20/Apr/2018:12:59:14 -0300] "GET /cormun/servlet/solicitudot?INS,0,0, HTTP/1.1" 200 13420
186.103.159.46 - - [20/Apr/2018:12:59:38 -0300] "POST /cormun/servlet/solicitudot?gx-no-cache=1524239919491 HTTP/1.1" 200 3292
186.103.159.46 - - [20/Apr/2018:12:59:38 -0300] "POST /cormun/servlet/solicitudot?c83b8248af5b1429f192f83905d627f9,INS,0,0,,gx-no-cache=1524239920076 HTTP/1.1" 200 10246
186.103.159.46 - - [20/Apr/2018:12:59:55 -0300] "GET /cormun/servlet/solicitudot?d45836e40e9f79e89765871ba78f1ee28b9a2a4ca7093623fc242a45979a1c84a98835ac195ebaaf2a0f53f084f9515f,gx-no-cache=1524239937065 HTTP/1.1" 200 30
186.103.159.46 - - [20/Apr/2018:13:01:51 -0300] "GET /cormun/servlet/prbanco?,MD,,gxPopupLevel%3D0%3B HTTP/1.1" 200 6605
186.103.159.46 - - [20/Apr/2018:13:01:51 -0300] "GET /cormun/static/gxcfg.js?20181161016094 HTTP/1.1" 200 953
186.103.159.46 - - [20/Apr/2018:13:01:51 -0300] "GET /cormun/static/prbanco.js?2018116101633 HTTP/1.1" 200 10693
186.103.159.46 - - [20/Apr/2018:13:01:58 -0300] "GET /cormun/servlet/solicitudot?d45836e40e9f79e89765871ba78f1ee240071be808b8dc9da22dc9180bb9c722510eeeb01edd8374e4f296526be5c1a5,gx-no-cache=1524240060054 HTTP/1.1" 200 30
186.103.159.46 - - [20/Apr/2018:13:02:00 -0300] "GET /cormun/servlet/solicitudot?d45836e40e9f79e89765871ba78f1ee20a3492eea7964428a99e348e07ce0c3f,gx-no-cache=1524240062219 HTTP/1.1" 200 53
186.103.159.46 - - [20/Apr/2018:13:02:30 -0300] "POST /cormun/servlet/solicitudot?gx-no-cache=1524240092496 HTTP/1.1" 200 255
186.103.159.46 - - [20/Apr/2018:13:02:33 -0300] "GET /cormun/servlet/solicitudot?d45836e40e9f79e89765871ba78f1ee2da5441dc3a7189bdbaf75b290ab69a71deaad9e8604c85d0d51daaee4a3796094cde9cff8ceffbd3df8eb275a032f3726eef22d03b3b81edfc498d550b1ac7b4fcce92b6c1a0dd0b31eeb9996739a60a0da0a8901843b954b7b2f0d6c41da5c216835c9f219c1ec494d3c0d2958856892d57174f633cb0d586b628436109b5f39200c76f58f04c26d99fb940bf5a0edc9d560ce09a38052a641626ce3926621be4a06f735c8130097e48d9a30f645997689b186928950a5a9afe105f125155b2202e4bf60d7c5ab577bd1414c243280789957fe3ac190e6cbf551ff54f8b417ff7ba7b1db07178087e36c5d08818d96f28289f4a5b3f1b92d24b538d1219ccd629197bc9596dfcbf8ceee0aadd9af8bea4feec94fb5060846b3148683d9655c3c1327e7dc3f4a461c58a18e540c3e53f5c8bfbafac55bfcb661ede23bc0ef056e2979ad3ebbad1811ba7409b0ead924d72b111fdfd93cd72b328b041c510c4c886a0163fd67a910b87e4f65bb90e35ac,gx-no-cache=1524240095662 HTTP/1.1" 200 30
186.103.159.46 - - [20/Apr/2018:13:02:40 -0300] "POST /cormun/servlet/solicitudot?gx-no-cache=1524240101992 HTTP/1.1" 200 30
186.103.159.46 - - [20/Apr/2018:13:02:44 -0300] "POST /cormun/servlet/solicitudot?gx-no-cache=1524240106714 HTTP/1.1" 200 1369
186.103.159.46 - - [20/Apr/2018:13:02:44 -0300] "POST /cormun/servlet/solicitudot?gx-no-cache=1524240106828 HTTP/1.1" 200 38
186.103.159.188 - - [20/Apr/2018:13:04:51 -0300] "GET /cormun/servlet/solicitudot?INS,0,0, HTTP/1.1" 200 13396
186.103.159.188 - - [20/Apr/2018:13:04:51 -0300] "GET /cormun/servlet/solicitudot?INS,0,0, HTTP/1.1" 200 13401
186.103.159.46 - - [20/Apr/2018:13:04:58 -0300] "GET /cormun/servlet/solicitudot?d45836e40e9f79e89765871ba78f1ee29d0775a84f3edf35b534eb3f3ab466923bfa723617f0a9347fda525490dbf7db9947e87b69bd646f69316ec3b59ecc9ed88198f6865dc5980363bc32e7175e7d819c2f5f426e35bf98276d20ec17570bb96db13561fd8121199fc534b5324c21,gx-no-cache=1524240240393 HTTP/1.1" 200 29
186.103.159.46 - - [20/Apr/2018:13:04:58 -0300] "POST /cormun/servlet/solicitudot?gx-no-cache=1524240240483 HTTP/1.1" 200 1351
186.103.159.46 - - [20/Apr/2018:13:04:58 -0300] "POST /cormun/servlet/solicitudot?gx-no-cache=1524240240550 HTTP/1.1" 200 1249
186.103.159.188 - - [20/Apr/2018:13:04:58 -0300] "POST /cormun/servlet/solicitudot?gx-no-cache=1524240245068 HTTP/1.1" 200 3284
186.103.159.188 - - [20/Apr/2018:13:04:59 -0300] "POST /cormun/servlet/solicitudot?cdf3139522b5453ad0c1444362be013c,INS,0,0,,gx-no-cache=1524240245289 HTTP/1.1" 200 10246
186.103.159.188 - - [20/Apr/2018:13:05:00 -0300] "GET /cormun/servlet/solicitudot?cb638c9bc93a60089de7943a37e6f17fa11ab0731e21f1e99172e799634cf1b0186bf0d0787e02f77810d28a3f104b8b,gx-no-cache=1524240246506 HTTP/1.1" 200 30
186.103.156.24 - - [20/Apr/2018:13:05:04 -0300] "GET /cormun/static/menuarrow.gif HTTP/1.1" 404 1015
186.103.156.24 - - [20/Apr/2018:13:05:16 -0300] "POST /cormun/servlet/trautorizarsolicitud?e55546c8b75bc215bd90f23ea92d49cd,,gx-no-cache=1524240265906 HTTP/1.1" 440 972
186.103.156.24 - - [20/Apr/2018:13:05:20 -0300] "GET /cormun/servlet/trautorizarsolicitud? HTTP/1.1" 200 6289
186.103.156.24 - - [20/Apr/2018:13:05:21 -0300] "GET /cormun/servlet/trautorizarsolicitud? HTTP/1.1" 200 6289
186.103.156.24 - - [20/Apr/2018:13:05:21 -0300] "GET /cormun/servlet/hlogin HTTP/1.1" 200 1740
186.103.159.46 - - [20/Apr/2018:13:05:31 -0300] "GET /cormun/servlet/solicitudot?d45836e40e9f79e89765871ba78f1ee278fb9e39fcff76d22323b5ab238a7c0a2d9aaa7396bbd12cdf13ab90f788f37a,gx-no-cache=1524240273376 HTTP/1.1" 200 30
186.103.156.24 - - [20/Apr/2018:13:05:34 -0300] "POST /cormun/servlet/hlogin?c6ea2a0c4d0ae1b7be598b678c8c8d0e,gx-no-cache=1524240283321 HTTP/1.1" 200 457
186.103.156.24 - - [20/Apr/2018:13:05:43 -0300] "POST /cormun/servlet/hlogin?c6ea2a0c4d0ae1b7be598b678c8c8d0e,gx-no-cache=1524240292343 HTTP/1.1" 200 90
186.103.156.24 - - [20/Apr/2018:13:05:43 -0300] "GET /cormun/servlet/hpexe_link HTTP/1.1" 200 962
186.103.156.24 - - [20/Apr/2018:13:05:43 -0300] "GET /cormun/servlet/trautorizarsolicitud HTTP/1.1" 200 7164
186.103.156.24 - - [20/Apr/2018:13:05:44 -0300] "GET /cormun/servlet/trautorizarsolicitud HTTP/1.1" 200 7163
186.103.156.24 - - [20/Apr/2018:13:05:51 -0300] "POST /cormun/servlet/trautorizarsolicitud?c6ea2a0c4d0ae1b7be598b678c8c8d0e,gx-no-cache=1524240299701 HTTP/1.1" 200 4126
186.103.156.24 - - [20/Apr/2018:13:05:57 -0300] "POST /cormun/servlet/trautorizarsolicitud?c6ea2a0c4d0ae1b7be598b678c8c8d0e,gx-no-cache=1524240306008 HTTP/1.1" 200 4126
186.103.159.46 - - [20/Apr/2018:13:06:02 -0300] "POST /cormun/servlet/solicitudot?gx-no-cache=1524240304601 HTTP/1.1" 200 30
186.103.159.46 - - [20/Apr/2018:13:06:02 -0300] "POST /cormun/servlet/solicitudot?c83b8248af5b1429f192f83905d627f9,INS,0,0,,gx-no-cache=1524240304663 HTTP/1.1" 200 93
186.103.159.46 - - [20/Apr/2018:13:06:02 -0300] "GET /cormun/servlet/hpexe_return? HTTP/1.1" 200 1007
186.103.159.46 - - [20/Apr/2018:13:06:03 -0300] "GET /cormun/servlet/trsolicitudot HTTP/1.1" 200 11366
186.103.156.24 - - [20/Apr/2018:13:06:04 -0300] "GET /cormun/static/menuarrow.gif HTTP/1.1" 404 1015
186.103.159.46 - - [20/Apr/2018:13:06:04 -0300] "GET /cormun/servlet/trsolicitudot HTTP/1.1" 200 11362
186.103.156.24 - - [20/Apr/2018:13:06:12 -0300] "POST /cormun/servlet/trautorizarsolicitud?c6ea2a0c4d0ae1b7be598b678c8c8d0e,gx-no-cache=1524240319921 HTTP/1.1" 200 18174
186.103.159.46 - - [20/Apr/2018:13:06:12 -0300] "GET /cormun/servlet/solicitudot?INS,0,0, HTTP/1.1" 200 13416
186.103.159.46 - - [20/Apr/2018:13:06:13 -0300] "GET /cormun/servlet/solicitudot?INS,0,0, HTTP/1.1" 200 13421
186.103.156.24 - - [20/Apr/2018:13:06:17 -0300] "GET /cormun/servlet/veautorizarsolicitud?2018,11115,, HTTP/1.1" 200 8610
186.103.156.24 - - [20/Apr/2018:13:06:17 -0300] "GET /cormun/static/gxcfg.js?2017111423404691 HTTP/1.1" 200 953
186.103.156.24 - - [20/Apr/2018:13:06:17 -0300] "GET /cormun/pexe_scrolldiv.js HTTP/1.1" 404 1009
186.103.156.24 - - [20/Apr/2018:13:06:17 -0300] "GET /cormun/static/veautorizarsolicitud.js?2017111423404756 HTTP/1.1" 200 6140
186.103.156.24 - - [20/Apr/2018:13:06:17 -0300] "GET /cormun/static/hwcviewtabs.js?20177611594913 HTTP/1.1" 200 1074
186.103.156.24 - - [20/Apr/2018:13:06:17 -0300] "GET /cormun/pexe_scrolldiv.js HTTP/1.1" 404 1009
186.103.156.24 - - [20/Apr/2018:13:06:17 -0300] "GET /cormun/static/tbautorizarsolicitud01.js?2017111423392092 HTTP/1.1" 200 30580
186.103.156.24 - - [20/Apr/2018:13:06:17 -0300] "GET /cormun/static/Resources/PXToolsTabFirstSelected.png HTTP/1.1" 200 1259
186.103.156.24 - - [20/Apr/2018:13:06:18 -0300] "GET /cormun/static/Resources/PXToolsTabLastUnselected.png HTTP/1.1" 200 1291
186.103.156.24 - - [20/Apr/2018:13:06:18 -0300] "GET /cormun/static/Resources/PXToolsTabPrevious.gif HTTP/1.1" 200 172
186.103.156.24 - - [20/Apr/2018:13:06:18 -0300] "GET /cormun/static/Resources/PXToolsTabNext.gif HTTP/1.1" 200 168
186.103.156.24 - - [20/Apr/2018:13:06:18 -0300] "GET /cormun/static/hpexe_tabsview.js?201610171694228 HTTP/1.1" 200 1661
186.103.156.24 - - [20/Apr/2018:13:06:18 -0300] "GET /cormun/static/calendar-system.css HTTP/1.1" 200 5572
186.103.156.24 - - [20/Apr/2018:13:06:18 -0300] "GET /cormun/static/Resources/PXToolsTabBackUnselected.png HTTP/1.1" 200 1175
186.103.156.24 - - [20/Apr/2018:13:06:18 -0300] "GET /cormun/static/Resources/PXToolsTabBackSelected.png HTTP/1.1" 200 1157
186.103.156.24 - - [20/Apr/2018:13:06:18 -0300] "GET /cormun/static/Resources/PXToolsTabUnselectedUnselected.png HTTP/1.1" 200 1459
186.103.156.24 - - [20/Apr/2018:13:06:18 -0300] "GET /cormun/servlet/veautorizarsolicitud?2018,11115,, HTTP/1.1" 200 8608
186.103.156.24 - - [20/Apr/2018:13:06:18 -0300] "GET /cormun/static/Resources/PXToolsTabSelectedUnselected.png HTTP/1.1" 200 1428
186.103.159.46 - - [20/Apr/2018:13:06:23 -0300] "POST /cormun/servlet/solicitudot?gx-no-cache=1524240324940 HTTP/1.1" 200 3292
186.103.159.46 - - [20/Apr/2018:13:06:23 -0300] "POST /cormun/servlet/solicitudot?c83b8248af5b1429f192f83905d627f9,INS,0,0,,gx-no-cache=1524240325156 HTTP/1.1" 200 10245
186.103.156.24 - - [20/Apr/2018:13:06:27 -0300] "GET /cormun/servlet/trautorizarsolicitud HTTP/1.1" 200 21000
186.103.156.24 - - [20/Apr/2018:13:06:28 -0300] "GET /cormun/servlet/trautorizarsolicitud HTTP/1.1" 200 20999
186.103.156.24 - - [20/Apr/2018:13:06:32 -0300] "GET /cormun/servlet/veautorizarsolicitud?2018,11045,, HTTP/1.1" 200 8619
186.103.156.24 - - [20/Apr/2018:13:06:32 -0300] "GET /cormun/pexe_scrolldiv.js HTTP/1.1" 404 1009
186.103.156.24 - - [20/Apr/2018:13:06:32 -0300] "GET /cormun/pexe_scrolldiv.js HTTP/1.1" 404 1009
186.103.156.24 - - [20/Apr/2018:13:06:32 -0300] "GET /cormun/servlet/veautorizarsolicitud?2018,11045,, HTTP/1.1" 200 8618
186.103.156.24 - - [20/Apr/2018:13:06:44 -0300] "GET /cormun/servlet/trautorizarsolicitud HTTP/1.1" 200 21000
186.103.156.24 - - [20/Apr/2018:13:06:45 -0300] "GET /cormun/servlet/trautorizarsolicitud HTTP/1.1" 200 20999
186.103.156.24 - - [20/Apr/2018:13:06:48 -0300] "GET /cormun/servlet/veautorizarsolicitud?2018,11019,, HTTP/1.1" 200 8618
186.103.156.24 - - [20/Apr/2018:13:06:48 -0300] "GET /cormun/pexe_scrolldiv.js HTTP/1.1" 404 1009
186.103.159.46 - - [20/Apr/2018:13:06:48 -0300] "GET /cormun/servlet/solicitudot?d45836e40e9f79e89765871ba78f1ee28b9a2a4ca7093623fc242a45979a1c84a98835ac195ebaaf2a0f53f084f9515f,gx-no-cache=1524240350773 HTTP/1.1" 200 30
186.103.156.24 - - [20/Apr/2018:13:06:48 -0300] "GET /cormun/pexe_scrolldiv.js HTTP/1.1" 404 1009
186.103.156.24 - - [20/Apr/2018:13:06:49 -0300] "GET /cormun/servlet/veautorizarsolicitud?2018,11019,, HTTP/1.1" 200 8617
186.103.156.24 - - [20/Apr/2018:13:06:52 -0300] "GET /cormun/servlet/trautorizarsolicitud HTTP/1.1" 200 21004
186.103.156.24 - - [20/Apr/2018:13:06:53 -0300] "GET /cormun/servlet/trautorizarsolicitud HTTP/1.1" 200 20999
186.103.156.24 - - [20/Apr/2018:13:06:56 -0300] "GET /cormun/servlet/veautorizarsolicitud?2018,11018,, HTTP/1.1" 200 8622
186.103.156.24 - - [20/Apr/2018:13:06:56 -0300] "GET /cormun/pexe_scrolldiv.js HTTP/1.1" 404 1009
186.103.156.24 - - [20/Apr/2018:13:06:56 -0300] "GET /cormun/pexe_scrolldiv.js HTTP/1.1" 404 1009
190.161.236.41 - - [20/Apr/2018:13:06:57 -0300] "GET /cormun/servlet/prbanco?,MD,,gxPopupLevel%3D0%3B HTTP/1.1" 200 6566
186.103.156.24 - - [20/Apr/2018:13:06:57 -0300] "GET /cormun/servlet/veautorizarsolicitud?2018,11018,, HTTP/1.1" 200 8622
186.103.156.24 - - [20/Apr/2018:13:06:59 -0300] "GET /cormun/servlet/trautorizarsolicitud HTTP/1.1" 200 21005
186.103.156.24 - - [20/Apr/2018:13:07:00 -0300] "GET /cormun/servlet/trautorizarsolicitud HTTP/1.1" 200 20999
190.161.236.41 - - [20/Apr/2018:13:07:04 -0300] "GET /cormun/servlet/solicitudot?cb638c9bc93a60089de7943a37e6f17fe145374d05e0694b4272a1589636c3d9,gx-no-cache=1524240370829 HTTP/1.1" 200 94
190.161.236.41 - - [20/Apr/2018:13:07:04 -0300] "GET /cormun/static/Shared/jqueryui/images/ui-bg_highlight-soft_100_c6c2c8_1x100.png HTTP/1.1" 404 1117
186.103.159.188 - - [20/Apr/2018:13:07:04 -0300] "GET /cormun/static/Shared/jqueryui/images/ui-icons_82798d_256x240.png HTTP/1.1" 404 1089
190.161.236.41 - - [20/Apr/2018:13:07:04 -0300] "GET /cormun/static/Shared/jqueryui/images/ui-icons_ebccce_256x240.png HTTP/1.1" 404 1089
190.161.236.41 - - [20/Apr/2018:13:07:04 -0300] "GET /cormun/static/Shared/jqueryui/images/ui-bg_flat_55_994d53_40x100.png HTTP/1.1" 404 1097
190.161.236.41 - - [20/Apr/2018:13:07:05 -0300] "GET /cormun/servlet/solicitudot?cb638c9bc93a60089de7943a37e6f17fd4aeee8d0f7910f8419c1764d9df8012,gx-no-cache=1524240372284 HTTP/1.1" 200 53
186.103.156.24 - - [20/Apr/2018:13:07:09 -0300] "GET /cormun/servlet/veautorizarsolicitud?2018,10938,, HTTP/1.1" 200 8604
186.103.156.24 - - [20/Apr/2018:13:07:09 -0300] "GET /cormun/pexe_scrolldiv.js HTTP/1.1" 404 1009
186.103.156.24 - - [20/Apr/2018:13:07:09 -0300] "GET /cormun/pexe_scrolldiv.js HTTP/1.1" 404 1009
186.103.156.24 - - [20/Apr/2018:13:07:10 -0300] "GET /cormun/servlet/veautorizarsolicitud?2018,10938,, HTTP/1.1" 200 8604
190.161.236.41 - - [20/Apr/2018:13:07:21 -0300] "POST /cormun/servlet/solicitudot?cdf3139522b5453ad0c1444362be013c,INS,0,0,,gx-no-cache=1524240387194 HTTP/1.1" 200 10437
190.161.236.41 - - [20/Apr/2018:13:07:21 -0300] "GET /cormun/static/Shared/jqueryui/images/ui-bg_flat_55_fafafa_40x100.png HTTP/1.1" 404 1097
190.161.236.41 - - [20/Apr/2018:13:07:21 -0300] "GET /cormun/static/Shared/jqueryui/images/ui-icons_8d78a5_256x240.png HTTP/1.1" 404 1089
190.161.236.41 - - [20/Apr/2018:13:07:25 -0300] "GET /cormun/servlet/solicitudot?cb638c9bc93a60089de7943a37e6f17fe145374d05e0694b4272a1589636c3d9,gx-no-cache=1524240391586 HTTP/1.1" 200 94
190.161.236.41 - - [20/Apr/2018:13:07:25 -0300] "GET /cormun/servlet/solicitudot?cb638c9bc93a60089de7943a37e6f17f0d17849df174159a9284c9d7f75aab0af11e141fc7cfcde1bff285e4f33e15703046650c5667f4611d705f67e73e01bd,gx-no-cache=1524240391646 HTTP/1.1" 200 53
190.161.236.41 - - [20/Apr/2018:13:07:25 -0300] "POST /cormun/servlet/solicitudot?gx-no-cache=1524240391701 HTTP/1.1" 200 297
190.161.236.41 - - [20/Apr/2018:13:07:25 -0300] "GET /cormun/servlet/solicitudot?cb638c9bc93a60089de7943a37e6f17f523d3402d295d06253cd58db01395e9316fc9deff96dc9145e6e88b77849d97314c234d55b52ac8d477f970b2b130c2670dc2a8d2b01142d6de1d694dccdb2ed636926a9ceea6ffc9d7b644b6d0ce9f317e8e182353d1c188594018cf86f428805242528688c25ee87b4e82c6dfc21aaddbca57b9302316283043d83ed7b84f835ccb18ff389a4b9133d0583f47835fa82ecab22e06e9749c2319f3b006cc41ef847e490fe561ba033b74418e572f07f0922d4bcfed13170049052095e0fc0872d1bc761edd3d307ddf9693c1fcf7c7ca0f828572ef7a67ce2dfedb6a2b63ffc884b59c40d0a9dc23984f96d886a5081ebc45d7e37b17cdb6cdfe100d9c7eb5f8a415e6fc34763e4b0f068c92535f185098873d7404da1652588e19bbc69e84746498bbd7e4d013e50bcf2ceb993a19afc92a315b9ca21b71a514b6a46f4b63a673308e04b0b5aa8b458f1a4c0cf16e13eaebaf121159b06d68c5eaeae0260c751ff4fda83a77d4e167e588320a785ad73ea77097ca81611f23436d9d7f2f467,gx-no-cache=1524240391742 HTTP/1.1" 200 30
190.161.236.41 - - [20/Apr/2018:13:07:31 -0300] "POST /cormun/servlet/solicitudot?gx-no-cache=1524240397263 HTTP/1.1" 200 30
186.103.156.24 - - [20/Apr/2018:13:07:31 -0300] "GET /cormun/servlet/trautorizarsolicitud HTTP/1.1" 200 21003
186.103.156.24 - - [20/Apr/2018:13:07:32 -0300] "GET /cormun/servlet/trautorizarsolicitud HTTP/1.1" 200 20999
186.103.156.24 - - [20/Apr/2018:13:07:41 -0300] "GET /cormun/servlet/veautorizarsolicitud?2018,10474,, HTTP/1.1" 200 8667
186.103.156.24 - - [20/Apr/2018:13:07:41 -0300] "GET /cormun/pexe_scrolldiv.js HTTP/1.1" 404 1009
186.103.156.24 - - [20/Apr/2018:13:07:41 -0300] "GET /cormun/pexe_scrolldiv.js HTTP/1.1" 404 1009
190.161.236.41 - - [20/Apr/2018:13:07:41 -0300] "GET /cormun/servlet/prfichaempleado?,MD,,gxPopupLevel%3D0%3B HTTP/1.1" 200 9287
190.161.236.41 - - [20/Apr/2018:13:07:41 -0300] "GET /cormun/static/gxcfg.js?20177612134814 HTTP/1.1" 200 953
186.103.159.188 - - [20/Apr/2018:13:07:41 -0300] "GET /cormun/static/prfichaempleado.js?20177612134999 HTTP/1.1" 200 16006
186.103.156.24 - - [20/Apr/2018:13:07:41 -0300] "GET /cormun/servlet/veautorizarsolicitud?2018,10474,, HTTP/1.1" 200 8667
186.103.156.24 - - [20/Apr/2018:13:07:46 -0300] "GET /cormun/servlet/trautorizarsolicitud HTTP/1.1" 200 21005
186.103.156.24 - - [20/Apr/2018:13:07:47 -0300] "GET /cormun/servlet/trautorizarsolicitud HTTP/1.1" 200 20999
186.103.159.46 - - [20/Apr/2018:13:07:51 -0300] "GET /cormun/servlet/prbanco?,MD,,gxPopupLevel%3D0%3B HTTP/1.1" 200 6605
186.103.159.188 - - [20/Apr/2018:13:07:55 -0300] "POST /cormun/servlet/prfichaempleado?cdf3139522b5453ad0c1444362be013c,,MD,,gxPopupLevel%3D0%3B,gx-no-cache=1524240421187 HTTP/1.1" 200 3415
186.103.156.24 - - [20/Apr/2018:13:07:56 -0300] "GET /cormun/servlet/veautorizarsolicitud?2018,10921,, HTTP/1.1" 200 8661
186.103.159.46 - - [20/Apr/2018:13:07:56 -0300] "GET /cormun/servlet/solicitudot?d45836e40e9f79e89765871ba78f1ee23b7dec6cfc15ae727995ac7fc19086e9,gx-no-cache=1524240418276 HTTP/1.1" 200 94
186.103.159.46 - - [20/Apr/2018:13:07:56 -0300] "GET /cormun/static/Shared/jqueryui/images/ui-bg_highlight-soft_100_c6c2c8_1x100.png HTTP/1.1" 404 1117
186.103.159.46 - - [20/Apr/2018:13:07:56 -0300] "GET /cormun/static/Shared/jqueryui/images/ui-icons_82798d_256x240.png HTTP/1.1" 404 1089
186.103.159.46 - - [20/Apr/2018:13:07:56 -0300] "GET /cormun/static/Shared/jqueryui/images/ui-bg_flat_55_994d53_40x100.png HTTP/1.1" 404 1097
186.103.159.46 - - [20/Apr/2018:13:07:56 -0300] "GET /cormun/static/Shared/jqueryui/images/ui-icons_ebccce_256x240.png HTTP/1.1" 404 1089
186.103.159.189 - - [20/Apr/2018:13:07:56 -0300] "GET /cormun/servlet/hlogin HTTP/1.1" 200 1718
186.103.156.24 - - [20/Apr/2018:13:07:57 -0300] "GET /cormun/pexe_scrolldiv.js HTTP/1.1" 404 1009
186.103.156.24 - - [20/Apr/2018:13:07:57 -0300] "GET /cormun/servlet/veautorizarsolicitud?2018,10921,, HTTP/1.1" 200 8659
186.103.159.46 - - [20/Apr/2018:13:07:57 -0300] "GET /cormun/servlet/solicitudot?d45836e40e9f79e89765871ba78f1ee20a3492eea7964428a99e348e07ce0c3f,gx-no-cache=1524240419538 HTTP/1.1" 200 53
186.103.159.188 - - [20/Apr/2018:13:08:01 -0300] "GET /cormun/servlet/prlicenciaspermisos?15122782,L,,MD,,gxPopupLevel%3D0%3B HTTP/1.1" 200 6244
186.103.159.188 - - [20/Apr/2018:13:08:01 -0300] "GET /cormun/static/gxcfg.js?20176272053834 HTTP/1.1" 200 953
190.161.236.41 - - [20/Apr/2018:13:08:01 -0300] "GET /cormun/static/prlicenciaspermisos.js?20176272054050 HTTP/1.1" 200 13379
186.103.159.189 - - [20/Apr/2018:13:08:07 -0300] "POST /cormun/servlet/hlogin?a6628dbd1d7f70b4b1297df11f15a15d,gx-no-cache=1524244028657 HTTP/1.1" 200 90
186.103.159.189 - - [20/Apr/2018:13:08:08 -0300] "GET /cormun/servlet/hpexe_link HTTP/1.1" 200 949
186.103.159.189 - - [20/Apr/2018:13:08:08 -0300] "GET /cormun/servlet/hhome HTTP/1.1" 200 3987
186.103.159.189 - - [20/Apr/2018:13:08:11 -0300] "GET /cormun/servlet/hhome HTTP/1.1" 200 3984
186.103.156.24 - - [20/Apr/2018:13:08:21 -0300] "GET /cormun/servlet/trautorizarsolicitud HTTP/1.1" 200 21004
186.103.156.24 - - [20/Apr/2018:13:08:22 -0300] "GET /cormun/servlet/trautorizarsolicitud HTTP/1.1" 200 20999
192.168.10.97 - - [20/Apr/2018:13:08:22 -0300] "GET /cormun/servlet/hlogin HTTP/1.1" 200 1729
192.168.10.97 - - [20/Apr/2018:13:08:23 -0300] "POST /cormun/servlet/hlogin?99f81af1c43f54bba8d0a2559e590765,gx-no-cache=1524240324864 HTTP/1.1" 200 90
192.168.10.97 - - [20/Apr/2018:13:08:23 -0300] "GET /cormun/servlet/hpexe_link HTTP/1.1" 200 954
192.168.10.97 - - [20/Apr/2018:13:08:23 -0300] "GET /cormun/servlet/hhome HTTP/1.1" 200 4595
192.168.10.97 - - [20/Apr/2018:13:08:24 -0300] "GET /cormun/servlet/hhome HTTP/1.1" 200 4591
186.103.156.24 - - [20/Apr/2018:13:08:30 -0300] "GET /cormun/servlet/veautorizarsolicitud?2018,10654,, HTTP/1.1" 200 8578
186.103.156.24 - - [20/Apr/2018:13:08:30 -0300] "GET /cormun/pexe_scrolldiv.js HTTP/1.1" 404 1009
186.103.156.24 - - [20/Apr/2018:13:08:30 -0300] "GET /cormun/pexe_scrolldiv.js HTTP/1.1" 404 1009
186.103.156.24 - - [20/Apr/2018:13:08:31 -0300] "GET /cormun/servlet/veautorizarsolicitud?2018,10654,, HTTP/1.1" 200 8577
186.103.159.189 - - [20/Apr/2018:13:08:33 -0300] "GET /cormun/servlet/trpermisosgoce? HTTP/1.1" 200 13674
192.168.10.97 - - [20/Apr/2018:13:08:33 -0300] "GET /cormun/servlet/trsolicitudgral? HTTP/1.1" 200 13403
192.168.10.97 - - [20/Apr/2018:13:08:34 -0300] "GET /cormun/servlet/trsolicitudgral? HTTP/1.1" 200 13401
186.103.159.189 - - [20/Apr/2018:13:08:35 -0300] "GET /cormun/servlet/trpermisosgoce? HTTP/1.1" 200 13649
186.103.156.24 - - [20/Apr/2018:13:08:38 -0300] "GET /cormun/servlet/trautorizarsolicitud HTTP/1.1" 200 21005
186.103.156.24 - - [20/Apr/2018:13:08:39 -0300] "GET /cormun/servlet/trautorizarsolicitud HTTP/1.1" 200 20999
186.103.159.189 - - [20/Apr/2018:13:08:46 -0300] "GET /cormun/servlet/trpermisosadjuntos?13097042,20180419171003,P, HTTP/1.1" 200 6290
186.103.159.189 - - [20/Apr/2018:13:08:48 -0300] "GET /cormun/servlet/trpermisosadjuntos?13097042,20180419171003,P, HTTP/1.1" 200 6291
186.103.156.24 - - [20/Apr/2018:13:08:48 -0300] "GET /cormun/servlet/veautorizarsolicitud?2018,10463,, HTTP/1.1" 200 8641
186.103.156.24 - - [20/Apr/2018:13:08:48 -0300] "GET /cormun/pexe_scrolldiv.js HTTP/1.1" 404 1009
186.103.156.24 - - [20/Apr/2018:13:08:49 -0300] "GET /cormun/pexe_scrolldiv.js HTTP/1.1" 404 1009
186.103.156.24 - - [20/Apr/2018:13:08:49 -0300] "GET /cormun/servlet/veautorizarsolicitud?2018,10463,, HTTP/1.1" 200 8641
190.161.236.41 - - [20/Apr/2018:13:08:50 -0300] "GET /cormun/servlet/solicitudot?cb638c9bc93a60089de7943a37e6f17fe145374d05e0694b4272a1589636c3d9,gx-no-cache=1524240476470 HTTP/1.1" 200 94
190.161.236.41 - - [20/Apr/2018:13:08:50 -0300] "POST /cormun/servlet/solicitudot?gx-no-cache=1524240476587 HTTP/1.1" 200 30
190.161.236.41 - - [20/Apr/2018:13:08:50 -0300] "POST /cormun/servlet/solicitudot?gx-no-cache=1524240476648 HTTP/1.1" 200 1368
190.161.236.41 - - [20/Apr/2018:13:08:54 -0300] "POST /cormun/servlet/solicitudot?gx-no-cache=1524240480418 HTTP/1.1" 200 41
186.103.156.24 - - [20/Apr/2018:13:08:54 -0300] "GET /cormun/servlet/trautorizarsolicitud HTTP/1.1" 200 21004
186.103.156.24 - - [20/Apr/2018:13:08:55 -0300] "GET /cormun/servlet/trautorizarsolicitud HTTP/1.1" 200 20999
186.103.159.46 - - [20/Apr/2018:13:08:58 -0300] "GET /cormun/servlet/solicitudot?d45836e40e9f79e89765871ba78f1ee240071be808b8dc9da22dc9180bb9c722510eeeb01edd8374e4f296526be5c1a5,gx-no-cache=1524240480044 HTTP/1.1" 200 30
186.103.159.46 - - [20/Apr/2018:13:08:59 -0300] "POST /cormun/servlet/solicitudot?gx-no-cache=1524240481424 HTTP/1.1" 200 255
186.103.159.46 - - [20/Apr/2018:13:09:01 -0300] "GET /cormun/servlet/solicitudot?d45836e40e9f79e89765871ba78f1ee2da5441dc3a7189bdbaf75b290ab69a71deaad9e8604c85d0d51daaee4a3796094cde9cff8ceffbd3df8eb275a032f3726eef22d03b3b81edfc498d550b1ac7b4fcce92b6c1a0dd0b31eeb9996739a60a0da0a8901843b954b7b2f0d6c41da5c216835c9f219c1ec494d3c0d2958856892d57174f633cb0d586b628436109b5f39200c76f58f04c26d99fb940bf5a0edc9d560ce09a38052a641626ce3926621be4a06f735c8130097e48d9a30f645997689b186928950a5a9afe105f125155b2202e4bf60d7c5ab577bd1414c243280789957fe3ac190e6cbf551ff54f8b417ff7ba7b1db07178087e36c5d08818d96f28289f4a5b3f1b92d24b538d1219ccd629197bc9596dfcbf8ceee0aadd9af8bea4feec94fb5060846b3148683d9655c3c1327e7dc3f4a461c58a18e540c3e53f5c8bfbafac55bfcb661ede23bc0ef056e2979ad3ebbad1811ba7409b0ead924d72b111fdfd93cd72b328b041c510c4c886a0163fd67a910b87e4f65bb90e35ac,gx-no-cache=1524240483447 HTTP/1.1" 200 30
186.103.159.189 - - [20/Apr/2018:13:09:04 -0300] "GET /cormun/servlet/permisosadjuntos?INS,13097042,P,20180419171003,, HTTP/1.1" 200 5617
186.103.159.46 - - [20/Apr/2018:13:09:04 -0300] "POST /cormun/servlet/solicitudot?gx-no-cache=1524240486807 HTTP/1.1" 200 30
186.103.159.189 - - [20/Apr/2018:13:09:05 -0300] "GET /cormun/static/about:blank HTTP/1.1" 404 1011
186.103.159.189 - - [20/Apr/2018:13:09:06 -0300] "GET /cormun/servlet/permisosadjuntos?INS,13097042,P,20180419171003,, HTTP/1.1" 200 5608
192.168.10.97 - - [20/Apr/2018:13:09:06 -0300] "POST /cormun/servlet/trsolicitudgral?99f81af1c43f54bba8d0a2559e590765,,gx-no-cache=1524240367435 HTTP/1.1" 200 12781
186.103.159.46 - - [20/Apr/2018:13:09:10 -0300] "GET /cormun/servlet/prcontratosol?18650818,,,,,MD,,gxPopupLevel%3D0%3B HTTP/1.1" 200 7480
186.103.159.189 - - [20/Apr/2018:13:09:19 -0300] "POST /cormun/servlet/permisosadjuntos?a6628dbd1d7f70b4b1297df11f15a15d,INS,13097042,P,20180419171003,, HTTP/1.1" 200 116
186.103.159.189 - - [20/Apr/2018:13:09:20 -0300] "GET /cormun/servlet/hpexe_return? HTTP/1.1" 200 1037
186.103.159.189 - - [20/Apr/2018:13:09:20 -0300] "GET /cormun/servlet/trpermisosadjuntos?13097042,20180419171003,P, HTTP/1.1" 200 6796
186.103.159.46 - - [20/Apr/2018:13:09:21 -0300] "POST /cormun/servlet/solicitudot?gx-no-cache=1524240502928 HTTP/1.1" 200 1369
186.103.159.46 - - [20/Apr/2018:13:09:21 -0300] "POST /cormun/servlet/solicitudot?gx-no-cache=1524240503035 HTTP/1.1" 200 38
186.103.159.46 - - [20/Apr/2018:13:09:21 -0300] "GET /cormun/servlet/solicitudot?d45836e40e9f79e89765871ba78f1ee29d0775a84f3edf35b534eb3f3ab466923bfa723617f0a9347fda525490dbf7db9947e87b69bd646f69316ec3b59ecc9ed88198f6865dc5980363bc32e7175e7d819c2f5f426e35bf98276d20ec17570bb96db13561fd8121199fc534b5324c21,gx-no-cache=1524240503080 HTTP/1.1" 200 29
186.103.159.46 - - [20/Apr/2018:13:09:21 -0300] "POST /cormun/servlet/solicitudot?gx-no-cache=1524240503119 HTTP/1.1" 200 1351
186.103.159.46 - - [20/Apr/2018:13:09:21 -0300] "POST /cormun/servlet/solicitudot?gx-no-cache=1524240503193 HTTP/1.1" 200 1249
186.103.159.46 - - [20/Apr/2018:13:09:21 -0300] "GET /cormun/servlet/solicitudot?d45836e40e9f79e89765871ba78f1ee2f54d34b5963e7276114a615f49e0ddd12d9aaa7396bbd12cdf13ab90f788f37a,gx-no-cache=1524240503252 HTTP/1.1" 200 134
186.103.159.189 - - [20/Apr/2018:13:09:22 -0300] "GET /cormun/servlet/trpermisosadjuntos?13097042,20180419171003,P, HTTP/1.1" 200 6793
186.103.156.24 - - [20/Apr/2018:13:09:23 -0300] "GET /cormun/servlet/veautorizarsolicitud?2018,11045,, HTTP/1.1" 200 8619
186.103.156.24 - - [20/Apr/2018:13:09:23 -0300] "GET /cormun/pexe_scrolldiv.js HTTP/1.1" 404 1009
186.103.156.24 - - [20/Apr/2018:13:09:24 -0300] "GET /cormun/servlet/veautorizarsolicitud?2018,11045,, HTTP/1.1" 200 8618
186.103.159.189 - - [20/Apr/2018:13:09:26 -0300] "POST /cormun/servlet/trpermisosadjuntos?a6628dbd1d7f70b4b1297df11f15a15d,13097042,20180419171003,P,,gx-no-cache=1524244106923 HTTP/1.1" 200 90
186.103.159.189 - - [20/Apr/2018:13:09:26 -0300] "GET /cormun/servlet/hpexe_link HTTP/1.1" 200 982
186.103.159.189 - - [20/Apr/2018:13:09:26 -0300] "GET /cormun/servlet/trpermisosgoce HTTP/1.1" 200 13661
186.103.159.189 - - [20/Apr/2018:13:09:28 -0300] "GET /cormun/servlet/trpermisosgoce HTTP/1.1" 200 13646
186.103.156.24 - - [20/Apr/2018:13:09:33 -0300] "GET /cormun/servlet/veautorizarsolicitud?2018,11045,,SolicitudOTLog HTTP/1.1" 200 9293
186.103.156.24 - - [20/Apr/2018:13:09:33 -0300] "GET /cormun/pexe_scrolldiv.js HTTP/1.1" 404 1009
186.103.156.24 - - [20/Apr/2018:13:09:33 -0300] "GET /cormun/static/tbautorizarsolicitud03.js?2017761159755 HTTP/1.1" 200 13367
186.103.156.24 - - [20/Apr/2018:13:09:33 -0300] "GET /cormun/static/Resources/PXToolsTabLastSelected.png HTTP/1.1" 200 1262
186.103.156.24 - - [20/Apr/2018:13:09:33 -0300] "GET /cormun/pexe_scrolldiv.js HTTP/1.1" 404 1009
186.103.159.189 - - [20/Apr/2018:13:09:34 -0300] "POST /cormun/servlet/trpermisosgoce?a6628dbd1d7f70b4b1297df11f15a15d,gx-no-cache=1524244114456 HTTP/1.1" 200 10843
186.103.156.24 - - [20/Apr/2018:13:09:34 -0300] "GET /cormun/static/gxui/gxui-all.css HTTP/1.1" 200 2179
186.103.156.24 - - [20/Apr/2018:13:09:34 -0300] "GET /cormun/static/Resources/PXToolsTabUnselectedSelected.png HTTP/1.1" 200 1444
186.103.156.24 - - [20/Apr/2018:13:09:34 -0300] "GET /cormun/servlet/veautorizarsolicitud?2018,11045,,SolicitudOTLog HTTP/1.1" 200 9293
186.103.156.24 - - [20/Apr/2018:13:09:34 -0300] "GET /cormun/static/Shared/ext/resources/css/ext-all.css HTTP/1.1" 200 416045
186.103.156.24 - - [20/Apr/2018:13:09:34 -0300] "GET /cormun/static/Resources/PXToolsTabFirstUnselected.png HTTP/1.1" 200 1264
186.103.159.189 - - [20/Apr/2018:13:09:35 -0300] "GET /cormun/static/Shared/jqueryui/images/ui-icons_82798d_256x240.png HTTP/1.1" 404 1089
186.103.159.189 - - [20/Apr/2018:13:09:35 -0300] "GET /cormun/static/Shared/jqueryui/images/ui-bg_flat_55_fafafa_40x100.png HTTP/1.1" 404 1097
186.103.156.24 - - [20/Apr/2018:13:09:35 -0300] "POST /cormun/servlet/acontrolpreferencessavestate?None,GALVAREZ,true HTTP/1.1" 200 35
186.103.159.189 - - [20/Apr/2018:13:09:35 -0300] "GET /cormun/static/Shared/jqueryui/images/ui-icons_8d78a5_256x240.png HTTP/1.1" 404 1089
186.103.159.189 - - [20/Apr/2018:13:09:35 -0300] "GET /cormun/static/Shared/jqueryui/images/ui-bg_highlight-soft_100_c6c2c8_1x100.png HTTP/1.1" 404 1117
186.103.156.24 - - [20/Apr/2018:13:09:40 -0300] "GET /cormun/servlet/veautorizarsolicitud?2018,11045,,SolicitudOTAdjuntos HTTP/1.1" 200 7453
186.103.156.24 - - [20/Apr/2018:13:09:40 -0300] "GET /cormun/pexe_scrolldiv.js HTTP/1.1" 404 1009
186.103.156.24 - - [20/Apr/2018:13:09:40 -0300] "GET /cormun/static/tbautorizarsolicitud02.js?2017111423391281 HTTP/1.1" 200 14747
186.103.156.24 - - [20/Apr/2018:13:09:40 -0300] "GET /cormun/pexe_scrolldiv.js HTTP/1.1" 404 1009
186.103.156.24 - - [20/Apr/2018:13:09:40 -0300] "GET /cormun/servlet/veautorizarsolicitud?2018,11045,,SolicitudOTAdjuntos HTTP/1.1" 200 7453
186.103.156.24 - - [20/Apr/2018:13:09:41 -0300] "POST /cormun/servlet/acontrolpreferencessavestate?None,GALVAREZ,true HTTP/1.1" 200 35
186.103.156.24 - - [20/Apr/2018:13:09:43 -0300] "GET /cormun/servlet/veautorizarsolicitud?2018,11045,,General HTTP/1.1" 200 8625
186.103.156.24 - - [20/Apr/2018:13:09:43 -0300] "GET /cormun/pexe_scrolldiv.js HTTP/1.1" 404 1009
186.103.156.24 - - [20/Apr/2018:13:09:44 -0300] "GET /cormun/pexe_scrolldiv.js HTTP/1.1" 404 1009
186.103.156.24 - - [20/Apr/2018:13:09:44 -0300] "GET /cormun/servlet/veautorizarsolicitud?2018,11045,,General HTTP/1.1" 200 8624
186.103.159.46 - - [20/Apr/2018:13:09:50 -0300] "POST /cormun/servlet/solicitudot?gx-no-cache=1524240532274 HTTP/1.1" 200 1351
186.103.159.46 - - [20/Apr/2018:13:09:50 -0300] "POST /cormun/servlet/solicitudot?gx-no-cache=1524240532362 HTTP/1.1" 200 1249
186.103.156.24 - - [20/Apr/2018:13:09:51 -0300] "GET /cormun/servlet/veautorizarsolicitud?2018,11045,,SolicitudOTAdjuntos HTTP/1.1" 200 7453
186.103.156.24 - - [20/Apr/2018:13:09:51 -0300] "GET /cormun/servlet/veautorizarsolicitud?2018,11045,,SolicitudOTAdjuntos HTTP/1.1" 200 7453
186.103.156.24 - - [20/Apr/2018:13:09:52 -0300] "POST /cormun/servlet/acontrolpreferencessavestate?None,GALVAREZ,true HTTP/1.1" 200 35
186.103.156.24 - - [20/Apr/2018:13:09:54 -0300] "GET /cormun/servlet/veautorizarsolicitud?2018,11045,,SolicitudOTLog HTTP/1.1" 200 9293
186.103.156.24 - - [20/Apr/2018:13:09:54 -0300] "GET /cormun/servlet/veautorizarsolicitud?2018,11045,,SolicitudOTLog HTTP/1.1" 200 9293
186.103.156.24 - - [20/Apr/2018:13:09:55 -0300] "POST /cormun/servlet/acontrolpreferencessavestate?None,GALVAREZ,true HTTP/1.1" 200 35
186.103.159.46 - - [20/Apr/2018:13:09:56 -0300] "GET /cormun/servlet/solicitudot?d45836e40e9f79e89765871ba78f1ee278fb9e39fcff76d22323b5ab238a7c0a2d9aaa7396bbd12cdf13ab90f788f37a,gx-no-cache=1524240537985 HTTP/1.1" 200 30
186.103.156.24 - - [20/Apr/2018:13:10:00 -0300] "GET /cormun/servlet/trvisualizadoreventos? HTTP/1.1" 200 7007
186.103.156.24 - - [20/Apr/2018:13:10:00 -0300] "GET /cormun/static/gxcfg.js?20175251251426 HTTP/1.1" 200 953
186.103.156.24 - - [20/Apr/2018:13:10:00 -0300] "GET /cormun/static/trvisualizadoreventos.js?20175251251768 HTTP/1.1" 200 19318
186.103.156.24 - - [20/Apr/2018:13:10:00 -0300] "GET /cormun/static/Resources/PXToolsActionPrint.png HTTP/1.1" 200 3317
186.103.156.24 - - [20/Apr/2018:13:10:01 -0300] "GET /cormun/servlet/trvisualizadoreventos? HTTP/1.1" 200 6989
186.103.159.46 - - [20/Apr/2018:13:10:04 -0300] "POST /cormun/servlet/solicitudot?gx-no-cache=1524240546049 HTTP/1.1" 200 33
186.103.159.46 - - [20/Apr/2018:13:10:04 -0300] "POST /cormun/servlet/solicitudot?c83b8248af5b1429f192f83905d627f9,INS,0,0,,gx-no-cache=1524240546159 HTTP/1.1" 200 93
186.103.159.46 - - [20/Apr/2018:13:10:04 -0300] "GET /cormun/servlet/hpexe_return? HTTP/1.1" 200 1007
186.103.156.24 - - [20/Apr/2018:13:10:04 -0300] "POST /cormun/servlet/trvisualizadoreventos?c6ea2a0c4d0ae1b7be598b678c8c8d0e,,gx-no-cache=1524240553516 HTTP/1.1" 200 4154
186.103.159.46 - - [20/Apr/2018:13:10:04 -0300] "GET /cormun/servlet/trsolicitudot HTTP/1.1" 200 11717
186.103.159.46 - - [20/Apr/2018:13:10:06 -0300] "GET /cormun/servlet/trsolicitudot HTTP/1.1" 200 11712
186.103.156.24 - - [20/Apr/2018:13:10:07 -0300] "GET /cormun/servlet/veautorizarsolicitud?2018,11045,,SolicitudOTLog HTTP/1.1" 200 9293
186.103.156.24 - - [20/Apr/2018:13:10:08 -0300] "GET /cormun/servlet/veautorizarsolicitud?2018,11045,,SolicitudOTLog HTTP/1.1" 200 9293
186.103.156.24 - - [20/Apr/2018:13:10:09 -0300] "POST /cormun/servlet/acontrolpreferencessavestate?None,GALVAREZ,true HTTP/1.1" 200 35
186.103.159.46 - - [20/Apr/2018:13:10:26 -0300] "POST /cormun/servlet/trsolicitudot?c83b8248af5b1429f192f83905d627f9,gx-no-cache=1524240568513 HTTP/1.1" 200 8399
186.103.159.46 - - [20/Apr/2018:13:10:26 -0300] "GET /cormun/static/Shared/jqueryui/images/ui-bg_highlight-soft_100_c6c2c8_1x100.png HTTP/1.1" 404 1117
186.103.159.46 - - [20/Apr/2018:13:10:26 -0300] "GET /cormun/static/Shared/jqueryui/images/ui-icons_82798d_256x240.png HTTP/1.1" 404 1089
186.103.159.46 - - [20/Apr/2018:13:10:27 -0300] "GET /cormun/static/Shared/jqueryui/images/ui-bg_flat_55_fafafa_40x100.png HTTP/1.1" 404 1097
186.103.159.46 - - [20/Apr/2018:13:10:27 -0300] "GET /cormun/static/Shared/jqueryui/images/ui-icons_8d78a5_256x240.png HTTP/1.1" 404 1089
186.103.159.46 - - [20/Apr/2018:13:10:27 -0300] "POST /cormun/servlet/trsolicitudot?c83b8248af5b1429f192f83905d627f9,gx-no-cache=1524240569095 HTTP/1.1" 200 8343
186.103.159.46 - - [20/Apr/2018:13:10:29 -0300] "POST /cormun/servlet/trsolicitudot?c83b8248af5b1429f192f83905d627f9,gx-no-cache=1524240570952 HTTP/1.1" 200 7996
186.103.159.46 - - [20/Apr/2018:13:10:29 -0300] "POST /cormun/servlet/trsolicitudot?c83b8248af5b1429f192f83905d627f9,gx-no-cache=1524240571493 HTTP/1.1" 200 7939
186.103.159.46 - - [20/Apr/2018:13:10:30 -0300] "POST /cormun/servlet/trsolicitudot?c83b8248af5b1429f192f83905d627f9,gx-no-cache=1524240572749 HTTP/1.1" 200 7574
186.103.159.46 - - [20/Apr/2018:13:10:31 -0300] "POST /cormun/servlet/trsolicitudot?c83b8248af5b1429f192f83905d627f9,gx-no-cache=1524240573208 HTTP/1.1" 200 7500
186.103.159.46 - - [20/Apr/2018:13:10:32 -0300] "POST /cormun/servlet/trsolicitudot?c83b8248af5b1429f192f83905d627f9,gx-no-cache=1524240574341 HTTP/1.1" 200 7187
186.103.159.46 - - [20/Apr/2018:13:10:32 -0300] "POST /cormun/servlet/trsolicitudot?c83b8248af5b1429f192f83905d627f9,gx-no-cache=1524240574819 HTTP/1.1" 200 7130
186.103.159.46 - - [20/Apr/2018:13:10:34 -0300] "POST /cormun/servlet/trsolicitudot?c83b8248af5b1429f192f83905d627f9,gx-no-cache=1524240576148 HTTP/1.1" 200 6778
186.103.159.46 - - [20/Apr/2018:13:10:35 -0300] "POST /cormun/servlet/trsolicitudot?c83b8248af5b1429f192f83905d627f9,gx-no-cache=1524240576608 HTTP/1.1" 200 6721
186.103.159.46 - - [20/Apr/2018:13:10:36 -0300] "POST /cormun/servlet/trsolicitudot?c83b8248af5b1429f192f83905d627f9,gx-no-cache=1524240578724 HTTP/1.1" 200 6431
