186.103.158.250 - - [19/Apr/2018:17:34:28 -0300] "GET /cormun/static/about:blank HTTP/1.1" 404 1011
186.103.158.250 - - [19/Apr/2018:17:34:28 -0300] "GET /cormun/servlet/solicitudotadjuntos?INS,2018,11150,,1, HTTP/1.1" 200 6014
186.103.158.250 - - [19/Apr/2018:17:34:28 -0300] "GET /cormun/servlet/solicitudotadjuntos?1e2ddbaa7412fe1d2ca9f8f9d169c304671f198e678e09b41a02790e984202f93ba4ef75eeb0d07b7ceeff36bb5fbf1b,gx-no-cache=1524173392898 HTTP/1.1" 200 30
186.103.158.250 - - [19/Apr/2018:17:34:28 -0300] "POST /cormun/servlet/solicitudotadjuntos?09c8599d679491ac1cfa78ec460621e0,INS,2018,11150,,1,,gx-no-cache=1524173392942 HTTP/1.1" 200 3827
186.103.158.250 - - [19/Apr/2018:17:34:33 -0300] "POST /cormun/servlet/solicitudotadjuntos?gx-no-cache=1524173398022 HTTP/1.1" 200 26
186.103.158.250 - - [19/Apr/2018:17:35:16 -0300] "GET /cormun/servlet/solicitudotadjuntos?1e2ddbaa7412fe1d2ca9f8f9d169c304382d61f2917298cb298fa5e2a031d768,gx-no-cache=1524173440477 HTTP/1.1" 200 30
186.103.158.250 - - [19/Apr/2018:17:35:16 -0300] "GET /cormun/servlet/solicitudotadjuntos?1e2ddbaa7412fe1d2ca9f8f9d169c304382d61f2917298cb298fa5e2a031d768,gx-no-cache=1524173440594 HTTP/1.1" 200 30
186.103.158.250 - - [19/Apr/2018:17:35:17 -0300] "POST /cormun/servlet/solicitudotadjuntos?09c8599d679491ac1cfa78ec460621e0,INS,2018,11150,,1, HTTP/1.1" 200 116
186.103.158.250 - - [19/Apr/2018:17:35:17 -0300] "GET /cormun/servlet/hpexe_return? HTTP/1.1" 200 1029
186.103.158.250 - - [19/Apr/2018:17:35:18 -0300] "GET /cormun/servlet/trsolicitudadjuntos?2018,11150, HTTP/1.1" 200 9040
186.103.158.250 - - [19/Apr/2018:17:35:19 -0300] "GET /cormun/servlet/trsolicitudadjuntos?2018,11150, HTTP/1.1" 200 9040
186.103.158.250 - - [19/Apr/2018:17:35:23 -0300] "GET /cormun/servlet/solicitudotadjuntos?INS,2018,11150,,1, HTTP/1.1" 200 6019
186.103.158.250 - - [19/Apr/2018:17:35:24 -0300] "GET /cormun/static/about:blank HTTP/1.1" 404 1011
186.103.158.250 - - [19/Apr/2018:17:35:24 -0300] "GET /cormun/servlet/solicitudotadjuntos?INS,2018,11150,,1, HTTP/1.1" 200 6013
186.103.158.250 - - [19/Apr/2018:17:35:25 -0300] "GET /cormun/servlet/solicitudotadjuntos?1e2ddbaa7412fe1d2ca9f8f9d169c304671f198e678e09b41a02790e984202f93ba4ef75eeb0d07b7ceeff36bb5fbf1b,gx-no-cache=1524173449529 HTTP/1.1" 200 30
186.103.158.250 - - [19/Apr/2018:17:35:25 -0300] "POST /cormun/servlet/solicitudotadjuntos?09c8599d679491ac1cfa78ec460621e0,INS,2018,11150,,1,,gx-no-cache=1524173449613 HTTP/1.1" 200 3827
186.103.158.250 - - [19/Apr/2018:17:35:31 -0300] "POST /cormun/servlet/solicitudotadjuntos?gx-no-cache=1524173455800 HTTP/1.1" 200 26
201.214.54.200 - - [19/Apr/2018:17:36:12 -0300] "GET /cormun/servlet/hlogin HTTP/1.1" 200 1718
186.103.157.235 - - [19/Apr/2018:17:36:21 -0300] "GET /cormun/servlet/hlogin HTTP/1.1" 200 1720
201.214.54.200 - - [19/Apr/2018:17:36:22 -0300] "POST /cormun/servlet/hlogin?095a80becf175a58a9f40e63961e9fd5,gx-no-cache=1524170128667 HTTP/1.1" 200 90
201.214.54.200 - - [19/Apr/2018:17:36:22 -0300] "GET /cormun/servlet/hpexe_link HTTP/1.1" 200 948
186.103.157.235 - - [19/Apr/2018:17:36:22 -0300] "GET /cormun/static/gxtimezone.js?85251 HTTP/1.1" 304 -
186.103.157.235 - - [19/Apr/2018:17:36:22 -0300] "GET /cormun/static/messages.spa.js?85251 HTTP/1.1" 304 -
201.214.54.200 - - [19/Apr/2018:17:36:22 -0300] "GET /cormun/servlet/hhome HTTP/1.1" 200 4229
186.103.157.235 - - [19/Apr/2018:17:36:23 -0300] "GET /cormun/servlet/hlogin HTTP/1.1" 200 1720
186.103.157.235 - - [19/Apr/2018:17:36:23 -0300] "GET /cormun/static/Resources/PXToolsLoginBottom.png HTTP/1.1" 200 1389
186.103.157.235 - - [19/Apr/2018:17:36:23 -0300] "GET /cormun/static/Resources/PXToolsLoginBackground.png HTTP/1.1" 200 1164
186.103.157.235 - - [19/Apr/2018:17:36:23 -0300] "GET /cormun/static/Resources/PXToolsButtonLeft21.png HTTP/1.1" 200 1287
186.103.157.235 - - [19/Apr/2018:17:36:23 -0300] "GET /cormun/static/Resources/PXToolsButtonRight21.png HTTP/1.1" 200 1283
186.103.157.235 - - [19/Apr/2018:17:36:23 -0300] "GET /cormun/static/Resources/PXToolsButtonBackground2.png HTTP/1.1" 200 1181
186.103.157.235 - - [19/Apr/2018:17:36:23 -0300] "GET /cormun/static/Resources/PXToolsLoginTop.png HTTP/1.1" 200 1337
186.103.157.235 - - [19/Apr/2018:17:36:23 -0300] "GET /cormun/servlet/hlogin HTTP/1.1" 200 1731
201.214.54.200 - - [19/Apr/2018:17:36:24 -0300] "GET /cormun/servlet/hhome HTTP/1.1" 200 4225
201.214.54.200 - - [19/Apr/2018:17:36:26 -0300] "GET /cormun/servlet/trsolicitudot? HTTP/1.1" 200 7442
201.214.54.200 - - [19/Apr/2018:17:36:28 -0300] "GET /cormun/servlet/trsolicitudot? HTTP/1.1" 200 7442
201.214.54.200 - - [19/Apr/2018:17:36:30 -0300] "GET /cormun/servlet/solicitudot?INS,0,0, HTTP/1.1" 200 13663
186.103.157.235 - - [19/Apr/2018:17:36:31 -0300] "POST /cormun/servlet/hlogin?a27c6b3941bf9dd2fd72fb9c24e7e85d,gx-no-cache=1524170137683 HTTP/1.1" 200 90
186.103.157.235 - - [19/Apr/2018:17:36:31 -0300] "GET /cormun/servlet/hpexe_link HTTP/1.1" 200 952
186.103.157.235 - - [19/Apr/2018:17:36:31 -0300] "GET /cormun/static/gxcfg.js?20177612121792 HTTP/1.1" 200 953
186.103.157.235 - - [19/Apr/2018:17:36:31 -0300] "GET /cormun/static/hpexe_link.js?20177612121795 HTTP/1.1" 200 625
186.103.157.235 - - [19/Apr/2018:17:36:31 -0300] "GET /cormun/servlet/hhome HTTP/1.1" 200 4226
186.103.157.235 - - [19/Apr/2018:17:36:31 -0300] "GET /cormun/static/PXToolsJavascripts/pexe_cookies.js HTTP/1.1" 200 792
186.103.157.235 - - [19/Apr/2018:17:36:31 -0300] "GET /cormun/static/PXToolsJavascripts/pexe_autoreload.js HTTP/1.1" 200 1762
186.103.157.235 - - [19/Apr/2018:17:36:31 -0300] "GET /cormun/static/PXToolsJavascripts/pexe_grid.js HTTP/1.1" 200 7559
186.103.157.235 - - [19/Apr/2018:17:36:31 -0300] "GET /cormun/static/PXToolsJavascripts/pexe_griddivfix.js HTTP/1.1" 200 6644
186.103.157.235 - - [19/Apr/2018:17:36:31 -0300] "GET /cormun/static/PXToolsJavascripts/pexe_windows.js HTTP/1.1" 200 15207
186.103.157.235 - - [19/Apr/2018:17:36:31 -0300] "GET /cormun/static/gxcfg.js?20175251212442 HTTP/1.1" 200 953
186.103.157.235 - - [19/Apr/2018:17:36:31 -0300] "GET /cormun/static/PXToolsJavascripts/pexe_menus.js HTTP/1.1" 200 1286
186.103.157.235 - - [19/Apr/2018:17:36:31 -0300] "GET /cormun/static/PXToolsJavascripts/pexe_link.js HTTP/1.1" 200 5671
186.103.157.235 - - [19/Apr/2018:17:36:31 -0300] "GET /cormun/static/PXToolsJavascripts/pexe_layers.js HTTP/1.1" 200 4114
186.103.157.235 - - [19/Apr/2018:17:36:31 -0300] "GET /cormun/static/PXToolsJavascripts/pexe_menudivfix.js HTTP/1.1" 200 333
186.103.157.235 - - [19/Apr/2018:17:36:31 -0300] "GET /cormun/static/PXToolsJavascripts/pexe_oav.js HTTP/1.1" 200 645
186.103.157.235 - - [19/Apr/2018:17:36:31 -0300] "GET /cormun/static/PXToolsJavascripts/pexe_oavdivfix.js HTTP/1.1" 200 639
186.103.157.235 - - [19/Apr/2018:17:36:31 -0300] "GET /cormun/static/PXToolsJavascripts/pexe_picture.js HTTP/1.1" 200 689
186.103.157.235 - - [19/Apr/2018:17:36:31 -0300] "GET /cormun/static/PXToolsJavascripts/pexe_popup.js HTTP/1.1" 200 13458
186.103.157.235 - - [19/Apr/2018:17:36:31 -0300] "GET /cormun/static/PXToolsJavascripts/pexe_scrolldiv.js HTTP/1.1" 200 4138
186.103.157.235 - - [19/Apr/2018:17:36:31 -0300] "GET /cormun/static/PXToolsJavascripts/pexe_tabdivfix.js HTTP/1.1" 200 876
186.103.157.235 - - [19/Apr/2018:17:36:31 -0300] "GET /cormun/static/PXToolsJavascripts/pexe_tabs.js HTTP/1.1" 200 3748
186.103.157.235 - - [19/Apr/2018:17:36:32 -0300] "GET /cormun/static/PXToolsJavascripts/pexe_upload.js HTTP/1.1" 200 1423
186.103.157.235 - - [19/Apr/2018:17:36:32 -0300] "GET /cormun/static/PXToolsJavascripts/PXToolsJavascriptsRender.js HTTP/1.1" 200 367
201.214.54.200 - - [19/Apr/2018:17:36:32 -0300] "GET /cormun/servlet/solicitudot?INS,0,0, HTTP/1.1" 200 13668
186.103.157.235 - - [19/Apr/2018:17:36:32 -0300] "GET /cormun/static/RunJS/RunJS.js HTTP/1.1" 200 288
186.103.157.235 - - [19/Apr/2018:17:36:32 -0300] "GET /cormun/static/hpexe_recentlink.js?20177611595044 HTTP/1.1" 200 2144
186.103.157.235 - - [19/Apr/2018:17:36:32 -0300] "GET /cormun/static/hhome.js?20175251212450 HTTP/1.1" 200 777
186.103.157.235 - - [19/Apr/2018:17:36:32 -0300] "GET /cormun/static/hwchdr01.js?201752511465785 HTTP/1.1" 200 1183
186.103.157.235 - - [19/Apr/2018:17:36:32 -0300] "GET /cormun/static/Shared/ext/locale/ext-lang-en.js HTTP/1.1" 200 10940
186.103.157.235 - - [19/Apr/2018:17:36:32 -0300] "GET /cormun/static/hpexe_scripts.js?201752511465715 HTTP/1.1" 200 1544
186.103.157.235 - - [19/Apr/2018:17:36:32 -0300] "GET /cormun/static/hpexe_messagecontroller.js?20177611595012 HTTP/1.1" 200 870
186.103.157.235 - - [19/Apr/2018:17:36:32 -0300] "GET /cormun/static/Resources/PXToolsDataTitle.png HTTP/1.1" 200 1173
186.103.157.235 - - [19/Apr/2018:17:36:32 -0300] "GET /cormun/static/Resources/PXToolsHeaderSecurity.png HTTP/1.1" 200 4166
186.103.157.235 - - [19/Apr/2018:17:36:32 -0300] "GET /cormun/static/Resources/PXToolsFooterBackground2.png HTTP/1.1" 200 1172
186.103.157.235 - - [19/Apr/2018:17:36:32 -0300] "GET /cormun/static/Resources/PXToolsHeaderBackground2.png HTTP/1.1" 200 1174
186.103.157.235 - - [19/Apr/2018:17:36:32 -0300] "GET /cormun/static/Resources/PXToolsHeaderActionsBackground.png HTTP/1.1" 200 484
186.103.157.235 - - [19/Apr/2018:17:36:32 -0300] "GET /cormun/static/Resources/PXToolsHeaderActionsRight.png HTTP/1.1" 200 1201
186.103.157.235 - - [19/Apr/2018:17:36:32 -0300] "GET /cormun/static/Resources/PXToolsHeaderActionsLeft.png HTTP/1.1" 200 1118
186.103.157.235 - - [19/Apr/2018:17:36:32 -0300] "GET /cormun/static/Resources/PXToolsHeaderLogin.png HTTP/1.1" 200 4279
186.103.157.235 - - [19/Apr/2018:17:36:32 -0300] "GET /cormun/static/Resources/PXToolsHeaderHome.png HTTP/1.1" 200 4147
186.103.157.235 - - [19/Apr/2018:17:36:32 -0300] "GET /cormun/static/Resources/logo4.png HTTP/1.1" 200 6582
186.103.157.235 - - [19/Apr/2018:17:36:32 -0300] "GET /cormun/static/Resources/PXToolsHeaderPreferences.png HTTP/1.1" 200 4189
186.103.157.235 - - [19/Apr/2018:17:36:32 -0300] "GET /cormun/static/gxui/gxui-all.js HTTP/1.1" 200 107772
186.103.157.235 - - [19/Apr/2018:17:36:32 -0300] "GET /cormun/static/hpexe_messagepopupcomponent.js?20161017169425 HTTP/1.1" 200 605
186.103.157.235 - - [19/Apr/2018:17:36:32 -0300] "GET /cormun/static/hpexe_messagegenexuscomponent.js?201752511465344 HTTP/1.1" 200 587
186.103.157.235 - - [19/Apr/2018:17:36:32 -0300] "GET /cormun/static/cmcontrolpreferences.js?201752511465670 HTTP/1.1" 200 1375
186.103.157.235 - - [19/Apr/2018:17:36:33 -0300] "GET /cormun/static/SmoothNavMenu/resources/ddsmoothmenu.js HTTP/1.1" 200 12712
186.103.157.235 - - [19/Apr/2018:17:36:33 -0300] "GET /cormun/static/SmoothNavMenu/resources/SmoothNavMenuRender.js HTTP/1.1" 200 5951
186.103.157.235 - - [19/Apr/2018:17:36:33 -0300] "GET /cormun/static/scaMessage/js/jquery.pnotify.min.js HTTP/1.1" 200 13038
186.103.157.235 - - [19/Apr/2018:17:36:33 -0300] "GET /cormun/static/scaMessage/scaMessageRender.js HTTP/1.1" 200 11977
186.103.157.235 - - [19/Apr/2018:17:36:33 -0300] "GET /cormun/static/Shared/jquery/jquery-1.4.2.min.js HTTP/1.1" 200 72174
186.103.157.235 - - [19/Apr/2018:17:36:33 -0300] "GET /cormun/static/hmpwkw03.js?20177612122668 HTTP/1.1" 200 3965
186.103.157.235 - - [19/Apr/2018:17:36:34 -0300] "GET /cormun/static/Shared/jqueryui/jquery-ui.min.js HTTP/1.1" 200 240427
186.103.157.235 - - [19/Apr/2018:17:36:35 -0300] "GET /cormun/static/Shared/jquery/jquery-1.10.2.min.js HTTP/1.1" 200 273199
186.103.157.235 - - [19/Apr/2018:17:36:35 -0300] "GET /cormun/static/Shared/ext/ext-all.js HTTP/1.1" 200 1289687
186.103.157.235 - - [19/Apr/2018:17:36:36 -0300] "GET /cormun/servlet/hhome HTTP/1.1" 200 4224
186.103.157.235 - - [19/Apr/2018:17:36:36 -0300] "GET /cormun/static/SmoothNavMenu/resources/images/down.gif HTTP/1.1" 200 854
186.103.157.235 - - [19/Apr/2018:17:36:36 -0300] "GET /cormun/static/SmoothNavMenu/resources/images/right.gif HTTP/1.1" 200 860
186.103.158.250 - - [19/Apr/2018:17:36:40 -0300] "GET /cormun/servlet/solicitudotadjuntos?1e2ddbaa7412fe1d2ca9f8f9d169c304382d61f2917298cb298fa5e2a031d768,gx-no-cache=1524173524201 HTTP/1.1" 200 30
186.103.158.250 - - [19/Apr/2018:17:36:40 -0300] "GET /cormun/servlet/solicitudotadjuntos?1e2ddbaa7412fe1d2ca9f8f9d169c304382d61f2917298cb298fa5e2a031d768,gx-no-cache=1524173524299 HTTP/1.1" 200 30
186.103.158.250 - - [19/Apr/2018:17:36:40 -0300] "POST /cormun/servlet/solicitudotadjuntos?09c8599d679491ac1cfa78ec460621e0,INS,2018,11150,,1, HTTP/1.1" 200 116
186.103.158.250 - - [19/Apr/2018:17:36:40 -0300] "GET /cormun/servlet/hpexe_return? HTTP/1.1" 200 1029
186.103.158.250 - - [19/Apr/2018:17:36:40 -0300] "GET /cormun/servlet/trsolicitudadjuntos?2018,11150, HTTP/1.1" 200 9247
201.214.54.200 - - [19/Apr/2018:17:36:41 -0300] "POST /cormun/servlet/solicitudot?gx-no-cache=1524170147451 HTTP/1.1" 200 3422
201.214.54.200 - - [19/Apr/2018:17:36:41 -0300] "POST /cormun/servlet/solicitudot?095a80becf175a58a9f40e63961e9fd5,INS,0,0,,gx-no-cache=1524170148221 HTTP/1.1" 200 10545
186.103.158.250 - - [19/Apr/2018:17:36:42 -0300] "GET /cormun/servlet/trsolicitudadjuntos?2018,11150, HTTP/1.1" 200 9246
186.103.157.235 - - [19/Apr/2018:17:36:45 -0300] "GET /cormun/servlet/trlicencias? HTTP/1.1" 200 10529
186.103.157.235 - - [19/Apr/2018:17:36:45 -0300] "GET /cormun/static/calendar.js?85251 HTTP/1.1" 200 26246
186.103.157.235 - - [19/Apr/2018:17:36:45 -0300] "GET /cormun/static/gxcfg.js?20176272054169 HTTP/1.1" 200 953
186.103.157.235 - - [19/Apr/2018:17:36:45 -0300] "GET /cormun/static/calendar-setup.js?85251 HTTP/1.1" 200 2588
186.103.157.235 - - [19/Apr/2018:17:36:45 -0300] "GET /cormun/static/calendar-es.js?85251 HTTP/1.1" 200 1901
186.103.157.235 - - [19/Apr/2018:17:36:45 -0300] "GET /cormun/static/Resources/Spanish/PXTools.css?17315867 HTTP/1.1" 200 89042
186.103.157.235 - - [19/Apr/2018:17:36:45 -0300] "GET /cormun/static/gxdec.js?85251 HTTP/1.1" 200 19579
186.103.157.235 - - [19/Apr/2018:17:36:46 -0300] "GET /cormun/static/trlicencias.js?20176272054837 HTTP/1.1" 200 41883
186.103.157.235 - - [19/Apr/2018:17:36:46 -0300] "GET /cormun/static/Resources/PXToolsGridNew.png HTTP/1.1" 200 2949
186.103.157.235 - - [19/Apr/2018:17:36:46 -0300] "GET /cormun/static/Resources/PXToolsActionExcel.png HTTP/1.1" 200 3187
186.103.157.235 - - [19/Apr/2018:17:36:46 -0300] "GET /cormun/static/Resources/PXTools/calendar.png HTTP/1.1" 200 1306
186.103.157.235 - - [19/Apr/2018:17:36:46 -0300] "GET /cormun//static/Resources/PXToolsHeaderFavorites.png HTTP/1.1" 200 2744
186.103.157.235 - - [19/Apr/2018:17:36:46 -0300] "GET /cormun//static/Resources/PXToolsActionDisabled.gif HTTP/1.1" 200 53
186.103.157.235 - - [19/Apr/2018:17:36:46 -0300] "GET /cormun/servlet/trlicencias? HTTP/1.1" 200 10528
186.103.157.235 - - [19/Apr/2018:17:36:46 -0300] "GET /cormun//static/Resources/PXTools/ActionInsert.png HTTP/1.1" 200 1482
186.103.157.235 - - [19/Apr/2018:17:36:46 -0300] "GET /cormun//static/Resources/PXToolsActionPrint.png HTTP/1.1" 200 3317
186.103.157.235 - - [19/Apr/2018:17:36:46 -0300] "GET /cormun//static/Resources/PXToolsGridDisplay.png HTTP/1.1" 200 362
186.103.157.235 - - [19/Apr/2018:17:36:46 -0300] "GET /cormun//static/Resources/PXToolsHeaderHelp.png HTTP/1.1" 200 4055
186.103.158.250 - - [19/Apr/2018:17:36:50 -0300] "GET /cormun/servlet/solicitudotadjuntos?INS,2018,11150,,1, HTTP/1.1" 200 6019
186.103.158.250 - - [19/Apr/2018:17:36:51 -0300] "GET /cormun/static/about:blank HTTP/1.1" 404 1011
186.103.158.250 - - [19/Apr/2018:17:36:51 -0300] "GET /cormun/servlet/solicitudotadjuntos?INS,2018,11150,,1, HTTP/1.1" 200 6012
186.103.158.250 - - [19/Apr/2018:17:36:52 -0300] "GET /cormun/servlet/solicitudotadjuntos?1e2ddbaa7412fe1d2ca9f8f9d169c304671f198e678e09b41a02790e984202f93ba4ef75eeb0d07b7ceeff36bb5fbf1b,gx-no-cache=1524173536453 HTTP/1.1" 200 30
186.103.158.250 - - [19/Apr/2018:17:36:52 -0300] "POST /cormun/servlet/solicitudotadjuntos?09c8599d679491ac1cfa78ec460621e0,INS,2018,11150,,1,,gx-no-cache=1524173536508 HTTP/1.1" 200 3827
186.103.157.235 - - [19/Apr/2018:17:36:58 -0300] "GET /cormun/servlet/licenciaspermisos?INS,0,,, HTTP/1.1" 200 7758
186.103.157.235 - - [19/Apr/2018:17:36:58 -0300] "GET /cormun/static/gxcfg.js?201762917281167 HTTP/1.1" 200 953
186.103.157.235 - - [19/Apr/2018:17:36:58 -0300] "GET /cormun/static/Resources/prompt.gif HTTP/1.1" 200 902
186.103.157.235 - - [19/Apr/2018:17:36:58 -0300] "GET /cormun/static/licenciaspermisos.js?201762917281260 HTTP/1.1" 200 37491
186.103.157.235 - - [19/Apr/2018:17:36:59 -0300] "GET /cormun/servlet/licenciaspermisos?INS,0,,, HTTP/1.1" 200 7766
186.103.159.186 - - [19/Apr/2018:17:37:06 -0300] "GET /cormun/servlet/hlogin HTTP/1.1" 200 1713
186.103.157.235 - - [19/Apr/2018:17:37:10 -0300] "GET /cormun/servlet/licenciaspermisos?233b272023ba702a026b912995296f4c7c95758103f79d1af1a3fab94b4777b563a23fcc3559da9f52f6e1cef2093733,gx-no-cache=1524170176669 HTTP/1.1" 200 96
186.103.157.235 - - [19/Apr/2018:17:37:11 -0300] "POST /cormun/servlet/licenciaspermisos?a27c6b3941bf9dd2fd72fb9c24e7e85d,INS,0,,,,gx-no-cache=1524170176750 HTTP/1.1" 200 4886
186.103.158.250 - - [19/Apr/2018:17:37:14 -0300] "POST /cormun/servlet/solicitudotadjuntos?gx-no-cache=1524173558671 HTTP/1.1" 200 26
186.79.208.148 - - [19/Apr/2018:17:37:23 -0300] "GET /cormun/servlet/solicitudot?3988aa728ddcc5a1803bea73dd2e079199086e50fbb7457fbc5e91bc959c0cc0f3f5d185ad68989b3a40d2e750a525cf,gx-no-cache=1524170189059 HTTP/1.1" 200 30
186.79.208.148 - - [19/Apr/2018:17:37:23 -0300] "GET /cormun/servlet/solicitudot?3988aa728ddcc5a1803bea73dd2e0791c92edef547ea0d6a9699045362401ac499cfc30cfd20b024e94a5bfae1b809071b82c13eed0260c164364887b006a833,gx-no-cache=1524170189785 HTTP/1.1" 200 30
186.79.208.148 - - [19/Apr/2018:17:37:23 -0300] "GET /cormun/servlet/solicitudot?3988aa728ddcc5a1803bea73dd2e0791b6e3d20c84fd0aaabd20fa1316615b2e,gx-no-cache=1524170190062 HTTP/1.1" 200 60
186.79.208.148 - - [19/Apr/2018:17:37:24 -0300] "POST /cormun/servlet/solicitudot?gx-no-cache=1524170190839 HTTP/1.1" 200 240
186.79.208.148 - - [19/Apr/2018:17:37:24 -0300] "GET /cormun/servlet/solicitudot?3988aa728ddcc5a1803bea73dd2e0791f6325bd288b2eafbddd836401748e7467feb906351a5e6d415d73e1e4266bd98cc3d44c44a6455b528506d41b3fdd60d36860cdefeefa5e872fa3009369f92f2b6dec90797df22a4f07cd6ad1b5c696b421ea23ca9e9594ee2e9bf1a863cf3f752f8f9a01ba61d9313677fb9fc1c1a0a7c3d872151e1e2532c2acff76d7845ce1f37c9ff9562a06a809d7382dc2915cf7b7223895be539c5e88297af6cbbd18b17b30d4ebf6f0a9f82bc9e203e30d1a50644c62edde01a69f4f636474e1b500bcf3286de94ab403c01093bc6f81d7e2c32e3d6c7d1acd7282e490adafd0fb3d5c13cda7cdfea44337bc0ce193c98ec9d6eaa83b03fa66de54dd40691b4f1c3211746a1326511c4eb7121bf7a61eec744065edd2f65fc4c6fc7e46566b073912d3498d73897b033ddf5652a2ab8f50fb018b89803d59290077f6c809defdbae239b60abca6dd4b62f021f563a8d4020977fa56376bf474f5627d59ddf3e2cd21d140bf6cb65f45b8b1039439a5363bf38,gx-no-cache=1524170191097 HTTP/1.1" 200 30
186.79.208.148 - - [19/Apr/2018:17:37:24 -0300] "POST /cormun/servlet/solicitudot?gx-no-cache=1524170191327 HTTP/1.1" 200 30
186.103.158.250 - - [19/Apr/2018:17:37:24 -0300] "GET /cormun/servlet/solicitudotadjuntos?1e2ddbaa7412fe1d2ca9f8f9d169c304382d61f2917298cb298fa5e2a031d768,gx-no-cache=1524173569032 HTTP/1.1" 200 30
186.103.158.250 - - [19/Apr/2018:17:37:25 -0300] "GET /cormun/servlet/solicitudotadjuntos?1e2ddbaa7412fe1d2ca9f8f9d169c304382d61f2917298cb298fa5e2a031d768,gx-no-cache=1524173569089 HTTP/1.1" 200 30
186.79.208.148 - - [19/Apr/2018:17:37:25 -0300] "POST /cormun/servlet/solicitudot?gx-no-cache=1524170191606 HTTP/1.1" 200 1369
186.79.208.148 - - [19/Apr/2018:17:37:25 -0300] "POST /cormun/servlet/solicitudot?gx-no-cache=1524170191933 HTTP/1.1" 200 38
186.103.158.250 - - [19/Apr/2018:17:37:25 -0300] "POST /cormun/servlet/solicitudotadjuntos?09c8599d679491ac1cfa78ec460621e0,INS,2018,11150,,1, HTTP/1.1" 200 116
186.103.158.250 - - [19/Apr/2018:17:37:26 -0300] "GET /cormun/servlet/hpexe_return? HTTP/1.1" 200 1029
186.103.158.250 - - [19/Apr/2018:17:37:26 -0300] "GET /cormun/servlet/trsolicitudadjuntos?2018,11150, HTTP/1.1" 200 9517
186.103.158.250 - - [19/Apr/2018:17:37:27 -0300] "GET /cormun/servlet/trsolicitudadjuntos?2018,11150, HTTP/1.1" 200 9516
186.103.158.250 - - [19/Apr/2018:17:37:32 -0300] "GET /cormun/servlet/solicitudotadjuntos?INS,2018,11150,,1, HTTP/1.1" 200 6019
186.103.158.250 - - [19/Apr/2018:17:37:33 -0300] "GET /cormun/static/about:blank HTTP/1.1" 404 1011
186.103.158.250 - - [19/Apr/2018:17:37:33 -0300] "GET /cormun/servlet/solicitudotadjuntos?INS,2018,11150,,1, HTTP/1.1" 200 6013
186.103.158.250 - - [19/Apr/2018:17:37:34 -0300] "GET /cormun/servlet/solicitudotadjuntos?1e2ddbaa7412fe1d2ca9f8f9d169c304671f198e678e09b41a02790e984202f93ba4ef75eeb0d07b7ceeff36bb5fbf1b,gx-no-cache=1524173578568 HTTP/1.1" 200 30
186.103.158.250 - - [19/Apr/2018:17:37:34 -0300] "POST /cormun/servlet/solicitudotadjuntos?09c8599d679491ac1cfa78ec460621e0,INS,2018,11150,,1,,gx-no-cache=1524173578619 HTTP/1.1" 200 3828
186.103.157.235 - - [19/Apr/2018:17:37:41 -0300] "GET /cormun/static/menuarrow.gif HTTP/1.1" 404 1015
186.79.208.148 - - [19/Apr/2018:17:37:41 -0300] "GET /cormun/servlet/trcontratounov2? HTTP/1.1" 200 17524
186.79.208.148 - - [19/Apr/2018:17:37:44 -0300] "GET /cormun/servlet/trcontratounov2? HTTP/1.1" 200 17526
186.79.208.148 - - [19/Apr/2018:17:38:01 -0300] "POST /cormun/servlet/trcontratounov2?095a80becf175a58a9f40e63961e9fd5,,gx-no-cache=1524170225804 HTTP/1.1" 200 17742
186.79.208.148 - - [19/Apr/2018:17:38:03 -0300] "GET /cormun/static/Resources/PXToolsGridNext.gif HTTP/1.1" 200 369
201.214.54.200 - - [19/Apr/2018:17:38:03 -0300] "GET /cormun/static/Resources/PXToolsGridLast.gif HTTP/1.1" 200 370
186.103.158.250 - - [19/Apr/2018:17:38:05 -0300] "POST /cormun/servlet/solicitudotadjuntos?gx-no-cache=1524173609768 HTTP/1.1" 200 26
186.103.159.186 - - [19/Apr/2018:17:38:09 -0300] "POST /cormun/servlet/hlogin?beb0bce1b8d3434e5c1a939cd7435366,gx-no-cache=1524170235335 HTTP/1.1" 200 90
186.103.159.186 - - [19/Apr/2018:17:38:09 -0300] "GET /cormun/servlet/hpexe_link HTTP/1.1" 200 945
186.103.159.186 - - [19/Apr/2018:17:38:09 -0300] "GET /cormun/servlet/hhome HTTP/1.1" 200 3945
186.103.159.186 - - [19/Apr/2018:17:38:10 -0300] "GET /cormun/servlet/hhome HTTP/1.1" 200 3941
186.103.159.186 - - [19/Apr/2018:17:38:13 -0300] "GET /cormun/servlet/trpermisosgoce? HTTP/1.1" 200 8775
186.103.159.186 - - [19/Apr/2018:17:38:15 -0300] "GET /cormun/servlet/trpermisosgoce? HTTP/1.1" 200 8773
186.103.159.186 - - [19/Apr/2018:17:38:19 -0300] "GET /cormun/servlet/permisogoce?INS,0,,, HTTP/1.1" 200 6778
186.103.159.186 - - [19/Apr/2018:17:38:20 -0300] "GET /cormun/servlet/permisogoce?INS,0,,, HTTP/1.1" 200 6778
201.214.54.200 - - [19/Apr/2018:17:38:22 -0300] "POST /cormun/servlet/trcontratounov2?095a80becf175a58a9f40e63961e9fd5,,gx-no-cache=1524170244903 HTTP/1.1" 200 17484
186.79.208.148 - - [19/Apr/2018:17:38:47 -0300] "POST /cormun/servlet/trcontratounov2?095a80becf175a58a9f40e63961e9fd5,,gx-no-cache=1524170270574 HTTP/1.1" 200 17727
186.103.158.250 - - [19/Apr/2018:17:38:53 -0300] "GET /cormun/servlet/solicitudotadjuntos?1e2ddbaa7412fe1d2ca9f8f9d169c304382d61f2917298cb298fa5e2a031d768,gx-no-cache=1524173657168 HTTP/1.1" 200 30
186.103.158.250 - - [19/Apr/2018:17:38:53 -0300] "GET /cormun/servlet/solicitudotadjuntos?1e2ddbaa7412fe1d2ca9f8f9d169c304382d61f2917298cb298fa5e2a031d768,gx-no-cache=1524173657266 HTTP/1.1" 200 30
186.103.158.250 - - [19/Apr/2018:17:38:54 -0300] "POST /cormun/servlet/solicitudotadjuntos?09c8599d679491ac1cfa78ec460621e0,INS,2018,11150,,1, HTTP/1.1" 200 116
186.103.158.250 - - [19/Apr/2018:17:38:54 -0300] "GET /cormun/servlet/hpexe_return? HTTP/1.1" 200 1029
186.103.158.250 - - [19/Apr/2018:17:38:55 -0300] "GET /cormun/servlet/trsolicitudadjuntos?2018,11150, HTTP/1.1" 200 9813
186.103.158.250 - - [19/Apr/2018:17:38:56 -0300] "GET /cormun/servlet/trsolicitudadjuntos?2018,11150, HTTP/1.1" 200 9807
186.103.158.250 - - [19/Apr/2018:17:39:04 -0300] "GET /cormun/servlet/solicitudotadjuntos?INS,2018,11150,,2, HTTP/1.1" 200 6017
186.103.158.250 - - [19/Apr/2018:17:39:04 -0300] "GET /cormun/static/about:blank HTTP/1.1" 404 1011
186.103.158.250 - - [19/Apr/2018:17:39:05 -0300] "GET /cormun/servlet/solicitudotadjuntos?INS,2018,11150,,2, HTTP/1.1" 200 6011
186.103.158.250 - - [19/Apr/2018:17:39:05 -0300] "GET /cormun/servlet/solicitudotadjuntos?1e2ddbaa7412fe1d2ca9f8f9d169c304671f198e678e09b41a02790e984202f93ba4ef75eeb0d07b7ceeff36bb5fbf1b,gx-no-cache=1524173669713 HTTP/1.1" 200 30
186.103.158.250 - - [19/Apr/2018:17:39:05 -0300] "POST /cormun/servlet/solicitudotadjuntos?09c8599d679491ac1cfa78ec460621e0,INS,2018,11150,,2,,gx-no-cache=1524173669803 HTTP/1.1" 200 3971
186.103.158.250 - - [19/Apr/2018:17:39:09 -0300] "POST /cormun/servlet/solicitudotadjuntos?gx-no-cache=1524173674088 HTTP/1.1" 200 26
186.103.159.186 - - [19/Apr/2018:17:39:10 -0300] "GET /cormun/servlet/permisogoce?5a1c4da8846d40b2bfefc01f29bf07b67b5fda792cf1398d429fe857cad850c2e9111bdca293a763f3950e2ab898b946,gx-no-cache=1524170296248 HTTP/1.1" 200 70
186.103.159.186 - - [19/Apr/2018:17:39:10 -0300] "GET /cormun/static/menuarrow.gif HTTP/1.1" 404 1015
186.103.157.235 - - [19/Apr/2018:17:39:13 -0300] "GET /cormun/servlet/licenciaspermisos?233b272023ba702a026b912995296f4c36f1c2dcd5d928671f2ad6ad963340bcf1e2856596c843933ab7ecd5880f04b65ee266f2de5771a0511a0d8ba4ff949d785a23930e7317a9aafb4bdd0773288426e7b72690034f26562950a31eb7cf4f9ec423d72469f878c8bec5a6b8b605a999260b2eeed90c204b6d00cf3ece20a848ffa0a867a1887cb0903fc797e1eb849b10c40e66cb74996f5be57c195897e3ffc43a008becb9f698471ce6c0ca1bbe,gx-no-cache=1524170299168 HTTP/1.1" 200 30
186.103.157.235 - - [19/Apr/2018:17:39:13 -0300] "GET /cormun/servlet/licenciaspermisos?233b272023ba702a026b912995296f4c0e676163218d4c040de8ecf881f06bd88a7c7e3f720ec16df16e202fb511222e7228c75c8d3434bf5319df2e2b51ab3cd91578b24bed36849053ffd1af667a17f84feec3d583a8a92347bb8f834fa2d2bbfe5ee8eef5f86705e07740c17d397220e5c2dd64883940c2790215b367f61cbcd889e1d6e7ed24866fd267cb3a5b6c143f6721135d15ad69879f7868d82c5e82419e7da9e68c9fa69007fed7a0d3a3,gx-no-cache=1524170299234 HTTP/1.1" 200 29
186.103.157.235 - - [19/Apr/2018:17:39:13 -0300] "POST /cormun/servlet/licenciaspermisos?a27c6b3941bf9dd2fd72fb9c24e7e85d,INS,0,,,,gx-no-cache=1524170299281 HTTP/1.1" 200 93
186.103.157.235 - - [19/Apr/2018:17:39:13 -0300] "GET /cormun/servlet/hpexe_return? HTTP/1.1" 200 1014
186.103.157.235 - - [19/Apr/2018:17:39:13 -0300] "GET /cormun/servlet/trlicencias HTTP/1.1" 200 10864
186.103.157.235 - - [19/Apr/2018:17:39:14 -0300] "GET /cormun//static/Resources/PXToolsGridUpdate.png HTTP/1.1" 200 2984
186.103.157.235 - - [19/Apr/2018:17:39:14 -0300] "GET /cormun//static/Resources/PXToolsGridDelete.png HTTP/1.1" 200 357
186.103.157.235 - - [19/Apr/2018:17:39:14 -0300] "GET /cormun/servlet/trlicencias HTTP/1.1" 200 10859
186.103.159.186 - - [19/Apr/2018:17:39:20 -0300] "GET /cormun/servlet/permisogoce?5a1c4da8846d40b2bfefc01f29bf07b6e28d0d79a98c91646c939dae99488c0b40e2af74d5c2ed98cc744e6553468fd0459a7261e7dcb7dd298d14f7ed999a12,gx-no-cache=1524170306905 HTTP/1.1" 200 47
186.103.158.250 - - [19/Apr/2018:17:39:23 -0300] "GET /cormun/servlet/solicitudotadjuntos?1e2ddbaa7412fe1d2ca9f8f9d169c304382d61f2917298cb298fa5e2a031d768,gx-no-cache=1524173687347 HTTP/1.1" 200 30
186.103.158.250 - - [19/Apr/2018:17:39:23 -0300] "GET /cormun/servlet/solicitudotadjuntos?1e2ddbaa7412fe1d2ca9f8f9d169c304382d61f2917298cb298fa5e2a031d768,gx-no-cache=1524173687396 HTTP/1.1" 200 30
186.103.158.250 - - [19/Apr/2018:17:39:23 -0300] "POST /cormun/servlet/solicitudotadjuntos?09c8599d679491ac1cfa78ec460621e0,INS,2018,11150,,2, HTTP/1.1" 200 116
186.103.158.250 - - [19/Apr/2018:17:39:23 -0300] "GET /cormun/servlet/hpexe_return? HTTP/1.1" 200 1029
186.103.158.250 - - [19/Apr/2018:17:39:24 -0300] "GET /cormun/servlet/trsolicitudadjuntos?2018,11150, HTTP/1.1" 200 9985
186.103.158.250 - - [19/Apr/2018:17:39:25 -0300] "GET /cormun/servlet/trsolicitudadjuntos?2018,11150, HTTP/1.1" 200 9984
186.103.159.186 - - [19/Apr/2018:17:39:26 -0300] "POST /cormun/servlet/permisogoce?beb0bce1b8d3434e5c1a939cd7435366,INS,0,,,,gx-no-cache=1524170311175 HTTP/1.1" 200 93
186.103.159.186 - - [19/Apr/2018:17:39:27 -0300] "GET /cormun/servlet/hpexe_return? HTTP/1.1" 200 1003
186.103.159.186 - - [19/Apr/2018:17:39:27 -0300] "GET /cormun/servlet/trpermisosgoce HTTP/1.1" 200 8982
186.103.159.186 - - [19/Apr/2018:17:39:28 -0300] "GET /cormun/servlet/trpermisosgoce HTTP/1.1" 200 8978
186.103.158.250 - - [19/Apr/2018:17:39:29 -0300] "GET /cormun/servlet/solicitudotadjuntos?INS,2018,11150,,2, HTTP/1.1" 200 6017
186.103.158.250 - - [19/Apr/2018:17:39:29 -0300] "GET /cormun/static/about:blank HTTP/1.1" 404 1011
186.103.158.250 - - [19/Apr/2018:17:39:30 -0300] "GET /cormun/servlet/solicitudotadjuntos?INS,2018,11150,,2, HTTP/1.1" 200 6011
186.103.158.250 - - [19/Apr/2018:17:39:30 -0300] "GET /cormun/servlet/solicitudotadjuntos?1e2ddbaa7412fe1d2ca9f8f9d169c304671f198e678e09b41a02790e984202f93ba4ef75eeb0d07b7ceeff36bb5fbf1b,gx-no-cache=1524173694861 HTTP/1.1" 200 30
186.103.158.250 - - [19/Apr/2018:17:39:30 -0300] "POST /cormun/servlet/solicitudotadjuntos?09c8599d679491ac1cfa78ec460621e0,INS,2018,11150,,2,,gx-no-cache=1524173694927 HTTP/1.1" 200 3971
186.103.159.186 - - [19/Apr/2018:17:39:32 -0300] "GET /cormun/servlet/apermisogoceprn?8070203,P,20180419173520,PU HTTP/1.1" 200 1656
186.79.208.148 - - [19/Apr/2018:17:39:33 -0300] "GET /cormun/servlet/trsolicitudot? HTTP/1.1" 200 7442
186.103.158.250 - - [19/Apr/2018:17:39:35 -0300] "POST /cormun/servlet/solicitudotadjuntos?gx-no-cache=1524173699345 HTTP/1.1" 200 26
186.103.158.250 - - [19/Apr/2018:17:39:50 -0300] "GET /cormun/servlet/solicitudotadjuntos?1e2ddbaa7412fe1d2ca9f8f9d169c304382d61f2917298cb298fa5e2a031d768,gx-no-cache=1524173713830 HTTP/1.1" 200 30
186.103.158.250 - - [19/Apr/2018:17:39:51 -0300] "GET /cormun/servlet/solicitudotadjuntos?1e2ddbaa7412fe1d2ca9f8f9d169c304382d61f2917298cb298fa5e2a031d768,gx-no-cache=1524173714199 HTTP/1.1" 200 30
186.103.158.250 - - [19/Apr/2018:17:39:52 -0300] "POST /cormun/servlet/solicitudotadjuntos?09c8599d679491ac1cfa78ec460621e0,INS,2018,11150,,2, HTTP/1.1" 200 6248
186.103.158.250 - - [19/Apr/2018:17:39:52 -0300] "GET /home/sistema/apache-tomcat-7.0.65/webapps/cormun/PrivateTempStorage/upload_00029423.pdf HTTP/1.1" 404 1135
186.103.158.250 - - [19/Apr/2018:17:39:52 -0300] "GET /home/sistema/apache-tomcat-7.0.65/webapps/cormun/PrivateTempStorage/upload_00029423.pdf HTTP/1.1" 404 1135
186.103.158.250 - - [19/Apr/2018:17:39:52 -0300] "GET /cormun/static/Shared/jqueryui/images/ui-bg_highlight-soft_100_c6c2c8_1x100.png HTTP/1.1" 404 1117
186.103.158.250 - - [19/Apr/2018:17:39:52 -0300] "GET /cormun/static/Shared/jqueryui/images/ui-icons_82798d_256x240.png HTTP/1.1" 404 1089
186.103.158.250 - - [19/Apr/2018:17:39:52 -0300] "GET /cormun/static/Shared/jqueryui/images/ui-bg_flat_55_994d53_40x100.png HTTP/1.1" 404 1097
186.103.158.250 - - [19/Apr/2018:17:39:52 -0300] "GET /cormun/static/Shared/jqueryui/images/ui-icons_ebccce_256x240.png HTTP/1.1" 404 1089
186.103.158.250 - - [19/Apr/2018:17:39:52 -0300] "GET /cormun/PrivateTempStorage/upload_00029423.pdf HTTP/1.1" 304 -
186.103.158.250 - - [19/Apr/2018:17:39:52 -0300] "GET /cormun/PrivateTempStorage/upload_00029423.pdf HTTP/1.1" 200 206333
186.79.208.148 - - [19/Apr/2018:17:39:56 -0300] "GET /cormun/servlet/hlogin HTTP/1.1" 200 1718
186.79.208.148 - - [19/Apr/2018:17:40:03 -0300] "POST /cormun/servlet/hlogin?095a80becf175a58a9f40e63961e9fd5,gx-no-cache=1524170349444 HTTP/1.1" 200 90
186.79.208.148 - - [19/Apr/2018:17:40:03 -0300] "GET /cormun/servlet/hpexe_link HTTP/1.1" 200 953
186.79.208.148 - - [19/Apr/2018:17:40:03 -0300] "GET /cormun/servlet/trsolicitudot HTTP/1.1" 200 7443
186.79.208.148 - - [19/Apr/2018:17:40:06 -0300] "GET /cormun/servlet/trsolicitudot HTTP/1.1" 200 7442
186.79.208.148 - - [19/Apr/2018:17:40:09 -0300] "GET /cormun/servlet/solicitudot?INS,0,0, HTTP/1.1" 200 13664
186.79.208.148 - - [19/Apr/2018:17:40:11 -0300] "GET /cormun/servlet/solicitudot?INS,0,0, HTTP/1.1" 200 13669
186.103.158.250 - - [19/Apr/2018:17:40:15 -0300] "GET /cormun/servlet/trsolicitudot? HTTP/1.1" 200 9271
186.103.158.250 - - [19/Apr/2018:17:40:17 -0300] "GET /cormun/servlet/trsolicitudot? HTTP/1.1" 200 9260
201.214.54.200 - - [19/Apr/2018:17:40:19 -0300] "POST /cormun/servlet/solicitudot?gx-no-cache=1524170365710 HTTP/1.1" 200 3422
201.214.54.200 - - [19/Apr/2018:17:40:19 -0300] "POST /cormun/servlet/solicitudot?095a80becf175a58a9f40e63961e9fd5,INS,0,0,,gx-no-cache=1524170366213 HTTP/1.1" 200 10545
201.214.54.200 - - [19/Apr/2018:17:40:25 -0300] "GET /cormun/servlet/solicitudot?3988aa728ddcc5a1803bea73dd2e079199086e50fbb7457fbc5e91bc959c0cc0f3f5d185ad68989b3a40d2e750a525cf,gx-no-cache=1524170371738 HTTP/1.1" 200 30
201.214.54.200 - - [19/Apr/2018:17:40:25 -0300] "GET /cormun/servlet/solicitudot?3988aa728ddcc5a1803bea73dd2e0791c92edef547ea0d6a9699045362401ac499cfc30cfd20b024e94a5bfae1b809071b82c13eed0260c164364887b006a833,gx-no-cache=1524170371880 HTTP/1.1" 200 30
201.214.54.200 - - [19/Apr/2018:17:40:25 -0300] "GET /cormun/servlet/solicitudot?3988aa728ddcc5a1803bea73dd2e0791b6e3d20c84fd0aaabd20fa1316615b2e,gx-no-cache=1524170371988 HTTP/1.1" 200 60
201.214.54.200 - - [19/Apr/2018:17:40:25 -0300] "POST /cormun/servlet/solicitudot?gx-no-cache=1524170372364 HTTP/1.1" 200 240
201.214.54.200 - - [19/Apr/2018:17:40:26 -0300] "GET /cormun/servlet/solicitudot?3988aa728ddcc5a1803bea73dd2e0791f6325bd288b2eafbddd836401748e7467feb906351a5e6d415d73e1e4266bd98cc3d44c44a6455b528506d41b3fdd60d36860cdefeefa5e872fa3009369f92f2b6dec90797df22a4f07cd6ad1b5c696b421ea23ca9e9594ee2e9bf1a863cf3f752f8f9a01ba61d9313677fb9fc1c1a0a7c3d872151e1e2532c2acff76d7845ce1f37c9ff9562a06a809d7382dc2915cf7b7223895be539c5e88297af6cbbd18b17b30d4ebf6f0a9f82bc9e203e30d1a50644c62edde01a69f4f636474e1b500bcf3286de94ab403c01093bc6f81d7e2c32e3d6c7d1acd7282e490adafd0fb3d5c13cda7cdfea44337bc0ce193c98ec9d6eaa83b03fa66de54dd40691b4f1c3211746a1326511c4eb7121bf7a61eec744065edd2f65fc4c6fc7e46566b073912d3498d73897b033ddf5652a2ab8f50fb018b89803d59290077f6c809defdbae239b60abca6dd4b62f021f563a8d4020977fa56376bf474f5627d59ddf3e2cd21d140bf6cb65f45b8b1039439a5363bf38,gx-no-cache=1524170372503 HTTP/1.1" 200 30
201.214.54.200 - - [19/Apr/2018:17:40:26 -0300] "POST /cormun/servlet/solicitudot?gx-no-cache=1524170372605 HTTP/1.1" 200 30
201.214.54.200 - - [19/Apr/2018:17:40:26 -0300] "POST /cormun/servlet/solicitudot?gx-no-cache=1524170372721 HTTP/1.1" 200 1369
201.214.54.200 - - [19/Apr/2018:17:40:26 -0300] "POST /cormun/servlet/solicitudot?gx-no-cache=1524170373188 HTTP/1.1" 200 38
186.103.158.250 - - [19/Apr/2018:17:40:31 -0300] "POST /cormun/servlet/trsolicitudot?09c8599d679491ac1cfa78ec460621e0,,gx-no-cache=1524173755479 HTTP/1.1" 200 6074
186.103.158.250 - - [19/Apr/2018:17:40:31 -0300] "GET /cormun/static/Shared/jqueryui/images/ui-bg_highlight-soft_100_c6c2c8_1x100.png HTTP/1.1" 404 1117
186.103.158.250 - - [19/Apr/2018:17:40:31 -0300] "GET /cormun/static/Shared/jqueryui/images/ui-icons_82798d_256x240.png HTTP/1.1" 404 1089
186.103.158.250 - - [19/Apr/2018:17:40:31 -0300] "GET /cormun/static/Shared/jqueryui/images/ui-bg_flat_55_fafafa_40x100.png HTTP/1.1" 404 1097
186.103.158.250 - - [19/Apr/2018:17:40:31 -0300] "GET /cormun/static/Shared/jqueryui/images/ui-icons_8d78a5_256x240.png HTTP/1.1" 404 1089
186.103.158.250 - - [19/Apr/2018:17:40:31 -0300] "POST /cormun/servlet/trsolicitudot?09c8599d679491ac1cfa78ec460621e0,,gx-no-cache=1524173755925 HTTP/1.1" 200 6018
186.103.158.250 - - [19/Apr/2018:17:40:36 -0300] "POST /cormun/servlet/trsolicitudot?09c8599d679491ac1cfa78ec460621e0,,gx-no-cache=1524173760570 HTTP/1.1" 200 107
186.103.158.250 - - [19/Apr/2018:17:40:36 -0300] "GET /cormun/servlet/trsolicitudadjuntos?2018,11149, HTTP/1.1" 200 6077
201.214.54.200 - - [19/Apr/2018:17:40:37 -0300] "POST /cormun/servlet/solicitudot?gx-no-cache=1524170383511 HTTP/1.1" 200 1369
201.214.54.200 - - [19/Apr/2018:17:40:37 -0300] "POST /cormun/servlet/solicitudot?gx-no-cache=1524170383686 HTTP/1.1" 200 38
186.103.158.250 - - [19/Apr/2018:17:40:37 -0300] "GET /cormun/servlet/trsolicitudadjuntos?2018,11149, HTTP/1.1" 200 6077
186.103.158.250 - - [19/Apr/2018:17:40:40 -0300] "GET /cormun/servlet/solicitudotadjuntos?INS,2018,11149,,1, HTTP/1.1" 200 6021
186.103.158.250 - - [19/Apr/2018:17:40:40 -0300] "GET /cormun/static/about:blank HTTP/1.1" 404 1011
186.103.158.250 - - [19/Apr/2018:17:40:41 -0300] "GET /cormun/servlet/solicitudotadjuntos?INS,2018,11149,,1, HTTP/1.1" 200 6015
186.103.158.250 - - [19/Apr/2018:17:40:41 -0300] "GET /cormun/servlet/solicitudotadjuntos?1e2ddbaa7412fe1d2ca9f8f9d169c30434a1a74f27855e0d847a310bb11b08e93ba4ef75eeb0d07b7ceeff36bb5fbf1b,gx-no-cache=1524173765611 HTTP/1.1" 200 30
186.103.158.250 - - [19/Apr/2018:17:40:41 -0300] "POST /cormun/servlet/solicitudotadjuntos?09c8599d679491ac1cfa78ec460621e0,INS,2018,11149,,1,,gx-no-cache=1524173765652 HTTP/1.1" 200 3827
186.103.158.250 - - [19/Apr/2018:17:40:44 -0300] "POST /cormun/servlet/solicitudotadjuntos?gx-no-cache=1524173768168 HTTP/1.1" 200 26
201.214.54.200 - - [19/Apr/2018:17:40:44 -0300] "GET /cormun/servlet/solicitudot?3988aa728ddcc5a1803bea73dd2e079175ce96202aaae7c64dd032d9f03520475eaea1ef1ffedcc34ac6ca588652c78494c23e90f79e5f2117fd43cc04377ec03e2db38f3256a0dbafcb4fd67077462d21c00f2af7cc0a5db67cccebbcaa41ea872578c3a780ad7c87bda68ac91f50a9,gx-no-cache=1524170390936 HTTP/1.1" 200 29
201.214.54.200 - - [19/Apr/2018:17:40:44 -0300] "POST /cormun/servlet/solicitudot?gx-no-cache=1524170391071 HTTP/1.1" 200 1351
201.214.54.200 - - [19/Apr/2018:17:40:44 -0300] "POST /cormun/servlet/solicitudot?gx-no-cache=1524170391203 HTTP/1.1" 200 1249
201.214.54.200 - - [19/Apr/2018:17:40:44 -0300] "GET /cormun/static/menuarrow.gif HTTP/1.1" 404 1015
201.214.54.200 - - [19/Apr/2018:17:40:50 -0300] "POST /cormun/servlet/solicitudot?gx-no-cache=1524170396830 HTTP/1.1" 200 1351
201.214.54.200 - - [19/Apr/2018:17:40:51 -0300] "POST /cormun/servlet/solicitudot?gx-no-cache=1524170397437 HTTP/1.1" 200 1249
201.214.54.200 - - [19/Apr/2018:17:40:52 -0300] "GET /cormun/servlet/solicitudot?3988aa728ddcc5a1803bea73dd2e0791f89635a624932d00852a2d3b7362e101f6aae00a118732145cfcd77c29edda39,gx-no-cache=1524170399083 HTTP/1.1" 200 30
186.103.158.250 - - [19/Apr/2018:17:40:54 -0300] "GET /cormun/servlet/solicitudotadjuntos?1e2ddbaa7412fe1d2ca9f8f9d169c304382d61f2917298cb298fa5e2a031d768,gx-no-cache=1524173778544 HTTP/1.1" 200 30
186.103.158.250 - - [19/Apr/2018:17:40:54 -0300] "GET /cormun/servlet/solicitudotadjuntos?1e2ddbaa7412fe1d2ca9f8f9d169c304382d61f2917298cb298fa5e2a031d768,gx-no-cache=1524173778570 HTTP/1.1" 200 30
186.103.158.250 - - [19/Apr/2018:17:40:54 -0300] "POST /cormun/servlet/solicitudotadjuntos?09c8599d679491ac1cfa78ec460621e0,INS,2018,11149,,1, HTTP/1.1" 200 116
186.103.158.250 - - [19/Apr/2018:17:40:54 -0300] "GET /cormun/servlet/hpexe_return? HTTP/1.1" 200 1030
186.103.158.250 - - [19/Apr/2018:17:40:55 -0300] "GET /cormun/servlet/trsolicitudadjuntos?2018,11149, HTTP/1.1" 200 8625
186.103.158.250 - - [19/Apr/2018:17:40:56 -0300] "GET /cormun/servlet/trsolicitudadjuntos?2018,11149, HTTP/1.1" 200 8621
201.214.54.200 - - [19/Apr/2018:17:40:56 -0300] "POST /cormun/servlet/solicitudot?gx-no-cache=1524170403352 HTTP/1.1" 200 30
186.103.158.250 - - [19/Apr/2018:17:40:59 -0300] "GET /cormun/servlet/solicitudotadjuntos?INS,2018,11149,,1, HTTP/1.1" 200 6021
186.103.158.250 - - [19/Apr/2018:17:40:59 -0300] "GET /cormun/static/about:blank HTTP/1.1" 404 1011
186.103.158.250 - - [19/Apr/2018:17:41:00 -0300] "GET /cormun/servlet/solicitudotadjuntos?INS,2018,11149,,1, HTTP/1.1" 200 6015
186.103.158.250 - - [19/Apr/2018:17:41:00 -0300] "GET /cormun/servlet/solicitudotadjuntos?1e2ddbaa7412fe1d2ca9f8f9d169c30434a1a74f27855e0d847a310bb11b08e93ba4ef75eeb0d07b7ceeff36bb5fbf1b,gx-no-cache=1524173784855 HTTP/1.1" 200 30
186.103.158.250 - - [19/Apr/2018:17:41:00 -0300] "POST /cormun/servlet/solicitudotadjuntos?09c8599d679491ac1cfa78ec460621e0,INS,2018,11149,,1,,gx-no-cache=1524173784890 HTTP/1.1" 200 3827
201.214.54.200 - - [19/Apr/2018:17:41:07 -0300] "POST /cormun/servlet/solicitudot?095a80becf175a58a9f40e63961e9fd5,INS,0,0,,gx-no-cache=1524170413139 HTTP/1.1" 200 93
201.214.54.200 - - [19/Apr/2018:17:41:07 -0300] "GET /cormun/servlet/hpexe_return? HTTP/1.1" 200 1004
201.214.54.200 - - [19/Apr/2018:17:41:07 -0300] "GET /cormun/servlet/trsolicitudot HTTP/1.1" 200 8805
186.103.158.250 - - [19/Apr/2018:17:41:08 -0300] "POST /cormun/servlet/solicitudotadjuntos?gx-no-cache=1524173792182 HTTP/1.1" 200 26
201.214.54.200 - - [19/Apr/2018:17:41:09 -0300] "GET /cormun/servlet/trsolicitudot HTTP/1.1" 200 8801
201.214.54.200 - - [19/Apr/2018:17:41:12 -0300] "GET /cormun/servlet/vesolicitudot?2018,11151,, HTTP/1.1" 200 8638
201.214.54.200 - - [19/Apr/2018:17:41:12 -0300] "GET /cormun/pexe_scrolldiv.js HTTP/1.1" 404 1009
201.214.54.200 - - [19/Apr/2018:17:41:12 -0300] "GET /cormun/pexe_scrolldiv.js HTTP/1.1" 404 1009
201.214.54.200 - - [19/Apr/2018:17:41:13 -0300] "GET /cormun/servlet/vesolicitudot?2018,11151,, HTTP/1.1" 200 8637
186.79.208.148 - - [19/Apr/2018:17:42:02 -0300] "POST /cormun/servlet/vesolicitudot?095a80becf175a58a9f40e63961e9fd5,2018,11151,,,gx-no-cache=1524170467876 HTTP/1.1" 200 90
186.79.208.148 - - [19/Apr/2018:17:42:02 -0300] "GET /cormun/servlet/hpexe_link HTTP/1.1" 200 963
186.79.208.148 - - [19/Apr/2018:17:42:03 -0300] "GET /cormun/servlet/trsolicitudot HTTP/1.1" 200 8802
186.79.208.148 - - [19/Apr/2018:17:42:06 -0300] "GET /cormun/servlet/trsolicitudot HTTP/1.1" 200 8801
201.214.54.200 - - [19/Apr/2018:17:42:09 -0300] "POST /cormun/servlet/trsolicitudot?095a80becf175a58a9f40e63961e9fd5,gx-no-cache=1524170475411 HTTP/1.1" 200 4679
201.214.54.200 - - [19/Apr/2018:17:42:09 -0300] "GET /cormun/static/Shared/jqueryui/images/ui-bg_highlight-soft_100_c6c2c8_1x100.png HTTP/1.1" 404 1117
201.214.54.200 - - [19/Apr/2018:17:42:09 -0300] "GET /cormun/static/Shared/jqueryui/images/ui-icons_82798d_256x240.png HTTP/1.1" 404 1089
201.214.54.200 - - [19/Apr/2018:17:42:09 -0300] "GET /cormun/static/Shared/jqueryui/images/ui-bg_flat_55_fafafa_40x100.png HTTP/1.1" 404 1097
201.214.54.200 - - [19/Apr/2018:17:42:09 -0300] "GET /cormun/static/Shared/jqueryui/images/ui-icons_8d78a5_256x240.png HTTP/1.1" 404 1089
201.214.54.200 - - [19/Apr/2018:17:42:09 -0300] "POST /cormun/servlet/trsolicitudot?095a80becf175a58a9f40e63961e9fd5,gx-no-cache=1524170475952 HTTP/1.1" 200 4449
186.103.157.235 - - [19/Apr/2018:17:42:21 -0300] "GET /cormun/servlet/trlicenciaspermisosadjuntos?7079614,20180419000000,L, HTTP/1.1" 200 6577
186.103.157.235 - - [19/Apr/2018:17:42:21 -0300] "GET /cormun/static/gxcfg.js?20177612163414 HTTP/1.1" 200 953
186.103.157.235 - - [19/Apr/2018:17:42:21 -0300] "GET /cormun/static/trlicenciaspermisosadjuntos.js?20177612163719 HTTP/1.1" 200 21036
186.103.157.235 - - [19/Apr/2018:17:42:22 -0300] "GET /cormun/servlet/trlicenciaspermisosadjuntos?7079614,20180419000000,L, HTTP/1.1" 200 6578
186.103.157.235 - - [19/Apr/2018:17:42:23 -0300] "GET /cormun/servlet/licenciaspermisosadjuntos?INS,7079614,L,20180419000000,, HTTP/1.1" 200 5877
186.103.157.235 - - [19/Apr/2018:17:42:23 -0300] "GET /cormun/static/gxcfg.js?2017761263592 HTTP/1.1" 200 953
186.103.157.235 - - [19/Apr/2018:17:42:23 -0300] "GET /cormun/static/licenciaspermisosadjuntos.js?201776126362 HTTP/1.1" 200 8760
186.103.157.235 - - [19/Apr/2018:17:42:23 -0300] "GET /cormun/static/about:blank HTTP/1.1" 404 1011
186.103.157.235 - - [19/Apr/2018:17:42:24 -0300] "GET /cormun/servlet/licenciaspermisosadjuntos?INS,7079614,L,20180419000000,, HTTP/1.1" 200 5867
186.103.157.235 - - [19/Apr/2018:17:42:48 -0300] "POST /cormun/servlet/licenciaspermisosadjuntos?a27c6b3941bf9dd2fd72fb9c24e7e85d,INS,7079614,L,20180419000000,, HTTP/1.1" 200 116
186.103.157.235 - - [19/Apr/2018:17:42:48 -0300] "GET /cormun/servlet/hpexe_return? HTTP/1.1" 200 1043
186.103.157.235 - - [19/Apr/2018:17:42:49 -0300] "GET /cormun/servlet/trlicenciaspermisosadjuntos?7079614,20180419000000,L, HTTP/1.1" 200 7092
186.103.157.235 - - [19/Apr/2018:17:42:49 -0300] "GET /cormun/servlet/trlicenciaspermisosadjuntos?7079614,20180419000000,L, HTTP/1.1" 200 7089
186.103.157.235 - - [19/Apr/2018:17:43:13 -0300] "POST /cormun/servlet/trlicenciaspermisosadjuntos?a27c6b3941bf9dd2fd72fb9c24e7e85d,7079614,20180419000000,L,,gx-no-cache=1524170538819 HTTP/1.1" 200 90
186.103.157.235 - - [19/Apr/2018:17:43:13 -0300] "GET /cormun/servlet/hpexe_link HTTP/1.1" 200 985
186.103.157.235 - - [19/Apr/2018:17:43:13 -0300] "GET /cormun/servlet/trlicencias HTTP/1.1" 200 10861
186.103.157.235 - - [19/Apr/2018:17:43:13 -0300] "GET /cormun/servlet/trlicencias HTTP/1.1" 200 10859
186.103.157.235 - - [19/Apr/2018:17:43:20 -0300] "POST /cormun/servlet/trlicencias?a27c6b3941bf9dd2fd72fb9c24e7e85d,gx-no-cache=1524170546109 HTTP/1.1" 200 8132
186.103.157.235 - - [19/Apr/2018:17:43:20 -0300] "GET /cormun/static/Shared/jqueryui/images/ui-bg_highlight-soft_100_c6c2c8_1x100.png HTTP/1.1" 404 1117
186.103.157.235 - - [19/Apr/2018:17:43:20 -0300] "GET /cormun/static/Shared/jqueryui/images/ui-icons_82798d_256x240.png HTTP/1.1" 404 1089
186.103.157.235 - - [19/Apr/2018:17:43:20 -0300] "GET /cormun/static/Shared/jqueryui/images/ui-bg_flat_55_fafafa_40x100.png HTTP/1.1" 404 1097
186.103.157.235 - - [19/Apr/2018:17:43:20 -0300] "GET /cormun/static/Shared/jqueryui/images/ui-icons_8d78a5_256x240.png HTTP/1.1" 404 1089
186.103.157.235 - - [19/Apr/2018:17:43:25 -0300] "GET /cormun/servlet/alicenciaprn?7079614,L,20180419000000,PU HTTP/1.1" 200 1530
192.168.10.89 - - [19/Apr/2018:17:43:35 -0300] "GET /cormun/servlet/hlogin HTTP/1.1" 200 1753
192.168.10.89 - - [19/Apr/2018:17:43:36 -0300] "GET /cormun/servlet/hlogin HTTP/1.1" 200 1730
186.103.159.189 - - [19/Apr/2018:17:45:05 -0300] "POST /cormun/servlet/hlogin?f83609f44b2ae7478858b95b5852a5be,gx-no-cache=1524170649511 HTTP/1.1" 200 90
186.103.159.189 - - [19/Apr/2018:17:45:05 -0300] "GET /cormun/servlet/hpexe_link HTTP/1.1" 200 952
186.103.159.189 - - [19/Apr/2018:17:45:06 -0300] "GET /cormun/servlet/trpermisosgoce HTTP/1.1" 200 13445
186.103.159.189 - - [19/Apr/2018:17:45:08 -0300] "GET /cormun/servlet/trpermisosgoce HTTP/1.1" 200 13444
186.103.159.189 - - [19/Apr/2018:17:45:14 -0300] "GET /cormun/servlet/trpermisosgoce? HTTP/1.1" 200 13444
186.103.159.189 - - [19/Apr/2018:17:45:16 -0300] "GET /cormun/servlet/trpermisosgoce? HTTP/1.1" 200 13444
186.103.159.189 - - [19/Apr/2018:17:45:17 -0300] "GET /cormun/servlet/trpermisosgoce HTTP/1.1" 200 13445
186.103.158.250 - - [19/Apr/2018:17:45:17 -0300] "GET /cormun/servlet/solicitudotadjuntos?1e2ddbaa7412fe1d2ca9f8f9d169c304382d61f2917298cb298fa5e2a031d768,gx-no-cache=1524174041401 HTTP/1.1" 200 30
186.103.158.250 - - [19/Apr/2018:17:45:17 -0300] "GET /cormun/servlet/solicitudotadjuntos?1e2ddbaa7412fe1d2ca9f8f9d169c304382d61f2917298cb298fa5e2a031d768,gx-no-cache=1524174041434 HTTP/1.1" 200 30
186.103.158.250 - - [19/Apr/2018:17:45:17 -0300] "POST /cormun/servlet/solicitudotadjuntos?09c8599d679491ac1cfa78ec460621e0,INS,2018,11149,,1, HTTP/1.1" 200 116
186.103.158.250 - - [19/Apr/2018:17:45:17 -0300] "GET /cormun/servlet/hpexe_return? HTTP/1.1" 200 1030
186.103.158.250 - - [19/Apr/2018:17:45:18 -0300] "GET /cormun/servlet/trsolicitudadjuntos?2018,11149, HTTP/1.1" 200 8850
186.103.159.189 - - [19/Apr/2018:17:45:18 -0300] "GET /cormun/servlet/trpermisosgoce HTTP/1.1" 200 13444
186.103.158.250 - - [19/Apr/2018:17:45:19 -0300] "GET /cormun/servlet/trsolicitudadjuntos?2018,11149, HTTP/1.1" 200 8851
186.103.159.189 - - [19/Apr/2018:17:45:21 -0300] "GET /cormun/servlet/apermisogoceprn?13097042,P,20180419171003,PU HTTP/1.1" 200 1648
186.103.158.250 - - [19/Apr/2018:17:45:23 -0300] "GET /cormun/servlet/solicitudotadjuntos?INS,2018,11149,,1, HTTP/1.1" 200 6021
186.103.158.250 - - [19/Apr/2018:17:45:23 -0300] "GET /cormun/static/about:blank HTTP/1.1" 404 1011
186.103.158.250 - - [19/Apr/2018:17:45:24 -0300] "GET /cormun/servlet/solicitudotadjuntos?INS,2018,11149,,1, HTTP/1.1" 200 6015
186.103.158.250 - - [19/Apr/2018:17:45:24 -0300] "GET /cormun/servlet/solicitudotadjuntos?1e2ddbaa7412fe1d2ca9f8f9d169c30434a1a74f27855e0d847a310bb11b08e93ba4ef75eeb0d07b7ceeff36bb5fbf1b,gx-no-cache=1524174048679 HTTP/1.1" 200 30
186.103.158.250 - - [19/Apr/2018:17:45:24 -0300] "POST /cormun/servlet/solicitudotadjuntos?09c8599d679491ac1cfa78ec460621e0,INS,2018,11149,,1,,gx-no-cache=1524174048740 HTTP/1.1" 200 3827
186.103.158.250 - - [19/Apr/2018:17:45:29 -0300] "POST /cormun/servlet/solicitudotadjuntos?gx-no-cache=1524174054007 HTTP/1.1" 200 26
181.75.79.53 - - [19/Apr/2018:17:45:35 -0300] "GET /cormun/servlet/hlogin HTTP/1.1" 200 1723
181.75.79.53 - - [19/Apr/2018:17:45:35 -0300] "GET /cormun/static/gxtimezone.js?85251 HTTP/1.1" 200 5781
181.75.79.53 - - [19/Apr/2018:17:45:35 -0300] "GET /cormun/static/gxcfg.js?20175251213516 HTTP/1.1" 200 953
181.75.79.53 - - [19/Apr/2018:17:45:35 -0300] "GET /cormun/static/Resources/Spanish/PXTools.css?11423723 HTTP/1.1" 200 89042
181.75.79.53 - - [19/Apr/2018:17:45:35 -0300] "GET /cormun/static/messages.spa.js?85251 HTTP/1.1" 200 30736
181.75.79.53 - - [19/Apr/2018:17:45:35 -0300] "GET /cormun/static/hlogin.js?20175251213537 HTTP/1.1" 200 2136
181.75.79.53 - - [19/Apr/2018:17:45:35 -0300] "GET /cormun/static/gxgral.js?85251 HTTP/1.1" 200 384558
181.75.79.53 - - [19/Apr/2018:17:45:35 -0300] "GET /cormun/static/Resources/ComunLogin.png HTTP/1.1" 200 17326
181.75.79.53 - - [19/Apr/2018:17:45:35 -0300] "GET /cormun/static/Resources/PXToolsLoginBottom.png HTTP/1.1" 200 1389
181.75.79.53 - - [19/Apr/2018:17:45:35 -0300] "GET /cormun/static/Resources/PXToolsLoginBackground.png HTTP/1.1" 200 1164
181.75.79.53 - - [19/Apr/2018:17:45:35 -0300] "GET /cormun/static/Resources/PXToolsButtonRight21.png HTTP/1.1" 200 1283
181.75.79.53 - - [19/Apr/2018:17:45:35 -0300] "GET /cormun/static/Resources/PXToolsButtonLeft21.png HTTP/1.1" 200 1287
181.75.79.53 - - [19/Apr/2018:17:45:35 -0300] "GET /cormun/static/Resources/PXToolsLoginTop.png HTTP/1.1" 200 1337
