192.168.10.97 - - [19/Apr/2018:12:26:56 -0300] "GET /cormun/pexe_scrolldiv.js HTTP/1.1" 404 1009
192.168.10.97 - - [19/Apr/2018:12:26:56 -0300] "GET /cormun/pexe_scrolldiv.js HTTP/1.1" 404 1009
201.214.54.200 - - [19/Apr/2018:12:26:57 -0300] "GET /cormun/servlet/permisogoce?ec35aa4159d5029c230c2ed412b2f27c54cb2b819489065e58acac9f59c06c17edc307f5b3e0ef081bf7b3e378d9e72e3959908c14bb30b603bfb1fa515f7bb2,gx-no-cache=1524151563460 HTTP/1.1" 200 85
192.168.10.97 - - [19/Apr/2018:12:26:57 -0300] "GET /cormun/servlet/vesolicitudgral?2018,10482,,SolicitudOTLog HTTP/1.1" 200 10252
201.214.54.200 - - [19/Apr/2018:12:26:57 -0300] "GET /cormun/static/menuarrow.gif HTTP/1.1" 404 1015
192.168.10.97 - - [19/Apr/2018:12:26:57 -0300] "POST /cormun/servlet/acontrolpreferencessavestate?None,EQUINTEROS,true HTTP/1.1" 200 35
192.168.10.97 - - [19/Apr/2018:12:27:01 -0300] "POST /cormun/servlet/vesolicitudgral?96ee25e52944380e3ce5d8cea5f2035a,2018,10482,,SolicitudOTLog,gx-no-cache=1524151442849 HTTP/1.1" 200 90
192.168.10.97 - - [19/Apr/2018:12:27:01 -0300] "GET /cormun/servlet/hpexe_link HTTP/1.1" 200 1000
192.168.10.97 - - [19/Apr/2018:12:27:02 -0300] "GET /cormun/servlet/trsolicitudgral?gx-no-cache=1524150522973 HTTP/1.1" 200 28059
192.168.10.97 - - [19/Apr/2018:12:27:03 -0300] "GET /cormun/servlet/trsolicitudgral?gx-no-cache=1524150522973 HTTP/1.1" 200 28079
201.214.54.200 - - [19/Apr/2018:12:27:04 -0300] "GET /cormun/servlet/permisogoce?ec35aa4159d5029c230c2ed412b2f27cae40a7397e2192b092397b885de234ad3aa6ead75905a67c8130f38ab06d5bb4c72780c76b3ccf91692e9a1ab8e75920,gx-no-cache=1524151570996 HTTP/1.1" 200 46
192.168.10.97 - - [19/Apr/2018:12:27:09 -0300] "GET /cormun/servlet/vesolicitudgral?2018,10473,, HTTP/1.1" 200 9209
192.168.10.97 - - [19/Apr/2018:12:27:09 -0300] "GET /cormun/pexe_scrolldiv.js HTTP/1.1" 404 1009
192.168.10.97 - - [19/Apr/2018:12:27:09 -0300] "GET /cormun/pexe_scrolldiv.js HTTP/1.1" 404 1009
192.168.10.97 - - [19/Apr/2018:12:27:09 -0300] "GET /cormun/servlet/vesolicitudgral?2018,10473,, HTTP/1.1" 200 9184
192.168.10.97 - - [19/Apr/2018:12:27:11 -0300] "GET /cormun/servlet/vesolicitudgral?2018,10473,,SolicitudOTLog HTTP/1.1" 200 10255
192.168.10.97 - - [19/Apr/2018:12:27:11 -0300] "GET /cormun/pexe_scrolldiv.js HTTP/1.1" 404 1009
192.168.10.97 - - [19/Apr/2018:12:27:11 -0300] "GET /cormun/pexe_scrolldiv.js HTTP/1.1" 404 1009
192.168.10.97 - - [19/Apr/2018:12:27:11 -0300] "GET /cormun/servlet/vesolicitudgral?2018,10473,,SolicitudOTLog HTTP/1.1" 200 10256
201.214.54.200 - - [19/Apr/2018:12:27:12 -0300] "POST /cormun/servlet/permisogoce?6d7c87beb2955ee1485a6b426564f8d0,INS,0,,,,gx-no-cache=1524151577830 HTTP/1.1" 200 93
201.214.54.200 - - [19/Apr/2018:12:27:12 -0300] "GET /cormun/servlet/hpexe_return? HTTP/1.1" 200 1009
192.168.10.97 - - [19/Apr/2018:12:27:12 -0300] "POST /cormun/servlet/acontrolpreferencessavestate?None,EQUINTEROS,true HTTP/1.1" 200 35
201.214.54.200 - - [19/Apr/2018:12:27:12 -0300] "GET /cormun/servlet/trpermisosgoce HTTP/1.1" 200 13975
201.214.54.200 - - [19/Apr/2018:12:27:14 -0300] "GET /cormun/servlet/trpermisosgoce HTTP/1.1" 200 13971
192.168.10.97 - - [19/Apr/2018:12:27:17 -0300] "POST /cormun/servlet/vesolicitudgral?96ee25e52944380e3ce5d8cea5f2035a,2018,10473,,SolicitudOTLog,gx-no-cache=1524151458569 HTTP/1.1" 200 90
192.168.10.97 - - [19/Apr/2018:12:27:17 -0300] "GET /cormun/servlet/hpexe_link HTTP/1.1" 200 1000
192.168.10.97 - - [19/Apr/2018:12:27:17 -0300] "GET /cormun/servlet/trsolicitudgral?gx-no-cache=1524150522973 HTTP/1.1" 200 28059
201.214.54.200 - - [19/Apr/2018:12:27:18 -0300] "GET /cormun/servlet/permisogoce?INS,0,,, HTTP/1.1" 200 7093
192.168.10.97 - - [19/Apr/2018:12:27:18 -0300] "GET /cormun/servlet/trsolicitudgral?gx-no-cache=1524150522973 HTTP/1.1" 200 28079
201.214.54.200 - - [19/Apr/2018:12:27:19 -0300] "GET /cormun/servlet/permisogoce?INS,0,,, HTTP/1.1" 200 7093
201.214.54.200 - - [19/Apr/2018:12:27:27 -0300] "GET /cormun/servlet/permisogoce?ec35aa4159d5029c230c2ed412b2f27c217a285774066d4b2c3b4504576201deedc307f5b3e0ef081bf7b3e378d9e72e3959908c14bb30b603bfb1fa515f7bb2,gx-no-cache=1524151593841 HTTP/1.1" 200 73
201.214.54.200 - - [19/Apr/2018:12:27:27 -0300] "GET /cormun/static/menuarrow.gif HTTP/1.1" 404 1015
192.168.10.97 - - [19/Apr/2018:12:27:29 -0300] "GET /cormun/servlet/vesolicitudgral?2018,10470,, HTTP/1.1" 200 9199
192.168.10.97 - - [19/Apr/2018:12:27:29 -0300] "GET /cormun/pexe_scrolldiv.js HTTP/1.1" 404 1009
192.168.10.97 - - [19/Apr/2018:12:27:29 -0300] "GET /cormun/pexe_scrolldiv.js HTTP/1.1" 404 1009
192.168.10.97 - - [19/Apr/2018:12:27:30 -0300] "GET /cormun/servlet/vesolicitudgral?2018,10470,, HTTP/1.1" 200 9177
192.168.10.97 - - [19/Apr/2018:12:27:32 -0300] "GET /cormun/servlet/vesolicitudgral?2018,10470,,SolicitudOTLog HTTP/1.1" 200 10244
192.168.10.97 - - [19/Apr/2018:12:27:32 -0300] "GET /cormun/pexe_scrolldiv.js HTTP/1.1" 404 1009
192.168.10.97 - - [19/Apr/2018:12:27:32 -0300] "GET /cormun/pexe_scrolldiv.js HTTP/1.1" 404 1009
192.168.10.97 - - [19/Apr/2018:12:27:32 -0300] "GET /cormun/servlet/vesolicitudgral?2018,10470,,SolicitudOTLog HTTP/1.1" 200 10246
192.168.10.97 - - [19/Apr/2018:12:27:33 -0300] "POST /cormun/servlet/acontrolpreferencessavestate?None,EQUINTEROS,true HTTP/1.1" 200 35
201.214.54.200 - - [19/Apr/2018:12:27:34 -0300] "GET /cormun/servlet/permisogoce?ec35aa4159d5029c230c2ed412b2f27c44f904187e6673885925b4c0bd4ff4c64952f3fe6361636440064692aeb17027c72780c76b3ccf91692e9a1ab8e75920,gx-no-cache=1524151600834 HTTP/1.1" 200 46
192.168.10.97 - - [19/Apr/2018:12:27:36 -0300] "POST /cormun/servlet/vesolicitudgral?96ee25e52944380e3ce5d8cea5f2035a,2018,10470,,SolicitudOTLog,gx-no-cache=1524151477809 HTTP/1.1" 200 90
192.168.10.97 - - [19/Apr/2018:12:27:36 -0300] "GET /cormun/servlet/hpexe_link HTTP/1.1" 200 1000
192.168.10.97 - - [19/Apr/2018:12:27:37 -0300] "GET /cormun/servlet/trsolicitudgral?gx-no-cache=1524150522973 HTTP/1.1" 200 28059
192.168.10.97 - - [19/Apr/2018:12:27:38 -0300] "GET /cormun/servlet/trsolicitudgral?gx-no-cache=1524150522973 HTTP/1.1" 200 28079
201.214.54.200 - - [19/Apr/2018:12:27:38 -0300] "POST /cormun/servlet/permisogoce?6d7c87beb2955ee1485a6b426564f8d0,INS,0,,,,gx-no-cache=1524151604309 HTTP/1.1" 200 93
201.214.54.200 - - [19/Apr/2018:12:27:38 -0300] "GET /cormun/servlet/hpexe_return? HTTP/1.1" 200 1009
201.214.54.200 - - [19/Apr/2018:12:27:38 -0300] "GET /cormun/servlet/trpermisosgoce HTTP/1.1" 200 14175
201.214.54.200 - - [19/Apr/2018:12:27:40 -0300] "GET /cormun/servlet/trpermisosgoce HTTP/1.1" 200 14170
201.214.54.200 - - [19/Apr/2018:12:27:43 -0300] "GET /cormun/servlet/permisogoce?INS,0,,, HTTP/1.1" 200 7093
201.214.54.200 - - [19/Apr/2018:12:27:44 -0300] "GET /cormun/servlet/permisogoce?INS,0,,, HTTP/1.1" 200 7093
192.168.10.97 - - [19/Apr/2018:12:27:47 -0300] "GET /cormun/servlet/vesolicitudgral?2018,10425,, HTTP/1.1" 200 9173
192.168.10.97 - - [19/Apr/2018:12:27:47 -0300] "GET /cormun/pexe_scrolldiv.js HTTP/1.1" 404 1009
192.168.10.97 - - [19/Apr/2018:12:27:47 -0300] "GET /cormun/pexe_scrolldiv.js HTTP/1.1" 404 1009
192.168.10.97 - - [19/Apr/2018:12:27:47 -0300] "GET /cormun/servlet/vesolicitudgral?2018,10425,, HTTP/1.1" 200 9151
192.168.10.97 - - [19/Apr/2018:12:27:49 -0300] "GET /cormun/servlet/vesolicitudgral?2018,10425,,SolicitudOTLog HTTP/1.1" 200 10249
192.168.10.97 - - [19/Apr/2018:12:27:49 -0300] "GET /cormun/pexe_scrolldiv.js HTTP/1.1" 404 1009
192.168.10.97 - - [19/Apr/2018:12:27:49 -0300] "GET /cormun/pexe_scrolldiv.js HTTP/1.1" 404 1009
192.168.10.97 - - [19/Apr/2018:12:27:49 -0300] "GET /cormun/servlet/vesolicitudgral?2018,10425,,SolicitudOTLog HTTP/1.1" 200 10251
192.168.10.97 - - [19/Apr/2018:12:27:50 -0300] "POST /cormun/servlet/acontrolpreferencessavestate?None,EQUINTEROS,true HTTP/1.1" 200 35
201.214.54.200 - - [19/Apr/2018:12:27:51 -0300] "GET /cormun/servlet/permisogoce?ec35aa4159d5029c230c2ed412b2f27c932b462a3a3c6cc3ee616bc1b9c9296eedc307f5b3e0ef081bf7b3e378d9e72e3959908c14bb30b603bfb1fa515f7bb2,gx-no-cache=1524151617890 HTTP/1.1" 200 76
201.214.54.200 - - [19/Apr/2018:12:27:51 -0300] "GET /cormun/static/menuarrow.gif HTTP/1.1" 404 1015
192.168.10.97 - - [19/Apr/2018:12:27:57 -0300] "POST /cormun/servlet/vesolicitudgral?96ee25e52944380e3ce5d8cea5f2035a,2018,10425,,SolicitudOTLog,gx-no-cache=1524151498985 HTTP/1.1" 200 90
192.168.10.97 - - [19/Apr/2018:12:27:57 -0300] "GET /cormun/servlet/hpexe_link HTTP/1.1" 200 1000
192.168.10.97 - - [19/Apr/2018:12:27:58 -0300] "GET /cormun/servlet/trsolicitudgral?gx-no-cache=1524150522973 HTTP/1.1" 200 28059
192.168.10.97 - - [19/Apr/2018:12:27:59 -0300] "GET /cormun/servlet/trsolicitudgral?gx-no-cache=1524150522973 HTTP/1.1" 200 28079
201.214.54.200 - - [19/Apr/2018:12:28:00 -0300] "GET /cormun/servlet/permisogoce?ec35aa4159d5029c230c2ed412b2f27c6d5c76e997870bb7fdd1813458f6694ca97885e0d68383eaea12fce976d55c48c72780c76b3ccf91692e9a1ab8e75920,gx-no-cache=1524151626779 HTTP/1.1" 200 46
192.168.10.97 - - [19/Apr/2018:12:28:07 -0300] "GET /cormun/servlet/vesolicitudgral?2018,10193,, HTTP/1.1" 200 9215
192.168.10.97 - - [19/Apr/2018:12:28:07 -0300] "GET /cormun/pexe_scrolldiv.js HTTP/1.1" 404 1009
192.168.10.97 - - [19/Apr/2018:12:28:07 -0300] "GET /cormun/pexe_scrolldiv.js HTTP/1.1" 404 1009
192.168.10.97 - - [19/Apr/2018:12:28:08 -0300] "GET /cormun/servlet/vesolicitudgral?2018,10193,, HTTP/1.1" 200 9192
201.214.54.200 - - [19/Apr/2018:12:28:08 -0300] "POST /cormun/servlet/permisogoce?6d7c87beb2955ee1485a6b426564f8d0,INS,0,,,,gx-no-cache=1524151634742 HTTP/1.1" 200 93
201.214.54.200 - - [19/Apr/2018:12:28:08 -0300] "GET /cormun/servlet/hpexe_return? HTTP/1.1" 200 1009
186.67.172.234 - - [19/Apr/2018:12:28:08 -0300] "POST /cormun/servlet/trcontratosolicitud?6c5c1bd578a6fe4201ccf773f3dbe072,,gx-no-cache=1524151629770 HTTP/1.1" 200 10624
201.214.54.200 - - [19/Apr/2018:12:28:09 -0300] "GET /cormun/servlet/trpermisosgoce HTTP/1.1" 200 14386
192.168.10.97 - - [19/Apr/2018:12:28:09 -0300] "GET /cormun/servlet/vesolicitudgral?2018,10193,,SolicitudOTLog HTTP/1.1" 200 10250
192.168.10.97 - - [19/Apr/2018:12:28:09 -0300] "GET /cormun/pexe_scrolldiv.js HTTP/1.1" 404 1009
192.168.10.97 - - [19/Apr/2018:12:28:09 -0300] "GET /cormun/pexe_scrolldiv.js HTTP/1.1" 404 1009
192.168.10.97 - - [19/Apr/2018:12:28:10 -0300] "GET /cormun/servlet/vesolicitudgral?2018,10193,,SolicitudOTLog HTTP/1.1" 200 10251
201.214.54.200 - - [19/Apr/2018:12:28:10 -0300] "GET /cormun/servlet/trpermisosgoce HTTP/1.1" 200 14382
192.168.10.97 - - [19/Apr/2018:12:28:10 -0300] "POST /cormun/servlet/acontrolpreferencessavestate?None,EQUINTEROS,true HTTP/1.1" 200 35
201.214.54.200 - - [19/Apr/2018:12:28:13 -0300] "GET /cormun/servlet/permisogoce?INS,0,,, HTTP/1.1" 200 7093
192.168.10.97 - - [19/Apr/2018:12:28:14 -0300] "POST /cormun/servlet/vesolicitudgral?96ee25e52944380e3ce5d8cea5f2035a,2018,10193,,SolicitudOTLog,gx-no-cache=1524151516216 HTTP/1.1" 200 90
192.168.10.97 - - [19/Apr/2018:12:28:14 -0300] "GET /cormun/servlet/hpexe_link HTTP/1.1" 200 999
201.214.54.200 - - [19/Apr/2018:12:28:14 -0300] "GET /cormun/servlet/permisogoce?INS,0,,, HTTP/1.1" 200 7093
192.168.10.97 - - [19/Apr/2018:12:28:15 -0300] "GET /cormun/servlet/trsolicitudgral?gx-no-cache=1524150522973 HTTP/1.1" 200 28059
192.168.10.97 - - [19/Apr/2018:12:28:16 -0300] "GET /cormun/servlet/trsolicitudgral?gx-no-cache=1524150522973 HTTP/1.1" 200 28079
201.214.54.200 - - [19/Apr/2018:12:28:22 -0300] "GET /cormun/servlet/permisogoce?ec35aa4159d5029c230c2ed412b2f27c8498d1c088f3b1e43ca2ebf0dbe4ec13edc307f5b3e0ef081bf7b3e378d9e72e3959908c14bb30b603bfb1fa515f7bb2,gx-no-cache=1524151648858 HTTP/1.1" 200 83
201.214.54.200 - - [19/Apr/2018:12:28:22 -0300] "GET /cormun/static/menuarrow.gif HTTP/1.1" 404 1015
192.168.10.97 - - [19/Apr/2018:12:28:28 -0300] "GET /cormun/servlet/vesolicitudgral?2018,10127,, HTTP/1.1" 200 9216
192.168.10.97 - - [19/Apr/2018:12:28:28 -0300] "GET /cormun/pexe_scrolldiv.js HTTP/1.1" 404 1009
192.168.10.97 - - [19/Apr/2018:12:28:28 -0300] "GET /cormun/pexe_scrolldiv.js HTTP/1.1" 404 1009
201.214.54.200 - - [19/Apr/2018:12:28:29 -0300] "GET /cormun/servlet/permisogoce?ec35aa4159d5029c230c2ed412b2f27c398261eda5dd2d226be9dac78d80ff4ab87e2735210de8022b3b3ea4ca9d1922c72780c76b3ccf91692e9a1ab8e75920,gx-no-cache=1524151655692 HTTP/1.1" 200 47
192.168.10.97 - - [19/Apr/2018:12:28:29 -0300] "GET /cormun/servlet/vesolicitudgral?2018,10127,, HTTP/1.1" 200 9194
201.214.54.200 - - [19/Apr/2018:12:28:37 -0300] "POST /cormun/servlet/permisogoce?6d7c87beb2955ee1485a6b426564f8d0,INS,0,,,,gx-no-cache=1524151663696 HTTP/1.1" 200 93
201.214.54.200 - - [19/Apr/2018:12:28:37 -0300] "GET /cormun/servlet/hpexe_return? HTTP/1.1" 200 1009
201.214.54.200 - - [19/Apr/2018:12:28:38 -0300] "GET /cormun/servlet/trpermisosgoce HTTP/1.1" 200 14573
192.168.10.97 - - [19/Apr/2018:12:28:38 -0300] "GET /cormun/servlet/vesolicitudgral?2018,10127,,SolicitudOTLog HTTP/1.1" 200 10251
192.168.10.97 - - [19/Apr/2018:12:28:38 -0300] "GET /cormun/pexe_scrolldiv.js HTTP/1.1" 404 1009
192.168.10.97 - - [19/Apr/2018:12:28:38 -0300] "GET /cormun/pexe_scrolldiv.js HTTP/1.1" 404 1009
192.168.10.97 - - [19/Apr/2018:12:28:38 -0300] "GET /cormun/servlet/vesolicitudgral?2018,10127,,SolicitudOTLog HTTP/1.1" 200 10253
192.168.10.97 - - [19/Apr/2018:12:28:39 -0300] "POST /cormun/servlet/acontrolpreferencessavestate?None,EQUINTEROS,true HTTP/1.1" 200 35
201.214.54.200 - - [19/Apr/2018:12:28:39 -0300] "GET /cormun/servlet/trpermisosgoce HTTP/1.1" 200 14568
192.168.10.97 - - [19/Apr/2018:12:28:42 -0300] "POST /cormun/servlet/vesolicitudgral?96ee25e52944380e3ce5d8cea5f2035a,2018,10127,,SolicitudOTLog,gx-no-cache=1524151543843 HTTP/1.1" 200 90
192.168.10.97 - - [19/Apr/2018:12:28:42 -0300] "GET /cormun/servlet/hpexe_link HTTP/1.1" 200 1000
192.168.10.97 - - [19/Apr/2018:12:28:43 -0300] "GET /cormun/servlet/trsolicitudgral?gx-no-cache=1524150522973 HTTP/1.1" 200 28059
201.214.54.200 - - [19/Apr/2018:12:28:43 -0300] "GET /cormun/servlet/permisogoce?INS,0,,, HTTP/1.1" 200 7093
192.168.10.97 - - [19/Apr/2018:12:28:44 -0300] "GET /cormun/servlet/trsolicitudgral?gx-no-cache=1524150522973 HTTP/1.1" 200 28079
201.214.54.200 - - [19/Apr/2018:12:28:44 -0300] "GET /cormun/servlet/permisogoce?INS,0,,, HTTP/1.1" 200 7093
201.214.54.200 - - [19/Apr/2018:12:28:51 -0300] "GET /cormun/servlet/permisogoce?ec35aa4159d5029c230c2ed412b2f27c92a1dfaa5f127bfc1bc575b9673b4966edc307f5b3e0ef081bf7b3e378d9e72e3959908c14bb30b603bfb1fa515f7bb2,gx-no-cache=1524151677860 HTTP/1.1" 200 74
201.214.54.200 - - [19/Apr/2018:12:28:51 -0300] "GET /cormun/static/menuarrow.gif HTTP/1.1" 404 1015
192.168.10.97 - - [19/Apr/2018:12:28:56 -0300] "GET /cormun/servlet/vesolicitudgral?2018,10009,, HTTP/1.1" 200 9157
192.168.10.97 - - [19/Apr/2018:12:28:56 -0300] "GET /cormun/pexe_scrolldiv.js HTTP/1.1" 404 1009
192.168.10.97 - - [19/Apr/2018:12:28:56 -0300] "GET /cormun/pexe_scrolldiv.js HTTP/1.1" 404 1009
192.168.10.97 - - [19/Apr/2018:12:28:56 -0300] "GET /cormun/servlet/vesolicitudgral?2018,10009,, HTTP/1.1" 200 9135
192.168.10.97 - - [19/Apr/2018:12:28:58 -0300] "GET /cormun/servlet/vesolicitudgral?2018,10009,,SolicitudOTLog HTTP/1.1" 200 10240
192.168.10.97 - - [19/Apr/2018:12:28:58 -0300] "GET /cormun/pexe_scrolldiv.js HTTP/1.1" 404 1009
192.168.10.97 - - [19/Apr/2018:12:28:58 -0300] "GET /cormun/pexe_scrolldiv.js HTTP/1.1" 404 1009
201.214.54.200 - - [19/Apr/2018:12:28:58 -0300] "GET /cormun/servlet/permisogoce?ec35aa4159d5029c230c2ed412b2f27ca3917336e387fc281b3286149fa32bd603a8c481df69df7c2c1d278bd927bf2248d5b9af94504bf51bc4bc04797dd684,gx-no-cache=1524151685414 HTTP/1.1" 200 47
192.168.10.97 - - [19/Apr/2018:12:28:59 -0300] "GET /cormun/servlet/vesolicitudgral?2018,10009,,SolicitudOTLog HTTP/1.1" 200 10242
192.168.10.97 - - [19/Apr/2018:12:28:59 -0300] "POST /cormun/servlet/acontrolpreferencessavestate?None,EQUINTEROS,true HTTP/1.1" 200 35
201.214.54.200 - - [19/Apr/2018:12:29:03 -0300] "POST /cormun/servlet/permisogoce?6d7c87beb2955ee1485a6b426564f8d0,INS,0,,,,gx-no-cache=1524151689319 HTTP/1.1" 200 93
201.214.54.200 - - [19/Apr/2018:12:29:03 -0300] "GET /cormun/servlet/hpexe_return? HTTP/1.1" 200 1009
192.168.10.97 - - [19/Apr/2018:12:29:03 -0300] "POST /cormun/servlet/vesolicitudgral?96ee25e52944380e3ce5d8cea5f2035a,2018,10009,,SolicitudOTLog,gx-no-cache=1524151565045 HTTP/1.1" 200 90
192.168.10.97 - - [19/Apr/2018:12:29:03 -0300] "GET /cormun/servlet/hpexe_link HTTP/1.1" 200 1000
201.214.54.200 - - [19/Apr/2018:12:29:03 -0300] "GET /cormun/servlet/trpermisosgoce HTTP/1.1" 200 14795
192.168.10.97 - - [19/Apr/2018:12:29:04 -0300] "GET /cormun/servlet/trsolicitudgral?gx-no-cache=1524150522973 HTTP/1.1" 200 28059
192.168.10.97 - - [19/Apr/2018:12:29:05 -0300] "GET /cormun/servlet/trsolicitudgral?gx-no-cache=1524150522973 HTTP/1.1" 200 28079
201.214.54.200 - - [19/Apr/2018:12:29:05 -0300] "GET /cormun/servlet/trpermisosgoce HTTP/1.1" 200 14791
201.214.54.200 - - [19/Apr/2018:12:29:08 -0300] "GET /cormun/servlet/permisogoce?INS,0,,, HTTP/1.1" 200 7093
201.214.54.200 - - [19/Apr/2018:12:29:09 -0300] "GET /cormun/servlet/permisogoce?INS,0,,, HTTP/1.1" 200 7093
201.214.54.200 - - [19/Apr/2018:12:29:16 -0300] "GET /cormun/servlet/permisogoce?ec35aa4159d5029c230c2ed412b2f27c0234e0fa78eb18880577d088b2fa6027ab2f527f10f7bc58406e4e960a7b366d,gx-no-cache=1524151702972 HTTP/1.1" 200 77
201.214.54.200 - - [19/Apr/2018:12:29:16 -0300] "GET /cormun/static/menuarrow.gif HTTP/1.1" 404 1015
201.214.54.200 - - [19/Apr/2018:12:29:23 -0300] "GET /cormun/servlet/permisogoce?ec35aa4159d5029c230c2ed412b2f27cd122055e959055d216626fe8eab1dce4d86100c2f54f215b5e7f13295c484b0c80e48338f96e84cab008e452752c9b79,gx-no-cache=1524151709569 HTTP/1.1" 200 47
201.214.54.200 - - [19/Apr/2018:12:29:26 -0300] "POST /cormun/servlet/permisogoce?6d7c87beb2955ee1485a6b426564f8d0,INS,0,,,,gx-no-cache=1524151712869 HTTP/1.1" 200 93
201.214.54.200 - - [19/Apr/2018:12:29:26 -0300] "GET /cormun/servlet/hpexe_return? HTTP/1.1" 200 1009
201.214.54.200 - - [19/Apr/2018:12:29:27 -0300] "GET /cormun/servlet/trpermisosgoce HTTP/1.1" 200 15020
201.214.54.200 - - [19/Apr/2018:12:29:28 -0300] "GET /cormun/servlet/trpermisosgoce HTTP/1.1" 200 15015
201.214.54.200 - - [19/Apr/2018:12:29:32 -0300] "GET /cormun/servlet/permisogoce?INS,0,,, HTTP/1.1" 200 7093
201.214.54.200 - - [19/Apr/2018:12:29:34 -0300] "GET /cormun/servlet/permisogoce?INS,0,,, HTTP/1.1" 200 7093
192.168.10.97 - - [19/Apr/2018:12:29:38 -0300] "GET /cormun/servlet/vesolicitudgral?2018,8326,, HTTP/1.1" 200 9207
192.168.10.97 - - [19/Apr/2018:12:29:38 -0300] "GET /cormun/pexe_scrolldiv.js HTTP/1.1" 404 1009
192.168.10.97 - - [19/Apr/2018:12:29:38 -0300] "GET /cormun/pexe_scrolldiv.js HTTP/1.1" 404 1009
192.168.10.97 - - [19/Apr/2018:12:29:38 -0300] "GET /cormun/servlet/vesolicitudgral?2018,8326,, HTTP/1.1" 200 9185
201.214.54.200 - - [19/Apr/2018:12:29:40 -0300] "GET /cormun/servlet/permisogoce?ec35aa4159d5029c230c2ed412b2f27c1706e1540f90e62c09fbe6af33a8ce76edc307f5b3e0ef081bf7b3e378d9e72e3959908c14bb30b603bfb1fa515f7bb2,gx-no-cache=1524151726647 HTTP/1.1" 200 78
201.214.54.200 - - [19/Apr/2018:12:29:40 -0300] "GET /cormun/static/menuarrow.gif HTTP/1.1" 404 1015
192.168.10.97 - - [19/Apr/2018:12:29:44 -0300] "GET /cormun/servlet/vesolicitudgral?2018,8326,,SolicitudOTLog HTTP/1.1" 200 9879
192.168.10.97 - - [19/Apr/2018:12:29:44 -0300] "GET /cormun/pexe_scrolldiv.js HTTP/1.1" 404 1009
192.168.10.97 - - [19/Apr/2018:12:29:44 -0300] "GET /cormun/pexe_scrolldiv.js HTTP/1.1" 404 1009
192.168.10.97 - - [19/Apr/2018:12:29:44 -0300] "GET /cormun/servlet/vesolicitudgral?2018,8326,,SolicitudOTLog HTTP/1.1" 200 9879
192.168.10.97 - - [19/Apr/2018:12:29:45 -0300] "POST /cormun/servlet/acontrolpreferencessavestate?None,EQUINTEROS,true HTTP/1.1" 200 35
201.214.54.200 - - [19/Apr/2018:12:29:46 -0300] "GET /cormun/servlet/permisogoce?ec35aa4159d5029c230c2ed412b2f27c5b7e3d83f77662e484f73ab43f2394a0cfccac03dc991b0e6cb74e866931e937c72780c76b3ccf91692e9a1ab8e75920,gx-no-cache=1524151732557 HTTP/1.1" 200 47
201.214.54.200 - - [19/Apr/2018:12:29:50 -0300] "POST /cormun/servlet/permisogoce?6d7c87beb2955ee1485a6b426564f8d0,INS,0,,,,gx-no-cache=1524151736309 HTTP/1.1" 200 93
201.214.54.200 - - [19/Apr/2018:12:29:50 -0300] "GET /cormun/servlet/hpexe_return? HTTP/1.1" 200 1009
201.214.54.200 - - [19/Apr/2018:12:29:50 -0300] "GET /cormun/servlet/trpermisosgoce HTTP/1.1" 200 15236
192.168.10.97 - - [19/Apr/2018:12:29:52 -0300] "POST /cormun/servlet/vesolicitudgral?96ee25e52944380e3ce5d8cea5f2035a,2018,8326,,SolicitudOTLog,gx-no-cache=1524151613615 HTTP/1.1" 200 90
192.168.10.97 - - [19/Apr/2018:12:29:52 -0300] "GET /cormun/servlet/hpexe_link HTTP/1.1" 200 999
201.214.54.200 - - [19/Apr/2018:12:29:52 -0300] "GET /cormun/servlet/trpermisosgoce HTTP/1.1" 200 15231
192.168.10.97 - - [19/Apr/2018:12:29:52 -0300] "GET /cormun/servlet/trsolicitudgral?gx-no-cache=1524150522973 HTTP/1.1" 200 28059
192.168.10.97 - - [19/Apr/2018:12:29:53 -0300] "GET /cormun/servlet/trsolicitudgral?gx-no-cache=1524150522973 HTTP/1.1" 200 28079
201.214.54.200 - - [19/Apr/2018:12:29:56 -0300] "GET /cormun/servlet/permisogoce?INS,0,,, HTTP/1.1" 200 7093
201.214.54.200 - - [19/Apr/2018:12:29:58 -0300] "GET /cormun/servlet/permisogoce?INS,0,,, HTTP/1.1" 200 7096
201.214.54.200 - - [19/Apr/2018:12:30:05 -0300] "GET /cormun/servlet/permisogoce?ec35aa4159d5029c230c2ed412b2f27c1b073789355a4c29de8d5f7c54587193edc307f5b3e0ef081bf7b3e378d9e72e3959908c14bb30b603bfb1fa515f7bb2,gx-no-cache=1524151752131 HTTP/1.1" 200 75
201.214.54.200 - - [19/Apr/2018:12:30:05 -0300] "GET /cormun/static/menuarrow.gif HTTP/1.1" 404 1015
201.214.54.200 - - [19/Apr/2018:12:30:12 -0300] "GET /cormun/servlet/permisogoce?ec35aa4159d5029c230c2ed412b2f27c7e55f48e6abb235a5c1291ce1c2e141640d0339c09d9da2714e772d8fe726c90c72780c76b3ccf91692e9a1ab8e75920,gx-no-cache=1524151759370 HTTP/1.1" 200 47
201.214.54.200 - - [19/Apr/2018:12:30:17 -0300] "POST /cormun/servlet/permisogoce?6d7c87beb2955ee1485a6b426564f8d0,INS,0,,,,gx-no-cache=1524151763148 HTTP/1.1" 200 93
201.214.54.200 - - [19/Apr/2018:12:30:17 -0300] "GET /cormun/servlet/hpexe_return? HTTP/1.1" 200 1009
201.214.54.200 - - [19/Apr/2018:12:30:17 -0300] "GET /cormun/servlet/trpermisosgoce HTTP/1.1" 200 15432
201.214.54.200 - - [19/Apr/2018:12:30:19 -0300] "GET /cormun/servlet/trpermisosgoce HTTP/1.1" 200 15428
201.214.54.200 - - [19/Apr/2018:12:30:22 -0300] "GET /cormun/servlet/permisogoce?INS,0,,, HTTP/1.1" 200 7093
201.214.54.200 - - [19/Apr/2018:12:30:23 -0300] "GET /cormun/servlet/permisogoce?INS,0,,, HTTP/1.1" 200 7093
201.214.54.200 - - [19/Apr/2018:12:30:31 -0300] "GET /cormun/servlet/permisogoce?ec35aa4159d5029c230c2ed412b2f27c3aa65b044079f43680e1b123539dc57eedc307f5b3e0ef081bf7b3e378d9e72e3959908c14bb30b603bfb1fa515f7bb2,gx-no-cache=1524151777892 HTTP/1.1" 200 75
201.214.54.200 - - [19/Apr/2018:12:30:31 -0300] "GET /cormun/static/menuarrow.gif HTTP/1.1" 404 1015
201.214.54.200 - - [19/Apr/2018:12:30:37 -0300] "GET /cormun/servlet/permisogoce?ec35aa4159d5029c230c2ed412b2f27c23177e97bf2824b3dcae4c1cdd7c2c637d4ec412d046a98cf8b2570fdbb507b0c72780c76b3ccf91692e9a1ab8e75920,gx-no-cache=1524151784237 HTTP/1.1" 200 47
201.214.54.200 - - [19/Apr/2018:12:30:44 -0300] "POST /cormun/servlet/permisogoce?6d7c87beb2955ee1485a6b426564f8d0,INS,0,,,,gx-no-cache=1524151790329 HTTP/1.1" 200 93
201.214.54.200 - - [19/Apr/2018:12:30:44 -0300] "GET /cormun/servlet/hpexe_return? HTTP/1.1" 200 1009
201.214.54.200 - - [19/Apr/2018:12:30:44 -0300] "GET /cormun/servlet/trpermisosgoce HTTP/1.1" 200 15667
201.214.54.200 - - [19/Apr/2018:12:30:46 -0300] "GET /cormun/servlet/trpermisosgoce HTTP/1.1" 200 15662
186.79.208.148 - - [19/Apr/2018:12:31:15 -0300] "GET /cormun/servlet/trpermisosadjuntos?17138656,20180419122221,P, HTTP/1.1" 200 6538
186.79.208.148 - - [19/Apr/2018:12:31:15 -0300] "GET /cormun/static/gxcfg.js?201762817193957 HTTP/1.1" 200 953
186.79.208.148 - - [19/Apr/2018:12:31:16 -0300] "GET /cormun/static/trpermisosadjuntos.js?201762817194366 HTTP/1.1" 200 20158
186.79.208.148 - - [19/Apr/2018:12:31:17 -0300] "GET /cormun/servlet/trpermisosadjuntos?17138656,20180419122221,P, HTTP/1.1" 200 6538
186.79.208.148 - - [19/Apr/2018:12:31:19 -0300] "GET /cormun/servlet/permisosadjuntos?INS,17138656,P,20180419122221,, HTTP/1.1" 200 5870
186.79.208.148 - - [19/Apr/2018:12:31:19 -0300] "GET /cormun/static/gxcfg.js?201762717441171 HTTP/1.1" 200 953
186.79.208.148 - - [19/Apr/2018:12:31:19 -0300] "GET /cormun/static/about:blank HTTP/1.1" 404 1011
186.79.208.148 - - [19/Apr/2018:12:31:23 -0300] "GET /cormun/static/permisosadjuntos.js?201762717441184 HTTP/1.1" 200 8724
186.79.208.148 - - [19/Apr/2018:12:31:24 -0300] "GET /cormun/servlet/permisosadjuntos?INS,17138656,P,20180419122221,, HTTP/1.1" 200 5860
186.79.208.148 - - [19/Apr/2018:12:31:48 -0300] "POST /cormun/servlet/permisosadjuntos?6d7c87beb2955ee1485a6b426564f8d0,INS,17138656,P,20180419122221,, HTTP/1.1" 200 116
186.79.208.148 - - [19/Apr/2018:12:31:48 -0300] "GET /cormun/servlet/hpexe_return? HTTP/1.1" 200 1036
186.79.208.148 - - [19/Apr/2018:12:31:48 -0300] "GET /cormun/servlet/trpermisosadjuntos?17138656,20180419122221,P, HTTP/1.1" 200 7033
186.79.208.148 - - [19/Apr/2018:12:31:50 -0300] "GET /cormun/servlet/trpermisosadjuntos?17138656,20180419122221,P, HTTP/1.1" 200 7030
186.79.208.148 - - [19/Apr/2018:12:31:53 -0300] "POST /cormun/servlet/trpermisosadjuntos?6d7c87beb2955ee1485a6b426564f8d0,17138656,20180419122221,P,,gx-no-cache=1524151859644 HTTP/1.1" 200 90
186.79.208.148 - - [19/Apr/2018:12:31:53 -0300] "GET /cormun/servlet/hpexe_link HTTP/1.1" 200 981
186.79.208.148 - - [19/Apr/2018:12:31:54 -0300] "GET /cormun/servlet/trpermisosgoce HTTP/1.1" 200 15664
186.79.208.148 - - [19/Apr/2018:12:31:55 -0300] "GET /cormun/servlet/trpermisosgoce HTTP/1.1" 200 15662
201.214.54.200 - - [19/Apr/2018:12:31:58 -0300] "GET /cormun/servlet/trpermisosadjuntos?9922919,20180419122250,P, HTTP/1.1" 200 6536
201.214.54.200 - - [19/Apr/2018:12:32:00 -0300] "GET /cormun/servlet/trpermisosadjuntos?9922919,20180419122250,P, HTTP/1.1" 200 6536
201.214.54.200 - - [19/Apr/2018:12:32:02 -0300] "GET /cormun/servlet/permisosadjuntos?INS,9922919,P,20180419122250,, HTTP/1.1" 200 5867
201.214.54.200 - - [19/Apr/2018:12:32:02 -0300] "GET /cormun/static/about:blank HTTP/1.1" 404 1011
201.214.54.200 - - [19/Apr/2018:12:32:03 -0300] "GET /cormun/servlet/permisosadjuntos?INS,9922919,P,20180419122250,, HTTP/1.1" 200 5856
201.214.54.200 - - [19/Apr/2018:12:32:14 -0300] "POST /cormun/servlet/permisosadjuntos?6d7c87beb2955ee1485a6b426564f8d0,INS,9922919,P,20180419122250,, HTTP/1.1" 200 116
201.214.54.200 - - [19/Apr/2018:12:32:14 -0300] "GET /cormun/servlet/hpexe_return? HTTP/1.1" 200 1036
201.214.54.200 - - [19/Apr/2018:12:32:15 -0300] "GET /cormun/servlet/trpermisosadjuntos?9922919,20180419122250,P, HTTP/1.1" 200 7025
201.214.54.200 - - [19/Apr/2018:12:32:16 -0300] "GET /cormun/servlet/trpermisosadjuntos?9922919,20180419122250,P, HTTP/1.1" 200 7022
201.214.54.200 - - [19/Apr/2018:12:32:19 -0300] "POST /cormun/servlet/trpermisosadjuntos?6d7c87beb2955ee1485a6b426564f8d0,9922919,20180419122250,P,,gx-no-cache=1524151885527 HTTP/1.1" 200 90
201.214.54.200 - - [19/Apr/2018:12:32:19 -0300] "GET /cormun/servlet/hpexe_link HTTP/1.1" 200 982
201.214.54.200 - - [19/Apr/2018:12:32:19 -0300] "GET /cormun/servlet/trpermisosgoce HTTP/1.1" 200 15664
201.214.54.200 - - [19/Apr/2018:12:32:21 -0300] "GET /cormun/servlet/trpermisosgoce HTTP/1.1" 200 15662
201.214.54.200 - - [19/Apr/2018:12:32:34 -0300] "GET /cormun/servlet/trpermisosadjuntos?10699672,20180419122322,P, HTTP/1.1" 200 6539
201.214.54.200 - - [19/Apr/2018:12:32:36 -0300] "GET /cormun/servlet/trpermisosadjuntos?10699672,20180419122322,P, HTTP/1.1" 200 6539
201.214.54.200 - - [19/Apr/2018:12:32:38 -0300] "GET /cormun/servlet/permisosadjuntos?INS,10699672,P,20180419122322,, HTTP/1.1" 200 5867
201.214.54.200 - - [19/Apr/2018:12:32:39 -0300] "GET /cormun/static/about:blank HTTP/1.1" 404 1011
201.214.54.200 - - [19/Apr/2018:12:32:39 -0300] "GET /cormun/servlet/permisosadjuntos?INS,10699672,P,20180419122322,, HTTP/1.1" 200 5858
201.214.54.200 - - [19/Apr/2018:12:32:50 -0300] "POST /cormun/servlet/permisosadjuntos?6d7c87beb2955ee1485a6b426564f8d0,INS,10699672,P,20180419122322,, HTTP/1.1" 200 116
201.214.54.200 - - [19/Apr/2018:12:32:50 -0300] "GET /cormun/servlet/hpexe_return? HTTP/1.1" 200 1036
201.214.54.200 - - [19/Apr/2018:12:32:51 -0300] "GET /cormun/servlet/trpermisosadjuntos?10699672,20180419122322,P, HTTP/1.1" 200 7024
201.214.54.200 - - [19/Apr/2018:12:32:52 -0300] "GET /cormun/servlet/trpermisosadjuntos?10699672,20180419122322,P, HTTP/1.1" 200 7021
201.214.54.200 - - [19/Apr/2018:12:32:54 -0300] "POST /cormun/servlet/trpermisosadjuntos?6d7c87beb2955ee1485a6b426564f8d0,10699672,20180419122322,P,,gx-no-cache=1524151921239 HTTP/1.1" 200 90
201.214.54.200 - - [19/Apr/2018:12:32:55 -0300] "GET /cormun/servlet/hpexe_link HTTP/1.1" 200 982
201.214.54.200 - - [19/Apr/2018:12:32:55 -0300] "GET /cormun/servlet/trpermisosgoce HTTP/1.1" 200 15664
201.214.54.200 - - [19/Apr/2018:12:32:57 -0300] "GET /cormun/servlet/trpermisosgoce HTTP/1.1" 200 15662
201.214.54.200 - - [19/Apr/2018:12:33:04 -0300] "GET /cormun/servlet/trpermisosadjuntos?17199981,20180419122350,P, HTTP/1.1" 200 6545
201.214.54.200 - - [19/Apr/2018:12:33:05 -0300] "GET /cormun/servlet/trpermisosadjuntos?17199981,20180419122350,P, HTTP/1.1" 200 6545
201.214.54.200 - - [19/Apr/2018:12:33:07 -0300] "GET /cormun/servlet/permisosadjuntos?INS,17199981,P,20180419122350,, HTTP/1.1" 200 5878
201.214.54.200 - - [19/Apr/2018:12:33:07 -0300] "GET /cormun/static/about:blank HTTP/1.1" 404 1011
201.214.54.200 - - [19/Apr/2018:12:33:08 -0300] "GET /cormun/servlet/permisosadjuntos?INS,17199981,P,20180419122350,, HTTP/1.1" 200 5867
201.214.54.200 - - [19/Apr/2018:12:33:17 -0300] "POST /cormun/servlet/permisosadjuntos?6d7c87beb2955ee1485a6b426564f8d0,INS,17199981,P,20180419122350,, HTTP/1.1" 200 116
201.214.54.200 - - [19/Apr/2018:12:33:17 -0300] "GET /cormun/servlet/hpexe_return? HTTP/1.1" 200 1037
201.214.54.200 - - [19/Apr/2018:12:33:17 -0300] "GET /cormun/servlet/trpermisosadjuntos?17199981,20180419122350,P, HTTP/1.1" 200 7036
201.214.54.200 - - [19/Apr/2018:12:33:19 -0300] "GET /cormun/servlet/trpermisosadjuntos?17199981,20180419122350,P, HTTP/1.1" 200 7032
201.214.54.200 - - [19/Apr/2018:12:33:21 -0300] "POST /cormun/servlet/trpermisosadjuntos?6d7c87beb2955ee1485a6b426564f8d0,17199981,20180419122350,P,,gx-no-cache=1524151947663 HTTP/1.1" 200 90
201.214.54.200 - - [19/Apr/2018:12:33:21 -0300] "GET /cormun/servlet/hpexe_link HTTP/1.1" 200 982
201.214.54.200 - - [19/Apr/2018:12:33:21 -0300] "GET /cormun/servlet/trpermisosgoce HTTP/1.1" 200 15664
201.214.54.200 - - [19/Apr/2018:12:33:23 -0300] "GET /cormun/servlet/trpermisosgoce HTTP/1.1" 200 15662
201.214.54.200 - - [19/Apr/2018:12:33:35 -0300] "GET /cormun/servlet/trpermisosadjuntos?17525987,20180419122420,P, HTTP/1.1" 200 6536
201.214.54.200 - - [19/Apr/2018:12:33:36 -0300] "GET /cormun/servlet/trpermisosadjuntos?17525987,20180419122420,P, HTTP/1.1" 200 6536
186.79.208.148 - - [19/Apr/2018:12:33:38 -0300] "GET /cormun/servlet/permisosadjuntos?INS,17525987,P,20180419122420,, HTTP/1.1" 200 5866
186.79.208.148 - - [19/Apr/2018:12:33:39 -0300] "GET /cormun/static/about:blank HTTP/1.1" 404 1011
186.79.208.148 - - [19/Apr/2018:12:33:40 -0300] "GET /cormun/servlet/permisosadjuntos?INS,17525987,P,20180419122420,, HTTP/1.1" 200 5857
186.79.208.148 - - [19/Apr/2018:12:34:02 -0300] "POST /cormun/servlet/permisosadjuntos?6d7c87beb2955ee1485a6b426564f8d0,INS,17525987,P,20180419122420,, HTTP/1.1" 200 116
186.79.208.148 - - [19/Apr/2018:12:34:02 -0300] "GET /cormun/servlet/hpexe_return? HTTP/1.1" 200 1036
186.79.208.148 - - [19/Apr/2018:12:34:03 -0300] "GET /cormun/servlet/trpermisosadjuntos?17525987,20180419122420,P, HTTP/1.1" 200 7026
186.79.208.148 - - [19/Apr/2018:12:34:04 -0300] "GET /cormun/servlet/trpermisosadjuntos?17525987,20180419122420,P, HTTP/1.1" 200 7023
186.79.208.148 - - [19/Apr/2018:12:34:06 -0300] "POST /cormun/servlet/trpermisosadjuntos?6d7c87beb2955ee1485a6b426564f8d0,17525987,20180419122420,P,,gx-no-cache=1524151992184 HTTP/1.1" 200 90
186.79.208.148 - - [19/Apr/2018:12:34:06 -0300] "GET /cormun/servlet/hpexe_link HTTP/1.1" 200 981
186.79.208.148 - - [19/Apr/2018:12:34:06 -0300] "GET /cormun/servlet/trpermisosgoce HTTP/1.1" 200 15664
186.79.208.148 - - [19/Apr/2018:12:34:08 -0300] "GET /cormun/servlet/trpermisosgoce HTTP/1.1" 200 15662
186.79.208.148 - - [19/Apr/2018:12:34:14 -0300] "GET /cormun/servlet/trpermisosadjuntos?19603917,20180419122445,P, HTTP/1.1" 200 6541
186.79.208.148 - - [19/Apr/2018:12:34:16 -0300] "GET /cormun/servlet/trpermisosadjuntos?19603917,20180419122445,P, HTTP/1.1" 200 6541
201.214.54.200 - - [19/Apr/2018:12:34:17 -0300] "GET /cormun/servlet/permisosadjuntos?INS,19603917,P,20180419122445,, HTTP/1.1" 200 5867
201.214.54.200 - - [19/Apr/2018:12:34:18 -0300] "GET /cormun/static/about:blank HTTP/1.1" 404 1011
201.214.54.200 - - [19/Apr/2018:12:34:19 -0300] "GET /cormun/servlet/permisosadjuntos?INS,19603917,P,20180419122445,, HTTP/1.1" 200 5856
186.67.172.234 - - [19/Apr/2018:12:34:20 -0300] "POST /cormun/servlet/trcontratosolicitud?6c5c1bd578a6fe4201ccf773f3dbe072,,gx-no-cache=1524152000970 HTTP/1.1" 200 12020
201.214.54.200 - - [19/Apr/2018:12:34:31 -0300] "POST /cormun/servlet/permisosadjuntos?6d7c87beb2955ee1485a6b426564f8d0,INS,19603917,P,20180419122445,, HTTP/1.1" 200 116
201.214.54.200 - - [19/Apr/2018:12:34:31 -0300] "GET /cormun/servlet/hpexe_return? HTTP/1.1" 200 1037
201.214.54.200 - - [19/Apr/2018:12:34:32 -0300] "GET /cormun/servlet/trpermisosadjuntos?19603917,20180419122445,P, HTTP/1.1" 200 7034
201.214.54.200 - - [19/Apr/2018:12:34:33 -0300] "GET /cormun/servlet/trpermisosadjuntos?19603917,20180419122445,P, HTTP/1.1" 200 7030
201.214.54.200 - - [19/Apr/2018:12:34:38 -0300] "POST /cormun/servlet/trpermisosadjuntos?6d7c87beb2955ee1485a6b426564f8d0,19603917,20180419122445,P,,gx-no-cache=1524152024942 HTTP/1.1" 200 90
201.214.54.200 - - [19/Apr/2018:12:34:38 -0300] "GET /cormun/servlet/hpexe_link HTTP/1.1" 200 983
201.214.54.200 - - [19/Apr/2018:12:34:39 -0300] "GET /cormun/servlet/trpermisosgoce HTTP/1.1" 200 15664
201.214.54.200 - - [19/Apr/2018:12:34:40 -0300] "GET /cormun/servlet/trpermisosgoce HTTP/1.1" 200 15662
201.214.54.200 - - [19/Apr/2018:12:34:50 -0300] "GET /cormun/servlet/trpermisosadjuntos?17138656,20180419122515,P, HTTP/1.1" 200 6540
201.214.54.200 - - [19/Apr/2018:12:34:52 -0300] "GET /cormun/servlet/trpermisosadjuntos?17138656,20180419122515,P, HTTP/1.1" 200 6540
201.214.54.200 - - [19/Apr/2018:12:34:53 -0300] "GET /cormun/servlet/permisosadjuntos?INS,17138656,P,20180419122515,, HTTP/1.1" 200 5872
201.214.54.200 - - [19/Apr/2018:12:34:53 -0300] "GET /cormun/static/about:blank HTTP/1.1" 404 1011
201.214.54.200 - - [19/Apr/2018:12:34:54 -0300] "GET /cormun/servlet/permisosadjuntos?INS,17138656,P,20180419122515,, HTTP/1.1" 200 5862
192.168.10.97 - - [19/Apr/2018:12:35:02 -0300] "GET /cormun/servlet/vesolicitudgral?2018,10598,, HTTP/1.1" 200 9188
192.168.10.97 - - [19/Apr/2018:12:35:02 -0300] "GET /cormun/pexe_scrolldiv.js HTTP/1.1" 404 1009
192.168.10.97 - - [19/Apr/2018:12:35:02 -0300] "GET /cormun/pexe_scrolldiv.js HTTP/1.1" 404 1009
192.168.10.97 - - [19/Apr/2018:12:35:03 -0300] "GET /cormun/servlet/vesolicitudgral?2018,10598,, HTTP/1.1" 200 9166
201.214.54.200 - - [19/Apr/2018:12:35:06 -0300] "POST /cormun/servlet/permisosadjuntos?6d7c87beb2955ee1485a6b426564f8d0,INS,17138656,P,20180419122515,, HTTP/1.1" 200 116
192.168.10.97 - - [19/Apr/2018:12:35:06 -0300] "GET /cormun/servlet/vesolicitudgral?2018,10598,,SolicitudOTLog HTTP/1.1" 200 10248
192.168.10.97 - - [19/Apr/2018:12:35:06 -0300] "GET /cormun/pexe_scrolldiv.js HTTP/1.1" 404 1009
192.168.10.97 - - [19/Apr/2018:12:35:06 -0300] "GET /cormun/pexe_scrolldiv.js HTTP/1.1" 404 1009
201.214.54.200 - - [19/Apr/2018:12:35:06 -0300] "GET /cormun/servlet/hpexe_return? HTTP/1.1" 200 1037
192.168.10.97 - - [19/Apr/2018:12:35:06 -0300] "GET /cormun/servlet/vesolicitudgral?2018,10598,,SolicitudOTLog HTTP/1.1" 200 10249
201.214.54.200 - - [19/Apr/2018:12:35:06 -0300] "GET /cormun/servlet/trpermisosadjuntos?17138656,20180419122515,P, HTTP/1.1" 200 7034
192.168.10.97 - - [19/Apr/2018:12:35:07 -0300] "POST /cormun/servlet/acontrolpreferencessavestate?None,EQUINTEROS,true HTTP/1.1" 200 35
201.214.54.200 - - [19/Apr/2018:12:35:07 -0300] "GET /cormun/servlet/trpermisosadjuntos?17138656,20180419122515,P, HTTP/1.1" 200 7031
192.168.10.97 - - [19/Apr/2018:12:35:11 -0300] "POST /cormun/servlet/vesolicitudgral?96ee25e52944380e3ce5d8cea5f2035a,2018,10598,,SolicitudOTLog,gx-no-cache=1524151933393 HTTP/1.1" 200 90
192.168.10.97 - - [19/Apr/2018:12:35:11 -0300] "GET /cormun/servlet/hpexe_link HTTP/1.1" 200 999
201.214.54.200 - - [19/Apr/2018:12:35:12 -0300] "POST /cormun/servlet/trpermisosadjuntos?6d7c87beb2955ee1485a6b426564f8d0,17138656,20180419122515,P,,gx-no-cache=1524152059004 HTTP/1.1" 200 90
201.214.54.200 - - [19/Apr/2018:12:35:12 -0300] "GET /cormun/servlet/hpexe_link HTTP/1.1" 200 982
192.168.10.97 - - [19/Apr/2018:12:35:12 -0300] "GET /cormun/servlet/trsolicitudgral?gx-no-cache=1524150522973 HTTP/1.1" 200 28059
201.214.54.200 - - [19/Apr/2018:12:35:13 -0300] "GET /cormun/servlet/trpermisosgoce HTTP/1.1" 200 15664
192.168.10.97 - - [19/Apr/2018:12:35:13 -0300] "GET /cormun/servlet/trsolicitudgral?gx-no-cache=1524150522973 HTTP/1.1" 200 28079
201.214.54.200 - - [19/Apr/2018:12:35:14 -0300] "GET /cormun/servlet/trpermisosgoce HTTP/1.1" 200 15662
186.79.208.148 - - [19/Apr/2018:12:35:20 -0300] "GET /cormun/servlet/trpermisosadjuntos?15995528,20180419122545,P, HTTP/1.1" 200 6543
186.79.208.148 - - [19/Apr/2018:12:35:21 -0300] "GET /cormun/servlet/trpermisosadjuntos?15995528,20180419122545,P, HTTP/1.1" 200 6543
201.214.54.200 - - [19/Apr/2018:12:35:23 -0300] "GET /cormun/servlet/permisosadjuntos?INS,15995528,P,20180419122545,, HTTP/1.1" 200 5866
201.214.54.200 - - [19/Apr/2018:12:35:24 -0300] "GET /cormun/static/about:blank HTTP/1.1" 404 1011
192.168.10.97 - - [19/Apr/2018:12:35:24 -0300] "GET /cormun/servlet/vesolicitudgral?2018,10484,, HTTP/1.1" 200 9237
192.168.10.97 - - [19/Apr/2018:12:35:24 -0300] "GET /cormun/pexe_scrolldiv.js HTTP/1.1" 404 1009
192.168.10.97 - - [19/Apr/2018:12:35:24 -0300] "GET /cormun/pexe_scrolldiv.js HTTP/1.1" 404 1009
192.168.10.97 - - [19/Apr/2018:12:35:24 -0300] "GET /cormun/servlet/vesolicitudgral?2018,10484,, HTTP/1.1" 200 9215
201.214.54.200 - - [19/Apr/2018:12:35:25 -0300] "GET /cormun/servlet/permisosadjuntos?INS,15995528,P,20180419122545,, HTTP/1.1" 200 5857
192.168.10.97 - - [19/Apr/2018:12:35:27 -0300] "GET /cormun/servlet/vesolicitudgral?2018,10484,,SolicitudOTLog HTTP/1.1" 200 10253
192.168.10.97 - - [19/Apr/2018:12:35:27 -0300] "GET /cormun/pexe_scrolldiv.js HTTP/1.1" 404 1009
192.168.10.97 - - [19/Apr/2018:12:35:27 -0300] "GET /cormun/pexe_scrolldiv.js HTTP/1.1" 404 1009
192.168.10.97 - - [19/Apr/2018:12:35:27 -0300] "GET /cormun/servlet/vesolicitudgral?2018,10484,,SolicitudOTLog HTTP/1.1" 200 10254
192.168.10.97 - - [19/Apr/2018:12:35:28 -0300] "POST /cormun/servlet/acontrolpreferencessavestate?None,EQUINTEROS,true HTTP/1.1" 200 35
201.214.54.200 - - [19/Apr/2018:12:35:36 -0300] "POST /cormun/servlet/permisosadjuntos?6d7c87beb2955ee1485a6b426564f8d0,INS,15995528,P,20180419122545,, HTTP/1.1" 200 116
201.214.54.200 - - [19/Apr/2018:12:35:36 -0300] "GET /cormun/servlet/hpexe_return? HTTP/1.1" 200 1038
201.214.54.200 - - [19/Apr/2018:12:35:37 -0300] "GET /cormun/servlet/trpermisosadjuntos?15995528,20180419122545,P, HTTP/1.1" 200 7046
201.214.54.200 - - [19/Apr/2018:12:35:38 -0300] "GET /cormun/servlet/trpermisosadjuntos?15995528,20180419122545,P, HTTP/1.1" 200 7043
201.214.54.200 - - [19/Apr/2018:12:35:41 -0300] "POST /cormun/servlet/trpermisosadjuntos?6d7c87beb2955ee1485a6b426564f8d0,15995528,20180419122545,P,,gx-no-cache=1524152088096 HTTP/1.1" 200 90
201.214.54.200 - - [19/Apr/2018:12:35:41 -0300] "GET /cormun/servlet/hpexe_link HTTP/1.1" 200 982
201.214.54.200 - - [19/Apr/2018:12:35:42 -0300] "GET /cormun/servlet/trpermisosgoce HTTP/1.1" 200 15664
201.214.54.200 - - [19/Apr/2018:12:35:43 -0300] "GET /cormun/servlet/trpermisosgoce HTTP/1.1" 200 15662
201.214.54.200 - - [19/Apr/2018:12:35:47 -0300] "GET /cormun/servlet/trpermisosadjuntos?8325885,20180419122610,P, HTTP/1.1" 200 6535
201.214.54.200 - - [19/Apr/2018:12:35:48 -0300] "GET /cormun/servlet/trpermisosadjuntos?8325885,20180419122610,P, HTTP/1.1" 200 6534
201.214.54.200 - - [19/Apr/2018:12:35:50 -0300] "GET /cormun/servlet/permisosadjuntos?INS,8325885,P,20180419122610,, HTTP/1.1" 200 5866
201.214.54.200 - - [19/Apr/2018:12:35:50 -0300] "GET /cormun/static/about:blank HTTP/1.1" 404 1011
201.214.54.200 - - [19/Apr/2018:12:35:51 -0300] "GET /cormun/servlet/permisosadjuntos?INS,8325885,P,20180419122610,, HTTP/1.1" 200 5856
201.214.54.200 - - [19/Apr/2018:12:36:04 -0300] "POST /cormun/servlet/permisosadjuntos?6d7c87beb2955ee1485a6b426564f8d0,INS,8325885,P,20180419122610,, HTTP/1.1" 200 116
201.214.54.200 - - [19/Apr/2018:12:36:04 -0300] "GET /cormun/servlet/hpexe_return? HTTP/1.1" 200 1035
201.214.54.200 - - [19/Apr/2018:12:36:04 -0300] "GET /cormun/servlet/trpermisosadjuntos?8325885,20180419122610,P, HTTP/1.1" 200 7026
201.214.54.200 - - [19/Apr/2018:12:36:06 -0300] "GET /cormun/servlet/trpermisosadjuntos?8325885,20180419122610,P, HTTP/1.1" 200 7021
201.214.54.200 - - [19/Apr/2018:12:36:09 -0300] "POST /cormun/servlet/trpermisosadjuntos?6d7c87beb2955ee1485a6b426564f8d0,8325885,20180419122610,P,,gx-no-cache=1524152115626 HTTP/1.1" 200 90
201.214.54.200 - - [19/Apr/2018:12:36:09 -0300] "GET /cormun/servlet/hpexe_link HTTP/1.1" 200 982
201.214.54.200 - - [19/Apr/2018:12:36:09 -0300] "GET /cormun/servlet/trpermisosgoce HTTP/1.1" 200 15664
201.214.54.200 - - [19/Apr/2018:12:36:11 -0300] "GET /cormun/servlet/trpermisosgoce HTTP/1.1" 200 15662
201.214.54.200 - - [19/Apr/2018:12:36:21 -0300] "GET /cormun/servlet/trpermisosadjuntos?11364480,20180419122634,P, HTTP/1.1" 200 6537
201.214.54.200 - - [19/Apr/2018:12:36:22 -0300] "GET /cormun/servlet/trpermisosadjuntos?11364480,20180419122634,P, HTTP/1.1" 200 6537
201.214.54.200 - - [19/Apr/2018:12:36:24 -0300] "GET /cormun/servlet/permisosadjuntos?INS,11364480,P,20180419122634,, HTTP/1.1" 200 5869
201.214.54.200 - - [19/Apr/2018:12:36:25 -0300] "GET /cormun/static/about:blank HTTP/1.1" 404 1011
201.214.54.200 - - [19/Apr/2018:12:36:25 -0300] "GET /cormun/servlet/permisosadjuntos?INS,11364480,P,20180419122634,, HTTP/1.1" 200 5859
201.214.54.200 - - [19/Apr/2018:12:36:38 -0300] "POST /cormun/servlet/permisosadjuntos?6d7c87beb2955ee1485a6b426564f8d0,INS,11364480,P,20180419122634,, HTTP/1.1" 200 116
201.214.54.200 - - [19/Apr/2018:12:36:38 -0300] "GET /cormun/servlet/hpexe_return? HTTP/1.1" 200 1037
201.214.54.200 - - [19/Apr/2018:12:36:38 -0300] "GET /cormun/servlet/trpermisosadjuntos?11364480,20180419122634,P, HTTP/1.1" 200 7029
201.214.54.200 - - [19/Apr/2018:12:36:39 -0300] "GET /cormun/servlet/trpermisosadjuntos?11364480,20180419122634,P, HTTP/1.1" 200 7025
201.214.54.200 - - [19/Apr/2018:12:36:42 -0300] "POST /cormun/servlet/trpermisosadjuntos?6d7c87beb2955ee1485a6b426564f8d0,11364480,20180419122634,P,,gx-no-cache=1524152149296 HTTP/1.1" 200 90
201.214.54.200 - - [19/Apr/2018:12:36:43 -0300] "GET /cormun/servlet/hpexe_link HTTP/1.1" 200 982
201.214.54.200 - - [19/Apr/2018:12:36:44 -0300] "GET /cormun/servlet/trpermisosgoce HTTP/1.1" 200 15664
201.214.54.200 - - [19/Apr/2018:12:36:45 -0300] "GET /cormun/servlet/trpermisosgoce HTTP/1.1" 200 15662
201.214.54.200 - - [19/Apr/2018:12:36:53 -0300] "GET /cormun/servlet/trpermisosadjuntos?10346236,20180419122658,P, HTTP/1.1" 200 6536
201.214.54.200 - - [19/Apr/2018:12:36:55 -0300] "GET /cormun/servlet/trpermisosadjuntos?10346236,20180419122658,P, HTTP/1.1" 200 6536
201.214.54.200 - - [19/Apr/2018:12:36:57 -0300] "GET /cormun/servlet/permisosadjuntos?INS,10346236,P,20180419122658,, HTTP/1.1" 200 5867
201.214.54.200 - - [19/Apr/2018:12:36:57 -0300] "GET /cormun/static/about:blank HTTP/1.1" 404 1011
201.214.54.200 - - [19/Apr/2018:12:36:58 -0300] "GET /cormun/servlet/permisosadjuntos?INS,10346236,P,20180419122658,, HTTP/1.1" 200 5854
192.168.10.97 - - [19/Apr/2018:12:37:14 -0300] "POST /cormun/servlet/vesolicitudgral?96ee25e52944380e3ce5d8cea5f2035a,2018,10484,,SolicitudOTLog,gx-no-cache=1524152055824 HTTP/1.1" 200 90
192.168.10.97 - - [19/Apr/2018:12:37:14 -0300] "GET /cormun/servlet/hpexe_link HTTP/1.1" 200 1001
192.168.10.97 - - [19/Apr/2018:12:37:15 -0300] "GET /cormun/servlet/trsolicitudgral?gx-no-cache=1524150522973 HTTP/1.1" 200 28059
192.168.10.97 - - [19/Apr/2018:12:37:16 -0300] "GET /cormun/servlet/trsolicitudgral?gx-no-cache=1524150522973 HTTP/1.1" 200 28079
201.214.54.200 - - [19/Apr/2018:12:37:19 -0300] "POST /cormun/servlet/permisosadjuntos?6d7c87beb2955ee1485a6b426564f8d0,INS,10346236,P,20180419122658,, HTTP/1.1" 200 116
201.214.54.200 - - [19/Apr/2018:12:37:19 -0300] "GET /cormun/servlet/hpexe_return? HTTP/1.1" 200 1037
201.214.54.200 - - [19/Apr/2018:12:37:19 -0300] "GET /cormun/servlet/trpermisosadjuntos?10346236,20180419122658,P, HTTP/1.1" 200 7028
201.214.54.200 - - [19/Apr/2018:12:37:20 -0300] "GET /cormun/servlet/trpermisosadjuntos?10346236,20180419122658,P, HTTP/1.1" 200 7026
201.214.54.200 - - [19/Apr/2018:12:37:26 -0300] "POST /cormun/servlet/trpermisosadjuntos?6d7c87beb2955ee1485a6b426564f8d0,10346236,20180419122658,P,,gx-no-cache=1524152192620 HTTP/1.1" 200 90
201.214.54.200 - - [19/Apr/2018:12:37:26 -0300] "GET /cormun/servlet/hpexe_link HTTP/1.1" 200 983
201.214.54.200 - - [19/Apr/2018:12:37:26 -0300] "GET /cormun/servlet/trpermisosgoce HTTP/1.1" 200 15664
201.214.54.200 - - [19/Apr/2018:12:37:28 -0300] "GET /cormun/servlet/trpermisosgoce HTTP/1.1" 200 15662
201.214.54.200 - - [19/Apr/2018:12:37:35 -0300] "GET /cormun/servlet/trpermisosadjuntos?16495466,20180419122724,P, HTTP/1.1" 200 6536
201.214.54.200 - - [19/Apr/2018:12:37:39 -0300] "GET /cormun/servlet/trpermisosadjuntos?16495466,20180419122724,P, HTTP/1.1" 200 6537
201.214.54.200 - - [19/Apr/2018:12:37:41 -0300] "GET /cormun/servlet/permisosadjuntos?INS,16495466,P,20180419122724,, HTTP/1.1" 200 5865
201.214.54.200 - - [19/Apr/2018:12:37:41 -0300] "GET /cormun/static/about:blank HTTP/1.1" 404 1011
201.214.54.200 - - [19/Apr/2018:12:37:42 -0300] "GET /cormun/servlet/permisosadjuntos?INS,16495466,P,20180419122724,, HTTP/1.1" 200 5855
201.214.54.200 - - [19/Apr/2018:12:37:56 -0300] "POST /cormun/servlet/permisosadjuntos?6d7c87beb2955ee1485a6b426564f8d0,INS,16495466,P,20180419122724,, HTTP/1.1" 200 116
201.214.54.200 - - [19/Apr/2018:12:37:56 -0300] "GET /cormun/servlet/hpexe_return? HTTP/1.1" 200 1036
201.214.54.200 - - [19/Apr/2018:12:37:57 -0300] "GET /cormun/servlet/trpermisosadjuntos?16495466,20180419122724,P, HTTP/1.1" 200 7028
201.214.54.200 - - [19/Apr/2018:12:37:58 -0300] "GET /cormun/servlet/trpermisosadjuntos?16495466,20180419122724,P, HTTP/1.1" 200 7024
201.214.54.200 - - [19/Apr/2018:12:38:01 -0300] "POST /cormun/servlet/trpermisosadjuntos?6d7c87beb2955ee1485a6b426564f8d0,16495466,20180419122724,P,,gx-no-cache=1524152227667 HTTP/1.1" 200 90
201.214.54.200 - - [19/Apr/2018:12:38:01 -0300] "GET /cormun/servlet/hpexe_link HTTP/1.1" 200 981
201.214.54.200 - - [19/Apr/2018:12:38:01 -0300] "GET /cormun/servlet/trpermisosgoce HTTP/1.1" 200 15664
201.214.54.200 - - [19/Apr/2018:12:38:03 -0300] "GET /cormun/servlet/trpermisosgoce HTTP/1.1" 200 15662
201.214.54.200 - - [19/Apr/2018:12:38:10 -0300] "POST /cormun/servlet/trpermisosgoce?6d7c87beb2955ee1485a6b426564f8d0,gx-no-cache=1524152236735 HTTP/1.1" 200 12849
201.214.54.200 - - [19/Apr/2018:12:38:11 -0300] "GET /cormun/static/Shared/jqueryui/images/ui-bg_highlight-soft_100_c6c2c8_1x100.png HTTP/1.1" 404 1117
201.214.54.200 - - [19/Apr/2018:12:38:11 -0300] "GET /cormun/static/Shared/jqueryui/images/ui-icons_82798d_256x240.png HTTP/1.1" 404 1089
201.214.54.200 - - [19/Apr/2018:12:38:11 -0300] "GET /cormun/static/Shared/jqueryui/images/ui-bg_flat_55_fafafa_40x100.png HTTP/1.1" 404 1097
186.79.208.148 - - [19/Apr/2018:12:38:11 -0300] "GET /cormun/static/Shared/jqueryui/images/ui-icons_8d78a5_256x240.png HTTP/1.1" 404 1089
186.79.208.148 - - [19/Apr/2018:12:38:14 -0300] "POST /cormun/servlet/trpermisosgoce?6d7c87beb2955ee1485a6b426564f8d0,gx-no-cache=1524152239605 HTTP/1.1" 200 12864
186.79.208.148 - - [19/Apr/2018:12:38:18 -0300] "POST /cormun/servlet/trpermisosgoce?6d7c87beb2955ee1485a6b426564f8d0,gx-no-cache=1524152243576 HTTP/1.1" 200 12858
186.79.208.148 - - [19/Apr/2018:12:38:23 -0300] "POST /cormun/servlet/trpermisosgoce?6d7c87beb2955ee1485a6b426564f8d0,gx-no-cache=1524152249118 HTTP/1.1" 200 12853
186.79.208.148 - - [19/Apr/2018:12:38:27 -0300] "POST /cormun/servlet/trpermisosgoce?6d7c87beb2955ee1485a6b426564f8d0,gx-no-cache=1524152253016 HTTP/1.1" 200 12866
186.79.208.148 - - [19/Apr/2018:12:38:32 -0300] "POST /cormun/servlet/trpermisosgoce?6d7c87beb2955ee1485a6b426564f8d0,gx-no-cache=1524152258200 HTTP/1.1" 200 12853
186.79.208.148 - - [19/Apr/2018:12:38:37 -0300] "POST /cormun/servlet/trpermisosgoce?6d7c87beb2955ee1485a6b426564f8d0,gx-no-cache=1524152262491 HTTP/1.1" 200 12843
186.67.172.234 - - [19/Apr/2018:12:38:40 -0300] "POST /cormun/servlet/trcontratosolicitud?6c5c1bd578a6fe4201ccf773f3dbe072,,gx-no-cache=1524152261282 HTTP/1.1" 200 11930
186.79.208.148 - - [19/Apr/2018:12:38:42 -0300] "POST /cormun/servlet/trpermisosgoce?6d7c87beb2955ee1485a6b426564f8d0,gx-no-cache=1524152267308 HTTP/1.1" 200 12834
186.79.208.148 - - [19/Apr/2018:12:38:51 -0300] "POST /cormun/servlet/trpermisosgoce?6d7c87beb2955ee1485a6b426564f8d0,gx-no-cache=1524152276698 HTTP/1.1" 200 12814
186.79.208.148 - - [19/Apr/2018:12:38:59 -0300] "POST /cormun/servlet/trpermisosgoce?6d7c87beb2955ee1485a6b426564f8d0,gx-no-cache=1524152284804 HTTP/1.1" 200 12804
