186.103.159.204 - - [13/Apr/2018:13:10:54 -0300] "GET /favicon.ico HTTP/1.1" 200 21630
192.168.10.97 - - [13/Apr/2018:13:11:06 -0300] "POST /cormun/servlet/trsolicitudgral?b307e3896e9ee452f1f1c205d93f22cc,,gx-no-cache=1523635690350 HTTP/1.1" 200 7257
200.54.247.70 - - [13/Apr/2018:13:11:19 -0300] "GET /cormun/servlet/hlogin HTTP/1.1" 200 1717
200.54.247.70 - - [13/Apr/2018:13:11:19 -0300] "GET /cormun/static/Resources/Spanish/PXTools.css?11423723 HTTP/1.1" 304 -
200.54.247.70 - - [13/Apr/2018:13:11:19 -0300] "GET /cormun/static/gxtimezone.js?85251 HTTP/1.1" 304 -
200.54.247.70 - - [13/Apr/2018:13:11:19 -0300] "GET /cormun/static/gxcfg.js?20175251213516 HTTP/1.1" 304 -
200.54.247.70 - - [13/Apr/2018:13:11:19 -0300] "GET /cormun/static/Resources/ComunLogin.png HTTP/1.1" 304 -
200.54.247.70 - - [13/Apr/2018:13:11:19 -0300] "GET /cormun/static/messages.spa.js?85251 HTTP/1.1" 304 -
200.54.247.70 - - [13/Apr/2018:13:11:19 -0300] "GET /cormun/static/gxgral.js?85251 HTTP/1.1" 304 -
200.54.247.70 - - [13/Apr/2018:13:11:19 -0300] "GET /cormun/static/hlogin.js?20175251213537 HTTP/1.1" 304 -
200.54.247.70 - - [13/Apr/2018:13:11:19 -0300] "GET /cormun/static/Resources/indicator.gif HTTP/1.1" 304 -
192.168.10.97 - - [13/Apr/2018:13:11:21 -0300] "POST /cormun/servlet/trsolicitudgral?b307e3896e9ee452f1f1c205d93f22cc,,gx-no-cache=1523635705300 HTTP/1.1" 200 5919
200.54.247.70 - - [13/Apr/2018:13:11:28 -0300] "POST /cormun/servlet/hlogin?fd580f655eb6dfb200b2d880085f9ab6,gx-no-cache=1523635831661 HTTP/1.1" 200 90
200.54.247.70 - - [13/Apr/2018:13:11:28 -0300] "GET /cormun/servlet/hpexe_link HTTP/1.1" 200 949
200.54.247.70 - - [13/Apr/2018:13:11:29 -0300] "GET /cormun/servlet/hhome HTTP/1.1" 200 4233
192.168.10.97 - - [13/Apr/2018:13:11:30 -0300] "POST /cormun/servlet/trsolicitudgral?b307e3896e9ee452f1f1c205d93f22cc,,gx-no-cache=1523635713909 HTTP/1.1" 200 7258
200.54.247.70 - - [13/Apr/2018:13:11:33 -0300] "GET /cormun/servlet/trsolicitudot? HTTP/1.1" 200 7449
192.168.10.97 - - [13/Apr/2018:13:11:36 -0300] "POST /cormun/servlet/trsolicitudgral?b307e3896e9ee452f1f1c205d93f22cc,,gx-no-cache=1523635720039 HTTP/1.1" 200 6114
192.168.10.97 - - [13/Apr/2018:13:11:36 -0300] "GET /cormun/static/Shared/jqueryui/images/ui-bg_highlight-soft_100_c6c2c8_1x100.png HTTP/1.1" 404 1117
192.168.10.97 - - [13/Apr/2018:13:11:36 -0300] "GET /cormun/static/Shared/jqueryui/images/ui-icons_82798d_256x240.png HTTP/1.1" 404 1089
192.168.10.97 - - [13/Apr/2018:13:11:36 -0300] "GET /cormun/static/Shared/jqueryui/images/ui-bg_flat_55_fafafa_40x100.png HTTP/1.1" 404 1097
192.168.10.97 - - [13/Apr/2018:13:11:36 -0300] "GET /cormun/static/Shared/jqueryui/images/ui-icons_8d78a5_256x240.png HTTP/1.1" 404 1089
200.54.247.70 - - [13/Apr/2018:13:11:36 -0300] "GET /cormun/servlet/solicitudot?INS,0,0, HTTP/1.1" 200 13675
192.168.10.97 - - [13/Apr/2018:13:11:45 -0300] "POST /cormun/servlet/trsolicitudgral?b307e3896e9ee452f1f1c205d93f22cc,,gx-no-cache=1523635729324 HTTP/1.1" 200 5920
200.54.247.70 - - [13/Apr/2018:13:11:57 -0300] "POST /cormun/servlet/solicitudot?gx-no-cache=1523635859936 HTTP/1.1" 200 3408
200.54.247.70 - - [13/Apr/2018:13:11:57 -0300] "POST /cormun/servlet/solicitudot?fd580f655eb6dfb200b2d880085f9ab6,INS,0,0,,gx-no-cache=1523635860224 HTTP/1.1" 200 10571
192.168.10.97 - - [13/Apr/2018:13:11:57 -0300] "POST /cormun/servlet/trsolicitudgral?b307e3896e9ee452f1f1c205d93f22cc,,gx-no-cache=1523635741443 HTTP/1.1" 200 5921
186.103.159.204 - - [13/Apr/2018:13:11:58 -0300] "POST /cormun/servlet/trcontratosolicitud?f02f525974f5ad014579859e7f1e735c,gx-no-cache=1523635862704 HTTP/1.1" 200 4751
200.54.247.70 - - [13/Apr/2018:13:11:59 -0300] "GET /cormun/servlet/solicitudot?58bfdeeef26d8f76cedd1520f85e84c7505cd2a8278ba87a30a33f4ab11d04fbf830556c077bbfa5e8b10f3992f56b75,gx-no-cache=1523635862687 HTTP/1.1" 200 30
200.54.247.70 - - [13/Apr/2018:13:11:59 -0300] "GET /cormun/servlet/solicitudot?58bfdeeef26d8f76cedd1520f85e84c79eae368dc2f3cba9501344252ce613484f2e2d290d4a1527e5ee66400adca6900c4ba6254cb8a2d38dd2ebbe2a2d0b86,gx-no-cache=1523635862725 HTTP/1.1" 200 30
200.54.247.70 - - [13/Apr/2018:13:11:59 -0300] "GET /cormun/servlet/solicitudot?58bfdeeef26d8f76cedd1520f85e84c74a2912ff4ee3c18221a91567f29a122e,gx-no-cache=1523635862751 HTTP/1.1" 200 53
200.54.247.70 - - [13/Apr/2018:13:11:59 -0300] "POST /cormun/servlet/solicitudot?gx-no-cache=1523635862786 HTTP/1.1" 200 297
200.54.247.70 - - [13/Apr/2018:13:12:00 -0300] "GET /cormun/servlet/solicitudot?58bfdeeef26d8f76cedd1520f85e84c759ea3a7493e47a075a12cf02cc64e0bdd987a2ab7ef132156b9eff68e4d47b99d4308b8ab7ddffbc0dd955ff86c4725010d0cc71ceae6bee695f18c8ee10773b3016f8a74cea0613b5b9f34f2ad3f4eeb208094718939f775421fc9fafed9549eabac8aa2b6780f835b0043fa143810f5b231cf56270bb39f502543a33888c80099ea973e6ed4a5014e828e69f45fbb758bfa1e4fcf165904f0bbec6263e4aa2b3b98c9b50a7165dc69967e87975e983bded8cd75dbe87f690ce9d74409851aea37292de11d2f5769a196fac3c9db34582cb323722ef02ed84c560f33bba4441ca63a5a0639244d4414d066abd44ecccd13250f26d8e007f04661c153635820441dd1b8b5c238ad084b55770be8a2e9e4234300b9d250df0ef4a5754512b6415f1a753a83a75b200e14a37eb9da9de5eb84f2a2e225bff8203e02d0ff1812a93551cbba3cd9dfb5bea8ce8875392841278f97d7d1c702b3979502ca341666c399001c992aa69bc3fc4e96dec97e5e32b4617afc881ab1c3cec75a5f7c96b0423,gx-no-cache=1523635862821 HTTP/1.1" 200 30
192.168.10.97 - - [13/Apr/2018:13:12:00 -0300] "POST /cormun/servlet/trsolicitudgral?b307e3896e9ee452f1f1c205d93f22cc,,gx-no-cache=1523635744380 HTTP/1.1" 200 5922
200.54.247.70 - - [13/Apr/2018:13:12:01 -0300] "POST /cormun/servlet/solicitudot?gx-no-cache=1523635864606 HTTP/1.1" 200 30
186.103.159.204 - - [13/Apr/2018:13:12:06 -0300] "GET /cormun/servlet/solicitudotcontratos?INS,2018,0,15799324,0,2,2018,1376,NADA,201803,35,B, HTTP/1.1" 200 9896
186.103.159.204 - - [13/Apr/2018:13:12:06 -0300] "GET /cormun/static/gxcfg.js?2018191138350 HTTP/1.1" 200 953
186.103.159.204 - - [13/Apr/2018:13:12:06 -0300] "GET /cormun/static/solicitudotcontratos.js?20181911383611 HTTP/1.1" 304 -
200.54.247.70 - - [13/Apr/2018:13:12:06 -0300] "GET /cormun/servlet/prcontratosol?14374979,,,,,MD,,gxPopupLevel%3D0%3B HTTP/1.1" 200 8065
186.103.159.204 - - [13/Apr/2018:13:12:06 -0300] "GET /cormun/servlet/solicitudotcontratos?INS,2018,0,15799324,0,2,2018,1376,NADA,201803,35,B, HTTP/1.1" 200 9926
186.103.159.204 - - [13/Apr/2018:13:12:07 -0300] "GET /cormun/servlet/solicitudotcontratos?4cd6dfcf71a91be26ac4ee5acffcfca934b856546ca4c69152dfc8af5f1e507f7ef48f2e0801d93a5e8c46e0467737bb,gx-no-cache=1523635871906 HTTP/1.1" 200 30
186.103.159.204 - - [13/Apr/2018:13:12:07 -0300] "GET /cormun/servlet/solicitudotcontratos?4cd6dfcf71a91be26ac4ee5acffcfca9e023c3bb4180b39af93915ce5b242f8dfa9bc3c782f7d49a674db14c66839a49,gx-no-cache=1523635871936 HTTP/1.1" 200 30
186.103.159.204 - - [13/Apr/2018:13:12:07 -0300] "GET /cormun/servlet/solicitudotcontratos?4cd6dfcf71a91be26ac4ee5acffcfca98ce9ba2534840c6d8748385ccc4e511482ae8cca3756dba021663d58e42c2285448fca37e2224dad2cec8dcc1a1ec0ca0fb4f76fe396a599b39a4a0cb8f2bcffce9ce47ffa7199d996765210e50ec46ddb8f49892fa9ff6ac37a5bcb8bd8fe4678e3cd77a88cf28692f4aae6e18555ba,gx-no-cache=1523635871970 HTTP/1.1" 200 48
186.103.159.204 - - [13/Apr/2018:13:12:07 -0300] "GET /cormun/servlet/solicitudotcontratos?4cd6dfcf71a91be26ac4ee5acffcfca974e64dad326b3dd2a7a0b326c1535ce77dcde627d9b365c32f73533830ee52d6,gx-no-cache=1523635872008 HTTP/1.1" 200 30
186.103.159.204 - - [13/Apr/2018:13:12:07 -0300] "GET /cormun/servlet/solicitudotcontratos?4cd6dfcf71a91be26ac4ee5acffcfca99bd2f649901cc4a962cee828347b2572b823fe8132ed697953507d29a121fbc8051cff94a60a880766d5cb941c635c643eb870058819a76f629b8d2148dcf785ee6959bfa192b1c52a62cf2bcb1c8ff6bfe1845ecd6f6669dddbcebc28b6e9de,gx-no-cache=1523635872048 HTTP/1.1" 200 30
186.103.159.204 - - [13/Apr/2018:13:12:07 -0300] "GET /cormun/servlet/solicitudotcontratos?4cd6dfcf71a91be26ac4ee5acffcfca98328562780b94c32e3965706613290fc54a6e2063dd664f2587d00ec95a65d4c3f35480f9f5c6ed6d5e99f3401ec2cc7e9042697921e784369b97d50edab71a25b3447a7ff621c86382daf7c06efcb3568015454dc51624876db9c1aad5a89234377b19717b4b0fb2ca1abe5a9d029ca22a00a38a069012cf759f78a20633ad5d195be890e329572a8fb777a14e19debdc98209266513cad5e4c9f43b2bed5490aad704a3ee724eea8f746751aee32d8bde6a331081375661934d5851fbc505ab102106d1b7d82e9235005fa523ae3ba3f08e35c94c6f6a1d9e8463a46ee8517718ab085af736ed698df4de8cdd667413594441de5820e8ad18532961319c241fe203e3bba34673218aacc21274a36b8d5832136f17dd1b481747763cf74ed16a6a6487ae90321e71b07ee63d093a25d70519d297aad53f238711393291930a68bc08d53a350c422f4e4990a233867c11590459f795b6de1ed9057215f7a13ff5f39728eda99891d607213da3bb939dea191fb249dd46868bb235f4631e104c3552af3206605d21c7e1fa03fc48c0955847434048d2a0a5ba4c297141889fb73,gx-no-cache=1523635872092 HTTP/1.1" 200 72
200.54.247.70 - - [13/Apr/2018:13:12:21 -0300] "POST /cormun/servlet/solicitudot?gx-no-cache=1523635884611 HTTP/1.1" 200 1367
200.54.247.70 - - [13/Apr/2018:13:12:21 -0300] "POST /cormun/servlet/solicitudot?gx-no-cache=1523635884755 HTTP/1.1" 200 38
200.54.247.70 - - [13/Apr/2018:13:12:21 -0300] "GET /cormun/servlet/solicitudot?58bfdeeef26d8f76cedd1520f85e84c7aa4de8e18446fb58ff2de34bfa79d3e035c2a1b08004e204aaf2d6510ff9543562ac84b524b75388135a4493ddaddaae3d4daf802144c7e47394281fbe5e05fa84f42dedf09d7d8dddc74e7ec80c937a9fbd8ffdf3cd1719b70366e49e9a548a,gx-no-cache=1523635884788 HTTP/1.1" 200 29
200.54.247.70 - - [13/Apr/2018:13:12:22 -0300] "POST /cormun/servlet/solicitudot?gx-no-cache=1523635884819 HTTP/1.1" 200 1349
200.54.247.70 - - [13/Apr/2018:13:12:22 -0300] "POST /cormun/servlet/solicitudot?gx-no-cache=1523635884872 HTTP/1.1" 200 1247
200.54.247.70 - - [13/Apr/2018:13:12:22 -0300] "GET /cormun/servlet/solicitudot?58bfdeeef26d8f76cedd1520f85e84c7fcf1a706d776b55e835d42baea58ec41bb93465c6a35aab442cacb4f3a336ecd,gx-no-cache=1523635884917 HTTP/1.1" 200 134
200.54.247.70 - - [13/Apr/2018:13:12:22 -0300] "GET /cormun/static/Shared/jqueryui/images/ui-bg_highlight-soft_100_c6c2c8_1x100.png HTTP/1.1" 404 1117
200.54.247.70 - - [13/Apr/2018:13:12:22 -0300] "GET /cormun/static/Shared/jqueryui/images/ui-icons_82798d_256x240.png HTTP/1.1" 404 1089
200.54.247.70 - - [13/Apr/2018:13:12:22 -0300] "GET /cormun/static/Shared/jqueryui/images/ui-bg_flat_55_994d53_40x100.png HTTP/1.1" 404 1097
200.54.247.70 - - [13/Apr/2018:13:12:22 -0300] "GET /cormun/static/Shared/jqueryui/images/ui-icons_ebccce_256x240.png HTTP/1.1" 404 1089
192.168.10.97 - - [13/Apr/2018:13:12:23 -0300] "POST /cormun/servlet/trsolicitudgral?b307e3896e9ee452f1f1c205d93f22cc,,gx-no-cache=1523635767579 HTTP/1.1" 200 5919
186.103.159.204 - - [13/Apr/2018:13:12:25 -0300] "POST /cormun/servlet/solicitudotcontratos?f02f525974f5ad014579859e7f1e735c,INS,2018,0,15799324,0,2,2018,1376,NADA,201803,35,B,,gx-no-cache=1523635890304 HTTP/1.1" 200 93
186.103.159.204 - - [13/Apr/2018:13:12:25 -0300] "GET /cormun/servlet/hpexe_return? HTTP/1.1" 200 1071
186.103.159.204 - - [13/Apr/2018:13:12:25 -0300] "GET /cormun/static/gxcfg.js?2016101716175148 HTTP/1.1" 200 953
186.103.159.204 - - [13/Apr/2018:13:12:25 -0300] "GET /cormun/static/Resources/Spanish/PXTools.css?167811 HTTP/1.1" 200 89042
186.103.159.204 - - [13/Apr/2018:13:12:25 -0300] "GET /cormun/static/hpexe_return.js?2016101716175153 HTTP/1.1" 200 1633
186.103.159.204 - - [13/Apr/2018:13:12:26 -0300] "GET /cormun/servlet/trcontratosolicitud?gx-no-cache=1523635862704 HTTP/1.1" 200 7324
186.103.159.204 - - [13/Apr/2018:13:12:26 -0300] "GET /cormun/servlet/trcontratosolicitud?gx-no-cache=1523635862704 HTTP/1.1" 200 7342
192.168.10.97 - - [13/Apr/2018:13:12:31 -0300] "POST /cormun/servlet/trsolicitudgral?b307e3896e9ee452f1f1c205d93f22cc,,gx-no-cache=1523635775091 HTTP/1.1" 200 5923
192.168.10.97 - - [13/Apr/2018:13:12:36 -0300] "POST /cormun/servlet/trsolicitudgral?b307e3896e9ee452f1f1c205d93f22cc,,gx-no-cache=1523635780587 HTTP/1.1" 200 5921
192.168.10.97 - - [13/Apr/2018:13:12:41 -0300] "POST /cormun/servlet/trsolicitudgral?b307e3896e9ee452f1f1c205d93f22cc,,gx-no-cache=1523635785355 HTTP/1.1" 200 5920
200.54.247.70 - - [13/Apr/2018:13:12:42 -0300] "POST /cormun/servlet/solicitudot?gx-no-cache=1523635904989 HTTP/1.1" 200 1350
200.54.247.70 - - [13/Apr/2018:13:12:42 -0300] "POST /cormun/servlet/solicitudot?gx-no-cache=1523635905103 HTTP/1.1" 200 1247
200.54.247.70 - - [13/Apr/2018:13:12:42 -0300] "GET /cormun/static/menuarrow.gif HTTP/1.1" 404 1015
200.54.247.70 - - [13/Apr/2018:13:12:45 -0300] "POST /cormun/servlet/solicitudot?gx-no-cache=1523635907899 HTTP/1.1" 200 1350
200.54.247.70 - - [13/Apr/2018:13:12:45 -0300] "POST /cormun/servlet/solicitudot?gx-no-cache=1523635908013 HTTP/1.1" 200 1247
192.168.10.97 - - [13/Apr/2018:13:12:49 -0300] "POST /cormun/servlet/trsolicitudgral?b307e3896e9ee452f1f1c205d93f22cc,,gx-no-cache=1523635793418 HTTP/1.1" 200 5920
192.168.10.97 - - [13/Apr/2018:13:12:56 -0300] "POST /cormun/servlet/trsolicitudgral?b307e3896e9ee452f1f1c205d93f22cc,,gx-no-cache=1523635800402 HTTP/1.1" 200 5918
192.168.10.97 - - [13/Apr/2018:13:13:06 -0300] "POST /cormun/servlet/trsolicitudgral?b307e3896e9ee452f1f1c205d93f22cc,,gx-no-cache=1523635810852 HTTP/1.1" 200 5917
192.168.10.97 - - [13/Apr/2018:13:13:13 -0300] "POST /cormun/servlet/trsolicitudgral?b307e3896e9ee452f1f1c205d93f22cc,,gx-no-cache=1523635816931 HTTP/1.1" 200 5919
200.54.247.70 - - [13/Apr/2018:13:13:14 -0300] "GET /cormun/servlet/solicitudot?58bfdeeef26d8f76cedd1520f85e84c70196e7bc8000ea006b62e41b2eba827a180b54920e0bda0b561f7191c010d7b2,gx-no-cache=1523635937151 HTTP/1.1" 200 30
200.54.247.70 - - [13/Apr/2018:13:13:14 -0300] "POST /cormun/servlet/solicitudot?gx-no-cache=1523635937198 HTTP/1.1" 200 33
192.168.10.97 - - [13/Apr/2018:13:13:21 -0300] "POST /cormun/servlet/trsolicitudgral?b307e3896e9ee452f1f1c205d93f22cc,,gx-no-cache=1523635824906 HTTP/1.1" 200 5918
192.168.10.97 - - [13/Apr/2018:13:13:28 -0300] "POST /cormun/servlet/trsolicitudgral?b307e3896e9ee452f1f1c205d93f22cc,,gx-no-cache=1523635832618 HTTP/1.1" 200 5920
192.168.10.97 - - [13/Apr/2018:13:13:32 -0300] "POST /cormun/servlet/trsolicitudgral?b307e3896e9ee452f1f1c205d93f22cc,,gx-no-cache=1523635836713 HTTP/1.1" 200 5920
192.168.10.97 - - [13/Apr/2018:13:13:39 -0300] "POST /cormun/servlet/trsolicitudgral?b307e3896e9ee452f1f1c205d93f22cc,,gx-no-cache=1523635843737 HTTP/1.1" 200 5917
186.103.159.204 - - [13/Apr/2018:13:13:40 -0300] "POST /cormun/servlet/trcontratosolicitud?f02f525974f5ad014579859e7f1e735c,gx-no-cache=1523635862704,gx-no-cache=1523635964724 HTTP/1.1" 200 4758
192.168.10.97 - - [13/Apr/2018:13:13:44 -0300] "GET /cormun/servlet/trcoordinadores? HTTP/1.1" 200 7637
192.168.10.97 - - [13/Apr/2018:13:13:45 -0300] "GET /cormun/servlet/trcoordinadores? HTTP/1.1" 200 7637
200.54.247.70 - - [13/Apr/2018:13:15:41 -0300] "POST /cormun/servlet/solicitudot?fd580f655eb6dfb200b2d880085f9ab6,INS,0,0,,gx-no-cache=1523636084029 HTTP/1.1" 200 93
200.54.247.70 - - [13/Apr/2018:13:15:41 -0300] "GET /cormun/servlet/hpexe_return? HTTP/1.1" 200 1004
200.54.247.70 - - [13/Apr/2018:13:15:42 -0300] "GET /cormun/servlet/trsolicitudot HTTP/1.1" 200 8832
200.54.247.70 - - [13/Apr/2018:13:15:45 -0300] "POST /cormun/servlet/trsolicitudot?fd580f655eb6dfb200b2d880085f9ab6,gx-no-cache=1523636088185 HTTP/1.1" 200 4686
200.54.247.70 - - [13/Apr/2018:13:15:45 -0300] "POST /cormun/servlet/trsolicitudot?fd580f655eb6dfb200b2d880085f9ab6,gx-no-cache=1523636088468 HTTP/1.1" 200 4449
200.54.247.70 - - [13/Apr/2018:13:15:45 -0300] "GET /cormun/static/Shared/jqueryui/images/ui-icons_8d78a5_256x240.png HTTP/1.1" 404 1089
200.54.247.70 - - [13/Apr/2018:13:15:45 -0300] "GET /cormun/static/Shared/jqueryui/images/ui-icons_82798d_256x240.png HTTP/1.1" 404 1089
200.54.247.70 - - [13/Apr/2018:13:15:45 -0300] "GET /cormun/static/Shared/jqueryui/images/ui-bg_flat_55_fafafa_40x100.png HTTP/1.1" 404 1097
200.54.247.70 - - [13/Apr/2018:13:15:45 -0300] "GET /cormun/static/Shared/jqueryui/images/ui-bg_highlight-soft_100_c6c2c8_1x100.png HTTP/1.1" 404 1117
200.54.247.70 - - [13/Apr/2018:13:15:50 -0300] "GET /cormun/servlet/trautorizarsolicitud? HTTP/1.1" 200 8721
200.54.247.70 - - [13/Apr/2018:13:15:53 -0300] "POST /cormun/servlet/trautorizarsolicitud?fd580f655eb6dfb200b2d880085f9ab6,,gx-no-cache=1523636095862 HTTP/1.1" 200 4617
200.54.247.70 - - [13/Apr/2018:13:15:53 -0300] "POST /cormun/servlet/trautorizarsolicitud?fd580f655eb6dfb200b2d880085f9ab6,,gx-no-cache=1523636096154 HTTP/1.1" 200 4382
200.54.247.70 - - [13/Apr/2018:13:15:53 -0300] "GET /cormun/static/Shared/jqueryui/images/ui-bg_highlight-soft_100_c6c2c8_1x100.png HTTP/1.1" 404 1117
200.54.247.70 - - [13/Apr/2018:13:15:53 -0300] "GET /cormun/static/Shared/jqueryui/images/ui-icons_82798d_256x240.png HTTP/1.1" 404 1089
200.54.247.70 - - [13/Apr/2018:13:15:53 -0300] "GET /cormun/static/Shared/jqueryui/images/ui-icons_8d78a5_256x240.png HTTP/1.1" 404 1089
200.54.247.70 - - [13/Apr/2018:13:15:53 -0300] "GET /cormun/static/Shared/jqueryui/images/ui-bg_flat_55_fafafa_40x100.png HTTP/1.1" 404 1097
186.103.159.204 - - [13/Apr/2018:13:15:54 -0300] "POST /cormun/servlet/trcontratosolicitud?f02f525974f5ad014579859e7f1e735c,gx-no-cache=1523635862704,gx-no-cache=1523636099016 HTTP/1.1" 200 3883
186.103.159.204 - - [13/Apr/2018:13:15:55 -0300] "GET /cormun/servlet/trcontratoobservacion? HTTP/1.1" 200 12422
186.103.159.204 - - [13/Apr/2018:13:15:55 -0300] "GET /cormun/static/gxcfg.js?2017525126861 HTTP/1.1" 200 953
186.103.159.204 - - [13/Apr/2018:13:15:55 -0300] "GET /cormun/static/trcontratoobservacion.js?20175251261223 HTTP/1.1" 200 25148
186.103.159.204 - - [13/Apr/2018:13:15:55 -0300] "GET /cormun/servlet/trcontratoobservacion? HTTP/1.1" 200 12422
186.103.159.204 - - [13/Apr/2018:13:15:56 -0300] "POST /cormun/servlet/trcontratosolicitud?f02f525974f5ad014579859e7f1e735c,gx-no-cache=1523635862704,gx-no-cache=1523636101364 HTTP/1.1" 200 3883
186.103.159.204 - - [13/Apr/2018:13:16:04 -0300] "POST /cormun/servlet/trcontratosolicitud?f02f525974f5ad014579859e7f1e735c,gx-no-cache=1523635862704,gx-no-cache=1523636109266 HTTP/1.1" 200 5220
186.103.159.204 - - [13/Apr/2018:13:16:42 -0300] "GET /cormun/servlet/trsolicitudot? HTTP/1.1" 200 24560
186.103.159.204 - - [13/Apr/2018:13:16:42 -0300] "GET /cormun/servlet/trsolicitudot? HTTP/1.1" 200 24560
186.103.159.204 - - [13/Apr/2018:13:16:53 -0300] "POST /cormun/servlet/trcontratosolicitud?f02f525974f5ad014579859e7f1e735c,gx-no-cache=1523635862704,gx-no-cache=1523636157050 HTTP/1.1" 200 4746
186.103.159.204 - - [13/Apr/2018:13:17:07 -0300] "POST /cormun/servlet/trcontratosolicitud?f02f525974f5ad014579859e7f1e735c,gx-no-cache=1523635862704,gx-no-cache=1523636171770 HTTP/1.1" 200 4748
192.168.10.89 - - [13/Apr/2018:13:17:34 -0300] "GET /cormun/servlet/hlogin HTTP/1.1" 200 1736
186.103.159.204 - - [13/Apr/2018:13:18:13 -0300] "GET /cormun/servlet/trvisualizadoreventos? HTTP/1.1" 200 6890
186.103.159.204 - - [13/Apr/2018:13:18:14 -0300] "GET /cormun/servlet/trvisualizadoreventos? HTTP/1.1" 200 6867
186.103.159.204 - - [13/Apr/2018:13:18:37 -0300] "POST /cormun/servlet/trvisualizadoreventos?f02f525974f5ad014579859e7f1e735c,,gx-no-cache=1523636261538 HTTP/1.1" 200 7271
186.103.159.204 - - [13/Apr/2018:13:18:50 -0300] "POST /cormun/servlet/trvisualizadoreventos?f02f525974f5ad014579859e7f1e735c,,gx-no-cache=1523636275308 HTTP/1.1" 200 7086
186.103.159.204 - - [13/Apr/2018:13:18:59 -0300] "GET /cormun/servlet/trsolicitudot? HTTP/1.1" 200 7335
186.103.159.204 - - [13/Apr/2018:13:18:59 -0300] "GET /cormun/static/gxui/gxui-all.css?120300 HTTP/1.1" 200 2179
186.103.159.204 - - [13/Apr/2018:13:18:59 -0300] "GET /cormun/static/gxcfg.js?2017111422585916 HTTP/1.1" 200 953
186.103.159.204 - - [13/Apr/2018:13:18:59 -0300] "GET /cormun/static/Resources/PXToolsGridNew.png HTTP/1.1" 200 2949
186.103.159.204 - - [13/Apr/2018:13:19:00 -0300] "GET /cormun/servlet/trsolicitudot? HTTP/1.1" 200 7335
186.103.159.204 - - [13/Apr/2018:13:19:11 -0300] "GET /cormun/servlet/trcontratounov2? HTTP/1.1" 200 17649
186.103.159.204 - - [13/Apr/2018:13:19:11 -0300] "GET /cormun/static/gxcfg.js?201752512124396 HTTP/1.1" 200 953
186.103.159.204 - - [13/Apr/2018:13:19:11 -0300] "GET /cormun/static/Resources/PXToolsAddSelectedAction.png HTTP/1.1" 200 3660
186.103.159.204 - - [13/Apr/2018:13:19:12 -0300] "GET /cormun/servlet/trcontratounov2? HTTP/1.1" 200 17643
186.103.157.42 - - [13/Apr/2018:13:26:04 -0300] "GET /cormun/servlet/trsolicitudot? HTTP/1.1" 200 7473
186.103.157.42 - - [13/Apr/2018:13:26:04 -0300] "GET /cormun/static/gxcfg.js?2017111422585916 HTTP/1.1" 304 -
186.103.157.42 - - [13/Apr/2018:13:26:04 -0300] "GET /cormun/static/Resources/Spanish/PXTools.css?1255365 HTTP/1.1" 304 -
186.103.157.42 - - [13/Apr/2018:13:26:04 -0300] "GET /cormun/static/trsolicitudot.js?201711142259839 HTTP/1.1" 304 -
186.103.157.42 - - [13/Apr/2018:13:26:05 -0300] "GET /cormun/servlet/trsolicitudot? HTTP/1.1" 200 7472
186.103.157.42 - - [13/Apr/2018:13:26:07 -0300] "GET /cormun/servlet/solicitudot?INS,0,0, HTTP/1.1" 200 13700
186.103.157.42 - - [13/Apr/2018:13:26:07 -0300] "GET /cormun/static/gxcfg.js?201812313224582 HTTP/1.1" 304 -
186.103.157.42 - - [13/Apr/2018:13:26:07 -0300] "GET /cormun/static/solicitudot.js?201812313224831 HTTP/1.1" 304 -
186.103.157.42 - - [13/Apr/2018:13:26:08 -0300] "GET /cormun/servlet/solicitudot?INS,0,0, HTTP/1.1" 200 13705
186.103.159.204 - - [13/Apr/2018:13:26:16 -0300] "POST /cormun/servlet/trcontratounov2?f02f525974f5ad014579859e7f1e735c,,gx-no-cache=1523636720662 HTTP/1.1" 200 7441
186.103.157.42 - - [13/Apr/2018:13:26:16 -0300] "POST /cormun/servlet/solicitudot?gx-no-cache=1523636726886 HTTP/1.1" 200 3284
186.103.157.42 - - [13/Apr/2018:13:26:16 -0300] "POST /cormun/servlet/solicitudot?7bb1320b2664600d6c720ea94a836f1a,INS,0,0,,gx-no-cache=1523636727105 HTTP/1.1" 200 10438
186.103.157.42 - - [13/Apr/2018:13:26:21 -0300] "GET /cormun/servlet/solicitudot?db581fe82aabb1b82e09fa71c6b003148ea6c508bdeb10c97f5c9de9cc5e1aca639fe38e29c033108b10f2ff1e78a4b8,gx-no-cache=1523636731959 HTTP/1.1" 200 30
186.79.111.186 - - [13/Apr/2018:13:26:44 -0300] "GET /cormun/servlet/fichaempleado?UPD,9525569, HTTP/1.1" 200 5888
186.79.111.186 - - [13/Apr/2018:13:26:44 -0300] "GET /cormun/static/gxcfg.js?20176282043676 HTTP/1.1" 200 953
186.79.111.186 - - [13/Apr/2018:13:26:44 -0300] "GET /cormun/static/Resources/PXToolsButtonLeft21.png HTTP/1.1" 200 1287
186.79.111.186 - - [13/Apr/2018:13:26:44 -0300] "GET /cormun/static/fichaempleado.js?2017628204374 HTTP/1.1" 200 17534
186.79.111.186 - - [13/Apr/2018:13:26:45 -0300] "GET /cormun/servlet/fichaempleado?UPD,9525569, HTTP/1.1" 200 5889
186.79.111.186 - - [13/Apr/2018:13:26:57 -0300] "POST /cormun/servlet/fichaempleado?5a9cca641ac85f46d9ab2470de09327f,UPD,9525569,,gx-no-cache=1523636760034 HTTP/1.1" 200 90
186.79.111.186 - - [13/Apr/2018:13:26:57 -0300] "GET /cormun/servlet/hpexe_link HTTP/1.1" 200 969
186.79.111.186 - - [13/Apr/2018:13:26:57 -0300] "GET /cormun/static/Resources/Spanish/PXTools.css?1155365 HTTP/1.1" 200 16384
186.103.157.42 - - [13/Apr/2018:13:28:40 -0300] "GET /cormun/servlet/prbanco?,MD,,gxPopupLevel%3D0%3B HTTP/1.1" 200 6710
186.103.157.42 - - [13/Apr/2018:13:28:40 -0300] "GET /cormun/static/gxcfg.js?20181161016094 HTTP/1.1" 304 -
186.103.157.42 - - [13/Apr/2018:13:28:40 -0300] "GET /cormun/static/prbanco.js?2018116101633 HTTP/1.1" 304 -
186.103.157.42 - - [13/Apr/2018:13:29:02 -0300] "GET /cormun/servlet/solicitudot?db581fe82aabb1b82e09fa71c6b00314a32eb6503de72bfda4d473ed32106744d445dc9ceaa4df401e990e2a8a3b207b9454a3eb95269e82539c8c2b170850fa,gx-no-cache=1523636892764 HTTP/1.1" 200 30
186.103.159.204 - - [13/Apr/2018:13:29:02 -0300] "POST /cormun/servlet/trcontratounov2?f02f525974f5ad014579859e7f1e735c,,gx-no-cache=1523636887118 HTTP/1.1" 200 5596
186.103.157.42 - - [13/Apr/2018:13:29:03 -0300] "GET /cormun/servlet/solicitudot?db581fe82aabb1b82e09fa71c6b00314c8151c091b8367b04870b3ddbd02d1d8,gx-no-cache=1523636893427 HTTP/1.1" 200 53
186.103.159.204 - - [13/Apr/2018:13:29:16 -0300] "POST /cormun/servlet/trcontratounov2?f02f525974f5ad014579859e7f1e735c,,gx-no-cache=1523636901010 HTTP/1.1" 200 5598
186.103.157.42 - - [13/Apr/2018:13:29:28 -0300] "POST /cormun/servlet/solicitudot?gx-no-cache=1523636919231 HTTP/1.1" 200 297
186.103.157.42 - - [13/Apr/2018:13:29:29 -0300] "GET /cormun/servlet/solicitudot?db581fe82aabb1b82e09fa71c6b00314e8a3b92ed12b681f41ce166ae6697a57230ce133e02f7b94e3cdeb26ca7dfda96a405bfee4c25e5f5543424edba05d78876555cdd071478a62260fdb5e3d45041d1816ed8577e2b1c06608a58c8ce433370a63a6d2f1f011fe23555dadc77203d9cb2c8a7db651b069b85b1afcd22b9d7496b26e6509616b73281b4ad8b1f574b6c0ede272d89a0b727686792d5d77d3b67b5793a60a13f19d7deec0a164800c368abe008fc2be331e7f6a2d63bbd193a460e34fb9706cdbd401e16039b3ec01eb43b19d00a98242dbe2a71bf19a394cc68469609d0cec1fb56016a25f538f8681fa7bf5b676e8848a03468a6cff2a825a8ba0aea399d5a3f039ac6bf37a0416d1658769081a5a50c43a394edf5a3cabdb503aa94ee540dd731f9caaa3487b6c8e8e214ba8e628e02ca07cfad43134c30b89cbc7ee209b82e15bd72646be35c4cd2c0328925ed5adedb079625f8f3c9eafe663b8ae797ebbea1aa058477ba72c7bc6fbc897a07b8b970bbd2aa7214b229454a3eb95269e82539c8c2b170850fa,gx-no-cache=1523636919328 HTTP/1.1" 200 30
186.103.157.42 - - [13/Apr/2018:13:29:31 -0300] "POST /cormun/servlet/solicitudot?gx-no-cache=1523636921425 HTTP/1.1" 200 30
186.103.157.42 - - [13/Apr/2018:13:29:33 -0300] "POST /cormun/servlet/solicitudot?gx-no-cache=1523636923360 HTTP/1.1" 200 1366
186.103.157.42 - - [13/Apr/2018:13:29:33 -0300] "POST /cormun/servlet/solicitudot?gx-no-cache=1523636923454 HTTP/1.1" 200 38
186.103.157.42 - - [13/Apr/2018:13:29:40 -0300] "GET /cormun/servlet/solicitudot?db581fe82aabb1b82e09fa71c6b00314d8245f9a19cd85d1b2739c0a401f2ad72b74b7d4134474905178cf276530be255b78df161787e00236c376e434229ffccc71d5987341e465054697ea1b63b0c516b919a6c0a26440ad2edbfc4793e80908c3fca794af5bdb4bc955859e3cd7fc,gx-no-cache=1523636931242 HTTP/1.1" 200 29
186.103.157.42 - - [13/Apr/2018:13:29:41 -0300] "POST /cormun/servlet/solicitudot?gx-no-cache=1523636931326 HTTP/1.1" 200 1349
186.103.157.42 - - [13/Apr/2018:13:29:41 -0300] "POST /cormun/servlet/solicitudot?gx-no-cache=1523636931473 HTTP/1.1" 200 1246
186.103.157.42 - - [13/Apr/2018:13:29:46 -0300] "GET /cormun/static/menuarrow.gif HTTP/1.1" 404 1015
186.103.157.42 - - [13/Apr/2018:13:29:49 -0300] "GET /cormun/servlet/solicitudot?db581fe82aabb1b82e09fa71c6b00314ee944d74c6849c86b06206c115465a61c7780194687700f8f41044d2c22f5940,gx-no-cache=1523636939891 HTTP/1.1" 200 30
186.103.157.42 - - [13/Apr/2018:13:29:56 -0300] "POST /cormun/servlet/solicitudot?gx-no-cache=1523636947006 HTTP/1.1" 200 30
186.103.157.42 - - [13/Apr/2018:13:30:01 -0300] "POST /cormun/servlet/solicitudot?7bb1320b2664600d6c720ea94a836f1a,INS,0,0,,gx-no-cache=1523636951852 HTTP/1.1" 200 93
186.103.157.42 - - [13/Apr/2018:13:30:01 -0300] "GET /cormun/servlet/hpexe_return? HTTP/1.1" 200 1006
186.103.157.42 - - [13/Apr/2018:13:30:02 -0300] "GET /cormun/servlet/trsolicitudot HTTP/1.1" 200 8815
186.103.157.42 - - [13/Apr/2018:13:30:03 -0300] "GET /cormun/servlet/trsolicitudot HTTP/1.1" 200 8811
186.79.111.186 - - [13/Apr/2018:13:33:02 -0300] "GET /cormun/servlet/trfichaempleado HTTP/1.1" 200 13585
186.79.111.186 - - [13/Apr/2018:13:33:03 -0300] "GET /cormun/static/gxcfg.js?20177616262612 HTTP/1.1" 200 953
186.79.111.186 - - [13/Apr/2018:13:33:04 -0300] "GET /cormun/static/Shared/ext/resources/themes/images/default/tools/tool-sprites.gif HTTP/1.1" 200 5434
200.111.191.210 - - [13/Apr/2018:13:33:52 -0300] "GET /cormun/servlet/hlogin HTTP/1.1" 200 1725
200.111.191.210 - - [13/Apr/2018:13:34:21 -0300] "POST /cormun/servlet/hlogin?95b67de6fe05fed7b24239a9d458f0f9,gx-no-cache=1523637238089 HTTP/1.1" 200 90
200.111.191.210 - - [13/Apr/2018:13:34:21 -0300] "GET /cormun/servlet/hpexe_link HTTP/1.1" 200 953
200.111.191.210 - - [13/Apr/2018:13:34:21 -0300] "GET /cormun/servlet/hhome HTTP/1.1" 200 3960
200.111.191.210 - - [13/Apr/2018:13:34:21 -0300] "GET /cormun/servlet/hhome HTTP/1.1" 200 3957
186.103.157.42 - - [13/Apr/2018:13:34:39 -0300] "POST /cormun/servlet/trsolicitudot?7bb1320b2664600d6c720ea94a836f1a,gx-no-cache=1523637229771 HTTP/1.1" 200 107
186.103.157.42 - - [13/Apr/2018:13:34:39 -0300] "GET /cormun/servlet/trsolicitudadjuntos?2018,11106, HTTP/1.1" 200 6351
186.103.157.42 - - [13/Apr/2018:13:34:39 -0300] "GET /cormun/static/gxcfg.js?20177612135366 HTTP/1.1" 200 953
186.103.157.42 - - [13/Apr/2018:13:34:39 -0300] "GET /cormun/static/trsolicitudadjuntos.js?20177612135632 HTTP/1.1" 200 17922
186.103.157.42 - - [13/Apr/2018:13:34:40 -0300] "GET /cormun/servlet/trsolicitudadjuntos?2018,11106, HTTP/1.1" 200 6351
186.103.157.42 - - [13/Apr/2018:13:34:42 -0300] "GET /cormun/servlet/solicitudotadjuntos?INS,2018,11106,,1, HTTP/1.1" 200 6298
186.103.157.42 - - [13/Apr/2018:13:34:42 -0300] "GET /cormun/static/gxcfg.js?2017761244068 HTTP/1.1" 200 953
186.103.157.42 - - [13/Apr/2018:13:34:42 -0300] "GET /cormun/static/solicitudotadjuntos.js?2017761244086 HTTP/1.1" 200 11771
186.103.157.42 - - [13/Apr/2018:13:34:43 -0300] "GET /cormun/static/about:blank HTTP/1.1" 404 1011
186.103.157.42 - - [13/Apr/2018:13:34:43 -0300] "GET /cormun/servlet/solicitudotadjuntos?INS,2018,11106,,1, HTTP/1.1" 200 6292
186.103.157.42 - - [13/Apr/2018:13:34:44 -0300] "GET /cormun/servlet/solicitudotadjuntos?db581fe82aabb1b82e09fa71c6b003142110e0010363a7c543fd6fcedf61cbc1ce483df425f2f839064c5e95efa7953a,gx-no-cache=1523637234360 HTTP/1.1" 200 30
186.103.157.42 - - [13/Apr/2018:13:34:44 -0300] "POST /cormun/servlet/solicitudotadjuntos?7bb1320b2664600d6c720ea94a836f1a,INS,2018,11106,,1,,gx-no-cache=1523637234402 HTTP/1.1" 200 3988
186.103.157.42 - - [13/Apr/2018:13:34:45 -0300] "POST /cormun/servlet/solicitudotadjuntos?gx-no-cache=1523637236150 HTTP/1.1" 200 26
186.103.157.42 - - [13/Apr/2018:13:34:51 -0300] "GET /cormun/servlet/solicitudotadjuntos?db581fe82aabb1b82e09fa71c6b00314014e0b82a2ebe12cd2a46cf68e6e7f28,gx-no-cache=1523637242031 HTTP/1.1" 200 30
186.103.157.42 - - [13/Apr/2018:13:34:51 -0300] "GET /cormun/servlet/solicitudotadjuntos?db581fe82aabb1b82e09fa71c6b00314014e0b82a2ebe12cd2a46cf68e6e7f28,gx-no-cache=1523637242075 HTTP/1.1" 200 30
186.103.157.42 - - [13/Apr/2018:13:34:52 -0300] "POST /cormun/servlet/solicitudotadjuntos?7bb1320b2664600d6c720ea94a836f1a,INS,2018,11106,,1, HTTP/1.1" 200 116
186.103.157.42 - - [13/Apr/2018:13:34:52 -0300] "GET /cormun/servlet/hpexe_return? HTTP/1.1" 200 1025
186.103.157.42 - - [13/Apr/2018:13:34:52 -0300] "GET /cormun/servlet/trsolicitudadjuntos?2018,11106, HTTP/1.1" 200 8787
186.103.157.42 - - [13/Apr/2018:13:34:53 -0300] "GET /cormun/servlet/trsolicitudadjuntos?2018,11106, HTTP/1.1" 200 8787
186.103.157.42 - - [13/Apr/2018:13:34:54 -0300] "GET /cormun/servlet/solicitudotadjuntos?INS,2018,11106,,1, HTTP/1.1" 200 6298
186.103.157.42 - - [13/Apr/2018:13:34:54 -0300] "GET /cormun/static/about:blank HTTP/1.1" 404 1011
186.103.157.42 - - [13/Apr/2018:13:34:55 -0300] "GET /cormun/servlet/solicitudotadjuntos?INS,2018,11106,,1, HTTP/1.1" 200 6292
186.103.157.42 - - [13/Apr/2018:13:34:55 -0300] "GET /cormun/servlet/solicitudotadjuntos?db581fe82aabb1b82e09fa71c6b003142110e0010363a7c543fd6fcedf61cbc1ce483df425f2f839064c5e95efa7953a,gx-no-cache=1523637246264 HTTP/1.1" 200 30
186.103.157.42 - - [13/Apr/2018:13:34:56 -0300] "POST /cormun/servlet/solicitudotadjuntos?7bb1320b2664600d6c720ea94a836f1a,INS,2018,11106,,1,,gx-no-cache=1523637246320 HTTP/1.1" 200 3988
186.103.157.42 - - [13/Apr/2018:13:34:59 -0300] "POST /cormun/servlet/solicitudotadjuntos?gx-no-cache=1523637249424 HTTP/1.1" 200 26
186.103.157.42 - - [13/Apr/2018:13:35:03 -0300] "GET /cormun/servlet/solicitudotadjuntos?db581fe82aabb1b82e09fa71c6b00314014e0b82a2ebe12cd2a46cf68e6e7f28,gx-no-cache=1523637253584 HTTP/1.1" 200 30
186.103.157.42 - - [13/Apr/2018:13:35:03 -0300] "GET /cormun/servlet/solicitudotadjuntos?db581fe82aabb1b82e09fa71c6b00314014e0b82a2ebe12cd2a46cf68e6e7f28,gx-no-cache=1523637253617 HTTP/1.1" 200 30
186.103.157.42 - - [13/Apr/2018:13:35:03 -0300] "POST /cormun/servlet/solicitudotadjuntos?7bb1320b2664600d6c720ea94a836f1a,INS,2018,11106,,1, HTTP/1.1" 200 116
186.103.157.42 - - [13/Apr/2018:13:35:03 -0300] "GET /cormun/servlet/hpexe_return? HTTP/1.1" 200 1025
186.103.157.42 - - [13/Apr/2018:13:35:03 -0300] "GET /cormun/servlet/trsolicitudadjuntos?2018,11106, HTTP/1.1" 200 9008
186.103.157.42 - - [13/Apr/2018:13:35:04 -0300] "GET /cormun/servlet/trsolicitudadjuntos?2018,11106, HTTP/1.1" 200 9007
186.103.157.42 - - [13/Apr/2018:13:35:06 -0300] "GET /cormun/servlet/solicitudotadjuntos?INS,2018,11106,,1, HTTP/1.1" 200 6299
186.103.157.42 - - [13/Apr/2018:13:35:06 -0300] "GET /cormun/static/about:blank HTTP/1.1" 404 1011
186.103.157.42 - - [13/Apr/2018:13:35:06 -0300] "GET /cormun/servlet/solicitudotadjuntos?INS,2018,11106,,1, HTTP/1.1" 200 6292
186.103.157.42 - - [13/Apr/2018:13:35:07 -0300] "GET /cormun/servlet/solicitudotadjuntos?db581fe82aabb1b82e09fa71c6b003142110e0010363a7c543fd6fcedf61cbc1ce483df425f2f839064c5e95efa7953a,gx-no-cache=1523637257709 HTTP/1.1" 200 30
186.103.157.42 - - [13/Apr/2018:13:35:07 -0300] "POST /cormun/servlet/solicitudotadjuntos?7bb1320b2664600d6c720ea94a836f1a,INS,2018,11106,,1,,gx-no-cache=1523637257759 HTTP/1.1" 200 3988
186.103.157.42 - - [13/Apr/2018:13:35:10 -0300] "POST /cormun/servlet/solicitudotadjuntos?gx-no-cache=1523637260296 HTTP/1.1" 200 26
186.103.157.42 - - [13/Apr/2018:13:35:17 -0300] "GET /cormun/servlet/solicitudotadjuntos?db581fe82aabb1b82e09fa71c6b00314014e0b82a2ebe12cd2a46cf68e6e7f28,gx-no-cache=1523637267312 HTTP/1.1" 200 30
186.103.157.42 - - [13/Apr/2018:13:35:17 -0300] "GET /cormun/servlet/solicitudotadjuntos?db581fe82aabb1b82e09fa71c6b00314014e0b82a2ebe12cd2a46cf68e6e7f28,gx-no-cache=1523637267327 HTTP/1.1" 200 30
186.103.157.42 - - [13/Apr/2018:13:35:17 -0300] "POST /cormun/servlet/solicitudotadjuntos?7bb1320b2664600d6c720ea94a836f1a,INS,2018,11106,,1, HTTP/1.1" 200 116
186.103.157.42 - - [13/Apr/2018:13:35:17 -0300] "GET /cormun/servlet/hpexe_return? HTTP/1.1" 200 1025
186.103.157.42 - - [13/Apr/2018:13:35:18 -0300] "GET /cormun/servlet/trsolicitudadjuntos?2018,11106, HTTP/1.1" 200 9178
186.103.157.42 - - [13/Apr/2018:13:35:18 -0300] "GET /cormun/servlet/trsolicitudadjuntos?2018,11106, HTTP/1.1" 200 9175
186.103.157.42 - - [13/Apr/2018:13:35:20 -0300] "GET /cormun/servlet/solicitudotadjuntos?INS,2018,11106,,1, HTTP/1.1" 200 6299
186.103.157.42 - - [13/Apr/2018:13:35:21 -0300] "GET /cormun/static/about:blank HTTP/1.1" 404 1011
186.103.157.42 - - [13/Apr/2018:13:35:21 -0300] "GET /cormun/servlet/solicitudotadjuntos?INS,2018,11106,,1, HTTP/1.1" 200 6292
186.103.157.42 - - [13/Apr/2018:13:35:21 -0300] "GET /cormun/servlet/solicitudotadjuntos?db581fe82aabb1b82e09fa71c6b003142110e0010363a7c543fd6fcedf61cbc1ce483df425f2f839064c5e95efa7953a,gx-no-cache=1523637272121 HTTP/1.1" 200 30
186.103.157.42 - - [13/Apr/2018:13:35:21 -0300] "POST /cormun/servlet/solicitudotadjuntos?7bb1320b2664600d6c720ea94a836f1a,INS,2018,11106,,1,,gx-no-cache=1523637272168 HTTP/1.1" 200 3988
186.103.157.42 - - [13/Apr/2018:13:35:23 -0300] "POST /cormun/servlet/solicitudotadjuntos?gx-no-cache=1523637273693 HTTP/1.1" 200 26
200.111.191.210 - - [13/Apr/2018:13:35:24 -0300] "GET /cormun/servlet/trlicencias? HTTP/1.1" 200 11688
200.111.191.210 - - [13/Apr/2018:13:35:24 -0300] "GET /cormun/servlet/trlicencias? HTTP/1.1" 200 11686
186.103.157.42 - - [13/Apr/2018:13:35:27 -0300] "GET /cormun/servlet/solicitudotadjuntos?db581fe82aabb1b82e09fa71c6b00314014e0b82a2ebe12cd2a46cf68e6e7f28,gx-no-cache=1523637278209 HTTP/1.1" 200 30
186.103.157.42 - - [13/Apr/2018:13:35:27 -0300] "GET /cormun/servlet/solicitudotadjuntos?db581fe82aabb1b82e09fa71c6b00314014e0b82a2ebe12cd2a46cf68e6e7f28,gx-no-cache=1523637278255 HTTP/1.1" 200 30
186.103.157.42 - - [13/Apr/2018:13:35:28 -0300] "POST /cormun/servlet/solicitudotadjuntos?7bb1320b2664600d6c720ea94a836f1a,INS,2018,11106,,1, HTTP/1.1" 200 116
186.103.157.42 - - [13/Apr/2018:13:35:28 -0300] "GET /cormun/servlet/hpexe_return? HTTP/1.1" 200 1025
186.103.157.42 - - [13/Apr/2018:13:35:28 -0300] "GET /cormun/servlet/trsolicitudadjuntos?2018,11106, HTTP/1.1" 200 9410
186.103.157.42 - - [13/Apr/2018:13:35:29 -0300] "GET /cormun/servlet/trsolicitudadjuntos?2018,11106, HTTP/1.1" 200 9406
200.111.191.210 - - [13/Apr/2018:13:35:30 -0300] "GET /cormun/servlet/licenciaspermisos?INS,0,,, HTTP/1.1" 200 7489
200.111.191.210 - - [13/Apr/2018:13:35:30 -0300] "GET /cormun/servlet/licenciaspermisos?INS,0,,, HTTP/1.1" 200 7490
186.103.157.42 - - [13/Apr/2018:13:35:32 -0300] "POST /cormun/servlet/trsolicitudadjuntos?7bb1320b2664600d6c720ea94a836f1a,2018,11106,,gx-no-cache=1523637281791 HTTP/1.1" 200 90
186.103.157.42 - - [13/Apr/2018:13:35:32 -0300] "GET /cormun/servlet/hpexe_link HTTP/1.1" 200 967
186.103.157.42 - - [13/Apr/2018:13:35:32 -0300] "GET /cormun/servlet/trsolicitudot HTTP/1.1" 200 8812
186.103.157.42 - - [13/Apr/2018:13:35:33 -0300] "GET /cormun/servlet/trsolicitudot HTTP/1.1" 200 8811
200.111.191.210 - - [13/Apr/2018:13:35:38 -0300] "GET /cormun/servlet/licenciaspermisos?920d2ef393f23d96d203f19816bd55e208ced1a366b8ce42f4e89ea9bb71456ada3b40c0c3c1eb5929ebc8af767e6415,gx-no-cache=1523637315512 HTTP/1.1" 200 92
200.111.191.210 - - [13/Apr/2018:13:35:39 -0300] "POST /cormun/servlet/licenciaspermisos?95b67de6fe05fed7b24239a9d458f0f9,INS,0,,,,gx-no-cache=1523637315557 HTTP/1.1" 200 4683
186.79.111.186 - - [13/Apr/2018:13:37:14 -0300] "GET /cormun/servlet/trfichaempleado HTTP/1.1" 200 13583
186.79.111.186 - - [13/Apr/2018:13:37:14 -0300] "GET /favicon.ico HTTP/1.1" 200 21630
200.111.191.210 - - [13/Apr/2018:13:37:37 -0300] "GET /cormun/servlet/licenciaspermisos?920d2ef393f23d96d203f19816bd55e2233121a19d0d09b81cdc4a57aa74597e8d950be63b80adc25528bc53bad4da7d453be925efa871d8d2845e867d514ff8693ef1f438ed9d14caa16cb603627a4b79a09c2354643d3e102d3b8b96311a1c9ca397ce5620031060f264950e83b73d11a7e2b7716313957dfbb84a90769f2378c511290429529065618258bbaed3d309321ca2ac958b4bb5573571dd91339f52e73d1f18110ef4140a215a8a926e7a,gx-no-cache=1523637433994 HTTP/1.1" 200 30
200.111.191.210 - - [13/Apr/2018:13:37:37 -0300] "GET /cormun/servlet/licenciaspermisos?920d2ef393f23d96d203f19816bd55e27386e61901c7a6aeb5ab61efae4c43d597a0b345bdb0000da430157e05e0f21e28436944a8fdf346544a1eb81ea55709bbabb578207335dd9d2d148235b93ad243071653ab9545d20a534a75a27fef4334ded7ae128ff9ad1b5780c12d297157326c169b89d49ad1d1dc48d142dc20171b915ef1a18cba52974fe64402f64cb3fb2445d6e57d4a98d47340e376183bfc765f6c96857a420a211e1ba2b695ab65,gx-no-cache=1523637434012 HTTP/1.1" 200 29
200.111.191.210 - - [13/Apr/2018:13:37:37 -0300] "POST /cormun/servlet/licenciaspermisos?95b67de6fe05fed7b24239a9d458f0f9,INS,0,,,,gx-no-cache=1523637434025 HTTP/1.1" 200 93
200.111.191.210 - - [13/Apr/2018:13:37:37 -0300] "GET /cormun/servlet/hpexe_return? HTTP/1.1" 200 1015
200.111.191.210 - - [13/Apr/2018:13:37:37 -0300] "GET /cormun/servlet/trlicencias HTTP/1.1" 200 12055
200.111.191.210 - - [13/Apr/2018:13:37:38 -0300] "GET /cormun/servlet/trlicencias HTTP/1.1" 200 12050
200.111.191.210 - - [13/Apr/2018:13:37:43 -0300] "GET /cormun/servlet/alicenciaprn?11736748,L,20180413000000,PU HTTP/1.1" 200 1532
200.111.191.210 - - [13/Apr/2018:13:40:45 -0300] "GET /cormun/servlet/trlicenciaspermisosadjuntos?11736748,20180413000000,L, HTTP/1.1" 200 6309
200.111.191.210 - - [13/Apr/2018:13:40:46 -0300] "GET /cormun/servlet/trlicenciaspermisosadjuntos?11736748,20180413000000,L, HTTP/1.1" 200 6310
200.111.191.210 - - [13/Apr/2018:13:40:47 -0300] "GET /cormun/servlet/licenciaspermisosadjuntos?INS,11736748,L,20180413000000,, HTTP/1.1" 200 5608
200.111.191.210 - - [13/Apr/2018:13:40:47 -0300] "GET /cormun/static/about:blank HTTP/1.1" 404 1011
200.111.191.210 - - [13/Apr/2018:13:40:47 -0300] "GET /cormun/servlet/licenciaspermisosadjuntos?INS,11736748,L,20180413000000,, HTTP/1.1" 200 5598
186.103.159.189 - - [13/Apr/2018:13:40:53 -0300] "GET /cormun/servlet/trlicencias? HTTP/1.1" 200 6116
186.103.159.189 - - [13/Apr/2018:13:40:55 -0300] "GET /cormun/servlet/trlicencias? HTTP/1.1" 200 6110
186.103.159.189 - - [13/Apr/2018:13:40:55 -0300] "GET /cormun/servlet/hlogin HTTP/1.1" 200 1741
200.111.191.210 - - [13/Apr/2018:13:41:01 -0300] "POST /cormun/servlet/licenciaspermisosadjuntos?95b67de6fe05fed7b24239a9d458f0f9,INS,11736748,L,20180413000000,, HTTP/1.1" 200 116
200.111.191.210 - - [13/Apr/2018:13:41:01 -0300] "GET /cormun/servlet/hpexe_return? HTTP/1.1" 200 1046
200.111.191.210 - - [13/Apr/2018:13:41:01 -0300] "GET /cormun/servlet/trlicenciaspermisosadjuntos?11736748,20180413000000,L, HTTP/1.1" 200 6777
200.111.191.210 - - [13/Apr/2018:13:41:02 -0300] "GET /cormun/servlet/trlicenciaspermisosadjuntos?11736748,20180413000000,L, HTTP/1.1" 200 6774
186.103.159.189 - - [13/Apr/2018:13:41:04 -0300] "POST /cormun/servlet/hlogin?c422ee1978808afc765943e191a3945a,gx-no-cache=1523637611535 HTTP/1.1" 200 90
200.111.191.210 - - [13/Apr/2018:13:41:04 -0300] "GET /cormun/PublicTempStorage/1029181936689.PDF HTTP/1.1" 200 703719
186.103.159.189 - - [13/Apr/2018:13:41:04 -0300] "GET /cormun/servlet/hpexe_link HTTP/1.1" 200 958
186.103.159.189 - - [13/Apr/2018:13:41:04 -0300] "GET /cormun/servlet/trlicencias HTTP/1.1" 200 10135
186.103.159.189 - - [13/Apr/2018:13:41:06 -0300] "GET /cormun/servlet/trlicencias HTTP/1.1" 200 10133
186.103.159.189 - - [13/Apr/2018:13:41:10 -0300] "GET /cormun/servlet/trlicencias? HTTP/1.1" 200 10133
186.103.159.189 - - [13/Apr/2018:13:41:11 -0300] "GET /cormun/servlet/trlicencias? HTTP/1.1" 200 10133
200.111.191.210 - - [13/Apr/2018:13:41:12 -0300] "GET /cormun/servlet/hlogin HTTP/1.1" 200 1725
186.103.159.189 - - [13/Apr/2018:13:41:14 -0300] "GET /cormun/servlet/licenciaspermisos?INS,0,,, HTTP/1.1" 200 7520
186.103.159.189 - - [13/Apr/2018:13:41:15 -0300] "GET /cormun/servlet/licenciaspermisos?INS,0,,, HTTP/1.1" 200 7518
200.111.191.210 - - [13/Apr/2018:13:41:17 -0300] "POST /cormun/servlet/hlogin?95b67de6fe05fed7b24239a9d458f0f9,gx-no-cache=1523637653633 HTTP/1.1" 200 90
200.111.191.210 - - [13/Apr/2018:13:41:17 -0300] "GET /cormun/servlet/hpexe_link HTTP/1.1" 200 988
200.111.191.210 - - [13/Apr/2018:13:41:17 -0300] "GET /cormun/servlet/trlicenciaspermisosadjuntos?11736748,20180413000000,L, HTTP/1.1" 200 6774
200.111.191.210 - - [13/Apr/2018:13:41:17 -0300] "GET /cormun/servlet/trlicenciaspermisosadjuntos?11736748,20180413000000,L, HTTP/1.1" 200 6774
200.111.191.210 - - [13/Apr/2018:13:41:20 -0300] "GET /cormun/servlet/trpermisosgoce? HTTP/1.1" 200 11623
200.111.191.210 - - [13/Apr/2018:13:41:20 -0300] "GET /cormun/static/trpermisosgoce.js?20177612164335 HTTP/1.1" 304 -
200.111.191.210 - - [13/Apr/2018:13:41:21 -0300] "GET /cormun/servlet/trpermisosgoce? HTTP/1.1" 200 11612
186.103.159.189 - - [13/Apr/2018:13:41:21 -0300] "GET /cormun/servlet/prfichaempleado?,MD,,gxPopupLevel%3D0%3B HTTP/1.1" 200 9340
200.111.191.210 - - [13/Apr/2018:13:41:25 -0300] "GET /cormun/servlet/trlicencias? HTTP/1.1" 200 12051
200.111.191.210 - - [13/Apr/2018:13:41:26 -0300] "GET /cormun/servlet/trlicencias? HTTP/1.1" 200 12050
200.111.191.210 - - [13/Apr/2018:13:41:28 -0300] "POST /cormun/servlet/trlicencias?95b67de6fe05fed7b24239a9d458f0f9,,gx-no-cache=1523637664695 HTTP/1.1" 200 9419
200.111.191.210 - - [13/Apr/2018:13:41:28 -0300] "GET /cormun/static/Shared/jqueryui/images/ui-bg_highlight-soft_100_c6c2c8_1x100.png HTTP/1.1" 404 1117
200.111.191.210 - - [13/Apr/2018:13:41:28 -0300] "GET /cormun/static/Shared/jqueryui/images/ui-icons_82798d_256x240.png HTTP/1.1" 404 1089
200.111.191.210 - - [13/Apr/2018:13:41:28 -0300] "GET /cormun/static/Shared/jqueryui/images/ui-bg_flat_55_fafafa_40x100.png HTTP/1.1" 404 1097
200.111.191.210 - - [13/Apr/2018:13:41:28 -0300] "GET /cormun/static/Shared/jqueryui/images/ui-icons_8d78a5_256x240.png HTTP/1.1" 404 1089
186.103.159.189 - - [13/Apr/2018:13:41:29 -0300] "POST /cormun/servlet/prfichaempleado?c422ee1978808afc765943e191a3945a,,MD,,gxPopupLevel%3D0%3B,gx-no-cache=1523637636863 HTTP/1.1" 200 3485
186.103.159.189 - - [13/Apr/2018:13:41:36 -0300] "GET /cormun/servlet/licenciaspermisos?35f6e769e9f45e5f0283f346a2a5026459667099a7946e26fbab1faf8db01f1a24fa04e09c37e6c4ef12a6b626d8ae98,gx-no-cache=1523637643241 HTTP/1.1" 200 98
186.103.159.189 - - [13/Apr/2018:13:41:36 -0300] "POST /cormun/servlet/licenciaspermisos?c422ee1978808afc765943e191a3945a,INS,0,,,,gx-no-cache=1523637643294 HTTP/1.1" 200 4689
186.103.159.204 - - [13/Apr/2018:13:41:42 -0300] "POST /cormun/servlet/trcontratounov2?f02f525974f5ad014579859e7f1e735c,,gx-no-cache=1523637646754 HTTP/1.1" 200 6208
186.103.159.189 - - [13/Apr/2018:13:41:51 -0300] "GET /cormun/static/menuarrow.gif HTTP/1.1" 404 1015
186.103.159.189 - - [13/Apr/2018:13:46:05 -0300] "GET /cormun/servlet/licenciaspermisos?35f6e769e9f45e5f0283f346a2a50264943d040a18f0995cba8b92532aee14a549035a97638116d853f02a97b12b6a4cb6542cd09dead0b923540d3673f46269252ae74e3d0ce10f6c9cc18b096b0c937d4d98de2acfde6567f2c9aaef006ba65928c7f6c00fdbecd39433b9a41739ae732d9291c2dbfcf63239201ed6fbdf49f69895faa7bfdd8d47fd13a11245f924bc9d3fedf580989d400221803f6173999c04a6a435ddbd63eacc15e651c99135,gx-no-cache=1523637912719 HTTP/1.1" 200 30
186.103.159.189 - - [13/Apr/2018:13:46:05 -0300] "GET /cormun/servlet/licenciaspermisos?35f6e769e9f45e5f0283f346a2a50264fced94499bb4c84697d7b43c1c2a0500aff496d6f3ee199dfd8fb83fb9b033b7ca5652f9a3426758765e6f102061b9198f3a8ba91b94dd358de10eafa16304f773c454f9ec2839f657f461372f644eca044b3ba3d48516070774139dd8f29facbe418a2575e027f6ec4b084710fb0cfad5f28b6a52412987c27c5cf35860202b065186b0bb1a781eccd201b667cb656df24bf6b63180d4c2f8b51888bd8c434f,gx-no-cache=1523637913127 HTTP/1.1" 200 29
186.103.159.189 - - [13/Apr/2018:13:46:06 -0300] "POST /cormun/servlet/licenciaspermisos?c422ee1978808afc765943e191a3945a,INS,0,,,,gx-no-cache=1523637913233 HTTP/1.1" 200 93
186.103.159.189 - - [13/Apr/2018:13:46:06 -0300] "GET /cormun/servlet/hpexe_return? HTTP/1.1" 200 1016
186.103.159.189 - - [13/Apr/2018:13:46:06 -0300] "GET /cormun/servlet/trlicencias HTTP/1.1" 200 10577
186.103.159.189 - - [13/Apr/2018:13:46:08 -0300] "GET /cormun/servlet/trlicencias HTTP/1.1" 200 10572
186.103.159.189 - - [13/Apr/2018:13:46:13 -0300] "GET /cormun/servlet/alicenciaprn?14247258,L,20180413000000,PU HTTP/1.1" 200 1534
186.103.159.188 - - [13/Apr/2018:13:46:49 -0300] "GET /cormun/servlet/hlogin HTTP/1.1" 200 1724
186.103.159.188 - - [13/Apr/2018:13:46:49 -0300] "GET /cormun/servlet/hlogin HTTP/1.1" 200 1727
186.103.159.188 - - [13/Apr/2018:13:46:56 -0300] "POST /cormun/servlet/hlogin?4e81766e40c7623380695502c63f9b59,gx-no-cache=1523637963746 HTTP/1.1" 200 90
186.103.159.188 - - [13/Apr/2018:13:46:57 -0300] "GET /cormun/servlet/hpexe_link HTTP/1.1" 200 950
186.103.159.188 - - [13/Apr/2018:13:46:57 -0300] "GET /cormun/servlet/hhome HTTP/1.1" 200 3948
186.103.159.188 - - [13/Apr/2018:13:46:57 -0300] "GET /cormun/servlet/hhome HTTP/1.1" 200 3945
186.103.159.188 - - [13/Apr/2018:13:47:02 -0300] "GET /cormun/servlet/trsolicitudot? HTTP/1.1" 200 7161
186.103.159.188 - - [13/Apr/2018:13:47:03 -0300] "GET /cormun/servlet/trsolicitudot? HTTP/1.1" 200 7160
186.103.159.188 - - [13/Apr/2018:13:47:10 -0300] "GET /cormun/servlet/solicitudot?INS,0,0, HTTP/1.1" 200 13397
186.103.159.188 - - [13/Apr/2018:13:47:10 -0300] "GET /cormun/servlet/solicitudot?INS,0,0, HTTP/1.1" 200 13402
186.103.159.188 - - [13/Apr/2018:13:47:18 -0300] "POST /cormun/servlet/solicitudot?gx-no-cache=1523637984674 HTTP/1.1" 200 3284
186.103.159.188 - - [13/Apr/2018:13:47:18 -0300] "POST /cormun/servlet/solicitudot?4e81766e40c7623380695502c63f9b59,INS,0,0,,gx-no-cache=1523637985140 HTTP/1.1" 200 10248
186.103.159.188 - - [13/Apr/2018:13:47:18 -0300] "GET /cormun/servlet/solicitudot?93027c0976ffd054900782628baa78d1637d6bedcde58e2998e23e3cf55385c83154a2670471a5d1badb0d2b5ffc5102,gx-no-cache=1523637985631 HTTP/1.1" 200 30
186.103.159.188 - - [13/Apr/2018:13:48:40 -0300] "GET /cormun/servlet/prbanco?,MD,,gxPopupLevel%3D0%3B HTTP/1.1" 200 6567
186.103.159.188 - - [13/Apr/2018:13:48:46 -0300] "GET /cormun/servlet/solicitudot?93027c0976ffd054900782628baa78d1dd8e82f142265ad2c0e9ccea1ec53ad8,gx-no-cache=1523638073070 HTTP/1.1" 200 94
186.103.159.188 - - [13/Apr/2018:13:48:46 -0300] "GET /cormun/static/Shared/jqueryui/images/ui-bg_highlight-soft_100_c6c2c8_1x100.png HTTP/1.1" 404 1117
186.103.159.188 - - [13/Apr/2018:13:48:46 -0300] "GET /cormun/servlet/solicitudot?93027c0976ffd054900782628baa78d1b3e751c67d9f9a9b5e56886a3d52994b,gx-no-cache=1523638073184 HTTP/1.1" 200 53
190.161.236.41 - - [13/Apr/2018:13:48:46 -0300] "GET /cormun/static/Shared/jqueryui/images/ui-icons_82798d_256x240.png HTTP/1.1" 404 1089
190.161.236.41 - - [13/Apr/2018:13:48:46 -0300] "GET /cormun/static/Shared/jqueryui/images/ui-bg_flat_55_994d53_40x100.png HTTP/1.1" 404 1097
186.103.159.188 - - [13/Apr/2018:13:48:46 -0300] "GET /cormun/static/Shared/jqueryui/images/ui-icons_ebccce_256x240.png HTTP/1.1" 404 1089
186.103.159.188 - - [13/Apr/2018:13:48:58 -0300] "POST /cormun/servlet/solicitudot?4e81766e40c7623380695502c63f9b59,INS,0,0,,gx-no-cache=1523638084346 HTTP/1.1" 200 10420
186.103.159.188 - - [13/Apr/2018:13:48:58 -0300] "GET /cormun/static/Shared/jqueryui/images/ui-bg_flat_55_fafafa_40x100.png HTTP/1.1" 404 1097
190.161.236.41 - - [13/Apr/2018:13:48:58 -0300] "GET /cormun/static/Shared/jqueryui/images/ui-icons_8d78a5_256x240.png HTTP/1.1" 404 1089
190.161.236.41 - - [13/Apr/2018:13:48:58 -0300] "GET /cormun/servlet/solicitudot?93027c0976ffd054900782628baa78d1dd8e82f142265ad2c0e9ccea1ec53ad8,gx-no-cache=1523638085836 HTTP/1.1" 200 94
190.161.236.41 - - [13/Apr/2018:13:48:59 -0300] "GET /cormun/servlet/solicitudot?93027c0976ffd054900782628baa78d195a4c3320484d41e083d1312e8a941a55779435c23fe1f3e67b060c1cbbca72e4e2ed4a3d8cc13be3f5a60718b08dcba,gx-no-cache=1523638085935 HTTP/1.1" 200 53
190.161.236.41 - - [13/Apr/2018:13:49:18 -0300] "GET /cormun/servlet/solicitudot?93027c0976ffd054900782628baa78d1132686fa9f221ef2f9a440d8b5a194250bc0476b20b5d25e2636d05a6a02d3ed252c64f483e49b2f496212b27b65b478,gx-no-cache=1523638105264 HTTP/1.1" 200 30
