200.112.233.47 - - [12/Apr/2018:12:03:48 -0300] "GET /cormun/servlet/trpermisosgoce? HTTP/1.1" 200 9280
200.112.233.47 - - [12/Apr/2018:12:03:49 -0300] "GET /cormun/servlet/trpermisosgoce? HTTP/1.1" 200 9281
200.112.233.47 - - [12/Apr/2018:12:04:08 -0300] "GET /cormun/servlet/trpermisosadjuntos?11842464,20180319152304,P, HTTP/1.1" 200 7178
200.112.233.47 - - [12/Apr/2018:12:04:09 -0300] "GET /cormun/servlet/trpermisosadjuntos?11842464,20180319152304,P, HTTP/1.1" 200 7180
200.112.233.47 - - [12/Apr/2018:12:04:11 -0300] "GET /cormun/PublicTempStorage/permiso_adm_de_salgado_saavedra2522383.pdf HTTP/1.1" 200 74350
200.112.233.47 - - [12/Apr/2018:12:04:19 -0300] "GET /cormun/servlet/trpermisosadjuntos?11842464,20180319152304,P, HTTP/1.1" 200 7179
200.112.233.47 - - [12/Apr/2018:12:04:19 -0300] "GET /cormun/servlet/trpermisosadjuntos?11842464,20180319152304,P, HTTP/1.1" 200 7180
200.112.233.47 - - [12/Apr/2018:12:04:20 -0300] "GET /cormun/PublicTempStorage/salgado_mariana6290674.pdf HTTP/1.1" 200 61752
200.112.233.47 - - [12/Apr/2018:12:04:26 -0300] "GET /cormun/servlet/trpermisosadjuntos?11842464,20180319152304,P, HTTP/1.1" 200 7179
200.112.233.47 - - [12/Apr/2018:12:04:26 -0300] "GET /cormun/servlet/trpermisosadjuntos?11842464,20180319152304,P, HTTP/1.1" 200 7179
200.112.233.47 - - [12/Apr/2018:12:04:27 -0300] "GET /cormun/servlet/trpermisosgoce? HTTP/1.1" 200 9276
200.112.233.47 - - [12/Apr/2018:12:04:28 -0300] "GET /cormun/servlet/trpermisosgoce? HTTP/1.1" 200 9281
200.112.233.47 - - [12/Apr/2018:12:04:39 -0300] "POST /cormun/servlet/trpermisosgoce?1156b27886696cb60d580bb270369333,,gx-no-cache=1523545425627 HTTP/1.1" 200 6431
200.112.233.47 - - [12/Apr/2018:12:04:39 -0300] "GET /cormun/static/Shared/jqueryui/images/ui-bg_highlight-soft_100_c6c2c8_1x100.png HTTP/1.1" 404 1117
200.112.233.47 - - [12/Apr/2018:12:04:39 -0300] "GET /cormun/static/Shared/jqueryui/images/ui-bg_flat_55_fafafa_40x100.png HTTP/1.1" 404 1097
200.112.233.47 - - [12/Apr/2018:12:04:39 -0300] "GET /cormun/static/Shared/jqueryui/images/ui-icons_82798d_256x240.png HTTP/1.1" 404 1089
200.112.233.47 - - [12/Apr/2018:12:04:39 -0300] "GET /cormun/static/Shared/jqueryui/images/ui-icons_8d78a5_256x240.png HTTP/1.1" 404 1089
200.111.122.170 - - [12/Apr/2018:12:05:12 -0300] "POST /cormun/servlet/solicitudot?e5fa262ce5659bb37f86532d01d6e72c,INS,0,0,,gx-no-cache=1523545455399 HTTP/1.1" 200 10613
200.111.122.170 - - [12/Apr/2018:12:05:13 -0300] "GET /cormun/static/Shared/jqueryui/images/ui-icons_82798d_256x240.png HTTP/1.1" 404 1089
200.111.122.170 - - [12/Apr/2018:12:05:13 -0300] "GET /cormun/static/Shared/jqueryui/images/ui-bg_flat_55_fafafa_40x100.png HTTP/1.1" 404 1097
200.111.122.170 - - [12/Apr/2018:12:05:13 -0300] "GET /cormun/static/Shared/jqueryui/images/ui-bg_highlight-soft_100_c6c2c8_1x100.png HTTP/1.1" 404 1117
186.103.161.206 - - [12/Apr/2018:12:05:13 -0300] "GET /cormun/static/Shared/jqueryui/images/ui-icons_8d78a5_256x240.png HTTP/1.1" 404 1089
186.79.77.130 - - [12/Apr/2018:12:05:16 -0300] "POST /cormun/servlet/licenciaspermisosadjuntos?855c758f06df7b15239b33a40170661d,INS,9934562,L,20180412000000,, HTTP/1.1" 200 116
186.79.77.130 - - [12/Apr/2018:12:05:16 -0300] "GET /cormun/servlet/hpexe_return? HTTP/1.1" 200 1039
186.79.77.130 - - [12/Apr/2018:12:05:16 -0300] "GET /cormun/servlet/trlicenciaspermisosadjuntos?9934562,20180412000000,L, HTTP/1.1" 200 6830
200.112.233.47 - - [12/Apr/2018:12:05:17 -0300] "GET /cormun/servlet/trpermisosgoce? HTTP/1.1" 200 9243
186.79.77.130 - - [12/Apr/2018:12:05:17 -0300] "GET /cormun/servlet/trlicenciaspermisosadjuntos?9934562,20180412000000,L, HTTP/1.1" 200 6827
200.112.233.47 - - [12/Apr/2018:12:05:17 -0300] "GET /cormun/servlet/trpermisosgoce? HTTP/1.1" 200 9237
186.103.161.206 - - [12/Apr/2018:12:05:21 -0300] "GET /cormun/servlet/solicitudot?a812f4a136e578ded4cbf2ea0e61188212e97e83849bb35a0653823784cc00c30aaeb3c4f6ea99eda32ad9f18d2b7867,gx-no-cache=1523545464406 HTTP/1.1" 200 30
186.103.161.206 - - [12/Apr/2018:12:05:21 -0300] "GET /cormun/servlet/solicitudot?a812f4a136e578ded4cbf2ea0e611882b4b4e300aa71b43c7b5a45a7fb5247d2,gx-no-cache=1523545464539 HTTP/1.1" 200 29
186.103.161.206 - - [12/Apr/2018:12:05:21 -0300] "POST /cormun/servlet/solicitudot?gx-no-cache=1523545464657 HTTP/1.1" 200 297
186.103.161.206 - - [12/Apr/2018:12:05:22 -0300] "GET /cormun/servlet/solicitudot?a812f4a136e578ded4cbf2ea0e6118823209b6ca8f3c6233459aed27e80b52ff9434cd507b66e5b7a86743d1063278d512fd86fd190e88db55cf75bafa5444b40982b9e68c0a762868dbf08418e37d48625280996764c69749c1826a70f2b7a247127106920a8b968b666df75128a32e7e9488d7d46f007e6713d37104c07fb25a12b58827153ac631c37295b843ac70feaf56cfe76e5ee9c84295709d8474380fa8a5666e54f6acecab937b60bba3b7e0ddecad2f48383daef0b1b7c4d961af86d3ec2f7fc98b0d71e25ac1f3481937ecc843761f95f5bcc4f7abb96b131da925f7a098a8d1d24304daedd0263bb8c92425ba73f0ffa95d945640dc2f8d5108d85c29e1c85d309a7f333188cf85350c8a4a3dc782c269a8cc00bd7cc1964c786f15bea491d6ae7b43bfe567d0d7b0274ab17b78c64265c26abacbf6abc84222b263114f959e36f5e0d7cf01170a23eaad78755bbb79e51ae332bbc52e7006320183031e1a36852c4eec593880223a464260c4a405dcb19e85a64d412fb3c987e8f09e3a0d9e2fca9ec2580d9365fbe9,gx-no-cache=1523545465061 HTTP/1.1" 200 30
186.103.161.206 - - [12/Apr/2018:12:05:27 -0300] "POST /cormun/servlet/solicitudot?gx-no-cache=1523545470662 HTTP/1.1" 200 30
200.112.233.47 - - [12/Apr/2018:12:05:29 -0300] "GET /cormun/servlet/permisogoce?INS,0,,, HTTP/1.1" 200 7081
200.112.233.47 - - [12/Apr/2018:12:05:30 -0300] "GET /cormun/servlet/permisogoce?INS,0,,, HTTP/1.1" 200 7081
200.112.233.47 - - [12/Apr/2018:12:05:36 -0300] "GET /cormun/servlet/prfichaempleado?,MD,,gxPopupLevel%3D0%3B HTTP/1.1" 200 9383
186.79.77.130 - - [12/Apr/2018:12:05:37 -0300] "GET /cormun/servlet/licenciaspermisosadjuntos?DLT,9934562,L,20180412000000,20180412114140, HTTP/1.1" 200 5521
186.79.77.130 - - [12/Apr/2018:12:05:38 -0300] "GET /cormun/static/about:blank HTTP/1.1" 404 1011
186.79.77.130 - - [12/Apr/2018:12:05:38 -0300] "GET /cormun/static/Shared/jqueryui/images/ui-bg_highlight-soft_100_c6c2c8_1x100.png HTTP/1.1" 404 1117
186.79.77.130 - - [12/Apr/2018:12:05:38 -0300] "GET /cormun/static/Shared/jqueryui/images/ui-icons_82798d_256x240.png HTTP/1.1" 404 1089
186.79.77.130 - - [12/Apr/2018:12:05:38 -0300] "GET /cormun/static/Shared/jqueryui/images/ui-bg_flat_55_fafafa_40x100.png HTTP/1.1" 404 1097
186.79.77.130 - - [12/Apr/2018:12:05:38 -0300] "GET /cormun/static/Shared/jqueryui/images/ui-icons_8d78a5_256x240.png HTTP/1.1" 404 1089
186.79.77.130 - - [12/Apr/2018:12:05:38 -0300] "GET /cormun/servlet/licenciaspermisosadjuntos?DLT,9934562,L,20180412000000,20180412114140, HTTP/1.1" 200 5511
186.103.161.206 - - [12/Apr/2018:12:05:39 -0300] "GET /cormun/servlet/prfichaempleado?,MD,,gxPopupLevel%3D0%3B HTTP/1.1" 200 9363
186.79.77.130 - - [12/Apr/2018:12:05:41 -0300] "POST /cormun/servlet/licenciaspermisosadjuntos?855c758f06df7b15239b33a40170661d,DLT,9934562,L,20180412000000,20180412114140,,gx-no-cache=1523545488380 HTTP/1.1" 200 93
186.79.77.130 - - [12/Apr/2018:12:05:41 -0300] "GET /cormun/servlet/hpexe_return? HTTP/1.1" 200 1046
186.79.77.130 - - [12/Apr/2018:12:05:41 -0300] "GET /cormun/servlet/trlicenciaspermisosadjuntos?9934562,20180412000000,L, HTTP/1.1" 200 6754
186.79.77.130 - - [12/Apr/2018:12:05:42 -0300] "GET /cormun/servlet/trlicenciaspermisosadjuntos?9934562,20180412000000,L, HTTP/1.1" 200 6751
200.112.233.47 - - [12/Apr/2018:12:05:45 -0300] "POST /cormun/servlet/prfichaempleado?1156b27886696cb60d580bb270369333,,MD,,gxPopupLevel%3D0%3B,gx-no-cache=1523545490824 HTTP/1.1" 200 3195
186.79.77.130 - - [12/Apr/2018:12:05:47 -0300] "GET /cormun/servlet/licenciaspermisosadjuntos?DLT,9934562,L,20180412000000,20180412114140, HTTP/1.1" 200 5539
186.79.77.130 - - [12/Apr/2018:12:05:47 -0300] "GET /cormun/static/about:blank HTTP/1.1" 404 1011
200.112.233.47 - - [12/Apr/2018:12:05:47 -0300] "POST /cormun/servlet/prfichaempleado?1156b27886696cb60d580bb270369333,,MD,,gxPopupLevel%3D0%3B,gx-no-cache=1523545494158 HTTP/1.1" 200 3195
186.79.77.130 - - [12/Apr/2018:12:05:47 -0300] "GET /cormun/servlet/licenciaspermisosadjuntos?DLT,9934562,L,20180412000000,20180412114140, HTTP/1.1" 200 5528
200.112.233.47 - - [12/Apr/2018:12:05:48 -0300] "POST /cormun/servlet/prfichaempleado?1156b27886696cb60d580bb270369333,,MD,,gxPopupLevel%3D0%3B,gx-no-cache=1523545495117 HTTP/1.1" 200 3195
200.112.233.47 - - [12/Apr/2018:12:05:49 -0300] "POST /cormun/servlet/prfichaempleado?1156b27886696cb60d580bb270369333,,MD,,gxPopupLevel%3D0%3B,gx-no-cache=1523545495405 HTTP/1.1" 200 3195
186.103.161.206 - - [12/Apr/2018:12:05:52 -0300] "POST /cormun/servlet/prfichaempleado?e5fa262ce5659bb37f86532d01d6e72c,,MD,,gxPopupLevel%3D0%3B,gx-no-cache=1523545494747 HTTP/1.1" 200 3423
200.112.233.47 - - [12/Apr/2018:12:05:58 -0300] "POST /cormun/servlet/prfichaempleado?1156b27886696cb60d580bb270369333,,MD,,gxPopupLevel%3D0%3B,gx-no-cache=1523545505062 HTTP/1.1" 200 3876
186.79.77.130 - - [12/Apr/2018:12:05:59 -0300] "GET /cormun/servlet/trlicenciaspermisosadjuntos?9934562,20180412000000,L, HTTP/1.1" 200 6754
186.103.161.206 - - [12/Apr/2018:12:05:59 -0300] "GET /cormun/servlet/prlicenciaspermisos?17503831,L,,MD,,gxPopupLevel%3D0%3B HTTP/1.1" 200 6036
186.103.161.206 - - [12/Apr/2018:12:06:00 -0300] "GET /cormun/static/gxcfg.js?20176272053834 HTTP/1.1" 200 953
186.103.161.206 - - [12/Apr/2018:12:06:00 -0300] "GET /cormun/static/prlicenciaspermisos.js?20176272054050 HTTP/1.1" 200 13379
186.79.77.130 - - [12/Apr/2018:12:06:00 -0300] "GET /cormun/servlet/trlicenciaspermisosadjuntos?9934562,20180412000000,L, HTTP/1.1" 200 6750
186.103.161.206 - - [12/Apr/2018:12:06:12 -0300] "POST /cormun/servlet/solicitudot?gx-no-cache=1523545515645 HTTP/1.1" 200 1369
186.79.77.130 - - [12/Apr/2018:12:06:13 -0300] "GET /cormun/servlet/hlogin HTTP/1.1" 200 1721
200.112.233.47 - - [12/Apr/2018:12:06:13 -0300] "GET /cormun/servlet/trpermisosgoce? HTTP/1.1" 200 9242
200.112.233.47 - - [12/Apr/2018:12:06:14 -0300] "GET /cormun/servlet/trpermisosgoce? HTTP/1.1" 200 9237
186.79.77.130 - - [12/Apr/2018:12:06:15 -0300] "POST /cormun/servlet/hlogin?c39aea023917391f04157df35a784489,gx-no-cache=1523545523060 HTTP/1.1" 200 90
186.79.77.130 - - [12/Apr/2018:12:06:15 -0300] "GET /cormun/servlet/hpexe_link HTTP/1.1" 200 953
186.79.77.130 - - [12/Apr/2018:12:06:16 -0300] "GET /cormun/servlet/hhome HTTP/1.1" 200 3933
200.112.233.47 - - [12/Apr/2018:12:06:16 -0300] "GET /cormun/servlet/permisogoce?INS,0,,, HTTP/1.1" 200 7082
186.79.77.130 - - [12/Apr/2018:12:06:16 -0300] "GET /cormun/servlet/hhome HTTP/1.1" 200 3931
200.112.233.47 - - [12/Apr/2018:12:06:17 -0300] "GET /cormun/servlet/permisogoce?INS,0,,, HTTP/1.1" 200 7081
186.79.77.130 - - [12/Apr/2018:12:06:20 -0300] "GET /cormun/servlet/trlicencias? HTTP/1.1" 200 11378
186.79.77.130 - - [12/Apr/2018:12:06:21 -0300] "GET /cormun/servlet/trlicencias? HTTP/1.1" 200 11376
186.79.77.130 - - [12/Apr/2018:12:06:26 -0300] "POST /cormun/servlet/trlicencias?c39aea023917391f04157df35a784489,,gx-no-cache=1523545533617 HTTP/1.1" 200 8724
186.79.77.130 - - [12/Apr/2018:12:06:27 -0300] "GET /cormun/static/Shared/jqueryui/images/ui-bg_highlight-soft_100_c6c2c8_1x100.png HTTP/1.1" 404 1117
186.79.77.130 - - [12/Apr/2018:12:06:27 -0300] "GET /cormun/static/Shared/jqueryui/images/ui-icons_82798d_256x240.png HTTP/1.1" 404 1089
186.79.77.130 - - [12/Apr/2018:12:06:27 -0300] "GET /cormun/static/Shared/jqueryui/images/ui-bg_flat_55_fafafa_40x100.png HTTP/1.1" 404 1097
186.79.77.130 - - [12/Apr/2018:12:06:27 -0300] "GET /cormun/static/Shared/jqueryui/images/ui-icons_8d78a5_256x240.png HTTP/1.1" 404 1089
200.72.197.82 - - [12/Apr/2018:12:06:33 -0300] "POST /cormun/servlet/solicitudot?gx-no-cache=1523545536200 HTTP/1.1" 200 41
200.112.233.47 - - [12/Apr/2018:12:06:36 -0300] "GET /cormun/servlet/permisogoce?46319b0bdbaf606bf23ee109ede76add9e2ac0ce02af6ee75f2411b9dc2af0f365823f8890a42a096dfbfd5538fd49df6971741442175ab7df16ef000cebfa24,gx-no-cache=1523545542953 HTTP/1.1" 200 79
186.79.77.130 - - [12/Apr/2018:12:06:40 -0300] "GET /cormun/servlet/licenciaspermisos?DSP,9934562,L,20180412000000, HTTP/1.1" 200 7068
186.79.77.130 - - [12/Apr/2018:12:06:40 -0300] "GET /cormun/servlet/licenciaspermisos?DSP,9934562,L,20180412000000, HTTP/1.1" 200 7068
200.112.233.47 - - [12/Apr/2018:12:06:45 -0300] "GET /cormun/servlet/permisogoce?46319b0bdbaf606bf23ee109ede76add57fb830ad76dc3e721eef4dfaa60f4661ff60ddea49aeadbdd30395a8599e70504ef94ea79a6a5bad790d1389d31f8c8,gx-no-cache=1523545552007 HTTP/1.1" 200 47
186.79.77.130 - - [12/Apr/2018:12:06:48 -0300] "GET /cormun/servlet/trlicencias? HTTP/1.1" 200 11262
186.79.77.130 - - [12/Apr/2018:12:06:48 -0300] "GET /cormun/servlet/trlicencias? HTTP/1.1" 200 11256
200.112.233.47 - - [12/Apr/2018:12:06:52 -0300] "POST /cormun/servlet/permisogoce?1156b27886696cb60d580bb270369333,INS,0,,,,gx-no-cache=1523545558728 HTTP/1.1" 200 93
186.79.77.130 - - [12/Apr/2018:12:06:52 -0300] "GET /cormun/servlet/trlicenciaspermisoslog?9934562,L,20180412000000, HTTP/1.1" 200 6460
200.112.233.47 - - [12/Apr/2018:12:06:52 -0300] "GET /cormun/servlet/hpexe_return? HTTP/1.1" 200 1010
186.79.77.130 - - [12/Apr/2018:12:06:53 -0300] "GET /cormun/static/gxcfg.js?20176271755511 HTTP/1.1" 200 953
200.112.233.47 - - [12/Apr/2018:12:06:53 -0300] "GET /cormun/servlet/trpermisosgoce HTTP/1.1" 200 9494
186.79.77.130 - - [12/Apr/2018:12:06:53 -0300] "GET /cormun/servlet/trlicenciaspermisoslog?9934562,L,20180412000000, HTTP/1.1" 200 6460
200.112.233.47 - - [12/Apr/2018:12:06:53 -0300] "GET /cormun/servlet/trpermisosgoce HTTP/1.1" 200 9490
200.112.233.47 - - [12/Apr/2018:12:06:58 -0300] "GET /cormun/servlet/trpermisosadjuntos?14347235,20180412120321,P, HTTP/1.1" 200 6532
200.112.233.47 - - [12/Apr/2018:12:06:59 -0300] "GET /cormun/servlet/trpermisosadjuntos?14347235,20180412120321,P, HTTP/1.1" 200 6532
200.112.233.47 - - [12/Apr/2018:12:07:03 -0300] "GET /cormun/servlet/permisosadjuntos?INS,14347235,P,20180412120321,, HTTP/1.1" 200 5862
200.112.233.47 - - [12/Apr/2018:12:07:03 -0300] "GET /cormun/static/about:blank HTTP/1.1" 404 1011
200.112.233.47 - - [12/Apr/2018:12:07:04 -0300] "GET /cormun/servlet/permisosadjuntos?INS,14347235,P,20180412120321,, HTTP/1.1" 200 5852
186.103.157.42 - - [12/Apr/2018:12:07:05 -0300] "GET /cormun/servlet/trlicencias? HTTP/1.1" 200 6099
186.103.157.42 - - [12/Apr/2018:12:07:06 -0300] "GET /cormun/servlet/hlogin HTTP/1.1" 200 1740
186.103.157.42 - - [12/Apr/2018:12:07:06 -0300] "GET /cormun/servlet/trlicencias? HTTP/1.1" 200 6109
186.103.157.42 - - [12/Apr/2018:12:07:08 -0300] "POST /cormun/servlet/hlogin?9db77ea5adbaaa172810389bb340ea17,gx-no-cache=1523545575482 HTTP/1.1" 200 90
186.103.157.42 - - [12/Apr/2018:12:07:08 -0300] "GET /cormun/servlet/hpexe_link HTTP/1.1" 200 958
186.103.157.42 - - [12/Apr/2018:12:07:08 -0300] "GET /cormun/servlet/trlicencias HTTP/1.1" 200 10169
186.103.157.42 - - [12/Apr/2018:12:07:09 -0300] "GET /cormun/servlet/trlicencias HTTP/1.1" 200 10178
186.103.161.206 - - [12/Apr/2018:12:07:11 -0300] "GET /cormun/servlet/solicitudot?a812f4a136e578ded4cbf2ea0e6118823fb7849239c457d196f217d46b76039ea4ef712855148263a2914b447d552c0b8112f9c7e1065bc5acb0e224729143cebd0fddf035d498b857e520e975ac7a512fb10066d13588c3e316835fa7cee28380f165f49434fe74893a01aa07307a52,gx-no-cache=1523545574191 HTTP/1.1" 200 29
186.103.161.206 - - [12/Apr/2018:12:07:11 -0300] "POST /cormun/servlet/solicitudot?gx-no-cache=1523545574369 HTTP/1.1" 200 1351
186.103.161.206 - - [12/Apr/2018:12:07:11 -0300] "POST /cormun/servlet/solicitudot?gx-no-cache=1523545574736 HTTP/1.1" 200 1249
186.103.161.206 - - [12/Apr/2018:12:07:11 -0300] "GET /cormun/static/menuarrow.gif HTTP/1.1" 404 1015
200.112.233.47 - - [12/Apr/2018:12:07:12 -0300] "POST /cormun/servlet/permisosadjuntos?1156b27886696cb60d580bb270369333,INS,14347235,P,20180412120321,, HTTP/1.1" 200 116
200.112.233.47 - - [12/Apr/2018:12:07:12 -0300] "GET /cormun/servlet/hpexe_return? HTTP/1.1" 200 1038
200.112.233.47 - - [12/Apr/2018:12:07:12 -0300] "GET /cormun/servlet/trpermisosadjuntos?14347235,20180412120321,P, HTTP/1.1" 200 7042
200.112.233.47 - - [12/Apr/2018:12:07:13 -0300] "GET /cormun/servlet/trpermisosadjuntos?14347235,20180412120321,P, HTTP/1.1" 200 7038
186.103.161.206 - - [12/Apr/2018:12:07:13 -0300] "POST /cormun/servlet/solicitudot?gx-no-cache=1523545576303 HTTP/1.1" 200 1351
186.103.161.206 - - [12/Apr/2018:12:07:14 -0300] "POST /cormun/servlet/solicitudot?gx-no-cache=1523545577310 HTTP/1.1" 200 1249
200.112.233.47 - - [12/Apr/2018:12:07:15 -0300] "GET /cormun/PublicTempStorage/permiso_adm_de_salgado_herrera8288411.pdf HTTP/1.1" 200 82444
200.112.233.47 - - [12/Apr/2018:12:07:18 -0300] "GET /cormun/servlet/trpermisosadjuntos?14347235,20180412120321,P, HTTP/1.1" 200 7041
200.112.233.47 - - [12/Apr/2018:12:07:19 -0300] "GET /cormun/servlet/trpermisosadjuntos?14347235,20180412120321,P, HTTP/1.1" 200 7037
200.112.233.47 - - [12/Apr/2018:12:07:30 -0300] "POST /cormun/servlet/trpermisosadjuntos?1156b27886696cb60d580bb270369333,14347235,20180412120321,P,,gx-no-cache=1523545595918 HTTP/1.1" 200 90
200.112.233.47 - - [12/Apr/2018:12:07:30 -0300] "GET /cormun/servlet/hpexe_link HTTP/1.1" 200 982
200.112.233.47 - - [12/Apr/2018:12:07:30 -0300] "GET /cormun/servlet/trpermisosgoce HTTP/1.1" 200 9495
200.112.233.47 - - [12/Apr/2018:12:07:30 -0300] "GET /cormun/servlet/trpermisosgoce HTTP/1.1" 200 9494
200.112.233.47 - - [12/Apr/2018:12:07:37 -0300] "POST /cormun/servlet/trpermisosgoce?1156b27886696cb60d580bb270369333,gx-no-cache=1523545603056 HTTP/1.1" 200 6642
200.112.233.47 - - [12/Apr/2018:12:07:37 -0300] "GET /cormun/static/Shared/jqueryui/images/ui-bg_highlight-soft_100_c6c2c8_1x100.png HTTP/1.1" 404 1117
200.112.233.47 - - [12/Apr/2018:12:07:37 -0300] "GET /cormun/static/Shared/jqueryui/images/ui-icons_82798d_256x240.png HTTP/1.1" 404 1089
200.112.233.47 - - [12/Apr/2018:12:07:37 -0300] "GET /cormun/static/Shared/jqueryui/images/ui-bg_flat_55_fafafa_40x100.png HTTP/1.1" 404 1097
200.112.233.47 - - [12/Apr/2018:12:07:37 -0300] "GET /cormun/static/Shared/jqueryui/images/ui-icons_8d78a5_256x240.png HTTP/1.1" 404 1089
186.103.132.155 - - [12/Apr/2018:12:08:06 -0300] "GET /cormun/servlet/solicitudot?a812f4a136e578ded4cbf2ea0e6118824fe984c1aefed73a5e40899e7babd1ee0d28068d9331d7d4e4ce8e64564b024e,gx-no-cache=1523545629333 HTTP/1.1" 200 30
186.103.132.155 - - [12/Apr/2018:12:08:06 -0300] "POST /cormun/servlet/solicitudot?gx-no-cache=1523545629430 HTTP/1.1" 200 34
200.112.233.47 - - [12/Apr/2018:12:08:14 -0300] "GET /cormun/servlet/permisogoce?INS,0,,, HTTP/1.1" 200 7081
200.112.233.47 - - [12/Apr/2018:12:08:15 -0300] "GET /cormun/servlet/permisogoce?INS,0,,, HTTP/1.1" 200 7081
200.112.233.47 - - [12/Apr/2018:12:08:21 -0300] "GET /cormun/servlet/prfichaempleado?,MD,,gxPopupLevel%3D0%3B HTTP/1.1" 200 9383
200.112.233.47 - - [12/Apr/2018:12:08:30 -0300] "POST /cormun/servlet/prfichaempleado?1156b27886696cb60d580bb270369333,,MD,,gxPopupLevel%3D0%3B,gx-no-cache=1523545656967 HTTP/1.1" 200 3432
200.112.233.47 - - [12/Apr/2018:12:08:35 -0300] "GET /cormun/servlet/permisogoce?46319b0bdbaf606bf23ee109ede76add53b32783e4c689ee99db4752df5e20a265823f8890a42a096dfbfd5538fd49df6971741442175ab7df16ef000cebfa24,gx-no-cache=1523545661817 HTTP/1.1" 200 80
200.72.197.82 - - [12/Apr/2018:12:08:36 -0300] "POST /cormun/servlet/solicitudot?e5fa262ce5659bb37f86532d01d6e72c,INS,0,0,,gx-no-cache=1523545658315 HTTP/1.1" 200 93
200.72.197.82 - - [12/Apr/2018:12:08:36 -0300] "GET /cormun/servlet/hpexe_return? HTTP/1.1" 200 1007
200.72.197.82 - - [12/Apr/2018:12:08:36 -0300] "GET /cormun/servlet/trsolicitudot HTTP/1.1" 200 8803
200.72.197.82 - - [12/Apr/2018:12:08:38 -0300] "GET /cormun/servlet/trsolicitudot HTTP/1.1" 200 8799
200.112.233.47 - - [12/Apr/2018:12:08:44 -0300] "GET /cormun/servlet/permisogoce?46319b0bdbaf606bf23ee109ede76add5b4ca940d0bb365647447ef7660245a56ad8710773825d731180794062cd17dc04ef94ea79a6a5bad790d1389d31f8c8,gx-no-cache=1523545670855 HTTP/1.1" 200 47
200.72.197.82 - - [12/Apr/2018:12:08:54 -0300] "POST /cormun/servlet/trsolicitudot?e5fa262ce5659bb37f86532d01d6e72c,gx-no-cache=1523545677355 HTTP/1.1" 200 106
200.72.197.82 - - [12/Apr/2018:12:08:54 -0300] "GET /cormun/servlet/solicitudot?UPD,2018,11095, HTTP/1.1" 200 15425
200.72.197.82 - - [12/Apr/2018:12:08:56 -0300] "GET /cormun/servlet/solicitudot?UPD,2018,11095, HTTP/1.1" 200 15434
200.72.197.82 - - [12/Apr/2018:12:08:57 -0300] "POST /cormun/servlet/solicitudot?gx-no-cache=1523545679889 HTTP/1.1" 200 3346
200.72.197.82 - - [12/Apr/2018:12:08:57 -0300] "POST /cormun/servlet/solicitudot?e5fa262ce5659bb37f86532d01d6e72c,UPD,2018,11095,,gx-no-cache=1523545680195 HTTP/1.1" 200 11684
200.72.197.82 - - [12/Apr/2018:12:08:57 -0300] "GET /cormun/servlet/solicitudot?a812f4a136e578ded4cbf2ea0e6118828272ece1f9889bd33b5656132deba6f92fcc56735d7cf039407ceab351c9f386,gx-no-cache=1523545680659 HTTP/1.1" 200 30
200.72.197.82 - - [12/Apr/2018:12:08:57 -0300] "GET /cormun/servlet/solicitudot?a812f4a136e578ded4cbf2ea0e61188212e97e83849bb35a0653823784cc00c37b6e7904f06b2cb1d20e103c0c10ae25,gx-no-cache=1523545680744 HTTP/1.1" 200 30
200.72.197.82 - - [12/Apr/2018:12:08:57 -0300] "GET /cormun/servlet/solicitudot?a812f4a136e578ded4cbf2ea0e611882b4b4e300aa71b43c7b5a45a7fb5247d2,gx-no-cache=1523545680867 HTTP/1.1" 200 29
200.72.197.82 - - [12/Apr/2018:12:08:58 -0300] "POST /cormun/servlet/solicitudot?gx-no-cache=1523545680982 HTTP/1.1" 200 295
200.72.197.82 - - [12/Apr/2018:12:08:58 -0300] "GET /cormun/servlet/solicitudot?a812f4a136e578ded4cbf2ea0e6118823209b6ca8f3c6233459aed27e80b52ff9434cd507b66e5b7a86743d1063278d512fd86fd190e88db55cf75bafa5444b40982b9e68c0a762868dbf08418e37d48625280996764c69749c1826a70f2b7a247127106920a8b968b666df75128a32e7e9488d7d46f007e6713d37104c07fb25a12b58827153ac631c37295b843ac70feaf56cfe76e5ee9c84295709d8474380fa8a5666e54f6acecab937b60bba3b7e0ddecad2f48383daef0b1b7c4d961af86d3ec2f7fc98b0d71e25ac1f3481937ecc843761f95f5bcc4f7abb96b131da925f7a098a8d1d24304daedd0263bb8c92425ba73f0ffa95d945640dc2f8d5108d85c29e1c85d309a7f333188cf85350c8a4a3dc782c269a8cc00bd7cc1964c786f15bea491d6ae7b43bfe567d0d7b0274ab17b78c64265c26abacbf6abc84222b263114f959e36f5e0d7cf01170a23eaad78755bbb79e51ae332bbc52e7006320183031e1a36852c4eec593880223a46e17aa0c6b6655a6158e7c4c04545fbafe8f09e3a0d9e2fca9ec2580d9365fbe9,gx-no-cache=1523545681180 HTTP/1.1" 200 30
200.72.197.82 - - [12/Apr/2018:12:08:58 -0300] "POST /cormun/servlet/solicitudot?gx-no-cache=1523545681249 HTTP/1.1" 200 30
200.72.197.82 - - [12/Apr/2018:12:08:59 -0300] "POST /cormun/servlet/solicitudot?gx-no-cache=1523545681366 HTTP/1.1" 200 1369
200.72.197.82 - - [12/Apr/2018:12:08:59 -0300] "POST /cormun/servlet/solicitudot?gx-no-cache=1523545682099 HTTP/1.1" 200 41
200.112.233.47 - - [12/Apr/2018:12:09:01 -0300] "POST /cormun/servlet/permisogoce?1156b27886696cb60d580bb270369333,INS,0,,,,gx-no-cache=1523545686925 HTTP/1.1" 200 93
200.112.233.47 - - [12/Apr/2018:12:09:01 -0300] "GET /cormun/servlet/hpexe_return? HTTP/1.1" 200 1031
200.112.233.47 - - [12/Apr/2018:12:09:01 -0300] "GET /cormun/servlet/trpermisosgoce?gx-no-cache=1523545603056 HTTP/1.1" 200 9697
200.112.233.47 - - [12/Apr/2018:12:09:01 -0300] "GET /cormun/servlet/trpermisosgoce?gx-no-cache=1523545603056 HTTP/1.1" 200 9715
200.72.197.82 - - [12/Apr/2018:12:09:12 -0300] "GET /cormun/servlet/solicitudot?a812f4a136e578ded4cbf2ea0e6118829d01b5a62d45afb7eac38d72a573d0630ca04443d2ecc43a54a0ae9415c5f74dc61f3898e73a1c6655942030d5beed5f66d7ca80426fc795e9d955c161738f74d6c944dbaae0d96889ad8017254e198531fdb9c97c6d7c85e54bdb57b912d99f,gx-no-cache=1523545695764 HTTP/1.1" 200 29
200.72.197.82 - - [12/Apr/2018:12:09:13 -0300] "POST /cormun/servlet/solicitudot?gx-no-cache=1523545695909 HTTP/1.1" 200 1351
200.72.197.82 - - [12/Apr/2018:12:09:13 -0300] "POST /cormun/servlet/solicitudot?gx-no-cache=1523545696125 HTTP/1.1" 200 1249
200.72.197.82 - - [12/Apr/2018:12:09:13 -0300] "GET /cormun/servlet/solicitudot?a812f4a136e578ded4cbf2ea0e6118824fe984c1aefed73a5e40899e7babd1ee0d28068d9331d7d4e4ce8e64564b024e,gx-no-cache=1523545696304 HTTP/1.1" 200 30
200.72.197.82 - - [12/Apr/2018:12:09:13 -0300] "POST /cormun/servlet/solicitudot?gx-no-cache=1523545696390 HTTP/1.1" 200 34
200.72.197.82 - - [12/Apr/2018:12:09:13 -0300] "POST /cormun/servlet/solicitudot?e5fa262ce5659bb37f86532d01d6e72c,UPD,2018,11095,,gx-no-cache=1523545696556 HTTP/1.1" 200 93
200.72.197.82 - - [12/Apr/2018:12:09:13 -0300] "GET /cormun/servlet/hpexe_return? HTTP/1.1" 200 1014
200.72.197.82 - - [12/Apr/2018:12:09:14 -0300] "GET /cormun/servlet/trsolicitudot HTTP/1.1" 200 8807
200.72.197.82 - - [12/Apr/2018:12:09:15 -0300] "GET /cormun/servlet/trsolicitudot HTTP/1.1" 200 8803
200.72.197.82 - - [12/Apr/2018:12:09:31 -0300] "POST /cormun/servlet/trsolicitudot?e5fa262ce5659bb37f86532d01d6e72c,gx-no-cache=1523545714212 HTTP/1.1" 200 107
200.72.197.82 - - [12/Apr/2018:12:09:31 -0300] "GET /cormun/servlet/trsolicitudadjuntos?2018,11095, HTTP/1.1" 200 6296
200.72.197.82 - - [12/Apr/2018:12:09:31 -0300] "GET /cormun/static/gxcfg.js?20177612135366 HTTP/1.1" 200 953
200.72.197.82 - - [12/Apr/2018:12:09:31 -0300] "GET /cormun/static/trsolicitudadjuntos.js?20177612135632 HTTP/1.1" 304 -
200.72.197.82 - - [12/Apr/2018:12:09:33 -0300] "GET /cormun/servlet/trsolicitudadjuntos?2018,11095, HTTP/1.1" 200 6296
200.72.197.82 - - [12/Apr/2018:12:09:35 -0300] "GET /cormun/servlet/solicitudotadjuntos?INS,2018,11095,,1, HTTP/1.1" 200 6243
200.72.197.82 - - [12/Apr/2018:12:09:35 -0300] "GET /cormun/static/gxcfg.js?2017761244068 HTTP/1.1" 304 -
186.103.161.206 - - [12/Apr/2018:12:09:35 -0300] "GET /cormun/static/solicitudotadjuntos.js?2017761244086 HTTP/1.1" 304 -
186.103.161.206 - - [12/Apr/2018:12:09:35 -0300] "GET /cormun/static/about:blank HTTP/1.1" 404 1011
186.103.161.206 - - [12/Apr/2018:12:09:36 -0300] "GET /cormun/servlet/solicitudotadjuntos?INS,2018,11095,,1, HTTP/1.1" 200 6236
186.103.161.206 - - [12/Apr/2018:12:09:37 -0300] "GET /cormun/servlet/solicitudotadjuntos?a812f4a136e578ded4cbf2ea0e61188278419fe97bb16c08efe54c5137ff7b03f6fa4bb9274c52e1c22a2afa52ea34de,gx-no-cache=1523545720167 HTTP/1.1" 200 30
186.103.161.206 - - [12/Apr/2018:12:09:37 -0300] "POST /cormun/servlet/solicitudotadjuntos?e5fa262ce5659bb37f86532d01d6e72c,INS,2018,11095,,1,,gx-no-cache=1523545720298 HTTP/1.1" 200 3991
186.103.161.206 - - [12/Apr/2018:12:09:43 -0300] "POST /cormun/servlet/solicitudotadjuntos?gx-no-cache=1523545726374 HTTP/1.1" 200 26
200.112.233.47 - - [12/Apr/2018:12:09:57 -0300] "GET /cormun/servlet/trpermisosadjuntos?16497984,20180412120519,P, HTTP/1.1" 200 6550
200.112.233.47 - - [12/Apr/2018:12:09:58 -0300] "GET /cormun/servlet/trpermisosadjuntos?16497984,20180412120519,P, HTTP/1.1" 200 6531
200.112.233.47 - - [12/Apr/2018:12:10:00 -0300] "GET /cormun/servlet/permisosadjuntos?INS,16497984,P,20180412120519,, HTTP/1.1" 200 5864
200.112.233.47 - - [12/Apr/2018:12:10:02 -0300] "GET /cormun/static/about:blank HTTP/1.1" 404 1011
200.112.233.47 - - [12/Apr/2018:12:10:02 -0300] "GET /cormun/servlet/permisosadjuntos?INS,16497984,P,20180412120519,, HTTP/1.1" 200 5853
200.112.233.47 - - [12/Apr/2018:12:10:15 -0300] "POST /cormun/servlet/permisosadjuntos?1156b27886696cb60d580bb270369333,INS,16497984,P,20180412120519,, HTTP/1.1" 200 116
200.112.233.47 - - [12/Apr/2018:12:10:15 -0300] "GET /cormun/servlet/hpexe_return? HTTP/1.1" 200 1037
200.112.233.47 - - [12/Apr/2018:12:10:15 -0300] "GET /cormun/servlet/trpermisosadjuntos?16497984,20180412120519,P, HTTP/1.1" 200 7018
200.112.233.47 - - [12/Apr/2018:12:10:15 -0300] "GET /cormun/servlet/trpermisosadjuntos?16497984,20180412120519,P, HTTP/1.1" 200 7014
186.103.132.155 - - [12/Apr/2018:12:10:17 -0300] "GET /cormun/servlet/solicitudotadjuntos?a812f4a136e578ded4cbf2ea0e611882e6d79e6e4f093ef92482abf0d485ba30,gx-no-cache=1523545759901 HTTP/1.1" 200 30
200.112.233.47 - - [12/Apr/2018:12:10:17 -0300] "GET /cormun/PublicTempStorage/ramirez_zapata3957190.pdf HTTP/1.1" 200 80300
186.103.132.155 - - [12/Apr/2018:12:10:18 -0300] "GET /cormun/servlet/solicitudotadjuntos?a812f4a136e578ded4cbf2ea0e611882e6d79e6e4f093ef92482abf0d485ba30,gx-no-cache=1523545760966 HTTP/1.1" 200 30
186.103.132.155 - - [12/Apr/2018:12:10:20 -0300] "POST /cormun/servlet/solicitudotadjuntos?e5fa262ce5659bb37f86532d01d6e72c,INS,2018,11095,,1, HTTP/1.1" 200 116
186.103.132.155 - - [12/Apr/2018:12:10:20 -0300] "GET /cormun/servlet/hpexe_return? HTTP/1.1" 200 1027
200.112.233.47 - - [12/Apr/2018:12:10:20 -0300] "GET /cormun/servlet/trpermisosadjuntos?16497984,20180412120519,P, HTTP/1.1" 200 7018
186.103.132.155 - - [12/Apr/2018:12:10:21 -0300] "GET /cormun/servlet/trsolicitudadjuntos?2018,11095, HTTP/1.1" 200 8781
200.112.233.47 - - [12/Apr/2018:12:10:21 -0300] "GET /cormun/servlet/trpermisosadjuntos?16497984,20180412120519,P, HTTP/1.1" 200 7014
186.103.132.155 - - [12/Apr/2018:12:10:22 -0300] "GET /cormun/servlet/trsolicitudadjuntos?2018,11095, HTTP/1.1" 200 8775
200.112.233.47 - - [12/Apr/2018:12:10:25 -0300] "POST /cormun/servlet/trpermisosadjuntos?1156b27886696cb60d580bb270369333,16497984,20180412120519,P,,gx-no-cache=1523545771214 HTTP/1.1" 200 90
200.112.233.47 - - [12/Apr/2018:12:10:25 -0300] "GET /cormun/servlet/hpexe_link HTTP/1.1" 200 1004
200.112.233.47 - - [12/Apr/2018:12:10:25 -0300] "GET /cormun/servlet/trpermisosgoce?gx-no-cache=1523545603056 HTTP/1.1" 200 9691
186.67.203.186 - - [12/Apr/2018:12:10:25 -0300] "GET /cormun/servlet/solicitudotadjuntos?INS,2018,11095,,1, HTTP/1.1" 200 6243
200.112.233.47 - - [12/Apr/2018:12:10:25 -0300] "GET /cormun/servlet/trpermisosgoce?gx-no-cache=1523545603056 HTTP/1.1" 200 9715
186.67.203.186 - - [12/Apr/2018:12:10:25 -0300] "GET /cormun/static/about:blank HTTP/1.1" 404 1011
186.67.203.186 - - [12/Apr/2018:12:10:26 -0300] "GET /cormun/servlet/solicitudotadjuntos?INS,2018,11095,,1, HTTP/1.1" 200 6236
186.67.203.186 - - [12/Apr/2018:12:10:27 -0300] "GET /cormun/servlet/solicitudotadjuntos?a812f4a136e578ded4cbf2ea0e61188278419fe97bb16c08efe54c5137ff7b03f6fa4bb9274c52e1c22a2afa52ea34de,gx-no-cache=1523545770265 HTTP/1.1" 200 30
186.67.203.186 - - [12/Apr/2018:12:10:27 -0300] "POST /cormun/servlet/solicitudotadjuntos?e5fa262ce5659bb37f86532d01d6e72c,INS,2018,11095,,1,,gx-no-cache=1523545770392 HTTP/1.1" 200 3993
186.67.203.186 - - [12/Apr/2018:12:10:32 -0300] "POST /cormun/servlet/solicitudotadjuntos?gx-no-cache=1523545775535 HTTP/1.1" 200 26
200.112.233.47 - - [12/Apr/2018:12:10:38 -0300] "GET /cormun/servlet/permisogoce?DSP,16497984,P,20180412120519, HTTP/1.1" 200 6937
186.67.203.186 - - [12/Apr/2018:12:10:38 -0300] "GET /cormun/servlet/solicitudotadjuntos?a812f4a136e578ded4cbf2ea0e611882e6d79e6e4f093ef92482abf0d485ba30,gx-no-cache=1523545781505 HTTP/1.1" 200 30
186.67.203.186 - - [12/Apr/2018:12:10:38 -0300] "GET /cormun/servlet/solicitudotadjuntos?a812f4a136e578ded4cbf2ea0e611882e6d79e6e4f093ef92482abf0d485ba30,gx-no-cache=1523545781555 HTTP/1.1" 200 30
200.112.233.47 - - [12/Apr/2018:12:10:38 -0300] "GET /cormun/servlet/permisogoce?DSP,16497984,P,20180412120519, HTTP/1.1" 200 6916
186.67.203.186 - - [12/Apr/2018:12:10:40 -0300] "POST /cormun/servlet/solicitudotadjuntos?e5fa262ce5659bb37f86532d01d6e72c,INS,2018,11095,,1, HTTP/1.1" 200 116
186.67.203.186 - - [12/Apr/2018:12:10:40 -0300] "GET /cormun/servlet/hpexe_return? HTTP/1.1" 200 1027
186.67.203.186 - - [12/Apr/2018:12:10:41 -0300] "GET /cormun/servlet/trsolicitudadjuntos?2018,11095, HTTP/1.1" 200 8999
186.67.203.186 - - [12/Apr/2018:12:10:42 -0300] "GET /cormun/servlet/trsolicitudadjuntos?2018,11095, HTTP/1.1" 200 8997
186.67.203.186 - - [12/Apr/2018:12:10:46 -0300] "GET /cormun/servlet/solicitudotadjuntos?INS,2018,11095,,1, HTTP/1.1" 200 6243
186.67.203.186 - - [12/Apr/2018:12:10:46 -0300] "GET /cormun/static/about:blank HTTP/1.1" 404 1011
186.67.203.186 - - [12/Apr/2018:12:10:47 -0300] "GET /cormun/servlet/solicitudotadjuntos?INS,2018,11095,,1, HTTP/1.1" 200 6236
186.67.203.186 - - [12/Apr/2018:12:10:48 -0300] "GET /cormun/servlet/solicitudotadjuntos?a812f4a136e578ded4cbf2ea0e61188278419fe97bb16c08efe54c5137ff7b03f6fa4bb9274c52e1c22a2afa52ea34de,gx-no-cache=1523545791279 HTTP/1.1" 200 30
186.67.203.186 - - [12/Apr/2018:12:10:48 -0300] "POST /cormun/servlet/solicitudotadjuntos?e5fa262ce5659bb37f86532d01d6e72c,INS,2018,11095,,1,,gx-no-cache=1523545791417 HTTP/1.1" 200 3993
186.67.203.186 - - [12/Apr/2018:12:10:52 -0300] "POST /cormun/servlet/solicitudotadjuntos?gx-no-cache=1523545795646 HTTP/1.1" 200 26
200.112.233.47 - - [12/Apr/2018:12:10:55 -0300] "POST /cormun/servlet/permisogoce?1156b27886696cb60d580bb270369333,DSP,16497984,P,20180412120519,,gx-no-cache=1523545802019 HTTP/1.1" 200 90
200.112.233.47 - - [12/Apr/2018:12:10:56 -0300] "GET /cormun/servlet/hpexe_link HTTP/1.1" 200 1003
200.112.233.47 - - [12/Apr/2018:12:10:56 -0300] "GET /cormun/servlet/trpermisosgoce?gx-no-cache=1523545603056 HTTP/1.1" 200 9694
200.112.233.47 - - [12/Apr/2018:12:10:56 -0300] "GET /cormun/servlet/trpermisosgoce?gx-no-cache=1523545603056 HTTP/1.1" 200 9715
186.67.203.186 - - [12/Apr/2018:12:10:58 -0300] "GET /cormun/servlet/solicitudotadjuntos?a812f4a136e578ded4cbf2ea0e611882e6d79e6e4f093ef92482abf0d485ba30,gx-no-cache=1523545801372 HTTP/1.1" 200 30
186.67.203.186 - - [12/Apr/2018:12:10:58 -0300] "GET /cormun/servlet/solicitudotadjuntos?a812f4a136e578ded4cbf2ea0e611882e6d79e6e4f093ef92482abf0d485ba30,gx-no-cache=1523545801465 HTTP/1.1" 200 30
186.67.203.186 - - [12/Apr/2018:12:11:00 -0300] "POST /cormun/servlet/solicitudotadjuntos?e5fa262ce5659bb37f86532d01d6e72c,INS,2018,11095,,1, HTTP/1.1" 200 116
186.67.203.186 - - [12/Apr/2018:12:11:00 -0300] "GET /cormun/servlet/hpexe_return? HTTP/1.1" 200 1027
186.67.203.186 - - [12/Apr/2018:12:11:01 -0300] "GET /cormun/servlet/trsolicitudadjuntos?2018,11095, HTTP/1.1" 200 9177
186.67.203.186 - - [12/Apr/2018:12:11:02 -0300] "GET /cormun/servlet/trsolicitudadjuntos?2018,11095, HTTP/1.1" 200 9174
200.112.233.47 - - [12/Apr/2018:12:11:03 -0300] "POST /cormun/servlet/trpermisosgoce?1156b27886696cb60d580bb270369333,gx-no-cache=1523545603056,gx-no-cache=1523545809099 HTTP/1.1" 200 6843
200.112.233.47 - - [12/Apr/2018:12:11:03 -0300] "GET /cormun/static/Shared/jqueryui/images/ui-bg_highlight-soft_100_c6c2c8_1x100.png HTTP/1.1" 404 1117
200.112.233.47 - - [12/Apr/2018:12:11:03 -0300] "GET /cormun/static/Shared/jqueryui/images/ui-icons_82798d_256x240.png HTTP/1.1" 404 1089
200.112.233.47 - - [12/Apr/2018:12:11:03 -0300] "GET /cormun/static/Shared/jqueryui/images/ui-bg_flat_55_fafafa_40x100.png HTTP/1.1" 404 1097
200.112.233.47 - - [12/Apr/2018:12:11:03 -0300] "GET /cormun/static/Shared/jqueryui/images/ui-icons_8d78a5_256x240.png HTTP/1.1" 404 1089
186.67.203.186 - - [12/Apr/2018:12:11:05 -0300] "GET /cormun/servlet/solicitudotadjuntos?INS,2018,11095,,1, HTTP/1.1" 200 6243
186.67.203.186 - - [12/Apr/2018:12:11:05 -0300] "GET /cormun/static/about:blank HTTP/1.1" 404 1011
186.67.203.186 - - [12/Apr/2018:12:11:06 -0300] "GET /cormun/servlet/solicitudotadjuntos?INS,2018,11095,,1, HTTP/1.1" 200 6236
186.67.203.186 - - [12/Apr/2018:12:11:06 -0300] "GET /cormun/servlet/solicitudotadjuntos?a812f4a136e578ded4cbf2ea0e61188278419fe97bb16c08efe54c5137ff7b03f6fa4bb9274c52e1c22a2afa52ea34de,gx-no-cache=1523545809853 HTTP/1.1" 200 30
186.67.203.186 - - [12/Apr/2018:12:11:07 -0300] "POST /cormun/servlet/solicitudotadjuntos?e5fa262ce5659bb37f86532d01d6e72c,INS,2018,11095,,1,,gx-no-cache=1523545810011 HTTP/1.1" 200 3990
186.67.203.186 - - [12/Apr/2018:12:11:11 -0300] "POST /cormun/servlet/solicitudotadjuntos?gx-no-cache=1523545814409 HTTP/1.1" 200 26
186.67.203.186 - - [12/Apr/2018:12:11:18 -0300] "GET /cormun/servlet/solicitudotadjuntos?a812f4a136e578ded4cbf2ea0e611882e6d79e6e4f093ef92482abf0d485ba30,gx-no-cache=1523545821007 HTTP/1.1" 200 30
186.67.203.186 - - [12/Apr/2018:12:11:18 -0300] "GET /cormun/servlet/solicitudotadjuntos?a812f4a136e578ded4cbf2ea0e611882e6d79e6e4f093ef92482abf0d485ba30,gx-no-cache=1523545821054 HTTP/1.1" 200 30
186.67.203.186 - - [12/Apr/2018:12:11:19 -0300] "POST /cormun/servlet/solicitudotadjuntos?e5fa262ce5659bb37f86532d01d6e72c,INS,2018,11095,,1, HTTP/1.1" 200 116
186.67.203.186 - - [12/Apr/2018:12:11:19 -0300] "GET /cormun/servlet/hpexe_return? HTTP/1.1" 200 1027
186.67.203.186 - - [12/Apr/2018:12:11:20 -0300] "GET /cormun/servlet/trsolicitudadjuntos?2018,11095, HTTP/1.1" 200 9404
186.67.203.186 - - [12/Apr/2018:12:11:22 -0300] "GET /cormun/servlet/trsolicitudadjuntos?2018,11095, HTTP/1.1" 200 9407
200.112.233.47 - - [12/Apr/2018:12:11:22 -0300] "GET /cormun/servlet/trlicencias? HTTP/1.1" 200 10010
200.112.233.47 - - [12/Apr/2018:12:11:22 -0300] "GET /cormun/static/gxcfg.js?20176272054169 HTTP/1.1" 304 -
200.112.233.47 - - [12/Apr/2018:12:11:22 -0300] "GET /cormun/servlet/trlicencias? HTTP/1.1" 200 9980
186.67.203.186 - - [12/Apr/2018:12:11:25 -0300] "GET /cormun/servlet/solicitudotadjuntos?INS,2018,11095,,1, HTTP/1.1" 200 6243
186.67.203.186 - - [12/Apr/2018:12:11:26 -0300] "GET /cormun/static/about:blank HTTP/1.1" 404 1011
186.67.203.186 - - [12/Apr/2018:12:11:26 -0300] "GET /cormun/servlet/solicitudotadjuntos?INS,2018,11095,,1, HTTP/1.1" 200 6236
186.67.203.186 - - [12/Apr/2018:12:11:27 -0300] "GET /cormun/servlet/solicitudotadjuntos?a812f4a136e578ded4cbf2ea0e61188278419fe97bb16c08efe54c5137ff7b03f6fa4bb9274c52e1c22a2afa52ea34de,gx-no-cache=1523545830407 HTTP/1.1" 200 30
186.67.203.186 - - [12/Apr/2018:12:11:28 -0300] "POST /cormun/servlet/solicitudotadjuntos?e5fa262ce5659bb37f86532d01d6e72c,INS,2018,11095,,1,,gx-no-cache=1523545830527 HTTP/1.1" 200 3990
186.67.203.186 - - [12/Apr/2018:12:11:32 -0300] "POST /cormun/servlet/solicitudotadjuntos?gx-no-cache=1523545835435 HTTP/1.1" 200 26
186.67.203.186 - - [12/Apr/2018:12:11:38 -0300] "GET /cormun/servlet/solicitudotadjuntos?a812f4a136e578ded4cbf2ea0e611882e6d79e6e4f093ef92482abf0d485ba30,gx-no-cache=1523545841628 HTTP/1.1" 200 30
186.67.203.186 - - [12/Apr/2018:12:11:38 -0300] "GET /cormun/servlet/solicitudotadjuntos?a812f4a136e578ded4cbf2ea0e611882e6d79e6e4f093ef92482abf0d485ba30,gx-no-cache=1523545841688 HTTP/1.1" 200 30
186.67.203.186 - - [12/Apr/2018:12:11:40 -0300] "POST /cormun/servlet/solicitudotadjuntos?e5fa262ce5659bb37f86532d01d6e72c,INS,2018,11095,,1, HTTP/1.1" 200 116
186.67.203.186 - - [12/Apr/2018:12:11:41 -0300] "GET /cormun/servlet/hpexe_return? HTTP/1.1" 200 1027
186.67.203.186 - - [12/Apr/2018:12:11:41 -0300] "GET /cormun/servlet/trsolicitudadjuntos?2018,11095, HTTP/1.1" 200 9633
186.67.203.186 - - [12/Apr/2018:12:11:43 -0300] "GET /cormun/servlet/trsolicitudadjuntos?2018,11095, HTTP/1.1" 200 9631
200.112.233.47 - - [12/Apr/2018:12:11:44 -0300] "GET /cormun/servlet/trpermisosgoce? HTTP/1.1" 200 9653
200.112.233.47 - - [12/Apr/2018:12:11:45 -0300] "GET /cormun/servlet/trpermisosgoce? HTTP/1.1" 200 9653
186.67.203.186 - - [12/Apr/2018:12:11:47 -0300] "GET /cormun/servlet/solicitudotadjuntos?INS,2018,11095,,1, HTTP/1.1" 200 6243
186.67.203.186 - - [12/Apr/2018:12:11:48 -0300] "GET /cormun/static/about:blank HTTP/1.1" 404 1011
186.67.203.186 - - [12/Apr/2018:12:11:48 -0300] "GET /cormun/servlet/solicitudotadjuntos?INS,2018,11095,,1, HTTP/1.1" 200 6236
186.67.203.186 - - [12/Apr/2018:12:11:49 -0300] "GET /cormun/servlet/solicitudotadjuntos?a812f4a136e578ded4cbf2ea0e61188278419fe97bb16c08efe54c5137ff7b03f6fa4bb9274c52e1c22a2afa52ea34de,gx-no-cache=1523545852302 HTTP/1.1" 200 30
186.67.203.186 - - [12/Apr/2018:12:11:49 -0300] "POST /cormun/servlet/solicitudotadjuntos?e5fa262ce5659bb37f86532d01d6e72c,INS,2018,11095,,1,,gx-no-cache=1523545852459 HTTP/1.1" 200 3990
200.112.233.47 - - [12/Apr/2018:12:11:53 -0300] "GET /cormun/servlet/permisogoce?INS,0,,, HTTP/1.1" 200 7081
200.112.233.47 - - [12/Apr/2018:12:11:53 -0300] "GET /cormun/servlet/permisogoce?INS,0,,, HTTP/1.1" 200 7081
186.67.203.186 - - [12/Apr/2018:12:11:54 -0300] "POST /cormun/servlet/solicitudotadjuntos?gx-no-cache=1523545857454 HTTP/1.1" 200 26
200.112.233.47 - - [12/Apr/2018:12:12:01 -0300] "GET /cormun/servlet/prfichaempleado?,MD,,gxPopupLevel%3D0%3B HTTP/1.1" 200 9383
186.67.203.186 - - [12/Apr/2018:12:12:02 -0300] "GET /cormun/servlet/solicitudotadjuntos?a812f4a136e578ded4cbf2ea0e611882e6d79e6e4f093ef92482abf0d485ba30,gx-no-cache=1523545865151 HTTP/1.1" 200 30
186.67.203.186 - - [12/Apr/2018:12:12:02 -0300] "GET /cormun/servlet/solicitudotadjuntos?a812f4a136e578ded4cbf2ea0e611882e6d79e6e4f093ef92482abf0d485ba30,gx-no-cache=1523545865197 HTTP/1.1" 200 30
186.67.203.186 - - [12/Apr/2018:12:12:07 -0300] "POST /cormun/servlet/solicitudotadjuntos?e5fa262ce5659bb37f86532d01d6e72c,INS,2018,11095,,1, HTTP/1.1" 200 116
186.67.203.186 - - [12/Apr/2018:12:12:07 -0300] "GET /cormun/servlet/hpexe_return? HTTP/1.1" 200 1027
186.67.203.186 - - [12/Apr/2018:12:12:08 -0300] "GET /cormun/servlet/trsolicitudadjuntos?2018,11095, HTTP/1.1" 200 9893
186.67.203.186 - - [12/Apr/2018:12:12:10 -0300] "GET /cormun/servlet/trsolicitudadjuntos?2018,11095, HTTP/1.1" 200 9888
200.112.233.47 - - [12/Apr/2018:12:12:11 -0300] "POST /cormun/servlet/prfichaempleado?1156b27886696cb60d580bb270369333,,MD,,gxPopupLevel%3D0%3B,gx-no-cache=1523545877680 HTTP/1.1" 200 3199
186.103.157.42 - - [12/Apr/2018:12:12:18 -0300] "GET /cormun/servlet/licenciaspermisos?INS,0,,, HTTP/1.1" 200 7791
186.103.157.42 - - [12/Apr/2018:12:12:18 -0300] "GET /cormun/static/gxcfg.js?201762917281167 HTTP/1.1" 200 953
186.103.157.42 - - [12/Apr/2018:12:12:18 -0300] "GET /cormun/static/licenciaspermisos.js?201762917281260 HTTP/1.1" 200 37491
186.103.157.42 - - [12/Apr/2018:12:12:19 -0300] "GET /cormun/servlet/licenciaspermisos?INS,0,,, HTTP/1.1" 200 7800
190.151.100.218 - - [12/Apr/2018:12:12:21 -0300] "POST /cormun/servlet/trsolicitudadjuntos?e5fa262ce5659bb37f86532d01d6e72c,2018,11095,,gx-no-cache=1523545883710 HTTP/1.1" 200 90
190.151.100.218 - - [12/Apr/2018:12:12:21 -0300] "GET /cormun/servlet/hpexe_link HTTP/1.1" 200 968
190.151.100.218 - - [12/Apr/2018:12:12:21 -0300] "GET /cormun/servlet/trsolicitudot HTTP/1.1" 200 8804
190.151.100.218 - - [12/Apr/2018:12:12:22 -0300] "GET /cormun/servlet/trsolicitudot HTTP/1.1" 200 8803
186.103.157.42 - - [12/Apr/2018:12:12:27 -0300] "GET /cormun/servlet/licenciaspermisos?4cb58deddd636d3d6200006620002f25f97ca88f007949cccf2ab5412198fd22dfe3e6dc692b3b150b114cae59969670,gx-no-cache=1523545894653 HTTP/1.1" 200 98
186.103.157.42 - - [12/Apr/2018:12:12:27 -0300] "POST /cormun/servlet/licenciaspermisos?9db77ea5adbaaa172810389bb340ea17,INS,0,,,,gx-no-cache=1523545894700 HTTP/1.1" 200 4891
200.112.233.47 - - [12/Apr/2018:12:12:31 -0300] "POST /cormun/servlet/prfichaempleado?1156b27886696cb60d580bb270369333,,MD,,gxPopupLevel%3D0%3B,gx-no-cache=1523545897526 HTTP/1.1" 200 3199
200.112.233.47 - - [12/Apr/2018:12:12:32 -0300] "POST /cormun/servlet/prfichaempleado?1156b27886696cb60d580bb270369333,,MD,,gxPopupLevel%3D0%3B,gx-no-cache=1523545898357 HTTP/1.1" 200 3199
200.112.233.47 - - [12/Apr/2018:12:12:32 -0300] "POST /cormun/servlet/prfichaempleado?1156b27886696cb60d580bb270369333,,MD,,gxPopupLevel%3D0%3B,gx-no-cache=1523545898525 HTTP/1.1" 200 3199
200.112.233.47 - - [12/Apr/2018:12:12:32 -0300] "POST /cormun/servlet/prfichaempleado?1156b27886696cb60d580bb270369333,,MD,,gxPopupLevel%3D0%3B,gx-no-cache=1523545898646 HTTP/1.1" 200 3199
186.103.157.42 - - [12/Apr/2018:12:12:41 -0300] "GET /cormun/static/menuarrow.gif HTTP/1.1" 404 1015
190.151.100.218 - - [12/Apr/2018:12:12:42 -0300] "POST /cormun/servlet/trsolicitudot?e5fa262ce5659bb37f86532d01d6e72c,gx-no-cache=1523545905508 HTTP/1.1" 200 4696
190.151.100.218 - - [12/Apr/2018:12:12:42 -0300] "GET /cormun/static/Shared/jqueryui/images/ui-bg_highlight-soft_100_c6c2c8_1x100.png HTTP/1.1" 404 1117
200.112.233.47 - - [12/Apr/2018:12:12:42 -0300] "GET /cormun/servlet/prfichaempleado?,MD,,gxPopupLevel%3D0%3B HTTP/1.1" 200 9383
200.111.122.170 - - [12/Apr/2018:12:12:42 -0300] "GET /cormun/static/Shared/jqueryui/images/ui-bg_flat_55_fafafa_40x100.png HTTP/1.1" 404 1097
186.67.203.186 - - [12/Apr/2018:12:12:42 -0300] "GET /cormun/static/Shared/jqueryui/images/ui-icons_82798d_256x240.png HTTP/1.1" 404 1089
186.103.161.206 - - [12/Apr/2018:12:12:42 -0300] "GET /cormun/static/Shared/jqueryui/images/ui-icons_8d78a5_256x240.png HTTP/1.1" 404 1089
186.103.161.206 - - [12/Apr/2018:12:12:43 -0300] "POST /cormun/servlet/trsolicitudot?e5fa262ce5659bb37f86532d01d6e72c,gx-no-cache=1523545906009 HTTP/1.1" 200 4455
186.103.161.206 - - [12/Apr/2018:12:12:52 -0300] "GET /cormun/servlet/trautorizarsolicitud? HTTP/1.1" 200 8702
186.103.161.206 - - [12/Apr/2018:12:12:52 -0300] "GET /cormun/static/gxcfg.js?2017111423403364 HTTP/1.1" 304 -
186.67.203.186 - - [12/Apr/2018:12:12:52 -0300] "GET /cormun/static/trautorizarsolicitud.js?201711142340425 HTTP/1.1" 304 -
186.67.203.186 - - [12/Apr/2018:12:12:53 -0300] "GET /cormun/servlet/trautorizarsolicitud? HTTP/1.1" 200 8702
200.112.233.47 - - [12/Apr/2018:12:12:57 -0300] "POST /cormun/servlet/prfichaempleado?1156b27886696cb60d580bb270369333,,MD,,gxPopupLevel%3D0%3B,gx-no-cache=1523545923648 HTTP/1.1" 200 6283
200.112.233.47 - - [12/Apr/2018:12:12:57 -0300] "GET /cormun/static/Resources/PXToolsGridNext.gif HTTP/1.1" 200 369
200.112.233.47 - - [12/Apr/2018:12:12:57 -0300] "GET /cormun/static/Resources/PXToolsGridLast.gif HTTP/1.1" 200 370
186.67.203.186 - - [12/Apr/2018:12:13:10 -0300] "POST /cormun/servlet/trautorizarsolicitud?e5fa262ce5659bb37f86532d01d6e72c,,gx-no-cache=1523545932840 HTTP/1.1" 200 7217
186.67.203.186 - - [12/Apr/2018:12:13:10 -0300] "GET /cormun/static/Shared/jqueryui/images/ui-bg_highlight-soft_100_c6c2c8_1x100.png HTTP/1.1" 404 1117
186.103.161.206 - - [12/Apr/2018:12:13:10 -0300] "GET /cormun/static/Shared/jqueryui/images/ui-icons_82798d_256x240.png HTTP/1.1" 404 1089
186.67.203.186 - - [12/Apr/2018:12:13:10 -0300] "GET /cormun/static/Shared/jqueryui/images/ui-icons_8d78a5_256x240.png HTTP/1.1" 404 1089
186.103.161.206 - - [12/Apr/2018:12:13:10 -0300] "GET /cormun/static/Shared/jqueryui/images/ui-bg_flat_55_fafafa_40x100.png HTTP/1.1" 404 1097
186.103.161.206 - - [12/Apr/2018:12:13:10 -0300] "POST /cormun/servlet/trautorizarsolicitud?e5fa262ce5659bb37f86532d01d6e72c,,gx-no-cache=1523545933610 HTTP/1.1" 200 7163
186.103.161.206 - - [12/Apr/2018:12:13:31 -0300] "GET /cormun/servlet/veautorizarsolicitud?2018,11095,, HTTP/1.1" 200 8525
186.103.161.206 - - [12/Apr/2018:12:13:31 -0300] "GET /cormun/static/gxcfg.js?2017111423404691 HTTP/1.1" 304 -
186.103.161.206 - - [12/Apr/2018:12:13:31 -0300] "GET /cormun/pexe_scrolldiv.js HTTP/1.1" 404 1009
186.103.161.206 - - [12/Apr/2018:12:13:31 -0300] "GET /cormun/static/veautorizarsolicitud.js?2017111423404756 HTTP/1.1" 304 -
186.103.161.206 - - [12/Apr/2018:12:13:31 -0300] "GET /cormun/static/hwcviewtabs.js?20177611594913 HTTP/1.1" 304 -
186.103.161.206 - - [12/Apr/2018:12:13:31 -0300] "GET /cormun/static/hpexe_tabsview.js?201610171694228 HTTP/1.1" 304 -
200.72.197.82 - - [12/Apr/2018:12:13:31 -0300] "GET /cormun/static/tbautorizarsolicitud01.js?2017111423392092 HTTP/1.1" 304 -
186.103.161.206 - - [12/Apr/2018:12:13:32 -0300] "GET /cormun/pexe_scrolldiv.js HTTP/1.1" 404 1009
186.103.161.206 - - [12/Apr/2018:12:13:33 -0300] "GET /cormun/servlet/veautorizarsolicitud?2018,11095,, HTTP/1.1" 200 8524
200.112.233.47 - - [12/Apr/2018:12:14:02 -0300] "GET /cormun/servlet/trpermisosgoce? HTTP/1.1" 200 9666
200.112.233.47 - - [12/Apr/2018:12:14:03 -0300] "GET /cormun/servlet/trpermisosgoce? HTTP/1.1" 200 9657
200.112.233.47 - - [12/Apr/2018:12:14:09 -0300] "GET /cormun/servlet/permisogoce?INS,0,,, HTTP/1.1" 200 7081
200.112.233.47 - - [12/Apr/2018:12:14:10 -0300] "GET /cormun/servlet/permisogoce?INS,0,,, HTTP/1.1" 200 7080
186.79.77.130 - - [12/Apr/2018:12:15:00 -0300] "GET /cormun/servlet/hlogin HTTP/1.1" 200 1722
186.79.77.130 - - [12/Apr/2018:12:15:01 -0300] "POST /cormun/servlet/hlogin?dd93ff9341a3faf86a55263111c034e9,gx-no-cache=1523546049343 HTTP/1.1" 200 90
186.79.77.130 - - [12/Apr/2018:12:15:02 -0300] "GET /cormun/servlet/hpexe_link HTTP/1.1" 200 954
186.79.77.130 - - [12/Apr/2018:12:15:02 -0300] "GET /cormun/servlet/hhome HTTP/1.1" 200 3936
186.79.77.130 - - [12/Apr/2018:12:15:03 -0300] "GET /cormun/servlet/hhome HTTP/1.1" 200 3932
186.79.77.130 - - [12/Apr/2018:12:15:10 -0300] "GET /cormun/servlet/trlicencias? HTTP/1.1" 200 11261
186.79.77.130 - - [12/Apr/2018:12:15:11 -0300] "GET /cormun/servlet/trlicencias? HTTP/1.1" 200 11259
186.79.77.130 - - [12/Apr/2018:12:15:16 -0300] "GET /cormun/servlet/alicenciaprn?9934562,L,20180412000000,PU HTTP/1.1" 200 1619
200.112.233.47 - - [12/Apr/2018:12:21:23 -0300] "GET /cormun/servlet/permisogoce?46319b0bdbaf606bf23ee109ede76add3fc3e4f617f7bb13a69ad93413c2197d65823f8890a42a096dfbfd5538fd49df6971741442175ab7df16ef000cebfa24,gx-no-cache=1523546429706 HTTP/1.1" 200 82
200.112.233.47 - - [12/Apr/2018:12:22:01 -0300] "GET /cormun/servlet/permisogoce?46319b0bdbaf606bf23ee109ede76add6ca4a5bcd8220d8e82b68b1d937550c40944522e80c371574c19ec3f0d5b201804ef94ea79a6a5bad790d1389d31f8c8,gx-no-cache=1523546467864 HTTP/1.1" 200 47
200.112.233.47 - - [12/Apr/2018:12:22:14 -0300] "POST /cormun/servlet/permisogoce?1156b27886696cb60d580bb270369333,INS,0,,,,gx-no-cache=1523546480256 HTTP/1.1" 200 93
200.112.233.47 - - [12/Apr/2018:12:22:14 -0300] "GET /cormun/servlet/hpexe_return? HTTP/1.1" 200 1010
200.112.233.47 - - [12/Apr/2018:12:22:14 -0300] "GET /cormun/servlet/trpermisosgoce HTTP/1.1" 200 9908
200.112.233.47 - - [12/Apr/2018:12:22:15 -0300] "GET /cormun/servlet/trpermisosgoce HTTP/1.1" 200 9902
200.112.233.47 - - [12/Apr/2018:12:22:26 -0300] "GET /cormun/servlet/trpermisosadjuntos?17523063,20180412121114,P, HTTP/1.1" 200 6530
200.112.233.47 - - [12/Apr/2018:12:22:26 -0300] "GET /cormun/servlet/trpermisosadjuntos?17523063,20180412121114,P, HTTP/1.1" 200 6530
200.112.233.47 - - [12/Apr/2018:12:22:28 -0300] "GET /cormun/servlet/permisosadjuntos?INS,17523063,P,20180412121114,, HTTP/1.1" 200 5865
200.112.233.47 - - [12/Apr/2018:12:22:28 -0300] "GET /cormun/static/about:blank HTTP/1.1" 404 1011
