186.67.164.142 - - [10/Apr/2018:15:44:03 -0300] "GET /cormun/servlet/hpexe_link HTTP/1.1" 200 960
186.103.157.42 - - [10/Apr/2018:15:45:34 -0300] "POST /cormun/servlet/trsolicitudot?d21481a46c4c3888fbfff18113f6c7ab,,gx-no-cache=1523385892352 HTTP/1.1" 200 6487
186.103.157.42 - - [10/Apr/2018:15:47:16 -0300] "POST /cormun/servlet/trsolicitudot?d21481a46c4c3888fbfff18113f6c7ab,,gx-no-cache=1523385995176 HTTP/1.1" 200 6516
186.103.157.42 - - [10/Apr/2018:15:47:45 -0300] "POST /cormun/servlet/trsolicitudot?d21481a46c4c3888fbfff18113f6c7ab,,gx-no-cache=1523386024280 HTTP/1.1" 200 6226
186.103.157.42 - - [10/Apr/2018:15:48:06 -0300] "POST /cormun/servlet/trsolicitudot?d21481a46c4c3888fbfff18113f6c7ab,,gx-no-cache=1523386045166 HTTP/1.1" 200 6509
186.67.164.142 - - [10/Apr/2018:15:49:32 -0300] "GET /cormun/servlet/trfichaempleado HTTP/1.1" 200 14607
186.67.164.142 - - [10/Apr/2018:15:49:49 -0300] "GET /cormun/servlet/trfichaempleado HTTP/1.1" 200 14570
186.103.157.42 - - [10/Apr/2018:15:49:56 -0300] "POST /cormun/servlet/trsolicitudot?d21481a46c4c3888fbfff18113f6c7ab,,gx-no-cache=1523386155477 HTTP/1.1" 200 5872
186.103.157.42 - - [10/Apr/2018:15:50:52 -0300] "GET /cormun/servlet/trpermisosgoce? HTTP/1.1" 200 9336
186.103.157.42 - - [10/Apr/2018:15:50:52 -0300] "GET /cormun/static/gxcfg.js?20177612163875 HTTP/1.1" 304 -
186.103.157.42 - - [10/Apr/2018:15:50:53 -0300] "GET /cormun/servlet/trpermisosgoce? HTTP/1.1" 200 9335
186.103.157.42 - - [10/Apr/2018:15:50:56 -0300] "GET /cormun/servlet/permisogoce?INS,0,,, HTTP/1.1" 200 7118
186.103.157.42 - - [10/Apr/2018:15:50:56 -0300] "GET /cormun/static/gxcfg.js?201776126440 HTTP/1.1" 304 -
186.103.157.42 - - [10/Apr/2018:15:50:56 -0300] "GET /cormun/servlet/permisogoce?INS,0,,, HTTP/1.1" 200 7118
186.103.157.42 - - [10/Apr/2018:15:51:03 -0300] "GET /cormun/servlet/permisogoce?a7101dbd945fe4a0cec6f87699d817e8034949a4db1eeba526da7a1864ff6211221a4530a1e5dfd01aaaf07a5906bd2f532b2248f228393f980bdc611ad4e71d,gx-no-cache=1523386222442 HTTP/1.1" 200 80
186.67.164.142 - - [10/Apr/2018:15:51:15 -0300] "GET /cormun/servlet/hlogin HTTP/1.1" 200 1720
186.67.164.142 - - [10/Apr/2018:15:51:22 -0300] "POST /cormun/servlet/hlogin?a735687d649391f51f163b3f631155f9,gx-no-cache=1523386227190 HTTP/1.1" 200 90
186.67.164.142 - - [10/Apr/2018:15:51:22 -0300] "GET /cormun/servlet/hpexe_link HTTP/1.1" 200 960
186.67.164.142 - - [10/Apr/2018:15:51:29 -0300] "GET /cormun/servlet/hlogin HTTP/1.1" 200 1720
186.67.164.142 - - [10/Apr/2018:15:51:36 -0300] "POST /cormun/servlet/hlogin?a735687d649391f51f163b3f631155f9,gx-no-cache=1523386241691 HTTP/1.1" 200 90
186.67.164.142 - - [10/Apr/2018:15:51:36 -0300] "GET /cormun/servlet/hpexe_link HTTP/1.1" 200 960
186.103.159.204 - - [10/Apr/2018:15:52:07 -0300] "GET /cormun/servlet/solicitudot?27906e10182ccf5fa36fc31d0c0c286adb08f0350f859fe5007e658b680c32623485e79f524ae52124d8c29730a6adb5f6ad94322f276ccf9d13587ad7256cee,gx-no-cache=1523386271552 HTTP/1.1" 200 30
186.103.159.204 - - [10/Apr/2018:15:52:08 -0300] "POST /cormun/servlet/solicitudot?gx-no-cache=1523386271644 HTTP/1.1" 200 297
186.103.159.204 - - [10/Apr/2018:15:52:08 -0300] "GET /cormun/servlet/solicitudot?27906e10182ccf5fa36fc31d0c0c286a1d2a0079af61c02353fa80e4a06bc33556b5f067eb83f38fb2483f55ff7523e1d3b1fe3f3e03c17729b591939197463ac8c2a34ffbcc890b12fd65d0778382eadc272cde1097549d7fe3d3bdf5ffc3d913f008ce778ccde38dc781a237d5c5bb69893ab66279555eac7015b84ca113e0d9a13426b3676864a30a631c7c108991d108fe81cf28e8dd318142d30c7253edf407cfdc75f7a0ec6dd61b9a912a8c4943fb8bfc31e2bd958596b293e9446e09f91329daeabdd38748ad724ef433a138bfec90f8436ab1f7cfb54e0c5a80789ec89f9e7e6b8bca2b36d8ae36596802ecaee1d2f9ba3014e55f5e2f4f1cc7813800d627e2f133389db96022581e1b4824302e5871294f01379ee453d04d093661a2397a2a7251c3c8a650cd9a63b060c0ed081a720552390b2e69a0b6c42bb1d11699090e3377244970b788f0dca44b3a49e2ba5d8f94569df3008b21d11b63323e330010bca53549a1f1932d8ca6ba28b14daa6fae88db849dec96dfd33dd9ddc3dfd7d79a0b2d148928383c61d0a7e2,gx-no-cache=1523386271744 HTTP/1.1" 200 30
186.103.159.204 - - [10/Apr/2018:15:52:08 -0300] "POST /cormun/servlet/solicitudot?gx-no-cache=1523386272091 HTTP/1.1" 200 30
186.103.159.204 - - [10/Apr/2018:15:52:08 -0300] "POST /cormun/servlet/solicitudot?gx-no-cache=1523386272145 HTTP/1.1" 200 1369
186.103.159.204 - - [10/Apr/2018:15:52:08 -0300] "POST /cormun/servlet/solicitudot?gx-no-cache=1523386272257 HTTP/1.1" 200 41
186.103.159.204 - - [10/Apr/2018:15:52:08 -0300] "POST /cormun/servlet/solicitudot?gx-no-cache=1523386272298 HTTP/1.1" 200 1351
186.103.159.204 - - [10/Apr/2018:15:52:08 -0300] "POST /cormun/servlet/solicitudot?gx-no-cache=1523386272349 HTTP/1.1" 200 1249
186.103.159.204 - - [10/Apr/2018:15:52:08 -0300] "GET /cormun/servlet/solicitudot?27906e10182ccf5fa36fc31d0c0c286a4bbf2ebeff28f672dca2a37ef63c7c497a75ec3098f74d55321149f6e4905cf4,gx-no-cache=1523386272410 HTTP/1.1" 200 30
186.103.159.204 - - [10/Apr/2018:15:52:08 -0300] "POST /cormun/servlet/solicitudot?gx-no-cache=1523386272444 HTTP/1.1" 200 30
186.103.159.204 - - [10/Apr/2018:15:52:09 -0300] "POST /cormun/servlet/solicitudot?30ceed3f2a0440506e7edf87a3b2c609,INS,0,0,,gx-no-cache=1523386272479 HTTP/1.1" 200 93
186.103.159.204 - - [10/Apr/2018:15:52:09 -0300] "GET /cormun/servlet/hpexe_return? HTTP/1.1" 200 1034
186.103.159.204 - - [10/Apr/2018:15:52:09 -0300] "GET /cormun/servlet/trsolicitudot?gx-no-cache=1523384907474 HTTP/1.1" 200 24863
186.103.157.42 - - [10/Apr/2018:15:52:10 -0300] "GET /cormun/static/menuarrow.gif HTTP/1.1" 404 1015
186.103.159.204 - - [10/Apr/2018:15:52:10 -0300] "GET /cormun/servlet/trsolicitudot?gx-no-cache=1523384907474 HTTP/1.1" 200 24880
186.103.157.42 - - [10/Apr/2018:15:52:17 -0300] "GET /cormun/servlet/permisogoce?a7101dbd945fe4a0cec6f87699d817e868c3513b8d1b3991aedbe39d57cd64ee8b51f99dfeedb983db0f13e3ae8e4a4a8c807aabc7e683650195112466120a8f,gx-no-cache=1523386297055 HTTP/1.1" 200 48
186.103.157.42 - - [10/Apr/2018:15:52:21 -0300] "GET /cormun/servlet/permisogoce?a7101dbd945fe4a0cec6f87699d817e868c3513b8d1b3991aedbe39d57cd64ee1ec34e8e85c29a7cccbf08847a06436211d93cc2e9680c22297af3fa61d13c41,gx-no-cache=1523386301049 HTTP/1.1" 200 47
186.103.157.42 - - [10/Apr/2018:15:52:22 -0300] "POST /cormun/servlet/permisogoce?d21481a46c4c3888fbfff18113f6c7ab,INS,0,,,,gx-no-cache=1523386301739 HTTP/1.1" 200 93
186.103.157.42 - - [10/Apr/2018:15:52:23 -0300] "GET /cormun/servlet/hpexe_return? HTTP/1.1" 200 1009
186.103.157.42 - - [10/Apr/2018:15:52:23 -0300] "GET /cormun/static/gxcfg.js?2016101716175148 HTTP/1.1" 304 -
186.103.157.42 - - [10/Apr/2018:15:52:23 -0300] "GET /cormun/static/hpexe_return.js?2016101716175153 HTTP/1.1" 304 -
186.103.157.42 - - [10/Apr/2018:15:52:23 -0300] "GET /cormun/static/Resources/Spanish/PXTools.css?167811 HTTP/1.1" 304 -
186.103.157.42 - - [10/Apr/2018:15:52:23 -0300] "GET /cormun/servlet/trpermisosgoce HTTP/1.1" 200 9576
186.103.157.42 - - [10/Apr/2018:15:52:24 -0300] "GET /cormun/servlet/trpermisosgoce HTTP/1.1" 200 9571
186.103.157.42 - - [10/Apr/2018:15:52:27 -0300] "GET /cormun/servlet/apermisogoceprn?11270703,P,20180410154801,PU HTTP/1.1" 200 1652
186.103.157.42 - - [10/Apr/2018:15:52:59 -0300] "GET /cormun/servlet/trsolicitudot? HTTP/1.1" 200 8864
186.103.157.42 - - [10/Apr/2018:15:53:00 -0300] "GET /cormun/servlet/trsolicitudot? HTTP/1.1" 200 8863
186.103.159.204 - - [10/Apr/2018:15:53:02 -0300] "POST /cormun/servlet/trsolicitudot?30ceed3f2a0440506e7edf87a3b2c609,gx-no-cache=1523384907474,gx-no-cache=1523386325555 HTTP/1.1" 200 22139
186.103.159.204 - - [10/Apr/2018:15:53:03 -0300] "GET /cormun/static/Shared/jqueryui/images/ui-bg_highlight-soft_100_c6c2c8_1x100.png HTTP/1.1" 404 1117
186.103.159.204 - - [10/Apr/2018:15:53:03 -0300] "GET /cormun/static/Shared/jqueryui/images/ui-icons_82798d_256x240.png HTTP/1.1" 404 1089
186.103.159.204 - - [10/Apr/2018:15:53:03 -0300] "GET /cormun/static/Shared/jqueryui/images/ui-icons_8d78a5_256x240.png HTTP/1.1" 404 1089
186.103.159.204 - - [10/Apr/2018:15:53:03 -0300] "GET /cormun/static/Shared/jqueryui/images/ui-bg_flat_55_fafafa_40x100.png HTTP/1.1" 404 1097
186.103.159.204 - - [10/Apr/2018:15:53:04 -0300] "POST /cormun/servlet/trsolicitudot?30ceed3f2a0440506e7edf87a3b2c609,gx-no-cache=1523384907474,gx-no-cache=1523386326945 HTTP/1.1" 200 22079
186.103.159.204 - - [10/Apr/2018:15:53:21 -0300] "POST /cormun/servlet/trsolicitudot?30ceed3f2a0440506e7edf87a3b2c609,gx-no-cache=1523384907474,gx-no-cache=1523386344685 HTTP/1.1" 200 6335
186.103.159.204 - - [10/Apr/2018:15:53:30 -0300] "POST /cormun/servlet/trsolicitudot?30ceed3f2a0440506e7edf87a3b2c609,gx-no-cache=1523384907474,gx-no-cache=1523386354329 HTTP/1.1" 200 6034
186.103.159.204 - - [10/Apr/2018:15:53:31 -0300] "POST /cormun/servlet/trsolicitudot?30ceed3f2a0440506e7edf87a3b2c609,gx-no-cache=1523384907474,gx-no-cache=1523386354591 HTTP/1.1" 200 5977
186.103.159.204 - - [10/Apr/2018:15:53:32 -0300] "POST /cormun/servlet/trsolicitudot?30ceed3f2a0440506e7edf87a3b2c609,gx-no-cache=1523384907474,gx-no-cache=1523386356248 HTTP/1.1" 200 5764
186.103.159.204 - - [10/Apr/2018:15:53:33 -0300] "POST /cormun/servlet/trsolicitudot?30ceed3f2a0440506e7edf87a3b2c609,gx-no-cache=1523384907474,gx-no-cache=1523386356522 HTTP/1.1" 200 5706
186.103.159.204 - - [10/Apr/2018:15:53:35 -0300] "POST /cormun/servlet/trsolicitudot?30ceed3f2a0440506e7edf87a3b2c609,gx-no-cache=1523384907474,gx-no-cache=1523386359028 HTTP/1.1" 200 5465
186.103.159.204 - - [10/Apr/2018:15:53:35 -0300] "POST /cormun/servlet/trsolicitudot?30ceed3f2a0440506e7edf87a3b2c609,gx-no-cache=1523384907474,gx-no-cache=1523386359240 HTTP/1.1" 200 5406
186.103.159.204 - - [10/Apr/2018:15:53:38 -0300] "POST /cormun/servlet/trsolicitudot?30ceed3f2a0440506e7edf87a3b2c609,gx-no-cache=1523384907474,gx-no-cache=1523386361836 HTTP/1.1" 200 4212
186.103.159.204 - - [10/Apr/2018:15:53:38 -0300] "POST /cormun/servlet/trsolicitudot?30ceed3f2a0440506e7edf87a3b2c609,gx-no-cache=1523384907474,gx-no-cache=1523386362019 HTTP/1.1" 200 4002
186.103.159.204 - - [10/Apr/2018:15:53:46 -0300] "POST /cormun/servlet/trsolicitudot?30ceed3f2a0440506e7edf87a3b2c609,gx-no-cache=1523384907474,gx-no-cache=1523386369893 HTTP/1.1" 200 7133
186.103.159.204 - - [10/Apr/2018:15:54:23 -0300] "POST /cormun/servlet/trsolicitudot?30ceed3f2a0440506e7edf87a3b2c609,gx-no-cache=1523384907474,gx-no-cache=1523386405964 HTTP/1.1" 200 22096
186.103.159.204 - - [10/Apr/2018:15:56:25 -0300] "GET /cormun/servlet/solicitudot?INS,0,0, HTTP/1.1" 200 13363
186.103.159.204 - - [10/Apr/2018:15:56:25 -0300] "GET /cormun/servlet/solicitudot?INS,0,0, HTTP/1.1" 200 13346
186.103.159.204 - - [10/Apr/2018:15:57:07 -0300] "POST /cormun/servlet/solicitudot?gx-no-cache=1523386570940 HTTP/1.1" 200 3387
186.103.159.204 - - [10/Apr/2018:15:57:07 -0300] "POST /cormun/servlet/solicitudot?30ceed3f2a0440506e7edf87a3b2c609,INS,0,0,,gx-no-cache=1523386571160 HTTP/1.1" 200 10389
186.67.164.142 - - [10/Apr/2018:15:57:10 -0300] "GET /cormun/servlet/trfichaempleado HTTP/1.1" 200 14567
186.103.159.204 - - [10/Apr/2018:15:57:21 -0300] "GET /cormun/servlet/solicitudot?27906e10182ccf5fa36fc31d0c0c286aec17398817ca04c275d383f25b6eb744b93088d80c0dc3e882b24d2d2a7ee08f,gx-no-cache=1523386584864 HTTP/1.1" 200 30
186.103.159.204 - - [10/Apr/2018:15:57:21 -0300] "GET /cormun/servlet/solicitudot?27906e10182ccf5fa36fc31d0c0c286a189ecbd19025ef25cfd16cd38f445683de49080a15528b1ac2d2bd0ca85a2e39,gx-no-cache=1523386584917 HTTP/1.1" 200 30
186.103.159.204 - - [10/Apr/2018:15:57:21 -0300] "GET /cormun/servlet/solicitudot?27906e10182ccf5fa36fc31d0c0c286a8f62973a0c46ae8bb5f402b8ad69991d,gx-no-cache=1523386584955 HTTP/1.1" 200 123
186.103.159.204 - - [10/Apr/2018:15:57:21 -0300] "GET /cormun/static/Shared/jqueryui/images/ui-bg_highlight-soft_100_c6c2c8_1x100.png HTTP/1.1" 404 1117
186.103.159.204 - - [10/Apr/2018:15:57:21 -0300] "GET /cormun/static/Shared/jqueryui/images/ui-icons_82798d_256x240.png HTTP/1.1" 404 1089
186.103.159.204 - - [10/Apr/2018:15:57:21 -0300] "GET /cormun/static/Shared/jqueryui/images/ui-bg_flat_55_994d53_40x100.png HTTP/1.1" 404 1097
186.103.159.204 - - [10/Apr/2018:15:57:21 -0300] "GET /cormun/static/Shared/jqueryui/images/ui-icons_ebccce_256x240.png HTTP/1.1" 404 1089
186.103.159.204 - - [10/Apr/2018:15:57:21 -0300] "POST /cormun/servlet/solicitudot?gx-no-cache=1523386585013 HTTP/1.1" 200 255
186.103.159.204 - - [10/Apr/2018:15:57:21 -0300] "GET /cormun/servlet/solicitudot?27906e10182ccf5fa36fc31d0c0c286a1d2a0079af61c02353fa80e4a06bc335a92930f281e10db97ca315dcb897d56ad3b1fe3f3e03c17729b591939197463ac8c2a34ffbcc890b12fd65d0778382eadc272cde1097549d7fe3d3bdf5ffc3d913f008ce778ccde38dc781a237d5c5bb69893ab66279555eac7015b84ca113e0d9a13426b3676864a30a631c7c108991d108fe81cf28e8dd318142d30c7253edf407cfdc75f7a0ec6dd61b9a912a8c4943fb8bfc31e2bd958596b293e9446e09f91329daeabdd38748ad724ef433a138bfec90f8436ab1f7cfb54e0c5a80789ec89f9e7e6b8bca2b36d8ae36596802ecc483d9746d64aeff9e6ba4cc37ceff6000d627e2f133389db96022581e1b4824999603da127728e74af4efc984dfbc8988b6b844ebadf7edc9ffbd190ffddd21fdd845f206013b166455b498a97f87f89f85dc67618212fb89b7139bdbfc1162e832e7f178687e6a22ddf6af7aeb0b00a695810c2233e85b5844e7336188a216021581d9f797a34a6df64b5e349091d7,gx-no-cache=1523386585052 HTTP/1.1" 200 30
186.67.164.142 - - [10/Apr/2018:15:57:24 -0300] "GET /cormun/servlet/trfichaempleado HTTP/1.1" 200 14570
186.103.159.204 - - [10/Apr/2018:15:57:24 -0300] "POST /cormun/servlet/solicitudot?gx-no-cache=1523386587806 HTTP/1.1" 200 30
186.103.159.204 - - [10/Apr/2018:15:57:47 -0300] "POST /cormun/servlet/solicitudot?gx-no-cache=1523386610810 HTTP/1.1" 200 1369
186.103.159.204 - - [10/Apr/2018:15:57:47 -0300] "POST /cormun/servlet/solicitudot?gx-no-cache=1523386610914 HTTP/1.1" 200 38
186.103.157.42 - - [10/Apr/2018:15:58:01 -0300] "POST /cormun/servlet/trsolicitudot?d21481a46c4c3888fbfff18113f6c7ab,,gx-no-cache=1523386640632 HTTP/1.1" 200 5854
186.103.159.204 - - [10/Apr/2018:15:58:02 -0300] "GET /cormun/servlet/solicitudot?27906e10182ccf5fa36fc31d0c0c286a923ac4b74f5e321d877a82a6df45d1364c0162af5b138a73fa7cc1cb1660602b40a299134f5bfd4f3712c1be16750a317b8b2647e8ee199f94ec50a45c527001088d11ac3f5623833abac8c4a8abe8298d700719c183ba6e8b711ca9fcb6e2bd7cea946b0ab750a5b66efd859784b1cec3e535d0f312430a4c5fceb3d2fe6981d188387f6463acbc6e3a15ab720dc222,gx-no-cache=1523386626395 HTTP/1.1" 200 29
186.103.159.204 - - [10/Apr/2018:15:58:02 -0300] "POST /cormun/servlet/solicitudot?gx-no-cache=1523386626446 HTTP/1.1" 200 1351
186.103.159.204 - - [10/Apr/2018:15:58:02 -0300] "POST /cormun/servlet/solicitudot?gx-no-cache=1523386626530 HTTP/1.1" 200 1249
186.103.159.204 - - [10/Apr/2018:15:58:02 -0300] "GET /cormun/static/menuarrow.gif HTTP/1.1" 404 1015
186.103.159.204 - - [10/Apr/2018:15:58:04 -0300] "POST /cormun/servlet/solicitudot?gx-no-cache=1523386628260 HTTP/1.1" 200 1351
186.103.159.204 - - [10/Apr/2018:15:58:04 -0300] "POST /cormun/servlet/solicitudot?gx-no-cache=1523386628330 HTTP/1.1" 200 1249
186.103.159.204 - - [10/Apr/2018:15:58:06 -0300] "GET /cormun/servlet/solicitudot?27906e10182ccf5fa36fc31d0c0c286a4bbf2ebeff28f672dca2a37ef63c7c497a75ec3098f74d55321149f6e4905cf4,gx-no-cache=1523386629659 HTTP/1.1" 200 30
186.103.159.204 - - [10/Apr/2018:15:58:17 -0300] "POST /cormun/servlet/solicitudot?gx-no-cache=1523386641053 HTTP/1.1" 200 30
186.103.159.204 - - [10/Apr/2018:15:59:46 -0300] "POST /cormun/servlet/solicitudot?30ceed3f2a0440506e7edf87a3b2c609,INS,0,0,,gx-no-cache=1523386729284 HTTP/1.1" 200 11790
186.67.164.142 - - [10/Apr/2018:16:01:17 -0300] "GET /cormun/servlet/trfichaempleado HTTP/1.1" 200 14569
186.103.157.42 - - [10/Apr/2018:16:02:43 -0300] "POST /cormun/servlet/trsolicitudot?d21481a46c4c3888fbfff18113f6c7ab,,gx-no-cache=1523386922586 HTTP/1.1" 200 5845
186.103.159.204 - - [10/Apr/2018:16:02:44 -0300] "POST /cormun/servlet/solicitudot?gx-no-cache=1523386907985 HTTP/1.1" 200 254
186.103.159.204 - - [10/Apr/2018:16:02:44 -0300] "GET /cormun/servlet/solicitudot?27906e10182ccf5fa36fc31d0c0c286a1d2a0079af61c02353fa80e4a06bc335a92930f281e10db97ca315dcb897d56ad3b1fe3f3e03c17729b591939197463ac8c2a34ffbcc890b12fd65d0778382eadc272cde1097549d7fe3d3bdf5ffc3d913f008ce778ccde38dc781a237d5c5bb69893ab66279555eac7015b84ca113e0d9a13426b3676864a30a631c7c108991d108fe81cf28e8dd318142d30c7253edf407cfdc75f7a0ec6dd61b9a912a8c4943fb8bfc31e2bd958596b293e9446e09f91329daeabdd38748ad724ef433a138bfec90f8436ab1f7cfb54e0c5a80789ec89f9e7e6b8bca2b36d8ae36596802ecc483d9746d64aeff9e6ba4cc37ceff6000d627e2f133389db96022581e1b4824999603da127728e74af4efc984dfbc8988b6b844ebadf7edc9ffbd190ffddd21fdd845f206013b166455b498a97f87f89f85dc67618212fb89b7139bdbfc1162e832e7f178687e6a22ddf6af7aeb0b00a695810c2233e85b5844e7336188a2168fca84f86a932726578f0c4fa0867868,gx-no-cache=1523386908216 HTTP/1.1" 200 30
186.103.159.204 - - [10/Apr/2018:16:02:44 -0300] "POST /cormun/servlet/solicitudot?gx-no-cache=1523386908557 HTTP/1.1" 200 30
186.103.159.204 - - [10/Apr/2018:16:02:45 -0300] "POST /cormun/servlet/solicitudot?gx-no-cache=1523386908611 HTTP/1.1" 200 1369
186.103.159.204 - - [10/Apr/2018:16:02:45 -0300] "POST /cormun/servlet/solicitudot?gx-no-cache=1523386908781 HTTP/1.1" 200 41
186.103.159.204 - - [10/Apr/2018:16:02:45 -0300] "POST /cormun/servlet/solicitudot?gx-no-cache=1523386908838 HTTP/1.1" 200 1351
186.103.159.204 - - [10/Apr/2018:16:02:45 -0300] "POST /cormun/servlet/solicitudot?gx-no-cache=1523386908939 HTTP/1.1" 200 1249
186.103.159.204 - - [10/Apr/2018:16:02:45 -0300] "GET /cormun/servlet/solicitudot?27906e10182ccf5fa36fc31d0c0c286a4bbf2ebeff28f672dca2a37ef63c7c497a75ec3098f74d55321149f6e4905cf4,gx-no-cache=1523386909045 HTTP/1.1" 200 30
186.103.159.204 - - [10/Apr/2018:16:02:45 -0300] "POST /cormun/servlet/solicitudot?gx-no-cache=1523386909105 HTTP/1.1" 200 30
186.103.159.204 - - [10/Apr/2018:16:02:45 -0300] "POST /cormun/servlet/solicitudot?30ceed3f2a0440506e7edf87a3b2c609,INS,0,0,,gx-no-cache=1523386909172 HTTP/1.1" 200 11852
186.103.159.204 - - [10/Apr/2018:16:04:43 -0300] "POST /cormun/servlet/solicitudot?gx-no-cache=1523387027065 HTTP/1.1" 200 254
186.103.159.204 - - [10/Apr/2018:16:04:43 -0300] "GET /cormun/servlet/solicitudot?27906e10182ccf5fa36fc31d0c0c286a1d2a0079af61c02353fa80e4a06bc335a92930f281e10db97ca315dcb897d56ad3b1fe3f3e03c17729b591939197463ac8c2a34ffbcc890b12fd65d0778382eadc272cde1097549d7fe3d3bdf5ffc3d913f008ce778ccde38dc781a237d5c5bb69893ab66279555eac7015b84ca113e0d9a13426b3676864a30a631c7c108991d108fe81cf28e8dd318142d30c7253edf407cfdc75f7a0ec6dd61b9a912a8c4943fb8bfc31e2bd958596b293e9446e09f91329daeabdd38748ad724ef433a138bfec90f8436ab1f7cfb54e0c5a80789ec89f9e7e6b8bca2b36d8ae36596802ecc483d9746d64aeff9e6ba4cc37ceff6000d627e2f133389db96022581e1b4824999603da127728e74af4efc984dfbc8988b6b844ebadf7edc9ffbd190ffddd21fdd845f206013b166455b498a97f87f89f85dc67618212fb89b7139bdbfc1162e832e7f178687e6a22ddf6af7aeb0b00a695810c2233e85b5844e7336188a2168fca84f86a932726578f0c4fa0867868,gx-no-cache=1523387027233 HTTP/1.1" 200 30
186.103.159.204 - - [10/Apr/2018:16:04:43 -0300] "POST /cormun/servlet/solicitudot?gx-no-cache=1523387027578 HTTP/1.1" 200 30
186.103.159.204 - - [10/Apr/2018:16:04:44 -0300] "POST /cormun/servlet/solicitudot?gx-no-cache=1523387027617 HTTP/1.1" 200 1369
186.103.159.204 - - [10/Apr/2018:16:04:44 -0300] "POST /cormun/servlet/solicitudot?gx-no-cache=1523387027735 HTTP/1.1" 200 41
186.103.159.204 - - [10/Apr/2018:16:04:44 -0300] "POST /cormun/servlet/solicitudot?gx-no-cache=1523387027806 HTTP/1.1" 200 1351
186.103.159.204 - - [10/Apr/2018:16:04:44 -0300] "POST /cormun/servlet/solicitudot?gx-no-cache=1523387027924 HTTP/1.1" 200 1249
186.103.159.204 - - [10/Apr/2018:16:04:44 -0300] "GET /cormun/servlet/solicitudot?27906e10182ccf5fa36fc31d0c0c286a4bbf2ebeff28f672dca2a37ef63c7c497a75ec3098f74d55321149f6e4905cf4,gx-no-cache=1523387028155 HTTP/1.1" 200 30
186.103.159.204 - - [10/Apr/2018:16:04:44 -0300] "POST /cormun/servlet/solicitudot?gx-no-cache=1523387028218 HTTP/1.1" 200 30
186.103.159.204 - - [10/Apr/2018:16:04:45 -0300] "POST /cormun/servlet/solicitudot?30ceed3f2a0440506e7edf87a3b2c609,INS,0,0,,gx-no-cache=1523387028295 HTTP/1.1" 200 11901
186.103.157.42 - - [10/Apr/2018:16:06:44 -0300] "POST /cormun/servlet/trsolicitudot?d21481a46c4c3888fbfff18113f6c7ab,,gx-no-cache=1523387163011 HTTP/1.1" 200 5854
186.103.157.42 - - [10/Apr/2018:16:06:55 -0300] "POST /cormun/servlet/trsolicitudot?d21481a46c4c3888fbfff18113f6c7ab,,gx-no-cache=1523387174379 HTTP/1.1" 200 5852
186.103.157.42 - - [10/Apr/2018:16:07:28 -0300] "POST /cormun/servlet/trsolicitudot?d21481a46c4c3888fbfff18113f6c7ab,,gx-no-cache=1523387207895 HTTP/1.1" 200 5851
186.103.159.204 - - [10/Apr/2018:16:08:22 -0300] "GET /cormun/servlet/solicitudot?27906e10182ccf5fa36fc31d0c0c286a646a08e039a5dc9bbfb3738d2292c1b25e3425cb090e0f42a3246ed766c8f942,gx-no-cache=1523387245800 HTTP/1.1" 200 30
186.103.159.204 - - [10/Apr/2018:16:08:22 -0300] "GET /cormun/servlet/solicitudot?27906e10182ccf5fa36fc31d0c0c286a8f62973a0c46ae8bb5f402b8ad69991d,gx-no-cache=1523387245960 HTTP/1.1" 200 123
186.103.159.188 - - [10/Apr/2018:16:08:51 -0300] "GET /cormun/servlet/hlogin HTTP/1.1" 200 1723
186.103.159.188 - - [10/Apr/2018:16:08:51 -0300] "GET /cormun/servlet/hlogin HTTP/1.1" 200 1731
186.103.159.188 - - [10/Apr/2018:16:08:58 -0300] "POST /cormun/servlet/hlogin?f0557362d32ba5113dd364cb8b24b921,gx-no-cache=1523387284892 HTTP/1.1" 200 90
186.103.159.188 - - [10/Apr/2018:16:08:58 -0300] "GET /cormun/servlet/hpexe_link HTTP/1.1" 200 951
186.103.159.188 - - [10/Apr/2018:16:08:58 -0300] "GET /cormun/servlet/hhome HTTP/1.1" 200 3947
186.103.159.188 - - [10/Apr/2018:16:08:59 -0300] "GET /cormun/servlet/hhome HTTP/1.1" 200 3943
186.103.159.188 - - [10/Apr/2018:16:09:01 -0300] "GET /cormun/servlet/trsolicitudot? HTTP/1.1" 200 7161
186.103.157.42 - - [10/Apr/2018:16:09:01 -0300] "GET /cormun/servlet/solicitudot?INS,0,0, HTTP/1.1" 200 13700
186.103.157.42 - - [10/Apr/2018:16:09:02 -0300] "GET /cormun/static/gxcfg.js?201812313224582 HTTP/1.1" 304 -
186.103.157.42 - - [10/Apr/2018:16:09:02 -0300] "GET /cormun/static/solicitudot.js?201812313224831 HTTP/1.1" 304 -
186.103.159.188 - - [10/Apr/2018:16:09:02 -0300] "GET /cormun/servlet/trsolicitudot? HTTP/1.1" 200 7160
186.103.157.42 - - [10/Apr/2018:16:09:02 -0300] "GET /cormun/servlet/solicitudot?INS,0,0, HTTP/1.1" 200 13705
186.103.159.188 - - [10/Apr/2018:16:09:04 -0300] "GET /cormun/servlet/solicitudot?INS,0,0, HTTP/1.1" 200 13397
186.103.159.188 - - [10/Apr/2018:16:09:04 -0300] "GET /cormun/servlet/solicitudot?INS,0,0, HTTP/1.1" 200 13402
186.103.157.42 - - [10/Apr/2018:16:09:12 -0300] "POST /cormun/servlet/solicitudot?gx-no-cache=1523387310743 HTTP/1.1" 200 3292
186.103.157.42 - - [10/Apr/2018:16:09:12 -0300] "POST /cormun/servlet/solicitudot?d21481a46c4c3888fbfff18113f6c7ab,INS,0,0,,gx-no-cache=1523387311435 HTTP/1.1" 200 10447
186.103.157.42 - - [10/Apr/2018:16:09:12 -0300] "GET /cormun/servlet/solicitudot?6c588b4bccf80dec4037a0b432eb82ec3ef63a32db92454b839d33b2faf52a22d7f918d423c22eeb57d4087389049652,gx-no-cache=1523387311779 HTTP/1.1" 200 111
186.103.157.42 - - [10/Apr/2018:16:09:12 -0300] "GET /cormun/static/Shared/jqueryui/images/ui-icons_82798d_256x240.png HTTP/1.1" 404 1089
186.103.157.42 - - [10/Apr/2018:16:09:12 -0300] "GET /cormun/static/Shared/jqueryui/images/ui-bg_highlight-soft_100_c6c2c8_1x100.png HTTP/1.1" 404 1117
186.103.157.42 - - [10/Apr/2018:16:09:12 -0300] "GET /cormun/static/Shared/jqueryui/images/ui-bg_flat_55_994d53_40x100.png HTTP/1.1" 404 1097
186.103.157.42 - - [10/Apr/2018:16:09:12 -0300] "GET /cormun/static/Shared/jqueryui/images/ui-icons_ebccce_256x240.png HTTP/1.1" 404 1089
190.161.236.41 - - [10/Apr/2018:16:09:15 -0300] "POST /cormun/servlet/solicitudot?gx-no-cache=1523387301485 HTTP/1.1" 200 3284
190.161.236.41 - - [10/Apr/2018:16:09:15 -0300] "POST /cormun/servlet/solicitudot?f0557362d32ba5113dd364cb8b24b921,INS,0,0,,gx-no-cache=1523387301762 HTTP/1.1" 200 10248
186.103.157.42 - - [10/Apr/2018:16:09:17 -0300] "GET /cormun/servlet/solicitudot?6c588b4bccf80dec4037a0b432eb82ec69d13c28a52c66f85f13f30266d07f6718a189846080e18d2f55ada2ac42721b,gx-no-cache=1523387316601 HTTP/1.1" 200 30
186.103.157.42 - - [10/Apr/2018:16:09:57 -0300] "GET /cormun/servlet/prbanco?,MD,,gxPopupLevel%3D0%3B HTTP/1.1" 200 6711
186.103.157.42 - - [10/Apr/2018:16:09:57 -0300] "GET /cormun/static/gxcfg.js?20181161016094 HTTP/1.1" 200 953
186.103.157.42 - - [10/Apr/2018:16:09:57 -0300] "GET /cormun/static/prbanco.js?2018116101633 HTTP/1.1" 200 10693
186.103.159.204 - - [10/Apr/2018:16:10:12 -0300] "POST /cormun/servlet/solicitudot?gx-no-cache=1523387355984 HTTP/1.1" 200 254
186.103.159.204 - - [10/Apr/2018:16:10:12 -0300] "GET /cormun/servlet/solicitudot?27906e10182ccf5fa36fc31d0c0c286a1d2a0079af61c02353fa80e4a06bc335a92930f281e10db97ca315dcb897d56ad3b1fe3f3e03c17729b591939197463ac8c2a34ffbcc890b12fd65d0778382eadc272cde1097549d7fe3d3bdf5ffc3d913f008ce778ccde38dc781a237d5c5bb69893ab66279555eac7015b84ca113e0d9a13426b3676864a30a631c7c108991d108fe81cf28e8dd318142d30c7253edf407cfdc75f7a0ec6dd61b9a912a8c4943fb8bfc31e2bd958596b293e9446e09f91329daeabdd38748ad724ef433a138bfec90f8436ab1f7cfb54e0c5a80789ec89f9e7e6b8bca2b36d8ae36596802ecc483d9746d64aeff9e6ba4cc37ceff6000d627e2f133389db96022581e1b4824999603da127728e74af4efc984dfbc8988b6b844ebadf7edc9ffbd190ffddd21fdd845f206013b166455b498a97f87f89f85dc67618212fb89b7139bdbfc1162e832e7f178687e6a22ddf6af7aeb0b00a695810c2233e85b5844e7336188a2168fca84f86a932726578f0c4fa0867868,gx-no-cache=1523387356122 HTTP/1.1" 200 30
186.103.159.204 - - [10/Apr/2018:16:10:12 -0300] "POST /cormun/servlet/solicitudot?gx-no-cache=1523387356493 HTTP/1.1" 200 30
186.103.159.204 - - [10/Apr/2018:16:10:13 -0300] "POST /cormun/servlet/solicitudot?gx-no-cache=1523387356548 HTTP/1.1" 200 1369
186.103.159.204 - - [10/Apr/2018:16:10:13 -0300] "POST /cormun/servlet/solicitudot?gx-no-cache=1523387356731 HTTP/1.1" 200 41
186.103.159.204 - - [10/Apr/2018:16:10:13 -0300] "POST /cormun/servlet/solicitudot?gx-no-cache=1523387356795 HTTP/1.1" 200 1351
186.103.159.204 - - [10/Apr/2018:16:10:13 -0300] "POST /cormun/servlet/solicitudot?gx-no-cache=1523387356927 HTTP/1.1" 200 1249
186.103.159.204 - - [10/Apr/2018:16:10:13 -0300] "GET /cormun/servlet/solicitudot?27906e10182ccf5fa36fc31d0c0c286a4bbf2ebeff28f672dca2a37ef63c7c497a75ec3098f74d55321149f6e4905cf4,gx-no-cache=1523387357028 HTTP/1.1" 200 30
186.103.159.204 - - [10/Apr/2018:16:10:13 -0300] "POST /cormun/servlet/solicitudot?gx-no-cache=1523387357080 HTTP/1.1" 200 30
186.103.157.42 - - [10/Apr/2018:16:10:13 -0300] "GET /cormun/servlet/solicitudot?6c588b4bccf80dec4037a0b432eb82ecd1add9aa37ec96ad977db56f0729c3c8,gx-no-cache=1523387372717 HTTP/1.1" 200 94
186.103.159.204 - - [10/Apr/2018:16:10:13 -0300] "POST /cormun/servlet/solicitudot?30ceed3f2a0440506e7edf87a3b2c609,INS,0,0,,gx-no-cache=1523387357133 HTTP/1.1" 200 11944
186.103.157.42 - - [10/Apr/2018:16:10:15 -0300] "GET /cormun/servlet/solicitudot?6c588b4bccf80dec4037a0b432eb82ecc37bb0f22b1d2ae343f64fc4b66bccb0,gx-no-cache=1523387374783 HTTP/1.1" 200 51
201.214.54.200 - - [10/Apr/2018:16:10:38 -0300] "GET /cormun/servlet/hlogin HTTP/1.1" 200 1723
201.214.54.200 - - [10/Apr/2018:16:10:47 -0300] "POST /cormun/servlet/hlogin?bd45ebcdf57422884be98a9d5014708c,gx-no-cache=1523387392340 HTTP/1.1" 200 90
201.214.54.200 - - [10/Apr/2018:16:10:48 -0300] "GET /cormun/servlet/hpexe_link HTTP/1.1" 200 952
201.214.54.200 - - [10/Apr/2018:16:10:49 -0300] "GET /cormun/servlet/hhome HTTP/1.1" 200 4232
201.214.54.200 - - [10/Apr/2018:16:10:50 -0300] "GET /cormun/servlet/hhome HTTP/1.1" 200 4228
186.103.157.42 - - [10/Apr/2018:16:10:53 -0300] "GET /cormun/servlet/solicitudot?6c588b4bccf80dec4037a0b432eb82ec5fdef2ede095f45125663ff043c6c39d5e029894e0682610399848439da79a8cdb9985ddc4e25827b42279d29aa08e77,gx-no-cache=1523387412218 HTTP/1.1" 200 30
201.214.54.200 - - [10/Apr/2018:16:10:53 -0300] "GET /cormun/servlet/trlicencias? HTTP/1.1" 200 11031
186.103.157.42 - - [10/Apr/2018:16:10:54 -0300] "POST /cormun/servlet/solicitudot?gx-no-cache=1523387412369 HTTP/1.1" 200 297
186.103.157.42 - - [10/Apr/2018:16:10:54 -0300] "GET /cormun/servlet/solicitudot?6c588b4bccf80dec4037a0b432eb82eca66a7abdde15788eda6598b502d6f541ea97dbb9558e9012cf81b8cabe2dac580169751151a9cfb21e32966c62c6b9f258f8736cf2ffde9ad26e69cec4084c177caa056a82b8a01cefedf3a663b02f55489f069e05ab2c5e27e355ceda3073b3d6af7b8e5c152f88acb6c4afce38a79f43897051178608a2ea18f79759878d730649f85897f20effdaab71c585def8c8b939b32049fc64076ece37388bc7a68c43a52f96f649a761d8b1b0338c645eb73cbbc4ebdd2d676e762a39c638d24b05e0ebd99dd0016c3401073c1b06aa2b301389368fb0e52ea1d14d931e98f095381b4f9eab5f4f97fda14210f310208b27583f7a619afd446f4a96b77461ecfed8718c752c1a66142d51a0f9d0a81a291d28a8d33c42b427cb6f238056fb4da2dcf69c1f6044cfc9b1e9cf6328757ffd62ec50dd384941349b79a891ec50b89551d3ba2b91761b099ec2858e649357840d0ce773bd11a1d551d84ecdfeea20449a3967a31aece8c654a12c66cd9b295cc5532b2248f228393f980bdc611ad4e71d,gx-no-cache=1523387413809 HTTP/1.1" 200 30
201.214.54.200 - - [10/Apr/2018:16:10:55 -0300] "GET /cormun/servlet/trlicencias? HTTP/1.1" 200 11029
186.103.157.42 - - [10/Apr/2018:16:10:57 -0300] "POST /cormun/servlet/solicitudot?gx-no-cache=1523387417066 HTTP/1.1" 200 30
186.103.157.42 - - [10/Apr/2018:16:10:59 -0300] "GET /cormun/servlet/prcontratosol?18104229,,,,,MD,,gxPopupLevel%3D0%3B HTTP/1.1" 200 7562
186.103.157.42 - - [10/Apr/2018:16:10:59 -0300] "GET /cormun/static/gxcfg.js?201761413223964 HTTP/1.1" 304 -
186.103.157.42 - - [10/Apr/2018:16:11:04 -0300] "POST /cormun/servlet/solicitudot?gx-no-cache=1523387423199 HTTP/1.1" 200 1369
201.214.54.200 - - [10/Apr/2018:16:11:04 -0300] "GET /cormun/servlet/licenciaspermisos?INS,0,,, HTTP/1.1" 200 7765
186.103.157.42 - - [10/Apr/2018:16:11:04 -0300] "POST /cormun/servlet/solicitudot?gx-no-cache=1523387423401 HTTP/1.1" 200 38
201.214.54.200 - - [10/Apr/2018:16:11:04 -0300] "GET /cormun/static/gxcfg.js?201762917281167 HTTP/1.1" 200 953
201.214.54.200 - - [10/Apr/2018:16:11:04 -0300] "GET /cormun/static/licenciaspermisos.js?201762917281260 HTTP/1.1" 200 37491
186.103.157.42 - - [10/Apr/2018:16:11:05 -0300] "GET /cormun/servlet/solicitudot?6c588b4bccf80dec4037a0b432eb82ecc9f466903db30b2ca4134fad0d7c6048d373eb5fa8aec3c58766e177e849b54f4bb97bf18fe006c8634587556a11e16a1c03117a7199a63bc73aa450226941cfb65a2b3dac1e3cfc2bcd3db4f0307796d7eddfae331000a7602df55f5b157243,gx-no-cache=1523387423839 HTTP/1.1" 200 29
186.103.157.42 - - [10/Apr/2018:16:11:05 -0300] "POST /cormun/servlet/solicitudot?gx-no-cache=1523387424324 HTTP/1.1" 200 1350
201.214.54.200 - - [10/Apr/2018:16:11:05 -0300] "GET /cormun/servlet/licenciaspermisos?INS,0,,, HTTP/1.1" 200 7772
186.103.157.42 - - [10/Apr/2018:16:11:06 -0300] "POST /cormun/servlet/solicitudot?gx-no-cache=1523387424695 HTTP/1.1" 200 1248
186.103.157.42 - - [10/Apr/2018:16:11:06 -0300] "GET /cormun/servlet/solicitudot?6c588b4bccf80dec4037a0b432eb82ec5b494d4af255984d31354b3cb08b44683c1903426de7746deb43386b5d140713,gx-no-cache=1523387425270 HTTP/1.1" 200 134
186.79.27.69 - - [10/Apr/2018:16:11:15 -0300] "GET /cormun/servlet/licenciaspermisos?bf7a35c14433b3289a1bf3432a4ca1ff48036fc9c3f19d7a05ea0c73e65e0853bcb61b8b61d729a2e32749e5aebfe30c,gx-no-cache=1523387419902 HTTP/1.1" 200 96
186.79.27.69 - - [10/Apr/2018:16:11:17 -0300] "POST /cormun/servlet/licenciaspermisos?bd45ebcdf57422884be98a9d5014708c,INS,0,,,,gx-no-cache=1523387420897 HTTP/1.1" 200 4886
186.103.157.42 - - [10/Apr/2018:16:11:20 -0300] "POST /cormun/servlet/solicitudot?gx-no-cache=1523387439840 HTTP/1.1" 200 1349
186.103.157.42 - - [10/Apr/2018:16:11:20 -0300] "POST /cormun/servlet/solicitudot?gx-no-cache=1523387440054 HTTP/1.1" 200 1248
186.103.157.42 - - [10/Apr/2018:16:11:21 -0300] "GET /cormun/static/menuarrow.gif HTTP/1.1" 404 1015
186.103.157.42 - - [10/Apr/2018:16:11:23 -0300] "POST /cormun/servlet/solicitudot?gx-no-cache=1523387442479 HTTP/1.1" 200 1349
186.103.157.42 - - [10/Apr/2018:16:11:23 -0300] "POST /cormun/servlet/solicitudot?gx-no-cache=1523387442623 HTTP/1.1" 200 1248
186.103.157.42 - - [10/Apr/2018:16:11:26 -0300] "GET /cormun/servlet/solicitudot?6c588b4bccf80dec4037a0b432eb82ec59c59ef2d94d9ebede9e6dd4f156a129dfcbdb22d17342ac8f681795fc0bd931,gx-no-cache=1523387445207 HTTP/1.1" 200 134
186.103.157.42 - - [10/Apr/2018:16:11:34 -0300] "GET /cormun/servlet/solicitudot?6c588b4bccf80dec4037a0b432eb82ec6f7eede92136aa61da3d6d0176372f2fefd2edac5d80b5e464642fa09c4de290,gx-no-cache=1523387453318 HTTP/1.1" 200 30
186.103.157.42 - - [10/Apr/2018:16:11:34 -0300] "POST /cormun/servlet/solicitudot?gx-no-cache=1523387453412 HTTP/1.1" 200 33
186.79.27.69 - - [10/Apr/2018:16:11:35 -0300] "GET /cormun/static/menuarrow.gif HTTP/1.1" 404 1015
186.103.157.42 - - [10/Apr/2018:16:11:43 -0300] "POST /cormun/servlet/solicitudot?d21481a46c4c3888fbfff18113f6c7ab,INS,0,0,,gx-no-cache=1523387461806 HTTP/1.1" 200 93
186.103.157.42 - - [10/Apr/2018:16:11:43 -0300] "GET /cormun/servlet/hpexe_return? HTTP/1.1" 200 1006
186.103.157.42 - - [10/Apr/2018:16:11:43 -0300] "GET /cormun/servlet/trsolicitudot? HTTP/1.1" 200 8854
186.103.157.42 - - [10/Apr/2018:16:11:44 -0300] "GET /cormun/servlet/trsolicitudot? HTTP/1.1" 200 8850
186.103.159.188 - - [10/Apr/2018:16:11:45 -0300] "GET /cormun/servlet/solicitudot?93f0cf0f4765040e448f212091b037716abd0d3ffd2d8c753ec6bd49bc17f61b6bcd79853b1d9cdcb0c363cc94d46054,gx-no-cache=1523387451384 HTTP/1.1" 200 30
186.103.157.42 - - [10/Apr/2018:16:11:52 -0300] "POST /cormun/servlet/trsolicitudot?d21481a46c4c3888fbfff18113f6c7ab,,gx-no-cache=1523387471279 HTTP/1.1" 200 4488
186.103.157.42 - - [10/Apr/2018:16:11:55 -0300] "GET /cormun/static/menuarrow.gif HTTP/1.1" 404 1015
186.103.157.42 - - [10/Apr/2018:16:11:59 -0300] "POST /cormun/servlet/trsolicitudot?d21481a46c4c3888fbfff18113f6c7ab,,gx-no-cache=1523387477899 HTTP/1.1" 200 4489
186.103.157.42 - - [10/Apr/2018:16:12:04 -0300] "POST /cormun/servlet/trsolicitudot?d21481a46c4c3888fbfff18113f6c7ab,,gx-no-cache=1523387482900 HTTP/1.1" 200 4488
186.103.157.42 - - [10/Apr/2018:16:12:07 -0300] "POST /cormun/servlet/trsolicitudot?d21481a46c4c3888fbfff18113f6c7ab,,gx-no-cache=1523387486689 HTTP/1.1" 200 5825
186.103.157.42 - - [10/Apr/2018:16:12:22 -0300] "POST /cormun/servlet/trsolicitudot?d21481a46c4c3888fbfff18113f6c7ab,,gx-no-cache=1523387501659 HTTP/1.1" 200 4677
186.103.157.42 - - [10/Apr/2018:16:12:22 -0300] "GET /cormun/static/Shared/jqueryui/images/ui-bg_highlight-soft_100_c6c2c8_1x100.png HTTP/1.1" 404 1117
186.103.157.42 - - [10/Apr/2018:16:12:22 -0300] "GET /cormun/static/Shared/jqueryui/images/ui-icons_82798d_256x240.png HTTP/1.1" 404 1089
186.103.157.42 - - [10/Apr/2018:16:12:23 -0300] "GET /cormun/static/Shared/jqueryui/images/ui-icons_8d78a5_256x240.png HTTP/1.1" 404 1089
186.103.157.42 - - [10/Apr/2018:16:12:23 -0300] "GET /cormun/static/Shared/jqueryui/images/ui-bg_flat_55_fafafa_40x100.png HTTP/1.1" 404 1097
186.103.157.42 - - [10/Apr/2018:16:12:23 -0300] "POST /cormun/servlet/trsolicitudot?d21481a46c4c3888fbfff18113f6c7ab,,gx-no-cache=1523387502149 HTTP/1.1" 200 4457
186.103.157.42 - - [10/Apr/2018:16:12:32 -0300] "GET /cormun/servlet/trautorizarsolicitud? HTTP/1.1" 200 8729
186.103.157.42 - - [10/Apr/2018:16:12:32 -0300] "GET /cormun/static/gxcfg.js?2017111423403364 HTTP/1.1" 304 -
186.103.157.42 - - [10/Apr/2018:16:12:32 -0300] "GET /cormun/static/trautorizarsolicitud.js?201711142340425 HTTP/1.1" 304 -
186.103.157.42 - - [10/Apr/2018:16:12:32 -0300] "GET /cormun/servlet/trautorizarsolicitud? HTTP/1.1" 200 8728
186.103.157.42 - - [10/Apr/2018:16:12:38 -0300] "POST /cormun/servlet/trautorizarsolicitud?d21481a46c4c3888fbfff18113f6c7ab,,gx-no-cache=1523387517613 HTTP/1.1" 200 4608
186.103.157.42 - - [10/Apr/2018:16:12:39 -0300] "GET /cormun/static/Shared/jqueryui/images/ui-icons_82798d_256x240.png HTTP/1.1" 404 1089
186.103.157.42 - - [10/Apr/2018:16:12:39 -0300] "GET /cormun/static/Shared/jqueryui/images/ui-bg_highlight-soft_100_c6c2c8_1x100.png HTTP/1.1" 404 1117
186.103.157.42 - - [10/Apr/2018:16:12:39 -0300] "GET /cormun/static/Shared/jqueryui/images/ui-bg_flat_55_fafafa_40x100.png HTTP/1.1" 404 1097
186.103.157.42 - - [10/Apr/2018:16:12:39 -0300] "GET /cormun/static/Shared/jqueryui/images/ui-icons_8d78a5_256x240.png HTTP/1.1" 404 1089
186.103.157.42 - - [10/Apr/2018:16:12:40 -0300] "POST /cormun/servlet/trautorizarsolicitud?d21481a46c4c3888fbfff18113f6c7ab,,gx-no-cache=1523387518904 HTTP/1.1" 200 4389
186.103.157.42 - - [10/Apr/2018:16:12:46 -0300] "GET /cormun/static/menuarrow.gif HTTP/1.1" 404 1015
186.103.157.42 - - [10/Apr/2018:16:12:56 -0300] "POST /cormun/servlet/trautorizarsolicitud?d21481a46c4c3888fbfff18113f6c7ab,,gx-no-cache=1523387535365 HTTP/1.1" 200 5785
186.79.27.69 - - [10/Apr/2018:16:13:16 -0300] "GET /cormun/servlet/licenciaspermisos?bf7a35c14433b3289a1bf3432a4ca1fffc2a4d1bd581625ad920527609cc2f3cc217e762a00599e5d21cdf5128fe5aedf588448958be285bc1ec1b24915d23960bf5fe61fc40d9f1a8233e45976e5e4ddfbc04712149ea4ca0a37678baca4e7fca3e4bfe6a7f6dfbad8f1c539ceb24f7eb97b75fa454301e41572a5f321c7658f4dc6bc8e76f2e33802b3ce319950f25f2a491835316a1845fa1d11b6b8d1967859352281a07bd7573ffaa9c90099ad0,gx-no-cache=1523387539611 HTTP/1.1" 200 30
186.79.27.69 - - [10/Apr/2018:16:13:20 -0300] "GET /cormun/servlet/licenciaspermisos?bf7a35c14433b3289a1bf3432a4ca1ff42c76182f1c68de5f5de76a9d8798bc3e9dc0591bf29c300bcd08d6d1c90157a7acbf1b49cb5bd70bca8e0678d083256c85c7032f490038307df8175f099305545fd74e95907c49557a1099671b731dae4300b623a6e24748d18a5ecfe55d235fbd74cad8e6dd31d7001ef50d831f7d1b9671f15ebb95dd1f8747280cb469eaa37c1a9a09f2d464e3e32ad54fe91e2e97aa353a1836473742b931064ee4f0168,gx-no-cache=1523387541438 HTTP/1.1" 200 29
186.79.27.69 - - [10/Apr/2018:16:13:22 -0300] "POST /cormun/servlet/licenciaspermisos?bd45ebcdf57422884be98a9d5014708c,INS,0,,,,gx-no-cache=1523387545960 HTTP/1.1" 200 93
186.79.27.69 - - [10/Apr/2018:16:13:22 -0300] "GET /cormun/servlet/hpexe_return? HTTP/1.1" 200 1013
186.79.27.69 - - [10/Apr/2018:16:13:22 -0300] "GET /cormun/servlet/trlicencias HTTP/1.1" 200 11543
186.79.27.69 - - [10/Apr/2018:16:13:24 -0300] "GET /cormun/servlet/trlicencias HTTP/1.1" 200 11537
186.79.27.69 - - [10/Apr/2018:16:13:28 -0300] "GET /cormun/servlet/trlicenciaspermisosadjuntos?7123798,20180410000000,L, HTTP/1.1" 200 6587
186.79.27.69 - - [10/Apr/2018:16:13:28 -0300] "GET /cormun/static/gxcfg.js?20177612163414 HTTP/1.1" 200 953
186.79.27.69 - - [10/Apr/2018:16:13:29 -0300] "GET /cormun/static/trlicenciaspermisosadjuntos.js?20177612163719 HTTP/1.1" 200 21036
186.79.27.69 - - [10/Apr/2018:16:13:29 -0300] "GET /cormun/servlet/trlicenciaspermisosadjuntos?7123798,20180410000000,L, HTTP/1.1" 200 6588
186.79.27.69 - - [10/Apr/2018:16:13:31 -0300] "GET /cormun/servlet/licenciaspermisosadjuntos?INS,7123798,L,20180410000000,, HTTP/1.1" 200 5886
186.79.27.69 - - [10/Apr/2018:16:13:32 -0300] "GET /cormun/static/gxcfg.js?2017761263592 HTTP/1.1" 200 953
186.79.27.69 - - [10/Apr/2018:16:13:32 -0300] "GET /cormun/static/licenciaspermisosadjuntos.js?201776126362 HTTP/1.1" 200 8760
186.79.27.69 - - [10/Apr/2018:16:13:32 -0300] "GET /cormun/static/about:blank HTTP/1.1" 404 1011
186.79.27.69 - - [10/Apr/2018:16:13:36 -0300] "GET /cormun/servlet/licenciaspermisosadjuntos?INS,7123798,L,20180410000000,, HTTP/1.1" 200 5875
190.161.236.41 - - [10/Apr/2018:16:13:42 -0300] "GET /cormun/servlet/prbanco?,MD,,gxPopupLevel%3D0%3B HTTP/1.1" 200 6568
190.161.236.41 - - [10/Apr/2018:16:13:42 -0300] "GET /cormun/static/prbanco.js?2018116101633 HTTP/1.1" 304 -
190.161.236.41 - - [10/Apr/2018:16:13:49 -0300] "GET /cormun/servlet/solicitudot?93f0cf0f4765040e448f212091b03771cfe93b5e1e5bae7884c59d8a6010d29ffd5f3d76e210bce272a9ab04a701c93de9feb98bd6b4c45acffbe4209d353dfc,gx-no-cache=1523387575518 HTTP/1.1" 200 30
190.161.236.41 - - [10/Apr/2018:16:13:50 -0300] "GET /cormun/servlet/solicitudot?93f0cf0f4765040e448f212091b03771c4abb9908fb34045e595b1b6ff2c2a3d,gx-no-cache=1523387576813 HTTP/1.1" 200 53
186.79.27.69 - - [10/Apr/2018:16:13:59 -0300] "POST /cormun/servlet/licenciaspermisosadjuntos?bd45ebcdf57422884be98a9d5014708c,INS,7123798,L,20180410000000,, HTTP/1.1" 200 116
186.79.27.69 - - [10/Apr/2018:16:14:01 -0300] "GET /cormun/servlet/hpexe_return? HTTP/1.1" 200 1042
186.79.27.69 - - [10/Apr/2018:16:14:01 -0300] "GET /cormun/servlet/trlicenciaspermisosadjuntos?7123798,20180410000000,L, HTTP/1.1" 200 7096
186.79.27.69 - - [10/Apr/2018:16:14:03 -0300] "GET /cormun/servlet/trlicenciaspermisosadjuntos?7123798,20180410000000,L, HTTP/1.1" 200 7093
186.79.27.69 - - [10/Apr/2018:16:14:05 -0300] "POST /cormun/servlet/trlicenciaspermisosadjuntos?bd45ebcdf57422884be98a9d5014708c,7123798,20180410000000,L,,gx-no-cache=1523387590322 HTTP/1.1" 200 90
190.161.236.41 - - [10/Apr/2018:16:14:05 -0300] "POST /cormun/servlet/solicitudot?f0557362d32ba5113dd364cb8b24b921,INS,0,0,,gx-no-cache=1523387591788 HTTP/1.1" 200 10450
186.79.27.69 - - [10/Apr/2018:16:14:05 -0300] "GET /cormun/servlet/hpexe_link HTTP/1.1" 200 984
190.161.236.41 - - [10/Apr/2018:16:14:05 -0300] "GET /cormun/static/Shared/jqueryui/images/ui-icons_82798d_256x240.png HTTP/1.1" 404 1089
186.103.159.188 - - [10/Apr/2018:16:14:05 -0300] "GET /cormun/static/Shared/jqueryui/images/ui-bg_flat_55_fafafa_40x100.png HTTP/1.1" 404 1097
190.161.236.41 - - [10/Apr/2018:16:14:05 -0300] "GET /cormun/static/Shared/jqueryui/images/ui-icons_8d78a5_256x240.png HTTP/1.1" 404 1089
190.161.236.41 - - [10/Apr/2018:16:14:05 -0300] "GET /cormun/static/Shared/jqueryui/images/ui-bg_highlight-soft_100_c6c2c8_1x100.png HTTP/1.1" 404 1117
186.79.27.69 - - [10/Apr/2018:16:14:06 -0300] "GET /cormun/servlet/trlicencias HTTP/1.1" 200 11540
190.161.236.41 - - [10/Apr/2018:16:14:07 -0300] "GET /cormun/servlet/solicitudot?93f0cf0f4765040e448f212091b03771cfe93b5e1e5bae7884c59d8a6010d29ffd5f3d76e210bce272a9ab04a701c93d7f7bef1b239957e193d4e77c05b783da,gx-no-cache=1523387593456 HTTP/1.1" 200 30
190.161.236.41 - - [10/Apr/2018:16:14:07 -0300] "GET /cormun/servlet/solicitudot?93f0cf0f4765040e448f212091b037718e8f811148594d9e591041e99bcfa9154b5b7b8b468c8a43fb6e429088df581289e27baa546296edbb3fa0dfd12885dd,gx-no-cache=1523387593553 HTTP/1.1" 200 53
186.79.27.69 - - [10/Apr/2018:16:14:07 -0300] "GET /cormun/servlet/trlicencias HTTP/1.1" 200 11537
186.79.27.69 - - [10/Apr/2018:16:14:12 -0300] "GET /cormun/servlet/alicenciaprn?7123798,L,20180410000000,PU HTTP/1.1" 200 1546
190.161.236.41 - - [10/Apr/2018:16:14:22 -0300] "POST /cormun/servlet/solicitudot?gx-no-cache=1523387608931 HTTP/1.1" 200 297
190.161.236.41 - - [10/Apr/2018:16:14:24 -0300] "GET /cormun/servlet/solicitudot?93f0cf0f4765040e448f212091b037712dfb9db3a6ee34fa6c05cb44ed36d85506417c8cbcbd556dbb5eb03b496d9925451ee1adf7ab6b61dfd246d5e4e481e5148f5458fe2027eadfda9aac81d7930f10b7735723a7cf30b91d5eeb9cf194ffff6c8e5addcd31141ea10548ac971b55e3f164f8cb287103218b970806ed07e4bc608fe448a68af0577e534833286e5fec9756d49285ccfca0b209fe23bc8ab49797d0531a55f73fc9bd7c4c86d76781d18f155a9915120b646574aa0eb13c5b36320f1755980ebe55d6ea6eb599b0128fb8cfdcfecdc6bee7c4f056aed0f0ff4749083a50505f139c3a289eb95d7e5c5be635dd8e80a9640456f159b7211eeab9e27b6386b0862e04efb15f95248c76613334bcee4f6668673a473e7e93168cd094885d36c9e6c21764797698d04dfc9ff3ab30fe7f0a1a9b59bbd4629441d6be06316d57c550fd84fb2ce0c608c46ce3fbb1994dc920d161c36a8c6e708e8b8628ebe79ff2e98fd9f939b12fd77df8808894b30662f3460223504b4bb1f2475abfb21c4d99c12022db2e4293731097,gx-no-cache=1523387611124 HTTP/1.1" 200 30
200.111.191.210 - - [10/Apr/2018:16:14:25 -0300] "GET /cormun/servlet/treventos?2018,11051, HTTP/1.1" 200 7312
200.111.191.210 - - [10/Apr/2018:16:14:25 -0300] "GET /cormun/static/Resources/Spanish/PXTools.css?167811 HTTP/1.1" 304 -
200.111.191.210 - - [10/Apr/2018:16:14:25 -0300] "GET /cormun/static/hwchdr01.js?201752511465785 HTTP/1.1" 304 -
200.111.191.210 - - [10/Apr/2018:16:14:25 -0300] "GET /cormun/static/hpexe_recentlink.js?20177611595044 HTTP/1.1" 304 -
200.111.191.210 - - [10/Apr/2018:16:14:25 -0300] "GET /cormun/static/hpexe_scripts.js?201752511465715 HTTP/1.1" 304 -
200.111.191.210 - - [10/Apr/2018:16:14:25 -0300] "GET /cormun/static/hpexe_messagecontroller.js?20177611595012 HTTP/1.1" 304 -
200.111.191.210 - - [10/Apr/2018:16:14:25 -0300] "GET /cormun/static/hpexe_messagepopupcomponent.js?20161017169425 HTTP/1.1" 304 -
200.111.191.210 - - [10/Apr/2018:16:14:26 -0300] "GET /cormun/static/hpexe_messagegenexuscomponent.js?201752511465344 HTTP/1.1" 304 -
200.111.191.210 - - [10/Apr/2018:16:14:26 -0300] "GET /cormun/static/cmcontrolpreferences.js?201752511465670 HTTP/1.1" 304 -
200.111.191.210 - - [10/Apr/2018:16:14:26 -0300] "GET /cormun/static/hmpwkw03.js?20177612122668 HTTP/1.1" 304 -
200.111.191.210 - - [10/Apr/2018:16:14:26 -0300] "GET /cormun/servlet/hlogin HTTP/1.1" 200 1735
200.111.191.210 - - [10/Apr/2018:16:14:26 -0300] "GET /cormun/servlet/treventos?2018,11051, HTTP/1.1" 200 7315
200.111.191.210 - - [10/Apr/2018:16:14:26 -0300] "GET /cormun/static/Resources/Spanish/PXTools.css?11423723 HTTP/1.1" 304 -
200.111.191.210 - - [10/Apr/2018:16:14:26 -0300] "GET /cormun/static/hlogin.js?20175251213537 HTTP/1.1" 304 -
190.161.236.41 - - [10/Apr/2018:16:14:28 -0300] "POST /cormun/servlet/solicitudot?gx-no-cache=1523387614666 HTTP/1.1" 200 30
190.161.236.41 - - [10/Apr/2018:16:14:30 -0300] "POST /cormun/servlet/solicitudot?gx-no-cache=1523387616768 HTTP/1.1" 200 1366
190.161.236.41 - - [10/Apr/2018:16:14:30 -0300] "POST /cormun/servlet/solicitudot?gx-no-cache=1523387616874 HTTP/1.1" 200 38
200.111.191.210 - - [10/Apr/2018:16:14:33 -0300] "POST /cormun/servlet/hlogin?b8af0a04cba770a41bd91e3cdb2d18f3,gx-no-cache=1523387645696 HTTP/1.1" 200 90
200.111.191.210 - - [10/Apr/2018:16:14:33 -0300] "GET /cormun/servlet/hpexe_link HTTP/1.1" 200 955
200.111.191.210 - - [10/Apr/2018:16:14:33 -0300] "GET /cormun/servlet/treventos?2018,11051, HTTP/1.1" 200 7878
200.111.191.210 - - [10/Apr/2018:16:14:33 -0300] "GET /cormun/servlet/treventos?2018,11051, HTTP/1.1" 200 7883
190.161.236.41 - - [10/Apr/2018:16:14:42 -0300] "GET /cormun/servlet/solicitudot?93f0cf0f4765040e448f212091b0377189f26710ba536e5890cf4125ac24fd5e1817a154d34b39643c7b547d1114373d6fe3776058ff0e5e272f5346db7665b199e649cf3909fc8888042e77b4ddc9d49a4a92591d7ecfdd5179cbcdaaf71e1b32f68ebc8f8bbf53587b550818e7a94c,gx-no-cache=1523387628579 HTTP/1.1" 200 29
190.161.236.41 - - [10/Apr/2018:16:14:42 -0300] "POST /cormun/servlet/solicitudot?gx-no-cache=1523387628669 HTTP/1.1" 200 1350
190.161.236.41 - - [10/Apr/2018:16:14:42 -0300] "POST /cormun/servlet/solicitudot?gx-no-cache=1523387628781 HTTP/1.1" 200 1246
200.111.191.210 - - [10/Apr/2018:16:14:43 -0300] "GET /cormun/servlet/hlogin HTTP/1.1" 200 1735
190.161.236.41 - - [10/Apr/2018:16:14:46 -0300] "GET /cormun/static/menuarrow.gif HTTP/1.1" 404 1015
200.111.191.210 - - [10/Apr/2018:16:14:46 -0300] "POST /cormun/servlet/hlogin?b8af0a04cba770a41bd91e3cdb2d18f3,gx-no-cache=1523387659337 HTTP/1.1" 200 449
190.161.236.41 - - [10/Apr/2018:16:14:50 -0300] "GET /cormun/servlet/solicitudot?93f0cf0f4765040e448f212091b037719e5d4142d419ba128e2095f9ef446238132ee8afb8d64fbf5d2f6bb9c1ad008f,gx-no-cache=1523387637261 HTTP/1.1" 200 30
200.111.191.210 - - [10/Apr/2018:16:14:52 -0300] "POST /cormun/servlet/hlogin?b8af0a04cba770a41bd91e3cdb2d18f3,gx-no-cache=1523387664926 HTTP/1.1" 200 90
200.111.191.210 - - [10/Apr/2018:16:14:52 -0300] "GET /cormun/servlet/hpexe_link HTTP/1.1" 200 955
200.111.191.210 - - [10/Apr/2018:16:14:52 -0300] "GET /cormun/servlet/treventos?2018,11051, HTTP/1.1" 200 7878
200.111.191.210 - - [10/Apr/2018:16:14:53 -0300] "GET /cormun/servlet/treventos?2018,11051, HTTP/1.1" 200 7883
200.111.191.210 - - [10/Apr/2018:16:14:58 -0300] "GET /cormun/servlet/hlogin HTTP/1.1" 200 1735
200.111.191.210 - - [10/Apr/2018:16:15:01 -0300] "POST /cormun/servlet/hlogin?b8af0a04cba770a41bd91e3cdb2d18f3,gx-no-cache=1523387674111 HTTP/1.1" 200 90
200.111.191.210 - - [10/Apr/2018:16:15:01 -0300] "GET /cormun/servlet/hpexe_link HTTP/1.1" 200 955
200.111.191.210 - - [10/Apr/2018:16:15:01 -0300] "GET /cormun/servlet/treventos?2018,11051, HTTP/1.1" 200 7878
190.161.236.41 - - [10/Apr/2018:16:15:02 -0300] "POST /cormun/servlet/solicitudot?gx-no-cache=1523387648431 HTTP/1.1" 200 30
200.111.191.210 - - [10/Apr/2018:16:15:02 -0300] "GET /cormun/servlet/treventos?2018,11051, HTTP/1.1" 200 7883
190.161.236.41 - - [10/Apr/2018:16:15:02 -0300] "POST /cormun/servlet/solicitudot?f0557362d32ba5113dd364cb8b24b921,INS,0,0,,gx-no-cache=1523387648523 HTTP/1.1" 200 93
190.161.236.41 - - [10/Apr/2018:16:15:02 -0300] "GET /cormun/servlet/hpexe_return? HTTP/1.1" 200 1006
190.161.236.41 - - [10/Apr/2018:16:15:02 -0300] "GET /cormun/servlet/trsolicitudot HTTP/1.1" 200 8533
190.161.236.41 - - [10/Apr/2018:16:15:03 -0300] "GET /cormun/servlet/trsolicitudot HTTP/1.1" 200 8528
200.111.191.210 - - [10/Apr/2018:16:15:04 -0300] "GET /cormun/servlet/trsolicitudot? HTTP/1.1" 200 7168
200.111.191.210 - - [10/Apr/2018:16:15:04 -0300] "GET /cormun/servlet/trsolicitudot? HTTP/1.1" 200 7158
200.111.191.210 - - [10/Apr/2018:16:15:05 -0300] "POST /cormun/servlet/trsolicitudot?b8af0a04cba770a41bd91e3cdb2d18f3,,gx-no-cache=1523387677866 HTTP/1.1" 200 4265
200.111.191.210 - - [10/Apr/2018:16:15:11 -0300] "POST /cormun/servlet/trsolicitudot?b8af0a04cba770a41bd91e3cdb2d18f3,,gx-no-cache=1523387684133 HTTP/1.1" 200 15132
200.111.191.210 - - [10/Apr/2018:16:15:16 -0300] "GET /cormun/servlet/treventos?2018,11051, HTTP/1.1" 200 7877
200.111.191.210 - - [10/Apr/2018:16:15:16 -0300] "GET /cormun/servlet/treventos?2018,11051, HTTP/1.1" 200 7883
200.111.191.210 - - [10/Apr/2018:16:15:19 -0300] "GET /cormun/servlet/trsolicitudot? HTTP/1.1" 200 17922
200.111.191.210 - - [10/Apr/2018:16:15:19 -0300] "GET /cormun/servlet/trsolicitudot? HTTP/1.1" 200 17921
186.103.159.188 - - [10/Apr/2018:16:15:30 -0300] "POST /cormun/servlet/trsolicitudot?f0557362d32ba5113dd364cb8b24b921,gx-no-cache=1523387676396 HTTP/1.1" 200 106
186.103.159.188 - - [10/Apr/2018:16:15:30 -0300] "GET /cormun/servlet/trsolicitudadjuntos?2018,11078, HTTP/1.1" 200 6048
186.103.159.188 - - [10/Apr/2018:16:15:30 -0300] "GET /cormun/servlet/trsolicitudadjuntos?2018,11078, HTTP/1.1" 200 6048
