186.103.156.166 - - [05/Apr/2018:12:54:01 -0300] "GET /cormun/servlet/solicitudot?25ce3fc13e120fc18d6697bceb5ab19e586561223be74179c1a64f31a922ec640fb657ee2a46574f2f316b4a8e0bdc4fcbbf26037bc012eaa5f98b84d1a53a42,gx-no-cache=1522947194930 HTTP/1.1" 200 30
186.103.156.166 - - [05/Apr/2018:12:54:05 -0300] "GET /cormun/servlet/solicitudot?25ce3fc13e120fc18d6697bceb5ab19e7af95adbf8c627045d3c49e522433df4,gx-no-cache=1522947198330 HTTP/1.1" 200 53
186.103.156.166 - - [05/Apr/2018:12:54:27 -0300] "POST /cormun/servlet/solicitudot?gx-no-cache=1522947220888 HTTP/1.1" 200 240
186.103.156.166 - - [05/Apr/2018:12:54:27 -0300] "GET /cormun/servlet/solicitudot?25ce3fc13e120fc18d6697bceb5ab19ead438a81a41ff701c4ab9082b7558e241f1eb7b6cd831a9cfa525b4cec31db16661219fec6d8776cb5d0d0743ed1c7cb158396d83490c835cb2c4061c5ba1c61e7da5d87620b7cd99f44c3d94f20fad24cb0fb43dcc8bb54a51108e27f3e3509e89a0875d8ced07b8dcfc65b720001acfebbc1000f8e27f67286db07e76e11b39aa2993030ca81c95dea1ecddd558bfc0e5b0087933331a1dd28669e6e4e3a0d72e1b40fd878a3e252ad5b560f755bd49ca2d76f5b17e4a1110eea90223e88abb55a6c32ca6dd9cc2af40151d1e3a95c4a91b4143d5327f6dd59cfc03749c0410ec238623ad9f0402a800ff4027fde1a610b969eed2fa783d5ba35bc5b01a793c6967c518835e838f58bc77a7168ee63211b0780bf2999b22cee15293a858374d5b873ac4f19583bc52c8110570944d1d42f48a873c766be70b177e057f14785e93ed969ffc6e6b0419974023e48a59b0df10c37eb3800d82151d99a195c2fc1c80b2ca38c482b189d170a4669194c1d,gx-no-cache=1522947220964 HTTP/1.1" 200 30
186.103.156.166 - - [05/Apr/2018:12:56:29 -0300] "POST /cormun/servlet/solicitudot?gx-no-cache=1522947342505 HTTP/1.1" 200 30
186.103.156.166 - - [05/Apr/2018:12:56:40 -0300] "POST /cormun/servlet/solicitudot?gx-no-cache=1522947353672 HTTP/1.1" 200 1368
186.103.156.166 - - [05/Apr/2018:12:56:44 -0300] "GET /cormun/servlet/prfichaempleado?,MD,,gxPopupLevel%3D0%3B HTTP/1.1" 200 9326
186.103.156.166 - - [05/Apr/2018:12:56:44 -0300] "GET /cormun/static/gxcfg.js?20177612134814 HTTP/1.1" 200 953
186.103.156.166 - - [05/Apr/2018:12:57:02 -0300] "POST /cormun/servlet/prfichaempleado?067569cc1d4debf7ca9c7213f7452d90,,MD,,gxPopupLevel%3D0%3B,gx-no-cache=1522947375590 HTTP/1.1" 200 3412
186.103.156.166 - - [05/Apr/2018:12:57:11 -0300] "GET /cormun/servlet/prlicenciaspermisos?17080289,L,,MD,,gxPopupLevel%3D0%3B HTTP/1.1" 200 5612
186.103.156.166 - - [05/Apr/2018:12:57:12 -0300] "GET /cormun/static/gxcfg.js?20176272053834 HTTP/1.1" 200 953
186.103.156.166 - - [05/Apr/2018:12:57:12 -0300] "GET /cormun/static/prlicenciaspermisos.js?20176272054050 HTTP/1.1" 200 13379
186.103.156.166 - - [05/Apr/2018:12:57:12 -0300] "GET /cormun/static/Resources/Spanish/PXTools.css?17315867 HTTP/1.1" 200 89042
186.103.156.166 - - [05/Apr/2018:12:57:18 -0300] "POST /cormun/servlet/solicitudot?gx-no-cache=1522947391255 HTTP/1.1" 200 1368
186.103.156.166 - - [05/Apr/2018:12:57:27 -0300] "POST /cormun/servlet/solicitudot?gx-no-cache=1522947400566 HTTP/1.1" 200 41
186.103.157.98 - - [05/Apr/2018:12:57:32 -0300] "POST /cormun/servlet/solicitudot?gx-no-cache=1522943802048 HTTP/1.1" 200 3284
186.103.157.98 - - [05/Apr/2018:12:57:32 -0300] "POST /cormun/servlet/solicitudot?d01e843b4db1961cca53af267de8ac91,INS,0,0,,gx-no-cache=1522943802248 HTTP/1.1" 200 10438
186.103.156.166 - - [05/Apr/2018:12:57:33 -0300] "GET /cormun/servlet/solicitudot?25ce3fc13e120fc18d6697bceb5ab19ee9975c750d12ae2a3443010c90a69ca8df3275ef70bf3341f84d32f6c2b7745a5c4786b0a28707cda9529d33d947dbfbbf52d6c23f70a046309dc1bcbc70e0c7f91bbf901e44dedbb6ffc0fa6b937b4915de52d107a9a1dbacfa80d077d0c531,gx-no-cache=1522947406813 HTTP/1.1" 200 29
186.103.156.166 - - [05/Apr/2018:12:57:33 -0300] "POST /cormun/servlet/solicitudot?gx-no-cache=1522947406865 HTTP/1.1" 200 1349
186.103.156.166 - - [05/Apr/2018:12:57:33 -0300] "POST /cormun/servlet/solicitudot?gx-no-cache=1522947406943 HTTP/1.1" 200 1249
186.103.157.98 - - [05/Apr/2018:12:57:35 -0300] "GET /cormun/servlet/solicitudot?a6b33c35ec440a3682cb0249143af8b5f7f6d3f7e437bcf30872bb89b836f686d1c52bc288c6478259c09f455140371e,gx-no-cache=1522943804918 HTTP/1.1" 200 30
186.103.156.166 - - [05/Apr/2018:12:57:41 -0300] "GET /cormun/static/menuarrow.gif HTTP/1.1" 404 1015
186.103.156.166 - - [05/Apr/2018:12:58:18 -0300] "GET /cormun/servlet/solicitudot?25ce3fc13e120fc18d6697bceb5ab19e1173644ec42b1d4b6072c261c91fa9eeca5462c1528357784095e69a05539915,gx-no-cache=1522947451732 HTTP/1.1" 200 134
186.103.156.166 - - [05/Apr/2018:12:58:18 -0300] "GET /cormun/static/Shared/jqueryui/images/ui-bg_highlight-soft_100_c6c2c8_1x100.png HTTP/1.1" 404 1117
186.103.156.166 - - [05/Apr/2018:12:58:18 -0300] "GET /cormun/static/Shared/jqueryui/images/ui-icons_82798d_256x240.png HTTP/1.1" 404 1089
186.103.156.166 - - [05/Apr/2018:12:58:18 -0300] "GET /cormun/static/Shared/jqueryui/images/ui-bg_flat_55_994d53_40x100.png HTTP/1.1" 404 1097
186.103.156.166 - - [05/Apr/2018:12:58:18 -0300] "GET /cormun/static/Shared/jqueryui/images/ui-icons_ebccce_256x240.png HTTP/1.1" 404 1089
186.103.156.166 - - [05/Apr/2018:12:58:18 -0300] "POST /cormun/servlet/solicitudot?gx-no-cache=1522947451852 HTTP/1.1" 200 34
186.103.156.166 - - [05/Apr/2018:12:58:53 -0300] "POST /cormun/servlet/solicitudot?067569cc1d4debf7ca9c7213f7452d90,INS,0,0,,gx-no-cache=1522947486120 HTTP/1.1" 200 12042
186.103.156.166 - - [05/Apr/2018:12:59:19 -0300] "GET /cormun/servlet/solicitudot?25ce3fc13e120fc18d6697bceb5ab19efb02f56397e8710707f2093b339aeba15d85fa1be0652414c8d1d48d690833b0,gx-no-cache=1522947512330 HTTP/1.1" 200 30
186.103.156.166 - - [05/Apr/2018:12:59:19 -0300] "POST /cormun/servlet/solicitudot?gx-no-cache=1522947512380 HTTP/1.1" 200 34
186.103.156.166 - - [05/Apr/2018:12:59:19 -0300] "POST /cormun/servlet/solicitudot?067569cc1d4debf7ca9c7213f7452d90,INS,0,0,,gx-no-cache=1522947512422 HTTP/1.1" 200 93
186.103.156.166 - - [05/Apr/2018:12:59:19 -0300] "GET /cormun/servlet/hpexe_return? HTTP/1.1" 200 1001
186.103.156.166 - - [05/Apr/2018:12:59:19 -0300] "GET /cormun/servlet/trsolicitudot HTTP/1.1" 200 8798
186.103.156.166 - - [05/Apr/2018:12:59:20 -0300] "GET /cormun/servlet/trsolicitudot HTTP/1.1" 200 8794
186.103.156.166 - - [05/Apr/2018:12:59:57 -0300] "GET /cormun/servlet/trsolicitudot? HTTP/1.1" 200 8794
186.103.156.166 - - [05/Apr/2018:12:59:58 -0300] "GET /cormun/servlet/trsolicitudot? HTTP/1.1" 200 8794
192.168.10.96 - - [05/Apr/2018:12:59:59 -0300] "GET /cormun/servlet/trsolicitudgral? HTTP/1.1" 200 11541
192.168.10.96 - - [05/Apr/2018:13:00:00 -0300] "GET /cormun/servlet/trsolicitudgral? HTTP/1.1" 200 11541
186.103.156.166 - - [05/Apr/2018:13:00:01 -0300] "GET /cormun/servlet/solicitudot?INS,0,0, HTTP/1.1" 200 13607
186.103.156.166 - - [05/Apr/2018:13:00:02 -0300] "GET /cormun/servlet/solicitudot?INS,0,0, HTTP/1.1" 200 13612
186.103.157.98 - - [05/Apr/2018:13:00:02 -0300] "GET /cormun/servlet/solicitudot?a6b33c35ec440a3682cb0249143af8b5fe893f73373cc252eaaf5f37ada5728f,gx-no-cache=1522943951944 HTTP/1.1" 200 94
186.103.157.98 - - [05/Apr/2018:13:00:02 -0300] "GET /cormun/static/Shared/jqueryui/images/ui-bg_highlight-soft_100_c6c2c8_1x100.png HTTP/1.1" 404 1117
186.103.157.98 - - [05/Apr/2018:13:00:02 -0300] "GET /cormun/static/Shared/jqueryui/images/ui-icons_ebccce_256x240.png HTTP/1.1" 404 1089
186.103.157.98 - - [05/Apr/2018:13:00:02 -0300] "GET /cormun/static/Shared/jqueryui/images/ui-icons_82798d_256x240.png HTTP/1.1" 404 1089
186.103.157.98 - - [05/Apr/2018:13:00:02 -0300] "GET /cormun/static/Shared/jqueryui/images/ui-bg_flat_55_994d53_40x100.png HTTP/1.1" 404 1097
186.103.157.98 - - [05/Apr/2018:13:00:02 -0300] "GET /cormun/servlet/solicitudot?a6b33c35ec440a3682cb0249143af8b57765309a22a1fe71c6258b49b0c94f53,gx-no-cache=1522943952188 HTTP/1.1" 200 29
186.103.157.98 - - [05/Apr/2018:13:00:04 -0300] "POST /cormun/servlet/solicitudot?gx-no-cache=1522943953835 HTTP/1.1" 200 240
192.168.10.96 - - [05/Apr/2018:13:00:06 -0300] "POST /cormun/servlet/trsolicitudgral?00a3eefd8f82b3b4755ad95d8453f6b8,,gx-no-cache=1522943833414 HTTP/1.1" 200 8012
186.103.157.98 - - [05/Apr/2018:13:00:08 -0300] "GET /cormun/servlet/solicitudot?a6b33c35ec440a3682cb0249143af8b5d43266a1c70bf86cb1e809a76e27d47e632a6e40b578ea2df8cf2d6d6455860f48f4573d4c5b36cf3700b1b9c59acf1d3ba8a2526a8fff8d32616454708c74ebb3fe6501557a53853d36e62c3f4c3b9bba8153b52492125fbcada89578e0089d435ed19546f65fb0ab950e8d2b842d1db082c2866d0de44a82771967343b7f4ac5597af504c4568035f8f74da1f679d4daadf598a99c428e5691edd0f9b9ae13ff42632a3618a99fc0a6d214d50f0c211fe39bd028a46008049c120114c73539fb8ca035ad673f9d1b59d4d0cd809e76f5b9faf77c8daac6c7fe150c44c0caefa4077042cc774e368feee5faff546f07fe4d286d02822a78950ba476e052a3aef00bf6107d8d91cc90aaee9f3817c95ddf3157838b5516e7506eb161eced8a454055c1e1e479f958a0678900011b778b2a276eb09150ddd48b3301c456f7d9f4b3135804a42e0729dc8eb833dcb33c8e12886800c9ecc6f1809205f3e1cb309aa60e4da828eb1e2ed698a6319b1aacd1,gx-no-cache=1522943957309 HTTP/1.1" 200 30
186.103.156.166 - - [05/Apr/2018:13:00:11 -0300] "GET /cormun/servlet/prfichaempleado?,MD,,gxPopupLevel%3D0%3B HTTP/1.1" 200 9326
186.103.156.166 - - [05/Apr/2018:13:00:17 -0300] "POST /cormun/servlet/solicitudot?gx-no-cache=1522947570628 HTTP/1.1" 200 3291
186.103.156.166 - - [05/Apr/2018:13:00:17 -0300] "POST /cormun/servlet/solicitudot?067569cc1d4debf7ca9c7213f7452d90,INS,0,0,,gx-no-cache=1522947570825 HTTP/1.1" 200 10437
186.103.159.46 - - [05/Apr/2018:13:00:30 -0300] "POST /cormun/servlet/hlogin?0b1c1b0d6753b85b6f8e58507e4149bb,gx-no-cache=1522943977718 HTTP/1.1" 440 972
186.103.159.46 - - [05/Apr/2018:13:00:32 -0300] "GET /cormun/servlet/hlogin HTTP/1.1" 200 1734
186.103.156.166 - - [05/Apr/2018:13:00:41 -0300] "GET /cormun/servlet/solicitudot?25ce3fc13e120fc18d6697bceb5ab19efad995cd37678c54f9201ad13829950501430410146156f5736f83f1c3d21584,gx-no-cache=1522947594685 HTTP/1.1" 200 30
186.103.159.46 - - [05/Apr/2018:13:00:46 -0300] "POST /cormun/servlet/hlogin?a8ab94dd7dffbefb04792a33f93345f0,gx-no-cache=1522943993116 HTTP/1.1" 200 90
186.103.159.46 - - [05/Apr/2018:13:00:46 -0300] "GET /cormun/servlet/hpexe_link HTTP/1.1" 200 956
186.103.159.46 - - [05/Apr/2018:13:00:46 -0300] "GET /cormun/servlet/hhome HTTP/1.1" 200 4125
186.103.159.46 - - [05/Apr/2018:13:00:48 -0300] "GET /cormun/servlet/hhome HTTP/1.1" 200 4121
186.103.159.204 - - [05/Apr/2018:13:00:51 -0300] "GET /cormun/servlet/hlogin HTTP/1.1" 200 1724
186.103.159.204 - - [05/Apr/2018:13:00:51 -0300] "GET /cormun/servlet/hlogin HTTP/1.1" 200 1728
186.103.159.46 - - [05/Apr/2018:13:00:53 -0300] "GET /cormun/servlet/trautorizarsolicitud? HTTP/1.1" 200 7237
186.103.159.46 - - [05/Apr/2018:13:00:55 -0300] "GET /cormun/servlet/trautorizarsolicitud? HTTP/1.1" 200 7236
186.103.159.204 - - [05/Apr/2018:13:01:01 -0300] "POST /cormun/servlet/hlogin?1d1ba3141c57437f7bc3b32fc4002881,gx-no-cache=1522944002571 HTTP/1.1" 200 444
186.103.159.46 - - [05/Apr/2018:13:01:02 -0300] "GET /cormun/servlet/trpermisosgoce? HTTP/1.1" 200 9143
186.103.159.46 - - [05/Apr/2018:13:01:03 -0300] "GET /cormun/servlet/trpermisosgoce? HTTP/1.1" 200 9135
186.103.159.204 - - [05/Apr/2018:13:01:06 -0300] "POST /cormun/servlet/hlogin?1d1ba3141c57437f7bc3b32fc4002881,gx-no-cache=1522944007449 HTTP/1.1" 200 90
186.103.159.204 - - [05/Apr/2018:13:01:06 -0300] "GET /cormun/servlet/hpexe_link HTTP/1.1" 200 948
186.103.159.204 - - [05/Apr/2018:13:01:06 -0300] "GET /cormun/servlet/hhome HTTP/1.1" 200 3877
186.103.159.204 - - [05/Apr/2018:13:01:07 -0300] "GET /cormun/servlet/hhome HTTP/1.1" 200 3873
186.103.156.166 - - [05/Apr/2018:13:01:08 -0300] "POST /cormun/servlet/solicitudot?gx-no-cache=1522947621822 HTTP/1.1" 200 3294
186.103.156.166 - - [05/Apr/2018:13:01:09 -0300] "POST /cormun/servlet/solicitudot?067569cc1d4debf7ca9c7213f7452d90,INS,0,0,,gx-no-cache=1522947622140 HTTP/1.1" 200 10497
186.103.159.46 - - [05/Apr/2018:13:01:13 -0300] "GET /cormun/static/menuarrow.gif HTTP/1.1" 404 1015
186.103.156.166 - - [05/Apr/2018:13:01:15 -0300] "POST /cormun/servlet/solicitudot?067569cc1d4debf7ca9c7213f7452d90,INS,0,0,,gx-no-cache=1522947628928 HTTP/1.1" 200 11961
186.103.156.166 - - [05/Apr/2018:13:01:16 -0300] "GET /cormun/static/Shared/jqueryui/images/ui-bg_highlight-soft_100_c6c2c8_1x100.png HTTP/1.1" 404 1117
186.103.156.166 - - [05/Apr/2018:13:01:16 -0300] "GET /cormun/static/Shared/jqueryui/images/ui-icons_ebccce_256x240.png HTTP/1.1" 404 1089
186.103.156.166 - - [05/Apr/2018:13:01:16 -0300] "GET /cormun/static/Shared/jqueryui/images/ui-bg_flat_55_994d53_40x100.png HTTP/1.1" 404 1097
186.103.156.166 - - [05/Apr/2018:13:01:16 -0300] "GET /cormun/static/Shared/jqueryui/images/ui-icons_82798d_256x240.png HTTP/1.1" 404 1089
186.103.159.46 - - [05/Apr/2018:13:01:17 -0300] "POST /cormun/servlet/trpermisosgoce?a8ab94dd7dffbefb04792a33f93345f0,,gx-no-cache=1522944024043 HTTP/1.1" 200 6394
186.103.156.166 - - [05/Apr/2018:13:01:21 -0300] "POST /cormun/servlet/solicitudot?067569cc1d4debf7ca9c7213f7452d90,INS,0,0,,gx-no-cache=1522947634348 HTTP/1.1" 200 93
186.103.156.166 - - [05/Apr/2018:13:01:21 -0300] "GET /cormun/servlet/hpexe_return? HTTP/1.1" 200 1001
186.103.156.166 - - [05/Apr/2018:13:01:21 -0300] "GET /cormun/servlet/trsolicitudot HTTP/1.1" 200 8798
186.103.156.166 - - [05/Apr/2018:13:01:22 -0300] "GET /cormun/servlet/trsolicitudot HTTP/1.1" 200 8794
186.103.156.166 - - [05/Apr/2018:13:01:25 -0300] "GET /cormun/servlet/trsolicitudot? HTTP/1.1" 200 8794
186.103.156.166 - - [05/Apr/2018:13:01:26 -0300] "GET /cormun/servlet/trsolicitudot? HTTP/1.1" 200 8794
186.103.156.166 - - [05/Apr/2018:13:01:28 -0300] "GET /cormun/servlet/solicitudot?INS,0,0, HTTP/1.1" 200 13605
186.103.156.166 - - [05/Apr/2018:13:01:28 -0300] "GET /cormun/servlet/solicitudot?INS,0,0, HTTP/1.1" 200 13610
186.103.156.166 - - [05/Apr/2018:13:01:34 -0300] "POST /cormun/servlet/solicitudot?gx-no-cache=1522947647126 HTTP/1.1" 200 3291
186.103.156.166 - - [05/Apr/2018:13:01:34 -0300] "POST /cormun/servlet/solicitudot?067569cc1d4debf7ca9c7213f7452d90,INS,0,0,,gx-no-cache=1522947647323 HTTP/1.1" 200 10436
186.103.156.166 - - [05/Apr/2018:13:01:36 -0300] "GET /cormun/servlet/prfichaempleado?,MD,,gxPopupLevel%3D0%3B HTTP/1.1" 200 9326
186.103.156.166 - - [05/Apr/2018:13:01:45 -0300] "POST /cormun/servlet/prfichaempleado?067569cc1d4debf7ca9c7213f7452d90,,MD,,gxPopupLevel%3D0%3B,gx-no-cache=1522947658467 HTTP/1.1" 200 3173
186.103.156.166 - - [05/Apr/2018:13:02:02 -0300] "GET /cormun/servlet/prfichaempleado?,MD,,gxPopupLevel%3D0%3B HTTP/1.1" 200 9326
186.103.156.166 - - [05/Apr/2018:13:02:16 -0300] "POST /cormun/servlet/prfichaempleado?067569cc1d4debf7ca9c7213f7452d90,,MD,,gxPopupLevel%3D0%3B,gx-no-cache=1522947689794 HTTP/1.1" 200 3600
186.103.159.46 - - [05/Apr/2018:13:02:41 -0300] "POST /cormun/servlet/trpermisosgoce?a8ab94dd7dffbefb04792a33f93345f0,,gx-no-cache=1522944108559 HTTP/1.1" 200 6423
186.103.159.46 - - [05/Apr/2018:13:02:42 -0300] "GET /cormun/static/Shared/jqueryui/images/ui-icons_82798d_256x240.png HTTP/1.1" 404 1089
186.103.159.46 - - [05/Apr/2018:13:02:42 -0300] "GET /cormun/static/Shared/jqueryui/images/ui-bg_highlight-soft_100_c6c2c8_1x100.png HTTP/1.1" 404 1117
186.103.159.46 - - [05/Apr/2018:13:02:42 -0300] "GET /cormun/static/Shared/jqueryui/images/ui-icons_8d78a5_256x240.png HTTP/1.1" 404 1089
186.103.159.46 - - [05/Apr/2018:13:02:42 -0300] "GET /cormun/static/Shared/jqueryui/images/ui-bg_flat_55_fafafa_40x100.png HTTP/1.1" 404 1097
186.103.156.166 - - [05/Apr/2018:13:03:05 -0300] "GET /cormun/servlet/solicitudot?25ce3fc13e120fc18d6697bceb5ab19ed38b3912f040abb94211ad84dc91471d8fa8911eb9e79eb5708e3124273acc43,gx-no-cache=1522947738689 HTTP/1.1" 200 111
186.103.156.166 - - [05/Apr/2018:13:03:05 -0300] "GET /cormun/static/Shared/jqueryui/images/ui-bg_highlight-soft_100_c6c2c8_1x100.png HTTP/1.1" 404 1117
186.103.156.166 - - [05/Apr/2018:13:03:05 -0300] "GET /cormun/static/Shared/jqueryui/images/ui-icons_82798d_256x240.png HTTP/1.1" 404 1089
186.103.156.166 - - [05/Apr/2018:13:03:05 -0300] "GET /cormun/static/Shared/jqueryui/images/ui-bg_flat_55_994d53_40x100.png HTTP/1.1" 404 1097
186.103.156.166 - - [05/Apr/2018:13:03:05 -0300] "GET /cormun/static/Shared/jqueryui/images/ui-icons_ebccce_256x240.png HTTP/1.1" 404 1089
186.103.156.166 - - [05/Apr/2018:13:03:10 -0300] "GET /cormun/servlet/solicitudot?25ce3fc13e120fc18d6697bceb5ab19efad995cd37678c54f9201ad13829950501430410146156f5736f83f1c3d21584,gx-no-cache=1522947743455 HTTP/1.1" 200 30
186.103.156.166 - - [05/Apr/2018:13:04:15 -0300] "GET /cormun/servlet/trvisualizadoreventos? HTTP/1.1" 200 6938
186.103.156.166 - - [05/Apr/2018:13:04:15 -0300] "GET /cormun/servlet/trvisualizadoreventos? HTTP/1.1" 200 6932
186.103.156.166 - - [05/Apr/2018:13:04:19 -0300] "GET /cormun/servlet/trautorizarsolicitud? HTTP/1.1" 200 7280
186.103.156.166 - - [05/Apr/2018:13:04:20 -0300] "GET /cormun/servlet/trautorizarsolicitud? HTTP/1.1" 200 7280
186.103.156.166 - - [05/Apr/2018:13:04:24 -0300] "GET /cormun/servlet/trsolicitudot? HTTP/1.1" 200 8795
186.103.156.166 - - [05/Apr/2018:13:04:24 -0300] "GET /cormun/servlet/trsolicitudot? HTTP/1.1" 200 8794
186.67.172.234 - - [05/Apr/2018:13:05:14 -0300] "GET /cormun/servlet/hlogin HTTP/1.1" 200 1721
186.67.172.234 - - [05/Apr/2018:13:05:15 -0300] "GET /cormun/servlet/hlogin HTTP/1.1" 200 1731
186.67.172.234 - - [05/Apr/2018:13:05:25 -0300] "POST /cormun/servlet/hlogin?451c7a9db1f1bf935ce088a5db1b3619,gx-no-cache=1522944270419 HTTP/1.1" 200 90
186.67.172.234 - - [05/Apr/2018:13:05:25 -0300] "GET /cormun/servlet/hpexe_link HTTP/1.1" 200 953
186.67.172.234 - - [05/Apr/2018:13:05:25 -0300] "GET /cormun/servlet/hhome HTTP/1.1" 200 4231
186.67.172.234 - - [05/Apr/2018:13:05:26 -0300] "GET /cormun/servlet/hhome HTTP/1.1" 200 4227
186.67.172.234 - - [05/Apr/2018:13:05:31 -0300] "GET /cormun/servlet/trsolicitudot? HTTP/1.1" 200 8858
186.67.172.234 - - [05/Apr/2018:13:05:32 -0300] "GET /cormun/servlet/trsolicitudot? HTTP/1.1" 200 8859
186.103.156.166 - - [05/Apr/2018:13:05:47 -0300] "GET /cormun/servlet/trsolicitudot? HTTP/1.1" 200 8794
186.103.156.166 - - [05/Apr/2018:13:05:48 -0300] "GET /cormun/servlet/trsolicitudot? HTTP/1.1" 200 8794
186.103.156.166 - - [05/Apr/2018:13:05:51 -0300] "GET /cormun/servlet/solicitudot?INS,0,0, HTTP/1.1" 200 13607
186.103.156.166 - - [05/Apr/2018:13:05:51 -0300] "GET /cormun/servlet/solicitudot?INS,0,0, HTTP/1.1" 200 13612
186.103.156.166 - - [05/Apr/2018:13:06:00 -0300] "POST /cormun/servlet/solicitudot?gx-no-cache=1522947912468 HTTP/1.1" 200 3291
186.103.156.166 - - [05/Apr/2018:13:06:00 -0300] "POST /cormun/servlet/solicitudot?067569cc1d4debf7ca9c7213f7452d90,INS,0,0,,gx-no-cache=1522947913393 HTTP/1.1" 200 10436
186.103.157.98 - - [05/Apr/2018:13:06:26 -0300] "GET /cormun/servlet/solicitudot?a6b33c35ec440a3682cb0249143af8b52c0c9c139d5525853ed97ba7fcfb4df42c57c98b419c118d9f5ff2461772fb73,gx-no-cache=1522944335975 HTTP/1.1" 200 30
186.103.159.46 - - [05/Apr/2018:13:06:40 -0300] "GET /cormun/servlet/hlogin HTTP/1.1" 200 1723
186.103.159.46 - - [05/Apr/2018:13:06:52 -0300] "POST /cormun/servlet/hlogin?f9f32571ccf8113e33d8e1aa3332c878,gx-no-cache=1522944358049 HTTP/1.1" 200 90
186.103.159.46 - - [05/Apr/2018:13:06:52 -0300] "GET /cormun/servlet/hpexe_link HTTP/1.1" 200 951
186.103.159.46 - - [05/Apr/2018:13:06:52 -0300] "GET /cormun/servlet/hhome HTTP/1.1" 200 3960
186.103.159.46 - - [05/Apr/2018:13:06:54 -0300] "GET /cormun/servlet/hhome HTTP/1.1" 200 3957
192.168.10.96 - - [05/Apr/2018:13:07:05 -0300] "GET /cormun/servlet/hlogin HTTP/1.1" 200 1742
186.103.156.166 - - [05/Apr/2018:13:07:05 -0300] "GET /cormun/servlet/prfichaempleado?,MD,,gxPopupLevel%3D0%3B HTTP/1.1" 200 9326
186.103.157.98 - - [05/Apr/2018:13:07:19 -0300] "POST /cormun/servlet/solicitudot?gx-no-cache=1522944389000 HTTP/1.1" 200 30
192.168.10.96 - - [05/Apr/2018:13:07:22 -0300] "POST /cormun/servlet/hlogin?00a3eefd8f82b3b4755ad95d8453f6b8,gx-no-cache=1522944269763 HTTP/1.1" 200 455
192.168.10.96 - - [05/Apr/2018:13:07:26 -0300] "POST /cormun/servlet/hlogin?00a3eefd8f82b3b4755ad95d8453f6b8,gx-no-cache=1522944273752 HTTP/1.1" 200 90
192.168.10.96 - - [05/Apr/2018:13:07:26 -0300] "GET /cormun/servlet/hpexe_link HTTP/1.1" 200 952
192.168.10.96 - - [05/Apr/2018:13:07:26 -0300] "GET /cormun/servlet/hhome HTTP/1.1" 200 4182
192.168.10.96 - - [05/Apr/2018:13:07:26 -0300] "GET /cormun/servlet/hhome HTTP/1.1" 200 4179
192.168.10.96 - - [05/Apr/2018:13:07:28 -0300] "GET /cormun/servlet/trsolicitudot? HTTP/1.1" 200 8804
192.168.10.96 - - [05/Apr/2018:13:07:29 -0300] "GET /cormun/servlet/trsolicitudot? HTTP/1.1" 200 8803
186.103.157.98 - - [05/Apr/2018:13:07:30 -0300] "POST /cormun/servlet/solicitudot?gx-no-cache=1522944400001 HTTP/1.1" 200 30
192.168.10.96 - - [05/Apr/2018:13:07:33 -0300] "GET /cormun/servlet/solicitudot?INS,0,0, HTTP/1.1" 200 13615
192.168.10.96 - - [05/Apr/2018:13:07:33 -0300] "GET /cormun/servlet/solicitudot?INS,0,0, HTTP/1.1" 200 13620
192.168.10.96 - - [05/Apr/2018:13:07:41 -0300] "POST /cormun/servlet/solicitudot?gx-no-cache=1522944289255 HTTP/1.1" 200 3291
192.168.10.96 - - [05/Apr/2018:13:07:42 -0300] "POST /cormun/servlet/solicitudot?00a3eefd8f82b3b4755ad95d8453f6b8,INS,0,0,,gx-no-cache=1522944289475 HTTP/1.1" 200 10446
186.103.157.98 - - [05/Apr/2018:13:07:45 -0300] "POST /cormun/servlet/solicitudot?gx-no-cache=1522944414325 HTTP/1.1" 200 1367
186.103.157.98 - - [05/Apr/2018:13:07:52 -0300] "GET /cormun/static/menuarrow.gif HTTP/1.1" 404 1015
192.168.10.96 - - [05/Apr/2018:13:07:54 -0300] "GET /cormun/servlet/prfichaempleado?,MD,,gxPopupLevel%3D0%3B HTTP/1.1" 200 9336
186.103.157.98 - - [05/Apr/2018:13:07:58 -0300] "POST /cormun/servlet/solicitudot?gx-no-cache=1522944427984 HTTP/1.1" 200 41
192.168.10.96 - - [05/Apr/2018:13:08:07 -0300] "POST /cormun/servlet/prfichaempleado?00a3eefd8f82b3b4755ad95d8453f6b8,,MD,,gxPopupLevel%3D0%3B,gx-no-cache=1522944314498 HTTP/1.1" 200 3183
192.168.10.96 - - [05/Apr/2018:13:08:10 -0300] "POST /cormun/servlet/prfichaempleado?00a3eefd8f82b3b4755ad95d8453f6b8,,MD,,gxPopupLevel%3D0%3B,gx-no-cache=1522944318098 HTTP/1.1" 200 3611
192.168.10.96 - - [05/Apr/2018:13:08:12 -0300] "POST /cormun/servlet/prfichaempleado?00a3eefd8f82b3b4755ad95d8453f6b8,,MD,,gxPopupLevel%3D0%3B,gx-no-cache=1522944319609 HTTP/1.1" 200 3611
192.168.10.96 - - [05/Apr/2018:13:08:12 -0300] "POST /cormun/servlet/prfichaempleado?00a3eefd8f82b3b4755ad95d8453f6b8,,MD,,gxPopupLevel%3D0%3B,gx-no-cache=1522944319817 HTTP/1.1" 200 3611
192.168.10.96 - - [05/Apr/2018:13:08:12 -0300] "POST /cormun/servlet/prfichaempleado?00a3eefd8f82b3b4755ad95d8453f6b8,,MD,,gxPopupLevel%3D0%3B,gx-no-cache=1522944319996 HTTP/1.1" 200 3611
192.168.10.96 - - [05/Apr/2018:13:08:12 -0300] "POST /cormun/servlet/prfichaempleado?00a3eefd8f82b3b4755ad95d8453f6b8,,MD,,gxPopupLevel%3D0%3B,gx-no-cache=1522944320186 HTTP/1.1" 200 3611
186.103.159.182 - - [05/Apr/2018:13:08:14 -0300] "POST /cormun/servlet/hlogin?a2a0f098a202539feb0e619ae2d90920,gx-no-cache=1522944440460 HTTP/1.1" 440 972
186.103.159.182 - - [05/Apr/2018:13:08:18 -0300] "GET /cormun/servlet/hlogin HTTP/1.1" 200 1723
186.103.159.182 - - [05/Apr/2018:13:08:23 -0300] "POST /cormun/servlet/hlogin?f2854c76baeceae2e181aa3768e95cf9,gx-no-cache=1522944448674 HTTP/1.1" 200 90
186.103.159.182 - - [05/Apr/2018:13:08:23 -0300] "GET /cormun/servlet/hpexe_link HTTP/1.1" 200 945
186.103.159.182 - - [05/Apr/2018:13:08:23 -0300] "GET /cormun/servlet/hhome HTTP/1.1" 200 4253
186.103.159.182 - - [05/Apr/2018:13:08:23 -0300] "GET /cormun/servlet/hhome HTTP/1.1" 200 4249
186.103.157.98 - - [05/Apr/2018:13:08:23 -0300] "GET /cormun/servlet/solicitudot?a6b33c35ec440a3682cb0249143af8b50e36388cd4a0bd2d80890f36325c808deccf4010570faacec6d7bc81de224c9b55158bf01a439991566743bba550030a09d2d4ddf616b229f052938580d10764b1338843799d35cb90917d52ffa5936d96ec2a38f39b5be529dc1ae01d7f9a90,gx-no-cache=1522944453002 HTTP/1.1" 200 29
186.103.157.98 - - [05/Apr/2018:13:08:23 -0300] "POST /cormun/servlet/solicitudot?gx-no-cache=1522944453147 HTTP/1.1" 200 1349
186.103.157.98 - - [05/Apr/2018:13:08:23 -0300] "POST /cormun/servlet/solicitudot?gx-no-cache=1522944453223 HTTP/1.1" 200 1247
186.103.157.98 - - [05/Apr/2018:13:08:25 -0300] "POST /cormun/servlet/solicitudot?gx-no-cache=1522944454823 HTTP/1.1" 200 1349
186.103.157.98 - - [05/Apr/2018:13:08:25 -0300] "POST /cormun/servlet/solicitudot?gx-no-cache=1522944454924 HTTP/1.1" 200 1247
201.215.248.160 - - [05/Apr/2018:13:08:28 -0300] "GET /cormun/servlet/hlogin HTTP/1.1" 200 1724
201.215.248.160 - - [05/Apr/2018:13:08:28 -0300] "GET /cormun/static/gxtimezone.js?85251 HTTP/1.1" 304 -
201.215.248.160 - - [05/Apr/2018:13:08:28 -0300] "GET /cormun/static/gxcfg.js?20175251213516 HTTP/1.1" 304 -
201.215.248.160 - - [05/Apr/2018:13:08:28 -0300] "GET /cormun/static/messages.spa.js?85251 HTTP/1.1" 304 -
201.215.248.160 - - [05/Apr/2018:13:08:29 -0300] "GET /cormun/servlet/hlogin HTTP/1.1" 200 1729
201.215.248.160 - - [05/Apr/2018:13:08:29 -0300] "GET /favicon.ico HTTP/1.1" 200 21630
186.103.157.98 - - [05/Apr/2018:13:08:29 -0300] "GET /cormun/servlet/solicitudot?a6b33c35ec440a3682cb0249143af8b54e1a32a648c7385e611fe12a7266c31e9fad30ff5b42d53fe4b9e0ef27d28924,gx-no-cache=1522944459004 HTTP/1.1" 200 30
186.103.157.98 - - [05/Apr/2018:13:08:29 -0300] "POST /cormun/servlet/solicitudot?gx-no-cache=1522944459042 HTTP/1.1" 200 34
201.215.248.160 - - [05/Apr/2018:13:08:41 -0300] "POST /cormun/servlet/hlogin?fd379d2004f0ed6f49ff93ba50e6a265,gx-no-cache=1522944476342 HTTP/1.1" 200 90
201.215.248.160 - - [05/Apr/2018:13:08:41 -0300] "GET /cormun/servlet/hpexe_link HTTP/1.1" 200 950
201.215.248.160 - - [05/Apr/2018:13:08:41 -0300] "GET /cormun/static/hpexe_link.js?20177612121795 HTTP/1.1" 200 625
201.215.248.160 - - [05/Apr/2018:13:08:41 -0300] "GET /cormun/static/gxcfg.js?20177612121792 HTTP/1.1" 304 -
201.215.248.160 - - [05/Apr/2018:13:08:41 -0300] "GET /cormun/servlet/hhome HTTP/1.1" 200 4206
201.215.248.160 - - [05/Apr/2018:13:08:41 -0300] "GET /cormun/static/gxcfg.js?20175251212442 HTTP/1.1" 304 -
201.215.248.160 - - [05/Apr/2018:13:08:42 -0300] "GET /cormun/servlet/hhome HTTP/1.1" 200 4202
201.215.248.160 - - [05/Apr/2018:13:08:45 -0300] "GET /cormun/servlet/trsolicitudot? HTTP/1.1" 200 7424
201.215.248.160 - - [05/Apr/2018:13:08:45 -0300] "GET /cormun/static/gxui/gxui-all.css?120300 HTTP/1.1" 200 2179
201.215.248.160 - - [05/Apr/2018:13:08:45 -0300] "GET /cormun/static/calendar-system.css?85620 HTTP/1.1" 200 5572
201.215.248.160 - - [05/Apr/2018:13:08:46 -0300] "GET /cormun/static/gxcfg.js?2017111422585916 HTTP/1.1" 200 953
201.215.248.160 - - [05/Apr/2018:13:08:46 -0300] "GET /cormun/static/calendar.js?85251 HTTP/1.1" 304 -
201.215.248.160 - - [05/Apr/2018:13:08:46 -0300] "GET /cormun/static/calendar-setup.js?85251 HTTP/1.1" 304 -
201.215.248.160 - - [05/Apr/2018:13:08:46 -0300] "GET /cormun/static/calendar-es.js?85251 HTTP/1.1" 304 -
201.215.248.160 - - [05/Apr/2018:13:08:46 -0300] "GET /cormun/static/Resources/Spanish/PXTools.css?1255365 HTTP/1.1" 200 89042
201.215.248.160 - - [05/Apr/2018:13:08:46 -0300] "GET /cormun/static/gxdec.js?85251 HTTP/1.1" 304 -
201.215.248.160 - - [05/Apr/2018:13:08:46 -0300] "GET /cormun/static/trsolicitudot.js?201711142259839 HTTP/1.1" 200 54041
201.215.248.160 - - [05/Apr/2018:13:08:46 -0300] "GET /cormun/static/Shared/ext/resources/css/ext-all.css?215870 HTTP/1.1" 200 416045
201.215.248.160 - - [05/Apr/2018:13:08:47 -0300] "GET /cormun/servlet/trsolicitudot? HTTP/1.1" 200 7423
186.103.157.98 - - [05/Apr/2018:13:08:50 -0300] "POST /cormun/servlet/solicitudot?d01e843b4db1961cca53af267de8ac91,INS,0,0,,gx-no-cache=1522944479246 HTTP/1.1" 200 93
186.103.157.98 - - [05/Apr/2018:13:08:50 -0300] "GET /cormun/servlet/hpexe_return? HTTP/1.1" 200 1004
186.103.157.98 - - [05/Apr/2018:13:08:50 -0300] "GET /cormun/servlet/trsolicitudot HTTP/1.1" 200 8774
186.103.157.98 - - [05/Apr/2018:13:08:51 -0300] "GET /cormun/servlet/trsolicitudot HTTP/1.1" 200 8770
201.215.248.160 - - [05/Apr/2018:13:08:58 -0300] "GET /cormun/servlet/solicitudot?INS,0,0, HTTP/1.1" 200 13655
201.215.248.160 - - [05/Apr/2018:13:08:58 -0300] "GET /cormun/static/gxcfg.js?201812313224582 HTTP/1.1" 200 953
201.215.248.160 - - [05/Apr/2018:13:08:58 -0300] "GET /cormun/static/Resources/prompt.gif HTTP/1.1" 200 902
201.215.248.160 - - [05/Apr/2018:13:08:58 -0300] "GET /cormun/static/solicitudot.js?201812313224831 HTTP/1.1" 200 72336
201.215.248.160 - - [05/Apr/2018:13:08:59 -0300] "GET /cormun/servlet/solicitudot?INS,0,0, HTTP/1.1" 200 13660
186.103.156.166 - - [05/Apr/2018:13:09:08 -0300] "GET /cormun/servlet/solicitudot?25ce3fc13e120fc18d6697bceb5ab19efad995cd37678c54f9201ad13829950501430410146156f5736f83f1c3d21584,gx-no-cache=1522948102006 HTTP/1.1" 200 30
186.103.157.98 - - [05/Apr/2018:13:09:15 -0300] "POST /cormun/servlet/trsolicitudot?d01e843b4db1961cca53af267de8ac91,gx-no-cache=1522944504609 HTTP/1.1" 200 107
186.103.157.98 - - [05/Apr/2018:13:09:15 -0300] "GET /cormun/servlet/trsolicitudadjuntos?2018,11026, HTTP/1.1" 200 6345
186.103.157.98 - - [05/Apr/2018:13:09:15 -0300] "GET /cormun/servlet/trsolicitudadjuntos?2018,11026, HTTP/1.1" 200 6345
186.103.157.98 - - [05/Apr/2018:13:09:20 -0300] "GET /cormun/servlet/solicitudotadjuntos?INS,2018,11026,,1, HTTP/1.1" 200 6291
186.103.157.98 - - [05/Apr/2018:13:09:20 -0300] "GET /cormun/static/about:blank HTTP/1.1" 404 1011
186.103.157.98 - - [05/Apr/2018:13:09:20 -0300] "GET /cormun/servlet/solicitudotadjuntos?INS,2018,11026,,1, HTTP/1.1" 200 6284
186.103.157.98 - - [05/Apr/2018:13:09:20 -0300] "GET /cormun/servlet/solicitudotadjuntos?a6b33c35ec440a3682cb0249143af8b5352f3976c44176b36ae955a5552b4ab1ebc84666e46aa474341f621d2eb56b64,gx-no-cache=1522944510317 HTTP/1.1" 200 30
186.103.157.98 - - [05/Apr/2018:13:09:21 -0300] "POST /cormun/servlet/solicitudotadjuntos?d01e843b4db1961cca53af267de8ac91,INS,2018,11026,,1,,gx-no-cache=1522944510365 HTTP/1.1" 200 3987
186.103.157.98 - - [05/Apr/2018:13:09:26 -0300] "POST /cormun/servlet/solicitudotadjuntos?gx-no-cache=1522944515631 HTTP/1.1" 200 26
201.215.248.160 - - [05/Apr/2018:13:09:31 -0300] "POST /cormun/servlet/solicitudot?gx-no-cache=1522944526245 HTTP/1.1" 200 3400
201.215.248.160 - - [05/Apr/2018:13:09:31 -0300] "POST /cormun/servlet/solicitudot?fd379d2004f0ed6f49ff93ba50e6a265,INS,0,0,,gx-no-cache=1522944526563 HTTP/1.1" 200 10571
192.168.10.96 - - [05/Apr/2018:13:09:39 -0300] "POST /cormun/servlet/solicitudot?gx-no-cache=1522944406886 HTTP/1.1" 200 3291
192.168.10.96 - - [05/Apr/2018:13:09:39 -0300] "POST /cormun/servlet/solicitudot?00a3eefd8f82b3b4755ad95d8453f6b8,INS,0,0,,gx-no-cache=1522944407015 HTTP/1.1" 200 10503
201.215.248.160 - - [05/Apr/2018:13:09:44 -0300] "GET /cormun/servlet/solicitudot?957840cc5d6ecb7b2e632f1289603b2d5629447a16f2efdd297b045491a84fafba7c979e7225c3e0591de9d61b2aa6b9,gx-no-cache=1522944539363 HTTP/1.1" 200 30
201.215.248.160 - - [05/Apr/2018:13:09:44 -0300] "GET /cormun/servlet/solicitudot?957840cc5d6ecb7b2e632f1289603b2dbd378fe65c738e14b84b6957f44af9983a1a808bb979ad8ece7170168dc3730c611dc508c051ec3be8931e1cd01eaf21,gx-no-cache=1522944539441 HTTP/1.1" 200 30
201.215.248.160 - - [05/Apr/2018:13:09:44 -0300] "GET /cormun/servlet/solicitudot?957840cc5d6ecb7b2e632f1289603b2da08e834ddfc401d109c282b61bd7ed88,gx-no-cache=1522944539499 HTTP/1.1" 200 123
201.215.248.160 - - [05/Apr/2018:13:09:44 -0300] "GET /cormun/static/Shared/jqueryui/images/ui-bg_highlight-soft_100_c6c2c8_1x100.png HTTP/1.1" 404 1117
201.215.248.160 - - [05/Apr/2018:13:09:44 -0300] "GET /cormun/static/Shared/jqueryui/images/ui-icons_82798d_256x240.png HTTP/1.1" 404 1089
201.215.248.160 - - [05/Apr/2018:13:09:44 -0300] "GET /cormun/static/Shared/jqueryui/images/ui-bg_flat_55_994d53_40x100.png HTTP/1.1" 404 1097
201.215.248.160 - - [05/Apr/2018:13:09:44 -0300] "GET /cormun/static/Shared/jqueryui/images/ui-icons_ebccce_256x240.png HTTP/1.1" 404 1089
201.215.248.160 - - [05/Apr/2018:13:09:44 -0300] "POST /cormun/servlet/solicitudot?gx-no-cache=1522944539775 HTTP/1.1" 200 255
201.215.248.160 - - [05/Apr/2018:13:09:44 -0300] "GET /cormun/servlet/solicitudot?957840cc5d6ecb7b2e632f1289603b2d621d4f83e552b9033d08db1a151b2e25ab6d4d50b82be1b4c79fa37c8eb66c6b20e163f82481c3ffba0b2174d26b8728c7b8256786e85d478bf7760504637833f125655102aea99f2cb362f086c63a2a205dc5b0c828df3eb0a6f40af81953a73c8ef4ab23773ceef9bcb26c0f91f9de0e342d39104bc1936dd8a216da59499fd8ba179dfa1803a36bb30200a6afd79b2949294aca7586233039134be226554deffe9172296103eb8aafdc48685f5b23da7635b324cc560c90aa6d5abc6d37792d3324260a2b4da437dba93ac8e01cb45d546d3873d68444ce77d027688e921f3e862e970ffaf6ce403ab20d1d04a9c5e198f0f3035e2e13e58c807efb5351cf0ac7b6f5d6927be4227c301ab807e24f186bc24a6081c740fddc03d3061b145caa4582c28ecd52db96e1bbd635764c888ec3386c0f6bd1c42eca8532fa331386549fca2ed476bff271594b0f3a2529349314b2fecc564e4450b20cf1debe8a8cbb1c7d1fbd1c31c575aa926cdd4d4f71,gx-no-cache=1522944539921 HTTP/1.1" 200 30
186.103.157.98 - - [05/Apr/2018:13:09:45 -0300] "GET /cormun/servlet/solicitudotadjuntos?a6b33c35ec440a3682cb0249143af8b5a3748cae73fe2b449dab21973b725b88,gx-no-cache=1522944534762 HTTP/1.1" 200 30
186.103.159.46 - - [05/Apr/2018:13:09:45 -0300] "GET /cormun/servlet/trpermisosgoce? HTTP/1.1" 200 8992
186.103.157.98 - - [05/Apr/2018:13:09:45 -0300] "GET /cormun/servlet/solicitudotadjuntos?a6b33c35ec440a3682cb0249143af8b5a3748cae73fe2b449dab21973b725b88,gx-no-cache=1522944534827 HTTP/1.1" 200 30
186.103.157.98 - - [05/Apr/2018:13:09:45 -0300] "POST /cormun/servlet/solicitudotadjuntos?d01e843b4db1961cca53af267de8ac91,INS,2018,11026,,1, HTTP/1.1" 200 116
186.103.157.98 - - [05/Apr/2018:13:09:45 -0300] "GET /cormun/servlet/hpexe_return? HTTP/1.1" 200 1024
186.103.157.98 - - [05/Apr/2018:13:09:46 -0300] "GET /cormun/servlet/trsolicitudadjuntos?2018,11026, HTTP/1.1" 200 8816
186.103.157.98 - - [05/Apr/2018:13:09:46 -0300] "GET /cormun/servlet/trsolicitudadjuntos?2018,11026, HTTP/1.1" 200 8814
186.103.159.46 - - [05/Apr/2018:13:09:48 -0300] "GET /cormun/servlet/trpermisosgoce? HTTP/1.1" 200 8990
186.103.157.98 - - [05/Apr/2018:13:09:50 -0300] "GET /cormun/servlet/solicitudotadjuntos?INS,2018,11026,,2, HTTP/1.1" 200 6290
186.103.157.98 - - [05/Apr/2018:13:09:50 -0300] "GET /cormun/static/about:blank HTTP/1.1" 404 1011
186.103.157.98 - - [05/Apr/2018:13:09:50 -0300] "GET /cormun/servlet/solicitudotadjuntos?INS,2018,11026,,2, HTTP/1.1" 200 6283
186.103.157.98 - - [05/Apr/2018:13:09:50 -0300] "GET /cormun/servlet/solicitudotadjuntos?a6b33c35ec440a3682cb0249143af8b5352f3976c44176b36ae955a5552b4ab1ebc84666e46aa474341f621d2eb56b64,gx-no-cache=1522944540247 HTTP/1.1" 200 30
186.103.157.98 - - [05/Apr/2018:13:09:51 -0300] "POST /cormun/servlet/solicitudotadjuntos?d01e843b4db1961cca53af267de8ac91,INS,2018,11026,,2,,gx-no-cache=1522944540283 HTTP/1.1" 200 4201
186.103.159.46 - - [05/Apr/2018:13:10:19 -0300] "GET /cormun/servlet/trpermisosadjuntos?12515426,20180404133138,P, HTTP/1.1" 200 6279
186.103.159.46 - - [05/Apr/2018:13:10:22 -0300] "GET /cormun/servlet/trpermisosadjuntos?12515426,20180404133138,P, HTTP/1.1" 200 6279
186.103.157.98 - - [05/Apr/2018:13:10:23 -0300] "POST /cormun/servlet/solicitudotadjuntos?d01e843b4db1961cca53af267de8ac91,INS,2018,11026,,2,,gx-no-cache=1522944572795 HTTP/1.1" 200 93
186.103.157.98 - - [05/Apr/2018:13:10:23 -0300] "GET /cormun/servlet/hpexe_return? HTTP/1.1" 200 1024
186.103.157.98 - - [05/Apr/2018:13:10:23 -0300] "GET /cormun/servlet/trsolicitudadjuntos?2018,11026, HTTP/1.1" 200 8815
186.103.157.98 - - [05/Apr/2018:13:10:24 -0300] "GET /cormun/servlet/trsolicitudadjuntos?2018,11026, HTTP/1.1" 200 8814
186.103.159.46 - - [05/Apr/2018:13:10:24 -0300] "GET /cormun/servlet/permisosadjuntos?INS,12515426,P,20180404133138,, HTTP/1.1" 200 5607
186.103.159.46 - - [05/Apr/2018:13:10:24 -0300] "GET /cormun/static/gxcfg.js?201762717441171 HTTP/1.1" 200 953
186.103.159.46 - - [05/Apr/2018:13:10:24 -0300] "GET /cormun/static/permisosadjuntos.js?201762717441184 HTTP/1.1" 200 8724
186.103.159.46 - - [05/Apr/2018:13:10:25 -0300] "GET /cormun/static/about:blank HTTP/1.1" 404 1011
201.215.248.160 - - [05/Apr/2018:13:10:26 -0300] "GET /cormun/servlet/trvisualizadoreventos? HTTP/1.1" 200 6973
186.103.159.46 - - [05/Apr/2018:13:10:26 -0300] "GET /cormun/servlet/permisosadjuntos?INS,12515426,P,20180404133138,, HTTP/1.1" 200 5597
201.215.248.160 - - [05/Apr/2018:13:10:26 -0300] "GET /cormun/static/gxcfg.js?20175251251426 HTTP/1.1" 200 953
201.215.248.160 - - [05/Apr/2018:13:10:26 -0300] "GET /cormun/static/trvisualizadoreventos.js?20175251251768 HTTP/1.1" 200 19318
201.215.248.160 - - [05/Apr/2018:13:10:26 -0300] "GET /cormun/static/Resources/PXToolsActionPrint.png HTTP/1.1" 200 3317
201.215.248.160 - - [05/Apr/2018:13:10:27 -0300] "GET /cormun/servlet/trvisualizadoreventos? HTTP/1.1" 200 6968
186.103.157.98 - - [05/Apr/2018:13:10:31 -0300] "GET /cormun/servlet/solicitudotadjuntos?INS,2018,11026,,1, HTTP/1.1" 200 6292
186.103.157.98 - - [05/Apr/2018:13:10:32 -0300] "GET /cormun/static/about:blank HTTP/1.1" 404 1011
186.103.157.98 - - [05/Apr/2018:13:10:32 -0300] "GET /cormun/servlet/solicitudotadjuntos?INS,2018,11026,,1, HTTP/1.1" 200 6285
186.103.157.98 - - [05/Apr/2018:13:10:32 -0300] "GET /cormun/servlet/solicitudotadjuntos?a6b33c35ec440a3682cb0249143af8b5352f3976c44176b36ae955a5552b4ab1ebc84666e46aa474341f621d2eb56b64,gx-no-cache=1522944582080 HTTP/1.1" 200 30
186.103.157.98 - - [05/Apr/2018:13:10:32 -0300] "POST /cormun/servlet/solicitudotadjuntos?d01e843b4db1961cca53af267de8ac91,INS,2018,11026,,1,,gx-no-cache=1522944582119 HTTP/1.1" 200 3988
186.103.157.98 - - [05/Apr/2018:13:10:35 -0300] "POST /cormun/servlet/solicitudotadjuntos?gx-no-cache=1522944585330 HTTP/1.1" 200 26
186.67.172.234 - - [05/Apr/2018:13:10:57 -0300] "GET /cormun/servlet/hlogin HTTP/1.1" 200 1717
186.67.172.234 - - [05/Apr/2018:13:10:57 -0300] "GET /cormun/static/gxcfg.js?20175251213516 HTTP/1.1" 200 953
186.67.172.234 - - [05/Apr/2018:13:10:57 -0300] "GET /cormun/static/Resources/Spanish/PXTools.css?11423723 HTTP/1.1" 200 89042
186.67.172.234 - - [05/Apr/2018:13:10:57 -0300] "GET /cormun/static/Resources/ComunLogin.png HTTP/1.1" 200 17326
186.67.172.234 - - [05/Apr/2018:13:10:57 -0300] "GET /cormun/static/Resources/PXToolsLoginBackground.png HTTP/1.1" 200 1164
186.67.172.234 - - [05/Apr/2018:13:10:57 -0300] "GET /cormun/static/Resources/PXToolsLoginBottom.png HTTP/1.1" 200 1389
186.67.172.234 - - [05/Apr/2018:13:10:57 -0300] "GET /cormun/static/Resources/PXToolsLoginTop.png HTTP/1.1" 200 1337
186.67.172.234 - - [05/Apr/2018:13:10:57 -0300] "GET /cormun/static/Resources/PXToolsButtonRight21.png HTTP/1.1" 200 1283
186.67.172.234 - - [05/Apr/2018:13:10:57 -0300] "GET /cormun/static/Resources/PXToolsButtonLeft21.png HTTP/1.1" 200 1287
186.67.172.234 - - [05/Apr/2018:13:10:57 -0300] "GET /cormun/static/Resources/PXToolsButtonBackground2.png HTTP/1.1" 200 1181
186.67.172.234 - - [05/Apr/2018:13:10:57 -0300] "GET /cormun/servlet/hlogin HTTP/1.1" 200 1722
186.103.159.182 - - [05/Apr/2018:13:10:58 -0300] "GET /cormun/servlet/trsolicitudot? HTTP/1.1" 200 7467
186.103.159.182 - - [05/Apr/2018:13:11:00 -0300] "GET /cormun/servlet/trsolicitudot? HTTP/1.1" 200 7466
186.103.159.182 - - [05/Apr/2018:13:11:02 -0300] "GET /cormun/servlet/solicitudot?INS,0,0, HTTP/1.1" 200 13693
186.103.159.182 - - [05/Apr/2018:13:11:03 -0300] "GET /cormun/servlet/solicitudot?INS,0,0, HTTP/1.1" 200 13698
186.103.157.98 - - [05/Apr/2018:13:11:04 -0300] "GET /cormun/servlet/solicitudotadjuntos?a6b33c35ec440a3682cb0249143af8b5a3748cae73fe2b449dab21973b725b88,gx-no-cache=1522944613688 HTTP/1.1" 200 30
186.103.157.98 - - [05/Apr/2018:13:11:04 -0300] "GET /cormun/servlet/solicitudotadjuntos?a6b33c35ec440a3682cb0249143af8b5a3748cae73fe2b449dab21973b725b88,gx-no-cache=1522944613725 HTTP/1.1" 200 30
186.103.157.98 - - [05/Apr/2018:13:11:05 -0300] "POST /cormun/servlet/solicitudotadjuntos?d01e843b4db1961cca53af267de8ac91,INS,2018,11026,,1, HTTP/1.1" 200 116
186.103.157.98 - - [05/Apr/2018:13:11:05 -0300] "GET /cormun/servlet/hpexe_return? HTTP/1.1" 200 1024
186.103.157.98 - - [05/Apr/2018:13:11:05 -0300] "GET /cormun/servlet/trsolicitudadjuntos?2018,11026, HTTP/1.1" 200 9062
186.103.157.98 - - [05/Apr/2018:13:11:06 -0300] "GET /cormun/servlet/trsolicitudadjuntos?2018,11026, HTTP/1.1" 200 9061
186.103.157.98 - - [05/Apr/2018:13:11:09 -0300] "GET /cormun/servlet/solicitudotadjuntos?INS,2018,11026,,1, HTTP/1.1" 200 6292
186.103.157.98 - - [05/Apr/2018:13:11:10 -0300] "GET /cormun/static/about:blank HTTP/1.1" 404 1011
186.103.157.98 - - [05/Apr/2018:13:11:10 -0300] "GET /cormun/servlet/solicitudotadjuntos?INS,2018,11026,,1, HTTP/1.1" 200 6285
186.103.157.98 - - [05/Apr/2018:13:11:10 -0300] "GET /cormun/servlet/solicitudotadjuntos?a6b33c35ec440a3682cb0249143af8b5352f3976c44176b36ae955a5552b4ab1ebc84666e46aa474341f621d2eb56b64,gx-no-cache=1522944619925 HTTP/1.1" 200 30
186.103.157.98 - - [05/Apr/2018:13:11:10 -0300] "POST /cormun/servlet/solicitudotadjuntos?d01e843b4db1961cca53af267de8ac91,INS,2018,11026,,1,,gx-no-cache=1522944619970 HTTP/1.1" 200 3987
186.67.172.234 - - [05/Apr/2018:13:11:10 -0300] "POST /cormun/servlet/hlogin?2d75d7db1fdc34ec08d5a72586c9afe5,gx-no-cache=1522944614998 HTTP/1.1" 200 90
186.67.172.234 - - [05/Apr/2018:13:11:10 -0300] "GET /cormun/servlet/hpexe_link HTTP/1.1" 200 941
186.67.172.234 - - [05/Apr/2018:13:11:10 -0300] "GET /cormun/static/gxcfg.js?20177612121792 HTTP/1.1" 200 953
186.67.172.234 - - [05/Apr/2018:13:11:10 -0300] "GET /cormun/static/hpexe_link.js?20177612121795 HTTP/1.1" 200 625
186.67.172.234 - - [05/Apr/2018:13:11:11 -0300] "GET /cormun/servlet/hhome HTTP/1.1" 200 4219
186.67.172.234 - - [05/Apr/2018:13:11:11 -0300] "GET /cormun/static/PXToolsJavascripts/pexe_oav.js HTTP/1.1" 200 645
186.67.172.234 - - [05/Apr/2018:13:11:11 -0300] "GET /cormun/static/PXToolsJavascripts/pexe_oavdivfix.js HTTP/1.1" 200 639
186.67.172.234 - - [05/Apr/2018:13:11:11 -0300] "GET /cormun/static/PXToolsJavascripts/pexe_picture.js HTTP/1.1" 200 689
186.67.172.234 - - [05/Apr/2018:13:11:11 -0300] "GET /cormun/static/PXToolsJavascripts/pexe_cookies.js HTTP/1.1" 200 792
186.67.172.234 - - [05/Apr/2018:13:11:11 -0300] "GET /cormun/static/PXToolsJavascripts/pexe_menudivfix.js HTTP/1.1" 200 333
186.67.172.234 - - [05/Apr/2018:13:11:11 -0300] "GET /cormun/static/gxcfg.js?20175251212442 HTTP/1.1" 200 953
186.67.172.234 - - [05/Apr/2018:13:11:11 -0300] "GET /cormun/static/PXToolsJavascripts/pexe_tabdivfix.js HTTP/1.1" 200 876
186.67.172.234 - - [05/Apr/2018:13:11:11 -0300] "GET /cormun/static/PXToolsJavascripts/PXToolsJavascriptsRender.js HTTP/1.1" 200 367
186.67.172.234 - - [05/Apr/2018:13:11:11 -0300] "GET /cormun/static/RunJS/RunJS.js HTTP/1.1" 200 288
186.67.172.234 - - [05/Apr/2018:13:11:11 -0300] "GET /cormun/static/hhome.js?20175251212450 HTTP/1.1" 200 777
186.67.172.234 - - [05/Apr/2018:13:11:11 -0300] "GET /cormun/static/Resources/PXToolsFooterBackground2.png HTTP/1.1" 200 1172
186.67.172.234 - - [05/Apr/2018:13:11:11 -0300] "GET /cormun/static/Resources/PXToolsDataTitle.png HTTP/1.1" 200 1173
186.67.172.234 - - [05/Apr/2018:13:11:11 -0300] "GET /cormun/static/Resources/PXToolsHeaderActionsBackground.png HTTP/1.1" 200 484
186.67.172.234 - - [05/Apr/2018:13:11:11 -0300] "GET /cormun/static/Resources/PXToolsHeaderPreferences.png HTTP/1.1" 200 4189
186.67.172.234 - - [05/Apr/2018:13:11:11 -0300] "GET /cormun/static/Resources/PXToolsHeaderHome.png HTTP/1.1" 200 4147
186.67.172.234 - - [05/Apr/2018:13:11:11 -0300] "GET /cormun/static/Resources/PXToolsHeaderBackground2.png HTTP/1.1" 200 1174
186.67.172.234 - - [05/Apr/2018:13:11:11 -0300] "GET /cormun/static/Resources/logo4.png HTTP/1.1" 200 6582
186.67.172.234 - - [05/Apr/2018:13:11:11 -0300] "GET /cormun/static/Resources/PXToolsHeaderActionsRight.png HTTP/1.1" 200 1201
186.67.172.234 - - [05/Apr/2018:13:11:11 -0300] "GET /cormun/static/Resources/PXToolsHeaderLogin.png HTTP/1.1" 200 4279
186.67.172.234 - - [05/Apr/2018:13:11:11 -0300] "GET /cormun/static/Resources/PXToolsHeaderActionsLeft.png HTTP/1.1" 200 1118
186.67.172.234 - - [05/Apr/2018:13:11:11 -0300] "GET /cormun/static/Resources/PXToolsHeaderSecurity.png HTTP/1.1" 200 4166
186.67.172.234 - - [05/Apr/2018:13:11:11 -0300] "GET /cormun/servlet/hhome HTTP/1.1" 200 4216
186.103.159.182 - - [05/Apr/2018:13:11:13 -0300] "GET /cormun/servlet/trsolicitudot? HTTP/1.1" 200 7467
186.103.157.98 - - [05/Apr/2018:13:11:13 -0300] "POST /cormun/servlet/solicitudotadjuntos?gx-no-cache=1522944623103 HTTP/1.1" 200 26
186.103.159.182 - - [05/Apr/2018:13:11:14 -0300] "GET /cormun/servlet/trsolicitudot? HTTP/1.1" 200 7466
186.103.159.182 - - [05/Apr/2018:13:11:19 -0300] "POST /cormun/servlet/trsolicitudot?f2854c76baeceae2e181aa3768e95cf9,,gx-no-cache=1522944624212 HTTP/1.1" 200 23470
186.67.172.234 - - [05/Apr/2018:13:11:24 -0300] "GET /cormun/servlet/trsolicitudot? HTTP/1.1" 200 8847
186.67.172.234 - - [05/Apr/2018:13:11:24 -0300] "GET /cormun/static/gxui/gxui-all.css?120300 HTTP/1.1" 200 2179
186.67.172.234 - - [05/Apr/2018:13:11:24 -0300] "GET /cormun/static/calendar-system.css?85620 HTTP/1.1" 200 5572
186.67.172.234 - - [05/Apr/2018:13:11:24 -0300] "GET /cormun/static/gxcfg.js?2017111422585916 HTTP/1.1" 200 953
186.67.172.234 - - [05/Apr/2018:13:11:24 -0300] "GET /cormun/static/Resources/Spanish/PXTools.css?1255365 HTTP/1.1" 200 89042
186.67.172.234 - - [05/Apr/2018:13:11:24 -0300] "GET /cormun/static/trsolicitudot.js?201711142259839 HTTP/1.1" 200 54041
186.67.172.234 - - [05/Apr/2018:13:11:24 -0300] "GET /cormun/static/Shared/ext/resources/css/ext-all.css?215870 HTTP/1.1" 200 416045
186.67.172.234 - - [05/Apr/2018:13:11:24 -0300] "GET /cormun/static/Resources/PXTools/calendar.png HTTP/1.1" 200 1306
186.67.172.234 - - [05/Apr/2018:13:11:24 -0300] "GET /cormun/static/Resources/PXToolsDataSearch.png HTTP/1.1" 200 419
186.67.172.234 - - [05/Apr/2018:13:11:24 -0300] "GET /cormun/static/Resources/PXToolsGridFirstDisabled.gif HTTP/1.1" 200 100
186.67.172.234 - - [05/Apr/2018:13:11:24 -0300] "GET /cormun/static/Resources/PXToolsGridPreviousDisabled.gif HTTP/1.1" 200 90
186.67.172.234 - - [05/Apr/2018:13:11:24 -0300] "GET /cormun/static/Resources/PXToolsGridNextDisabled.gif HTTP/1.1" 200 90
186.67.172.234 - - [05/Apr/2018:13:11:24 -0300] "GET /cormun/static/Resources/PXToolsGridLastDisabled.gif HTTP/1.1" 200 98
186.67.172.234 - - [05/Apr/2018:13:11:24 -0300] "GET /cormun/static/Resources/PXToolsGridPage.gif HTTP/1.1" 200 725
186.67.172.234 - - [05/Apr/2018:13:11:24 -0300] "GET /cormun/static/Resources/PXToolsActionExcel.png HTTP/1.1" 200 3187
186.67.172.234 - - [05/Apr/2018:13:11:25 -0300] "GET /cormun/static/Resources/desc.gif HTTP/1.1" 200 65
186.67.172.234 - - [05/Apr/2018:13:11:25 -0300] "GET /cormun//static/Resources/PXToolsActionView.png HTTP/1.1" 200 2995
186.67.172.234 - - [05/Apr/2018:13:11:25 -0300] "GET /cormun//static/Resources/PXToolsGridDelete.png HTTP/1.1" 200 357
186.67.172.234 - - [05/Apr/2018:13:11:25 -0300] "GET /cormun//static/Resources/PXToolsGridUpdate.png HTTP/1.1" 200 2984
186.67.172.234 - - [05/Apr/2018:13:11:25 -0300] "GET /cormun//static/Resources/PXToolsRemoveAllAction.png HTTP/1.1" 200 3558
186.67.172.234 - - [05/Apr/2018:13:11:25 -0300] "GET /cormun/static/Resources/asc.gif HTTP/1.1" 200 67
186.67.172.234 - - [05/Apr/2018:13:11:25 -0300] "GET /cormun//static/Resources/PXTools/ActionInsert.png HTTP/1.1" 200 1482
186.67.172.234 - - [05/Apr/2018:13:11:25 -0300] "GET /cormun/servlet/trsolicitudot? HTTP/1.1" 200 8845
186.67.172.234 - - [05/Apr/2018:13:11:25 -0300] "GET /cormun/static/Shared/ext/resources/themes/images/default/panel/bg-headersPanel.png HTTP/1.1" 200 255
186.67.172.234 - - [05/Apr/2018:13:11:25 -0300] "GET /cormun/static/Shared/ext/resources/themes/images/default/tools/tool-sprites.gif HTTP/1.1" 200 5434
186.103.157.98 - - [05/Apr/2018:13:11:25 -0300] "GET /cormun/servlet/solicitudotadjuntos?a6b33c35ec440a3682cb0249143af8b5a3748cae73fe2b449dab21973b725b88,gx-no-cache=1522944635040 HTTP/1.1" 200 30
186.103.157.98 - - [05/Apr/2018:13:11:25 -0300] "GET /cormun/servlet/solicitudotadjuntos?a6b33c35ec440a3682cb0249143af8b5a3748cae73fe2b449dab21973b725b88,gx-no-cache=1522944635100 HTTP/1.1" 200 30
186.103.157.98 - - [05/Apr/2018:13:11:26 -0300] "POST /cormun/servlet/solicitudotadjuntos?d01e843b4db1961cca53af267de8ac91,INS,2018,11026,,1, HTTP/1.1" 200 116
186.103.157.98 - - [05/Apr/2018:13:11:26 -0300] "GET /cormun/servlet/hpexe_return? HTTP/1.1" 200 1024
186.103.157.98 - - [05/Apr/2018:13:11:26 -0300] "GET /cormun/servlet/trsolicitudadjuntos?2018,11026, HTTP/1.1" 200 9274
186.103.157.98 - - [05/Apr/2018:13:11:26 -0300] "GET /cormun/servlet/trsolicitudadjuntos?2018,11026, HTTP/1.1" 200 9271
186.103.157.98 - - [05/Apr/2018:13:11:29 -0300] "GET /cormun/servlet/solicitudotadjuntos?INS,2018,11026,,1, HTTP/1.1" 200 6292
186.103.157.98 - - [05/Apr/2018:13:11:30 -0300] "GET /cormun/static/about:blank HTTP/1.1" 404 1011
186.103.157.98 - - [05/Apr/2018:13:11:30 -0300] "GET /cormun/servlet/solicitudotadjuntos?INS,2018,11026,,1, HTTP/1.1" 200 6285
186.103.157.98 - - [05/Apr/2018:13:11:30 -0300] "GET /cormun/servlet/solicitudotadjuntos?a6b33c35ec440a3682cb0249143af8b5352f3976c44176b36ae955a5552b4ab1ebc84666e46aa474341f621d2eb56b64,gx-no-cache=1522944639969 HTTP/1.1" 200 30
186.103.157.98 - - [05/Apr/2018:13:11:30 -0300] "POST /cormun/servlet/solicitudotadjuntos?d01e843b4db1961cca53af267de8ac91,INS,2018,11026,,1,,gx-no-cache=1522944640015 HTTP/1.1" 200 3987
186.103.157.98 - - [05/Apr/2018:13:11:34 -0300] "POST /cormun/servlet/solicitudotadjuntos?gx-no-cache=1522944643639 HTTP/1.1" 200 26
186.103.159.46 - - [05/Apr/2018:13:11:39 -0300] "POST /cormun/servlet/permisosadjuntos?f9f32571ccf8113e33d8e1aa3332c878,INS,12515426,P,20180404133138,, HTTP/1.1" 200 116
186.103.159.46 - - [05/Apr/2018:13:11:39 -0300] "GET /cormun/servlet/hpexe_return? HTTP/1.1" 200 1037
186.103.159.46 - - [05/Apr/2018:13:11:39 -0300] "GET /cormun/servlet/trpermisosadjuntos?12515426,20180404133138,P, HTTP/1.1" 200 6772
186.103.159.46 - - [05/Apr/2018:13:11:41 -0300] "GET /cormun/servlet/trpermisosadjuntos?12515426,20180404133138,P, HTTP/1.1" 200 6769
186.103.159.46 - - [05/Apr/2018:13:11:51 -0300] "GET /cormun/servlet/trpermisosgoce? HTTP/1.1" 200 8986
