201.214.54.200 - - [05/Apr/2018:15:24:13 -0300] "GET /cormun/servlet/permisogoce?INS,0,,, HTTP/1.1" 200 7089
201.214.54.200 - - [05/Apr/2018:15:24:15 -0300] "GET /cormun/servlet/permisogoce?INS,0,,, HTTP/1.1" 200 7090
201.214.54.200 - - [05/Apr/2018:15:24:23 -0300] "GET /cormun/servlet/permisogoce?01b3cbc2266f23a41243326611ca7c0a4f67c39f03d75b2d2483b4354eb6e1b93768a961d29993aba2ac6e574dcc7516061f4cb608f629ca356cb9f1fa7752d5,gx-no-cache=1522952611870 HTTP/1.1" 200 73
201.214.54.200 - - [05/Apr/2018:15:24:23 -0300] "GET /cormun/static/menuarrow.gif HTTP/1.1" 404 1015
201.214.54.200 - - [05/Apr/2018:15:24:31 -0300] "GET /cormun/servlet/permisogoce?01b3cbc2266f23a41243326611ca7c0a420a33ddbdb7a1a59dbe70392edcc17fe86414accd87a3208d7f68eabec3bd0a53cfa082ee17908786c4a8036e724194,gx-no-cache=1522952619537 HTTP/1.1" 200 47
201.214.54.200 - - [05/Apr/2018:15:24:40 -0300] "POST /cormun/servlet/permisogoce?e21e25e1072fdef0bbf6ddac4bdc452a,INS,0,,,,gx-no-cache=1522952628277 HTTP/1.1" 200 93
201.214.54.200 - - [05/Apr/2018:15:24:40 -0300] "GET /cormun/servlet/hpexe_return? HTTP/1.1" 200 1007
201.214.54.200 - - [05/Apr/2018:15:24:40 -0300] "GET /cormun/servlet/trpermisosgoce HTTP/1.1" 200 12626
201.214.54.200 - - [05/Apr/2018:15:24:42 -0300] "GET /cormun/servlet/trpermisosgoce HTTP/1.1" 200 12623
201.214.54.200 - - [05/Apr/2018:15:24:45 -0300] "GET /cormun/servlet/permisogoce?INS,0,,, HTTP/1.1" 200 7090
201.214.54.200 - - [05/Apr/2018:15:24:46 -0300] "GET /cormun/servlet/permisogoce?INS,0,,, HTTP/1.1" 200 7090
201.214.54.200 - - [05/Apr/2018:15:24:51 -0300] "GET /cormun/servlet/permisogoce?01b3cbc2266f23a41243326611ca7c0a6628a865c6bcabdc2430d32da63748fb3768a961d29993aba2ac6e574dcc7516061f4cb608f629ca356cb9f1fa7752d5,gx-no-cache=1522952639607 HTTP/1.1" 200 72
201.214.54.200 - - [05/Apr/2018:15:24:51 -0300] "GET /cormun/static/menuarrow.gif HTTP/1.1" 404 1015
201.214.54.200 - - [05/Apr/2018:15:24:55 -0300] "GET /cormun/servlet/permisogoce?01b3cbc2266f23a41243326611ca7c0a9d7f580c4685bc57d95c70e6a162a55687c86f08d2c4d049b11351edb2d27f0a53cfa082ee17908786c4a8036e724194,gx-no-cache=1522952644127 HTTP/1.1" 200 44
201.214.54.200 - - [05/Apr/2018:15:24:58 -0300] "POST /cormun/servlet/permisogoce?e21e25e1072fdef0bbf6ddac4bdc452a,INS,0,,,,gx-no-cache=1522952646771 HTTP/1.1" 200 93
201.214.54.200 - - [05/Apr/2018:15:24:58 -0300] "GET /cormun/servlet/hpexe_return? HTTP/1.1" 200 1007
201.214.54.200 - - [05/Apr/2018:15:24:59 -0300] "GET /cormun/servlet/trpermisosgoce HTTP/1.1" 200 12849
201.214.54.200 - - [05/Apr/2018:15:25:00 -0300] "GET /cormun/servlet/trpermisosgoce HTTP/1.1" 200 12836
201.214.54.200 - - [05/Apr/2018:15:25:04 -0300] "GET /cormun/servlet/permisogoce?INS,0,,, HTTP/1.1" 200 7090
201.214.54.200 - - [05/Apr/2018:15:25:06 -0300] "GET /cormun/servlet/permisogoce?INS,0,,, HTTP/1.1" 200 7090
201.214.54.200 - - [05/Apr/2018:15:25:12 -0300] "GET /cormun/servlet/permisogoce?01b3cbc2266f23a41243326611ca7c0ab9368adb324b4017a7102dc37a2dd67f3768a961d29993aba2ac6e574dcc7516061f4cb608f629ca356cb9f1fa7752d5,gx-no-cache=1522952660999 HTTP/1.1" 200 81
201.214.54.200 - - [05/Apr/2018:15:25:12 -0300] "GET /cormun/static/menuarrow.gif HTTP/1.1" 404 1015
186.103.159.46 - - [05/Apr/2018:15:25:13 -0300] "GET /cormun/servlet/hlogin HTTP/1.1" 200 1726
201.214.54.200 - - [05/Apr/2018:15:25:17 -0300] "GET /cormun/servlet/permisogoce?01b3cbc2266f23a41243326611ca7c0a78a6d29cc9207f208922ce0d319840f13338d2136eefa49fea6975baec0de8ad53cfa082ee17908786c4a8036e724194,gx-no-cache=1522952666223 HTTP/1.1" 200 46
201.214.54.200 - - [05/Apr/2018:15:25:23 -0300] "POST /cormun/servlet/permisogoce?e21e25e1072fdef0bbf6ddac4bdc452a,INS,0,,,,gx-no-cache=1522952671131 HTTP/1.1" 200 93
201.214.54.200 - - [05/Apr/2018:15:25:23 -0300] "GET /cormun/servlet/hpexe_return? HTTP/1.1" 200 1007
201.214.54.200 - - [05/Apr/2018:15:25:23 -0300] "GET /cormun/servlet/trpermisosgoce HTTP/1.1" 200 13102
186.103.159.46 - - [05/Apr/2018:15:25:24 -0300] "POST /cormun/servlet/hlogin?33d86df5a922e972f63e8d3f185c679f,gx-no-cache=1522952670462 HTTP/1.1" 200 90
186.103.159.46 - - [05/Apr/2018:15:25:24 -0300] "GET /cormun/servlet/hpexe_link HTTP/1.1" 200 952
186.103.159.46 - - [05/Apr/2018:15:25:24 -0300] "GET /cormun/servlet/hhome HTTP/1.1" 200 3963
201.214.54.200 - - [05/Apr/2018:15:25:25 -0300] "GET /cormun/servlet/trpermisosgoce HTTP/1.1" 200 13120
186.103.159.46 - - [05/Apr/2018:15:25:26 -0300] "GET /cormun/servlet/hhome HTTP/1.1" 200 3959
186.103.159.46 - - [05/Apr/2018:15:25:35 -0300] "GET /cormun/servlet/trpermisosgoce? HTTP/1.1" 200 8981
186.103.159.46 - - [05/Apr/2018:15:25:37 -0300] "GET /cormun/servlet/trpermisosgoce? HTTP/1.1" 200 8983
201.214.54.200 - - [05/Apr/2018:15:25:39 -0300] "GET /cormun/servlet/trpermisosadjuntos?15807616,20180405151528,P, HTTP/1.1" 200 6534
201.214.54.200 - - [05/Apr/2018:15:25:39 -0300] "GET /cormun/static/gxcfg.js?201762817193957 HTTP/1.1" 200 953
201.214.54.200 - - [05/Apr/2018:15:25:39 -0300] "GET /cormun/static/trpermisosadjuntos.js?201762817194366 HTTP/1.1" 200 20158
201.214.54.200 - - [05/Apr/2018:15:25:40 -0300] "GET /cormun/servlet/trpermisosadjuntos?15807616,20180405151528,P, HTTP/1.1" 200 6534
201.214.54.200 - - [05/Apr/2018:15:25:43 -0300] "GET /cormun/servlet/permisosadjuntos?INS,15807616,P,20180405151528,, HTTP/1.1" 200 5864
201.214.54.200 - - [05/Apr/2018:15:25:43 -0300] "GET /cormun/static/gxcfg.js?201762717441171 HTTP/1.1" 200 953
186.79.209.55 - - [05/Apr/2018:15:25:43 -0300] "GET /cormun/static/permisosadjuntos.js?201762717441184 HTTP/1.1" 200 8724
186.79.209.55 - - [05/Apr/2018:15:25:43 -0300] "GET /cormun/static/about:blank HTTP/1.1" 404 1011
186.79.209.55 - - [05/Apr/2018:15:25:44 -0300] "GET /cormun/servlet/permisosadjuntos?INS,15807616,P,20180405151528,, HTTP/1.1" 200 5855
186.103.159.46 - - [05/Apr/2018:15:25:47 -0300] "GET /cormun/servlet/trpermisosadjuntos?7798370,20180405115020,P, HTTP/1.1" 200 6276
186.103.159.46 - - [05/Apr/2018:15:25:49 -0300] "GET /cormun/servlet/trpermisosadjuntos?7798370,20180405115020,P, HTTP/1.1" 200 6276
186.103.159.46 - - [05/Apr/2018:15:25:52 -0300] "GET /cormun/servlet/permisosadjuntos?INS,7798370,P,20180405115020,, HTTP/1.1" 200 5601
186.103.159.46 - - [05/Apr/2018:15:25:56 -0300] "GET /cormun/static/about:blank HTTP/1.1" 404 1011
186.103.159.46 - - [05/Apr/2018:15:25:58 -0300] "GET /cormun/servlet/permisosadjuntos?INS,7798370,P,20180405115020,, HTTP/1.1" 200 5594
186.79.209.55 - - [05/Apr/2018:15:26:06 -0300] "POST /cormun/servlet/permisosadjuntos?e21e25e1072fdef0bbf6ddac4bdc452a,INS,15807616,P,20180405151528,, HTTP/1.1" 200 116
186.79.209.55 - - [05/Apr/2018:15:26:06 -0300] "GET /cormun/servlet/hpexe_return? HTTP/1.1" 200 1034
186.79.209.55 - - [05/Apr/2018:15:26:07 -0300] "GET /cormun/servlet/trpermisosadjuntos?15807616,20180405151528,P, HTTP/1.1" 200 7029
186.79.209.55 - - [05/Apr/2018:15:26:08 -0300] "GET /cormun/servlet/trpermisosadjuntos?15807616,20180405151528,P, HTTP/1.1" 200 7025
201.214.54.200 - - [05/Apr/2018:15:26:11 -0300] "POST /cormun/servlet/trpermisosadjuntos?e21e25e1072fdef0bbf6ddac4bdc452a,15807616,20180405151528,P,,gx-no-cache=1522952719554 HTTP/1.1" 200 90
201.214.54.200 - - [05/Apr/2018:15:26:11 -0300] "GET /cormun/servlet/hpexe_link HTTP/1.1" 200 978
201.214.54.200 - - [05/Apr/2018:15:26:12 -0300] "GET /cormun/servlet/trpermisosgoce HTTP/1.1" 200 13106
201.214.54.200 - - [05/Apr/2018:15:26:13 -0300] "GET /cormun/servlet/trpermisosgoce HTTP/1.1" 200 13103
186.103.159.46 - - [05/Apr/2018:15:26:13 -0300] "POST /cormun/servlet/permisosadjuntos?33d86df5a922e972f63e8d3f185c679f,INS,7798370,P,20180405115020,, HTTP/1.1" 200 116
186.103.159.46 - - [05/Apr/2018:15:26:13 -0300] "GET /cormun/servlet/hpexe_return? HTTP/1.1" 200 1039
186.103.159.46 - - [05/Apr/2018:15:26:14 -0300] "GET /cormun/servlet/trpermisosadjuntos?7798370,20180405115020,P, HTTP/1.1" 200 6767
186.103.159.46 - - [05/Apr/2018:15:26:15 -0300] "GET /cormun/servlet/trpermisosadjuntos?7798370,20180405115020,P, HTTP/1.1" 200 6763
186.103.159.46 - - [05/Apr/2018:15:26:24 -0300] "GET /cormun/servlet/trpermisosgoce? HTTP/1.1" 200 8980
186.103.159.46 - - [05/Apr/2018:15:26:26 -0300] "GET /cormun/servlet/trpermisosgoce? HTTP/1.1" 200 8979
186.103.159.46 - - [05/Apr/2018:15:26:31 -0300] "GET /cormun/servlet/trlicenciaspermisoslog?7798370,P,20180405115020, HTTP/1.1" 200 6194
186.103.159.46 - - [05/Apr/2018:15:26:33 -0300] "GET /cormun/servlet/trlicenciaspermisoslog?7798370,P,20180405115020, HTTP/1.1" 200 6194
201.214.54.200 - - [05/Apr/2018:15:26:35 -0300] "GET /cormun/servlet/permisogoce?INS,0,,, HTTP/1.1" 200 7090
201.214.54.200 - - [05/Apr/2018:15:26:36 -0300] "GET /cormun/servlet/permisogoce?INS,0,,, HTTP/1.1" 200 7090
186.103.159.46 - - [05/Apr/2018:15:26:42 -0300] "GET /cormun/servlet/trpermisosgoce? HTTP/1.1" 200 8984
186.103.159.46 - - [05/Apr/2018:15:26:45 -0300] "GET /cormun/servlet/trpermisosgoce? HTTP/1.1" 200 8975
201.214.54.200 - - [05/Apr/2018:15:26:45 -0300] "GET /cormun/servlet/permisogoce?01b3cbc2266f23a41243326611ca7c0a33c5e45547d93e716a22db88a29832533768a961d29993aba2ac6e574dcc7516061f4cb608f629ca356cb9f1fa7752d5,gx-no-cache=1522952753610 HTTP/1.1" 200 84
201.214.54.200 - - [05/Apr/2018:15:26:45 -0300] "GET /cormun/static/menuarrow.gif HTTP/1.1" 404 1015
186.103.159.46 - - [05/Apr/2018:15:26:49 -0300] "GET /cormun/servlet/trpermisosadjuntos?7798370,20180405115020,P, HTTP/1.1" 200 6764
186.103.159.46 - - [05/Apr/2018:15:26:50 -0300] "GET /cormun/servlet/trpermisosadjuntos?7798370,20180405115020,P, HTTP/1.1" 200 6763
186.103.159.46 - - [05/Apr/2018:15:26:53 -0300] "GET /cormun/servlet/trpermisosgoce? HTTP/1.1" 200 8980
201.214.54.200 - - [05/Apr/2018:15:26:54 -0300] "GET /cormun/servlet/permisogoce?01b3cbc2266f23a41243326611ca7c0a413cad54aab22d4d4b6824cc6fba815b91d8e6928933342b96c62eec06e2770f53cfa082ee17908786c4a8036e724194,gx-no-cache=1522952762585 HTTP/1.1" 200 48
186.103.159.46 - - [05/Apr/2018:15:26:56 -0300] "GET /cormun/servlet/trpermisosgoce? HTTP/1.1" 200 8979
186.103.159.46 - - [05/Apr/2018:15:27:08 -0300] "GET /cormun/servlet/trlicenciaspermisoslog?7798370,P,20180405115020, HTTP/1.1" 200 6194
201.214.54.200 - - [05/Apr/2018:15:27:09 -0300] "POST /cormun/servlet/permisogoce?e21e25e1072fdef0bbf6ddac4bdc452a,INS,0,,,,gx-no-cache=1522952778159 HTTP/1.1" 200 93
201.214.54.200 - - [05/Apr/2018:15:27:09 -0300] "GET /cormun/servlet/hpexe_return? HTTP/1.1" 200 1007
186.103.159.46 - - [05/Apr/2018:15:27:10 -0300] "GET /cormun/servlet/trlicenciaspermisoslog?7798370,P,20180405115020, HTTP/1.1" 200 6194
201.214.54.200 - - [05/Apr/2018:15:27:10 -0300] "GET /cormun/servlet/trpermisosgoce HTTP/1.1" 200 13112
201.214.54.200 - - [05/Apr/2018:15:27:12 -0300] "GET /cormun/servlet/trpermisosgoce HTTP/1.1" 200 13097
186.103.159.46 - - [05/Apr/2018:15:27:18 -0300] "GET /cormun/servlet/trpermisosgoce? HTTP/1.1" 200 8979
186.103.159.46 - - [05/Apr/2018:15:27:19 -0300] "GET /cormun/servlet/trpermisosgoce? HTTP/1.1" 200 8983
186.103.159.46 - - [05/Apr/2018:15:27:26 -0300] "GET /cormun/servlet/trpermisosadjuntos?7798370,20180405115020,P, HTTP/1.1" 200 6763
186.103.159.46 - - [05/Apr/2018:15:27:28 -0300] "GET /cormun/servlet/trpermisosadjuntos?7798370,20180405115020,P, HTTP/1.1" 200 6764
186.103.159.46 - - [05/Apr/2018:15:27:40 -0300] "GET /cormun/servlet/trpermisosgoce? HTTP/1.1" 200 8980
186.103.159.46 - - [05/Apr/2018:15:27:42 -0300] "GET /cormun/servlet/trpermisosgoce? HTTP/1.1" 200 8979
186.103.159.46 - - [05/Apr/2018:15:27:52 -0300] "GET /cormun/servlet/trlicenciaspermisoslog?13477280,P,20180405115605, HTTP/1.1" 200 6514
186.103.159.46 - - [05/Apr/2018:15:27:53 -0300] "GET /cormun/servlet/trlicenciaspermisoslog?13477280,P,20180405115605, HTTP/1.1" 200 6514
186.103.159.46 - - [05/Apr/2018:15:27:58 -0300] "GET /cormun/servlet/trpermisosgoce? HTTP/1.1" 200 8979
186.103.159.46 - - [05/Apr/2018:15:27:59 -0300] "GET /cormun/servlet/trpermisosgoce? HTTP/1.1" 200 8983
186.103.159.46 - - [05/Apr/2018:15:28:05 -0300] "GET /cormun/servlet/trlicenciaspermisoslog?7798370,P,20180405115020, HTTP/1.1" 200 6194
186.103.159.46 - - [05/Apr/2018:15:28:06 -0300] "GET /cormun/servlet/trlicenciaspermisoslog?7798370,P,20180405115020, HTTP/1.1" 200 6194
186.103.159.46 - - [05/Apr/2018:15:28:11 -0300] "GET /cormun/servlet/trpermisosgoce? HTTP/1.1" 200 8984
186.103.159.46 - - [05/Apr/2018:15:28:13 -0300] "GET /cormun/servlet/trpermisosgoce? HTTP/1.1" 200 8983
186.79.209.55 - - [05/Apr/2018:15:28:22 -0300] "GET /cormun/servlet/trpermisosadjuntos?23711264,20180405151634,P, HTTP/1.1" 200 6530
186.79.209.55 - - [05/Apr/2018:15:28:23 -0300] "GET /cormun/servlet/trpermisosadjuntos?23711264,20180405151634,P, HTTP/1.1" 200 6530
186.79.209.55 - - [05/Apr/2018:15:28:26 -0300] "GET /cormun/servlet/permisosadjuntos?INS,23711264,P,20180405151634,, HTTP/1.1" 200 5860
186.79.209.55 - - [05/Apr/2018:15:28:26 -0300] "GET /cormun/static/about:blank HTTP/1.1" 404 1011
186.79.209.55 - - [05/Apr/2018:15:28:27 -0300] "GET /cormun/servlet/permisosadjuntos?INS,23711264,P,20180405151634,, HTTP/1.1" 200 5850
186.103.159.46 - - [05/Apr/2018:15:28:34 -0300] "POST /cormun/servlet/trpermisosgoce?33d86df5a922e972f63e8d3f185c679f,,gx-no-cache=1522952860968 HTTP/1.1" 200 6162
186.103.159.46 - - [05/Apr/2018:15:28:35 -0300] "GET /cormun/static/Shared/jqueryui/images/ui-bg_highlight-soft_100_c6c2c8_1x100.png HTTP/1.1" 404 1117
186.103.159.46 - - [05/Apr/2018:15:28:35 -0300] "GET /cormun/static/Shared/jqueryui/images/ui-icons_82798d_256x240.png HTTP/1.1" 404 1089
186.103.159.46 - - [05/Apr/2018:15:28:35 -0300] "GET /cormun/static/Shared/jqueryui/images/ui-bg_flat_55_fafafa_40x100.png HTTP/1.1" 404 1097
186.103.159.46 - - [05/Apr/2018:15:28:35 -0300] "GET /cormun/static/Shared/jqueryui/images/ui-icons_8d78a5_256x240.png HTTP/1.1" 404 1089
186.103.159.46 - - [05/Apr/2018:15:28:41 -0300] "GET /cormun/servlet/trlicenciaspermisoslog?7798370,P,20180405115020, HTTP/1.1" 200 6508
186.103.159.46 - - [05/Apr/2018:15:28:43 -0300] "GET /cormun/servlet/trlicenciaspermisoslog?7798370,P,20180405115020, HTTP/1.1" 200 6508
186.79.209.55 - - [05/Apr/2018:15:28:48 -0300] "POST /cormun/servlet/permisosadjuntos?e21e25e1072fdef0bbf6ddac4bdc452a,INS,23711264,P,20180405151634,, HTTP/1.1" 200 116
186.79.209.55 - - [05/Apr/2018:15:28:48 -0300] "GET /cormun/servlet/hpexe_return? HTTP/1.1" 200 1034
186.79.209.55 - - [05/Apr/2018:15:28:48 -0300] "GET /cormun/servlet/trpermisosadjuntos?23711264,20180405151634,P, HTTP/1.1" 200 7023
186.79.209.55 - - [05/Apr/2018:15:28:49 -0300] "GET /cormun/servlet/trpermisosadjuntos?23711264,20180405151634,P, HTTP/1.1" 200 7021
186.103.159.46 - - [05/Apr/2018:15:28:51 -0300] "GET /cormun/servlet/trpermisosgoce? HTTP/1.1" 200 8940
186.79.209.55 - - [05/Apr/2018:15:28:52 -0300] "POST /cormun/servlet/trpermisosadjuntos?e21e25e1072fdef0bbf6ddac4bdc452a,23711264,20180405151634,P,,gx-no-cache=1522952880588 HTTP/1.1" 200 90
186.79.209.55 - - [05/Apr/2018:15:28:52 -0300] "GET /cormun/servlet/hpexe_link HTTP/1.1" 200 979
186.79.209.55 - - [05/Apr/2018:15:28:53 -0300] "GET /cormun/servlet/trpermisosgoce HTTP/1.1" 200 13119
186.103.159.46 - - [05/Apr/2018:15:28:53 -0300] "GET /cormun/servlet/trpermisosgoce? HTTP/1.1" 200 8932
186.79.209.55 - - [05/Apr/2018:15:28:54 -0300] "GET /cormun/servlet/trpermisosgoce HTTP/1.1" 200 13090
186.103.159.46 - - [05/Apr/2018:15:29:00 -0300] "GET /cormun/servlet/trpermisosadjuntos?7798370,20180405115020,P, HTTP/1.1" 200 6764
186.103.159.46 - - [05/Apr/2018:15:29:02 -0300] "GET /cormun/servlet/trpermisosadjuntos?7798370,20180405115020,P, HTTP/1.1" 200 6763
186.79.209.55 - - [05/Apr/2018:15:29:07 -0300] "GET /cormun/servlet/trpermisosadjuntos?8494476,20180405151713,P, HTTP/1.1" 200 6535
186.79.209.55 - - [05/Apr/2018:15:29:09 -0300] "GET /cormun/servlet/trpermisosadjuntos?8494476,20180405151713,P, HTTP/1.1" 200 6535
201.214.54.200 - - [05/Apr/2018:15:29:10 -0300] "GET /cormun/servlet/permisosadjuntos?INS,8494476,P,20180405151713,, HTTP/1.1" 200 5866
201.214.54.200 - - [05/Apr/2018:15:29:10 -0300] "GET /cormun/static/about:blank HTTP/1.1" 404 1011
186.103.159.46 - - [05/Apr/2018:15:29:11 -0300] "GET /cormun/servlet/trpermisosgoce? HTTP/1.1" 200 8933
201.214.54.200 - - [05/Apr/2018:15:29:11 -0300] "GET /cormun/servlet/permisosadjuntos?INS,8494476,P,20180405151713,, HTTP/1.1" 200 5856
186.103.159.46 - - [05/Apr/2018:15:29:12 -0300] "GET /cormun/servlet/trpermisosgoce? HTTP/1.1" 200 8932
186.103.159.46 - - [05/Apr/2018:15:29:18 -0300] "GET /cormun/servlet/trpermisosadjuntos?17844530,20180404132643,P, HTTP/1.1" 200 6783
186.103.159.46 - - [05/Apr/2018:15:29:20 -0300] "GET /cormun/servlet/trpermisosadjuntos?17844530,20180404132643,P, HTTP/1.1" 200 6782
186.103.159.46 - - [05/Apr/2018:15:29:24 -0300] "GET /cormun/servlet/trpermisosgoce? HTTP/1.1" 200 8933
186.103.159.46 - - [05/Apr/2018:15:29:26 -0300] "GET /cormun/servlet/trpermisosgoce? HTTP/1.1" 200 8939
201.214.54.200 - - [05/Apr/2018:15:29:27 -0300] "POST /cormun/servlet/permisosadjuntos?e21e25e1072fdef0bbf6ddac4bdc452a,INS,8494476,P,20180405151713,, HTTP/1.1" 200 116
201.214.54.200 - - [05/Apr/2018:15:29:27 -0300] "GET /cormun/servlet/hpexe_return? HTTP/1.1" 200 1033
201.214.54.200 - - [05/Apr/2018:15:29:27 -0300] "GET /cormun/servlet/trpermisosadjuntos?8494476,20180405151713,P, HTTP/1.1" 200 7027
201.214.54.200 - - [05/Apr/2018:15:29:29 -0300] "GET /cormun/servlet/trpermisosadjuntos?8494476,20180405151713,P, HTTP/1.1" 200 7022
201.214.54.200 - - [05/Apr/2018:15:29:30 -0300] "POST /cormun/servlet/trpermisosadjuntos?e21e25e1072fdef0bbf6ddac4bdc452a,8494476,20180405151713,P,,gx-no-cache=1522952919233 HTTP/1.1" 200 90
201.214.54.200 - - [05/Apr/2018:15:29:31 -0300] "GET /cormun/servlet/hpexe_link HTTP/1.1" 200 978
201.214.54.200 - - [05/Apr/2018:15:29:31 -0300] "GET /cormun/servlet/trpermisosgoce HTTP/1.1" 200 13087
201.214.54.200 - - [05/Apr/2018:15:29:32 -0300] "GET /cormun/servlet/trpermisosgoce HTTP/1.1" 200 13114
201.214.54.200 - - [05/Apr/2018:15:29:39 -0300] "GET /cormun/servlet/trpermisosadjuntos?16846614,20180405151745,P, HTTP/1.1" 200 6533
201.214.54.200 - - [05/Apr/2018:15:29:40 -0300] "GET /cormun/servlet/trpermisosadjuntos?16846614,20180405151745,P, HTTP/1.1" 200 6534
201.214.54.200 - - [05/Apr/2018:15:29:44 -0300] "GET /cormun/servlet/permisosadjuntos?INS,16846614,P,20180405151745,, HTTP/1.1" 200 5863
201.214.54.200 - - [05/Apr/2018:15:29:44 -0300] "GET /cormun/static/about:blank HTTP/1.1" 404 1011
201.214.54.200 - - [05/Apr/2018:15:29:45 -0300] "GET /cormun/servlet/permisosadjuntos?INS,16846614,P,20180405151745,, HTTP/1.1" 200 5852
199.30.24.142 - - [05/Apr/2018:15:29:54 -0300] "GET /cormun/static/Shared/ext/resources/css/ext-all.css?205870 HTTP/1.1" 200 416045
199.30.24.142 - - [05/Apr/2018:15:29:55 -0300] "GET /cormun/static/scaMessage/css/jquery.pnotify.default.css?1716380 HTTP/1.1" 200 1707
65.55.210.95 - - [05/Apr/2018:15:29:57 -0300] "GET /cormun/static/gxapiSD.js?85251 HTTP/1.1" 200 78773
65.55.210.159 - - [05/Apr/2018:15:29:58 -0300] "GET /cormun/static/gxfxSD.js?85251 HTTP/1.1" 200 15384
199.30.24.142 - - [05/Apr/2018:15:29:59 -0300] "GET /cormun/static/gxhtmlSD.js?85251 HTTP/1.1" 200 50424
199.30.25.109 - - [05/Apr/2018:15:30:00 -0300] "GET /cormun/static/gxpopupSD.js?85251 HTTP/1.1" 200 22377
186.103.156.24 - - [05/Apr/2018:15:30:02 -0300] "GET /cormun/servlet/hlogin HTTP/1.1" 200 1723
199.30.25.3 - - [05/Apr/2018:15:30:02 -0300] "GET /cormun/static/gxfrmutlSD.js?85251 HTTP/1.1" 200 89044
186.103.156.24 - - [05/Apr/2018:15:30:02 -0300] "GET /cormun/servlet/hlogin HTTP/1.1" 200 1732
199.30.24.19 - - [05/Apr/2018:15:30:03 -0300] "GET /cormun/static/gxgridSD.js?85251 HTTP/1.1" 200 50735
199.30.24.241 - - [05/Apr/2018:15:30:04 -0300] "GET /cormun/static/gxgralSD.js?85251 HTTP/1.1" 200 20927
201.214.54.200 - - [05/Apr/2018:15:30:04 -0300] "POST /cormun/servlet/permisosadjuntos?e21e25e1072fdef0bbf6ddac4bdc452a,INS,16846614,P,20180405151745,, HTTP/1.1" 200 116
201.214.54.200 - - [05/Apr/2018:15:30:04 -0300] "GET /cormun/servlet/hpexe_return? HTTP/1.1" 200 1035
201.214.54.200 - - [05/Apr/2018:15:30:05 -0300] "GET /cormun/servlet/trpermisosadjuntos?16846614,20180405151745,P, HTTP/1.1" 200 7026
201.214.54.200 - - [05/Apr/2018:15:30:06 -0300] "GET /cormun/servlet/trpermisosadjuntos?16846614,20180405151745,P, HTTP/1.1" 200 7023
199.30.25.118 - - [05/Apr/2018:15:30:07 -0300] "GET /cormun/static/RunJS/RunJS.js HTTP/1.1" 200 288
199.30.24.241 - - [05/Apr/2018:15:30:08 -0300] "GET /cormun/static/PXToolsJavascripts/pexe_griddivfix.js HTTP/1.1" 200 6644
201.214.54.200 - - [05/Apr/2018:15:30:10 -0300] "POST /cormun/servlet/trpermisosadjuntos?e21e25e1072fdef0bbf6ddac4bdc452a,16846614,20180405151745,P,,gx-no-cache=1522952958827 HTTP/1.1" 200 90
201.214.54.200 - - [05/Apr/2018:15:30:10 -0300] "GET /cormun/servlet/hpexe_link HTTP/1.1" 200 980
201.214.54.200 - - [05/Apr/2018:15:30:11 -0300] "GET /cormun/servlet/trpermisosgoce HTTP/1.1" 200 13084
65.55.210.34 - - [05/Apr/2018:15:30:11 -0300] "GET /cormun/static/messages.spa.js?85251 HTTP/1.1" 200 30736
201.214.54.200 - - [05/Apr/2018:15:30:12 -0300] "GET /cormun/servlet/trpermisosgoce HTTP/1.1" 200 13087
186.103.156.24 - - [05/Apr/2018:15:30:15 -0300] "POST /cormun/servlet/hlogin?af003f3cefb900efcefd49d4d38974b9,gx-no-cache=1522952961499 HTTP/1.1" 200 90
186.103.156.24 - - [05/Apr/2018:15:30:15 -0300] "GET /cormun/servlet/hpexe_link HTTP/1.1" 200 952
186.103.156.24 - - [05/Apr/2018:15:30:16 -0300] "GET /cormun/servlet/hhome HTTP/1.1" 200 4231
199.30.25.153 - - [05/Apr/2018:15:30:16 -0300] "GET /cormun/static/Resources/PXToolsGridFirstDisabled.gif HTTP/1.1" 200 100
186.103.156.24 - - [05/Apr/2018:15:30:16 -0300] "GET /cormun/servlet/hhome HTTP/1.1" 200 4227
199.30.25.109 - - [05/Apr/2018:15:30:17 -0300] "GET /cormun/static/Resources/PXToolsGridPreviousDisabled.gif HTTP/1.1" 200 90
186.103.156.24 - - [05/Apr/2018:15:30:21 -0300] "GET /cormun/servlet/trvisualizadoreventos? HTTP/1.1" 200 6987
186.103.156.24 - - [05/Apr/2018:15:30:21 -0300] "GET /cormun/static/gxcfg.js?20175251251426 HTTP/1.1" 200 953
186.103.156.24 - - [05/Apr/2018:15:30:22 -0300] "GET /cormun/static/trvisualizadoreventos.js?20175251251768 HTTP/1.1" 200 19318
186.103.156.24 - - [05/Apr/2018:15:30:23 -0300] "GET /cormun/static/Resources/PXToolsActionPrint.png HTTP/1.1" 200 3317
186.79.209.55 - - [05/Apr/2018:15:30:23 -0300] "GET /cormun/servlet/trpermisosadjuntos?16846614,20180405151813,P, HTTP/1.1" 200 6533
186.103.156.24 - - [05/Apr/2018:15:30:23 -0300] "GET /cormun/servlet/trvisualizadoreventos? HTTP/1.1" 200 6989
186.79.209.55 - - [05/Apr/2018:15:30:24 -0300] "GET /cormun/servlet/trpermisosadjuntos?16846614,20180405151813,P, HTTP/1.1" 200 6533
186.79.209.55 - - [05/Apr/2018:15:30:26 -0300] "GET /cormun/servlet/permisosadjuntos?INS,16846614,P,20180405151813,, HTTP/1.1" 200 5866
65.55.210.79 - - [05/Apr/2018:15:30:26 -0300] "GET /cormun/static/Resources/asc.gif HTTP/1.1" 200 67
186.79.209.55 - - [05/Apr/2018:15:30:26 -0300] "GET /cormun/static/about:blank HTTP/1.1" 404 1011
199.30.25.141 - - [05/Apr/2018:15:30:27 -0300] "GET /cormun/static/Resources/desc.gif HTTP/1.1" 200 65
186.79.209.55 - - [05/Apr/2018:15:30:27 -0300] "GET /cormun/servlet/permisosadjuntos?INS,16846614,P,20180405151813,, HTTP/1.1" 200 5856
186.103.156.24 - - [05/Apr/2018:15:30:30 -0300] "POST /cormun/servlet/trvisualizadoreventos?af003f3cefb900efcefd49d4d38974b9,,gx-no-cache=1522952976677 HTTP/1.1" 200 4128
186.79.209.55 - - [05/Apr/2018:15:30:42 -0300] "POST /cormun/servlet/permisosadjuntos?e21e25e1072fdef0bbf6ddac4bdc452a,INS,16846614,P,20180405151813,, HTTP/1.1" 200 116
186.79.209.55 - - [05/Apr/2018:15:30:42 -0300] "GET /cormun/servlet/hpexe_return? HTTP/1.1" 200 1034
186.79.209.55 - - [05/Apr/2018:15:30:43 -0300] "GET /cormun/servlet/trpermisosadjuntos?16846614,20180405151813,P, HTTP/1.1" 200 7026
186.79.209.55 - - [05/Apr/2018:15:30:44 -0300] "GET /cormun/servlet/trpermisosadjuntos?16846614,20180405151813,P, HTTP/1.1" 200 7023
186.79.209.55 - - [05/Apr/2018:15:30:47 -0300] "POST /cormun/servlet/trpermisosadjuntos?e21e25e1072fdef0bbf6ddac4bdc452a,16846614,20180405151813,P,,gx-no-cache=1522952994962 HTTP/1.1" 200 90
186.79.209.55 - - [05/Apr/2018:15:30:47 -0300] "GET /cormun/servlet/hpexe_link HTTP/1.1" 200 979
186.79.209.55 - - [05/Apr/2018:15:30:47 -0300] "GET /cormun/servlet/trpermisosgoce HTTP/1.1" 200 13089
186.103.156.24 - - [05/Apr/2018:15:30:48 -0300] "GET /cormun/servlet/trcontratoobservaciondir? HTTP/1.1" 200 6429
186.103.156.24 - - [05/Apr/2018:15:30:48 -0300] "GET /cormun/static/gxcfg.js?20175251262281 HTTP/1.1" 200 953
186.103.156.24 - - [05/Apr/2018:15:30:48 -0300] "GET /cormun/static/trcontratoobservaciondir.js?20175251262715 HTTP/1.1" 200 27185
186.103.156.24 - - [05/Apr/2018:15:30:48 -0300] "GET /cormun/servlet/trcontratoobservaciondir? HTTP/1.1" 200 6429
186.79.209.55 - - [05/Apr/2018:15:30:49 -0300] "GET /cormun/servlet/trpermisosgoce HTTP/1.1" 200 13088
186.103.156.24 - - [05/Apr/2018:15:30:50 -0300] "POST /cormun/servlet/trcontratoobservaciondir?af003f3cefb900efcefd49d4d38974b9,,gx-no-cache=1522952997263 HTTP/1.1" 200 3958
186.79.209.55 - - [05/Apr/2018:15:30:54 -0300] "GET /cormun/servlet/trpermisosadjuntos?10613676,20180405151846,P, HTTP/1.1" 200 6536
186.79.209.55 - - [05/Apr/2018:15:30:55 -0300] "GET /cormun/servlet/trpermisosadjuntos?10613676,20180405151846,P, HTTP/1.1" 200 6536
186.79.209.55 - - [05/Apr/2018:15:30:59 -0300] "GET /cormun/servlet/permisosadjuntos?INS,10613676,P,20180405151846,, HTTP/1.1" 200 5868
186.79.209.55 - - [05/Apr/2018:15:31:00 -0300] "GET /cormun/static/about:blank HTTP/1.1" 404 1011
186.79.209.55 - - [05/Apr/2018:15:31:00 -0300] "GET /cormun/servlet/permisosadjuntos?INS,10613676,P,20180405151846,, HTTP/1.1" 200 5858
186.103.156.24 - - [05/Apr/2018:15:31:08 -0300] "POST /cormun/servlet/trcontratoobservaciondir?af003f3cefb900efcefd49d4d38974b9,,gx-no-cache=1522953014723 HTTP/1.1" 200 3982
186.79.209.55 - - [05/Apr/2018:15:31:18 -0300] "POST /cormun/servlet/permisosadjuntos?e21e25e1072fdef0bbf6ddac4bdc452a,INS,10613676,P,20180405151846,, HTTP/1.1" 200 116
186.79.209.55 - - [05/Apr/2018:15:31:19 -0300] "GET /cormun/servlet/hpexe_return? HTTP/1.1" 200 1035
186.79.209.55 - - [05/Apr/2018:15:31:19 -0300] "GET /cormun/servlet/trpermisosadjuntos?10613676,20180405151846,P, HTTP/1.1" 200 7031
186.79.209.55 - - [05/Apr/2018:15:31:21 -0300] "GET /cormun/servlet/trpermisosadjuntos?10613676,20180405151846,P, HTTP/1.1" 200 7027
186.79.209.55 - - [05/Apr/2018:15:31:24 -0300] "POST /cormun/servlet/trpermisosadjuntos?e21e25e1072fdef0bbf6ddac4bdc452a,10613676,20180405151846,P,,gx-no-cache=1522953032051 HTTP/1.1" 200 90
186.79.209.55 - - [05/Apr/2018:15:31:24 -0300] "GET /cormun/servlet/hpexe_link HTTP/1.1" 200 980
186.79.209.55 - - [05/Apr/2018:15:31:24 -0300] "GET /cormun/servlet/trpermisosgoce HTTP/1.1" 200 13122
186.103.156.24 - - [05/Apr/2018:15:31:24 -0300] "POST /cormun/servlet/trcontratoobservaciondir?af003f3cefb900efcefd49d4d38974b9,,gx-no-cache=1522953030971 HTTP/1.1" 200 3989
186.79.209.55 - - [05/Apr/2018:15:31:26 -0300] "GET /cormun/servlet/trpermisosgoce HTTP/1.1" 200 13097
186.103.156.24 - - [05/Apr/2018:15:31:26 -0300] "POST /cormun/servlet/trcontratoobservaciondir?af003f3cefb900efcefd49d4d38974b9,,gx-no-cache=1522953032412 HTTP/1.1" 200 3989
186.103.156.24 - - [05/Apr/2018:15:31:34 -0300] "GET /cormun/servlet/trcontratounov2? HTTP/1.1" 200 17325
186.103.156.24 - - [05/Apr/2018:15:31:34 -0300] "GET /cormun/static/gxcfg.js?201752512124396 HTTP/1.1" 200 953
186.103.156.24 - - [05/Apr/2018:15:31:34 -0300] "GET /cormun/static/Resources/PXToolsAddSelectedAction.png HTTP/1.1" 200 3660
186.103.156.24 - - [05/Apr/2018:15:31:34 -0300] "GET /cormun/static/trcontratounov2.js?201752512125146 HTTP/1.1" 200 38486
186.103.156.24 - - [05/Apr/2018:15:31:35 -0300] "GET /cormun/servlet/trcontratounov2? HTTP/1.1" 200 17318
201.214.54.200 - - [05/Apr/2018:15:31:35 -0300] "GET /cormun/servlet/trpermisosadjuntos?8494476,20180405151914,P, HTTP/1.1" 200 6535
201.214.54.200 - - [05/Apr/2018:15:31:36 -0300] "GET /cormun/servlet/trpermisosadjuntos?8494476,20180405151914,P, HTTP/1.1" 200 6534
201.214.54.200 - - [05/Apr/2018:15:31:38 -0300] "GET /cormun/servlet/permisosadjuntos?INS,8494476,P,20180405151914,, HTTP/1.1" 200 5867
201.214.54.200 - - [05/Apr/2018:15:31:39 -0300] "GET /cormun/static/about:blank HTTP/1.1" 404 1011
201.214.54.200 - - [05/Apr/2018:15:31:39 -0300] "GET /cormun/servlet/permisosadjuntos?INS,8494476,P,20180405151914,, HTTP/1.1" 200 5857
201.214.54.200 - - [05/Apr/2018:15:31:49 -0300] "POST /cormun/servlet/permisosadjuntos?e21e25e1072fdef0bbf6ddac4bdc452a,INS,8494476,P,20180405151914,, HTTP/1.1" 200 116
201.214.54.200 - - [05/Apr/2018:15:31:50 -0300] "GET /cormun/servlet/hpexe_return? HTTP/1.1" 200 1035
201.214.54.200 - - [05/Apr/2018:15:31:50 -0300] "GET /cormun/servlet/trpermisosadjuntos?8494476,20180405151914,P, HTTP/1.1" 200 7027
201.214.54.200 - - [05/Apr/2018:15:31:51 -0300] "GET /cormun/servlet/trpermisosadjuntos?8494476,20180405151914,P, HTTP/1.1" 200 7024
186.79.209.55 - - [05/Apr/2018:15:31:55 -0300] "POST /cormun/servlet/trpermisosadjuntos?e21e25e1072fdef0bbf6ddac4bdc452a,8494476,20180405151914,P,,gx-no-cache=1522953062729 HTTP/1.1" 200 90
186.79.209.55 - - [05/Apr/2018:15:31:55 -0300] "GET /cormun/servlet/hpexe_link HTTP/1.1" 200 978
186.79.209.55 - - [05/Apr/2018:15:31:55 -0300] "GET /cormun/servlet/trpermisosgoce HTTP/1.1" 200 13106
186.79.209.55 - - [05/Apr/2018:15:31:57 -0300] "GET /cormun/servlet/trpermisosgoce HTTP/1.1" 200 13121
186.103.156.24 - - [05/Apr/2018:15:32:02 -0300] "POST /cormun/servlet/trcontratounov2?af003f3cefb900efcefd49d4d38974b9,,gx-no-cache=1522953068113 HTTP/1.1" 200 7104
186.79.209.55 - - [05/Apr/2018:15:32:04 -0300] "GET /cormun/servlet/trpermisosadjuntos?11031603,20180405151950,P, HTTP/1.1" 200 6540
186.79.209.55 - - [05/Apr/2018:15:32:05 -0300] "GET /cormun/servlet/trpermisosadjuntos?11031603,20180405151950,P, HTTP/1.1" 200 6539
186.79.209.55 - - [05/Apr/2018:15:32:07 -0300] "GET /cormun/servlet/permisosadjuntos?INS,11031603,P,20180405151950,, HTTP/1.1" 200 5874
186.79.209.55 - - [05/Apr/2018:15:32:08 -0300] "GET /cormun/static/about:blank HTTP/1.1" 404 1011
186.79.209.55 - - [05/Apr/2018:15:32:08 -0300] "GET /cormun/servlet/permisosadjuntos?INS,11031603,P,20180405151950,, HTTP/1.1" 200 5864
186.79.209.55 - - [05/Apr/2018:15:32:24 -0300] "POST /cormun/servlet/permisosadjuntos?e21e25e1072fdef0bbf6ddac4bdc452a,INS,11031603,P,20180405151950,, HTTP/1.1" 200 116
186.79.209.55 - - [05/Apr/2018:15:32:24 -0300] "GET /cormun/servlet/hpexe_return? HTTP/1.1" 200 1035
186.79.209.55 - - [05/Apr/2018:15:32:25 -0300] "GET /cormun/servlet/trpermisosadjuntos?11031603,20180405151950,P, HTTP/1.1" 200 7039
186.79.209.55 - - [05/Apr/2018:15:32:26 -0300] "GET /cormun/servlet/trpermisosadjuntos?11031603,20180405151950,P, HTTP/1.1" 200 7035
186.79.209.55 - - [05/Apr/2018:15:32:29 -0300] "POST /cormun/servlet/trpermisosadjuntos?e21e25e1072fdef0bbf6ddac4bdc452a,11031603,20180405151950,P,,gx-no-cache=1522953097211 HTTP/1.1" 200 90
186.79.209.55 - - [05/Apr/2018:15:32:29 -0300] "GET /cormun/servlet/hpexe_link HTTP/1.1" 200 979
186.79.209.55 - - [05/Apr/2018:15:32:29 -0300] "GET /cormun/servlet/trpermisosgoce HTTP/1.1" 200 13102
186.79.209.55 - - [05/Apr/2018:15:32:31 -0300] "GET /cormun/servlet/trpermisosgoce HTTP/1.1" 200 13105
186.79.209.55 - - [05/Apr/2018:15:32:37 -0300] "GET /cormun/servlet/trpermisosadjuntos?13250827,20180405152017,P, HTTP/1.1" 200 6532
186.79.209.55 - - [05/Apr/2018:15:32:38 -0300] "GET /cormun/servlet/trpermisosadjuntos?13250827,20180405152017,P, HTTP/1.1" 200 6531
186.79.209.55 - - [05/Apr/2018:15:32:40 -0300] "GET /cormun/servlet/permisosadjuntos?INS,13250827,P,20180405152017,, HTTP/1.1" 200 5865
186.79.209.55 - - [05/Apr/2018:15:32:40 -0300] "GET /cormun/static/about:blank HTTP/1.1" 404 1011
186.79.209.55 - - [05/Apr/2018:15:32:41 -0300] "GET /cormun/servlet/permisosadjuntos?INS,13250827,P,20180405152017,, HTTP/1.1" 200 5855
201.214.54.200 - - [05/Apr/2018:15:32:49 -0300] "POST /cormun/servlet/permisosadjuntos?e21e25e1072fdef0bbf6ddac4bdc452a,INS,13250827,P,20180405152017,, HTTP/1.1" 200 116
201.214.54.200 - - [05/Apr/2018:15:32:49 -0300] "GET /cormun/servlet/hpexe_return? HTTP/1.1" 200 1034
201.214.54.200 - - [05/Apr/2018:15:32:50 -0300] "GET /cormun/servlet/trpermisosadjuntos?13250827,20180405152017,P, HTTP/1.1" 200 7025
201.214.54.200 - - [05/Apr/2018:15:32:51 -0300] "GET /cormun/servlet/trpermisosadjuntos?13250827,20180405152017,P, HTTP/1.1" 200 7022
201.214.54.200 - - [05/Apr/2018:15:32:53 -0300] "POST /cormun/servlet/trpermisosadjuntos?e21e25e1072fdef0bbf6ddac4bdc452a,13250827,20180405152017,P,,gx-no-cache=1522953122018 HTTP/1.1" 200 90
201.214.54.200 - - [05/Apr/2018:15:32:53 -0300] "GET /cormun/servlet/hpexe_link HTTP/1.1" 200 978
201.214.54.200 - - [05/Apr/2018:15:32:54 -0300] "GET /cormun/servlet/trpermisosgoce HTTP/1.1" 200 13076
201.214.54.200 - - [05/Apr/2018:15:32:55 -0300] "GET /cormun/servlet/trpermisosgoce HTTP/1.1" 200 13064
201.214.54.200 - - [05/Apr/2018:15:33:00 -0300] "GET /cormun/servlet/trpermisosadjuntos?18224100,20180405152052,P, HTTP/1.1" 200 6536
201.214.54.200 - - [05/Apr/2018:15:33:01 -0300] "GET /cormun/servlet/trpermisosadjuntos?18224100,20180405152052,P, HTTP/1.1" 200 6536
201.214.54.200 - - [05/Apr/2018:15:33:02 -0300] "GET /cormun/servlet/permisosadjuntos?INS,18224100,P,20180405152052,, HTTP/1.1" 200 5868
201.214.54.200 - - [05/Apr/2018:15:33:03 -0300] "GET /cormun/static/about:blank HTTP/1.1" 404 1011
201.214.54.200 - - [05/Apr/2018:15:33:03 -0300] "GET /cormun/servlet/permisosadjuntos?INS,18224100,P,20180405152052,, HTTP/1.1" 200 5858
201.214.54.200 - - [05/Apr/2018:15:33:16 -0300] "POST /cormun/servlet/permisosadjuntos?e21e25e1072fdef0bbf6ddac4bdc452a,INS,18224100,P,20180405152052,, HTTP/1.1" 200 116
201.214.54.200 - - [05/Apr/2018:15:33:16 -0300] "GET /cormun/servlet/hpexe_return? HTTP/1.1" 200 1035
201.214.54.200 - - [05/Apr/2018:15:33:16 -0300] "GET /cormun/servlet/trpermisosadjuntos?18224100,20180405152052,P, HTTP/1.1" 200 7031
201.214.54.200 - - [05/Apr/2018:15:33:17 -0300] "GET /cormun/servlet/trpermisosadjuntos?18224100,20180405152052,P, HTTP/1.1" 200 7027
201.214.54.200 - - [05/Apr/2018:15:33:20 -0300] "POST /cormun/servlet/trpermisosadjuntos?e21e25e1072fdef0bbf6ddac4bdc452a,18224100,20180405152052,P,,gx-no-cache=1522953148642 HTTP/1.1" 200 90
201.214.54.200 - - [05/Apr/2018:15:33:20 -0300] "GET /cormun/servlet/hpexe_link HTTP/1.1" 200 980
201.214.54.200 - - [05/Apr/2018:15:33:20 -0300] "GET /cormun/servlet/trpermisosgoce HTTP/1.1" 200 13108
201.214.54.200 - - [05/Apr/2018:15:33:22 -0300] "GET /cormun/servlet/trpermisosgoce HTTP/1.1" 200 13101
201.214.54.200 - - [05/Apr/2018:15:33:28 -0300] "GET /cormun/servlet/trpermisosadjuntos?23711264,20180405152121,P, HTTP/1.1" 200 6530
201.214.54.200 - - [05/Apr/2018:15:33:30 -0300] "GET /cormun/servlet/trpermisosadjuntos?23711264,20180405152121,P, HTTP/1.1" 200 6530
201.214.54.200 - - [05/Apr/2018:15:33:31 -0300] "GET /cormun/servlet/permisosadjuntos?INS,23711264,P,20180405152121,, HTTP/1.1" 200 5860
201.214.54.200 - - [05/Apr/2018:15:33:31 -0300] "GET /cormun/static/about:blank HTTP/1.1" 404 1011
201.214.54.200 - - [05/Apr/2018:15:33:32 -0300] "GET /cormun/servlet/permisosadjuntos?INS,23711264,P,20180405152121,, HTTP/1.1" 200 5849
201.214.54.200 - - [05/Apr/2018:15:33:42 -0300] "POST /cormun/servlet/permisosadjuntos?e21e25e1072fdef0bbf6ddac4bdc452a,INS,23711264,P,20180405152121,, HTTP/1.1" 200 116
201.214.54.200 - - [05/Apr/2018:15:33:43 -0300] "GET /cormun/servlet/hpexe_return? HTTP/1.1" 200 1034
201.214.54.200 - - [05/Apr/2018:15:33:43 -0300] "GET /cormun/servlet/trpermisosadjuntos?23711264,20180405152121,P, HTTP/1.1" 200 7026
201.214.54.200 - - [05/Apr/2018:15:33:44 -0300] "GET /cormun/servlet/trpermisosadjuntos?23711264,20180405152121,P, HTTP/1.1" 200 7021
201.214.54.200 - - [05/Apr/2018:15:33:46 -0300] "POST /cormun/servlet/trpermisosadjuntos?e21e25e1072fdef0bbf6ddac4bdc452a,23711264,20180405152121,P,,gx-no-cache=1522953175221 HTTP/1.1" 200 90
201.214.54.200 - - [05/Apr/2018:15:33:47 -0300] "GET /cormun/servlet/hpexe_link HTTP/1.1" 200 978
201.214.54.200 - - [05/Apr/2018:15:33:47 -0300] "GET /cormun/servlet/trpermisosgoce HTTP/1.1" 200 13097
201.214.54.200 - - [05/Apr/2018:15:33:48 -0300] "GET /cormun/servlet/trpermisosgoce HTTP/1.1" 200 13105
201.214.54.200 - - [05/Apr/2018:15:33:53 -0300] "GET /cormun/servlet/trpermisosadjuntos?12516844,20180405152153,P, HTTP/1.1" 200 6537
201.214.54.200 - - [05/Apr/2018:15:33:54 -0300] "GET /cormun/servlet/trpermisosadjuntos?12516844,20180405152153,P, HTTP/1.1" 200 6537
201.214.54.200 - - [05/Apr/2018:15:33:56 -0300] "GET /cormun/servlet/permisosadjuntos?INS,12516844,P,20180405152153,, HTTP/1.1" 200 5868
201.214.54.200 - - [05/Apr/2018:15:33:56 -0300] "GET /cormun/static/about:blank HTTP/1.1" 404 1011
201.214.54.200 - - [05/Apr/2018:15:33:57 -0300] "GET /cormun/servlet/permisosadjuntos?INS,12516844,P,20180405152153,, HTTP/1.1" 200 5857
201.214.54.200 - - [05/Apr/2018:15:34:07 -0300] "POST /cormun/servlet/permisosadjuntos?e21e25e1072fdef0bbf6ddac4bdc452a,INS,12516844,P,20180405152153,, HTTP/1.1" 200 116
201.214.54.200 - - [05/Apr/2018:15:34:07 -0300] "GET /cormun/servlet/hpexe_return? HTTP/1.1" 200 1035
201.214.54.200 - - [05/Apr/2018:15:34:07 -0300] "GET /cormun/servlet/trpermisosadjuntos?12516844,20180405152153,P, HTTP/1.1" 200 7034
201.214.54.200 - - [05/Apr/2018:15:34:08 -0300] "GET /cormun/servlet/trpermisosadjuntos?12516844,20180405152153,P, HTTP/1.1" 200 7030
201.214.54.200 - - [05/Apr/2018:15:34:12 -0300] "POST /cormun/servlet/trpermisosadjuntos?e21e25e1072fdef0bbf6ddac4bdc452a,12516844,20180405152153,P,,gx-no-cache=1522953200330 HTTP/1.1" 200 90
201.214.54.200 - - [05/Apr/2018:15:34:12 -0300] "GET /cormun/servlet/hpexe_link HTTP/1.1" 200 979
201.214.54.200 - - [05/Apr/2018:15:34:12 -0300] "GET /cormun/servlet/trpermisosgoce HTTP/1.1" 200 13100
201.214.54.200 - - [05/Apr/2018:15:34:13 -0300] "GET /cormun/servlet/trpermisosgoce HTTP/1.1" 200 13066
201.214.54.200 - - [05/Apr/2018:15:34:20 -0300] "GET /cormun/servlet/trpermisosadjuntos?12913525,20180405152212,P, HTTP/1.1" 200 6535
201.214.54.200 - - [05/Apr/2018:15:34:22 -0300] "GET /cormun/servlet/trpermisosadjuntos?12913525,20180405152212,P, HTTP/1.1" 200 6535
201.214.54.200 - - [05/Apr/2018:15:34:23 -0300] "GET /cormun/servlet/permisosadjuntos?INS,12913525,P,20180405152212,, HTTP/1.1" 200 5867
201.214.54.200 - - [05/Apr/2018:15:34:24 -0300] "GET /cormun/static/about:blank HTTP/1.1" 404 1011
201.214.54.200 - - [05/Apr/2018:15:34:24 -0300] "GET /cormun/servlet/permisosadjuntos?INS,12913525,P,20180405152212,, HTTP/1.1" 200 5858
201.214.54.200 - - [05/Apr/2018:15:34:31 -0300] "POST /cormun/servlet/permisosadjuntos?e21e25e1072fdef0bbf6ddac4bdc452a,INS,12913525,P,20180405152212,, HTTP/1.1" 200 116
201.214.54.200 - - [05/Apr/2018:15:34:32 -0300] "GET /cormun/servlet/hpexe_return? HTTP/1.1" 200 1035
201.214.54.200 - - [05/Apr/2018:15:34:32 -0300] "GET /cormun/servlet/trpermisosadjuntos?12913525,20180405152212,P, HTTP/1.1" 200 7030
201.214.54.200 - - [05/Apr/2018:15:34:33 -0300] "GET /cormun/servlet/trpermisosadjuntos?12913525,20180405152212,P, HTTP/1.1" 200 7027
201.214.54.200 - - [05/Apr/2018:15:34:42 -0300] "POST /cormun/servlet/trpermisosadjuntos?e21e25e1072fdef0bbf6ddac4bdc452a,12913525,20180405152212,P,,gx-no-cache=1522953230955 HTTP/1.1" 200 90
201.214.54.200 - - [05/Apr/2018:15:34:42 -0300] "GET /cormun/servlet/hpexe_link HTTP/1.1" 200 979
201.214.54.200 - - [05/Apr/2018:15:34:43 -0300] "GET /cormun/servlet/trpermisosgoce HTTP/1.1" 200 13122
201.214.54.200 - - [05/Apr/2018:15:34:44 -0300] "GET /cormun/servlet/trpermisosgoce HTTP/1.1" 200 13121
201.214.54.200 - - [05/Apr/2018:15:34:58 -0300] "GET /cormun/servlet/permisogoce?INS,0,,, HTTP/1.1" 200 7090
186.103.159.204 - - [05/Apr/2018:15:34:59 -0300] "GET /cormun/servlet/hlogin HTTP/1.1" 200 1727
201.214.54.200 - - [05/Apr/2018:15:35:00 -0300] "GET /cormun/servlet/permisogoce?INS,0,,, HTTP/1.1" 200 7090
186.103.159.204 - - [05/Apr/2018:15:35:10 -0300] "POST /cormun/servlet/hlogin?d4a0e214d9744deb73351e4ddad0b1b6,gx-no-cache=1522953251202 HTTP/1.1" 200 90
186.103.159.204 - - [05/Apr/2018:15:35:10 -0300] "GET /cormun/servlet/hpexe_link HTTP/1.1" 200 952
186.103.159.204 - - [05/Apr/2018:15:35:10 -0300] "GET /cormun/servlet/hhome HTTP/1.1" 200 3879
201.214.54.200 - - [05/Apr/2018:15:35:10 -0300] "GET /cormun/servlet/permisogoce?01b3cbc2266f23a41243326611ca7c0a33c5e45547d93e716a22db88a29832533768a961d29993aba2ac6e574dcc7516061f4cb608f629ca356cb9f1fa7752d5,gx-no-cache=1522953258965 HTTP/1.1" 200 84
186.103.159.204 - - [05/Apr/2018:15:35:10 -0300] "GET /cormun/servlet/hhome HTTP/1.1" 200 3875
201.214.54.200 - - [05/Apr/2018:15:35:10 -0300] "GET /cormun/static/menuarrow.gif HTTP/1.1" 404 1015
186.103.159.204 - - [05/Apr/2018:15:35:13 -0300] "GET /cormun/servlet/trsolicitudot? HTTP/1.1" 200 7084
186.103.159.204 - - [05/Apr/2018:15:35:13 -0300] "GET /cormun/servlet/trsolicitudot? HTTP/1.1" 200 7084
201.214.54.200 - - [05/Apr/2018:15:35:22 -0300] "GET /cormun/servlet/permisogoce?01b3cbc2266f23a41243326611ca7c0a413cad54aab22d4d4b6824cc6fba815b91d8e6928933342b96c62eec06e2770f53cfa082ee17908786c4a8036e724194,gx-no-cache=1522953270624 HTTP/1.1" 200 48
186.103.159.204 - - [05/Apr/2018:15:35:26 -0300] "POST /cormun/servlet/trsolicitudot?d4a0e214d9744deb73351e4ddad0b1b6,,gx-no-cache=1522953267642 HTTP/1.1" 200 5637
186.103.159.204 - - [05/Apr/2018:15:35:31 -0300] "POST /cormun/servlet/trsolicitudot?d4a0e214d9744deb73351e4ddad0b1b6,,gx-no-cache=1522953271916 HTTP/1.1" 200 107
186.103.159.204 - - [05/Apr/2018:15:35:31 -0300] "GET /cormun/servlet/trsolicitudadjuntos?2018,10975, HTTP/1.1" 200 9537
186.103.159.204 - - [05/Apr/2018:15:35:31 -0300] "GET /cormun/servlet/trsolicitudadjuntos?2018,10975, HTTP/1.1" 200 9544
201.214.54.200 - - [05/Apr/2018:15:35:52 -0300] "GET /cormun/servlet/puconsultapgoce?16492698,MD,gxPopupLevel%3D0%3B HTTP/1.1" 200 4193
201.214.54.200 - - [05/Apr/2018:15:35:52 -0300] "GET /cormun/static/gxcfg.js?20176272064833 HTTP/1.1" 200 953
201.214.54.200 - - [05/Apr/2018:15:35:52 -0300] "GET /cormun/pexe_menus.js HTTP/1.1" 404 1001
201.214.54.200 - - [05/Apr/2018:15:35:52 -0300] "GET /cormun/pexe_layers.js HTTP/1.1" 404 1003
201.214.54.200 - - [05/Apr/2018:15:35:52 -0300] "GET /cormun/pexe_windows.js HTTP/1.1" 404 1005
201.214.54.200 - - [05/Apr/2018:15:35:52 -0300] "GET /cormun/pexe_link.js HTTP/1.1" 404 999
201.214.54.200 - - [05/Apr/2018:15:35:52 -0300] "GET /cormun/pexe_cookies.js HTTP/1.1" 404 1005
201.214.54.200 - - [05/Apr/2018:15:35:52 -0300] "GET /cormun/pexe_grid.js HTTP/1.1" 404 999
201.214.54.200 - - [05/Apr/2018:15:35:52 -0300] "GET /cormun/pexe_griddivfix.js HTTP/1.1" 404 1011
201.214.54.200 - - [05/Apr/2018:15:35:52 -0300] "GET /cormun/pexe_treedivfix.js HTTP/1.1" 404 1011
201.214.54.200 - - [05/Apr/2018:15:35:52 -0300] "GET /cormun/pexe_picture.js HTTP/1.1" 404 1005
201.214.54.200 - - [05/Apr/2018:15:35:52 -0300] "GET /cormun/pexe_autoreload.js HTTP/1.1" 404 1011
201.214.54.200 - - [05/Apr/2018:15:35:52 -0300] "GET /cormun/static/mpprompt.js?201762717531384 HTTP/1.1" 200 940
186.79.209.55 - - [05/Apr/2018:15:35:52 -0300] "GET /cormun/pexe_menudivfix.js HTTP/1.1" 404 1011
186.79.209.55 - - [05/Apr/2018:15:35:52 -0300] "GET /cormun/pexe_tabdivfix.js HTTP/1.1" 404 1009
201.214.54.200 - - [05/Apr/2018:15:35:52 -0300] "GET /cormun/static/puconsultapgoce.js?2017627206511 HTTP/1.1" 200 22470
186.79.209.55 - - [05/Apr/2018:15:35:53 -0300] "GET /cormun/pexe_menus.js HTTP/1.1" 404 1001
186.79.209.55 - - [05/Apr/2018:15:35:53 -0300] "GET /cormun/pexe_layers.js HTTP/1.1" 404 1003
186.79.209.55 - - [05/Apr/2018:15:35:53 -0300] "GET /cormun/pexe_windows.js HTTP/1.1" 404 1005
186.79.209.55 - - [05/Apr/2018:15:35:53 -0300] "GET /cormun/pexe_link.js HTTP/1.1" 404 999
186.79.209.55 - - [05/Apr/2018:15:35:53 -0300] "GET /cormun/pexe_cookies.js HTTP/1.1" 404 1005
186.79.209.55 - - [05/Apr/2018:15:35:54 -0300] "GET /cormun/pexe_grid.js HTTP/1.1" 404 999
186.79.209.55 - - [05/Apr/2018:15:35:54 -0300] "GET /cormun/pexe_griddivfix.js HTTP/1.1" 404 1011
186.79.209.55 - - [05/Apr/2018:15:35:54 -0300] "GET /cormun/pexe_picture.js HTTP/1.1" 404 1005
186.79.209.55 - - [05/Apr/2018:15:35:54 -0300] "GET /cormun/pexe_treedivfix.js HTTP/1.1" 404 1011
186.79.209.55 - - [05/Apr/2018:15:35:55 -0300] "GET /cormun/pexe_autoreload.js HTTP/1.1" 404 1011
186.79.209.55 - - [05/Apr/2018:15:35:55 -0300] "GET /cormun/pexe_menudivfix.js HTTP/1.1" 404 1011
186.79.209.55 - - [05/Apr/2018:15:35:57 -0300] "GET /cormun/pexe_tabdivfix.js HTTP/1.1" 404 1009
186.79.209.55 - - [05/Apr/2018:15:36:17 -0300] "POST /cormun/servlet/puconsultapgoce?e21e25e1072fdef0bbf6ddac4bdc452a,16492698,MD,gxPopupLevel%3D0%3B,gx-no-cache=1522953325486 HTTP/1.1" 200 60
186.79.209.55 - - [05/Apr/2018:15:36:20 -0300] "POST /cormun/servlet/permisogoce?e21e25e1072fdef0bbf6ddac4bdc452a,INS,0,,,,gx-no-cache=1522953328728 HTTP/1.1" 200 93
186.79.209.55 - - [05/Apr/2018:15:36:21 -0300] "GET /cormun/servlet/hpexe_return? HTTP/1.1" 200 1007
186.79.209.55 - - [05/Apr/2018:15:36:21 -0300] "GET /cormun/servlet/trpermisosgoce HTTP/1.1" 200 13106
186.79.209.55 - - [05/Apr/2018:15:36:23 -0300] "GET /cormun/servlet/trpermisosgoce HTTP/1.1" 200 13066
201.214.54.200 - - [05/Apr/2018:15:36:43 -0300] "POST /cormun/servlet/trpermisosgoce?e21e25e1072fdef0bbf6ddac4bdc452a,gx-no-cache=1522953351764 HTTP/1.1" 200 10187
201.214.54.200 - - [05/Apr/2018:15:36:44 -0300] "GET /cormun/static/Shared/jqueryui/images/ui-bg_highlight-soft_100_c6c2c8_1x100.png HTTP/1.1" 404 1117
201.214.54.200 - - [05/Apr/2018:15:36:44 -0300] "GET /cormun/static/Shared/jqueryui/images/ui-icons_82798d_256x240.png HTTP/1.1" 404 1089
201.214.54.200 - - [05/Apr/2018:15:36:44 -0300] "GET /cormun/static/Shared/jqueryui/images/ui-bg_flat_55_fafafa_40x100.png HTTP/1.1" 404 1097
186.79.209.55 - - [05/Apr/2018:15:36:44 -0300] "GET /cormun/static/Shared/jqueryui/images/ui-icons_8d78a5_256x240.png HTTP/1.1" 404 1089
186.79.209.55 - - [05/Apr/2018:15:36:48 -0300] "POST /cormun/servlet/trpermisosgoce?e21e25e1072fdef0bbf6ddac4bdc452a,gx-no-cache=1522953355506 HTTP/1.1" 200 10148
186.79.209.55 - - [05/Apr/2018:15:36:52 -0300] "POST /cormun/servlet/trpermisosgoce?e21e25e1072fdef0bbf6ddac4bdc452a,gx-no-cache=1522953359334 HTTP/1.1" 200 10161
186.79.209.55 - - [05/Apr/2018:15:36:54 -0300] "POST /cormun/servlet/trpermisosgoce?e21e25e1072fdef0bbf6ddac4bdc452a,gx-no-cache=1522953362124 HTTP/1.1" 200 10148
186.79.209.55 - - [05/Apr/2018:15:36:57 -0300] "POST /cormun/servlet/trpermisosgoce?e21e25e1072fdef0bbf6ddac4bdc452a,gx-no-cache=1522953364810 HTTP/1.1" 200 10152
186.79.209.55 - - [05/Apr/2018:15:37:00 -0300] "POST /cormun/servlet/trpermisosgoce?e21e25e1072fdef0bbf6ddac4bdc452a,gx-no-cache=1522953368194 HTTP/1.1" 200 10113
186.79.209.55 - - [05/Apr/2018:15:37:03 -0300] "POST /cormun/servlet/trpermisosgoce?e21e25e1072fdef0bbf6ddac4bdc452a,gx-no-cache=1522953371208 HTTP/1.1" 200 10132
186.79.209.55 - - [05/Apr/2018:15:37:06 -0300] "POST /cormun/servlet/trpermisosgoce?e21e25e1072fdef0bbf6ddac4bdc452a,gx-no-cache=1522953374026 HTTP/1.1" 200 10140
186.79.209.55 - - [05/Apr/2018:15:37:10 -0300] "POST /cormun/servlet/trpermisosgoce?e21e25e1072fdef0bbf6ddac4bdc452a,gx-no-cache=1522953377624 HTTP/1.1" 200 10137
186.79.209.55 - - [05/Apr/2018:15:37:13 -0300] "POST /cormun/servlet/trpermisosgoce?e21e25e1072fdef0bbf6ddac4bdc452a,gx-no-cache=1522953381204 HTTP/1.1" 200 10084
186.79.209.55 - - [05/Apr/2018:15:37:17 -0300] "POST /cormun/servlet/trpermisosgoce?e21e25e1072fdef0bbf6ddac4bdc452a,gx-no-cache=1522953384717 HTTP/1.1" 200 10081
186.79.209.55 - - [05/Apr/2018:15:37:20 -0300] "POST /cormun/servlet/trpermisosgoce?e21e25e1072fdef0bbf6ddac4bdc452a,gx-no-cache=1522953387998 HTTP/1.1" 200 10093
186.79.209.55 - - [05/Apr/2018:15:37:24 -0300] "POST /cormun/servlet/trpermisosgoce?e21e25e1072fdef0bbf6ddac4bdc452a,gx-no-cache=1522953391766 HTTP/1.1" 200 10088
186.79.209.55 - - [05/Apr/2018:15:38:52 -0300] "GET /cormun/servlet/trlicencias? HTTP/1.1" 200 11380
186.79.209.55 - - [05/Apr/2018:15:38:54 -0300] "GET /cormun/servlet/trlicencias? HTTP/1.1" 200 11382
192.168.10.89 - - [05/Apr/2018:15:45:10 -0300] "GET /cormun/servlet/hlogin HTTP/1.1" 200 1722
192.168.10.89 - - [05/Apr/2018:15:45:19 -0300] "POST /cormun/servlet/hlogin?7a928e339caef9f9391d95bbdb919618,gx-no-cache=1522953746695 HTTP/1.1" 200 90
192.168.10.89 - - [05/Apr/2018:15:45:19 -0300] "GET /cormun/servlet/hpexe_link HTTP/1.1" 200 951
192.168.10.89 - - [05/Apr/2018:15:45:19 -0300] "GET /cormun/servlet/hhome HTTP/1.1" 200 4921
192.168.10.89 - - [05/Apr/2018:15:45:24 -0300] "GET /cormun/servlet/trsolicitudgral? HTTP/1.1" 200 29239
192.168.10.89 - - [05/Apr/2018:15:45:38 -0300] "POST /cormun/servlet/trsolicitudgral?7a928e339caef9f9391d95bbdb919618,,gx-no-cache=1522953765651 HTTP/1.1" 200 7900
200.54.247.70 - - [05/Apr/2018:15:46:26 -0300] "GET /cormun/servlet/hlogin HTTP/1.1" 200 1726
200.54.247.70 - - [05/Apr/2018:15:46:26 -0300] "GET /cormun/static/gxtimezone.js?85251 HTTP/1.1" 304 -
200.54.247.70 - - [05/Apr/2018:15:46:26 -0300] "GET /cormun/static/Resources/Spanish/PXTools.css?11423723 HTTP/1.1" 304 -
200.54.247.70 - - [05/Apr/2018:15:46:26 -0300] "GET /cormun/static/gxgral.js?85251 HTTP/1.1" 304 -
200.54.247.70 - - [05/Apr/2018:15:46:26 -0300] "GET /cormun/static/gxcfg.js?20175251213516 HTTP/1.1" 304 -
200.54.247.70 - - [05/Apr/2018:15:46:26 -0300] "GET /cormun/static/hlogin.js?20175251213537 HTTP/1.1" 304 -
200.54.247.70 - - [05/Apr/2018:15:46:26 -0300] "GET /cormun/static/Resources/ComunLogin.png HTTP/1.1" 304 -
200.54.247.70 - - [05/Apr/2018:15:46:26 -0300] "GET /cormun/static/messages.spa.js?85251 HTTP/1.1" 304 -
200.54.247.70 - - [05/Apr/2018:15:46:26 -0300] "GET /cormun/static/Resources/PXToolsButtonRight21.png HTTP/1.1" 304 -
200.54.247.70 - - [05/Apr/2018:15:46:26 -0300] "GET /cormun/static/Resources/PXToolsLoginBackground.png HTTP/1.1" 304 -
