186.103.159.46 - - [05/Apr/2018:13:11:53 -0300] "GET /cormun/servlet/trpermisosgoce? HTTP/1.1" 200 8985
186.103.157.98 - - [05/Apr/2018:13:11:56 -0300] "GET /cormun/servlet/solicitudotadjuntos?a6b33c35ec440a3682cb0249143af8b5a3748cae73fe2b449dab21973b725b88,gx-no-cache=1522944666064 HTTP/1.1" 200 30
186.103.157.98 - - [05/Apr/2018:13:11:56 -0300] "GET /cormun/servlet/solicitudotadjuntos?a6b33c35ec440a3682cb0249143af8b5a3748cae73fe2b449dab21973b725b88,gx-no-cache=1522944666087 HTTP/1.1" 200 30
186.103.157.98 - - [05/Apr/2018:13:11:57 -0300] "POST /cormun/servlet/solicitudotadjuntos?d01e843b4db1961cca53af267de8ac91,INS,2018,11026,,1, HTTP/1.1" 200 116
186.103.157.98 - - [05/Apr/2018:13:11:57 -0300] "GET /cormun/servlet/hpexe_return? HTTP/1.1" 200 1024
186.103.157.98 - - [05/Apr/2018:13:11:57 -0300] "GET /cormun/servlet/trsolicitudadjuntos?2018,11026, HTTP/1.1" 200 9516
186.103.157.98 - - [05/Apr/2018:13:11:57 -0300] "GET /cormun/servlet/trsolicitudadjuntos?2018,11026, HTTP/1.1" 200 9516
186.103.159.46 - - [05/Apr/2018:13:11:59 -0300] "GET /cormun/servlet/trpermisosadjuntos?12515426,20180404133138,P, HTTP/1.1" 200 6769
186.103.159.46 - - [05/Apr/2018:13:12:01 -0300] "GET /cormun/servlet/trpermisosadjuntos?12515426,20180404133138,P, HTTP/1.1" 200 6769
186.103.157.98 - - [05/Apr/2018:13:12:02 -0300] "GET /cormun/servlet/solicitudotadjuntos?INS,2018,11026,,1, HTTP/1.1" 200 6292
186.103.157.98 - - [05/Apr/2018:13:12:02 -0300] "GET /cormun/static/about:blank HTTP/1.1" 404 1011
186.103.157.98 - - [05/Apr/2018:13:12:02 -0300] "GET /cormun/servlet/solicitudotadjuntos?INS,2018,11026,,1, HTTP/1.1" 200 6285
186.103.157.98 - - [05/Apr/2018:13:12:03 -0300] "GET /cormun/servlet/solicitudotadjuntos?a6b33c35ec440a3682cb0249143af8b5352f3976c44176b36ae955a5552b4ab1ebc84666e46aa474341f621d2eb56b64,gx-no-cache=1522944672362 HTTP/1.1" 200 30
186.103.157.98 - - [05/Apr/2018:13:12:03 -0300] "POST /cormun/servlet/solicitudotadjuntos?d01e843b4db1961cca53af267de8ac91,INS,2018,11026,,1,,gx-no-cache=1522944672410 HTTP/1.1" 200 3988
186.103.159.46 - - [05/Apr/2018:13:12:04 -0300] "GET /cormun/servlet/trpermisosgoce? HTTP/1.1" 200 8991
186.103.159.46 - - [05/Apr/2018:13:12:05 -0300] "GET /cormun/servlet/trpermisosgoce? HTTP/1.1" 200 8990
186.103.157.98 - - [05/Apr/2018:13:12:06 -0300] "POST /cormun/servlet/solicitudotadjuntos?gx-no-cache=1522944675616 HTTP/1.1" 200 26
186.103.156.166 - - [05/Apr/2018:13:12:13 -0300] "GET /cormun/servlet/solicitudot?25ce3fc13e120fc18d6697bceb5ab19ec4174b85fd85aefce1fd3327a807d87afb886efcb302de87df1ffbebbc125b61a82cbc5f056f7b0781c1f1707e0ab5f5,gx-no-cache=1522948286261 HTTP/1.1" 200 30
186.103.156.166 - - [05/Apr/2018:13:12:15 -0300] "GET /cormun/servlet/solicitudot?25ce3fc13e120fc18d6697bceb5ab19e7af95adbf8c627045d3c49e522433df4,gx-no-cache=1522948288219 HTTP/1.1" 200 53
186.103.159.46 - - [05/Apr/2018:13:12:22 -0300] "GET /cormun/servlet/trpermisosadjuntos?17844530,20180404132643,P, HTTP/1.1" 200 6282
186.103.159.46 - - [05/Apr/2018:13:12:23 -0300] "GET /cormun/servlet/trpermisosadjuntos?17844530,20180404132643,P, HTTP/1.1" 200 6282
186.103.159.46 - - [05/Apr/2018:13:12:26 -0300] "GET /cormun/servlet/permisosadjuntos?INS,17844530,P,20180404132643,, HTTP/1.1" 200 5610
186.103.159.46 - - [05/Apr/2018:13:12:26 -0300] "GET /cormun/static/about:blank HTTP/1.1" 404 1011
186.103.159.46 - - [05/Apr/2018:13:12:27 -0300] "GET /cormun/servlet/permisosadjuntos?INS,17844530,P,20180404132643,, HTTP/1.1" 200 5600
186.103.156.166 - - [05/Apr/2018:13:12:32 -0300] "POST /cormun/servlet/solicitudot?gx-no-cache=1522948305774 HTTP/1.1" 200 240
186.103.157.98 - - [05/Apr/2018:13:12:32 -0300] "GET /cormun/servlet/solicitudotadjuntos?a6b33c35ec440a3682cb0249143af8b5a3748cae73fe2b449dab21973b725b88,gx-no-cache=1522944702105 HTTP/1.1" 200 30
186.103.157.98 - - [05/Apr/2018:13:12:32 -0300] "GET /cormun/servlet/solicitudotadjuntos?a6b33c35ec440a3682cb0249143af8b5a3748cae73fe2b449dab21973b725b88,gx-no-cache=1522944702129 HTTP/1.1" 200 30
186.103.157.98 - - [05/Apr/2018:13:12:33 -0300] "POST /cormun/servlet/solicitudotadjuntos?d01e843b4db1961cca53af267de8ac91,INS,2018,11026,,1, HTTP/1.1" 200 116
186.103.157.98 - - [05/Apr/2018:13:12:33 -0300] "GET /cormun/servlet/hpexe_return? HTTP/1.1" 200 1024
186.103.157.98 - - [05/Apr/2018:13:12:33 -0300] "GET /cormun/servlet/trsolicitudadjuntos?2018,11026, HTTP/1.1" 200 9740
186.103.157.98 - - [05/Apr/2018:13:12:34 -0300] "GET /cormun/servlet/trsolicitudadjuntos?2018,11026, HTTP/1.1" 200 9741
186.103.156.166 - - [05/Apr/2018:13:12:35 -0300] "GET /cormun/servlet/solicitudot?25ce3fc13e120fc18d6697bceb5ab19ead438a81a41ff701c4ab9082b7558e241f1eb7b6cd831a9cfa525b4cec31db16661219fec6d8776cb5d0d0743ed1c7cb158396d83490c835cb2c4061c5ba1c61e7da5d87620b7cd99f44c3d94f20fad24cb0fb43dcc8bb54a51108e27f3e3509e89a0875d8ced07b8dcfc65b720001acfebbc1000f8e27f67286db07e76e11b39aa2993030ca81c95dea1ecddd558bfc0e5b0087933331a1dd28669e6e4e3a0d72e1b40fd878a3e252ad5b560f755bd49ca2d76f5b17e4a1110eea90223e88abb55a6c32ca6dd9cc2af40151d1e3a95c4a91b4143d5327f6dd59cfc03749c04148a83855a2f7736f921d87aea9ff2c75610b969eed2fa783d5ba35bc5b01a793c6967c518835e838f58bc77a7168ee63211b0780bf2999b22cee15293a858374d5b873ac4f19583bc52c8110570944d1d42f48a873c766be70b177e057f14785e93ed969ffc6e6b0419974023e48a59b0df10c37eb3800d82151d99a195c2fc1c80b2ca38c482b189d170a4669194c1d,gx-no-cache=1522948308537 HTTP/1.1" 200 30
186.67.172.234 - - [05/Apr/2018:13:12:40 -0300] "POST /cormun/servlet/trsolicitudot?2d75d7db1fdc34ec08d5a72586c9afe5,,gx-no-cache=1522944704241 HTTP/1.1" 200 106
186.67.172.234 - - [05/Apr/2018:13:12:40 -0300] "GET /cormun/servlet/solicitudot?UPD,2018,10984, HTTP/1.1" 200 15432
186.67.172.234 - - [05/Apr/2018:13:12:40 -0300] "GET /cormun/static/gxcfg.js?201812313224582 HTTP/1.1" 200 953
186.67.172.234 - - [05/Apr/2018:13:12:40 -0300] "GET /cormun/static/Resources/prompt.gif HTTP/1.1" 200 902
186.67.172.234 - - [05/Apr/2018:13:12:40 -0300] "GET /cormun/static/solicitudot.js?201812313224831 HTTP/1.1" 200 72336
186.67.172.234 - - [05/Apr/2018:13:12:40 -0300] "GET /cormun/servlet/solicitudot?UPD,2018,10984, HTTP/1.1" 200 15442
186.67.172.234 - - [05/Apr/2018:13:12:41 -0300] "POST /cormun/servlet/solicitudot?gx-no-cache=1522944705377 HTTP/1.1" 200 3378
186.67.172.234 - - [05/Apr/2018:13:12:41 -0300] "POST /cormun/servlet/solicitudot?2d75d7db1fdc34ec08d5a72586c9afe5,UPD,2018,10984,,gx-no-cache=1522944705506 HTTP/1.1" 200 11690
186.67.172.234 - - [05/Apr/2018:13:12:41 -0300] "GET /cormun/servlet/solicitudot?bf1a29fbcbbb8a5feff36f1b43f2b1a69a7e647d8a56d653ff4fb00c7c27f313fb826c46f6e437054ad27a4785f4d289,gx-no-cache=1522944705659 HTTP/1.1" 200 30
186.67.172.234 - - [05/Apr/2018:13:12:41 -0300] "GET /cormun/servlet/solicitudot?bf1a29fbcbbb8a5feff36f1b43f2b1a6cac0ca1798664d974bf0f65355d47337c0ff96ca593eb5c01fe49c2fd878c407,gx-no-cache=1522944705686 HTTP/1.1" 200 30
186.67.172.234 - - [05/Apr/2018:13:12:41 -0300] "GET /cormun/servlet/solicitudot?bf1a29fbcbbb8a5feff36f1b43f2b1a63e8ef1cc94ffcaff4bec5c4f2174f0dda91b70909cb9e3eceadfa289c3385f534bba5a8a3bece6e637bd0005c6049e0e,gx-no-cache=1522944705708 HTTP/1.1" 200 51
186.67.172.234 - - [05/Apr/2018:13:12:41 -0300] "POST /cormun/servlet/solicitudot?gx-no-cache=1522944705729 HTTP/1.1" 200 256
186.67.172.234 - - [05/Apr/2018:13:12:41 -0300] "GET /cormun/servlet/solicitudot?bf1a29fbcbbb8a5feff36f1b43f2b1a6fc665bf1e5cd14e5f67826fb91d1b64f4c5ea9df1f1c1fde6de97b1d7497baa7cad09e1caa13c3d36f14b5870815ccabcbcc68529d6c32bba2fd4a09a10e4410ce48c15b69301275b6e5bf96ce9e4979e719d19ef73d73ae6ca51101dc980434a0815d0cab1fcb5c256ad0b999089e19b77b0705adc9627983c0386b9008d54aefae12725feabc12f90344054bb84f70141b8d14e7b56a967d990ecef2468ae3fc4002eeabfb56cb47bb1970154f5108dcd7fd8820bbadd8987acace60b1d5d54258d3b7f535c5e125b24c9db95a1fb4d02fa72a0fafc1e338ed6f19da4a4f357b38a5df0e54a504aaef58e5c27239f8eb77fc71eb8c22a59f62bee793bd36de312f70fcc77812c85bcf25afd7cbb97c3edd7c86cf1c1c7c32c731e1f543b1adfa3ebaaf07fccb27b0838ae3114b97cd1e7b181a43f26fda8e5509a0a1bd50fda7fb2a5872a394a5779c9c34e4c2461945f2f9127b3cf3c446b1dafdd67e1bbed27490202c4d5e5a787818da39acafa1,gx-no-cache=1522944705757 HTTP/1.1" 200 30
186.67.172.234 - - [05/Apr/2018:13:12:41 -0300] "POST /cormun/servlet/solicitudot?gx-no-cache=1522944705778 HTTP/1.1" 200 30
186.67.172.234 - - [05/Apr/2018:13:12:41 -0300] "POST /cormun/servlet/solicitudot?gx-no-cache=1522944705803 HTTP/1.1" 200 1369
186.67.172.234 - - [05/Apr/2018:13:12:41 -0300] "POST /cormun/servlet/solicitudot?gx-no-cache=1522944705843 HTTP/1.1" 200 41
186.103.159.46 - - [05/Apr/2018:13:12:41 -0300] "POST /cormun/servlet/permisosadjuntos?f9f32571ccf8113e33d8e1aa3332c878,INS,17844530,P,20180404132643,, HTTP/1.1" 200 116
186.103.159.46 - - [05/Apr/2018:13:12:42 -0300] "GET /cormun/servlet/hpexe_return? HTTP/1.1" 200 1039
186.103.156.166 - - [05/Apr/2018:13:12:42 -0300] "POST /cormun/servlet/solicitudot?gx-no-cache=1522948315347 HTTP/1.1" 200 30
186.103.156.166 - - [05/Apr/2018:13:12:42 -0300] "POST /cormun/servlet/solicitudot?gx-no-cache=1522948315444 HTTP/1.1" 200 1369
186.103.156.166 - - [05/Apr/2018:13:12:42 -0300] "POST /cormun/servlet/solicitudot?gx-no-cache=1522948315548 HTTP/1.1" 200 38
186.103.159.46 - - [05/Apr/2018:13:12:42 -0300] "GET /cormun/servlet/trpermisosadjuntos?17844530,20180404132643,P, HTTP/1.1" 200 6784
186.103.159.46 - - [05/Apr/2018:13:12:43 -0300] "GET /cormun/servlet/trpermisosadjuntos?17844530,20180404132643,P, HTTP/1.1" 200 6781
186.67.172.234 - - [05/Apr/2018:13:12:49 -0300] "GET /cormun/servlet/solicitudot?bf1a29fbcbbb8a5feff36f1b43f2b1a6ec1d06a3a68d7349c2e21b1e287f926f9ca8c222091bc03a1f163440bd17016deb99361b1bb481205e6c7387746d29aa4640d501bcf8fa37b392cbfe367e20bc2a78dd988ee640ac230663aa31a89ea5dfee39fa7593450e01fb721591009ef0aefa11e2a9db3f8ba07678cb96993e8e76f8e8e45dc04bd9c87c55cd7d8c4967b9fa61995d74ee47f4748492521b6fa7a9b52a6aacc32eb4d89f98e267f08f53590dbb7682ff8114b2fb0c866b3a18ae7da2222622f6ba5c9159b8d9e3d32b22,gx-no-cache=1522944714030 HTTP/1.1" 200 29
186.67.172.234 - - [05/Apr/2018:13:12:49 -0300] "POST /cormun/servlet/solicitudot?gx-no-cache=1522944714055 HTTP/1.1" 200 1351
186.67.172.234 - - [05/Apr/2018:13:12:50 -0300] "POST /cormun/servlet/solicitudot?gx-no-cache=1522944714356 HTTP/1.1" 200 1248
186.67.172.234 - - [05/Apr/2018:13:12:50 -0300] "GET /cormun/servlet/solicitudot?bf1a29fbcbbb8a5feff36f1b43f2b1a630d18f4fcb00ede452fcd8c7888cc5245fa28aaf372a2cf40795aeff73512eb5,gx-no-cache=1522944714390 HTTP/1.1" 200 30
186.67.172.234 - - [05/Apr/2018:13:12:50 -0300] "POST /cormun/servlet/solicitudot?gx-no-cache=1522944714410 HTTP/1.1" 200 30
186.67.172.234 - - [05/Apr/2018:13:12:50 -0300] "POST /cormun/servlet/solicitudot?2d75d7db1fdc34ec08d5a72586c9afe5,UPD,2018,10984,,gx-no-cache=1522944714460 HTTP/1.1" 200 93
186.67.172.234 - - [05/Apr/2018:13:12:50 -0300] "GET /cormun/servlet/hpexe_return? HTTP/1.1" 200 1003
186.67.172.234 - - [05/Apr/2018:13:12:50 -0300] "GET /cormun/static/gxcfg.js?2016101716175148 HTTP/1.1" 200 953
186.67.172.234 - - [05/Apr/2018:13:12:50 -0300] "GET /cormun/static/hpexe_return.js?2016101716175153 HTTP/1.1" 200 1633
186.67.172.234 - - [05/Apr/2018:13:12:50 -0300] "GET /cormun/static/Resources/Spanish/PXTools.css?167811 HTTP/1.1" 200 89042
186.67.172.234 - - [05/Apr/2018:13:12:50 -0300] "GET /cormun/servlet/trsolicitudot HTTP/1.1" 200 8844
186.67.172.234 - - [05/Apr/2018:13:12:51 -0300] "GET /cormun/servlet/trsolicitudot HTTP/1.1" 200 8840
186.103.159.182 - - [05/Apr/2018:13:12:55 -0300] "GET /cormun/static/menuarrow.gif HTTP/1.1" 404 1015
186.103.157.98 - - [05/Apr/2018:13:12:59 -0300] "GET /cormun/servlet/solicitudotadjuntos?INS,2018,11026,,1, HTTP/1.1" 200 6291
186.103.157.98 - - [05/Apr/2018:13:12:59 -0300] "GET /cormun/static/about:blank HTTP/1.1" 404 1011
186.103.157.98 - - [05/Apr/2018:13:12:59 -0300] "GET /cormun/servlet/solicitudotadjuntos?INS,2018,11026,,1, HTTP/1.1" 200 6285
186.103.157.98 - - [05/Apr/2018:13:12:59 -0300] "GET /cormun/servlet/solicitudotadjuntos?a6b33c35ec440a3682cb0249143af8b5352f3976c44176b36ae955a5552b4ab1ebc84666e46aa474341f621d2eb56b64,gx-no-cache=1522944729294 HTTP/1.1" 200 30
186.103.157.98 - - [05/Apr/2018:13:13:00 -0300] "POST /cormun/servlet/solicitudotadjuntos?d01e843b4db1961cca53af267de8ac91,INS,2018,11026,,1,,gx-no-cache=1522944729342 HTTP/1.1" 200 3988
186.103.159.182 - - [05/Apr/2018:13:13:01 -0300] "POST /cormun/servlet/trsolicitudot?f2854c76baeceae2e181aa3768e95cf9,,gx-no-cache=1522944725399 HTTP/1.1" 200 23472
186.103.157.98 - - [05/Apr/2018:13:13:02 -0300] "POST /cormun/servlet/solicitudotadjuntos?gx-no-cache=1522944731918 HTTP/1.1" 200 26
186.103.159.46 - - [05/Apr/2018:13:13:07 -0300] "GET /cormun/servlet/trpermisosgoce? HTTP/1.1" 200 8987
186.103.159.46 - - [05/Apr/2018:13:13:09 -0300] "GET /cormun/servlet/trpermisosgoce? HTTP/1.1" 200 8990
186.103.156.166 - - [05/Apr/2018:13:13:13 -0300] "GET /cormun/servlet/solicitudot?25ce3fc13e120fc18d6697bceb5ab19ee9975c750d12ae2a3443010c90a69ca8df3275ef70bf3341f84d32f6c2b7745a5c4786b0a28707cda9529d33d947dbfbbf52d6c23f70a046309dc1bcbc70e0c7f91bbf901e44dedbb6ffc0fa6b937b4915de52d107a9a1dbacfa80d077d0c531,gx-no-cache=1522948346384 HTTP/1.1" 200 29
186.103.156.166 - - [05/Apr/2018:13:13:13 -0300] "POST /cormun/servlet/solicitudot?gx-no-cache=1522948346445 HTTP/1.1" 200 1351
186.103.156.166 - - [05/Apr/2018:13:13:13 -0300] "POST /cormun/servlet/solicitudot?gx-no-cache=1522948346528 HTTP/1.1" 200 1249
186.67.172.234 - - [05/Apr/2018:13:13:17 -0300] "POST /cormun/servlet/trsolicitudot?2d75d7db1fdc34ec08d5a72586c9afe5,gx-no-cache=1522944741481 HTTP/1.1" 200 4678
186.67.172.234 - - [05/Apr/2018:13:13:17 -0300] "GET /cormun/static/Shared/jqueryui/images/ui-bg_highlight-soft_100_c6c2c8_1x100.png HTTP/1.1" 404 1117
186.67.172.234 - - [05/Apr/2018:13:13:17 -0300] "GET /cormun/static/Shared/jqueryui/images/ui-icons_82798d_256x240.png HTTP/1.1" 404 1089
186.67.172.234 - - [05/Apr/2018:13:13:17 -0300] "GET /cormun/static/Shared/jqueryui/images/ui-bg_flat_55_fafafa_40x100.png HTTP/1.1" 404 1097
186.67.172.234 - - [05/Apr/2018:13:13:17 -0300] "GET /cormun/static/Shared/jqueryui/images/ui-icons_8d78a5_256x240.png HTTP/1.1" 404 1089
186.67.172.234 - - [05/Apr/2018:13:13:17 -0300] "POST /cormun/servlet/trsolicitudot?2d75d7db1fdc34ec08d5a72586c9afe5,gx-no-cache=1522944741713 HTTP/1.1" 200 4445
186.103.159.182 - - [05/Apr/2018:13:13:18 -0300] "POST /cormun/servlet/trsolicitudot?f2854c76baeceae2e181aa3768e95cf9,,gx-no-cache=1522944743323 HTTP/1.1" 200 23718
186.103.159.182 - - [05/Apr/2018:13:13:18 -0300] "GET /cormun/static/Resources/PXToolsGridFirst.gif HTTP/1.1" 200 379
186.103.159.182 - - [05/Apr/2018:13:13:19 -0300] "GET /cormun/static/Resources/PXToolsGridPrevious.gif HTTP/1.1" 200 369
186.67.172.234 - - [05/Apr/2018:13:13:24 -0300] "GET /cormun/servlet/trautorizarsolicitud? HTTP/1.1" 200 8728
186.67.172.234 - - [05/Apr/2018:13:13:24 -0300] "GET /cormun/static/gxcfg.js?2017111423403364 HTTP/1.1" 200 953
186.67.172.234 - - [05/Apr/2018:13:13:24 -0300] "GET /cormun/static/trautorizarsolicitud.js?201711142340425 HTTP/1.1" 200 53910
186.67.172.234 - - [05/Apr/2018:13:13:25 -0300] "GET /cormun/servlet/trautorizarsolicitud? HTTP/1.1" 200 8727
186.67.172.234 - - [05/Apr/2018:13:13:30 -0300] "POST /cormun/servlet/trautorizarsolicitud?2d75d7db1fdc34ec08d5a72586c9afe5,,gx-no-cache=1522944754697 HTTP/1.1" 200 4608
186.67.172.234 - - [05/Apr/2018:13:13:30 -0300] "GET /cormun/static/Shared/jqueryui/images/ui-icons_82798d_256x240.png HTTP/1.1" 404 1089
186.67.172.234 - - [05/Apr/2018:13:13:30 -0300] "GET /cormun/static/Shared/jqueryui/images/ui-bg_highlight-soft_100_c6c2c8_1x100.png HTTP/1.1" 404 1117
186.67.172.234 - - [05/Apr/2018:13:13:30 -0300] "GET /cormun/static/Shared/jqueryui/images/ui-bg_flat_55_fafafa_40x100.png HTTP/1.1" 404 1097
186.67.172.234 - - [05/Apr/2018:13:13:30 -0300] "GET /cormun/static/Shared/jqueryui/images/ui-icons_8d78a5_256x240.png HTTP/1.1" 404 1089
186.67.172.234 - - [05/Apr/2018:13:13:30 -0300] "POST /cormun/servlet/trautorizarsolicitud?2d75d7db1fdc34ec08d5a72586c9afe5,,gx-no-cache=1522944754862 HTTP/1.1" 200 4379
186.103.156.166 - - [05/Apr/2018:13:13:32 -0300] "POST /cormun/servlet/solicitudot?gx-no-cache=1522948365252 HTTP/1.1" 200 30
186.103.159.182 - - [05/Apr/2018:13:13:35 -0300] "POST /cormun/servlet/trsolicitudot?f2854c76baeceae2e181aa3768e95cf9,,gx-no-cache=1522944759418 HTTP/1.1" 200 16754
186.103.159.46 - - [05/Apr/2018:13:13:38 -0300] "GET /cormun/servlet/trpermisosadjuntos?13477280,20180405115329,P, HTTP/1.1" 200 6281
186.103.159.46 - - [05/Apr/2018:13:13:39 -0300] "GET /cormun/servlet/trpermisosadjuntos?13477280,20180405115329,P, HTTP/1.1" 200 6280
186.103.159.46 - - [05/Apr/2018:13:13:42 -0300] "GET /cormun/servlet/permisosadjuntos?INS,13477280,P,20180405115329,, HTTP/1.1" 200 5607
186.103.159.46 - - [05/Apr/2018:13:13:42 -0300] "GET /cormun/static/about:blank HTTP/1.1" 404 1011
186.103.156.166 - - [05/Apr/2018:13:13:43 -0300] "GET /cormun/servlet/prfichaempleado?,MD,,gxPopupLevel%3D0%3B HTTP/1.1" 200 9326
186.103.159.46 - - [05/Apr/2018:13:13:43 -0300] "GET /cormun/servlet/permisosadjuntos?INS,13477280,P,20180405115329,, HTTP/1.1" 200 5596
186.103.159.182 - - [05/Apr/2018:13:13:47 -0300] "POST /cormun/servlet/trsolicitudot?f2854c76baeceae2e181aa3768e95cf9,,gx-no-cache=1522944772867 HTTP/1.1" 200 5828
186.103.156.166 - - [05/Apr/2018:13:13:52 -0300] "POST /cormun/servlet/prfichaempleado?067569cc1d4debf7ca9c7213f7452d90,,MD,,gxPopupLevel%3D0%3B,gx-no-cache=1522948386126 HTTP/1.1" 200 3463
186.103.159.46 - - [05/Apr/2018:13:13:58 -0300] "POST /cormun/servlet/permisosadjuntos?f9f32571ccf8113e33d8e1aa3332c878,INS,13477280,P,20180405115329,, HTTP/1.1" 200 116
186.103.159.46 - - [05/Apr/2018:13:13:58 -0300] "GET /cormun/servlet/hpexe_return? HTTP/1.1" 200 1038
186.103.159.46 - - [05/Apr/2018:13:13:58 -0300] "GET /cormun/servlet/trpermisosadjuntos?13477280,20180405115329,P, HTTP/1.1" 200 6771
186.103.156.166 - - [05/Apr/2018:13:13:59 -0300] "GET /cormun/servlet/prfichaempleado?,MD,,gxPopupLevel%3D0%3B HTTP/1.1" 200 9326
186.103.159.46 - - [05/Apr/2018:13:14:00 -0300] "GET /cormun/servlet/trpermisosadjuntos?13477280,20180405115329,P, HTTP/1.1" 200 6767
186.103.159.182 - - [05/Apr/2018:13:14:01 -0300] "GET /cormun/servlet/solicitudot?INS,0,0, HTTP/1.1" 200 13694
186.103.159.182 - - [05/Apr/2018:13:14:02 -0300] "GET /cormun/servlet/solicitudot?INS,0,0, HTTP/1.1" 200 13699
186.103.159.46 - - [05/Apr/2018:13:14:06 -0300] "GET /cormun/servlet/trpermisosgoce? HTTP/1.1" 200 8986
186.103.159.46 - - [05/Apr/2018:13:14:07 -0300] "GET /cormun/servlet/trpermisosgoce? HTTP/1.1" 200 8987
186.103.156.166 - - [05/Apr/2018:13:14:08 -0300] "POST /cormun/servlet/prfichaempleado?067569cc1d4debf7ca9c7213f7452d90,,MD,,gxPopupLevel%3D0%3B,gx-no-cache=1522948401225 HTTP/1.1" 200 3463
201.215.248.160 - - [05/Apr/2018:13:14:15 -0300] "GET /cormun/servlet/trcontratosolicitud? HTTP/1.1" 200 14821
201.215.248.160 - - [05/Apr/2018:13:14:15 -0300] "GET /cormun/static/gxcfg.js?20177612214014 HTTP/1.1" 200 953
186.103.159.182 - - [05/Apr/2018:13:14:15 -0300] "GET /cormun/servlet/prfichaempleado?,MD,,gxPopupLevel%3D0%3B HTTP/1.1" 200 9422
201.215.248.160 - - [05/Apr/2018:13:14:15 -0300] "GET /cormun/static/trcontratosolicitud.js?20177612214349 HTTP/1.1" 200 28237
201.215.248.160 - - [05/Apr/2018:13:14:16 -0300] "GET /cormun//static/Resources/PXToolsGridNew.png HTTP/1.1" 200 2949
201.215.248.160 - - [05/Apr/2018:13:14:16 -0300] "GET /cormun/servlet/trcontratosolicitud? HTTP/1.1" 200 14821
186.103.156.166 - - [05/Apr/2018:13:14:17 -0300] "GET /cormun/servlet/prlicenciaspermisos?17503733,L,,MD,,gxPopupLevel%3D0%3B HTTP/1.1" 200 5757
186.103.159.46 - - [05/Apr/2018:13:14:17 -0300] "GET /cormun/servlet/trpermisosadjuntos?13477280,20180405115605,P, HTTP/1.1" 200 6281
186.103.159.46 - - [05/Apr/2018:13:14:18 -0300] "GET /cormun/servlet/trpermisosadjuntos?13477280,20180405115605,P, HTTP/1.1" 200 6280
186.103.159.46 - - [05/Apr/2018:13:14:21 -0300] "GET /cormun/servlet/permisosadjuntos?INS,13477280,P,20180405115605,, HTTP/1.1" 200 5607
186.103.159.46 - - [05/Apr/2018:13:14:21 -0300] "GET /cormun/static/about:blank HTTP/1.1" 404 1011
186.103.156.166 - - [05/Apr/2018:13:14:22 -0300] "POST /cormun/servlet/solicitudot?gx-no-cache=1522948415276 HTTP/1.1" 200 1369
186.103.159.46 - - [05/Apr/2018:13:14:22 -0300] "GET /cormun/servlet/permisosadjuntos?INS,13477280,P,20180405115605,, HTTP/1.1" 200 5595
186.103.159.182 - - [05/Apr/2018:13:14:24 -0300] "POST /cormun/servlet/prfichaempleado?f2854c76baeceae2e181aa3768e95cf9,,MD,,gxPopupLevel%3D0%3B,gx-no-cache=1522944809962 HTTP/1.1" 200 3179
186.67.172.234 - - [05/Apr/2018:13:14:28 -0300] "GET /cormun/static/Shared/jqueryui/images/ui-bg_highlight-soft_100_eae6ea_1x100.png HTTP/1.1" 404 1117
186.103.156.166 - - [05/Apr/2018:13:14:28 -0300] "GET /cormun/servlet/prlicenciaspermisos?17503733,L,,MD,,gxPopupLevel%3D0%3B HTTP/1.1" 200 5757
186.103.159.182 - - [05/Apr/2018:13:14:34 -0300] "POST /cormun/servlet/prfichaempleado?f2854c76baeceae2e181aa3768e95cf9,,MD,,gxPopupLevel%3D0%3B,gx-no-cache=1522944819936 HTTP/1.1" 200 3407
186.103.159.46 - - [05/Apr/2018:13:14:37 -0300] "POST /cormun/servlet/permisosadjuntos?f9f32571ccf8113e33d8e1aa3332c878,INS,13477280,P,20180405115605,, HTTP/1.1" 200 116
186.103.159.46 - - [05/Apr/2018:13:14:37 -0300] "GET /cormun/servlet/hpexe_return? HTTP/1.1" 200 1038
186.103.159.46 - - [05/Apr/2018:13:14:38 -0300] "GET /cormun/servlet/trpermisosadjuntos?13477280,20180405115605,P, HTTP/1.1" 200 6776
186.103.159.46 - - [05/Apr/2018:13:14:39 -0300] "GET /cormun/servlet/trpermisosadjuntos?13477280,20180405115605,P, HTTP/1.1" 200 6774
186.103.156.166 - - [05/Apr/2018:13:14:44 -0300] "POST /cormun/servlet/solicitudot?gx-no-cache=1522948437349 HTTP/1.1" 200 41
186.103.156.166 - - [05/Apr/2018:13:14:44 -0300] "POST /cormun/servlet/solicitudot?gx-no-cache=1522948437426 HTTP/1.1" 200 1351
186.103.156.166 - - [05/Apr/2018:13:14:44 -0300] "POST /cormun/servlet/solicitudot?gx-no-cache=1522948437522 HTTP/1.1" 200 1249
186.103.156.166 - - [05/Apr/2018:13:14:44 -0300] "GET /cormun/static/menuarrow.gif HTTP/1.1" 404 1015
186.103.159.46 - - [05/Apr/2018:13:14:46 -0300] "GET /cormun/servlet/trpermisosgoce? HTTP/1.1" 200 8992
186.103.159.46 - - [05/Apr/2018:13:14:48 -0300] "GET /cormun/servlet/trpermisosgoce? HTTP/1.1" 200 8987
186.103.156.166 - - [05/Apr/2018:13:14:54 -0300] "POST /cormun/servlet/solicitudot?gx-no-cache=1522948447556 HTTP/1.1" 200 1351
186.103.156.166 - - [05/Apr/2018:13:14:54 -0300] "POST /cormun/servlet/solicitudot?gx-no-cache=1522948447643 HTTP/1.1" 200 1249
201.215.248.160 - - [05/Apr/2018:13:14:58 -0300] "POST /cormun/servlet/trcontratosolicitud?fd379d2004f0ed6f49ff93ba50e6a265,,gx-no-cache=1522944853554 HTTP/1.1" 200 4963
186.103.156.166 - - [05/Apr/2018:13:15:11 -0300] "GET /cormun/servlet/solicitudot?25ce3fc13e120fc18d6697bceb5ab19e1173644ec42b1d4b6072c261c91fa9eeca5462c1528357784095e69a05539915,gx-no-cache=1522948465059 HTTP/1.1" 200 134
186.103.156.166 - - [05/Apr/2018:13:15:11 -0300] "GET /cormun/static/Shared/jqueryui/images/ui-bg_highlight-soft_100_c6c2c8_1x100.png HTTP/1.1" 404 1117
186.103.156.166 - - [05/Apr/2018:13:15:11 -0300] "GET /cormun/static/Shared/jqueryui/images/ui-icons_82798d_256x240.png HTTP/1.1" 404 1089
186.103.156.166 - - [05/Apr/2018:13:15:11 -0300] "GET /cormun/static/Shared/jqueryui/images/ui-bg_flat_55_994d53_40x100.png HTTP/1.1" 404 1097
186.103.156.166 - - [05/Apr/2018:13:15:11 -0300] "GET /cormun/static/Shared/jqueryui/images/ui-icons_ebccce_256x240.png HTTP/1.1" 404 1089
186.103.156.166 - - [05/Apr/2018:13:15:11 -0300] "POST /cormun/servlet/solicitudot?gx-no-cache=1522948465165 HTTP/1.1" 200 120
201.215.248.160 - - [05/Apr/2018:13:15:12 -0300] "GET /cormun/servlet/solicitudotcontratos?INS,2018,0,15482424,3,2,2018,2894,NADA,,6,B, HTTP/1.1" 200 9964
201.215.248.160 - - [05/Apr/2018:13:15:13 -0300] "GET /cormun/static/gxcfg.js?2018191138350 HTTP/1.1" 200 953
201.215.248.160 - - [05/Apr/2018:13:15:13 -0300] "GET /cormun/static/solicitudotcontratos.js?20181911383611 HTTP/1.1" 200 43152
186.103.159.182 - - [05/Apr/2018:13:15:13 -0300] "GET /cormun/servlet/prfichaempleado?,MD,,gxPopupLevel%3D0%3B HTTP/1.1" 200 9422
201.215.248.160 - - [05/Apr/2018:13:15:13 -0300] "GET /cormun/servlet/solicitudotcontratos?INS,2018,0,15482424,3,2,2018,2894,NADA,,6,B, HTTP/1.1" 200 9992
201.215.248.160 - - [05/Apr/2018:13:15:14 -0300] "GET /cormun/servlet/solicitudotcontratos?957840cc5d6ecb7b2e632f1289603b2ddefb4f68c2d032101758c872386974148b9bef8d9b506bec8a27457371224968,gx-no-cache=1522944869466 HTTP/1.1" 200 30
201.215.248.160 - - [05/Apr/2018:13:15:14 -0300] "GET /cormun/servlet/solicitudotcontratos?957840cc5d6ecb7b2e632f1289603b2d5629447a16f2efdd297b045491a84faf8e7fbe7e1d5588a764f81b561c4f16f3,gx-no-cache=1522944869550 HTTP/1.1" 200 30
201.215.248.160 - - [05/Apr/2018:13:15:14 -0300] "GET /cormun/servlet/solicitudotcontratos?957840cc5d6ecb7b2e632f1289603b2d8d14e6c1071018082b9ad26df9fc42d4cca9708241d893231e2136503b592db6d9cf03b89e19b5a750fb2a31458b01fdc4e05cd31330b4218455c297b6b99aa9631543e8e2f842159ff589cc5aa90198079a869c53705c170d2d6919f56ab2601cda94d155dc03d944a1064073f4133b,gx-no-cache=1522944869617 HTTP/1.1" 200 48
201.215.248.160 - - [05/Apr/2018:13:15:14 -0300] "GET /cormun/servlet/solicitudotcontratos?957840cc5d6ecb7b2e632f1289603b2d6546a47dd30de79faa181807d2c662e57b80d92985680e9c13908d786032948a,gx-no-cache=1522944869753 HTTP/1.1" 200 30
201.215.248.160 - - [05/Apr/2018:13:15:14 -0300] "GET /cormun/servlet/solicitudotcontratos?957840cc5d6ecb7b2e632f1289603b2df38aab0806d87ce6d18beb61758f30cc710ca64cdce19631f5d4359e3de78ed4682ae17e55a532ef83b4f5a5ae91fb845caf7877dfb6e8f8c5a6c362da9b4b70b6185335e2f3b188fb07f8472916614fba7c979e7225c3e0591de9d61b2aa6b9,gx-no-cache=1522944870080 HTTP/1.1" 200 30
201.215.248.160 - - [05/Apr/2018:13:15:15 -0300] "GET /cormun/servlet/solicitudotcontratos?957840cc5d6ecb7b2e632f1289603b2d6e6d80fb807d907ee526ea0cff75dfd3c9874d47f99c11ad8b07a3676926a82d162185556dfd7e6c97b444143a32aebcfd3fba9cdac85be7736c5b2bf6b9078f911c1d37fcf089be16614d296cd723eab73642a0c6d1e594579ba332a3aade7571af5c7a4fbfab72f75e92ae5c9074bf72736faba36ed36de95daf1609b3b00d358eace282cf65355ba504b790080328566b8a12321c6c816eb69913f159b389eabaef4394a0a3a6055d6384e73af9460517d092da4414a6951412893ab6bcc997ca650dbb7865a593bdd985d8ed1cbb8aa9d5cbb7178f8f2f78af859dc24b06fb7d4ebc893a8f517f3472f7896ee8e54121cb80c6ae3bef1739e8753f1684a1a6ba6ca9e2aa5274c14f0fd4ca111432baac581df9f33c50ed6c88d6421e54e93a672e3c66830452398d95a3c49dc9ee48d4fabd1b2061ed32170911181f657918104307371f52ce927947536ecb9268525bfa3c958802ecc6ccd4288854e415d122b658d3d2e7f536e4ab97d72e25377fab4aafc1d0056f458daf6ad82fd10444181677039464f96b2502fb2539871e99c9dc7345a1224ffefded8be8fa6949,gx-no-cache=1522944870149 HTTP/1.1" 200 72
186.103.159.182 - - [05/Apr/2018:13:15:20 -0300] "POST /cormun/servlet/prfichaempleado?f2854c76baeceae2e181aa3768e95cf9,,MD,,gxPopupLevel%3D0%3B,gx-no-cache=1522944866211 HTTP/1.1" 200 3179
186.103.159.182 - - [05/Apr/2018:13:15:23 -0300] "POST /cormun/servlet/solicitudot?gx-no-cache=1522944869252 HTTP/1.1" 200 3292
186.103.159.182 - - [05/Apr/2018:13:15:24 -0300] "POST /cormun/servlet/solicitudot?f2854c76baeceae2e181aa3768e95cf9,INS,0,0,,gx-no-cache=1522944869403 HTTP/1.1" 200 10441
186.103.159.46 - - [05/Apr/2018:13:15:24 -0300] "POST /cormun/servlet/trpermisosgoce?f9f32571ccf8113e33d8e1aa3332c878,,gx-no-cache=1522944870516 HTTP/1.1" 200 6218
186.103.159.46 - - [05/Apr/2018:13:15:24 -0300] "GET /cormun/static/Shared/jqueryui/images/ui-bg_highlight-soft_100_c6c2c8_1x100.png HTTP/1.1" 404 1117
186.103.159.46 - - [05/Apr/2018:13:15:24 -0300] "GET /cormun/static/Shared/jqueryui/images/ui-icons_82798d_256x240.png HTTP/1.1" 404 1089
186.103.159.46 - - [05/Apr/2018:13:15:24 -0300] "GET /cormun/static/Shared/jqueryui/images/ui-bg_flat_55_fafafa_40x100.png HTTP/1.1" 404 1097
186.103.159.46 - - [05/Apr/2018:13:15:24 -0300] "GET /cormun/static/Shared/jqueryui/images/ui-icons_8d78a5_256x240.png HTTP/1.1" 404 1089
186.103.156.166 - - [05/Apr/2018:13:15:26 -0300] "GET /cormun/servlet/solicitudot?25ce3fc13e120fc18d6697bceb5ab19efb02f56397e8710707f2093b339aeba15d85fa1be0652414c8d1d48d690833b0,gx-no-cache=1522948480009 HTTP/1.1" 200 30
186.103.156.166 - - [05/Apr/2018:13:15:26 -0300] "POST /cormun/servlet/solicitudot?gx-no-cache=1522948480068 HTTP/1.1" 200 34
186.103.157.98 - - [05/Apr/2018:13:15:32 -0300] "GET /cormun/servlet/solicitudotadjuntos?a6b33c35ec440a3682cb0249143af8b5a3748cae73fe2b449dab21973b725b88,gx-no-cache=1522944881931 HTTP/1.1" 200 30
186.103.157.98 - - [05/Apr/2018:13:15:32 -0300] "GET /cormun/servlet/solicitudotadjuntos?a6b33c35ec440a3682cb0249143af8b5a3748cae73fe2b449dab21973b725b88,gx-no-cache=1522944882008 HTTP/1.1" 200 30
186.103.157.98 - - [05/Apr/2018:13:15:33 -0300] "POST /cormun/servlet/solicitudotadjuntos?d01e843b4db1961cca53af267de8ac91,INS,2018,11026,,1, HTTP/1.1" 200 116
186.103.157.98 - - [05/Apr/2018:13:15:33 -0300] "GET /cormun/servlet/hpexe_return? HTTP/1.1" 200 1024
186.103.157.98 - - [05/Apr/2018:13:15:33 -0300] "GET /cormun/servlet/trsolicitudadjuntos?2018,11026, HTTP/1.1" 200 10020
186.103.157.98 - - [05/Apr/2018:13:15:34 -0300] "GET /cormun/servlet/trsolicitudadjuntos?2018,11026, HTTP/1.1" 200 10017
186.103.159.46 - - [05/Apr/2018:13:15:41 -0300] "POST /cormun/servlet/trpermisosgoce?f9f32571ccf8113e33d8e1aa3332c878,,gx-no-cache=1522944887874 HTTP/1.1" 200 6217
186.103.159.182 - - [05/Apr/2018:13:15:44 -0300] "GET /cormun/servlet/solicitudot?01820c08342612efeae029e141507dd806941fcad7fbff2d01260aa8cbb44ed93587c77c02b2806982af2fb11bff7930,gx-no-cache=1522944890287 HTTP/1.1" 200 30
186.103.159.46 - - [05/Apr/2018:13:15:52 -0300] "POST /cormun/servlet/trpermisosgoce?f9f32571ccf8113e33d8e1aa3332c878,,gx-no-cache=1522944898093 HTTP/1.1" 200 6216
201.215.248.160 - - [05/Apr/2018:13:15:52 -0300] "GET /cormun/servlet/trvisualizadoreventos? HTTP/1.1" 200 7007
186.103.156.166 - - [05/Apr/2018:13:15:53 -0300] "GET /cormun/servlet/solicitudot?25ce3fc13e120fc18d6697bceb5ab19e7a7fd3fd4a3651b0de5b8c7e428bd4ea0fd1ac288f2c11408fe934b8468e70b1,gx-no-cache=1522948506267 HTTP/1.1" 200 134
201.215.248.160 - - [05/Apr/2018:13:15:53 -0300] "GET /cormun/servlet/trvisualizadoreventos? HTTP/1.1" 200 6968
201.215.248.160 - - [05/Apr/2018:13:15:58 -0300] "GET /cormun/static/menuarrow.gif HTTP/1.1" 404 1015
186.103.156.166 - - [05/Apr/2018:13:15:59 -0300] "GET /cormun/servlet/solicitudot?25ce3fc13e120fc18d6697bceb5ab19efb02f56397e8710707f2093b339aeba180d5548afa4f60c56883fe4974bac9a0,gx-no-cache=1522948513091 HTTP/1.1" 200 30
186.103.156.166 - - [05/Apr/2018:13:16:00 -0300] "POST /cormun/servlet/solicitudot?gx-no-cache=1522948513924 HTTP/1.1" 200 34
201.215.248.160 - - [05/Apr/2018:13:16:06 -0300] "POST /cormun/servlet/trvisualizadoreventos?fd379d2004f0ed6f49ff93ba50e6a265,,gx-no-cache=1522944921011 HTTP/1.1" 200 4184
201.215.248.160 - - [05/Apr/2018:13:16:11 -0300] "POST /cormun/servlet/trvisualizadoreventos?fd379d2004f0ed6f49ff93ba50e6a265,,gx-no-cache=1522944926678 HTTP/1.1" 200 5069
186.103.157.98 - - [05/Apr/2018:13:16:22 -0300] "POST /cormun/servlet/trsolicitudadjuntos?d01e843b4db1961cca53af267de8ac91,2018,11026,,gx-no-cache=1522944931595 HTTP/1.1" 200 90
186.103.157.98 - - [05/Apr/2018:13:16:22 -0300] "GET /cormun/servlet/hpexe_link HTTP/1.1" 200 965
186.103.157.98 - - [05/Apr/2018:13:16:22 -0300] "GET /cormun/servlet/trsolicitudot HTTP/1.1" 200 8771
186.103.157.98 - - [05/Apr/2018:13:16:22 -0300] "GET /cormun/servlet/trsolicitudot HTTP/1.1" 200 8770
186.103.159.46 - - [05/Apr/2018:13:16:23 -0300] "GET /cormun/servlet/trlicenciaspermisoslog?15510753,P,20180323125022, HTTP/1.1" 200 6588
186.103.159.46 - - [05/Apr/2018:13:16:23 -0300] "GET /cormun/static/gxcfg.js?20176271755511 HTTP/1.1" 304 -
186.103.159.46 - - [05/Apr/2018:13:16:23 -0300] "GET /cormun/static/trlicenciaspermisoslog.js?201762717555393 HTTP/1.1" 304 -
186.103.159.46 - - [05/Apr/2018:13:16:25 -0300] "GET /cormun/servlet/trlicenciaspermisoslog?15510753,P,20180323125022, HTTP/1.1" 200 6589
186.103.157.98 - - [05/Apr/2018:13:16:26 -0300] "POST /cormun/servlet/trsolicitudot?d01e843b4db1961cca53af267de8ac91,gx-no-cache=1522944936270 HTTP/1.1" 200 107
186.103.157.98 - - [05/Apr/2018:13:16:27 -0300] "GET /cormun/servlet/trsolicitudadjuntos?2018,11026, HTTP/1.1" 200 10015
186.103.157.98 - - [05/Apr/2018:13:16:27 -0300] "GET /cormun/servlet/trsolicitudadjuntos?2018,11026, HTTP/1.1" 200 10017
186.67.172.234 - - [05/Apr/2018:13:16:28 -0300] "GET /cormun/servlet/hlogin HTTP/1.1" 200 1721
186.103.157.98 - - [05/Apr/2018:13:16:30 -0300] "POST /cormun/servlet/trsolicitudadjuntos?d01e843b4db1961cca53af267de8ac91,2018,11026,,gx-no-cache=1522944939673 HTTP/1.1" 200 90
186.103.157.98 - - [05/Apr/2018:13:16:30 -0300] "GET /cormun/servlet/hpexe_link HTTP/1.1" 200 965
186.103.157.98 - - [05/Apr/2018:13:16:30 -0300] "GET /cormun/servlet/trsolicitudot HTTP/1.1" 200 8771
186.103.157.98 - - [05/Apr/2018:13:16:30 -0300] "GET /cormun/servlet/trsolicitudot HTTP/1.1" 200 8770
186.103.159.46 - - [05/Apr/2018:13:16:33 -0300] "GET /cormun/servlet/trpermisosgoce? HTTP/1.1" 200 8978
186.103.159.46 - - [05/Apr/2018:13:16:34 -0300] "GET /cormun/servlet/trpermisosgoce? HTTP/1.1" 200 8978
186.103.156.166 - - [05/Apr/2018:13:16:41 -0300] "GET /cormun/servlet/prlicenciaspermisos?17503733,L,,MD,,gxPopupLevel%3D0%3B HTTP/1.1" 200 5757
201.215.248.160 - - [05/Apr/2018:13:16:47 -0300] "POST /cormun/servlet/trvisualizadoreventos?fd379d2004f0ed6f49ff93ba50e6a265,,gx-no-cache=1522944962795 HTTP/1.1" 200 4998
186.103.156.166 - - [05/Apr/2018:13:16:49 -0300] "POST /cormun/servlet/solicitudot?gx-no-cache=1522948562313 HTTP/1.1" 200 41
186.67.172.234 - - [05/Apr/2018:13:16:54 -0300] "POST /cormun/servlet/hlogin?451c7a9db1f1bf935ce088a5db1b3619,gx-no-cache=1522944959864 HTTP/1.1" 200 90
186.67.172.234 - - [05/Apr/2018:13:16:54 -0300] "GET /cormun/servlet/hpexe_link HTTP/1.1" 200 958
186.67.172.234 - - [05/Apr/2018:13:16:54 -0300] "GET /cormun/servlet/trsolicitudot HTTP/1.1" 200 7444
186.67.172.234 - - [05/Apr/2018:13:16:55 -0300] "GET /cormun/servlet/trsolicitudot HTTP/1.1" 200 7442
186.103.156.166 - - [05/Apr/2018:13:16:56 -0300] "GET /cormun/servlet/solicitudot?25ce3fc13e120fc18d6697bceb5ab19ee9975c750d12ae2a3443010c90a69ca8df3275ef70bf3341f84d32f6c2b7745a5c4786b0a28707cda9529d33d947dbfbbf52d6c23f70a046309dc1bcbc70e0c7f91bbf901e44dedbb6ffc0fa6b937b4915de52d107a9a1dbacfa80d077d0c531,gx-no-cache=1522948569570 HTTP/1.1" 200 29
186.103.156.166 - - [05/Apr/2018:13:16:56 -0300] "POST /cormun/servlet/solicitudot?gx-no-cache=1522948569620 HTTP/1.1" 200 1351
186.103.156.166 - - [05/Apr/2018:13:16:56 -0300] "POST /cormun/servlet/solicitudot?gx-no-cache=1522948569696 HTTP/1.1" 200 1249
186.67.172.234 - - [05/Apr/2018:13:16:58 -0300] "GET /cormun/servlet/trsolicitudot? HTTP/1.1" 200 7442
186.103.156.166 - - [05/Apr/2018:13:16:58 -0300] "GET /cormun/servlet/solicitudot?25ce3fc13e120fc18d6697bceb5ab19efb02f56397e8710707f2093b339aeba180d5548afa4f60c56883fe4974bac9a0,gx-no-cache=1522948571547 HTTP/1.1" 200 30
186.67.172.234 - - [05/Apr/2018:13:16:58 -0300] "GET /cormun/servlet/trsolicitudot? HTTP/1.1" 200 7442
186.103.156.166 - - [05/Apr/2018:13:16:59 -0300] "POST /cormun/servlet/solicitudot?gx-no-cache=1522948572389 HTTP/1.1" 200 34
186.67.172.234 - - [05/Apr/2018:13:17:00 -0300] "GET /cormun/servlet/solicitudot?INS,0,0, HTTP/1.1" 200 13666
186.67.172.234 - - [05/Apr/2018:13:17:00 -0300] "GET /cormun/servlet/solicitudot?INS,0,0, HTTP/1.1" 200 13671
186.103.156.166 - - [05/Apr/2018:13:17:03 -0300] "POST /cormun/servlet/solicitudot?067569cc1d4debf7ca9c7213f7452d90,INS,0,0,,gx-no-cache=1522948576102 HTTP/1.1" 200 93
186.103.156.166 - - [05/Apr/2018:13:17:03 -0300] "GET /cormun/servlet/hpexe_return? HTTP/1.1" 200 1001
186.103.156.166 - - [05/Apr/2018:13:17:03 -0300] "GET /cormun/servlet/trsolicitudot HTTP/1.1" 200 9348
186.103.159.182 - - [05/Apr/2018:13:17:03 -0300] "GET /cormun/servlet/solicitudot?01820c08342612efeae029e141507dd88fe0898589e74275ddc2bba18782de51852afe45a922d7225da3ff35012c53516ec702e644e769ffca2ccfa96d6d4dfc,gx-no-cache=1522944969490 HTTP/1.1" 200 30
186.103.159.182 - - [05/Apr/2018:13:17:03 -0300] "GET /cormun/servlet/solicitudot?01820c08342612efeae029e141507dd81e945c392f8e82a9764733e2e3404bf1,gx-no-cache=1522944969535 HTTP/1.1" 200 29
186.103.156.166 - - [05/Apr/2018:13:17:03 -0300] "GET /cormun/servlet/trsolicitudot HTTP/1.1" 200 9344
186.103.159.182 - - [05/Apr/2018:13:17:03 -0300] "POST /cormun/servlet/solicitudot?gx-no-cache=1522944969574 HTTP/1.1" 200 297
186.103.159.182 - - [05/Apr/2018:13:17:04 -0300] "GET /cormun/servlet/solicitudot?01820c08342612efeae029e141507dd8ed8ee67f28c9b8f840a77af61e5be3416530b3ff496b0770eb2c77d04f80e724c195708647932b9e04a3eb3795b8e91d6ac23925026b28aad826dc876682e218f8cf5ea8fabc1c8943e3090021decc40dbf7bd1345dc3639b7713839d6ecfba9acdd38f263469b8e56078be5830409d1b2374508e8b3740cc8a93aa075bbda52cd817be05b5424ea10f75fdc54cd0c84f65e3ec615f27508f352f61254f8f35a5651f7c5b7de3f5274fd4baa410389062082ef45ba0d900d718f32c823f78ff2a5b5661029aa4b8bff7a93130d19ed04cfbd27e8732e3a02129e2fb72288cd2117f7f7e38ffd0556f418e860e18dd432de65056ee6fdecb4475c6a48577e2592a7314cbb9ef78851367a1007ff91103f30cd8e093d4f4a649e7e67e568fc4cc0aff4d02d5c90f0ea8ea0b7a61399a750fcff49b15a7725c5e2ea86f363ab095a2701d010587b8ca6cc99b041b103ac0c277e37bb371db3e23ea1ea921b4fcbc8f88ca45b8112e115d44373952cb4af8185361bc1e2ec99106deeb9d27ce8a8be,gx-no-cache=1522944969628 HTTP/1.1" 200 30
186.103.159.182 - - [05/Apr/2018:13:17:04 -0300] "POST /cormun/servlet/solicitudot?gx-no-cache=1522944969962 HTTP/1.1" 200 30
186.103.159.182 - - [05/Apr/2018:13:17:04 -0300] "POST /cormun/servlet/solicitudot?gx-no-cache=1522944969995 HTTP/1.1" 200 1369
186.103.159.182 - - [05/Apr/2018:13:17:04 -0300] "POST /cormun/servlet/solicitudot?gx-no-cache=1522944970050 HTTP/1.1" 200 38
186.67.172.234 - - [05/Apr/2018:13:17:09 -0300] "POST /cormun/servlet/solicitudot?gx-no-cache=1522944974539 HTTP/1.1" 200 3396
186.67.172.234 - - [05/Apr/2018:13:17:09 -0300] "POST /cormun/servlet/solicitudot?451c7a9db1f1bf935ce088a5db1b3619,INS,0,0,,gx-no-cache=1522944974678 HTTP/1.1" 200 10537
201.215.248.160 - - [05/Apr/2018:13:17:11 -0300] "GET /cormun/servlet/trsolicitudot? HTTP/1.1" 200 7423
186.103.156.166 - - [05/Apr/2018:13:17:11 -0300] "POST /cormun/servlet/trsolicitudot?067569cc1d4debf7ca9c7213f7452d90,gx-no-cache=1522948584477 HTTP/1.1" 200 5900
186.103.156.166 - - [05/Apr/2018:13:17:11 -0300] "GET /cormun/static/Shared/jqueryui/images/ui-bg_highlight-soft_100_c6c2c8_1x100.png HTTP/1.1" 404 1117
186.103.156.166 - - [05/Apr/2018:13:17:11 -0300] "GET /cormun/static/Shared/jqueryui/images/ui-icons_8d78a5_256x240.png HTTP/1.1" 404 1089
186.103.156.166 - - [05/Apr/2018:13:17:11 -0300] "GET /cormun/static/Shared/jqueryui/images/ui-icons_82798d_256x240.png HTTP/1.1" 404 1089
186.103.156.166 - - [05/Apr/2018:13:17:11 -0300] "GET /cormun/static/Shared/jqueryui/images/ui-bg_flat_55_fafafa_40x100.png HTTP/1.1" 404 1097
186.103.156.166 - - [05/Apr/2018:13:17:11 -0300] "POST /cormun/servlet/trsolicitudot?067569cc1d4debf7ca9c7213f7452d90,gx-no-cache=1522948584759 HTTP/1.1" 200 5842
201.215.248.160 - - [05/Apr/2018:13:17:11 -0300] "GET /cormun/servlet/trsolicitudot? HTTP/1.1" 200 7423
186.103.156.166 - - [05/Apr/2018:13:17:13 -0300] "POST /cormun/servlet/trsolicitudot?067569cc1d4debf7ca9c7213f7452d90,gx-no-cache=1522948586188 HTTP/1.1" 200 4700
186.103.156.166 - - [05/Apr/2018:13:17:13 -0300] "POST /cormun/servlet/trsolicitudot?067569cc1d4debf7ca9c7213f7452d90,gx-no-cache=1522948586430 HTTP/1.1" 200 4441
186.67.172.234 - - [05/Apr/2018:13:17:15 -0300] "GET /cormun/servlet/solicitudot?b5ccabd33b928ffba4ca82c4e38dc2eb24cff87ffd2349965972c51fb5b1ed3af962bf892ac15122a413455e0f4a38e7,gx-no-cache=1522944980671 HTTP/1.1" 200 30
186.67.172.234 - - [05/Apr/2018:13:17:15 -0300] "GET /cormun/servlet/solicitudot?b5ccabd33b928ffba4ca82c4e38dc2eb80ca9e85231663705ad23324a5e8e248905c69a0d1d738a0b382fd0aaef02bb206c0b93732cee6dc064f4f8b9212efa8,gx-no-cache=1522944980806 HTTP/1.1" 200 30
186.67.172.234 - - [05/Apr/2018:13:17:15 -0300] "GET /cormun/servlet/solicitudot?b5ccabd33b928ffba4ca82c4e38dc2eb3c4468b8ca478193f0456fce020bbd79,gx-no-cache=1522944980889 HTTP/1.1" 200 123
186.67.172.234 - - [05/Apr/2018:13:17:15 -0300] "GET /cormun/static/Shared/jqueryui/images/ui-bg_highlight-soft_100_c6c2c8_1x100.png HTTP/1.1" 404 1117
186.67.172.234 - - [05/Apr/2018:13:17:15 -0300] "GET /cormun/static/Shared/jqueryui/images/ui-icons_82798d_256x240.png HTTP/1.1" 404 1089
186.67.172.234 - - [05/Apr/2018:13:17:15 -0300] "GET /cormun/static/Shared/jqueryui/images/ui-bg_flat_55_994d53_40x100.png HTTP/1.1" 404 1097
186.67.172.234 - - [05/Apr/2018:13:17:15 -0300] "GET /cormun/static/Shared/jqueryui/images/ui-icons_ebccce_256x240.png HTTP/1.1" 404 1089
186.67.172.234 - - [05/Apr/2018:13:17:15 -0300] "POST /cormun/servlet/solicitudot?gx-no-cache=1522944981051 HTTP/1.1" 200 256
186.67.172.234 - - [05/Apr/2018:13:17:16 -0300] "GET /cormun/servlet/solicitudot?b5ccabd33b928ffba4ca82c4e38dc2eb3c3218091d34573f0ac436a8c50c13e2b1f49c48f50e85e6183f2260b11adab2248ebdacd87a4b436a6e101eae959b7c3e152fbaf249e495622179958bc5d615515a707a9e1d052071d7463ff15eedcf645da9497333859e21403fc5f491c3c198bd43c6226962a2daaa8e274126f4d728b3f4f6555378ae8178d64a215609ba6837205f7dcb39b7b8ff1c070403616c62a21e69d4282a8478e949e1a91f24460bbdc0c2a2807d60cef09d4df3e01605eb483a7997ae45959f913581f2357a64a146ac624e96fcb6bb5c144e6cf34d71b1b23b6cb34522f5a256412411e0ea3416c48dcd96b65016683b50da162f5ba4e875d345f4b11dd3cf012c07e5eb9c9f01f47ba74147561bd0ec6f926fda416480d3824b6364306added115cb0a05614baa51044b947dd98f65280599a9b512ea522e6116a071f0415debf8914dfb999c1066c6fba0b6a3a5d1dc31164cef00bfcab4ae868baffe2a038e39ff4a68efcc642690007f087087f393d83a95ea417,gx-no-cache=1522944981153 HTTP/1.1" 200 30
186.103.156.166 - - [05/Apr/2018:13:17:16 -0300] "GET /cormun/servlet/trautorizarsolicitud? HTTP/1.1" 200 9236
186.103.156.166 - - [05/Apr/2018:13:17:16 -0300] "GET /cormun/servlet/trautorizarsolicitud? HTTP/1.1" 200 9236
186.103.156.166 - - [05/Apr/2018:13:17:20 -0300] "POST /cormun/servlet/trautorizarsolicitud?067569cc1d4debf7ca9c7213f7452d90,,gx-no-cache=1522948594050 HTTP/1.1" 200 5824
186.103.156.166 - - [05/Apr/2018:13:17:20 -0300] "GET /cormun/static/Shared/jqueryui/images/ui-bg_highlight-soft_100_c6c2c8_1x100.png HTTP/1.1" 404 1117
186.103.156.166 - - [05/Apr/2018:13:17:21 -0300] "GET /cormun/static/Shared/jqueryui/images/ui-icons_82798d_256x240.png HTTP/1.1" 404 1089
186.103.156.166 - - [05/Apr/2018:13:17:21 -0300] "GET /cormun/static/Shared/jqueryui/images/ui-bg_flat_55_fafafa_40x100.png HTTP/1.1" 404 1097
186.103.156.166 - - [05/Apr/2018:13:17:21 -0300] "GET /cormun/static/Shared/jqueryui/images/ui-icons_8d78a5_256x240.png HTTP/1.1" 404 1089
186.103.156.166 - - [05/Apr/2018:13:17:21 -0300] "POST /cormun/servlet/trautorizarsolicitud?067569cc1d4debf7ca9c7213f7452d90,,gx-no-cache=1522948594290 HTTP/1.1" 200 5770
186.103.156.166 - - [05/Apr/2018:13:17:22 -0300] "POST /cormun/servlet/trautorizarsolicitud?067569cc1d4debf7ca9c7213f7452d90,,gx-no-cache=1522948595564 HTTP/1.1" 200 4633
186.103.156.166 - - [05/Apr/2018:13:17:22 -0300] "POST /cormun/servlet/trautorizarsolicitud?067569cc1d4debf7ca9c7213f7452d90,,gx-no-cache=1522948595799 HTTP/1.1" 200 4376
186.103.159.188 - - [05/Apr/2018:13:17:31 -0300] "GET /cormun/servlet/hlogin HTTP/1.1" 200 1717
186.103.159.182 - - [05/Apr/2018:13:17:38 -0300] "POST /cormun/servlet/solicitudot?gx-no-cache=1522945003972 HTTP/1.1" 200 30
201.215.248.160 - - [05/Apr/2018:13:17:40 -0300] "POST /cormun/servlet/trsolicitudot?fd379d2004f0ed6f49ff93ba50e6a265,,gx-no-cache=1522945015343 HTTP/1.1" 200 4488
186.103.159.182 - - [05/Apr/2018:13:17:41 -0300] "GET /cormun/servlet/prcontratosol?15806791,,,,,MD,,gxPopupLevel%3D0%3B HTTP/1.1" 200 7572
201.215.248.160 - - [05/Apr/2018:13:17:42 -0300] "GET /cormun/servlet/solicitudot?INS,0,0, HTTP/1.1" 200 13655
186.103.159.182 - - [05/Apr/2018:13:17:42 -0300] "GET /cormun/static/gxcfg.js?201761413223964 HTTP/1.1" 200 953
201.215.248.160 - - [05/Apr/2018:13:17:42 -0300] "GET /cormun/servlet/solicitudot?INS,0,0, HTTP/1.1" 200 13660
186.103.156.166 - - [05/Apr/2018:13:17:43 -0300] "GET /cormun/servlet/hlogin HTTP/1.1" 200 1737
186.103.159.188 - - [05/Apr/2018:13:17:44 -0300] "POST /cormun/servlet/hlogin?333e351b55dde879909332e53a81db7e,gx-no-cache=1522945012594 HTTP/1.1" 200 425
186.103.159.182 - - [05/Apr/2018:13:17:46 -0300] "POST /cormun/servlet/solicitudot?gx-no-cache=1522945011870 HTTP/1.1" 200 1367
186.103.159.182 - - [05/Apr/2018:13:17:46 -0300] "POST /cormun/servlet/solicitudot?gx-no-cache=1522945011934 HTTP/1.1" 200 38
186.103.159.182 - - [05/Apr/2018:13:17:46 -0300] "GET /cormun/servlet/solicitudot?01820c08342612efeae029e141507dd8d406c3c1ed1b709e62dbc72569b52376f143947fa354d64b84255fefbcbd3cb64a611a063850d7690d99ace6e6d0fe40b40ca915c5f4de5ecd7b8b8a196ca12f096fc054f16dcf2c8aeb56996922bdc8445d1dbc032a2a3ad53663c0e23ac1a2,gx-no-cache=1522945011963 HTTP/1.1" 200 29
186.103.159.182 - - [05/Apr/2018:13:17:46 -0300] "POST /cormun/servlet/solicitudot?gx-no-cache=1522945012003 HTTP/1.1" 200 1349
186.103.159.182 - - [05/Apr/2018:13:17:46 -0300] "POST /cormun/servlet/solicitudot?gx-no-cache=1522945012053 HTTP/1.1" 200 1248
186.103.159.182 - - [05/Apr/2018:13:17:46 -0300] "GET /cormun/servlet/solicitudot?01820c08342612efeae029e141507dd83881ae8b2ff47e11d27b7fff84f165dddc16c5182593376fd8d6199360c1003a,gx-no-cache=1522945012103 HTTP/1.1" 200 134
186.103.159.182 - - [05/Apr/2018:13:17:46 -0300] "GET /cormun/static/Shared/jqueryui/images/ui-bg_highlight-soft_100_c6c2c8_1x100.png HTTP/1.1" 404 1117
186.103.159.182 - - [05/Apr/2018:13:17:46 -0300] "GET /cormun/static/Shared/jqueryui/images/ui-icons_82798d_256x240.png HTTP/1.1" 404 1089
186.103.159.182 - - [05/Apr/2018:13:17:46 -0300] "GET /cormun/static/Shared/jqueryui/images/ui-icons_ebccce_256x240.png HTTP/1.1" 404 1089
186.103.159.182 - - [05/Apr/2018:13:17:46 -0300] "GET /cormun/static/Shared/jqueryui/images/ui-bg_flat_55_994d53_40x100.png HTTP/1.1" 404 1097
201.215.248.160 - - [05/Apr/2018:13:17:54 -0300] "POST /cormun/servlet/solicitudot?gx-no-cache=1522945029573 HTTP/1.1" 200 3400
201.215.248.160 - - [05/Apr/2018:13:17:54 -0300] "POST /cormun/servlet/solicitudot?fd379d2004f0ed6f49ff93ba50e6a265,INS,0,0,,gx-no-cache=1522945029856 HTTP/1.1" 200 10568
186.103.159.188 - - [05/Apr/2018:13:17:58 -0300] "POST /cormun/servlet/hlogin?333e351b55dde879909332e53a81db7e,gx-no-cache=1522945026608 HTTP/1.1" 200 90
186.103.159.188 - - [05/Apr/2018:13:17:58 -0300] "GET /cormun/servlet/hpexe_link HTTP/1.1" 200 942
186.103.159.188 - - [05/Apr/2018:13:17:59 -0300] "GET /cormun/servlet/hhome HTTP/1.1" 200 3937
186.103.159.188 - - [05/Apr/2018:13:17:59 -0300] "GET /cormun/servlet/hhome HTTP/1.1" 200 3933
186.103.159.182 - - [05/Apr/2018:13:18:00 -0300] "POST /cormun/servlet/solicitudot?gx-no-cache=1522945025951 HTTP/1.1" 200 1349
186.103.159.182 - - [05/Apr/2018:13:18:00 -0300] "POST /cormun/servlet/solicitudot?gx-no-cache=1522945026346 HTTP/1.1" 200 1248
186.103.159.182 - - [05/Apr/2018:13:18:00 -0300] "GET /cormun/static/menuarrow.gif HTTP/1.1" 404 1015
186.103.159.182 - - [05/Apr/2018:13:18:03 -0300] "POST /cormun/servlet/solicitudot?gx-no-cache=1522945029451 HTTP/1.1" 200 1349
186.103.159.182 - - [05/Apr/2018:13:18:03 -0300] "POST /cormun/servlet/solicitudot?gx-no-cache=1522945029501 HTTP/1.1" 200 1248
186.103.159.188 - - [05/Apr/2018:13:18:05 -0300] "GET /cormun/servlet/trlicencias? HTTP/1.1" 200 10302
186.103.159.188 - - [05/Apr/2018:13:18:05 -0300] "GET /cormun/servlet/trlicencias? HTTP/1.1" 200 10299
186.103.159.182 - - [05/Apr/2018:13:18:06 -0300] "GET /cormun/servlet/solicitudot?01820c08342612efeae029e141507dd84dde0f849f722b761dfc80acd15f800cdc16c5182593376fd8d6199360c1003a,gx-no-cache=1522945032654 HTTP/1.1" 200 30
186.103.159.182 - - [05/Apr/2018:13:18:07 -0300] "POST /cormun/servlet/solicitudot?gx-no-cache=1522945032685 HTTP/1.1" 200 33
190.161.236.41 - - [05/Apr/2018:13:18:33 -0300] "GET /cormun/servlet/alicenciaprn?15102666,L,20180316000000,PU HTTP/1.1" 200 1535
186.103.157.98 - - [05/Apr/2018:13:18:41 -0300] "POST /cormun/servlet/trsolicitudot?d01e843b4db1961cca53af267de8ac91,gx-no-cache=1522945070825 HTTP/1.1" 200 107
186.103.157.98 - - [05/Apr/2018:13:18:41 -0300] "GET /cormun/servlet/trsolicitudadjuntos?2018,11026, HTTP/1.1" 200 10015
186.103.157.98 - - [05/Apr/2018:13:18:42 -0300] "GET /cormun/servlet/trsolicitudadjuntos?2018,11026, HTTP/1.1" 200 10022
186.103.159.182 - - [05/Apr/2018:13:18:49 -0300] "POST /cormun/servlet/solicitudot?gx-no-cache=1522945074597 HTTP/1.1" 200 1349
186.103.159.182 - - [05/Apr/2018:13:18:49 -0300] "POST /cormun/servlet/solicitudot?gx-no-cache=1522945075007 HTTP/1.1" 200 1248
186.103.159.182 - - [05/Apr/2018:13:18:49 -0300] "GET /cormun/servlet/solicitudot?01820c08342612efeae029e141507dd84dde0f849f722b761dfc80acd15f800cdc16c5182593376fd8d6199360c1003a,gx-no-cache=1522945075094 HTTP/1.1" 200 30
186.103.159.182 - - [05/Apr/2018:13:18:49 -0300] "POST /cormun/servlet/solicitudot?gx-no-cache=1522945075123 HTTP/1.1" 200 33
186.103.159.182 - - [05/Apr/2018:13:18:49 -0300] "POST /cormun/servlet/solicitudot?f2854c76baeceae2e181aa3768e95cf9,INS,0,0,,gx-no-cache=1522945075193 HTTP/1.1" 200 93
186.103.159.182 - - [05/Apr/2018:13:18:49 -0300] "GET /cormun/servlet/hpexe_return? HTTP/1.1" 200 1000
186.103.159.182 - - [05/Apr/2018:13:18:50 -0300] "GET /cormun/servlet/trsolicitudot? HTTP/1.1" 200 8840
200.86.99.60 - - [05/Apr/2018:13:18:50 -0300] "GET /cormun/servlet/hlogin HTTP/1.1" 200 1723
200.86.99.60 - - [05/Apr/2018:13:18:50 -0300] "GET /cormun/static/gxtimezone.js?85251 HTTP/1.1" 200 5781
200.86.99.60 - - [05/Apr/2018:13:18:50 -0300] "GET /cormun/static/gxcfg.js?20175251213516 HTTP/1.1" 200 953
200.86.99.60 - - [05/Apr/2018:13:18:50 -0300] "GET /cormun/static/messages.spa.js?85251 HTTP/1.1" 200 30736
