186.79.233.153 - - [05/Apr/2018:12:01:34 -0300] "GET /cormun/static/gxcfg.js?2017111423403364 HTTP/1.1" 304 -
186.79.233.153 - - [05/Apr/2018:12:01:34 -0300] "GET /cormun/servlet/trautorizarsolicitud? HTTP/1.1" 200 7330
186.79.233.153 - - [05/Apr/2018:12:01:37 -0300] "GET /cormun/servlet/trsolicitudot? HTTP/1.1" 200 15248
186.79.233.153 - - [05/Apr/2018:12:01:37 -0300] "GET /cormun/static/gxcfg.js?2017111422585916 HTTP/1.1" 304 -
186.79.233.153 - - [05/Apr/2018:12:01:38 -0300] "GET /cormun/servlet/trsolicitudot? HTTP/1.1" 200 15248
200.73.230.197 - - [05/Apr/2018:12:01:40 -0300] "POST /cormun/servlet/trsolicitudgral?2f147b72c59742bb5e7590423e9e08d8,,gx-no-cache=1522940656914 HTTP/1.1" 200 24089
200.73.230.197 - - [05/Apr/2018:12:01:41 -0300] "GET /cormun/static/Resources/PXToolsGridNext.gif HTTP/1.1" 200 369
200.73.230.197 - - [05/Apr/2018:12:01:42 -0300] "GET /cormun/static/Resources/PXToolsGridLast.gif HTTP/1.1" 200 370
192.168.10.89 - - [05/Apr/2018:12:02:03 -0300] "GET /cormun/servlet/hlogin HTTP/1.1" 200 1737
186.103.159.189 - - [05/Apr/2018:12:02:09 -0300] "GET /cormun/servlet/permisogoce?INS,0,,, HTTP/1.1" 200 6828
186.103.159.189 - - [05/Apr/2018:12:02:11 -0300] "GET /cormun/servlet/permisogoce?INS,0,,, HTTP/1.1" 200 6828
186.79.209.55 - - [05/Apr/2018:12:02:14 -0300] "POST /cormun/servlet/hlogin?29b80dfb7328d45fdc69eae7d675c13b,gx-no-cache=1522940482286 HTTP/1.1" 200 90
186.79.209.55 - - [05/Apr/2018:12:02:14 -0300] "GET /cormun/servlet/hpexe_link HTTP/1.1" 200 951
186.103.159.189 - - [05/Apr/2018:12:02:14 -0300] "GET /cormun/servlet/prfichaempleado?,MD,,gxPopupLevel%3D0%3B HTTP/1.1" 200 9341
186.79.209.55 - - [05/Apr/2018:12:02:15 -0300] "GET /cormun/servlet/trsolicitudot? HTTP/1.1" 200 7434
186.79.209.55 - - [05/Apr/2018:12:02:16 -0300] "GET /cormun/servlet/trsolicitudot? HTTP/1.1" 200 7433
186.79.209.55 - - [05/Apr/2018:12:02:21 -0300] "GET /cormun/servlet/solicitudot?INS,0,0, HTTP/1.1" 200 13657
186.79.209.55 - - [05/Apr/2018:12:02:23 -0300] "GET /cormun/servlet/solicitudot?INS,0,0, HTTP/1.1" 200 13662
186.103.159.189 - - [05/Apr/2018:12:02:30 -0300] "POST /cormun/servlet/prfichaempleado?3794215656cf6e0fd93009be36ad1062,,MD,,gxPopupLevel%3D0%3B,gx-no-cache=1522940498080 HTTP/1.1" 200 3419
186.103.157.98 - - [05/Apr/2018:12:02:34 -0300] "GET /cormun/servlet/hlogin HTTP/1.1" 200 1728
186.103.159.189 - - [05/Apr/2018:12:02:34 -0300] "GET /cormun/servlet/permisogoce?a9c886990199bf9bcf45f1cb4f8d5aeb84537d5caaa816dd6218d76d737985e88a34cbc1cec1110bb3cdb1139c21542b,gx-no-cache=1522940502067 HTTP/1.1" 200 81
186.103.159.189 - - [05/Apr/2018:12:02:35 -0300] "GET /cormun/static/menuarrow.gif HTTP/1.1" 404 1015
186.79.209.55 - - [05/Apr/2018:12:02:42 -0300] "POST /cormun/servlet/solicitudot?gx-no-cache=1522940509823 HTTP/1.1" 200 3391
186.79.209.55 - - [05/Apr/2018:12:02:43 -0300] "POST /cormun/servlet/solicitudot?29b80dfb7328d45fdc69eae7d675c13b,INS,0,0,,gx-no-cache=1522940510918 HTTP/1.1" 200 10513
186.79.209.55 - - [05/Apr/2018:12:02:50 -0300] "GET /cormun/servlet/prbanco?,MD,,gxPopupLevel%3D0%3B HTTP/1.1" 200 6662
186.79.209.55 - - [05/Apr/2018:12:03:03 -0300] "GET /cormun/servlet/solicitudot?f4eebd66dc71effe686caed393298289367a79be8132e3d083d8d95963ff582caf7d86ced5326d44a8c8e290a52e27cb,gx-no-cache=1522940531222 HTTP/1.1" 200 30
186.79.209.55 - - [05/Apr/2018:12:03:03 -0300] "GET /cormun/servlet/solicitudot?f4eebd66dc71effe686caed393298289b3de70f5e615ac9605363a0102030f54639187cf8e237a9ecaaf8f3666f9ba81d49be8d759f5de80a310c486b6a73607,gx-no-cache=1522940531526 HTTP/1.1" 200 30
186.79.209.55 - - [05/Apr/2018:12:03:12 -0300] "GET /cormun/servlet/solicitudot?f4eebd66dc71effe686caed393298289fce9cc8244bd374d174119ce58415f6c,gx-no-cache=1522940540272 HTTP/1.1" 200 123
186.79.209.55 - - [05/Apr/2018:12:03:12 -0300] "GET /cormun/static/Shared/jqueryui/images/ui-bg_highlight-soft_100_c6c2c8_1x100.png HTTP/1.1" 404 1117
201.214.54.200 - - [05/Apr/2018:12:03:12 -0300] "GET /cormun/static/Shared/jqueryui/images/ui-icons_82798d_256x240.png HTTP/1.1" 404 1089
186.79.209.55 - - [05/Apr/2018:12:03:12 -0300] "POST /cormun/servlet/solicitudot?gx-no-cache=1522940540649 HTTP/1.1" 200 240
186.79.209.55 - - [05/Apr/2018:12:03:12 -0300] "GET /cormun/static/Shared/jqueryui/images/ui-icons_ebccce_256x240.png HTTP/1.1" 404 1089
186.79.209.55 - - [05/Apr/2018:12:03:12 -0300] "GET /cormun/servlet/solicitudot?f4eebd66dc71effe686caed393298289409fda0e353a9f743114b28c5f0e19ef5eacb5ef0e1bc172ec0bc2abf93eb56cc93cc3543965a2a8f1dbe2a5f7720b48e554d7071f523452d07e566f3f11cbdbc1d50553db3bad2e7e5621fad31e7a6327a9c592556414c05dda957f3cdf927911c5466ff8088f9b48af5896de11a8192e2910958e67e4c11f90489324c1121f646ad7e02f723e488fcf682dbcee8ce49694f98e5e5612c357aa0eaaddb61f9c6c2574d9bfef4ca6e09b9f2435f79a6fb2cabb80733cb6a06b813965a546134faadf424dee89fdcdce22f73bd2ce06924317424a6ddf6058706968c5e88b73ff405825731b72fb6d65db054670712c9ed6bb4e0f015a2a8da25f251d622151fd3c0ea1cb63492feebe2af945077c781528d373ebe7be0f3195f3bf4fc0e65221a6411d3c4e9ce40a474ae94a2ddc2dfadad8addfedfdc23037503c17298b37fade8db5a453426545190b354d54533d100a823110e8c6b158532ad5613e8ff48e8d1d98dc8a15261ee1daa20b03f5e405,gx-no-cache=1522940540863 HTTP/1.1" 200 30
201.214.54.200 - - [05/Apr/2018:12:03:12 -0300] "GET /cormun/static/Shared/jqueryui/images/ui-bg_flat_55_994d53_40x100.png HTTP/1.1" 404 1097
186.79.209.55 - - [05/Apr/2018:12:03:12 -0300] "POST /cormun/servlet/solicitudot?gx-no-cache=1522940541083 HTTP/1.1" 200 30
186.79.209.55 - - [05/Apr/2018:12:03:13 -0300] "POST /cormun/servlet/solicitudot?gx-no-cache=1522940541304 HTTP/1.1" 200 1369
186.79.209.55 - - [05/Apr/2018:12:03:13 -0300] "POST /cormun/servlet/solicitudot?gx-no-cache=1522940541632 HTTP/1.1" 200 38
186.79.233.153 - - [05/Apr/2018:12:03:15 -0300] "POST /cormun/servlet/trsolicitudot?d209674b7c736360c9a9a8378c403941,,gx-no-cache=1522940540286 HTTP/1.1" 200 103
186.79.233.153 - - [05/Apr/2018:12:03:15 -0300] "GET /cormun/SolicitudOT-8182.xls HTTP/1.1" 200 12800
186.103.157.98 - - [05/Apr/2018:12:03:22 -0300] "POST /cormun/servlet/hlogin?2de3b598e7f38e7fc7f26bb9c94ab33f,gx-no-cache=1522940550882 HTTP/1.1" 200 90
186.103.157.98 - - [05/Apr/2018:12:03:22 -0300] "GET /cormun/servlet/hpexe_link HTTP/1.1" 200 968
186.103.157.98 - - [05/Apr/2018:12:03:23 -0300] "GET /cormun/servlet/prfichaempleado?,MD, HTTP/1.1" 200 9423
186.103.157.98 - - [05/Apr/2018:12:03:30 -0300] "GET /cormun/servlet/hlogin HTTP/1.1" 200 1747
201.214.54.200 - - [05/Apr/2018:12:03:59 -0300] "POST /cormun/servlet/solicitudot?gx-no-cache=1522940587165 HTTP/1.1" 200 30
186.79.233.153 - - [05/Apr/2018:12:04:11 -0300] "GET /cormun/servlet/trfichaempleado? HTTP/1.1" 200 13715
201.214.54.200 - - [05/Apr/2018:12:04:12 -0300] "GET /cormun/servlet/prlicenciaspermisos?7755097,L,,MD,,gxPopupLevel%3D0%3B HTTP/1.1" 200 7818
201.214.54.200 - - [05/Apr/2018:12:04:12 -0300] "GET /cormun/static/gxcfg.js?20176272053834 HTTP/1.1" 200 953
201.214.54.200 - - [05/Apr/2018:12:04:12 -0300] "GET /cormun/static/prlicenciaspermisos.js?20176272054050 HTTP/1.1" 200 13379
201.214.54.200 - - [05/Apr/2018:12:04:17 -0300] "POST /cormun/servlet/solicitudot?gx-no-cache=1522940605568 HTTP/1.1" 200 1368
201.214.54.200 - - [05/Apr/2018:12:04:22 -0300] "POST /cormun/servlet/solicitudot?gx-no-cache=1522940610520 HTTP/1.1" 200 41
201.214.54.200 - - [05/Apr/2018:12:04:34 -0300] "GET /cormun/servlet/solicitudot?f4eebd66dc71effe686caed39329828911a2072ba381dbacddfd61302a14b23f636a2b5ee2d041f4afdcd58e0b3085592b598d368a12da68bd17fa0dde86a86760156baafd89980fec9e641ff242d4e9d5d32da327a5bc5dbeef9a84699c90926514b790642289fdcd1400222f10b3d6,gx-no-cache=1522940622878 HTTP/1.1" 200 29
201.214.54.200 - - [05/Apr/2018:12:04:34 -0300] "POST /cormun/servlet/solicitudot?gx-no-cache=1522940623006 HTTP/1.1" 200 1350
201.214.54.200 - - [05/Apr/2018:12:04:34 -0300] "POST /cormun/servlet/solicitudot?gx-no-cache=1522940623091 HTTP/1.1" 200 1248
201.214.54.200 - - [05/Apr/2018:12:04:34 -0300] "GET /cormun/servlet/solicitudot?f4eebd66dc71effe686caed3932982897252a385871b71f502ea30ecc8d3600d,gx-no-cache=1522940623177 HTTP/1.1" 200 30
201.214.54.200 - - [05/Apr/2018:12:04:34 -0300] "POST /cormun/servlet/solicitudot?gx-no-cache=1522940623237 HTTP/1.1" 200 30
186.79.233.153 - - [05/Apr/2018:12:05:19 -0300] "GET /cormun/servlet/hlogin HTTP/1.1" 200 1738
186.79.209.55 - - [05/Apr/2018:12:05:32 -0300] "POST /cormun/servlet/solicitudot?29b80dfb7328d45fdc69eae7d675c13b,INS,0,0,,gx-no-cache=1522940679500 HTTP/1.1" 200 11974
186.79.209.55 - - [05/Apr/2018:12:05:35 -0300] "GET /cormun/servlet/prbanco?,MD,,gxPopupLevel%3D0%3B HTTP/1.1" 200 6662
200.111.191.210 - - [05/Apr/2018:12:05:52 -0300] "GET /cormun/servlet/trlicencias? HTTP/1.1" 200 6112
200.111.191.210 - - [05/Apr/2018:12:05:52 -0300] "GET /cormun/servlet/hlogin HTTP/1.1" 200 1734
200.111.191.210 - - [05/Apr/2018:12:05:52 -0300] "GET /cormun/servlet/trlicencias? HTTP/1.1" 200 6107
93.158.161.6 - - [05/Apr/2018:12:05:53 -0300] "GET /docs/web-socket-howto.html HTTP/1.1" 200 18543
186.103.157.98 - - [05/Apr/2018:12:05:53 -0300] "GET /cormun/servlet/hlogin HTTP/1.1" 200 1728
186.103.157.98 - - [05/Apr/2018:12:05:56 -0300] "POST /cormun/servlet/hlogin?2de3b598e7f38e7fc7f26bb9c94ab33f,gx-no-cache=1522940704569 HTTP/1.1" 200 90
186.103.157.98 - - [05/Apr/2018:12:05:56 -0300] "GET /cormun/servlet/hpexe_link HTTP/1.1" 200 968
186.103.157.98 - - [05/Apr/2018:12:05:56 -0300] "GET /cormun/servlet/prfichaempleado?,MD, HTTP/1.1" 200 9423
200.111.191.210 - - [05/Apr/2018:12:05:57 -0300] "POST /cormun/servlet/hlogin?24cab1762bd5140e8fc6c480319d7f4a,gx-no-cache=1522940722664 HTTP/1.1" 200 90
200.111.191.210 - - [05/Apr/2018:12:05:57 -0300] "GET /cormun/servlet/hpexe_link HTTP/1.1" 200 950
200.111.191.210 - - [05/Apr/2018:12:05:57 -0300] "GET /cormun/servlet/hhome HTTP/1.1" 200 3956
200.111.191.210 - - [05/Apr/2018:12:05:58 -0300] "GET /cormun/servlet/hhome HTTP/1.1" 200 3953
200.111.191.210 - - [05/Apr/2018:12:05:59 -0300] "GET /cormun/servlet/trlicencias? HTTP/1.1" 200 10742
200.111.191.210 - - [05/Apr/2018:12:06:00 -0300] "GET /cormun/servlet/trlicencias? HTTP/1.1" 200 10740
186.103.157.98 - - [05/Apr/2018:12:06:00 -0300] "GET /cormun/servlet/hlogin HTTP/1.1" 200 1747
201.214.54.200 - - [05/Apr/2018:12:06:08 -0300] "GET /cormun/servlet/solicitudot?f4eebd66dc71effe686caed3932982893e6b62b3a9a25f0d2f703b0541f51a85,gx-no-cache=1522940716510 HTTP/1.1" 200 43
200.111.191.210 - - [05/Apr/2018:12:06:09 -0300] "GET /cormun/servlet/licenciaspermisos?INS,0,,, HTTP/1.1" 200 7486
200.111.191.210 - - [05/Apr/2018:12:06:10 -0300] "GET /cormun/static/gxcfg.js?201762917281167 HTTP/1.1" 200 953
200.111.191.210 - - [05/Apr/2018:12:06:10 -0300] "GET /cormun/servlet/licenciaspermisos?INS,0,,, HTTP/1.1" 200 7484
192.168.10.89 - - [05/Apr/2018:12:06:12 -0300] "POST /cormun/servlet/hlogin?c5e6001f7e4757b1906a95373edd02c6,gx-no-cache=1522940600297 HTTP/1.1" 200 90
192.168.10.89 - - [05/Apr/2018:12:06:12 -0300] "GET /cormun/servlet/hpexe_link HTTP/1.1" 200 955
201.214.54.200 - - [05/Apr/2018:12:06:12 -0300] "GET /cormun/servlet/prbanco?,MD,,gxPopupLevel%3D0%3B HTTP/1.1" 200 6662
192.168.10.89 - - [05/Apr/2018:12:06:13 -0300] "GET /cormun/servlet/trsolicitudgral HTTP/1.1" 200 10845
200.111.191.210 - - [05/Apr/2018:12:06:14 -0300] "GET /cormun/servlet/licenciaspermisos?7532ade288f251bc280281cb5b175b626eada341e6fd2cc8dcd945b5018338e8b7e139cb3a94c10525872b2a5bf5c769,gx-no-cache=1522940739535 HTTP/1.1" 200 105
200.111.191.210 - - [05/Apr/2018:12:06:14 -0300] "POST /cormun/servlet/licenciaspermisos?24cab1762bd5140e8fc6c480319d7f4a,INS,0,,,,gx-no-cache=1522940739562 HTTP/1.1" 200 4675
192.168.10.89 - - [05/Apr/2018:12:06:22 -0300] "POST /cormun/servlet/trsolicitudgral?c5e6001f7e4757b1906a95373edd02c6,gx-no-cache=1522940609922 HTTP/1.1" 200 7260
201.214.54.200 - - [05/Apr/2018:12:06:37 -0300] "GET /cormun/servlet/solicitudot?f4eebd66dc71effe686caed393298289795c940e79475fdcb8053fb4021e2be371f8ef0719dc037d9a9032a8d50e3d94,gx-no-cache=1522940745772 HTTP/1.1" 200 51
201.214.54.200 - - [05/Apr/2018:12:06:37 -0300] "POST /cormun/servlet/solicitudot?gx-no-cache=1522940745909 HTTP/1.1" 200 238
201.214.54.200 - - [05/Apr/2018:12:06:37 -0300] "GET /cormun/servlet/solicitudot?f4eebd66dc71effe686caed393298289409fda0e353a9f743114b28c5f0e19ef5eacb5ef0e1bc172ec0bc2abf93eb56cc93cc3543965a2a8f1dbe2a5f7720b48e554d7071f523452d07e566f3f11cbdbc1d50553db3bad2e7e5621fad31e7a6327a9c592556414c05dda957f3cdf927911c5466ff8088f9b48af5896de11a8192e2910958e67e4c11f90489324c1121f646ad7e02f723e488fcf682dbcee8ce49694f98e5e5612c357aa0eaaddb61f9c6c2574d9bfef4ca6e09b9f2435f79a6fb2cabb80733cb6a06b813965a546134faadf424dee89fdcdce22f73bd2ce06924317424a6ddf6058706968c5e88b73ff405825731b72fb6d65db054670712c9ed6bb4e0f015a2a8da25f251d622151fd3c0ea1cb63492feebe2af945077c781528d373ebe7be0f3195f3bf4fc0e65221a6411d3c4e9ce40a474ae94a2ddc2dfadad8addfedfdc23037503c17298b37fade8db5a453426545190b354d54533d100a823110e8c6b158532ad5613e8ff48ee3266beb9a6216014841aae536e4f2d2,gx-no-cache=1522940746014 HTTP/1.1" 200 30
201.214.54.200 - - [05/Apr/2018:12:06:37 -0300] "POST /cormun/servlet/solicitudot?gx-no-cache=1522940746061 HTTP/1.1" 200 30
201.214.54.200 - - [05/Apr/2018:12:06:37 -0300] "POST /cormun/servlet/solicitudot?gx-no-cache=1522940746142 HTTP/1.1" 200 1368
201.214.54.200 - - [05/Apr/2018:12:06:38 -0300] "POST /cormun/servlet/solicitudot?gx-no-cache=1522940746317 HTTP/1.1" 200 41
201.214.54.200 - - [05/Apr/2018:12:06:38 -0300] "POST /cormun/servlet/solicitudot?gx-no-cache=1522940746404 HTTP/1.1" 200 1350
201.214.54.200 - - [05/Apr/2018:12:06:38 -0300] "POST /cormun/servlet/solicitudot?gx-no-cache=1522940746511 HTTP/1.1" 200 1248
201.214.54.200 - - [05/Apr/2018:12:06:38 -0300] "GET /cormun/servlet/solicitudot?f4eebd66dc71effe686caed3932982897252a385871b71f502ea30ecc8d3600d,gx-no-cache=1522940746616 HTTP/1.1" 200 30
201.214.54.200 - - [05/Apr/2018:12:06:38 -0300] "POST /cormun/servlet/solicitudot?gx-no-cache=1522940746686 HTTP/1.1" 200 30
201.214.54.200 - - [05/Apr/2018:12:06:38 -0300] "POST /cormun/servlet/solicitudot?29b80dfb7328d45fdc69eae7d675c13b,INS,0,0,,gx-no-cache=1522940746757 HTTP/1.1" 200 12384
201.214.54.200 - - [05/Apr/2018:12:06:42 -0300] "GET /cormun/static/menuarrow.gif HTTP/1.1" 404 1015
201.214.54.200 - - [05/Apr/2018:12:07:00 -0300] "GET /cormun/servlet/solicitudot?f4eebd66dc71effe686caed3932982896e54baa35f6e693f5182b5414d1b78cfc48caee65a7608af65f1b94e8184bdd0,gx-no-cache=1522940768379 HTTP/1.1" 200 134
201.214.54.200 - - [05/Apr/2018:12:07:00 -0300] "POST /cormun/servlet/solicitudot?29b80dfb7328d45fdc69eae7d675c13b,INS,0,0,,gx-no-cache=1522940768503 HTTP/1.1" 200 12207
200.111.191.210 - - [05/Apr/2018:12:07:09 -0300] "GET /cormun/servlet/licenciaspermisos?7532ade288f251bc280281cb5b175b62cdc47d5b3e9f7c5efac8df2e28ce9671d5920f514f41eb7ce7d34e500a8a587f1644a9b6dbb3d0bd57c5b801862dcec62613ad51b1c435b6388a03ce45d0a9c2f3c7b42808bcc8d09918355197e4b1f42e378dc9f6da31fca323c3590aacdd3b6d5f1a802eebc75d93c6303ca7402ffc5d3886e9882520394d817c4935bcee2434deea33e0c812234d9caf1e7166dfe01b99ecb8627d5c0b880c9d2263de8af0,gx-no-cache=1522940794273 HTTP/1.1" 200 30
200.111.191.210 - - [05/Apr/2018:12:07:09 -0300] "GET /cormun/servlet/licenciaspermisos?7532ade288f251bc280281cb5b175b62c1053b4f208662bef39973e927ada7dfd29987805a3b3ada1b9ff3b40f918c831e3a9174e983eadd88ea961f4d27b20f5654ee8f12727b90ada9f765693f779bd52621000c57eeeb63b7101cd782d78781d432773423716732cd01e9c590f4a39e233ad8d7351f1c2738605ef1248b3ab30dd34242dc35e85026fd735227d76879c74dd7a8c2f104ebf3899ccb553f61ca973a535fda50362cf15e74115c1590,gx-no-cache=1522940794295 HTTP/1.1" 200 29
200.111.191.210 - - [05/Apr/2018:12:07:09 -0300] "POST /cormun/servlet/licenciaspermisos?24cab1762bd5140e8fc6c480319d7f4a,INS,0,,,,gx-no-cache=1522940794310 HTTP/1.1" 200 93
200.111.191.210 - - [05/Apr/2018:12:07:09 -0300] "GET /cormun/servlet/hpexe_return? HTTP/1.1" 200 1012
200.111.191.210 - - [05/Apr/2018:12:07:09 -0300] "GET /cormun/servlet/trlicencias HTTP/1.1" 200 11222
200.111.191.210 - - [05/Apr/2018:12:07:10 -0300] "GET /cormun/servlet/trlicencias HTTP/1.1" 200 11217
200.111.191.210 - - [05/Apr/2018:12:07:11 -0300] "GET /cormun/servlet/alicenciaprn?8265182,L,20180405000000,PU HTTP/1.1" 200 1528
201.214.54.200 - - [05/Apr/2018:12:07:22 -0300] "GET /cormun/servlet/solicitudot?f4eebd66dc71effe686caed393298289b7d5446c83fffee171eae7489427aa4147581db538c766416cf898592b061ee6,gx-no-cache=1522940790781 HTTP/1.1" 200 30
201.214.54.200 - - [05/Apr/2018:12:07:22 -0300] "POST /cormun/servlet/solicitudot?gx-no-cache=1522940790882 HTTP/1.1" 200 34
201.214.54.200 - - [05/Apr/2018:12:07:23 -0300] "POST /cormun/servlet/solicitudot?29b80dfb7328d45fdc69eae7d675c13b,INS,0,0,,gx-no-cache=1522940790971 HTTP/1.1" 200 93
201.214.54.200 - - [05/Apr/2018:12:07:23 -0300] "GET /cormun/servlet/hpexe_return? HTTP/1.1" 200 1001
201.214.54.200 - - [05/Apr/2018:12:07:23 -0300] "GET /cormun/servlet/trsolicitudot HTTP/1.1" 200 7436
201.214.54.200 - - [05/Apr/2018:12:07:25 -0300] "GET /cormun/servlet/trsolicitudot HTTP/1.1" 200 7433
201.214.54.200 - - [05/Apr/2018:12:07:37 -0300] "GET /cormun/servlet/trautorizarsolicitud? HTTP/1.1" 200 8687
201.214.54.200 - - [05/Apr/2018:12:07:37 -0300] "GET /cormun/static/gxcfg.js?2017111423403364 HTTP/1.1" 200 953
201.214.54.200 - - [05/Apr/2018:12:07:39 -0300] "GET /cormun/servlet/trautorizarsolicitud? HTTP/1.1" 200 8686
201.214.54.200 - - [05/Apr/2018:12:07:41 -0300] "GET /cormun/servlet/veautorizarsolicitud?2018,11020,, HTTP/1.1" 200 8583
201.214.54.200 - - [05/Apr/2018:12:07:42 -0300] "GET /cormun/static/gxcfg.js?2017111423404691 HTTP/1.1" 200 953
201.214.54.200 - - [05/Apr/2018:12:07:42 -0300] "GET /cormun/pexe_scrolldiv.js HTTP/1.1" 404 1009
201.214.54.200 - - [05/Apr/2018:12:07:42 -0300] "GET /cormun/static/veautorizarsolicitud.js?2017111423404756 HTTP/1.1" 200 6140
201.214.54.200 - - [05/Apr/2018:12:07:42 -0300] "GET /cormun/static/tbautorizarsolicitud01.js?2017111423392092 HTTP/1.1" 200 30580
201.214.54.200 - - [05/Apr/2018:12:07:42 -0300] "GET /cormun/pexe_scrolldiv.js HTTP/1.1" 404 1009
201.214.54.200 - - [05/Apr/2018:12:07:43 -0300] "GET /cormun/servlet/veautorizarsolicitud?2018,11020,, HTTP/1.1" 200 8582
201.214.54.200 - - [05/Apr/2018:12:08:01 -0300] "POST /cormun/servlet/veautorizarsolicitud?29b80dfb7328d45fdc69eae7d675c13b,2018,11020,,,gx-no-cache=1522940829741 HTTP/1.1" 200 90
201.214.54.200 - - [05/Apr/2018:12:08:01 -0300] "GET /cormun/servlet/hpexe_link HTTP/1.1" 200 965
201.214.54.200 - - [05/Apr/2018:12:08:02 -0300] "GET /cormun/servlet/trautorizarsolicitud HTTP/1.1" 200 8687
201.214.54.200 - - [05/Apr/2018:12:08:03 -0300] "GET /cormun/servlet/trautorizarsolicitud HTTP/1.1" 200 8687
201.214.54.200 - - [05/Apr/2018:12:08:07 -0300] "GET /cormun/servlet/trsolicitudot? HTTP/1.1" 200 7433
201.214.54.200 - - [05/Apr/2018:12:08:08 -0300] "GET /cormun/servlet/trsolicitudot? HTTP/1.1" 200 7433
201.214.54.200 - - [05/Apr/2018:12:08:11 -0300] "GET /cormun/servlet/solicitudot?INS,0,0, HTTP/1.1" 200 13658
201.214.54.200 - - [05/Apr/2018:12:08:12 -0300] "GET /cormun/servlet/solicitudot?INS,0,0, HTTP/1.1" 200 13663
201.214.54.200 - - [05/Apr/2018:12:08:21 -0300] "POST /cormun/servlet/solicitudot?gx-no-cache=1522940850038 HTTP/1.1" 200 3391
201.214.54.200 - - [05/Apr/2018:12:08:22 -0300] "POST /cormun/servlet/solicitudot?29b80dfb7328d45fdc69eae7d675c13b,INS,0,0,,gx-no-cache=1522940850474 HTTP/1.1" 200 10513
186.103.157.42 - - [05/Apr/2018:12:08:24 -0300] "GET /cormun/servlet/trpermisosgoce? HTTP/1.1" 200 8976
186.103.157.42 - - [05/Apr/2018:12:08:25 -0300] "GET /cormun/servlet/trpermisosgoce? HTTP/1.1" 200 8975
201.214.54.200 - - [05/Apr/2018:12:08:26 -0300] "GET /cormun/servlet/prbanco?,MD,,gxPopupLevel%3D0%3B HTTP/1.1" 200 6662
201.214.54.200 - - [05/Apr/2018:12:08:31 -0300] "GET /cormun/servlet/solicitudot?f4eebd66dc71effe686caed393298289367a79be8132e3d083d8d95963ff582caf7d86ced5326d44a8c8e290a52e27cb,gx-no-cache=1522940859445 HTTP/1.1" 200 30
201.214.54.200 - - [05/Apr/2018:12:08:31 -0300] "GET /cormun/servlet/solicitudot?f4eebd66dc71effe686caed393298289b3de70f5e615ac9605363a0102030f54639187cf8e237a9ecaaf8f3666f9ba81d49be8d759f5de80a310c486b6a73607,gx-no-cache=1522940859552 HTTP/1.1" 200 30
201.214.54.200 - - [05/Apr/2018:12:08:32 -0300] "GET /cormun/servlet/solicitudot?f4eebd66dc71effe686caed393298289d39a083104995bdb2d8f86e56ec9bc72,gx-no-cache=1522940860849 HTTP/1.1" 200 51
186.79.233.153 - - [05/Apr/2018:12:08:35 -0300] "GET /cormun/servlet/trfichaempleado? HTTP/1.1" 200 10390
186.79.233.153 - - [05/Apr/2018:12:08:35 -0300] "GET /cormun/servlet/trfichaempleado? HTTP/1.1" 200 10390
201.214.54.200 - - [05/Apr/2018:12:08:36 -0300] "POST /cormun/servlet/solicitudot?gx-no-cache=1522940864343 HTTP/1.1" 200 240
201.214.54.200 - - [05/Apr/2018:12:08:36 -0300] "GET /cormun/servlet/solicitudot?f4eebd66dc71effe686caed393298289409fda0e353a9f743114b28c5f0e19ef5eacb5ef0e1bc172ec0bc2abf93eb56cc93cc3543965a2a8f1dbe2a5f7720b48e554d7071f523452d07e566f3f11cbdbc1d50553db3bad2e7e5621fad31e7a6327a9c592556414c05dda957f3cdf927911c5466ff8088f9b48af5896de11a8192e2910958e67e4c11f90489324c1121f646ad7e02f723e488fcf682dbcee8ce49694f98e5e5612c357aa0eaaddb61f9c6c2574d9bfef4ca6e09b9f2435f79a6fb2cabb80733cb6a06b813965a546134faadf424dee89fdcdce22f73bd2ce06924317424a6ddf6058706968c5e88b73ff405825731b72fb6d65db054670712c9ed6bb4e0f015a2a8da25f251d622151fd3c0ea1cb63492feebe2af945077c781528d373ebe7be0f3195f3bf4fc0e65221a6411d3c4e9ce40a474ae94a2ddc2dfadad8addfedfdc23037503c17298b37fade8db5a453426545190b354d54533d100a823110e8c6b158532ad5613e8ff48e8d1d98dc8a15261ee1daa20b03f5e405,gx-no-cache=1522940864948 HTTP/1.1" 200 30
201.214.54.200 - - [05/Apr/2018:12:08:45 -0300] "POST /cormun/servlet/solicitudot?gx-no-cache=1522940873521 HTTP/1.1" 200 30
201.214.54.200 - - [05/Apr/2018:12:08:45 -0300] "POST /cormun/servlet/solicitudot?gx-no-cache=1522940873615 HTTP/1.1" 200 1369
201.214.54.200 - - [05/Apr/2018:12:08:45 -0300] "POST /cormun/servlet/solicitudot?gx-no-cache=1522940873758 HTTP/1.1" 200 38
201.214.54.200 - - [05/Apr/2018:12:08:55 -0300] "POST /cormun/servlet/solicitudot?gx-no-cache=1522940883620 HTTP/1.1" 200 30
201.214.54.200 - - [05/Apr/2018:12:09:14 -0300] "GET /cormun/servlet/prlicenciaspermisos?7755097,L,,MD,,gxPopupLevel%3D0%3B HTTP/1.1" 200 7818
186.103.157.42 - - [05/Apr/2018:12:09:14 -0300] "GET /cormun/servlet/trsolicitudot? HTTP/1.1" 200 7482
186.103.157.42 - - [05/Apr/2018:12:09:15 -0300] "GET /cormun/static/trsolicitudot.js?201711142259839 HTTP/1.1" 304 -
186.103.157.42 - - [05/Apr/2018:12:09:15 -0300] "GET /cormun/servlet/trsolicitudot? HTTP/1.1" 200 7481
201.214.54.200 - - [05/Apr/2018:12:09:20 -0300] "POST /cormun/servlet/solicitudot?gx-no-cache=1522940909134 HTTP/1.1" 200 1368
201.214.54.200 - - [05/Apr/2018:12:09:24 -0300] "POST /cormun/servlet/solicitudot?gx-no-cache=1522940912786 HTTP/1.1" 200 41
186.103.157.42 - - [05/Apr/2018:12:09:24 -0300] "GET /cormun/static/menuarrow.gif HTTP/1.1" 404 1015
186.103.157.42 - - [05/Apr/2018:12:09:31 -0300] "POST /cormun/servlet/trsolicitudot?d32a40f95bc151f9a0762b8a52757573,,gx-no-cache=1522940920048 HTTP/1.1" 200 18454
201.214.54.200 - - [05/Apr/2018:12:09:43 -0300] "GET /cormun/servlet/solicitudot?f4eebd66dc71effe686caed39329828911a2072ba381dbacddfd61302a14b23f636a2b5ee2d041f4afdcd58e0b3085592b598d368a12da68bd17fa0dde86a86760156baafd89980fec9e641ff242d4e9d5d32da327a5bc5dbeef9a84699c90926514b790642289fdcd1400222f10b3d6,gx-no-cache=1522940931433 HTTP/1.1" 200 29
201.214.54.200 - - [05/Apr/2018:12:09:43 -0300] "POST /cormun/servlet/solicitudot?gx-no-cache=1522940931531 HTTP/1.1" 200 1350
201.214.54.200 - - [05/Apr/2018:12:09:43 -0300] "POST /cormun/servlet/solicitudot?gx-no-cache=1522940931621 HTTP/1.1" 200 1248
201.214.54.200 - - [05/Apr/2018:12:09:43 -0300] "GET /cormun/static/menuarrow.gif HTTP/1.1" 404 1015
201.214.54.200 - - [05/Apr/2018:12:09:45 -0300] "POST /cormun/servlet/solicitudot?gx-no-cache=1522940933275 HTTP/1.1" 200 1350
201.214.54.200 - - [05/Apr/2018:12:09:45 -0300] "POST /cormun/servlet/solicitudot?gx-no-cache=1522940933367 HTTP/1.1" 200 1248
201.214.54.200 - - [05/Apr/2018:12:09:46 -0300] "GET /cormun/servlet/solicitudot?f4eebd66dc71effe686caed393298289b7d5446c83fffee171eae7489427aa4147581db538c766416cf898592b061ee6,gx-no-cache=1522940934721 HTTP/1.1" 200 30
201.214.54.200 - - [05/Apr/2018:12:09:46 -0300] "POST /cormun/servlet/solicitudot?gx-no-cache=1522940934804 HTTP/1.1" 200 34
186.103.157.42 - - [05/Apr/2018:12:09:58 -0300] "GET /cormun/servlet/treventos?2018,10948, HTTP/1.1" 200 8802
186.103.157.42 - - [05/Apr/2018:12:09:58 -0300] "GET /cormun/static/gxcfg.js?2016101716195975 HTTP/1.1" 200 953
186.103.157.42 - - [05/Apr/2018:12:09:58 -0300] "GET /cormun/static/treventos.js?201610171620222 HTTP/1.1" 200 16064
186.103.157.42 - - [05/Apr/2018:12:09:59 -0300] "GET /cormun/servlet/treventos?2018,10948, HTTP/1.1" 200 8811
186.103.157.42 - - [05/Apr/2018:12:10:07 -0300] "GET /cormun/servlet/trsolicitudot? HTTP/1.1" 200 21292
186.103.157.42 - - [05/Apr/2018:12:10:09 -0300] "GET /cormun/servlet/trsolicitudot? HTTP/1.1" 200 21292
186.103.159.189 - - [05/Apr/2018:12:10:19 -0300] "GET /cormun/servlet/permisogoce?a9c886990199bf9bcf45f1cb4f8d5aebf3496dafae035b410bd802b764fbb3283f38419697afbd10acc1261bae8991bb2496b1f514e921dd7babf65f829bc5ef,gx-no-cache=1522940966179 HTTP/1.1" 200 47
186.103.159.189 - - [05/Apr/2018:12:10:24 -0300] "POST /cormun/servlet/permisogoce?3794215656cf6e0fd93009be36ad1062,INS,0,,,,gx-no-cache=1522940971479 HTTP/1.1" 200 93
186.103.159.189 - - [05/Apr/2018:12:10:24 -0300] "GET /cormun/servlet/hpexe_return? HTTP/1.1" 200 1011
186.103.159.189 - - [05/Apr/2018:12:10:25 -0300] "GET /cormun/servlet/trpermisosgoce HTTP/1.1" 200 11230
186.103.159.189 - - [05/Apr/2018:12:10:26 -0300] "GET /cormun/servlet/trpermisosgoce HTTP/1.1" 200 11226
186.103.159.189 - - [05/Apr/2018:12:10:29 -0300] "GET /cormun/servlet/apermisogoceprn?7778577,P,20180405115917,PU HTTP/1.1" 200 1647
186.79.209.55 - - [05/Apr/2018:12:10:29 -0300] "POST /cormun/servlet/solicitudot?29b80dfb7328d45fdc69eae7d675c13b,INS,0,0,,gx-no-cache=1522940976446 HTTP/1.1" 200 93
186.79.209.55 - - [05/Apr/2018:12:10:29 -0300] "GET /cormun/servlet/hpexe_return? HTTP/1.1" 200 1001
186.79.209.55 - - [05/Apr/2018:12:10:30 -0300] "GET /cormun/servlet/trsolicitudot HTTP/1.1" 200 7436
186.79.209.55 - - [05/Apr/2018:12:10:31 -0300] "GET /cormun/servlet/trsolicitudot HTTP/1.1" 200 7433
186.79.209.55 - - [05/Apr/2018:12:10:39 -0300] "GET /cormun/static/menuarrow.gif HTTP/1.1" 404 1015
186.79.209.55 - - [05/Apr/2018:12:10:48 -0300] "GET /cormun/servlet/solicitudot?INS,0,0, HTTP/1.1" 200 13657
186.79.209.55 - - [05/Apr/2018:12:10:49 -0300] "GET /cormun/servlet/solicitudot?INS,0,0, HTTP/1.1" 200 13662
186.79.209.55 - - [05/Apr/2018:12:10:52 -0300] "GET /cormun/servlet/trsolicitudot? HTTP/1.1" 200 7434
186.79.209.55 - - [05/Apr/2018:12:10:54 -0300] "GET /cormun/servlet/trsolicitudot? HTTP/1.1" 200 7433
186.79.209.55 - - [05/Apr/2018:12:10:57 -0300] "POST /cormun/servlet/trsolicitudot?29b80dfb7328d45fdc69eae7d675c13b,,gx-no-cache=1522941005163 HTTP/1.1" 200 4468
186.79.209.55 - - [05/Apr/2018:12:11:03 -0300] "GET /cormun/static/menuarrow.gif HTTP/1.1" 404 1015
186.79.209.55 - - [05/Apr/2018:12:11:14 -0300] "POST /cormun/servlet/trsolicitudot?29b80dfb7328d45fdc69eae7d675c13b,,gx-no-cache=1522941022632 HTTP/1.1" 200 5811
186.79.209.55 - - [05/Apr/2018:12:11:27 -0300] "GET /cormun/servlet/trautorizarsolicitud? HTTP/1.1" 200 8687
186.79.209.55 - - [05/Apr/2018:12:11:29 -0300] "GET /cormun/servlet/trautorizarsolicitud? HTTP/1.1" 200 8686
186.79.209.55 - - [05/Apr/2018:12:11:36 -0300] "GET /cormun/servlet/trsolicitudot? HTTP/1.1" 200 8788
186.103.157.42 - - [05/Apr/2018:12:11:36 -0300] "GET /cormun/servlet/treventos?2018,10948, HTTP/1.1" 200 8802
186.79.209.55 - - [05/Apr/2018:12:11:37 -0300] "GET /cormun/servlet/trsolicitudot? HTTP/1.1" 200 8787
186.103.157.42 - - [05/Apr/2018:12:11:37 -0300] "GET /cormun/servlet/treventos?2018,10948, HTTP/1.1" 200 8811
186.79.209.55 - - [05/Apr/2018:12:11:43 -0300] "POST /cormun/servlet/trsolicitudot?29b80dfb7328d45fdc69eae7d675c13b,,gx-no-cache=1522941050813 HTTP/1.1" 200 5795
186.103.157.42 - - [05/Apr/2018:12:11:45 -0300] "GET /cormun/servlet/trsolicitudot? HTTP/1.1" 200 21292
186.103.157.42 - - [05/Apr/2018:12:11:46 -0300] "GET /cormun/servlet/trsolicitudot? HTTP/1.1" 200 21292
186.79.209.55 - - [05/Apr/2018:12:11:49 -0300] "GET /cormun/servlet/solicitudot?INS,0,0, HTTP/1.1" 200 13656
186.103.157.42 - - [05/Apr/2018:12:11:49 -0300] "GET /cormun/servlet/vesolicitudot?2018,10964,, HTTP/1.1" 200 8657
186.103.157.42 - - [05/Apr/2018:12:11:49 -0300] "GET /cormun/static/gxcfg.js?2017111422591385 HTTP/1.1" 304 -
186.103.157.42 - - [05/Apr/2018:12:11:49 -0300] "GET /cormun/pexe_scrolldiv.js HTTP/1.1" 404 1009
186.103.157.42 - - [05/Apr/2018:12:11:49 -0300] "GET /cormun/pexe_scrolldiv.js HTTP/1.1" 404 1009
186.103.157.42 - - [05/Apr/2018:12:11:50 -0300] "GET /cormun/servlet/vesolicitudot?2018,10964,, HTTP/1.1" 200 8657
186.79.209.55 - - [05/Apr/2018:12:11:50 -0300] "GET /cormun/servlet/solicitudot?INS,0,0, HTTP/1.1" 200 13661
186.103.157.42 - - [05/Apr/2018:12:11:51 -0300] "GET /cormun/servlet/trsolicitudot? HTTP/1.1" 200 21292
186.103.157.42 - - [05/Apr/2018:12:11:52 -0300] "GET /cormun/servlet/trsolicitudot? HTTP/1.1" 200 21292
186.103.157.42 - - [05/Apr/2018:12:11:54 -0300] "GET /cormun/servlet/treventos?2018,10964, HTTP/1.1" 200 8172
186.103.157.42 - - [05/Apr/2018:12:11:55 -0300] "GET /cormun/servlet/treventos?2018,10964, HTTP/1.1" 200 8177
186.103.157.42 - - [05/Apr/2018:12:11:57 -0300] "GET /cormun/servlet/trsolicitudot? HTTP/1.1" 200 21292
186.103.157.42 - - [05/Apr/2018:12:11:58 -0300] "GET /cormun/servlet/trsolicitudot? HTTP/1.1" 200 21292
186.79.209.55 - - [05/Apr/2018:12:12:00 -0300] "POST /cormun/servlet/solicitudot?gx-no-cache=1522941067639 HTTP/1.1" 200 3391
186.103.157.42 - - [05/Apr/2018:12:12:00 -0300] "GET /cormun/servlet/treventos?2018,10963, HTTP/1.1" 200 8172
186.79.209.55 - - [05/Apr/2018:12:12:01 -0300] "POST /cormun/servlet/solicitudot?29b80dfb7328d45fdc69eae7d675c13b,INS,0,0,,gx-no-cache=1522941068456 HTTP/1.1" 200 10512
186.103.157.42 - - [05/Apr/2018:12:12:01 -0300] "GET /cormun/servlet/treventos?2018,10963, HTTP/1.1" 200 8177
186.79.209.55 - - [05/Apr/2018:12:12:03 -0300] "GET /cormun/servlet/prbanco?,MD,,gxPopupLevel%3D0%3B HTTP/1.1" 200 6662
186.103.157.42 - - [05/Apr/2018:12:12:03 -0300] "GET /cormun/servlet/trsolicitudot? HTTP/1.1" 200 21292
186.103.157.42 - - [05/Apr/2018:12:12:05 -0300] "GET /cormun/servlet/trsolicitudot? HTTP/1.1" 200 21292
186.79.233.153 - - [05/Apr/2018:12:12:05 -0300] "POST /cormun/servlet/hlogin?d209674b7c736360c9a9a8378c403941,gx-no-cache=1522941071790 HTTP/1.1" 200 456
186.79.209.55 - - [05/Apr/2018:12:12:06 -0300] "GET /cormun/servlet/solicitudot?f4eebd66dc71effe686caed393298289367a79be8132e3d083d8d95963ff582caf7d86ced5326d44a8c8e290a52e27cb,gx-no-cache=1522941075009 HTTP/1.1" 200 30
186.79.209.55 - - [05/Apr/2018:12:12:06 -0300] "GET /cormun/servlet/solicitudot?f4eebd66dc71effe686caed393298289b3de70f5e615ac9605363a0102030f54639187cf8e237a9ecaaf8f3666f9ba81d49be8d759f5de80a310c486b6a73607,gx-no-cache=1522941075196 HTTP/1.1" 200 30
186.79.209.55 - - [05/Apr/2018:12:12:08 -0300] "GET /cormun/servlet/solicitudot?f4eebd66dc71effe686caed393298289d39a083104995bdb2d8f86e56ec9bc72,gx-no-cache=1522941076737 HTTP/1.1" 200 51
186.79.209.55 - - [05/Apr/2018:12:12:13 -0300] "POST /cormun/servlet/solicitudot?gx-no-cache=1522941081639 HTTP/1.1" 200 240
186.79.209.55 - - [05/Apr/2018:12:12:13 -0300] "GET /cormun/servlet/solicitudot?f4eebd66dc71effe686caed393298289409fda0e353a9f743114b28c5f0e19ef5eacb5ef0e1bc172ec0bc2abf93eb56cc93cc3543965a2a8f1dbe2a5f7720b48e554d7071f523452d07e566f3f11cbdbc1d50553db3bad2e7e5621fad31e7a6327a9c592556414c05dda957f3cdf927911c5466ff8088f9b48af5896de11a8192e2910958e67e4c11f90489324c1121f646ad7e02f723e488fcf682dbcee8ce49694f98e5e5612c357aa0eaaddb61f9c6c2574d9bfef4ca6e09b9f2435f79a6fb2cabb80733cb6a06b813965a546134faadf424dee89fdcdce22f73bd2ce06924317424a6ddf6058706968c5e88b73ff405825731b72fb6d65db054670712c9ed6bb4e0f015a2a8da25f251d622151fd3c0ea1cb63492feebe2af945077c781528d373ebe7be0f3195f3bf4fc0e65221a6411d3c4e9ce40a474ae94a2ddc2dfadad8addfedfdc23037503c17298b37fade8db5a453426545190b354d54533d100a823110e8c6b158532ad5613e8ff48e8d1d98dc8a15261ee1daa20b03f5e405,gx-no-cache=1522941081872 HTTP/1.1" 200 30
186.79.209.55 - - [05/Apr/2018:12:12:24 -0300] "POST /cormun/servlet/solicitudot?gx-no-cache=1522941092669 HTTP/1.1" 200 30
186.79.233.153 - - [05/Apr/2018:12:12:28 -0300] "POST /cormun/servlet/hlogin?d209674b7c736360c9a9a8378c403941,gx-no-cache=1522941094204 HTTP/1.1" 200 90
186.79.233.153 - - [05/Apr/2018:12:12:28 -0300] "GET /cormun/servlet/hpexe_link HTTP/1.1" 200 958
186.79.233.153 - - [05/Apr/2018:12:12:28 -0300] "GET /cormun/servlet/trsolicitudot HTTP/1.1" 200 15249
186.79.233.153 - - [05/Apr/2018:12:12:29 -0300] "GET /cormun/servlet/trsolicitudot HTTP/1.1" 200 15248
186.79.209.55 - - [05/Apr/2018:12:12:34 -0300] "GET /cormun/servlet/prlicenciaspermisos?7755097,L,,MD,,gxPopupLevel%3D0%3B HTTP/1.1" 200 7818
186.79.209.55 - - [05/Apr/2018:12:12:39 -0300] "POST /cormun/servlet/solicitudot?gx-no-cache=1522941107639 HTTP/1.1" 200 1368
186.79.209.55 - - [05/Apr/2018:12:12:43 -0300] "POST /cormun/servlet/solicitudot?gx-no-cache=1522941111305 HTTP/1.1" 200 41
200.111.191.210 - - [05/Apr/2018:12:12:45 -0300] "GET /cormun/servlet/licenciaspermisos?INS,0,,, HTTP/1.1" 200 7486
200.111.191.210 - - [05/Apr/2018:12:12:46 -0300] "GET /cormun/servlet/licenciaspermisos?INS,0,,, HTTP/1.1" 200 7484
186.79.209.55 - - [05/Apr/2018:12:12:50 -0300] "GET /cormun/servlet/solicitudot?f4eebd66dc71effe686caed39329828911a2072ba381dbacddfd61302a14b23f636a2b5ee2d041f4afdcd58e0b3085592b598d368a12da68bd17fa0dde86a86760156baafd89980fec9e641ff242d4e9d5d32da327a5bc5dbeef9a84699c90926514b790642289fdcd1400222f10b3d6,gx-no-cache=1522941118947 HTTP/1.1" 200 29
186.79.209.55 - - [05/Apr/2018:12:12:51 -0300] "POST /cormun/servlet/solicitudot?gx-no-cache=1522941119175 HTTP/1.1" 200 1350
200.111.191.210 - - [05/Apr/2018:12:12:51 -0300] "GET /cormun/servlet/licenciaspermisos?7532ade288f251bc280281cb5b175b62bb2f217a7775fee84dbee884d122be3d6dd4cf0c38b7ed13263691ca6adaa4f2,gx-no-cache=1522941136112 HTTP/1.1" 200 94
200.111.191.210 - - [05/Apr/2018:12:12:51 -0300] "POST /cormun/servlet/licenciaspermisos?24cab1762bd5140e8fc6c480319d7f4a,INS,0,,,,gx-no-cache=1522941136139 HTTP/1.1" 200 4688
186.79.209.55 - - [05/Apr/2018:12:12:51 -0300] "POST /cormun/servlet/solicitudot?gx-no-cache=1522941119395 HTTP/1.1" 200 1248
186.79.209.55 - - [05/Apr/2018:12:12:58 -0300] "POST /cormun/servlet/solicitudot?gx-no-cache=1522941126486 HTTP/1.1" 200 1350
186.79.209.55 - - [05/Apr/2018:12:12:58 -0300] "POST /cormun/servlet/solicitudot?gx-no-cache=1522941126766 HTTP/1.1" 200 1248
186.79.209.55 - - [05/Apr/2018:12:12:58 -0300] "GET /cormun/static/menuarrow.gif HTTP/1.1" 404 1015
186.79.209.55 - - [05/Apr/2018:12:13:00 -0300] "POST /cormun/servlet/solicitudot?gx-no-cache=1522941128336 HTTP/1.1" 200 1350
186.79.209.55 - - [05/Apr/2018:12:13:00 -0300] "POST /cormun/servlet/solicitudot?gx-no-cache=1522941128627 HTTP/1.1" 200 1248
186.79.209.55 - - [05/Apr/2018:12:13:01 -0300] "GET /cormun/servlet/solicitudot?f4eebd66dc71effe686caed393298289b7d5446c83fffee171eae7489427aa4147581db538c766416cf898592b061ee6,gx-no-cache=1522941129640 HTTP/1.1" 200 30
186.79.209.55 - - [05/Apr/2018:12:13:01 -0300] "POST /cormun/servlet/solicitudot?gx-no-cache=1522941129840 HTTP/1.1" 200 34
186.79.233.153 - - [05/Apr/2018:12:13:14 -0300] "GET /cormun/servlet/vesolicitudot?2018,10699,, HTTP/1.1" 200 8559
186.79.233.153 - - [05/Apr/2018:12:13:14 -0300] "GET /cormun/static/gxcfg.js?2017111422591385 HTTP/1.1" 304 -
186.79.233.153 - - [05/Apr/2018:12:13:14 -0300] "GET /cormun/pexe_scrolldiv.js HTTP/1.1" 404 1009
186.79.233.153 - - [05/Apr/2018:12:13:15 -0300] "GET /cormun/servlet/vesolicitudot?2018,10699,, HTTP/1.1" 200 8558
186.79.233.153 - - [05/Apr/2018:12:13:22 -0300] "GET /cormun/servlet/trsolicitudot HTTP/1.1" 200 15249
186.79.233.153 - - [05/Apr/2018:12:13:22 -0300] "GET /cormun/servlet/trsolicitudot HTTP/1.1" 200 15248
186.79.209.55 - - [05/Apr/2018:12:13:41 -0300] "POST /cormun/servlet/solicitudot?29b80dfb7328d45fdc69eae7d675c13b,INS,0,0,,gx-no-cache=1522941168238 HTTP/1.1" 200 93
186.79.209.55 - - [05/Apr/2018:12:13:41 -0300] "GET /cormun/servlet/hpexe_return? HTTP/1.1" 200 1001
186.79.209.55 - - [05/Apr/2018:12:13:41 -0300] "GET /cormun/servlet/trsolicitudot? HTTP/1.1" 200 8791
186.79.209.55 - - [05/Apr/2018:12:13:43 -0300] "GET /cormun/servlet/trsolicitudot? HTTP/1.1" 200 8787
186.79.209.55 - - [05/Apr/2018:12:13:54 -0300] "GET /cormun/servlet/hlogin HTTP/1.1" 200 1732
200.111.191.210 - - [05/Apr/2018:12:14:01 -0300] "GET /cormun/servlet/licenciaspermisos?7532ade288f251bc280281cb5b175b62cdc47d5b3e9f7c5efac8df2e28ce9671d5920f514f41eb7ce7d34e500a8a587f1644a9b6dbb3d0bd57c5b801862dcec62613ad51b1c435b6388a03ce45d0a9c2f3c7b42808bcc8d09918355197e4b1f446cd49421846498ac4994bb4610a97416d5f1a802eebc75d93c6303ca7402ffc68fc9fa2dc5bfeb489a16904bf1c6c4d8e1640ee1006e0f50e7e66a81b0bdb46993e1bd2de956616ee70ffbdfa02b3469f44de30b910a1883bc412ada7e0c0acee96b845a9ad3fe35ae4ec27185f16fe98c3c531ff741d1e0622caac6deb3282,gx-no-cache=1522941206293 HTTP/1.1" 200 30
200.111.191.210 - - [05/Apr/2018:12:14:01 -0300] "GET /cormun/servlet/licenciaspermisos?7532ade288f251bc280281cb5b175b62c1053b4f208662bef39973e927ada7dfd29987805a3b3ada1b9ff3b40f918c831e3a9174e983eadd88ea961f4d27b20f5654ee8f12727b90ada9f765693f779bd52621000c57eeeb63b7101cd782d78732dcd1a2901189726af76326cd38411f9e233ad8d7351f1c2738605ef1248b3aa44c67c70d39b1fe0c17721ee85ace87412863bece1b120ea31d11d75683f336be877a69c0554acb2cf5e1493934a8beba1290b1e3545cb1a8d39f13834288c8b0905a182ace6aeed32c389f37c04dd54763b0d9e0a7acacccc262b3ef468288,gx-no-cache=1522941206310 HTTP/1.1" 200 29
200.111.191.210 - - [05/Apr/2018:12:14:01 -0300] "POST /cormun/servlet/licenciaspermisos?24cab1762bd5140e8fc6c480319d7f4a,INS,0,,,,gx-no-cache=1522941206324 HTTP/1.1" 200 93
200.111.191.210 - - [05/Apr/2018:12:14:01 -0300] "GET /cormun/servlet/hpexe_return? HTTP/1.1" 200 1012
200.111.191.210 - - [05/Apr/2018:12:14:01 -0300] "GET /cormun/servlet/trlicencias HTTP/1.1" 200 11627
200.111.191.210 - - [05/Apr/2018:12:14:02 -0300] "GET /cormun/servlet/trlicencias HTTP/1.1" 200 11622
200.111.191.210 - - [05/Apr/2018:12:14:04 -0300] "GET /cormun/servlet/alicenciaprn?17613380,L,20180405000000,PU HTTP/1.1" 200 1555
201.214.54.200 - - [05/Apr/2018:12:17:01 -0300] "GET /cormun/servlet/hlogin HTTP/1.1" 200 1715
186.79.209.55 - - [05/Apr/2018:12:17:33 -0300] "POST /cormun/servlet/hlogin?90fb9fdf56e86f9d1c9e429fb869e7bc,gx-no-cache=1522941401077 HTTP/1.1" 200 90
186.79.209.55 - - [05/Apr/2018:12:17:33 -0300] "GET /cormun/servlet/hpexe_link HTTP/1.1" 200 948
186.79.209.55 - - [05/Apr/2018:12:17:33 -0300] "GET /cormun/servlet/hhome HTTP/1.1" 200 4224
186.79.209.55 - - [05/Apr/2018:12:17:35 -0300] "GET /cormun/servlet/hhome HTTP/1.1" 200 4220
186.79.209.55 - - [05/Apr/2018:12:17:38 -0300] "GET /cormun/servlet/trsolicitudot? HTTP/1.1" 200 9403
186.79.209.55 - - [05/Apr/2018:12:17:39 -0300] "GET /cormun/servlet/trsolicitudot? HTTP/1.1" 200 9401
186.79.209.55 - - [05/Apr/2018:12:17:54 -0300] "POST /cormun/servlet/trsolicitudot?90fb9fdf56e86f9d1c9e429fb869e7bc,,gx-no-cache=1522941421534 HTTP/1.1" 200 6162
186.79.209.55 - - [05/Apr/2018:12:17:56 -0300] "POST /cormun/servlet/trsolicitudot?90fb9fdf56e86f9d1c9e429fb869e7bc,,gx-no-cache=1522941423726 HTTP/1.1" 200 6142
186.79.209.55 - - [05/Apr/2018:12:18:01 -0300] "POST /cormun/servlet/trsolicitudot?90fb9fdf56e86f9d1c9e429fb869e7bc,,gx-no-cache=1522941428724 HTTP/1.1" 200 5873
186.79.209.55 - - [05/Apr/2018:12:18:02 -0300] "POST /cormun/servlet/trsolicitudot?90fb9fdf56e86f9d1c9e429fb869e7bc,,gx-no-cache=1522941429583 HTTP/1.1" 200 5854
186.79.209.55 - - [05/Apr/2018:12:18:04 -0300] "GET /cormun/servlet/vesolicitudot?2018,11022,, HTTP/1.1" 200 8609
186.79.209.55 - - [05/Apr/2018:12:18:04 -0300] "GET /cormun/pexe_scrolldiv.js HTTP/1.1" 404 1009
186.79.209.55 - - [05/Apr/2018:12:18:05 -0300] "GET /cormun/servlet/vesolicitudot?2018,11022,, HTTP/1.1" 200 8608
201.214.54.200 - - [05/Apr/2018:12:19:12 -0300] "POST /cormun/servlet/vesolicitudot?90fb9fdf56e86f9d1c9e429fb869e7bc,2018,11022,,,gx-no-cache=1522941500330 HTTP/1.1" 200 90
201.214.54.200 - - [05/Apr/2018:12:19:12 -0300] "GET /cormun/servlet/hpexe_link HTTP/1.1" 200 964
201.214.54.200 - - [05/Apr/2018:12:19:12 -0300] "GET /cormun/servlet/trsolicitudot? HTTP/1.1" 200 8867
201.214.54.200 - - [05/Apr/2018:12:19:14 -0300] "GET /cormun/servlet/trsolicitudot? HTTP/1.1" 200 8866
201.214.54.200 - - [05/Apr/2018:12:19:17 -0300] "GET /cormun/servlet/trvisualizadoreventos? HTTP/1.1" 200 6990
201.214.54.200 - - [05/Apr/2018:12:19:18 -0300] "GET /cormun/static/gxcfg.js?20175251251426 HTTP/1.1" 200 953
201.214.54.200 - - [05/Apr/2018:12:19:18 -0300] "GET /cormun/static/trvisualizadoreventos.js?20175251251768 HTTP/1.1" 200 19318
201.214.54.200 - - [05/Apr/2018:12:19:18 -0300] "GET /cormun/static/Resources/PXToolsActionPrint.png HTTP/1.1" 200 3317
201.214.54.200 - - [05/Apr/2018:12:19:19 -0300] "GET /cormun/servlet/trvisualizadoreventos? HTTP/1.1" 200 6989
201.214.54.200 - - [05/Apr/2018:12:19:23 -0300] "GET /cormun/static/menuarrow.gif HTTP/1.1" 404 1015
201.214.54.200 - - [05/Apr/2018:12:19:36 -0300] "POST /cormun/servlet/trvisualizadoreventos?90fb9fdf56e86f9d1c9e429fb869e7bc,,gx-no-cache=1522941525065 HTTP/1.1" 200 4137
201.214.54.200 - - [05/Apr/2018:12:19:48 -0300] "POST /cormun/servlet/trvisualizadoreventos?90fb9fdf56e86f9d1c9e429fb869e7bc,,gx-no-cache=1522941536426 HTTP/1.1" 200 7171
186.79.233.153 - - [05/Apr/2018:12:19:55 -0300] "GET /cormun/servlet/trfichaempleado? HTTP/1.1" 200 13712
186.79.209.55 - - [05/Apr/2018:12:20:37 -0300] "POST /cormun/servlet/trvisualizadoreventos?90fb9fdf56e86f9d1c9e429fb869e7bc,,gx-no-cache=1522941584626 HTTP/1.1" 200 4578
201.214.54.200 - - [05/Apr/2018:12:21:25 -0300] "POST /cormun/servlet/trvisualizadoreventos?90fb9fdf56e86f9d1c9e429fb869e7bc,,gx-no-cache=1522941633545 HTTP/1.1" 200 7171
186.79.209.55 - - [05/Apr/2018:12:21:46 -0300] "GET /cormun/servlet/trautorizarsolicitud? HTTP/1.1" 200 8681
186.79.209.55 - - [05/Apr/2018:12:21:49 -0300] "GET /cormun/servlet/trautorizarsolicitud? HTTP/1.1" 200 8681
201.214.54.200 - - [05/Apr/2018:12:22:01 -0300] "POST /cormun/servlet/trautorizarsolicitud?90fb9fdf56e86f9d1c9e429fb869e7bc,,gx-no-cache=1522941669706 HTTP/1.1" 200 5765
201.214.54.200 - - [05/Apr/2018:12:22:11 -0300] "POST /cormun/servlet/trautorizarsolicitud?90fb9fdf56e86f9d1c9e429fb869e7bc,,gx-no-cache=1522941679929 HTTP/1.1" 200 5796
201.214.54.200 - - [05/Apr/2018:12:22:15 -0300] "POST /cormun/servlet/trautorizarsolicitud?90fb9fdf56e86f9d1c9e429fb869e7bc,,gx-no-cache=1522941683410 HTTP/1.1" 200 5796
201.214.54.200 - - [05/Apr/2018:12:22:24 -0300] "POST /cormun/servlet/trautorizarsolicitud?90fb9fdf56e86f9d1c9e429fb869e7bc,,gx-no-cache=1522941692350 HTTP/1.1" 200 90
201.214.54.200 - - [05/Apr/2018:12:22:24 -0300] "GET /cormun/servlet/hpexe_link HTTP/1.1" 200 969
201.214.54.200 - - [05/Apr/2018:12:22:24 -0300] "GET /cormun/servlet/trvisualizadoreventos? HTTP/1.1" 200 9939
201.214.54.200 - - [05/Apr/2018:12:22:26 -0300] "GET /cormun/servlet/trvisualizadoreventos? HTTP/1.1" 200 9938
201.214.54.200 - - [05/Apr/2018:12:22:28 -0300] "POST /cormun/servlet/trvisualizadoreventos?90fb9fdf56e86f9d1c9e429fb869e7bc,,gx-no-cache=1522941696382 HTTP/1.1" 200 90
201.214.54.200 - - [05/Apr/2018:12:22:28 -0300] "GET /cormun/servlet/hpexe_link HTTP/1.1" 200 963
201.214.54.200 - - [05/Apr/2018:12:22:28 -0300] "GET /cormun/servlet/trsolicitudot HTTP/1.1" 200 8867
201.214.54.200 - - [05/Apr/2018:12:22:29 -0300] "GET /cormun/servlet/trsolicitudot HTTP/1.1" 200 8866
201.214.54.200 - - [05/Apr/2018:12:22:40 -0300] "POST /cormun/servlet/trsolicitudot?90fb9fdf56e86f9d1c9e429fb869e7bc,gx-no-cache=1522941708346 HTTP/1.1" 200 4709
201.214.54.200 - - [05/Apr/2018:12:22:40 -0300] "GET /cormun/static/Shared/jqueryui/images/ui-bg_highlight-soft_100_c6c2c8_1x100.png HTTP/1.1" 404 1117
201.214.54.200 - - [05/Apr/2018:12:22:40 -0300] "GET /cormun/static/Shared/jqueryui/images/ui-icons_82798d_256x240.png HTTP/1.1" 404 1089
201.214.54.200 - - [05/Apr/2018:12:22:40 -0300] "GET /cormun/static/Shared/jqueryui/images/ui-icons_8d78a5_256x240.png HTTP/1.1" 404 1089
201.214.54.200 - - [05/Apr/2018:12:22:40 -0300] "GET /cormun/static/Shared/jqueryui/images/ui-bg_flat_55_fafafa_40x100.png HTTP/1.1" 404 1097
201.214.54.200 - - [05/Apr/2018:12:22:40 -0300] "POST /cormun/servlet/trsolicitudot?90fb9fdf56e86f9d1c9e429fb869e7bc,gx-no-cache=1522941708751 HTTP/1.1" 200 4444
186.79.209.55 - - [05/Apr/2018:12:23:08 -0300] "GET /cormun/servlet/trcontratounov2? HTTP/1.1" 200 17513
186.79.209.55 - - [05/Apr/2018:12:23:10 -0300] "GET /cormun/servlet/trcontratounov2? HTTP/1.1" 200 17518
186.79.209.55 - - [05/Apr/2018:12:23:31 -0300] "POST /cormun/servlet/trcontratounov2?90fb9fdf56e86f9d1c9e429fb869e7bc,,gx-no-cache=1522941758544 HTTP/1.1" 200 17694
186.79.209.55 - - [05/Apr/2018:12:23:42 -0300] "POST /cormun/servlet/trcontratounov2?90fb9fdf56e86f9d1c9e429fb869e7bc,,gx-no-cache=1522941768761 HTTP/1.1" 200 14121
186.79.233.153 - - [05/Apr/2018:12:24:08 -0300] "POST /cormun/servlet/trfichaempleado?d209674b7c736360c9a9a8378c403941,,gx-no-cache=1522941791697 HTTP/1.1" 200 4499
186.79.233.153 - - [05/Apr/2018:12:24:16 -0300] "GET /cormun/servlet/fichaempleado?UPD,18042097, HTTP/1.1" 200 6174
186.79.233.153 - - [05/Apr/2018:12:24:16 -0300] "GET /cormun/static/gxcfg.js?20176282043676 HTTP/1.1" 200 953
186.79.233.153 - - [05/Apr/2018:12:24:16 -0300] "GET /cormun/static/Resources/Spanish/PXTools.css?17315867 HTTP/1.1" 200 89042
186.79.233.153 - - [05/Apr/2018:12:24:16 -0300] "GET /cormun/static/fichaempleado.js?2017628204374 HTTP/1.1" 200 17534
186.79.233.153 - - [05/Apr/2018:12:24:17 -0300] "GET /cormun/servlet/fichaempleado?UPD,18042097, HTTP/1.1" 200 6175
186.79.233.153 - - [05/Apr/2018:12:24:20 -0300] "GET /cormun/servlet/trfichaempleado? HTTP/1.1" 200 13650
186.103.157.98 - - [05/Apr/2018:12:24:26 -0300] "GET /cormun/servlet/hlogin HTTP/1.1" 200 1728
186.79.233.153 - - [05/Apr/2018:12:24:29 -0300] "GET /cormun/servlet/trfichaempleado? HTTP/1.1" 200 6905
186.103.157.98 - - [05/Apr/2018:12:24:30 -0300] "POST /cormun/servlet/hlogin?2de3b598e7f38e7fc7f26bb9c94ab33f,gx-no-cache=1522941818779 HTTP/1.1" 200 90
186.103.157.98 - - [05/Apr/2018:12:24:30 -0300] "GET /cormun/servlet/hpexe_link HTTP/1.1" 200 968
186.103.157.98 - - [05/Apr/2018:12:24:31 -0300] "GET /cormun/servlet/prfichaempleado?,MD, HTTP/1.1" 200 9423
186.79.233.153 - - [05/Apr/2018:12:24:31 -0300] "GET /cormun/servlet/trfichaempleado? HTTP/1.1" 200 6905
186.103.157.98 - - [05/Apr/2018:12:24:37 -0300] "GET /cormun/servlet/hlogin HTTP/1.1" 200 1747
201.214.54.200 - - [05/Apr/2018:12:24:40 -0300] "GET /cormun/servlet/trsolicitudot? HTTP/1.1" 200 7438
201.214.54.200 - - [05/Apr/2018:12:24:42 -0300] "GET /cormun/servlet/trsolicitudot? HTTP/1.1" 200 7437
186.103.157.98 - - [05/Apr/2018:12:24:42 -0300] "POST /cormun/servlet/hlogin?2de3b598e7f38e7fc7f26bb9c94ab33f,gx-no-cache=1522941830504 HTTP/1.1" 200 90
186.103.157.98 - - [05/Apr/2018:12:24:42 -0300] "GET /cormun/servlet/hpexe_link HTTP/1.1" 200 968
186.103.157.98 - - [05/Apr/2018:12:24:43 -0300] "GET /cormun/servlet/prfichaempleado?,MD, HTTP/1.1" 200 9423
201.214.54.200 - - [05/Apr/2018:12:24:44 -0300] "GET /cormun/servlet/solicitudot?INS,0,0, HTTP/1.1" 200 13660
186.79.233.153 - - [05/Apr/2018:12:24:44 -0300] "POST /cormun/servlet/trfichaempleado?d209674b7c736360c9a9a8378c403941,,gx-no-cache=1522941829048 HTTP/1.1" 200 4497
201.214.54.200 - - [05/Apr/2018:12:24:45 -0300] "GET /cormun/servlet/solicitudot?INS,0,0, HTTP/1.1" 200 13665
201.214.54.200 - - [05/Apr/2018:12:24:53 -0300] "POST /cormun/servlet/solicitudot?gx-no-cache=1522941841636 HTTP/1.1" 200 3382
201.214.54.200 - - [05/Apr/2018:12:24:53 -0300] "POST /cormun/servlet/solicitudot?90fb9fdf56e86f9d1c9e429fb869e7bc,INS,0,0,,gx-no-cache=1522941841922 HTTP/1.1" 200 10504
186.103.157.42 - - [05/Apr/2018:12:25:00 -0300] "GET /cormun/static/menuarrow.gif HTTP/1.1" 404 1015
201.214.54.200 - - [05/Apr/2018:12:25:01 -0300] "GET /cormun/servlet/prbanco?,MD,,gxPopupLevel%3D0%3B HTTP/1.1" 200 6666
201.214.54.200 - - [05/Apr/2018:12:25:05 -0300] "GET /cormun/servlet/solicitudot?e5abef996aac5292fef64ee5e99bd20a599d0204d2210bb74fc8405eebeffb8e2d9f53764be98018774a5aefa3a8924c,gx-no-cache=1522941853493 HTTP/1.1" 200 30
201.214.54.200 - - [05/Apr/2018:12:25:05 -0300] "GET /cormun/servlet/solicitudot?e5abef996aac5292fef64ee5e99bd20a8e864c5171dd145d89de2a2050ee3b8fe13608f0336fa2b74da55a791d7a07dc,gx-no-cache=1522941853589 HTTP/1.1" 200 103
201.214.54.200 - - [05/Apr/2018:12:25:05 -0300] "GET /cormun/static/Shared/jqueryui/images/ui-bg_highlight-soft_100_c6c2c8_1x100.png HTTP/1.1" 404 1117
201.214.54.200 - - [05/Apr/2018:12:25:05 -0300] "GET /cormun/static/Shared/jqueryui/images/ui-icons_82798d_256x240.png HTTP/1.1" 404 1089
201.214.54.200 - - [05/Apr/2018:12:25:05 -0300] "GET /cormun/static/Shared/jqueryui/images/ui-bg_flat_55_994d53_40x100.png HTTP/1.1" 404 1097
201.214.54.200 - - [05/Apr/2018:12:25:05 -0300] "GET /cormun/static/Shared/jqueryui/images/ui-icons_ebccce_256x240.png HTTP/1.1" 404 1089
201.214.54.200 - - [05/Apr/2018:12:25:06 -0300] "GET /cormun/servlet/solicitudot?e5abef996aac5292fef64ee5e99bd20a253029172c4ec501fc919ceb326fc1ba,gx-no-cache=1522941854608 HTTP/1.1" 200 51
186.103.157.42 - - [05/Apr/2018:12:25:06 -0300] "POST /cormun/servlet/trsolicitudot?d32a40f95bc151f9a0762b8a52757573,,gx-no-cache=1522941854465 HTTP/1.1" 200 23153
186.79.233.153 - - [05/Apr/2018:12:25:07 -0300] "GET /cormun/servlet/trsolicitudot? HTTP/1.1" 200 15258
186.103.157.42 - - [05/Apr/2018:12:25:07 -0300] "GET /cormun/static/Resources/PXToolsGridNext.gif HTTP/1.1" 200 369
