200.54.247.70 - - [05/Apr/2018:15:46:26 -0300] "GET /cormun/static/Resources/PXToolsButtonLeft21.png HTTP/1.1" 304 -
200.54.247.70 - - [05/Apr/2018:15:46:26 -0300] "GET /cormun/static/Resources/PXToolsButtonBackground2.png HTTP/1.1" 304 -
200.54.247.70 - - [05/Apr/2018:15:46:26 -0300] "GET /cormun/static/Resources/PXToolsLoginTop.png HTTP/1.1" 304 -
200.54.247.70 - - [05/Apr/2018:15:46:26 -0300] "GET /cormun/static/Resources/PXToolsLoginBottom.png HTTP/1.1" 304 -
200.54.247.70 - - [05/Apr/2018:15:46:26 -0300] "GET /cormun/static/Resources/indicator.gif HTTP/1.1" 304 -
200.54.247.70 - - [05/Apr/2018:15:46:35 -0300] "POST /cormun/servlet/hlogin?4bb4a41a1f3451a58524dde87009d026,gx-no-cache=1522953939562 HTTP/1.1" 200 90
200.54.247.70 - - [05/Apr/2018:15:46:35 -0300] "GET /cormun/servlet/hpexe_link HTTP/1.1" 200 958
200.54.247.70 - - [05/Apr/2018:15:46:35 -0300] "GET /cormun/servlet/hhome HTTP/1.1" 200 4242
200.54.247.70 - - [05/Apr/2018:15:47:27 -0300] "GET /cormun/servlet/trsolicitudot? HTTP/1.1" 200 7456
200.54.247.70 - - [05/Apr/2018:15:47:31 -0300] "GET /cormun/servlet/solicitudot?INS,0,0, HTTP/1.1" 200 13683
200.54.247.70 - - [05/Apr/2018:15:47:44 -0300] "POST /cormun/servlet/solicitudot?gx-no-cache=1522954008819 HTTP/1.1" 200 3442
200.54.247.70 - - [05/Apr/2018:15:47:44 -0300] "GET /cormun/static/Shared/jqueryui/images/ui-icons_ebccce_256x240.png HTTP/1.1" 404 1089
200.54.247.70 - - [05/Apr/2018:15:47:44 -0300] "GET /cormun/static/Shared/jqueryui/images/ui-icons_82798d_256x240.png HTTP/1.1" 404 1089
200.54.247.70 - - [05/Apr/2018:15:47:44 -0300] "GET /cormun/static/Shared/jqueryui/images/ui-bg_highlight-soft_100_c6c2c8_1x100.png HTTP/1.1" 404 1117
200.54.247.70 - - [05/Apr/2018:15:47:44 -0300] "GET /cormun/static/Shared/jqueryui/images/ui-bg_flat_55_994d53_40x100.png HTTP/1.1" 404 1097
186.103.159.46 - - [05/Apr/2018:15:47:58 -0300] "GET /cormun/servlet/trpermisosgoce? HTTP/1.1" 200 6104
186.103.159.46 - - [05/Apr/2018:15:48:00 -0300] "GET /cormun/servlet/trpermisosgoce? HTTP/1.1" 200 6097
186.103.159.46 - - [05/Apr/2018:15:48:00 -0300] "GET /cormun/servlet/hlogin HTTP/1.1" 200 1741
186.103.159.204 - - [05/Apr/2018:15:49:25 -0300] "GET /cormun/servlet/trsolicitudot? HTTP/1.1" 200 8458
186.103.159.204 - - [05/Apr/2018:15:49:25 -0300] "GET /cormun/servlet/trsolicitudot? HTTP/1.1" 200 8451
186.103.159.204 - - [05/Apr/2018:15:49:39 -0300] "GET /cormun/servlet/solicitudot?INS,0,0, HTTP/1.1" 200 13335
186.103.159.204 - - [05/Apr/2018:15:49:39 -0300] "GET /cormun/servlet/solicitudot?INS,0,0, HTTP/1.1" 200 13340
186.103.159.204 - - [05/Apr/2018:15:50:30 -0300] "POST /cormun/servlet/solicitudot?gx-no-cache=1522954171172 HTTP/1.1" 200 3284
186.103.159.204 - - [05/Apr/2018:15:50:30 -0300] "POST /cormun/servlet/solicitudot?d4a0e214d9744deb73351e4ddad0b1b6,INS,0,0,,gx-no-cache=1522954171497 HTTP/1.1" 200 10253
186.103.159.204 - - [05/Apr/2018:15:50:35 -0300] "GET /cormun/servlet/solicitudot?39961d306d328351e8987f2e502695d266730789305857015747de187e43e170c762e7757a852617b9b206a78902af6f,gx-no-cache=1522954175915 HTTP/1.1" 200 30
186.103.159.46 - - [05/Apr/2018:15:52:16 -0300] "GET /cormun/servlet/hlogin HTTP/1.1" 200 1722
186.103.159.46 - - [05/Apr/2018:15:52:27 -0300] "POST /cormun/servlet/hlogin?32aa5499842a1f70acbdb524f4e5f19b,gx-no-cache=1522954294146 HTTP/1.1" 200 90
186.103.159.46 - - [05/Apr/2018:15:52:27 -0300] "GET /cormun/servlet/hpexe_link HTTP/1.1" 200 948
186.103.159.46 - - [05/Apr/2018:15:52:28 -0300] "GET /cormun/servlet/hhome HTTP/1.1" 200 3958
186.103.159.46 - - [05/Apr/2018:15:52:32 -0300] "GET /cormun/servlet/hhome HTTP/1.1" 200 3955
186.103.159.46 - - [05/Apr/2018:15:52:35 -0300] "GET /cormun/servlet/trlicencias? HTTP/1.1" 200 10445
186.103.159.46 - - [05/Apr/2018:15:52:37 -0300] "GET /cormun/servlet/trlicencias? HTTP/1.1" 200 10442
186.103.159.46 - - [05/Apr/2018:15:52:55 -0300] "GET /cormun/servlet/licenciaspermisos?DSP,11142601,L,20180308000000, HTTP/1.1" 200 7067
186.103.159.46 - - [05/Apr/2018:15:52:56 -0300] "GET /cormun/servlet/licenciaspermisos?DSP,11142601,L,20180308000000, HTTP/1.1" 200 7067
192.168.10.89 - - [05/Apr/2018:15:53:00 -0300] "GET /cormun/servlet/hlogin HTTP/1.1" 200 1741
186.103.159.189 - - [05/Apr/2018:15:53:53 -0300] "GET /cormun/servlet/hlogin HTTP/1.1" 200 1717
192.168.10.89 - - [05/Apr/2018:15:53:54 -0300] "GET /cormun/servlet/hlogin HTTP/1.1" 200 1721
186.103.159.189 - - [05/Apr/2018:15:53:55 -0300] "GET /cormun/servlet/hlogin HTTP/1.1" 200 1727
192.168.10.89 - - [05/Apr/2018:15:54:00 -0300] "POST /cormun/servlet/hlogin?ac025f83ca928cf78fefb01f85c30e04,gx-no-cache=1522954268080 HTTP/1.1" 200 90
192.168.10.89 - - [05/Apr/2018:15:54:00 -0300] "GET /cormun/servlet/hpexe_link HTTP/1.1" 200 952
192.168.10.89 - - [05/Apr/2018:15:54:00 -0300] "GET /cormun/servlet/hhome HTTP/1.1" 200 4923
192.168.10.89 - - [05/Apr/2018:15:54:03 -0300] "GET /cormun/servlet/trsolicitudgral? HTTP/1.1" 200 29242
192.168.10.89 - - [05/Apr/2018:15:54:19 -0300] "POST /cormun/servlet/trsolicitudgral?ac025f83ca928cf78fefb01f85c30e04,,gx-no-cache=1522954286826 HTTP/1.1" 200 7901
186.103.159.189 - - [05/Apr/2018:15:54:21 -0300] "POST /cormun/servlet/hlogin?57a1c7f713235f6776c938853f604fd9,gx-no-cache=1522954410341 HTTP/1.1" 200 441
186.103.159.46 - - [05/Apr/2018:15:54:40 -0300] "GET /cormun/servlet/trlicencias? HTTP/1.1" 200 10445
186.103.159.46 - - [05/Apr/2018:15:54:42 -0300] "GET /cormun/servlet/trlicencias? HTTP/1.1" 200 10442
186.103.159.46 - - [05/Apr/2018:15:54:50 -0300] "GET /cormun/servlet/licenciaspermisos?DSP,11142601,L,20180322000000, HTTP/1.1" 200 7078
186.103.159.46 - - [05/Apr/2018:15:54:51 -0300] "GET /cormun/servlet/licenciaspermisos?DSP,11142601,L,20180322000000, HTTP/1.1" 200 7078
186.103.159.46 - - [05/Apr/2018:15:55:17 -0300] "POST /cormun/servlet/licenciaspermisos?32aa5499842a1f70acbdb524f4e5f19b,DSP,11142601,L,20180322000000,,gx-no-cache=1522954463433 HTTP/1.1" 200 93
186.103.159.46 - - [05/Apr/2018:15:55:17 -0300] "GET /cormun/servlet/hpexe_return? HTTP/1.1" 200 1026
186.103.159.46 - - [05/Apr/2018:15:55:19 -0300] "GET /cormun/servlet/trlicencias HTTP/1.1" 200 10448
186.103.159.46 - - [05/Apr/2018:15:55:21 -0300] "GET /cormun/servlet/trlicencias HTTP/1.1" 200 10442
186.103.159.46 - - [05/Apr/2018:15:55:35 -0300] "GET /cormun/servlet/licenciaspermisos?INS,0,,, HTTP/1.1" 200 7486
186.103.159.46 - - [05/Apr/2018:15:55:36 -0300] "GET /cormun/servlet/licenciaspermisos?INS,0,,, HTTP/1.1" 200 7484
186.103.159.189 - - [05/Apr/2018:15:55:40 -0300] "POST /cormun/servlet/hlogin?57a1c7f713235f6776c938853f604fd9,gx-no-cache=1522954488990 HTTP/1.1" 200 441
186.103.159.189 - - [05/Apr/2018:15:55:47 -0300] "POST /cormun/servlet/hlogin?57a1c7f713235f6776c938853f604fd9,gx-no-cache=1522954496452 HTTP/1.1" 200 441
186.103.159.46 - - [05/Apr/2018:15:55:49 -0300] "GET /cormun/servlet/licenciaspermisos?1750a0729ef48f8d6dd5dd4f119d6bc432b89eae9b9c99d744c259dacc27a5ad6ea2c04c2b0a2f9cadfe609d3788b656,gx-no-cache=1522954496072 HTTP/1.1" 200 102
186.103.159.46 - - [05/Apr/2018:15:55:49 -0300] "POST /cormun/servlet/licenciaspermisos?32aa5499842a1f70acbdb524f4e5f19b,INS,0,,,,gx-no-cache=1522954496209 HTTP/1.1" 200 4691
186.103.159.189 - - [05/Apr/2018:15:56:36 -0300] "POST /cormun/servlet/hlogin?57a1c7f713235f6776c938853f604fd9,gx-no-cache=1522954545283 HTTP/1.1" 200 441
186.103.159.189 - - [05/Apr/2018:15:56:53 -0300] "POST /cormun/servlet/hlogin?57a1c7f713235f6776c938853f604fd9,gx-no-cache=1522954562398 HTTP/1.1" 200 90
186.103.159.189 - - [05/Apr/2018:15:56:53 -0300] "GET /cormun/servlet/hpexe_link HTTP/1.1" 200 947
186.103.159.189 - - [05/Apr/2018:15:56:54 -0300] "GET /cormun/servlet/hhome HTTP/1.1" 200 4171
186.103.159.189 - - [05/Apr/2018:15:56:59 -0300] "GET /cormun/servlet/hhome HTTP/1.1" 200 4168
192.168.10.89 - - [05/Apr/2018:15:57:01 -0300] "POST /cormun/servlet/trsolicitudgral?ac025f83ca928cf78fefb01f85c30e04,,gx-no-cache=1522954448763 HTTP/1.1" 200 7902
192.168.10.89 - - [05/Apr/2018:15:57:13 -0300] "GET /cormun/servlet/solicitudgral2?UPD,2018,10963, HTTP/1.1" 200 13454
192.168.10.89 - - [05/Apr/2018:15:57:13 -0300] "GET /cormun/static/gxcfg.js?20181911361990 HTTP/1.1" 200 953
192.168.10.89 - - [05/Apr/2018:15:57:13 -0300] "GET /cormun/static/solicitudgral2.js?20181911362067 HTTP/1.1" 200 43987
192.168.10.89 - - [05/Apr/2018:15:57:14 -0300] "POST /cormun/servlet/solicitudgral2?gx-no-cache=1522954461557 HTTP/1.1" 200 3912
192.168.10.89 - - [05/Apr/2018:15:57:14 -0300] "GET /cormun/servlet/solicitudgral2?396da1efbdd5849cb63361768fbec78ae5df849a825d544eb103d743abb989fc88d0a8908f2870fc7a2353ffd173d90a53ce77d15257eef875751f5b7ca1a4883eddba58634759e1ca36efed4145f079f5685c2a99f82d9aaa6d589ab996089fd2b850347beed9bc6afa7f6c3e9969136eab4e5c24dd8a6bcd381d2363e18993fbd193622fd821135f2fd2d9817bf2e95515a5e4945d0a0a275050ca3bb6e927191283a90f818c0ba69d00e7c29856dbbb8645a221a9af39d53e7a97ef43eace7e428645c6efb3e75c929dc70fca04722d3fd5bc59ed0c25ed12b01468b15db0b08d932d3d609593f0578c8a4521d23c427a21a05fc4183cf66fc2b130d75979b2e9362fcc04db705f8e869aa74bbc9839f026e3f8a43145f89ad433abb23b7941fbf89bb96a5b6ad2a6a8063037645dcc513d17364a9607bb127585b5f6a02a71501f36f76cfa01cba00eaf2f51f931,gx-no-cache=1522954461831 HTTP/1.1" 200 297
192.168.10.89 - - [05/Apr/2018:15:57:14 -0300] "POST /cormun/servlet/solicitudgral2?gx-no-cache=1522954461856 HTTP/1.1" 200 1428
192.168.10.89 - - [05/Apr/2018:15:57:14 -0300] "GET /cormun/servlet/solicitudgral2?396da1efbdd5849cb63361768fbec78a73f59858c942a8c2595d29a77e21060d7789c7fbcc2a53f11c8d6662b347a71f56c19fd7f1e113276b9c218b314b81cf37c1c994842889c01c8e4217dab0ae58475dc0af5df5f4e7974cb9cb3351cf478703f90cbba2ef3c471c88a252a2452e,gx-no-cache=1522954461910 HTTP/1.1" 200 41
192.168.10.89 - - [05/Apr/2018:15:57:15 -0300] "POST /cormun/servlet/solicitudgral2?ac025f83ca928cf78fefb01f85c30e04,UPD,2018,10963,,gx-no-cache=1522954462762 HTTP/1.1" 200 11902
192.168.10.89 - - [05/Apr/2018:15:57:15 -0300] "GET /cormun/servlet/solicitudgral2?396da1efbdd5849cb63361768fbec78a5da3c2ac9afa08d9cbcaee71f613ccff1fdbc6f717ed78b87797057d655a01822675dd57b19e51202355a87c72d908f87fdeeca9e0272b8983b9cd8d5dce4ecf77477f66e633b912e7a378d57bece87eb0a7bc450d26ccceb7859aacf028ef5c,gx-no-cache=1522954462942 HTTP/1.1" 200 29
192.168.10.89 - - [05/Apr/2018:15:57:15 -0300] "POST /cormun/servlet/solicitudgral2?gx-no-cache=1522954462959 HTTP/1.1" 200 1326
192.168.10.89 - - [05/Apr/2018:15:57:15 -0300] "POST /cormun/servlet/solicitudgral2?gx-no-cache=1522954462993 HTTP/1.1" 200 1249
192.168.10.89 - - [05/Apr/2018:15:57:18 -0300] "GET /cormun/servlet/solicitudgral2?396da1efbdd5849cb63361768fbec78a5dffdea42aebd10a49f1e0dd918e3b7b493c42901856348779171e51377ce7affa9dd534c0e0825c0a633045bfc040382430de7e984d246f374bcd658c10c975f5a30d5e1b91551da917bcb623dcd994b684d327abf3a862e5e1204d4119a702e59962ba32a4b9ae5116ebb518609fa0,gx-no-cache=1522954465891 HTTP/1.1" 200 30
192.168.10.89 - - [05/Apr/2018:15:57:20 -0300] "POST /cormun/servlet/solicitudgral2?ac025f83ca928cf78fefb01f85c30e04,UPD,2018,10963,,gx-no-cache=1522954467823 HTTP/1.1" 200 93
192.168.10.89 - - [05/Apr/2018:15:57:20 -0300] "GET /cormun/servlet/hpexe_return? HTTP/1.1" 200 1019
192.168.10.89 - - [05/Apr/2018:15:57:20 -0300] "GET /cormun/static/Resources/Spanish/PXTools.css?167811 HTTP/1.1" 200 89042
192.168.10.89 - - [05/Apr/2018:15:57:20 -0300] "GET /cormun/static/gxcfg.js?2016101716175148 HTTP/1.1" 200 953
192.168.10.89 - - [05/Apr/2018:15:57:20 -0300] "GET /cormun/static/hpexe_return.js?2016101716175153 HTTP/1.1" 200 1633
192.168.10.89 - - [05/Apr/2018:15:57:20 -0300] "GET /cormun/servlet/trsolicitudgral? HTTP/1.1" 200 11390
192.168.10.89 - - [05/Apr/2018:15:57:25 -0300] "GET /cormun/servlet/solicitudgral2?UPD,2018,10964, HTTP/1.1" 200 13456
192.168.10.89 - - [05/Apr/2018:15:57:26 -0300] "POST /cormun/servlet/solicitudgral2?gx-no-cache=1522954473395 HTTP/1.1" 200 3912
192.168.10.89 - - [05/Apr/2018:15:57:26 -0300] "GET /cormun/servlet/solicitudgral2?396da1efbdd5849cb63361768fbec78ae5df849a825d544eb103d743abb989fc88d0a8908f2870fc7a2353ffd173d90a53ce77d15257eef875751f5b7ca1a4883eddba58634759e1ca36efed4145f079f5685c2a99f82d9aaa6d589ab996089fd2b850347beed9bc6afa7f6c3e9969136eab4e5c24dd8a6bcd381d2363e18993fbd193622fd821135f2fd2d9817bf2e95515a5e4945d0a0a275050ca3bb6e927191283a90f818c0ba69d00e7c29856dbbb8645a221a9af39d53e7a97ef43eace7e428645c6efb3e75c929dc70fca04722d3fd5bc59ed0c25ed12b01468b15db0b08d932d3d609593f0578c8a4521d23c427a21a05fc4183cf66fc2b130d75979b2e9362fcc04db705f8e869aa74bbc9839f026e3f8a43145f89ad433abb23b7941fbf89bb96a5b6ad2a6a8063037645dcc513d17364a9607bb127585b5f6a02a71501f36f76cfa01cba00eaf2f51f931,gx-no-cache=1522954473580 HTTP/1.1" 200 297
192.168.10.89 - - [05/Apr/2018:15:57:26 -0300] "POST /cormun/servlet/solicitudgral2?gx-no-cache=1522954473603 HTTP/1.1" 200 1428
192.168.10.89 - - [05/Apr/2018:15:57:26 -0300] "GET /cormun/servlet/solicitudgral2?396da1efbdd5849cb63361768fbec78a73f59858c942a8c2595d29a77e21060d7789c7fbcc2a53f11c8d6662b347a71f56c19fd7f1e113276b9c218b314b81cf37c1c994842889c01c8e4217dab0ae58475dc0af5df5f4e7974cb9cb3351cf478703f90cbba2ef3c471c88a252a2452e,gx-no-cache=1522954473656 HTTP/1.1" 200 41
192.168.10.89 - - [05/Apr/2018:15:57:27 -0300] "POST /cormun/servlet/solicitudgral2?ac025f83ca928cf78fefb01f85c30e04,UPD,2018,10964,,gx-no-cache=1522954474480 HTTP/1.1" 200 11893
192.168.10.89 - - [05/Apr/2018:15:57:27 -0300] "GET /cormun/servlet/solicitudgral2?396da1efbdd5849cb63361768fbec78a5da3c2ac9afa08d9cbcaee71f613ccff1fdbc6f717ed78b87797057d655a01822675dd57b19e51202355a87c72d908f87fdeeca9e0272b8983b9cd8d5dce4ecf77477f66e633b912e7a378d57bece87eb0a7bc450d26ccceb7859aacf028ef5c,gx-no-cache=1522954474679 HTTP/1.1" 200 29
192.168.10.89 - - [05/Apr/2018:15:57:27 -0300] "POST /cormun/servlet/solicitudgral2?gx-no-cache=1522954474696 HTTP/1.1" 200 1327
192.168.10.89 - - [05/Apr/2018:15:57:27 -0300] "POST /cormun/servlet/solicitudgral2?gx-no-cache=1522954474811 HTTP/1.1" 200 1249
192.168.10.89 - - [05/Apr/2018:15:57:29 -0300] "GET /cormun/servlet/solicitudgral2?396da1efbdd5849cb63361768fbec78a5dffdea42aebd10a49f1e0dd918e3b7b493c42901856348779171e51377ce7affa9dd534c0e0825c0a633045bfc040382430de7e984d246f374bcd658c10c975f5a30d5e1b91551da917bcb623dcd994b684d327abf3a862e5e1204d4119a702e59962ba32a4b9ae5116ebb518609fa0,gx-no-cache=1522954477287 HTTP/1.1" 200 30
192.168.10.89 - - [05/Apr/2018:15:57:30 -0300] "POST /cormun/servlet/solicitudgral2?ac025f83ca928cf78fefb01f85c30e04,UPD,2018,10964,,gx-no-cache=1522954478150 HTTP/1.1" 200 93
192.168.10.89 - - [05/Apr/2018:15:57:30 -0300] "GET /cormun/servlet/hpexe_return? HTTP/1.1" 200 1018
192.168.10.89 - - [05/Apr/2018:15:57:31 -0300] "GET /cormun/servlet/trsolicitudgral HTTP/1.1" 200 11390
186.103.159.189 - - [05/Apr/2018:15:58:38 -0300] "GET /cormun/servlet/hlogin HTTP/1.1" 200 1717
186.103.159.189 - - [05/Apr/2018:15:58:47 -0300] "POST /cormun/servlet/hlogin?57a1c7f713235f6776c938853f604fd9,gx-no-cache=1522954675698 HTTP/1.1" 200 90
186.103.159.189 - - [05/Apr/2018:15:58:47 -0300] "GET /cormun/servlet/hpexe_link HTTP/1.1" 200 947
186.103.159.189 - - [05/Apr/2018:15:58:47 -0300] "GET /cormun/servlet/hhome HTTP/1.1" 200 3982
186.103.159.189 - - [05/Apr/2018:15:58:49 -0300] "GET /cormun/servlet/hhome HTTP/1.1" 200 3978
186.103.159.189 - - [05/Apr/2018:15:59:00 -0300] "GET /cormun/servlet/trsolicitudot? HTTP/1.1" 200 7191
200.54.247.70 - - [05/Apr/2018:15:59:01 -0300] "GET /cormun/servlet/hlogin HTTP/1.1" 200 1716
200.54.247.70 - - [05/Apr/2018:15:59:01 -0300] "GET /cormun/static/gxgral.js?85251 HTTP/1.1" 304 -
200.54.247.70 - - [05/Apr/2018:15:59:01 -0300] "GET /cormun/static/gxtimezone.js?85251 HTTP/1.1" 304 -
200.54.247.70 - - [05/Apr/2018:15:59:01 -0300] "GET /cormun/static/Resources/Spanish/PXTools.css?11423723 HTTP/1.1" 304 -
200.54.247.70 - - [05/Apr/2018:15:59:01 -0300] "GET /cormun/static/Resources/ComunLogin.png HTTP/1.1" 304 -
200.54.247.70 - - [05/Apr/2018:15:59:01 -0300] "GET /cormun/static/gxcfg.js?20175251213516 HTTP/1.1" 304 -
200.54.247.70 - - [05/Apr/2018:15:59:01 -0300] "GET /cormun/static/messages.spa.js?85251 HTTP/1.1" 304 -
200.54.247.70 - - [05/Apr/2018:15:59:01 -0300] "GET /cormun/static/hlogin.js?20175251213537 HTTP/1.1" 304 -
200.54.247.70 - - [05/Apr/2018:15:59:01 -0300] "GET /cormun/static/Resources/PXToolsButtonBackground2.png HTTP/1.1" 304 -
200.54.247.70 - - [05/Apr/2018:15:59:01 -0300] "GET /cormun/static/Resources/PXToolsButtonLeft21.png HTTP/1.1" 304 -
200.54.247.70 - - [05/Apr/2018:15:59:01 -0300] "GET /cormun/static/Resources/PXToolsButtonRight21.png HTTP/1.1" 304 -
200.54.247.70 - - [05/Apr/2018:15:59:01 -0300] "GET /cormun/static/Resources/PXToolsLoginBackground.png HTTP/1.1" 304 -
200.54.247.70 - - [05/Apr/2018:15:59:01 -0300] "GET /cormun/static/Resources/PXToolsLoginBottom.png HTTP/1.1" 304 -
200.54.247.70 - - [05/Apr/2018:15:59:01 -0300] "GET /cormun/static/Resources/PXToolsLoginTop.png HTTP/1.1" 304 -
200.54.247.70 - - [05/Apr/2018:15:59:01 -0300] "GET /cormun/static/Resources/indicator.gif HTTP/1.1" 304 -
186.103.159.189 - - [05/Apr/2018:15:59:01 -0300] "GET /cormun/servlet/trsolicitudot? HTTP/1.1" 200 7190
186.103.159.189 - - [05/Apr/2018:15:59:04 -0300] "GET /cormun/servlet/solicitudot?INS,0,0, HTTP/1.1" 200 13431
186.103.159.189 - - [05/Apr/2018:15:59:06 -0300] "GET /cormun/servlet/solicitudot?INS,0,0, HTTP/1.1" 200 13436
186.103.159.189 - - [05/Apr/2018:15:59:09 -0300] "GET /cormun/servlet/prfichaempleado?,MD,,gxPopupLevel%3D0%3B HTTP/1.1" 200 9330
200.54.247.70 - - [05/Apr/2018:15:59:11 -0300] "POST /cormun/servlet/hlogin?1a097fb1d159fd0f0a6737b678eed9e6,gx-no-cache=1522954696221 HTTP/1.1" 200 90
200.54.247.70 - - [05/Apr/2018:15:59:11 -0300] "GET /cormun/servlet/hpexe_link HTTP/1.1" 200 949
200.54.247.70 - - [05/Apr/2018:15:59:11 -0300] "GET /cormun/servlet/hhome HTTP/1.1" 200 4229
200.54.247.70 - - [05/Apr/2018:15:59:16 -0300] "GET /cormun/servlet/trsolicitudot? HTTP/1.1" 200 7446
186.103.159.189 - - [05/Apr/2018:15:59:19 -0300] "POST /cormun/servlet/prfichaempleado?57a1c7f713235f6776c938853f604fd9,,MD,,gxPopupLevel%3D0%3B,gx-no-cache=1522954707530 HTTP/1.1" 200 3416
200.54.247.70 - - [05/Apr/2018:15:59:19 -0300] "GET /cormun/servlet/solicitudot?INS,0,0, HTTP/1.1" 200 13675
186.103.159.189 - - [05/Apr/2018:15:59:25 -0300] "POST /cormun/servlet/solicitudot?gx-no-cache=1522954713299 HTTP/1.1" 200 3409
186.103.159.189 - - [05/Apr/2018:15:59:25 -0300] "POST /cormun/servlet/solicitudot?57a1c7f713235f6776c938853f604fd9,INS,0,0,,gx-no-cache=1522954713984 HTTP/1.1" 200 10379
186.103.159.189 - - [05/Apr/2018:15:59:28 -0300] "GET /cormun/servlet/solicitudot?8c6a3ec450c45152084cc5c0aafe5db12bb9df632844a0eef568c5e510a1f401a803fcf46c3fde254720f4841e6268e7,gx-no-cache=1522954717278 HTTP/1.1" 200 30
186.103.159.189 - - [05/Apr/2018:15:59:28 -0300] "GET /cormun/servlet/solicitudot?8c6a3ec450c45152084cc5c0aafe5db1b39bf8a8742dd8f314bbe32c5ce00f49738a8b582cc5b45efc83307b37f576c77594486510144aa69a3e7b99a343dca3,gx-no-cache=1522954717352 HTTP/1.1" 200 30
186.103.159.189 - - [05/Apr/2018:15:59:28 -0300] "GET /cormun/servlet/solicitudot?8c6a3ec450c45152084cc5c0aafe5db1a060ce7d40c84bfe2465aa403be7e375,gx-no-cache=1522954717396 HTTP/1.1" 200 51
186.103.159.189 - - [05/Apr/2018:15:59:28 -0300] "POST /cormun/servlet/solicitudot?gx-no-cache=1522954717442 HTTP/1.1" 200 255
186.103.159.189 - - [05/Apr/2018:15:59:29 -0300] "GET /cormun/servlet/solicitudot?8c6a3ec450c45152084cc5c0aafe5db13b59a364ff4a03edb233a514eee7ae595e57847dde7855a68c9f84063575fff94d8a0c6bf5b8a6ec12348c9e99e37a1922b518f7bec4a47c9cd60ad9597e55fb3a8b45fd241ce5b54452532886a92f37c14b8e6d9e72bb07a0c731b30b8898602b1aa689ec637ff14d8ef74e4b33aa9facb0af745e8aae41ac2dabc641375457563d100772beec494e3db8bfb06cdb8678a1e2bb427eb2f20a9099c848fc8c6fbba6c398639560f862a9c9854d11ebf04009eede15ede9aa5be342dd88c0f8856873027c4416f4e03d7575fe09453ac5f380156b37f3b80363bae4497c46073bef8ba33b4c2b85b359ab64b1b356833adff122d62234f17cc4dc288649e4d2cac87d8746330febd243811c49b7ab34d5ed95889ad9c6bf274eb9d746644f269f51ea3d99c32264e7a2e3c820b90982e36756578f7f1bb60b12b12e92da352d6e762df6c8eab0e700273d0eaf04aabfd05bafc5cd773ccb57b4962828be80b5aca7085aab03659395f95e6588169c2427,gx-no-cache=1522954717496 HTTP/1.1" 200 30
186.103.159.189 - - [05/Apr/2018:15:59:33 -0300] "POST /cormun/servlet/solicitudot?gx-no-cache=1522954721912 HTTP/1.1" 200 30
186.103.159.189 - - [05/Apr/2018:15:59:37 -0300] "GET /cormun/servlet/prcontratosol?12911771,,,,,MD,,gxPopupLevel%3D0%3B HTTP/1.1" 200 8969
186.103.159.189 - - [05/Apr/2018:15:59:42 -0300] "POST /cormun/servlet/solicitudot?gx-no-cache=1522954730578 HTTP/1.1" 200 1369
186.103.159.189 - - [05/Apr/2018:15:59:42 -0300] "POST /cormun/servlet/solicitudot?gx-no-cache=1522954730744 HTTP/1.1" 200 38
186.103.159.189 - - [05/Apr/2018:15:59:42 -0300] "GET /cormun/servlet/solicitudot?8c6a3ec450c45152084cc5c0aafe5db13bdeec1119d6e33cacc4b688d9f9eb91ecb2a83b7fc2a24462ae2589a5a90294c0db3920ea110c680e5696359e46573765cda9afc922e9b0665ccc1dbd9deac521a01cfd6f600fe181b09787daefabb9ed4c22f88a28aacdb5a2ca30c35b1c61d948b5d4d3fb48e8fe83ba981166fbf50a4039f93108fa15304911e50f8aaa8584722cba20e302b98e9c0d5c36690f72,gx-no-cache=1522954730796 HTTP/1.1" 200 29
186.103.159.189 - - [05/Apr/2018:15:59:42 -0300] "POST /cormun/servlet/solicitudot?gx-no-cache=1522954730846 HTTP/1.1" 200 1351
186.103.159.189 - - [05/Apr/2018:15:59:42 -0300] "POST /cormun/servlet/solicitudot?gx-no-cache=1522954730956 HTTP/1.1" 200 1249
186.103.159.189 - - [05/Apr/2018:15:59:42 -0300] "GET /cormun/servlet/solicitudot?8c6a3ec450c45152084cc5c0aafe5db15f4c3f7455ea5dd5ea86b85a1470ea82ea2292a177378f76e395911561326b4c,gx-no-cache=1522954731067 HTTP/1.1" 200 134
186.103.159.189 - - [05/Apr/2018:15:59:42 -0300] "GET /cormun/static/Shared/jqueryui/images/ui-bg_highlight-soft_100_c6c2c8_1x100.png HTTP/1.1" 404 1117
186.103.159.189 - - [05/Apr/2018:15:59:42 -0300] "GET /cormun/static/Shared/jqueryui/images/ui-icons_82798d_256x240.png HTTP/1.1" 404 1089
186.103.159.189 - - [05/Apr/2018:15:59:42 -0300] "GET /cormun/static/Shared/jqueryui/images/ui-bg_flat_55_994d53_40x100.png HTTP/1.1" 404 1097
186.103.159.189 - - [05/Apr/2018:15:59:42 -0300] "GET /cormun/static/Shared/jqueryui/images/ui-icons_ebccce_256x240.png HTTP/1.1" 404 1089
186.103.159.189 - - [05/Apr/2018:15:59:52 -0300] "POST /cormun/servlet/solicitudot?gx-no-cache=1522954740883 HTTP/1.1" 200 1350
186.103.159.189 - - [05/Apr/2018:15:59:52 -0300] "POST /cormun/servlet/solicitudot?gx-no-cache=1522954740963 HTTP/1.1" 200 1249
186.103.159.189 - - [05/Apr/2018:15:59:52 -0300] "GET /cormun/static/menuarrow.gif HTTP/1.1" 404 1015
186.103.159.189 - - [05/Apr/2018:15:59:57 -0300] "POST /cormun/servlet/solicitudot?gx-no-cache=1522954745798 HTTP/1.1" 200 1350
186.103.159.189 - - [05/Apr/2018:15:59:57 -0300] "POST /cormun/servlet/solicitudot?gx-no-cache=1522954745918 HTTP/1.1" 200 1249
186.103.159.189 - - [05/Apr/2018:16:00:03 -0300] "GET /cormun/servlet/solicitudot?8c6a3ec450c45152084cc5c0aafe5db14cf3bd60379bc53d8071b6649dd41086ea2292a177378f76e395911561326b4c,gx-no-cache=1522954752031 HTTP/1.1" 200 30
186.103.159.189 - - [05/Apr/2018:16:00:03 -0300] "POST /cormun/servlet/solicitudot?gx-no-cache=1522954752110 HTTP/1.1" 200 33
186.103.159.204 - - [05/Apr/2018:16:00:10 -0300] "GET /cormun/servlet/solicitudot?39961d306d328351e8987f2e502695d2aa33770bb79ea28394f148d27ad15a8e8f44645eb4340af8b3faa054036683f1c278b1aaf4b1dce30994cb8d561b9fb6,gx-no-cache=1522954751194 HTTP/1.1" 200 30
186.103.159.204 - - [05/Apr/2018:16:00:10 -0300] "GET /cormun/servlet/solicitudot?39961d306d328351e8987f2e502695d290e8ffba0c7aa14bed2b4894a9eefb62,gx-no-cache=1522954751330 HTTP/1.1" 200 29
186.103.159.204 - - [05/Apr/2018:16:00:10 -0300] "POST /cormun/servlet/solicitudot?gx-no-cache=1522954751399 HTTP/1.1" 200 297
186.103.159.204 - - [05/Apr/2018:16:00:14 -0300] "GET /cormun/servlet/solicitudot?39961d306d328351e8987f2e502695d246a296661ee0d4775148e4c781ab473493ca7a8542da50c08c594b0a56cc1f4bd7a9936a3be950a8d4d883e5ee647661887f9a85f5847df9d0069578b2fc628bad18432ea4ff08471ae28b0ef99e784ae7b3fb27b72cfce23270cd23ca116799f8bdcc71f6625790705f0fbff1411178970bce45f6bb2f88979203159e31556f1240b95e7dd4fbf5af81fa8aa99f4acdce67e67cc34135c24788ceb5f4431a0204657adc05766f92f992f5991f29b994c5894939778cef8faba933518d1e22ccc15e988197feacf647fef64beda6ff82c56718a04a9c890ecf2d6ade2d9329b0eac92c8ddaaaa7baf3f3a61c8c0170b0029e92dfc8300bf3a0be768366bacd35687c6aa03171bbb4a5a39bc3755f3f075a78ed9242e4561f1e69c94126f586cc893f73d8796acfceca14734864d24d358a7af2ed48861bd5f057ed12aeaa32db76e5a698d3e6ce2c2d7833b47781a88b69972dedb1c417d1b34e5d99bcef34a95999c9250be69271f74bbc3e88313f2eaa027669a1235b4bc7179add9f925498,gx-no-cache=1522954755078 HTTP/1.1" 200 30
200.73.230.197 - - [05/Apr/2018:16:00:34 -0300] "GET /cormun/servlet/hlogin HTTP/1.1" 200 1718
200.73.230.197 - - [05/Apr/2018:16:00:34 -0300] "GET /cormun/servlet/hlogin HTTP/1.1" 200 1728
192.168.10.89 - - [05/Apr/2018:16:00:42 -0300] "POST /cormun/servlet/trsolicitudgral?ac025f83ca928cf78fefb01f85c30e04,gx-no-cache=1522954669815 HTTP/1.1" 200 7311
200.73.230.197 - - [05/Apr/2018:16:00:44 -0300] "POST /cormun/servlet/hlogin?1e259dff60256439daf01c801da43ca8,gx-no-cache=1522954790746 HTTP/1.1" 200 90
200.73.230.197 - - [05/Apr/2018:16:00:44 -0300] "GET /cormun/servlet/hpexe_link HTTP/1.1" 200 949
200.73.230.197 - - [05/Apr/2018:16:00:44 -0300] "GET /cormun/servlet/hhome HTTP/1.1" 200 3922
200.73.230.197 - - [05/Apr/2018:16:00:46 -0300] "GET /cormun/servlet/hhome HTTP/1.1" 200 3919
200.73.230.197 - - [05/Apr/2018:16:00:52 -0300] "GET /cormun/servlet/trsolicitudot? HTTP/1.1" 200 8505
200.73.230.197 - - [05/Apr/2018:16:00:52 -0300] "GET /cormun/static/gxcfg.js?2017111422585916 HTTP/1.1" 304 -
186.103.159.189 - - [05/Apr/2018:16:00:53 -0300] "POST /cormun/servlet/solicitudot?57a1c7f713235f6776c938853f604fd9,INS,0,0,,gx-no-cache=1522954801647 HTTP/1.1" 200 93
186.103.159.189 - - [05/Apr/2018:16:00:53 -0300] "GET /cormun/servlet/hpexe_return? HTTP/1.1" 200 1004
200.73.230.197 - - [05/Apr/2018:16:00:53 -0300] "GET /cormun/servlet/trsolicitudot? HTTP/1.1" 200 8503
186.103.159.189 - - [05/Apr/2018:16:00:53 -0300] "GET /cormun/servlet/trsolicitudot HTTP/1.1" 200 8608
186.103.159.189 - - [05/Apr/2018:16:00:55 -0300] "GET /cormun/servlet/trsolicitudot HTTP/1.1" 200 8604
200.73.230.197 - - [05/Apr/2018:16:00:59 -0300] "GET /cormun/servlet/solicitudot?INS,0,0, HTTP/1.1" 200 13360
200.73.230.197 - - [05/Apr/2018:16:00:59 -0300] "GET /cormun/static/gxcfg.js?201812313224582 HTTP/1.1" 304 -
200.73.230.197 - - [05/Apr/2018:16:00:59 -0300] "GET /cormun/static/solicitudot.js?201812313224831 HTTP/1.1" 304 -
200.73.230.197 - - [05/Apr/2018:16:01:01 -0300] "GET /cormun/servlet/solicitudot?INS,0,0, HTTP/1.1" 200 13365
186.103.159.204 - - [05/Apr/2018:16:01:05 -0300] "POST /cormun/servlet/solicitudot?gx-no-cache=1522954805762 HTTP/1.1" 200 30
186.103.159.189 - - [05/Apr/2018:16:01:07 -0300] "POST /cormun/servlet/trsolicitudot?57a1c7f713235f6776c938853f604fd9,gx-no-cache=1522954816180 HTTP/1.1" 200 4489
186.103.159.189 - - [05/Apr/2018:16:01:07 -0300] "GET /cormun/static/Shared/jqueryui/images/ui-bg_highlight-soft_100_c6c2c8_1x100.png HTTP/1.1" 404 1117
186.103.159.189 - - [05/Apr/2018:16:01:07 -0300] "GET /cormun/static/Shared/jqueryui/images/ui-icons_82798d_256x240.png HTTP/1.1" 404 1089
186.103.159.204 - - [05/Apr/2018:16:01:07 -0300] "POST /cormun/servlet/solicitudot?gx-no-cache=1522954808684 HTTP/1.1" 200 1366
186.103.159.189 - - [05/Apr/2018:16:01:07 -0300] "GET /cormun/static/Shared/jqueryui/images/ui-bg_flat_55_fafafa_40x100.png HTTP/1.1" 404 1097
186.103.159.189 - - [05/Apr/2018:16:01:07 -0300] "GET /cormun/static/Shared/jqueryui/images/ui-icons_8d78a5_256x240.png HTTP/1.1" 404 1089
186.103.159.204 - - [05/Apr/2018:16:01:07 -0300] "POST /cormun/servlet/solicitudot?gx-no-cache=1522954808746 HTTP/1.1" 200 38
186.103.159.189 - - [05/Apr/2018:16:01:08 -0300] "POST /cormun/servlet/trsolicitudot?57a1c7f713235f6776c938853f604fd9,gx-no-cache=1522954816530 HTTP/1.1" 200 4252
186.103.159.46 - - [05/Apr/2018:16:01:12 -0300] "GET /cormun/static/menuarrow.gif HTTP/1.1" 404 1015
186.103.158.250 - - [05/Apr/2018:16:01:17 -0300] "GET /cormun/servlet/hlogin HTTP/1.1" 200 1722
186.103.158.250 - - [05/Apr/2018:16:01:18 -0300] "GET /cormun/servlet/hlogin HTTP/1.1" 200 1732
186.103.159.189 - - [05/Apr/2018:16:01:26 -0300] "GET /cormun/servlet/hlogin HTTP/1.1" 200 1717
200.73.230.197 - - [05/Apr/2018:16:01:35 -0300] "POST /cormun/servlet/solicitudot?gx-no-cache=1522954841272 HTTP/1.1" 200 3412
186.103.158.250 - - [05/Apr/2018:16:01:36 -0300] "POST /cormun/servlet/hlogin?b639bc5f9263d2fb946f0d4bf4e9a072,gx-no-cache=1522954840254 HTTP/1.1" 200 448
200.73.230.197 - - [05/Apr/2018:16:01:36 -0300] "POST /cormun/servlet/solicitudot?1e259dff60256439daf01c801da43ca8,INS,0,0,,gx-no-cache=1522954842169 HTTP/1.1" 200 10330
200.73.230.197 - - [05/Apr/2018:16:01:37 -0300] "GET /cormun/servlet/solicitudot?a85abed4e78508dd48c57212c5fc265a3085cd13b5b27d00c1e0fd32657e2236e0fc20cb1a5cfb2ebaaab2e5ce2c66bc,gx-no-cache=1522954842728 HTTP/1.1" 200 30
186.103.159.189 - - [05/Apr/2018:16:01:41 -0300] "POST /cormun/servlet/hlogin?57a1c7f713235f6776c938853f604fd9,gx-no-cache=1522954849649 HTTP/1.1" 200 424
186.103.158.250 - - [05/Apr/2018:16:01:45 -0300] "POST /cormun/servlet/hlogin?b639bc5f9263d2fb946f0d4bf4e9a072,gx-no-cache=1522954849673 HTTP/1.1" 200 448
200.73.230.197 - - [05/Apr/2018:16:01:46 -0300] "GET /cormun/servlet/solicitudot?a85abed4e78508dd48c57212c5fc265a1942a2047de62e6a18fb3909616b8891f8ce4b69d60683ce93b16a38208fd449034553886fa7414851a0ddc804715e17,gx-no-cache=1522954852846 HTTP/1.1" 200 30
200.73.230.197 - - [05/Apr/2018:16:01:46 -0300] "GET /cormun/servlet/solicitudot?a85abed4e78508dd48c57212c5fc265a9ce8808b018724f6d0947437c4215cd4,gx-no-cache=1522954852957 HTTP/1.1" 200 53
200.73.230.197 - - [05/Apr/2018:16:01:46 -0300] "POST /cormun/servlet/solicitudot?gx-no-cache=1522954853072 HTTP/1.1" 200 240
200.73.230.197 - - [05/Apr/2018:16:01:46 -0300] "GET /cormun/servlet/solicitudot?a85abed4e78508dd48c57212c5fc265af99a7d194a8f21983107df68aa99ebcdc35025099fe8ce3458dc33c5c53fb8cd7120de67277e047a70f2b020b058e9423f5ff841f639e54137bab208082c5e3b8783066b8d31d518f329b26378d911e0df2969c1d456342369b910903db7c948cfee1e7f3fed49aead4f706d34d74f09173a692f53719ccd7602f608c3b2913d7479661ba8faeaa80b5d5cfba6f32447a6614c44786e494d0da20c3759437a926dd7dfacee781606eaff413c198b8ebe0bb35d217c60bc52311db1b65bf9a3a793a310e4bb964a8b689a7b4cb9cf17011d45e7dbb4391b61c82a98deaa9e1da5cafb3bb2f2145cb6a80991be44f91c91b7c97f00da540accda29b6d2ece9a47456be282a19f56fb628cb4059499e674f0d412285997c7ea5d80f649ec7d2e83a387885d8a4c9555d458915dc8648657b29675b928257d3bb5488650ec26c9a16342e5c90132dbf67fea7c6893c18af7c0fbab304deba25eef8fb663ff1944727a8d978fd2e44326a6aa381acbdba08ee,gx-no-cache=1522954853200 HTTP/1.1" 200 30
186.103.159.189 - - [05/Apr/2018:16:01:53 -0300] "POST /cormun/servlet/hlogin?57a1c7f713235f6776c938853f604fd9,gx-no-cache=1522954861906 HTTP/1.1" 200 424
200.73.230.197 - - [05/Apr/2018:16:01:56 -0300] "POST /cormun/servlet/solicitudot?gx-no-cache=1522954862544 HTTP/1.1" 200 30
200.73.230.197 - - [05/Apr/2018:16:01:56 -0300] "POST /cormun/servlet/solicitudot?gx-no-cache=1522954862672 HTTP/1.1" 200 1369
200.73.230.197 - - [05/Apr/2018:16:01:56 -0300] "POST /cormun/servlet/solicitudot?gx-no-cache=1522954862851 HTTP/1.1" 200 38
186.103.159.189 - - [05/Apr/2018:16:02:04 -0300] "POST /cormun/servlet/hlogin?57a1c7f713235f6776c938853f604fd9,gx-no-cache=1522954872177 HTTP/1.1" 200 90
186.103.159.189 - - [05/Apr/2018:16:02:04 -0300] "GET /cormun/servlet/hpexe_link HTTP/1.1" 200 947
186.103.159.189 - - [05/Apr/2018:16:02:04 -0300] "GET /cormun/servlet/hhome HTTP/1.1" 200 4171
186.103.159.189 - - [05/Apr/2018:16:02:06 -0300] "GET /cormun/servlet/hhome HTTP/1.1" 200 4168
186.103.158.250 - - [05/Apr/2018:16:02:09 -0300] "POST /cormun/servlet/hlogin?b639bc5f9263d2fb946f0d4bf4e9a072,gx-no-cache=1522954873438 HTTP/1.1" 200 90
186.103.158.250 - - [05/Apr/2018:16:02:09 -0300] "GET /cormun/servlet/hpexe_link HTTP/1.1" 200 952
186.103.158.250 - - [05/Apr/2018:16:02:09 -0300] "GET /cormun/servlet/hhome HTTP/1.1" 200 4197
186.103.159.189 - - [05/Apr/2018:16:02:12 -0300] "GET /cormun/servlet/trautorizarsolicitud? HTTP/1.1" 200 8681
186.103.158.250 - - [05/Apr/2018:16:02:13 -0300] "GET /cormun/servlet/hhome HTTP/1.1" 200 4193
186.103.159.189 - - [05/Apr/2018:16:02:14 -0300] "GET /cormun/servlet/trautorizarsolicitud? HTTP/1.1" 200 8679
186.103.158.250 - - [05/Apr/2018:16:02:16 -0300] "GET /cormun/servlet/trsolicitudot? HTTP/1.1" 200 7415
186.103.158.250 - - [05/Apr/2018:16:02:18 -0300] "GET /cormun/servlet/trsolicitudot? HTTP/1.1" 200 7415
200.73.230.197 - - [05/Apr/2018:16:02:18 -0300] "POST /cormun/servlet/solicitudot?gx-no-cache=1522954885239 HTTP/1.1" 200 30
186.103.159.189 - - [05/Apr/2018:16:02:26 -0300] "POST /cormun/servlet/trautorizarsolicitud?57a1c7f713235f6776c938853f604fd9,,gx-no-cache=1522954894907 HTTP/1.1" 200 4615
186.103.159.189 - - [05/Apr/2018:16:02:27 -0300] "GET /cormun/static/Shared/jqueryui/images/ui-bg_highlight-soft_100_c6c2c8_1x100.png HTTP/1.1" 404 1117
186.103.159.189 - - [05/Apr/2018:16:02:27 -0300] "GET /cormun/static/Shared/jqueryui/images/ui-icons_82798d_256x240.png HTTP/1.1" 404 1089
186.103.159.189 - - [05/Apr/2018:16:02:27 -0300] "GET /cormun/static/Shared/jqueryui/images/ui-bg_flat_55_fafafa_40x100.png HTTP/1.1" 404 1097
186.103.159.189 - - [05/Apr/2018:16:02:27 -0300] "GET /cormun/static/Shared/jqueryui/images/ui-icons_8d78a5_256x240.png HTTP/1.1" 404 1089
186.103.159.189 - - [05/Apr/2018:16:02:27 -0300] "POST /cormun/servlet/trautorizarsolicitud?57a1c7f713235f6776c938853f604fd9,,gx-no-cache=1522954895782 HTTP/1.1" 200 4375
186.103.159.189 - - [05/Apr/2018:16:02:33 -0300] "GET /cormun/servlet/trvisualizadoreventos? HTTP/1.1" 200 6921
200.73.230.197 - - [05/Apr/2018:16:02:33 -0300] "POST /cormun/servlet/solicitudot?gx-no-cache=1522954900173 HTTP/1.1" 200 30
186.103.159.189 - - [05/Apr/2018:16:02:35 -0300] "GET /cormun/servlet/trvisualizadoreventos? HTTP/1.1" 200 6920
186.103.159.204 - - [05/Apr/2018:16:02:45 -0300] "GET /cormun/servlet/solicitudot?39961d306d328351e8987f2e502695d2e734e2cb07331f2600e9fb861f7a087b270d50101ddc18ab539cf8d8d0cfc4bb991defbe1ff65663f6f08893c6b628a30c3e4e343bb7e77d5ea0b985881a94492356eb50e617861c5351778468da3893b1ef11a54586bbbd686f409e5c22f439,gx-no-cache=1522954906652 HTTP/1.1" 200 29
186.103.159.204 - - [05/Apr/2018:16:02:46 -0300] "POST /cormun/servlet/solicitudot?gx-no-cache=1522954906796 HTTP/1.1" 200 1350
186.103.159.204 - - [05/Apr/2018:16:02:46 -0300] "POST /cormun/servlet/solicitudot?gx-no-cache=1522954906967 HTTP/1.1" 200 1246
186.103.159.46 - - [05/Apr/2018:16:02:46 -0300] "GET /cormun/servlet/hlogin HTTP/1.1" 200 1741
200.73.230.197 - - [05/Apr/2018:16:02:47 -0300] "POST /cormun/servlet/solicitudot?gx-no-cache=1522954913468 HTTP/1.1" 200 30
186.103.158.250 - - [05/Apr/2018:16:03:03 -0300] "GET /cormun/servlet/solicitudot?INS,0,0, HTTP/1.1" 200 13643
200.73.230.197 - - [05/Apr/2018:16:03:03 -0300] "GET /cormun/servlet/prfichaempleado?,MD,,gxPopupLevel%3D0%3B HTTP/1.1" 200 9270
186.103.158.250 - - [05/Apr/2018:16:03:05 -0300] "GET /cormun/servlet/solicitudot?INS,0,0, HTTP/1.1" 200 13648
186.103.159.204 - - [05/Apr/2018:16:03:08 -0300] "GET /cormun/static/menuarrow.gif HTTP/1.1" 404 1015
186.103.159.46 - - [05/Apr/2018:16:03:12 -0300] "GET /cormun/servlet/licenciaspermisos?1750a0729ef48f8d6dd5dd4f119d6bc480ebb8465465f413dc2f1fa5ee69c4db8d489f6edc13ccfd06b5fb41fc06af866a3c5468afd4ffc4cc1b3ea092514ae68ac7e7228fe38d32ad22a40490d5a58cb5de9258ed2c0389168f06e06055de82227cbef8cd5786e0b6b9c2865dad0c3c22330f67bf1b7e4af2d7ed781885a5f1ed47f4512ab9e50fa0de2cb4f8346e6d4da5025e84af7d4d225123917d572b557f0951f511e4c1e2a7c22d95709d83368c9bff8fd9daa72ad23b5608af703a7e34acdbe54cb1892bd17a11f391f300346ee4e320f8f8e0115156c12d2c200d0d,gx-no-cache=1522954938866 HTTP/1.1" 200 30
186.103.159.46 - - [05/Apr/2018:16:03:12 -0300] "POST /cormun/servlet/licenciaspermisos?32aa5499842a1f70acbdb524f4e5f19b,INS,0,,,,gx-no-cache=1522954939018 HTTP/1.1" 200 4757
200.73.230.197 - - [05/Apr/2018:16:03:15 -0300] "POST /cormun/servlet/prfichaempleado?1e259dff60256439daf01c801da43ca8,,MD,,gxPopupLevel%3D0%3B,gx-no-cache=1522954940839 HTTP/1.1" 200 3473
201.214.54.200 - - [05/Apr/2018:16:03:32 -0300] "GET /cormun/servlet/hlogin HTTP/1.1" 200 1731
200.73.230.197 - - [05/Apr/2018:16:03:36 -0300] "GET /cormun/servlet/trlicencias? HTTP/1.1" 200 9353
200.73.230.197 - - [05/Apr/2018:16:03:37 -0300] "GET /cormun/servlet/trlicencias? HTTP/1.1" 200 9346
186.103.158.250 - - [05/Apr/2018:16:03:51 -0300] "POST /cormun/servlet/solicitudot?gx-no-cache=1522954975090 HTTP/1.1" 200 3415
186.103.158.250 - - [05/Apr/2018:16:03:51 -0300] "POST /cormun/servlet/solicitudot?b639bc5f9263d2fb946f0d4bf4e9a072,INS,0,0,,gx-no-cache=1522954975539 HTTP/1.1" 200 10597
200.73.230.197 - - [05/Apr/2018:16:03:53 -0300] "GET /cormun/servlet/trsolicitudot? HTTP/1.1" 200 8502
186.103.159.204 - - [05/Apr/2018:16:03:54 -0300] "GET /cormun/servlet/solicitudot?39961d306d328351e8987f2e502695d23b247904e91a5116f231c6232d7027302d8758ec2ef8cd43a3baefbc03bac4b7,gx-no-cache=1522954975597 HTTP/1.1" 200 30
200.73.230.197 - - [05/Apr/2018:16:03:55 -0300] "GET /cormun/servlet/trsolicitudot? HTTP/1.1" 200 8503
186.103.159.204 - - [05/Apr/2018:16:04:04 -0300] "POST /cormun/servlet/solicitudot?gx-no-cache=1522954985186 HTTP/1.1" 200 30
186.103.159.46 - - [05/Apr/2018:16:04:05 -0300] "GET /cormun/servlet/licenciaspermisos?1750a0729ef48f8d6dd5dd4f119d6bc4cdcccc923a8c02b2b77f0b4db78994c454799bb058b64e85e930392d6640fd736cf9ed99c0ae3d2c851c66d951733353dbebc59ca09df0132ef44488324fd8a383fea65c91ba1a38e2535cbd5f714cd74f6a57cd5f1ba09a5248e238829ce68dfea994955f5fc9cf3ff738da310824264a23001553929582e548484041892a4b90c1d90c5933da489e9e7a818a616a0de8d30200c77fb620c72e67f0ffd56057eb326338eedbbf0857de5bb31d68a6366ea70cbb5299be17d8825f66a4109b49143385f67c47095b01fadcdcf19b9d6f9f37596de42b984c08dae0f23948bbf0,gx-no-cache=1522954991648 HTTP/1.1" 200 54
186.103.158.250 - - [05/Apr/2018:16:04:08 -0300] "GET /cormun/servlet/solicitudot?ed443126bba3f2edb223d0e91dd0119ab06db833f663b8965ba08a1b617e262ad5f29642eb1b724ceaac2cb99d5ffce3,gx-no-cache=1522954992284 HTTP/1.1" 200 30
186.103.158.250 - - [05/Apr/2018:16:04:08 -0300] "GET /cormun/servlet/solicitudot?ed443126bba3f2edb223d0e91dd0119ad9138d072c91e3a05594f19e76344151a6743a624423ad27ff0c4ee7827b00e0d10de85f227a0524725c1f6ca4cab9f1,gx-no-cache=1522954992361 HTTP/1.1" 200 30
186.103.158.250 - - [05/Apr/2018:16:04:08 -0300] "GET /cormun/servlet/solicitudot?ed443126bba3f2edb223d0e91dd0119a29d30e4cf82044cd74a7ecba92edb69f,gx-no-cache=1522954992404 HTTP/1.1" 200 51
186.103.158.250 - - [05/Apr/2018:16:04:08 -0300] "POST /cormun/servlet/solicitudot?gx-no-cache=1522954992452 HTTP/1.1" 200 297
186.103.158.250 - - [05/Apr/2018:16:04:08 -0300] "GET /cormun/servlet/solicitudot?ed443126bba3f2edb223d0e91dd0119ac5128795d76e2027074016220dddd792181d341db925198598e4b13eda915981d4e13c5fa0cad099270ed5c4c8450909ba9961e89a4fea2c8fe5a123184dcb1a5b2447ee77921376d9cbc156391ce433d632a7fd0bc3219357493c6faf659e5aece02b9d8dba4ade3b6fd3e1020521cbff6358188b21e23c61895a551d0473ce36e406304b51da80b79e04855c885f0c008dc2db6b69672f96df801a350b5a63d1065b53be3d23a0276500ae2d1ae694735bde29a3b14962721c16dcdd31510f7ad8c1fb03cd5f3c7d17d752a5f4ce1afa225ab96c0e9f73356e1d9ac63decd0eb207c9c5a53facf39f8c9367a1de18ba506e1eb35e2332b9bddf48285d18b9d05f581efda1af2ea9a63b0e04b5c2a24f824a56a78379b7cd3f3f9f2ca7f6ae4c941e84cf19f2115173b8bf555f48c4c813a96ae95936bab65bde1747c5d0b27ab576de35ea07c61a09029993adee0586db3360e0fc9109227f3d4f8847dc0c367a17edfde621c03c5f197fb2258b9c18e32de3d22889e1286a3f778f8709c98,gx-no-cache=1522954992524 HTTP/1.1" 200 30
186.103.158.250 - - [05/Apr/2018:16:04:08 -0300] "POST /cormun/servlet/solicitudot?gx-no-cache=1522954992879 HTTP/1.1" 200 30
186.103.158.250 - - [05/Apr/2018:16:04:08 -0300] "POST /cormun/servlet/solicitudot?gx-no-cache=1522954992967 HTTP/1.1" 200 1368
186.103.158.250 - - [05/Apr/2018:16:04:08 -0300] "POST /cormun/servlet/solicitudot?gx-no-cache=1522954993079 HTTP/1.1" 200 38
186.103.159.46 - - [05/Apr/2018:16:04:11 -0300] "POST /cormun/servlet/licenciaspermisos?32aa5499842a1f70acbdb524f4e5f19b,INS,0,,,,gx-no-cache=1522954997065 HTTP/1.1" 200 93
186.103.159.46 - - [05/Apr/2018:16:04:11 -0300] "GET /cormun/servlet/hpexe_return? HTTP/1.1" 200 1010
186.103.159.46 - - [05/Apr/2018:16:04:11 -0300] "GET /cormun/servlet/trlicencias HTTP/1.1" 200 10856
186.103.159.46 - - [05/Apr/2018:16:04:13 -0300] "GET /cormun/servlet/trlicencias HTTP/1.1" 200 10851
186.103.158.250 - - [05/Apr/2018:16:04:14 -0300] "GET /cormun/servlet/solicitudot?ed443126bba3f2edb223d0e91dd0119ab5ea48b1cfd0814188ea9075c7fef602140fed65d13ea892340922b4384cb17e3b4b29132703e2970a0f3699fd7c7fdc06481ab9c23f50f867ceaa77461eb6b102cf44600d1029d27c846cac072e317b296af26c9a944081e9caa7d4702f6712,gx-no-cache=1522954998702 HTTP/1.1" 200 29
186.103.158.250 - - [05/Apr/2018:16:04:14 -0300] "POST /cormun/servlet/solicitudot?gx-no-cache=1522954998807 HTTP/1.1" 200 1351
186.103.158.250 - - [05/Apr/2018:16:04:14 -0300] "POST /cormun/servlet/solicitudot?gx-no-cache=1522954998930 HTTP/1.1" 200 1249
186.103.158.250 - - [05/Apr/2018:16:04:15 -0300] "GET /cormun/static/menuarrow.gif HTTP/1.1" 404 1015
186.103.158.250 - - [05/Apr/2018:16:04:19 -0300] "POST /cormun/servlet/solicitudot?gx-no-cache=1522955003548 HTTP/1.1" 200 1351
186.103.158.250 - - [05/Apr/2018:16:04:20 -0300] "POST /cormun/servlet/solicitudot?gx-no-cache=1522955003796 HTTP/1.1" 200 1249
186.103.159.204 - - [05/Apr/2018:16:04:20 -0300] "POST /cormun/servlet/solicitudot?d4a0e214d9744deb73351e4ddad0b1b6,INS,0,0,,gx-no-cache=1522955000932 HTTP/1.1" 200 93
186.103.159.204 - - [05/Apr/2018:16:04:20 -0300] "GET /cormun/servlet/hpexe_return? HTTP/1.1" 200 1007
186.103.159.204 - - [05/Apr/2018:16:04:20 -0300] "GET /cormun/servlet/trsolicitudot HTTP/1.1" 200 8456
186.103.159.204 - - [05/Apr/2018:16:04:20 -0300] "GET /cormun/servlet/trsolicitudot HTTP/1.1" 200 8451
186.103.158.250 - - [05/Apr/2018:16:04:22 -0300] "GET /cormun/servlet/solicitudot?ed443126bba3f2edb223d0e91dd0119acaa58860cd9cfc60ab7544d65f11ebab0898cf821c613a14d162882556f278a3,gx-no-cache=1522955006168 HTTP/1.1" 200 30
186.103.159.46 - - [05/Apr/2018:16:04:26 -0300] "GET /cormun/servlet/alicenciaprn?11142601,L,20180405000000,PU HTTP/1.1" 200 1604
186.103.158.250 - - [05/Apr/2018:16:04:34 -0300] "POST /cormun/servlet/solicitudot?gx-no-cache=1522955018778 HTTP/1.1" 200 30
186.103.159.204 - - [05/Apr/2018:16:04:37 -0300] "POST /cormun/servlet/trsolicitudot?d4a0e214d9744deb73351e4ddad0b1b6,gx-no-cache=1522955017909 HTTP/1.1" 200 5658
186.103.159.204 - - [05/Apr/2018:16:04:49 -0300] "POST /cormun/servlet/trsolicitudot?d4a0e214d9744deb73351e4ddad0b1b6,gx-no-cache=1522955029901 HTTP/1.1" 200 106
186.103.159.204 - - [05/Apr/2018:16:04:49 -0300] "GET /cormun/servlet/trsolicitudadjuntos?2018,11032, HTTP/1.1" 200 5974
186.103.159.204 - - [05/Apr/2018:16:04:49 -0300] "GET /cormun/servlet/trsolicitudadjuntos?2018,11032, HTTP/1.1" 200 5974
186.103.158.250 - - [05/Apr/2018:16:05:31 -0300] "POST /cormun/servlet/solicitudot?gx-no-cache=1522955076016 HTTP/1.1" 200 30
186.103.159.204 - - [05/Apr/2018:16:05:31 -0300] "GET /cormun/servlet/solicitudotadjuntos?INS,2018,11032,,1, HTTP/1.1" 200 5930
186.103.159.204 - - [05/Apr/2018:16:05:32 -0300] "GET /cormun/static/about:blank HTTP/1.1" 404 1011
186.103.159.204 - - [05/Apr/2018:16:05:32 -0300] "GET /cormun/servlet/solicitudotadjuntos?INS,2018,11032,,1, HTTP/1.1" 200 5923
186.103.159.204 - - [05/Apr/2018:16:05:32 -0300] "GET /cormun/servlet/solicitudotadjuntos?39961d306d328351e8987f2e502695d23cdbb5b44d41c8773dad6699670f96870175f663c1dd8d56a9b3a7fbc0a634c6,gx-no-cache=1522955073437 HTTP/1.1" 200 30
186.103.159.204 - - [05/Apr/2018:16:05:32 -0300] "POST /cormun/servlet/solicitudotadjuntos?d4a0e214d9744deb73351e4ddad0b1b6,INS,2018,11032,,1,,gx-no-cache=1522955073471 HTTP/1.1" 200 3802
186.103.159.46 - - [05/Apr/2018:16:05:33 -0300] "GET /cormun/servlet/trlicenciaspermisosadjuntos?11142601,20180322000000,L, HTTP/1.1" 200 6737
186.103.159.46 - - [05/Apr/2018:16:05:35 -0300] "GET /cormun/servlet/trlicenciaspermisosadjuntos?11142601,20180322000000,L, HTTP/1.1" 200 6738
186.103.158.250 - - [05/Apr/2018:16:05:35 -0300] "POST /cormun/servlet/solicitudot?gx-no-cache=1522955079892 HTTP/1.1" 200 1368
186.103.158.250 - - [05/Apr/2018:16:05:35 -0300] "POST /cormun/servlet/solicitudot?gx-no-cache=1522955080018 HTTP/1.1" 200 41
186.103.158.250 - - [05/Apr/2018:16:05:35 -0300] "POST /cormun/servlet/solicitudot?gx-no-cache=1522955080082 HTTP/1.1" 200 1351
186.103.158.250 - - [05/Apr/2018:16:05:35 -0300] "POST /cormun/servlet/solicitudot?gx-no-cache=1522955080147 HTTP/1.1" 200 1249
186.103.158.250 - - [05/Apr/2018:16:05:36 -0300] "GET /cormun/servlet/solicitudot?ed443126bba3f2edb223d0e91dd0119acaa58860cd9cfc60ab7544d65f11ebab0898cf821c613a14d162882556f278a3,gx-no-cache=1522955080214 HTTP/1.1" 200 30
186.103.158.250 - - [05/Apr/2018:16:05:36 -0300] "POST /cormun/servlet/solicitudot?gx-no-cache=1522955080256 HTTP/1.1" 200 30
186.103.158.250 - - [05/Apr/2018:16:05:36 -0300] "POST /cormun/servlet/solicitudot?b639bc5f9263d2fb946f0d4bf4e9a072,INS,0,0,,gx-no-cache=1522955080316 HTTP/1.1" 200 93
186.103.158.250 - - [05/Apr/2018:16:05:36 -0300] "GET /cormun/servlet/hpexe_return? HTTP/1.1" 200 1008
186.103.158.250 - - [05/Apr/2018:16:05:36 -0300] "GET /cormun/static/gxcfg.js?2016101716175148 HTTP/1.1" 304 -
186.103.158.250 - - [05/Apr/2018:16:05:36 -0300] "GET /cormun/servlet/trsolicitudot HTTP/1.1" 200 8775
186.103.158.250 - - [05/Apr/2018:16:05:38 -0300] "GET /cormun/servlet/trsolicitudot HTTP/1.1" 200 8771
186.103.158.250 - - [05/Apr/2018:16:05:38 -0300] "GET /cormun//static/Resources/PXTools/ActionInsert.png HTTP/1.1" 304 -
186.103.159.204 - - [05/Apr/2018:16:05:38 -0300] "POST /cormun/servlet/solicitudotadjuntos?gx-no-cache=1522955079302 HTTP/1.1" 200 26
186.103.158.250 - - [05/Apr/2018:16:05:44 -0300] "GET /cormun/servlet/solicitudot?INS,0,0, HTTP/1.1" 200 13646
186.103.158.250 - - [05/Apr/2018:16:05:45 -0300] "GET /cormun/servlet/solicitudot?INS,0,0, HTTP/1.1" 200 13651
186.103.159.46 - - [05/Apr/2018:16:05:48 -0300] "GET /cormun/PublicTempStorage/licencia_waldo_acevedo_0219349034.pdf HTTP/1.1" 200 695381
186.103.159.204 - - [05/Apr/2018:16:06:00 -0300] "GET /cormun/servlet/solicitudotadjuntos?39961d306d328351e8987f2e502695d279403c54d392a643fa5f09ebf8127246,gx-no-cache=1522955101254 HTTP/1.1" 200 30
186.103.159.204 - - [05/Apr/2018:16:06:00 -0300] "GET /cormun/servlet/solicitudotadjuntos?39961d306d328351e8987f2e502695d279403c54d392a643fa5f09ebf8127246,gx-no-cache=1522955101337 HTTP/1.1" 200 30
186.103.159.204 - - [05/Apr/2018:16:06:00 -0300] "POST /cormun/servlet/solicitudotadjuntos?d4a0e214d9744deb73351e4ddad0b1b6,INS,2018,11032,,1, HTTP/1.1" 200 116
186.103.159.204 - - [05/Apr/2018:16:06:00 -0300] "GET /cormun/servlet/hpexe_return? HTTP/1.1" 200 1028
186.103.159.204 - - [05/Apr/2018:16:06:01 -0300] "GET /cormun/servlet/trsolicitudadjuntos?2018,11032, HTTP/1.1" 200 8420
186.103.159.204 - - [05/Apr/2018:16:06:01 -0300] "GET /cormun/servlet/trsolicitudadjuntos?2018,11032, HTTP/1.1" 200 8419
186.103.159.46 - - [05/Apr/2018:16:06:02 -0300] "GET /cormun/servlet/trlicenciaspermisosadjuntos?11142601,20180322000000,L, HTTP/1.1" 200 6736
186.103.159.46 - - [05/Apr/2018:16:06:04 -0300] "GET /cormun/servlet/trlicenciaspermisosadjuntos?11142601,20180322000000,L, HTTP/1.1" 200 6738
186.103.159.204 - - [05/Apr/2018:16:06:05 -0300] "GET /cormun/servlet/solicitudotadjuntos?INS,2018,11032,,1, HTTP/1.1" 200 5930
186.103.159.204 - - [05/Apr/2018:16:06:06 -0300] "GET /cormun/static/about:blank HTTP/1.1" 404 1011
186.103.159.204 - - [05/Apr/2018:16:06:06 -0300] "GET /cormun/servlet/solicitudotadjuntos?INS,2018,11032,,1, HTTP/1.1" 200 5924
186.103.159.204 - - [05/Apr/2018:16:06:06 -0300] "GET /cormun/servlet/solicitudotadjuntos?39961d306d328351e8987f2e502695d23cdbb5b44d41c8773dad6699670f96870175f663c1dd8d56a9b3a7fbc0a634c6,gx-no-cache=1522955107338 HTTP/1.1" 200 30
186.103.159.204 - - [05/Apr/2018:16:06:06 -0300] "POST /cormun/servlet/solicitudotadjuntos?d4a0e214d9744deb73351e4ddad0b1b6,INS,2018,11032,,1,,gx-no-cache=1522955107409 HTTP/1.1" 200 3803
186.103.159.204 - - [05/Apr/2018:16:06:11 -0300] "POST /cormun/servlet/solicitudotadjuntos?gx-no-cache=1522955111805 HTTP/1.1" 200 26
186.103.159.46 - - [05/Apr/2018:16:06:21 -0300] "GET /cormun/servlet/trlicencias? HTTP/1.1" 200 10750
186.103.159.204 - - [05/Apr/2018:16:06:22 -0300] "GET /cormun/servlet/solicitudotadjuntos?39961d306d328351e8987f2e502695d279403c54d392a643fa5f09ebf8127246,gx-no-cache=1522955123213 HTTP/1.1" 200 30
186.103.159.204 - - [05/Apr/2018:16:06:22 -0300] "GET /cormun/servlet/solicitudotadjuntos?39961d306d328351e8987f2e502695d279403c54d392a643fa5f09ebf8127246,gx-no-cache=1522955123228 HTTP/1.1" 200 30
186.103.159.204 - - [05/Apr/2018:16:06:22 -0300] "POST /cormun/servlet/solicitudotadjuntos?d4a0e214d9744deb73351e4ddad0b1b6,INS,2018,11032,,1, HTTP/1.1" 200 116
186.103.159.204 - - [05/Apr/2018:16:06:22 -0300] "GET /cormun/servlet/hpexe_return? HTTP/1.1" 200 1028
186.103.159.204 - - [05/Apr/2018:16:06:22 -0300] "GET /cormun/servlet/trsolicitudadjuntos?2018,11032, HTTP/1.1" 200 8667
186.103.159.204 - - [05/Apr/2018:16:06:23 -0300] "GET /cormun/servlet/trsolicitudadjuntos?2018,11032, HTTP/1.1" 200 8667
186.103.159.46 - - [05/Apr/2018:16:06:23 -0300] "GET /cormun/servlet/trlicencias? HTTP/1.1" 200 10749
186.103.159.204 - - [05/Apr/2018:16:06:25 -0300] "GET /cormun/servlet/solicitudotadjuntos?INS,2018,11032,,1, HTTP/1.1" 200 5930
186.103.159.204 - - [05/Apr/2018:16:06:25 -0300] "GET /cormun/static/about:blank HTTP/1.1" 404 1011
186.103.159.204 - - [05/Apr/2018:16:06:25 -0300] "GET /cormun/servlet/solicitudotadjuntos?INS,2018,11032,,1, HTTP/1.1" 200 5924
