192.168.10.62 - - [05/Apr/2018:11:32:03 -0300] "GET /cormun/SolicitudGral-4666.xls HTTP/1.1" 200 20480
192.168.10.62 - - [05/Apr/2018:11:32:53 -0300] "GET /cormun/servlet/vesolicitudgral?2018,9217,, HTTP/1.1" 200 9051
192.168.10.62 - - [05/Apr/2018:11:32:53 -0300] "GET /cormun/pexe_scrolldiv.js HTTP/1.1" 404 1009
192.168.10.62 - - [05/Apr/2018:11:32:53 -0300] "GET /cormun/pexe_scrolldiv.js HTTP/1.1" 404 1009
192.168.10.62 - - [05/Apr/2018:11:32:53 -0300] "GET /cormun/servlet/vesolicitudgral?2018,9217,, HTTP/1.1" 200 9050
192.168.10.62 - - [05/Apr/2018:11:32:55 -0300] "GET /cormun/servlet/vesolicitudgral?2018,9217,,SolicitudOTLog HTTP/1.1" 200 10154
192.168.10.62 - - [05/Apr/2018:11:32:55 -0300] "GET /cormun/pexe_scrolldiv.js HTTP/1.1" 404 1009
192.168.10.62 - - [05/Apr/2018:11:32:55 -0300] "GET /cormun/pexe_scrolldiv.js HTTP/1.1" 404 1009
192.168.10.62 - - [05/Apr/2018:11:32:56 -0300] "GET /cormun/servlet/vesolicitudgral?2018,9217,,SolicitudOTLog HTTP/1.1" 200 10155
192.168.10.62 - - [05/Apr/2018:11:32:57 -0300] "POST /cormun/servlet/acontrolpreferencessavestate?None,FGONZALEZ,true HTTP/1.1" 200 35
192.168.10.62 - - [05/Apr/2018:11:32:58 -0300] "POST /cormun/servlet/vesolicitudgral?28d88fce25931ea0340f12708755c73d,2018,9217,,SolicitudOTLog,gx-no-cache=1522938605636 HTTP/1.1" 200 90
192.168.10.62 - - [05/Apr/2018:11:32:58 -0300] "GET /cormun/servlet/hpexe_link HTTP/1.1" 200 976
192.168.10.62 - - [05/Apr/2018:11:32:58 -0300] "GET /cormun/servlet/trsolicitudgral? HTTP/1.1" 200 22513
192.168.10.62 - - [05/Apr/2018:11:32:59 -0300] "GET /cormun/servlet/trsolicitudgral? HTTP/1.1" 200 22511
192.168.10.62 - - [05/Apr/2018:11:33:03 -0300] "GET /cormun/servlet/vesolicitudgral?2018,9217,, HTTP/1.1" 200 9051
192.168.10.62 - - [05/Apr/2018:11:33:03 -0300] "GET /cormun/pexe_scrolldiv.js HTTP/1.1" 404 1009
192.168.10.62 - - [05/Apr/2018:11:33:03 -0300] "GET /cormun/pexe_scrolldiv.js HTTP/1.1" 404 1009
192.168.10.62 - - [05/Apr/2018:11:33:04 -0300] "GET /cormun/servlet/vesolicitudgral?2018,9217,, HTTP/1.1" 200 9050
186.103.157.98 - - [05/Apr/2018:11:37:50 -0300] "GET /cormun/servlet/solicitudot?a22b068c128119c03885e588b55d15bdb63b4b7dba4da1e81fee00ae115ea7807f179a238bd295618ccba16db2d26764,gx-no-cache=1522939019327 HTTP/1.1" 200 30
186.103.157.98 - - [05/Apr/2018:11:37:50 -0300] "GET /cormun/servlet/solicitudot?a22b068c128119c03885e588b55d15bd34805e97ce93e594e39e954e6e97f12e,gx-no-cache=1522939019410 HTTP/1.1" 200 29
186.103.157.98 - - [05/Apr/2018:11:37:53 -0300] "POST /cormun/servlet/solicitudot?gx-no-cache=1522939022050 HTTP/1.1" 200 297
186.103.157.98 - - [05/Apr/2018:11:37:56 -0300] "GET /cormun/servlet/solicitudot?a22b068c128119c03885e588b55d15bd9e15616f508dd086beed258f72bd1e584553b03bf8cb9fc82754db5d2053afb3970c0f13b23d70dac514eabd3c5d1a4ab828ed689fdab81cbe33b74d6751db56d42597b3cc9b1c175b7ff06db0c4c133048ed0c8eb2f78507c8754309c19090ae06d66a07a12ef1dc476fc6bfd85ab280235a418dfb19d24c2cceffdbd1aa90d8064692ce2fe9288d951d444a939d925a770bc21ba3db62cf9a4a05ff326353577cbb5c3d1270ae3df1dd468e9a43498f723971a9cd166cdfb48648031f32884e030297a1adcc13b53e20ee093200b049ee0bdaa2d3f48a3eaed5ce322d9f3e585da3f567a6e31b78003b3a15d063ede427cb10dd64178f3e7b0ba2bf018d5357c57e5806e9787e134b374b9bcb40b3bac89e0baa0a18246d811985ba03b3876a524e35c067216e2f879f85221cbdf3c19ff2fb4bcdccbd88610e5d73465f8fa4c5617cf3b5c819502d19da02ed382235baf31f6dc2b8d30c6481180924fba582cda9817357fdd66bf2aef0ee25671daf06f9d1fac78c0a15b489316da5c5765,gx-no-cache=1522939024517 HTTP/1.1" 200 30
186.103.157.98 - - [05/Apr/2018:11:42:23 -0300] "POST /cormun/servlet/solicitudot?gx-no-cache=1522939291645 HTTP/1.1" 200 30
186.103.157.98 - - [05/Apr/2018:11:42:57 -0300] "POST /cormun/servlet/solicitudot?gx-no-cache=1522939326185 HTTP/1.1" 200 1367
186.103.157.98 - - [05/Apr/2018:11:43:13 -0300] "GET /cormun/static/menuarrow.gif HTTP/1.1" 404 1015
186.103.157.98 - - [05/Apr/2018:11:44:07 -0300] "POST /cormun/servlet/solicitudot?gx-no-cache=1522939396219 HTTP/1.1" 200 41
192.168.10.89 - - [05/Apr/2018:11:44:12 -0300] "POST /cormun/servlet/trsolicitudgral?c5e6001f7e4757b1906a95373edd02c6,,gx-no-cache=1522939280175 HTTP/1.1" 200 7585
186.103.157.98 - - [05/Apr/2018:11:44:43 -0300] "GET /cormun/servlet/solicitudot?a22b068c128119c03885e588b55d15bdb1de562d904d61b2748c8edd7fdb9ddee481ca446471f202834484be772d86bdb2fecaa3f3ba696e04e5a3e965d0bbff75e7988d5248f012c5b93ee71d08b13028a8b21f71ec3a33834974d85602f319cfbf01cd2e97cff1d92a0ff8634fb732,gx-no-cache=1522939431997 HTTP/1.1" 200 29
186.103.157.98 - - [05/Apr/2018:11:44:43 -0300] "POST /cormun/servlet/solicitudot?gx-no-cache=1522939432051 HTTP/1.1" 200 1349
186.103.157.98 - - [05/Apr/2018:11:44:43 -0300] "POST /cormun/servlet/solicitudot?gx-no-cache=1522939432170 HTTP/1.1" 200 1247
192.168.10.89 - - [05/Apr/2018:11:44:53 -0300] "POST /cormun/servlet/trsolicitudgral?c5e6001f7e4757b1906a95373edd02c6,,gx-no-cache=1522939320501 HTTP/1.1" 200 7319
186.103.157.98 - - [05/Apr/2018:11:46:03 -0300] "GET /cormun/servlet/solicitudot?a22b068c128119c03885e588b55d15bd0192a893e0a1d4464d72ff39ea771a48046ef177c4b2bf1595248b757c04a3b8,gx-no-cache=1522939511636 HTTP/1.1" 200 30
186.103.157.98 - - [05/Apr/2018:11:46:16 -0300] "POST /cormun/servlet/solicitudot?gx-no-cache=1522939525015 HTTP/1.1" 200 34
192.168.10.89 - - [05/Apr/2018:11:47:28 -0300] "POST /cormun/servlet/trsolicitudgral?c5e6001f7e4757b1906a95373edd02c6,,gx-no-cache=1522939476039 HTTP/1.1" 200 7348
46.174.191.30 - - [05/Apr/2018:11:47:37 -0300] "GET / HTTP/1.0" 200 11197
192.168.10.89 - - [05/Apr/2018:11:47:41 -0300] "GET /cormun/servlet/vesolicitudgral?2018,10988,, HTTP/1.1" 200 9512
192.168.10.89 - - [05/Apr/2018:11:47:41 -0300] "GET /cormun/pexe_scrolldiv.js HTTP/1.1" 404 1009
192.168.10.89 - - [05/Apr/2018:11:47:44 -0300] "GET /cormun/servlet/vesolicitudgral?2018,10988,,SolicitudOTLog HTTP/1.1" 200 10582
192.168.10.89 - - [05/Apr/2018:11:47:44 -0300] "GET /cormun/pexe_scrolldiv.js HTTP/1.1" 404 1009
192.168.10.89 - - [05/Apr/2018:11:47:45 -0300] "POST /cormun/servlet/acontrolpreferencessavestate?None,CDROGUETT,true HTTP/1.1" 200 35
192.168.10.89 - - [05/Apr/2018:11:47:55 -0300] "GET /cormun/servlet/vesolicitudgral?2018,10988,,General HTTP/1.1" 200 9517
192.168.10.89 - - [05/Apr/2018:11:47:55 -0300] "GET /cormun/pexe_scrolldiv.js HTTP/1.1" 404 1009
186.103.157.98 - - [05/Apr/2018:11:48:31 -0300] "POST /cormun/servlet/solicitudot?gx-no-cache=1522939659581 HTTP/1.1" 200 238
186.103.157.98 - - [05/Apr/2018:11:49:25 -0300] "GET /cormun/servlet/solicitudot?a22b068c128119c03885e588b55d15bd9e15616f508dd086beed258f72bd1e58fd10b223e061cda69ca0f3253a55b09d970c0f13b23d70dac514eabd3c5d1a4ab828ed689fdab81cbe33b74d6751db56d42597b3cc9b1c175b7ff06db0c4c133048ed0c8eb2f78507c8754309c19090ae06d66a07a12ef1dc476fc6bfd85ab280235a418dfb19d24c2cceffdbd1aa90d8064692ce2fe9288d951d444a939d925a770bc21ba3db62cf9a4a05ff326353577cbb5c3d1270ae3df1dd468e9a43498f723971a9cd166cdfb48648031f32884e030297a1adcc13b53e20ee093200b049ee0bdaa2d3f48a3eaed5ce322d9f3e585da3f567a6e31b78003b3a15d063ede427cb10dd64178f3e7b0ba2bf018d5357c57e5806e9787e134b374b9bcb40b3bac89e0baa0a18246d811985ba03b3876a524e35c067216e2f879f85221cbdf3c9bbeb5fdbc60b083c922d7b6e01de1eb24ad89abdf055a08a0d2e0381bad2061bf126db244dfbfde127d82d7e23763f1d9778c4b72c31a69ca25b34afcdfbba0,gx-no-cache=1522939713279 HTTP/1.1" 200 30
186.103.157.98 - - [05/Apr/2018:11:49:25 -0300] "POST /cormun/servlet/solicitudot?gx-no-cache=1522939713770 HTTP/1.1" 200 30
186.103.157.98 - - [05/Apr/2018:11:49:25 -0300] "POST /cormun/servlet/solicitudot?gx-no-cache=1522939713823 HTTP/1.1" 200 1367
186.103.157.98 - - [05/Apr/2018:11:49:26 -0300] "POST /cormun/servlet/solicitudot?gx-no-cache=1522939715177 HTTP/1.1" 200 30
186.103.157.98 - - [05/Apr/2018:11:49:26 -0300] "POST /cormun/servlet/solicitudot?gx-no-cache=1522939715260 HTTP/1.1" 200 1367
186.103.157.98 - - [05/Apr/2018:11:49:37 -0300] "GET /cormun/static/Resources/resize.gif HTTP/1.1" 200 77
186.103.157.98 - - [05/Apr/2018:11:49:37 -0300] "GET /cormun/servlet/prfichaempleado?,MD,,gxPopupLevel%3D0%3B HTTP/1.1" 200 9425
186.103.157.98 - - [05/Apr/2018:11:49:38 -0300] "GET /cormun/static/gxcfg.js?20177612134814 HTTP/1.1" 200 953
186.103.157.98 - - [05/Apr/2018:11:49:38 -0300] "GET /cormun/static/Resources/PXToolsMenuSearch.png HTTP/1.1" 200 2914
186.103.157.98 - - [05/Apr/2018:11:49:38 -0300] "GET /cormun/static/menusearch.js?201610171694467 HTTP/1.1" 200 1424
186.103.157.98 - - [05/Apr/2018:11:49:38 -0300] "GET /cormun/static/hmpwkw011.js?20177612121862 HTTP/1.1" 200 1968
186.103.157.98 - - [05/Apr/2018:11:49:38 -0300] "GET /cormun/static/Resources/PXToolsMenuSearchCancel.png HTTP/1.1" 200 2972
186.103.157.98 - - [05/Apr/2018:11:49:38 -0300] "GET /cormun/static/prfichaempleado.js?20177612134999 HTTP/1.1" 200 16006
186.103.157.42 - - [05/Apr/2018:11:49:40 -0300] "GET /cormun/servlet/trpermisosgoce? HTTP/1.1" 200 6090
186.103.157.42 - - [05/Apr/2018:11:49:41 -0300] "GET /cormun/servlet/trpermisosgoce? HTTP/1.1" 200 6100
186.103.157.42 - - [05/Apr/2018:11:49:41 -0300] "GET /cormun/servlet/hlogin HTTP/1.1" 200 1745
186.103.157.42 - - [05/Apr/2018:11:49:45 -0300] "POST /cormun/servlet/hlogin?d32a40f95bc151f9a0762b8a52757573,gx-no-cache=1522939733453 HTTP/1.1" 200 90
186.103.157.42 - - [05/Apr/2018:11:49:45 -0300] "GET /cormun/servlet/hpexe_link HTTP/1.1" 200 963
186.103.157.42 - - [05/Apr/2018:11:49:45 -0300] "GET /cormun/servlet/trpermisosgoce HTTP/1.1" 200 8995
186.103.157.42 - - [05/Apr/2018:11:49:46 -0300] "GET /cormun/servlet/trpermisosgoce HTTP/1.1" 200 8993
186.103.157.42 - - [05/Apr/2018:11:49:49 -0300] "GET /cormun/servlet/trpermisosadjuntos?17520016,20180403160205,P, HTTP/1.1" 200 6574
186.103.157.42 - - [05/Apr/2018:11:49:50 -0300] "GET /cormun/servlet/trpermisosadjuntos?17520016,20180403160205,P, HTTP/1.1" 200 6574
186.103.157.42 - - [05/Apr/2018:11:49:53 -0300] "GET /cormun/servlet/permisosadjuntos?INS,17520016,P,20180403160205,, HTTP/1.1" 200 5905
186.103.157.42 - - [05/Apr/2018:11:49:53 -0300] "GET /cormun/static/about:blank HTTP/1.1" 404 1011
186.103.157.42 - - [05/Apr/2018:11:49:54 -0300] "GET /cormun/servlet/permisosadjuntos?INS,17520016,P,20180403160205,, HTTP/1.1" 200 5898
186.103.157.98 - - [05/Apr/2018:11:49:55 -0300] "GET /cormun/servlet/prlicenciaspermisos?15525765,L,,MD,,gxPopupLevel%3D0%3B HTTP/1.1" 200 5545
186.103.157.98 - - [05/Apr/2018:11:49:55 -0300] "GET /cormun/static/gxcfg.js?20176272053834 HTTP/1.1" 200 953
186.103.157.98 - - [05/Apr/2018:11:49:55 -0300] "GET /cormun/static/prlicenciaspermisos.js?20176272054050 HTTP/1.1" 200 13379
186.103.157.98 - - [05/Apr/2018:11:50:06 -0300] "GET /cormun/servlet/prfichaempleado?,MD,,gxPopupLevel%3D0%3B HTTP/1.1" 200 9425
201.214.54.200 - - [05/Apr/2018:11:50:12 -0300] "POST /cormun/servlet/hlogin?dc3cfd6a33ebb6c8d7af0a16ac5cc27d,gx-no-cache=1522939760386 HTTP/1.1" 440 972
186.103.157.42 - - [05/Apr/2018:11:50:16 -0300] "POST /cormun/servlet/permisosadjuntos?d32a40f95bc151f9a0762b8a52757573,INS,17520016,P,20180403160205,, HTTP/1.1" 200 116
186.103.157.42 - - [05/Apr/2018:11:50:16 -0300] "GET /cormun/servlet/hpexe_return? HTTP/1.1" 200 1044
186.103.157.42 - - [05/Apr/2018:11:50:16 -0300] "GET /cormun/servlet/trpermisosadjuntos?17520016,20180403160205,P, HTTP/1.1" 200 7066
186.103.157.42 - - [05/Apr/2018:11:50:17 -0300] "GET /cormun/servlet/trpermisosadjuntos?17520016,20180403160205,P, HTTP/1.1" 200 7063
186.103.157.42 - - [05/Apr/2018:11:50:20 -0300] "POST /cormun/servlet/trpermisosadjuntos?d32a40f95bc151f9a0762b8a52757573,17520016,20180403160205,P,,gx-no-cache=1522939768526 HTTP/1.1" 200 90
186.103.157.42 - - [05/Apr/2018:11:50:20 -0300] "GET /cormun/servlet/hpexe_link HTTP/1.1" 200 990
186.103.157.42 - - [05/Apr/2018:11:50:20 -0300] "GET /cormun/servlet/trpermisosgoce HTTP/1.1" 200 8995
186.103.157.42 - - [05/Apr/2018:11:50:21 -0300] "GET /cormun/servlet/trpermisosgoce HTTP/1.1" 200 8993
201.214.54.200 - - [05/Apr/2018:11:50:25 -0300] "GET /cormun/servlet/hlogin HTTP/1.1" 200 1712
186.103.157.42 - - [05/Apr/2018:11:50:25 -0300] "POST /cormun/servlet/trpermisosgoce?d32a40f95bc151f9a0762b8a52757573,gx-no-cache=1522939774215 HTTP/1.1" 200 6035
186.103.157.42 - - [05/Apr/2018:11:50:26 -0300] "GET /cormun/static/Shared/jqueryui/images/ui-bg_highlight-soft_100_c6c2c8_1x100.png HTTP/1.1" 404 1117
186.103.157.42 - - [05/Apr/2018:11:50:26 -0300] "GET /cormun/static/Shared/jqueryui/images/ui-icons_82798d_256x240.png HTTP/1.1" 404 1089
186.103.157.42 - - [05/Apr/2018:11:50:26 -0300] "GET /cormun/static/Shared/jqueryui/images/ui-bg_flat_55_fafafa_40x100.png HTTP/1.1" 404 1097
186.103.157.42 - - [05/Apr/2018:11:50:26 -0300] "GET /cormun/static/Shared/jqueryui/images/ui-icons_8d78a5_256x240.png HTTP/1.1" 404 1089
186.103.157.42 - - [05/Apr/2018:11:50:29 -0300] "GET /cormun/servlet/trpermisosadjuntos?14554224,20180327133340,P, HTTP/1.1" 200 6568
186.103.157.42 - - [05/Apr/2018:11:50:30 -0300] "GET /cormun/servlet/trpermisosadjuntos?14554224,20180327133340,P, HTTP/1.1" 200 6569
186.103.157.42 - - [05/Apr/2018:11:50:31 -0300] "GET /cormun/servlet/permisosadjuntos?INS,14554224,P,20180327133340,, HTTP/1.1" 200 5905
186.103.157.42 - - [05/Apr/2018:11:50:31 -0300] "GET /cormun/static/about:blank HTTP/1.1" 404 1011
186.103.157.42 - - [05/Apr/2018:11:50:32 -0300] "GET /cormun/servlet/permisosadjuntos?INS,14554224,P,20180327133340,, HTTP/1.1" 200 5894
201.214.54.200 - - [05/Apr/2018:11:50:35 -0300] "POST /cormun/servlet/hlogin?29b80dfb7328d45fdc69eae7d675c13b,gx-no-cache=1522939783931 HTTP/1.1" 200 90
186.103.157.42 - - [05/Apr/2018:11:50:36 -0300] "POST /cormun/servlet/permisosadjuntos?d32a40f95bc151f9a0762b8a52757573,INS,14554224,P,20180327133340,, HTTP/1.1" 200 116
186.103.157.42 - - [05/Apr/2018:11:50:36 -0300] "GET /cormun/servlet/hpexe_return? HTTP/1.1" 200 1044
201.214.54.200 - - [05/Apr/2018:11:50:36 -0300] "GET /cormun/servlet/hpexe_link HTTP/1.1" 200 944
186.103.157.42 - - [05/Apr/2018:11:50:36 -0300] "GET /cormun/servlet/trpermisosadjuntos?14554224,20180327133340,P, HTTP/1.1" 200 7062
201.214.54.200 - - [05/Apr/2018:11:50:36 -0300] "GET /cormun/servlet/hhome HTTP/1.1" 200 4221
186.103.157.42 - - [05/Apr/2018:11:50:37 -0300] "GET /cormun/servlet/trpermisosadjuntos?14554224,20180327133340,P, HTTP/1.1" 200 7056
201.214.54.200 - - [05/Apr/2018:11:50:38 -0300] "GET /cormun/servlet/hhome HTTP/1.1" 200 4218
186.103.157.42 - - [05/Apr/2018:11:50:40 -0300] "POST /cormun/servlet/trpermisosadjuntos?d32a40f95bc151f9a0762b8a52757573,14554224,20180327133340,P,,gx-no-cache=1522939788686 HTTP/1.1" 200 90
186.103.157.42 - - [05/Apr/2018:11:50:40 -0300] "GET /cormun/servlet/hpexe_link HTTP/1.1" 200 1011
186.103.157.42 - - [05/Apr/2018:11:50:40 -0300] "GET /cormun/servlet/trpermisosgoce?gx-no-cache=1522939774215 HTTP/1.1" 200 8993
201.214.54.200 - - [05/Apr/2018:11:50:41 -0300] "GET /cormun/servlet/trcontratounov2? HTTP/1.1" 200 17480
186.103.157.42 - - [05/Apr/2018:11:50:41 -0300] "GET /cormun/servlet/trpermisosgoce?gx-no-cache=1522939774215 HTTP/1.1" 200 9013
201.214.54.200 - - [05/Apr/2018:11:50:42 -0300] "GET /cormun/servlet/trcontratounov2? HTTP/1.1" 200 17507
186.103.157.42 - - [05/Apr/2018:11:50:43 -0300] "POST /cormun/servlet/trpermisosgoce?d32a40f95bc151f9a0762b8a52757573,gx-no-cache=1522939774215,gx-no-cache=1522939791747 HTTP/1.1" 200 6023
186.103.157.42 - - [05/Apr/2018:11:50:43 -0300] "GET /cormun/static/Shared/jqueryui/images/ui-bg_highlight-soft_100_c6c2c8_1x100.png HTTP/1.1" 404 1117
186.103.157.42 - - [05/Apr/2018:11:50:43 -0300] "GET /cormun/static/Shared/jqueryui/images/ui-icons_82798d_256x240.png HTTP/1.1" 404 1089
186.103.157.42 - - [05/Apr/2018:11:50:43 -0300] "GET /cormun/static/Shared/jqueryui/images/ui-bg_flat_55_fafafa_40x100.png HTTP/1.1" 404 1097
186.103.157.42 - - [05/Apr/2018:11:50:43 -0300] "GET /cormun/static/Shared/jqueryui/images/ui-icons_8d78a5_256x240.png HTTP/1.1" 404 1089
201.214.54.200 - - [05/Apr/2018:11:50:51 -0300] "POST /cormun/servlet/trcontratounov2?29b80dfb7328d45fdc69eae7d675c13b,,gx-no-cache=1522939799012 HTTP/1.1" 200 17618
186.103.157.42 - - [05/Apr/2018:11:50:52 -0300] "GET /cormun/servlet/trautorizarpermisogoce? HTTP/1.1" 200 8260
186.103.157.42 - - [05/Apr/2018:11:50:53 -0300] "GET /cormun/servlet/trautorizarpermisogoce? HTTP/1.1" 200 8238
186.103.157.42 - - [05/Apr/2018:11:50:59 -0300] "POST /cormun/servlet/trautorizarpermisogoce?d32a40f95bc151f9a0762b8a52757573,,gx-no-cache=1522939807457 HTTP/1.1" 200 5122
186.103.157.42 - - [05/Apr/2018:11:50:59 -0300] "GET /cormun/static/Shared/jqueryui/images/ui-bg_highlight-soft_100_c6c2c8_1x100.png HTTP/1.1" 404 1117
186.103.157.42 - - [05/Apr/2018:11:50:59 -0300] "GET /cormun/static/Shared/jqueryui/images/ui-icons_82798d_256x240.png HTTP/1.1" 404 1089
186.103.157.42 - - [05/Apr/2018:11:50:59 -0300] "GET /cormun/static/Shared/jqueryui/images/ui-bg_flat_55_fafafa_40x100.png HTTP/1.1" 404 1097
186.103.157.42 - - [05/Apr/2018:11:50:59 -0300] "GET /cormun/static/Shared/jqueryui/images/ui-icons_8d78a5_256x240.png HTTP/1.1" 404 1089
186.103.157.42 - - [05/Apr/2018:11:51:00 -0300] "POST /cormun/servlet/trautorizarpermisogoce?d32a40f95bc151f9a0762b8a52757573,,gx-no-cache=1522939808301 HTTP/1.1" 200 4365
201.214.54.200 - - [05/Apr/2018:11:51:02 -0300] "POST /cormun/servlet/trcontratounov2?29b80dfb7328d45fdc69eae7d675c13b,,gx-no-cache=1522939810017 HTTP/1.1" 200 14067
186.103.157.98 - - [05/Apr/2018:11:51:15 -0300] "GET /cormun/servlet/prfichaempleado?,MD,,gxPopupLevel%3D0%3B HTTP/1.1" 200 9425
186.103.157.98 - - [05/Apr/2018:11:51:31 -0300] "POST /cormun/servlet/prfichaempleado?2de3b598e7f38e7fc7f26bb9c94ab33f,,MD,,gxPopupLevel%3D0%3B,gx-no-cache=1522939839930 HTTP/1.1" 200 3433
186.79.209.55 - - [05/Apr/2018:11:51:37 -0300] "GET /cormun/servlet/trlicencias? HTTP/1.1" 200 11381
186.79.209.55 - - [05/Apr/2018:11:51:39 -0300] "GET /cormun/servlet/trlicencias? HTTP/1.1" 200 11379
186.103.157.98 - - [05/Apr/2018:11:51:45 -0300] "POST /cormun/servlet/solicitudot?gx-no-cache=1522939854334 HTTP/1.1" 200 1367
186.79.209.55 - - [05/Apr/2018:11:51:49 -0300] "GET /cormun/servlet/licenciaspermisos?DSP,7755097,L,20180315000000, HTTP/1.1" 200 7357
186.79.209.55 - - [05/Apr/2018:11:51:49 -0300] "GET /cormun/static/gxcfg.js?201762917281167 HTTP/1.1" 200 953
186.79.209.55 - - [05/Apr/2018:11:51:51 -0300] "GET /cormun/static/licenciaspermisos.js?201762917281260 HTTP/1.1" 200 37491
200.112.233.47 - - [05/Apr/2018:11:51:52 -0300] "GET /cormun/servlet/hlogin HTTP/1.1" 200 1725
200.112.233.47 - - [05/Apr/2018:11:51:52 -0300] "GET /cormun/static/gxtimezone.js?85251 HTTP/1.1" 200 5781
200.112.233.47 - - [05/Apr/2018:11:51:53 -0300] "GET /cormun/servlet/hlogin HTTP/1.1" 200 1728
200.112.233.47 - - [05/Apr/2018:11:51:54 -0300] "GET /favicon.ico HTTP/1.1" 200 21630
186.79.209.55 - - [05/Apr/2018:11:51:54 -0300] "GET /cormun/servlet/licenciaspermisos?DSP,7755097,L,20180315000000, HTTP/1.1" 200 7357
186.103.157.98 - - [05/Apr/2018:11:52:01 -0300] "GET /cormun/servlet/hlogin HTTP/1.1" 200 1728
186.103.157.98 - - [05/Apr/2018:11:52:03 -0300] "POST /cormun/servlet/hlogin?2de3b598e7f38e7fc7f26bb9c94ab33f,gx-no-cache=1522939871624 HTTP/1.1" 200 90
186.103.157.98 - - [05/Apr/2018:11:52:03 -0300] "GET /cormun/servlet/hpexe_link HTTP/1.1" 200 968
186.103.157.98 - - [05/Apr/2018:11:52:03 -0300] "GET /cormun/servlet/prfichaempleado?,MD, HTTP/1.1" 200 9423
190.100.93.40 - - [05/Apr/2018:11:52:11 -0300] "GET /cormun/servlet/trlicencias? HTTP/1.1" 200 6112
186.103.157.98 - - [05/Apr/2018:11:52:11 -0300] "POST /cormun/servlet/acontrolpreferencessavestate?None,VGUAJARDO,true HTTP/1.1" 200 35
190.100.93.40 - - [05/Apr/2018:11:52:11 -0300] "GET /cormun/servlet/hlogin HTTP/1.1" 200 1739
190.100.93.40 - - [05/Apr/2018:11:52:12 -0300] "GET /cormun/servlet/trlicencias? HTTP/1.1" 200 6111
201.214.54.200 - - [05/Apr/2018:11:52:14 -0300] "POST /cormun/servlet/licenciaspermisos?29b80dfb7328d45fdc69eae7d675c13b,DSP,7755097,L,20180315000000,,gx-no-cache=1522939882650 HTTP/1.1" 200 90
201.214.54.200 - - [05/Apr/2018:11:52:14 -0300] "GET /cormun/servlet/hpexe_link HTTP/1.1" 200 975
201.214.54.200 - - [05/Apr/2018:11:52:15 -0300] "GET /cormun/servlet/trlicencias HTTP/1.1" 200 11382
200.112.233.47 - - [05/Apr/2018:11:52:16 -0300] "POST /cormun/servlet/hlogin?028f2752a986275fe7cf8e3d4e5d326a,gx-no-cache=1522939884669 HTTP/1.1" 200 446
201.214.54.200 - - [05/Apr/2018:11:52:16 -0300] "GET /cormun/servlet/trlicencias HTTP/1.1" 200 11379
186.103.159.46 - - [05/Apr/2018:11:52:23 -0300] "GET /cormun/servlet/hlogin HTTP/1.1" 200 1721
186.103.157.98 - - [05/Apr/2018:11:52:23 -0300] "GET /cormun/servlet/hlogin HTTP/1.1" 200 1728
201.214.54.200 - - [05/Apr/2018:11:52:25 -0300] "GET /cormun/servlet/alicenciaprn?7755097,L,20180315000000,PU HTTP/1.1" 200 1616
186.103.157.98 - - [05/Apr/2018:11:52:27 -0300] "POST /cormun/servlet/hlogin?2de3b598e7f38e7fc7f26bb9c94ab33f,gx-no-cache=1522939896408 HTTP/1.1" 200 90
186.103.157.98 - - [05/Apr/2018:11:52:28 -0300] "GET /cormun/servlet/hpexe_link HTTP/1.1" 200 968
200.112.233.47 - - [05/Apr/2018:11:52:28 -0300] "POST /cormun/servlet/hlogin?028f2752a986275fe7cf8e3d4e5d326a,gx-no-cache=1522939896643 HTTP/1.1" 200 448
186.103.157.98 - - [05/Apr/2018:11:52:28 -0300] "GET /cormun/servlet/prfichaempleado?,MD, HTTP/1.1" 200 9428
186.103.159.46 - - [05/Apr/2018:11:52:49 -0300] "POST /cormun/servlet/hlogin?0c4c7203639589ca68e9e494ad4c43f9,gx-no-cache=1522939915708 HTTP/1.1" 200 90
186.103.159.46 - - [05/Apr/2018:11:52:49 -0300] "GET /cormun/servlet/hpexe_link HTTP/1.1" 200 948
186.103.157.98 - - [05/Apr/2018:11:52:49 -0300] "POST /cormun/servlet/acontrolpreferencessavestate?None,VGUAJARDO,true HTTP/1.1" 200 35
186.103.159.46 - - [05/Apr/2018:11:52:49 -0300] "GET /cormun/servlet/hhome HTTP/1.1" 200 3961
186.103.159.46 - - [05/Apr/2018:11:52:51 -0300] "GET /cormun/servlet/hhome HTTP/1.1" 200 3955
186.103.159.46 - - [05/Apr/2018:11:53:05 -0300] "GET /cormun/servlet/trpermisosgoce? HTTP/1.1" 200 8355
186.103.159.46 - - [05/Apr/2018:11:53:07 -0300] "GET /cormun/servlet/trpermisosgoce? HTTP/1.1" 200 8353
186.103.159.46 - - [05/Apr/2018:11:53:12 -0300] "GET /cormun/servlet/permisogoce?INS,0,,, HTTP/1.1" 200 6794
186.103.159.46 - - [05/Apr/2018:11:53:12 -0300] "GET /cormun/static/gxcfg.js?201776126440 HTTP/1.1" 200 953
186.103.159.46 - - [05/Apr/2018:11:53:12 -0300] "GET /cormun/static/permisogoce.js?2017761264459 HTTP/1.1" 200 27897
186.103.159.46 - - [05/Apr/2018:11:53:14 -0300] "GET /cormun/servlet/permisogoce?INS,0,,, HTTP/1.1" 200 6793
200.112.233.47 - - [05/Apr/2018:11:53:29 -0300] "GET /cormun/servlet/hlogin HTTP/1.1" 200 1725
186.103.159.46 - - [05/Apr/2018:11:53:33 -0300] "GET /cormun/servlet/permisogoce?82061096a236750c961a26262a666ddf7f7156c45dd2e57fe9f628dfe67e97cb8a10916cb5b2bce5c4a7b3c7dde194cb,gx-no-cache=1522939959887 HTTP/1.1" 200 80
186.103.159.46 - - [05/Apr/2018:11:53:45 -0300] "GET /cormun/static/menuarrow.gif HTTP/1.1" 404 1015
186.79.209.55 - - [05/Apr/2018:11:53:49 -0300] "GET /cormun/servlet/hlogin HTTP/1.1" 200 1727
200.112.233.47 - - [05/Apr/2018:11:53:53 -0300] "POST /cormun/servlet/hlogin?028f2752a986275fe7cf8e3d4e5d326a,gx-no-cache=1522939982130 HTTP/1.1" 200 435
186.103.159.46 - - [05/Apr/2018:11:53:56 -0300] "GET /cormun/servlet/permisogoce?82061096a236750c961a26262a666ddfea7cbde2c497524b4fb6be197ff685a3f76549dabb11ca802e9b08486c4f03df79e445f99d50cc44bc88901c9b9d9ffc,gx-no-cache=1522939982387 HTTP/1.1" 200 45
200.112.233.47 - - [05/Apr/2018:11:54:00 -0300] "POST /cormun/servlet/hlogin?028f2752a986275fe7cf8e3d4e5d326a,gx-no-cache=1522939988744 HTTP/1.1" 200 435
200.112.233.47 - - [05/Apr/2018:11:54:02 -0300] "POST /cormun/servlet/hlogin?028f2752a986275fe7cf8e3d4e5d326a,gx-no-cache=1522939990399 HTTP/1.1" 200 433
200.112.233.47 - - [05/Apr/2018:11:54:10 -0300] "POST /cormun/servlet/hlogin?028f2752a986275fe7cf8e3d4e5d326a,gx-no-cache=1522939998344 HTTP/1.1" 200 435
186.79.209.55 - - [05/Apr/2018:11:54:26 -0300] "POST /cormun/servlet/hlogin?29b80dfb7328d45fdc69eae7d675c13b,gx-no-cache=1522940014155 HTTP/1.1" 200 90
186.79.209.55 - - [05/Apr/2018:11:54:26 -0300] "GET /cormun/servlet/hpexe_link HTTP/1.1" 200 949
186.79.209.55 - - [05/Apr/2018:11:54:26 -0300] "GET /cormun/servlet/trlicencias HTTP/1.1" 200 11379
200.112.233.47 - - [05/Apr/2018:11:54:31 -0300] "POST /cormun/servlet/hlogin?028f2752a986275fe7cf8e3d4e5d326a,gx-no-cache=1522940019416 HTTP/1.1" 200 435
186.79.209.55 - - [05/Apr/2018:11:54:31 -0300] "GET /cormun/servlet/trlicencias HTTP/1.1" 200 11379
186.103.159.46 - - [05/Apr/2018:11:54:32 -0300] "POST /cormun/servlet/permisogoce?0c4c7203639589ca68e9e494ad4c43f9,INS,0,,,,gx-no-cache=1522940018665 HTTP/1.1" 200 93
186.103.159.46 - - [05/Apr/2018:11:54:32 -0300] "GET /cormun/servlet/hpexe_return? HTTP/1.1" 200 1009
186.103.159.46 - - [05/Apr/2018:11:54:33 -0300] "GET /cormun/servlet/trpermisosgoce HTTP/1.1" 200 8593
201.214.54.200 - - [05/Apr/2018:11:54:34 -0300] "POST /cormun/servlet/trlicencias?29b80dfb7328d45fdc69eae7d675c13b,gx-no-cache=1522940022706 HTTP/1.1" 200 90
201.214.54.200 - - [05/Apr/2018:11:54:34 -0300] "GET /cormun/servlet/hpexe_link HTTP/1.1" 200 953
186.103.159.46 - - [05/Apr/2018:11:54:35 -0300] "GET /cormun/servlet/trpermisosgoce HTTP/1.1" 200 8590
201.214.54.200 - - [05/Apr/2018:11:54:35 -0300] "GET /cormun/servlet/trcontratounov2? HTTP/1.1" 200 14368
201.214.54.200 - - [05/Apr/2018:11:54:36 -0300] "GET /cormun/servlet/trcontratounov2? HTTP/1.1" 200 14379
201.214.54.200 - - [05/Apr/2018:11:54:41 -0300] "GET /cormun/servlet/trsolicitudot? HTTP/1.1" 200 7430
201.214.54.200 - - [05/Apr/2018:11:54:43 -0300] "GET /cormun/servlet/trsolicitudot? HTTP/1.1" 200 7429
200.112.233.47 - - [05/Apr/2018:11:54:55 -0300] "POST /cormun/servlet/hlogin?028f2752a986275fe7cf8e3d4e5d326a,gx-no-cache=1522940043415 HTTP/1.1" 200 435
201.214.54.200 - - [05/Apr/2018:11:54:55 -0300] "GET /cormun/static/menuarrow.gif HTTP/1.1" 404 1015
201.214.54.200 - - [05/Apr/2018:11:55:03 -0300] "POST /cormun/servlet/trsolicitudot?29b80dfb7328d45fdc69eae7d675c13b,,gx-no-cache=1522940051737 HTTP/1.1" 200 4470
192.168.10.89 - - [05/Apr/2018:11:55:03 -0300] "POST /cormun/servlet/vesolicitudgral?c5e6001f7e4757b1906a95373edd02c6,2018,10988,,General,gx-no-cache=1522939931351 HTTP/1.1" 200 90
192.168.10.89 - - [05/Apr/2018:11:55:03 -0300] "GET /cormun/servlet/hpexe_link HTTP/1.1" 200 970
192.168.10.89 - - [05/Apr/2018:11:55:04 -0300] "GET /cormun/servlet/trsolicitudgral? HTTP/1.1" 200 10845
200.112.233.47 - - [05/Apr/2018:11:55:09 -0300] "POST /cormun/servlet/hlogin?028f2752a986275fe7cf8e3d4e5d326a,gx-no-cache=1522940057608 HTTP/1.1" 200 435
201.214.54.200 - - [05/Apr/2018:11:55:13 -0300] "POST /cormun/servlet/trsolicitudot?29b80dfb7328d45fdc69eae7d675c13b,,gx-no-cache=1522940062141 HTTP/1.1" 200 4471
186.103.157.98 - - [05/Apr/2018:11:55:14 -0300] "GET /cormun/servlet/hlogin HTTP/1.1" 200 1728
201.214.54.200 - - [05/Apr/2018:11:55:16 -0300] "GET /cormun/servlet/hlogin HTTP/1.1" 200 1732
186.103.157.98 - - [05/Apr/2018:11:55:19 -0300] "POST /cormun/servlet/hlogin?2de3b598e7f38e7fc7f26bb9c94ab33f,gx-no-cache=1522940067816 HTTP/1.1" 200 90
186.103.157.98 - - [05/Apr/2018:11:55:19 -0300] "GET /cormun/servlet/hpexe_link HTTP/1.1" 200 968
186.103.157.98 - - [05/Apr/2018:11:55:20 -0300] "GET /cormun/servlet/prfichaempleado?,MD, HTTP/1.1" 200 9423
200.112.233.47 - - [05/Apr/2018:11:55:25 -0300] "POST /cormun/servlet/hlogin?028f2752a986275fe7cf8e3d4e5d326a,gx-no-cache=1522940073807 HTTP/1.1" 200 435
186.103.159.46 - - [05/Apr/2018:11:55:45 -0300] "GET /cormun/servlet/apermisogoceprn?7798370,P,20180405115020,PU HTTP/1.1" 200 1637
186.103.159.46 - - [05/Apr/2018:11:56:22 -0300] "GET /cormun/servlet/permisogoce?INS,0,,, HTTP/1.1" 200 6793
186.103.159.46 - - [05/Apr/2018:11:56:24 -0300] "GET /cormun/servlet/permisogoce?INS,0,,, HTTP/1.1" 200 6793
200.112.233.47 - - [05/Apr/2018:11:56:41 -0300] "POST /cormun/servlet/hlogin?028f2752a986275fe7cf8e3d4e5d326a,gx-no-cache=1522940149270 HTTP/1.1" 200 435
186.103.159.46 - - [05/Apr/2018:11:56:47 -0300] "GET /cormun/servlet/permisogoce?82061096a236750c961a26262a666ddf81e69bdde6093d0acf0ecadf28a994493dbb1a6757d8740248e0be77d32c9df1f4e564fe9ac527f2a33c4a8e8a9e11c9,gx-no-cache=1522940154259 HTTP/1.1" 200 82
186.103.159.46 - - [05/Apr/2018:11:57:00 -0300] "GET /cormun/static/menuarrow.gif HTTP/1.1" 404 1015
186.103.157.98 - - [05/Apr/2018:11:57:10 -0300] "GET /cormun/servlet/hlogin HTTP/1.1" 200 1728
186.103.159.46 - - [05/Apr/2018:11:57:12 -0300] "GET /cormun/servlet/permisogoce?82061096a236750c961a26262a666ddf5fbe408459db5e0c2176955cd6e8471440d54cd67d84e54dda4e665f39ce948d7175be89f0dbf8f3e946c45560620ae7,gx-no-cache=1522940178753 HTTP/1.1" 200 46
186.103.159.46 - - [05/Apr/2018:11:57:24 -0300] "POST /cormun/servlet/permisogoce?0c4c7203639589ca68e9e494ad4c43f9,INS,0,,,,gx-no-cache=1522940190912 HTTP/1.1" 200 93
186.103.159.46 - - [05/Apr/2018:11:57:24 -0300] "GET /cormun/servlet/hpexe_return? HTTP/1.1" 200 1009
186.103.159.46 - - [05/Apr/2018:11:57:25 -0300] "GET /cormun/servlet/trpermisosgoce HTTP/1.1" 200 8820
186.103.159.46 - - [05/Apr/2018:11:57:27 -0300] "GET /cormun/servlet/trpermisosgoce HTTP/1.1" 200 8816
186.103.157.98 - - [05/Apr/2018:11:57:29 -0300] "POST /cormun/servlet/hlogin?2de3b598e7f38e7fc7f26bb9c94ab33f,gx-no-cache=1522940197552 HTTP/1.1" 200 90
186.103.157.98 - - [05/Apr/2018:11:57:29 -0300] "GET /cormun/servlet/hpexe_link HTTP/1.1" 200 968
186.103.157.98 - - [05/Apr/2018:11:57:29 -0300] "GET /cormun/servlet/prfichaempleado?,MD, HTTP/1.1" 200 9423
186.79.233.153 - - [05/Apr/2018:11:57:39 -0300] "GET /cormun/servlet/hlogin HTTP/1.1" 200 1727
186.79.233.153 - - [05/Apr/2018:11:57:39 -0300] "GET /cormun/static/gxtimezone.js?85251 HTTP/1.1" 304 -
186.79.233.153 - - [05/Apr/2018:11:57:39 -0300] "GET /cormun/static/messages.spa.js?85251 HTTP/1.1" 304 -
186.79.233.153 - - [05/Apr/2018:11:57:40 -0300] "GET /cormun/servlet/hlogin HTTP/1.1" 200 1731
186.103.159.46 - - [05/Apr/2018:11:57:41 -0300] "GET /cormun/servlet/apermisogoceprn?13477280,P,20180405115329,PU HTTP/1.1" 200 1657
186.103.157.98 - - [05/Apr/2018:11:57:43 -0300] "POST /cormun/servlet/prfichaempleado?2de3b598e7f38e7fc7f26bb9c94ab33f,,MD,,gx-no-cache=1522940212072 HTTP/1.1" 200 3424
186.103.157.98 - - [05/Apr/2018:11:57:47 -0300] "POST /cormun/servlet/prfichaempleado?2de3b598e7f38e7fc7f26bb9c94ab33f,,MD,,gx-no-cache=1522940216272 HTTP/1.1" 200 3424
186.103.157.98 - - [05/Apr/2018:11:57:52 -0300] "GET /cormun/servlet/hlogin HTTP/1.1" 200 1747
186.103.157.98 - - [05/Apr/2018:11:57:55 -0300] "POST /cormun/servlet/hlogin?2de3b598e7f38e7fc7f26bb9c94ab33f,gx-no-cache=1522940223993 HTTP/1.1" 200 90
186.103.157.98 - - [05/Apr/2018:11:57:55 -0300] "GET /cormun/servlet/hpexe_link HTTP/1.1" 200 968
186.103.157.98 - - [05/Apr/2018:11:57:56 -0300] "GET /cormun/servlet/prfichaempleado?,MD, HTTP/1.1" 200 9423
186.103.157.98 - - [05/Apr/2018:11:58:05 -0300] "POST /cormun/servlet/acontrolpreferencessavestate?None,VGUAJARDO,true HTTP/1.1" 200 35
186.79.233.153 - - [05/Apr/2018:11:58:05 -0300] "POST /cormun/servlet/hlogin?d209674b7c736360c9a9a8378c403941,gx-no-cache=1522940232120 HTTP/1.1" 200 90
186.79.233.153 - - [05/Apr/2018:11:58:06 -0300] "GET /cormun/servlet/hpexe_link HTTP/1.1" 200 952
186.79.233.153 - - [05/Apr/2018:11:58:06 -0300] "GET /cormun/servlet/hhome HTTP/1.1" 200 4222
186.103.157.98 - - [05/Apr/2018:11:58:06 -0300] "POST /cormun/servlet/acontrolpreferencessavestate?None,VGUAJARDO,true HTTP/1.1" 200 35
186.79.233.153 - - [05/Apr/2018:11:58:06 -0300] "GET /cormun/servlet/hhome HTTP/1.1" 200 4218
186.103.159.189 - - [05/Apr/2018:11:58:10 -0300] "GET /cormun/servlet/trpermisosgoce? HTTP/1.1" 200 6098
186.103.159.189 - - [05/Apr/2018:11:58:12 -0300] "GET /cormun/servlet/trpermisosgoce? HTTP/1.1" 200 6094
186.103.159.189 - - [05/Apr/2018:11:58:12 -0300] "GET /cormun/servlet/hlogin HTTP/1.1" 200 1741
186.103.159.189 - - [05/Apr/2018:11:58:21 -0300] "POST /cormun/servlet/hlogin?3794215656cf6e0fd93009be36ad1062,gx-no-cache=1522940248780 HTTP/1.1" 200 90
186.103.159.189 - - [05/Apr/2018:11:58:21 -0300] "GET /cormun/servlet/hpexe_link HTTP/1.1" 200 958
186.103.159.189 - - [05/Apr/2018:11:58:21 -0300] "GET /cormun/servlet/trpermisosgoce HTTP/1.1" 200 10744
186.103.159.189 - - [05/Apr/2018:11:58:23 -0300] "GET /cormun/servlet/trpermisosgoce HTTP/1.1" 200 10781
200.73.230.197 - - [05/Apr/2018:11:58:27 -0300] "GET /cormun/servlet/hlogin HTTP/1.1" 200 1718
200.73.230.197 - - [05/Apr/2018:11:58:27 -0300] "GET /cormun/static/gxcfg.js?20175251213516 HTTP/1.1" 200 953
200.73.230.197 - - [05/Apr/2018:11:58:27 -0300] "GET /cormun/static/gxtimezone.js?85251 HTTP/1.1" 200 5781
200.73.230.197 - - [05/Apr/2018:11:58:27 -0300] "GET /cormun/static/Resources/Spanish/PXTools.css?11423723 HTTP/1.1" 200 89042
200.73.230.197 - - [05/Apr/2018:11:58:28 -0300] "GET /cormun/static/gxgral.js?85251 HTTP/1.1" 200 384558
200.73.230.197 - - [05/Apr/2018:11:58:28 -0300] "GET /cormun/static/messages.spa.js?85251 HTTP/1.1" 200 30736
200.73.230.197 - - [05/Apr/2018:11:58:28 -0300] "GET /cormun/static/hlogin.js?20175251213537 HTTP/1.1" 200 2136
200.73.230.197 - - [05/Apr/2018:11:58:28 -0300] "GET /cormun/static/Resources/ComunLogin.png HTTP/1.1" 200 17326
200.73.230.197 - - [05/Apr/2018:11:58:28 -0300] "GET /cormun/static/Resources/PXToolsLoginBottom.png HTTP/1.1" 200 1389
200.73.230.197 - - [05/Apr/2018:11:58:28 -0300] "GET /cormun/static/Resources/PXToolsLoginBackground.png HTTP/1.1" 200 1164
200.73.230.197 - - [05/Apr/2018:11:58:28 -0300] "GET /cormun/static/Resources/PXToolsButtonLeft21.png HTTP/1.1" 200 1287
200.73.230.197 - - [05/Apr/2018:11:58:29 -0300] "GET /cormun/static/Resources/PXToolsButtonRight21.png HTTP/1.1" 200 1283
200.73.230.197 - - [05/Apr/2018:11:58:29 -0300] "GET /cormun/static/Resources/PXToolsButtonBackground2.png HTTP/1.1" 200 1181
200.73.230.197 - - [05/Apr/2018:11:58:29 -0300] "GET /cormun/static/Resources/PXToolsLoginTop.png HTTP/1.1" 200 1337
200.73.230.197 - - [05/Apr/2018:11:58:30 -0300] "GET /cormun/static/Resources/indicator.gif HTTP/1.1" 200 1553
200.73.230.197 - - [05/Apr/2018:11:58:30 -0300] "GET /cormun/servlet/hlogin HTTP/1.1" 200 1728
186.103.159.189 - - [05/Apr/2018:11:58:37 -0300] "GET /cormun/servlet/permisogoce?INS,0,,, HTTP/1.1" 200 6828
186.103.159.189 - - [05/Apr/2018:11:58:39 -0300] "GET /cormun/servlet/permisogoce?INS,0,,, HTTP/1.1" 200 6828
186.103.159.189 - - [05/Apr/2018:11:58:47 -0300] "GET /cormun/static/Resources/resize.gif HTTP/1.1" 200 77
186.103.159.189 - - [05/Apr/2018:11:58:47 -0300] "GET /cormun/servlet/prfichaempleado?,MD,,gxPopupLevel%3D0%3B HTTP/1.1" 200 9341
186.103.159.189 - - [05/Apr/2018:11:58:47 -0300] "GET /cormun/static/gxcfg.js?20177612134814 HTTP/1.1" 200 953
186.103.159.189 - - [05/Apr/2018:11:58:47 -0300] "GET /cormun/static/Resources/PXToolsMenuSearch.png HTTP/1.1" 200 2914
186.103.159.189 - - [05/Apr/2018:11:58:47 -0300] "GET /cormun/static/menusearch.js?201610171694467 HTTP/1.1" 200 1424
186.103.159.189 - - [05/Apr/2018:11:58:47 -0300] "GET /cormun/static/hmpwkw011.js?20177612121862 HTTP/1.1" 200 1968
186.103.159.189 - - [05/Apr/2018:11:58:47 -0300] "GET /cormun/static/Resources/PXToolsMenuSearchCancel.png HTTP/1.1" 200 2972
186.103.159.189 - - [05/Apr/2018:11:58:47 -0300] "GET /cormun/static/prfichaempleado.js?20177612134999 HTTP/1.1" 200 16006
186.103.159.46 - - [05/Apr/2018:11:58:58 -0300] "GET /cormun/servlet/permisogoce?INS,0,,, HTTP/1.1" 200 6794
186.103.159.46 - - [05/Apr/2018:11:59:00 -0300] "GET /cormun/servlet/permisogoce?INS,0,,, HTTP/1.1" 200 6794
200.73.230.197 - - [05/Apr/2018:11:59:05 -0300] "POST /cormun/servlet/hlogin?2f147b72c59742bb5e7590423e9e08d8,gx-no-cache=1522940502363 HTTP/1.1" 200 90
200.73.230.197 - - [05/Apr/2018:11:59:05 -0300] "GET /cormun/servlet/hpexe_link HTTP/1.1" 200 947
200.73.230.197 - - [05/Apr/2018:11:59:05 -0300] "GET /cormun/static/gxcfg.js?20177612121792 HTTP/1.1" 200 953
200.73.230.197 - - [05/Apr/2018:11:59:05 -0300] "GET /cormun/static/hpexe_link.js?20177612121795 HTTP/1.1" 200 625
200.73.230.197 - - [05/Apr/2018:11:59:05 -0300] "GET /cormun/static/Resources/Spanish/PXTools.css?1155365 HTTP/1.1" 200 89042
200.73.230.197 - - [05/Apr/2018:11:59:06 -0300] "GET /cormun/servlet/hhome HTTP/1.1" 200 4495
200.73.230.197 - - [05/Apr/2018:11:59:06 -0300] "GET /cormun/static/SmoothNavMenu/resources/ddsmoothmenu-v.css?1012540 HTTP/1.1" 200 1188
200.73.230.197 - - [05/Apr/2018:11:59:06 -0300] "GET /cormun/static/SmoothNavMenu/resources/ddsmoothmenu.css?1012540 HTTP/1.1" 200 2223
200.73.230.197 - - [05/Apr/2018:11:59:06 -0300] "GET /cormun/static/Shared/jqueryui/jquery-ui.min.css?1245370 HTTP/1.1" 200 30288
200.73.230.197 - - [05/Apr/2018:11:59:06 -0300] "GET /cormun/static/scaMessage/css/jquery.pnotify.default.css?1716380 HTTP/1.1" 200 1707
200.73.230.197 - - [05/Apr/2018:11:59:06 -0300] "GET /cormun/static/gxcfg.js?20175251212442 HTTP/1.1" 200 953
200.73.230.197 - - [05/Apr/2018:11:59:06 -0300] "GET /cormun/static/PXToolsJavascripts/pexe_cookies.js HTTP/1.1" 200 792
200.73.230.197 - - [05/Apr/2018:11:59:06 -0300] "GET /cormun/static/PXToolsJavascripts/pexe_autoreload.js HTTP/1.1" 200 1762
200.73.230.197 - - [05/Apr/2018:11:59:06 -0300] "GET /cormun/static/PXToolsJavascripts/pexe_windows.js HTTP/1.1" 200 15207
200.73.230.197 - - [05/Apr/2018:11:59:06 -0300] "GET /cormun/static/PXToolsJavascripts/pexe_grid.js HTTP/1.1" 200 7559
200.73.230.197 - - [05/Apr/2018:11:59:06 -0300] "GET /cormun/static/PXToolsJavascripts/pexe_menus.js HTTP/1.1" 200 1286
200.73.230.197 - - [05/Apr/2018:11:59:06 -0300] "GET /cormun/static/PXToolsJavascripts/pexe_link.js HTTP/1.1" 200 5671
200.73.230.197 - - [05/Apr/2018:11:59:06 -0300] "GET /cormun/static/PXToolsJavascripts/pexe_menudivfix.js HTTP/1.1" 200 333
200.73.230.197 - - [05/Apr/2018:11:59:06 -0300] "GET /cormun/static/PXToolsJavascripts/pexe_griddivfix.js HTTP/1.1" 200 6644
200.73.230.197 - - [05/Apr/2018:11:59:07 -0300] "GET /cormun/static/PXToolsJavascripts/pexe_layers.js HTTP/1.1" 200 4114
200.73.230.197 - - [05/Apr/2018:11:59:07 -0300] "GET /cormun/static/PXToolsJavascripts/pexe_oavdivfix.js HTTP/1.1" 200 639
200.73.230.197 - - [05/Apr/2018:11:59:07 -0300] "GET /cormun/static/PXToolsJavascripts/pexe_oav.js HTTP/1.1" 200 645
200.73.230.197 - - [05/Apr/2018:11:59:07 -0300] "GET /cormun/static/PXToolsJavascripts/pexe_picture.js HTTP/1.1" 200 689
200.73.230.197 - - [05/Apr/2018:11:59:07 -0300] "GET /cormun/static/PXToolsJavascripts/pexe_scrolldiv.js HTTP/1.1" 200 4138
200.73.230.197 - - [05/Apr/2018:11:59:07 -0300] "GET /cormun/static/PXToolsJavascripts/pexe_popup.js HTTP/1.1" 200 13458
200.73.230.197 - - [05/Apr/2018:11:59:08 -0300] "GET /cormun/static/PXToolsJavascripts/pexe_tabdivfix.js HTTP/1.1" 200 876
200.73.230.197 - - [05/Apr/2018:11:59:08 -0300] "GET /cormun/static/PXToolsJavascripts/pexe_upload.js HTTP/1.1" 200 1423
200.73.230.197 - - [05/Apr/2018:11:59:08 -0300] "GET /cormun/static/PXToolsJavascripts/pexe_tabs.js HTTP/1.1" 200 3748
200.73.230.197 - - [05/Apr/2018:11:59:08 -0300] "GET /cormun/static/PXToolsJavascripts/PXToolsJavascriptsRender.js HTTP/1.1" 200 367
200.73.230.197 - - [05/Apr/2018:11:59:08 -0300] "GET /cormun/static/RunJS/RunJS.js HTTP/1.1" 200 288
200.73.230.197 - - [05/Apr/2018:11:59:08 -0300] "GET /cormun/static/hhome.js?20175251212450 HTTP/1.1" 200 777
200.73.230.197 - - [05/Apr/2018:11:59:08 -0300] "GET /cormun/static/hwchdr01.js?201752511465785 HTTP/1.1" 200 1183
200.73.230.197 - - [05/Apr/2018:11:59:08 -0300] "GET /cormun/static/Shared/ext/locale/ext-lang-en.js HTTP/1.1" 200 10940
200.73.230.197 - - [05/Apr/2018:11:59:08 -0300] "GET /cormun/static/Resources/PXToolsHeaderActionsRight.png HTTP/1.1" 200 1201
200.73.230.197 - - [05/Apr/2018:11:59:09 -0300] "GET /cormun/static/Resources/PXToolsHeaderActionsBackground.png HTTP/1.1" 200 484
200.73.230.197 - - [05/Apr/2018:11:59:09 -0300] "GET /cormun/static/Resources/PXToolsFooterBackground2.png HTTP/1.1" 200 1172
200.73.230.197 - - [05/Apr/2018:11:59:09 -0300] "GET /cormun/static/Resources/PXToolsDataTitle.png HTTP/1.1" 200 1173
200.73.230.197 - - [05/Apr/2018:11:59:09 -0300] "GET /cormun/static/Resources/PXToolsHeaderBackground2.png HTTP/1.1" 200 1174
200.73.230.197 - - [05/Apr/2018:11:59:09 -0300] "GET /cormun/static/gxui/gxui-all.js HTTP/1.1" 200 107772
200.73.230.197 - - [05/Apr/2018:11:59:09 -0300] "GET /cormun/static/Resources/PXToolsHeaderHome.png HTTP/1.1" 200 4147
200.73.230.197 - - [05/Apr/2018:11:59:09 -0300] "GET /cormun/static/Resources/logo4.png HTTP/1.1" 200 6582
200.73.230.197 - - [05/Apr/2018:11:59:09 -0300] "GET /cormun/static/Resources/PXToolsHeaderPreferences.png HTTP/1.1" 200 4189
200.73.230.197 - - [05/Apr/2018:11:59:09 -0300] "GET /cormun/static/Resources/PXToolsHeaderLogin.png HTTP/1.1" 200 4279
200.73.230.197 - - [05/Apr/2018:11:59:09 -0300] "GET /cormun/static/Resources/PXToolsHeaderSecurity.png HTTP/1.1" 200 4166
200.73.230.197 - - [05/Apr/2018:11:59:09 -0300] "GET /cormun/static/Resources/PXToolsHeaderActionsLeft.png HTTP/1.1" 200 1118
200.73.230.197 - - [05/Apr/2018:11:59:10 -0300] "GET /cormun/static/Shared/ext/ext-all.js HTTP/1.1" 200 1289687
200.73.230.197 - - [05/Apr/2018:11:59:10 -0300] "GET /cormun/static/hpexe_scripts.js?201752511465715 HTTP/1.1" 200 1544
200.73.230.197 - - [05/Apr/2018:11:59:10 -0300] "GET /cormun/static/hpexe_recentlink.js?20177611595044 HTTP/1.1" 200 2144
200.73.230.197 - - [05/Apr/2018:11:59:10 -0300] "GET /cormun/static/hpexe_messagecontroller.js?20177611595012 HTTP/1.1" 200 870
200.73.230.197 - - [05/Apr/2018:11:59:12 -0300] "GET /cormun/static/hpexe_messagepopupcomponent.js?20161017169425 HTTP/1.1" 200 605
200.73.230.197 - - [05/Apr/2018:11:59:12 -0300] "GET /cormun/static/hpexe_messagegenexuscomponent.js?201752511465344 HTTP/1.1" 200 587
200.73.230.197 - - [05/Apr/2018:11:59:12 -0300] "GET /cormun/static/cmcontrolpreferences.js?201752511465670 HTTP/1.1" 200 1375
200.73.230.197 - - [05/Apr/2018:11:59:12 -0300] "GET /cormun/static/Shared/jquery/jquery-1.4.2.min.js HTTP/1.1" 200 72174
200.73.230.197 - - [05/Apr/2018:11:59:12 -0300] "GET /cormun/static/Shared/jquery/jquery-1.10.2.min.js HTTP/1.1" 200 273199
200.73.230.197 - - [05/Apr/2018:11:59:14 -0300] "GET /cormun/static/SmoothNavMenu/resources/ddsmoothmenu.js HTTP/1.1" 200 12712
200.73.230.197 - - [05/Apr/2018:11:59:14 -0300] "GET /cormun/static/SmoothNavMenu/resources/SmoothNavMenuRender.js HTTP/1.1" 200 5951
200.73.230.197 - - [05/Apr/2018:11:59:14 -0300] "GET /cormun/static/scaMessage/js/jquery.pnotify.min.js HTTP/1.1" 200 13038
200.73.230.197 - - [05/Apr/2018:11:59:14 -0300] "GET /cormun/static/scaMessage/scaMessageRender.js HTTP/1.1" 200 11977
200.73.230.197 - - [05/Apr/2018:11:59:14 -0300] "GET /cormun/static/Shared/jqueryui/jquery-ui.min.js HTTP/1.1" 200 240427
200.73.230.197 - - [05/Apr/2018:11:59:14 -0300] "GET /cormun/static/hmpwkw03.js?20177612122668 HTTP/1.1" 200 3965
186.103.159.46 - - [05/Apr/2018:11:59:15 -0300] "GET /cormun/servlet/permisogoce?82061096a236750c961a26262a666ddf81e69bdde6093d0acf0ecadf28a994493dbb1a6757d8740248e0be77d32c9df1f4e564fe9ac527f2a33c4a8e8a9e11c9,gx-no-cache=1522940301623 HTTP/1.1" 200 85
200.73.230.197 - - [05/Apr/2018:11:59:15 -0300] "GET /cormun/static/SmoothNavMenu/resources/images/down.gif HTTP/1.1" 200 854
200.73.230.197 - - [05/Apr/2018:11:59:15 -0300] "GET /cormun/static/SmoothNavMenu/resources/images/right.gif HTTP/1.1" 200 860
200.73.230.197 - - [05/Apr/2018:11:59:15 -0300] "GET /cormun/servlet/hhome HTTP/1.1" 200 4491
186.103.159.189 - - [05/Apr/2018:11:59:16 -0300] "GET /cormun/servlet/permisogoce?a9c886990199bf9bcf45f1cb4f8d5aeb9da3f8da657bf706f8e5c12c80ed93483cd61e397ddb61f2343d6b5c198e9ab2c84bc132ff18fb883f0f016ac71b0372,gx-no-cache=1522940304007 HTTP/1.1" 200 77
200.73.230.197 - - [05/Apr/2018:11:59:18 -0300] "GET /cormun/servlet/trsolicitudgral? HTTP/1.1" 200 28726
200.73.230.197 - - [05/Apr/2018:11:59:18 -0300] "GET /cormun/static/gxui/gxui-all.css?120300 HTTP/1.1" 200 2179
200.73.230.197 - - [05/Apr/2018:11:59:18 -0300] "GET /cormun/static/calendar-system.css?85620 HTTP/1.1" 200 5572
200.73.230.197 - - [05/Apr/2018:11:59:18 -0300] "GET /cormun/static/Resources/Spanish/PXTools.css?1255365 HTTP/1.1" 200 89042
200.73.230.197 - - [05/Apr/2018:11:59:18 -0300] "GET /cormun/static/gxcfg.js?201813119461163 HTTP/1.1" 200 953
200.73.230.197 - - [05/Apr/2018:11:59:18 -0300] "GET /cormun/static/calendar.js?85251 HTTP/1.1" 200 26246
200.73.230.197 - - [05/Apr/2018:11:59:18 -0300] "GET /cormun/static/calendar-setup.js?85251 HTTP/1.1" 200 2588
200.73.230.197 - - [05/Apr/2018:11:59:18 -0300] "GET /cormun/static/calendar-es.js?85251 HTTP/1.1" 200 1901
200.73.230.197 - - [05/Apr/2018:11:59:19 -0300] "GET /cormun/static/Shared/ext/resources/css/ext-all.css?215870 HTTP/1.1" 200 416045
200.73.230.197 - - [05/Apr/2018:11:59:19 -0300] "GET /cormun/static/gxdec.js?85251 HTTP/1.1" 200 19579
200.73.230.197 - - [05/Apr/2018:11:59:19 -0300] "GET /cormun/static/trsolicitudgral.js?201813119462015 HTTP/1.1" 200 55173
200.73.230.197 - - [05/Apr/2018:11:59:19 -0300] "GET /cormun/static/Resources/PXTools/calendar.png HTTP/1.1" 200 1306
200.73.230.197 - - [05/Apr/2018:11:59:19 -0300] "GET /cormun/static/Resources/PXToolsDataSearch.png HTTP/1.1" 200 419
200.73.230.197 - - [05/Apr/2018:11:59:19 -0300] "GET /cormun/static/Resources/PXToolsGridFirstDisabled.gif HTTP/1.1" 200 100
200.73.230.197 - - [05/Apr/2018:11:59:19 -0300] "GET /cormun/static/Resources/PXToolsGridPreviousDisabled.gif HTTP/1.1" 200 90
200.73.230.197 - - [05/Apr/2018:11:59:19 -0300] "GET /cormun/static/Resources/PXToolsGridNextDisabled.gif HTTP/1.1" 200 90
200.73.230.197 - - [05/Apr/2018:11:59:20 -0300] "GET /cormun/static/Resources/PXToolsGridLastDisabled.gif HTTP/1.1" 200 98
200.73.230.197 - - [05/Apr/2018:11:59:20 -0300] "GET /cormun/static/Resources/PXToolsGridPage.gif HTTP/1.1" 200 725
200.73.230.197 - - [05/Apr/2018:11:59:20 -0300] "GET /cormun/static/Resources/PXToolsActionExcel.png HTTP/1.1" 200 3187
186.103.159.189 - - [05/Apr/2018:11:59:20 -0300] "GET /cormun/static/menuarrow.gif HTTP/1.1" 404 1015
200.73.230.197 - - [05/Apr/2018:11:59:20 -0300] "GET /cormun/static/Resources/PXToolsAddAllStandardAction.png HTTP/1.1" 200 628
200.73.230.197 - - [05/Apr/2018:11:59:20 -0300] "GET /cormun/static/Resources/PXToolsRemoveAllStandardAction.png HTTP/1.1" 200 495
200.73.230.197 - - [05/Apr/2018:11:59:21 -0300] "GET /cormun/static/Resources/asc.gif HTTP/1.1" 200 67
200.73.230.197 - - [05/Apr/2018:11:59:21 -0300] "GET /cormun/static/Resources/desc.gif HTTP/1.1" 200 65
200.73.230.197 - - [05/Apr/2018:11:59:21 -0300] "GET /cormun//static/Resources/PXToolsGridUpdate.png HTTP/1.1" 200 2984
200.73.230.197 - - [05/Apr/2018:11:59:21 -0300] "GET /cormun//static/Resources/PXToolsGridDelete.png HTTP/1.1" 200 357
200.73.230.197 - - [05/Apr/2018:11:59:22 -0300] "GET /cormun/servlet/trsolicitudgral? HTTP/1.1" 200 28723
200.73.230.197 - - [05/Apr/2018:11:59:22 -0300] "GET /cormun/static/Shared/ext/resources/themes/images/default/tools/tool-sprites.gif HTTP/1.1" 200 5434
200.73.230.197 - - [05/Apr/2018:11:59:22 -0300] "GET /cormun/static/Shared/ext/resources/themes/images/default/panel/bg-headersPanel.png HTTP/1.1" 200 255
186.103.159.46 - - [05/Apr/2018:11:59:23 -0300] "GET /cormun/static/menuarrow.gif HTTP/1.1" 404 1015
200.73.230.197 - - [05/Apr/2018:11:59:24 -0300] "GET /cormun/static/menuarrow.gif HTTP/1.1" 404 1015
186.103.159.46 - - [05/Apr/2018:11:59:33 -0300] "GET /cormun/servlet/permisogoce?82061096a236750c961a26262a666ddf5fbe408459db5e0c2176955cd6e8471439e11a23b91301e66f88fb7bb63ede497175be89f0dbf8f3e946c45560620ae7,gx-no-cache=1522940319623 HTTP/1.1" 200 48
186.103.159.189 - - [05/Apr/2018:11:59:33 -0300] "GET /cormun/servlet/permisogoce?a9c886990199bf9bcf45f1cb4f8d5aebb8bd7ac9a2881b82e3504c04e393c36db10a8b4fe1173e4226ccd827283b76eb36175b89f4872b2b764e41ac69377358,gx-no-cache=1522940320954 HTTP/1.1" 200 46
186.103.159.46 - - [05/Apr/2018:11:59:42 -0300] "POST /cormun/servlet/permisogoce?0c4c7203639589ca68e9e494ad4c43f9,INS,0,,,,gx-no-cache=1522940328847 HTTP/1.1" 200 93
186.103.159.46 - - [05/Apr/2018:11:59:42 -0300] "GET /cormun/servlet/hpexe_return? HTTP/1.1" 200 1009
200.73.230.197 - - [05/Apr/2018:11:59:43 -0300] "POST /cormun/servlet/trsolicitudgral?2f147b72c59742bb5e7590423e9e08d8,,gx-no-cache=1522940540310 HTTP/1.1" 200 7302
186.103.159.46 - - [05/Apr/2018:11:59:43 -0300] "GET /cormun/servlet/trpermisosgoce HTTP/1.1" 200 8989
186.103.159.46 - - [05/Apr/2018:11:59:45 -0300] "GET /cormun/servlet/trpermisosgoce HTTP/1.1" 200 8982
186.103.159.46 - - [05/Apr/2018:11:59:56 -0300] "GET /cormun/servlet/apermisogoceprn?13477280,P,20180405115605,PU HTTP/1.1" 200 1669
186.103.159.189 - - [05/Apr/2018:12:00:45 -0300] "POST /cormun/servlet/permisogoce?3794215656cf6e0fd93009be36ad1062,INS,0,,,,gx-no-cache=1522940392261 HTTP/1.1" 200 93
186.103.159.189 - - [05/Apr/2018:12:00:45 -0300] "GET /cormun/servlet/hpexe_return? HTTP/1.1" 200 1011
186.103.159.189 - - [05/Apr/2018:12:00:45 -0300] "GET /cormun/servlet/trpermisosgoce HTTP/1.1" 200 11068
186.103.159.189 - - [05/Apr/2018:12:00:47 -0300] "GET /cormun/servlet/trpermisosgoce HTTP/1.1" 200 11057
186.103.159.189 - - [05/Apr/2018:12:00:51 -0300] "GET /cormun/servlet/apermisogoceprn?15993780,P,20180405115545,PU HTTP/1.1" 200 1663
186.79.233.153 - - [05/Apr/2018:12:01:29 -0300] "GET /cormun/servlet/trvisualizadoreventos? HTTP/1.1" 200 6971
186.79.233.153 - - [05/Apr/2018:12:01:29 -0300] "GET /cormun/static/gxcfg.js?20175251251426 HTTP/1.1" 304 -
186.79.233.153 - - [05/Apr/2018:12:01:29 -0300] "GET /cormun/static/calendar.js?85251 HTTP/1.1" 304 -
186.79.233.153 - - [05/Apr/2018:12:01:29 -0300] "GET /cormun/static/calendar-setup.js?85251 HTTP/1.1" 304 -
186.79.233.153 - - [05/Apr/2018:12:01:29 -0300] "GET /cormun/static/calendar-es.js?85251 HTTP/1.1" 304 -
186.79.233.153 - - [05/Apr/2018:12:01:29 -0300] "GET /cormun/static/gxdec.js?85251 HTTP/1.1" 304 -
186.79.233.153 - - [05/Apr/2018:12:01:29 -0300] "GET /cormun/servlet/trvisualizadoreventos? HTTP/1.1" 200 6972
186.79.233.153 - - [05/Apr/2018:12:01:33 -0300] "GET /cormun/servlet/trautorizarsolicitud? HTTP/1.1" 200 7330
