186.103.159.204 - - [05/Apr/2018:16:06:26 -0300] "GET /cormun/servlet/solicitudotadjuntos?39961d306d328351e8987f2e502695d23cdbb5b44d41c8773dad6699670f96870175f663c1dd8d56a9b3a7fbc0a634c6,gx-no-cache=1522955127136 HTTP/1.1" 200 30
186.103.159.204 - - [05/Apr/2018:16:06:26 -0300] "POST /cormun/servlet/solicitudotadjuntos?d4a0e214d9744deb73351e4ddad0b1b6,INS,2018,11032,,1,,gx-no-cache=1522955127197 HTTP/1.1" 200 3803
186.79.209.55 - - [05/Apr/2018:16:06:27 -0300] "POST /cormun/servlet/hlogin?e21e25e1072fdef0bbf6ddac4bdc452a,gx-no-cache=1522955134874 HTTP/1.1" 200 90
186.79.209.55 - - [05/Apr/2018:16:06:28 -0300] "GET /cormun/servlet/hpexe_link HTTP/1.1" 200 951
186.79.209.55 - - [05/Apr/2018:16:06:28 -0300] "GET /cormun/servlet/trlicencias HTTP/1.1" 200 11380
186.79.209.55 - - [05/Apr/2018:16:06:30 -0300] "GET /cormun/servlet/trlicencias HTTP/1.1" 200 11382
186.79.209.55 - - [05/Apr/2018:16:06:34 -0300] "GET /cormun/servlet/trsolicitudot? HTTP/1.1" 200 7435
186.79.209.55 - - [05/Apr/2018:16:06:35 -0300] "GET /cormun/servlet/trsolicitudot? HTTP/1.1" 200 7434
186.79.209.55 - - [05/Apr/2018:16:06:37 -0300] "GET /cormun/servlet/solicitudot?INS,0,0, HTTP/1.1" 200 13662
186.103.159.46 - - [05/Apr/2018:16:06:38 -0300] "GET /cormun/servlet/licenciaspermisos?UPD,11142601,L,20180405000000, HTTP/1.1" 200 7695
186.79.209.55 - - [05/Apr/2018:16:06:39 -0300] "GET /cormun/servlet/solicitudot?INS,0,0, HTTP/1.1" 200 13667
186.103.159.46 - - [05/Apr/2018:16:06:40 -0300] "GET /cormun/servlet/licenciaspermisos?UPD,11142601,L,20180405000000, HTTP/1.1" 200 7713
186.103.159.46 - - [05/Apr/2018:16:06:40 -0300] "GET /cormun/servlet/licenciaspermisos?1750a0729ef48f8d6dd5dd4f119d6bc432b89eae9b9c99d744c259dacc27a5ad6cc639030d3769a55dea976465150258ddbc0bdc1c0624cbc2c9bd04b87c5e66d071d528aa18564f79f6f33d9d09c9e2b039f19926c9d42cfc48fce9a4505e10,gx-no-cache=1522955146844 HTTP/1.1" 200 96
186.79.209.55 - - [05/Apr/2018:16:06:47 -0300] "POST /cormun/servlet/solicitudot?gx-no-cache=1522955155636 HTTP/1.1" 200 3411
186.79.209.55 - - [05/Apr/2018:16:06:48 -0300] "POST /cormun/servlet/solicitudot?e21e25e1072fdef0bbf6ddac4bdc452a,INS,0,0,,gx-no-cache=1522955156220 HTTP/1.1" 200 10532
200.86.99.60 - - [05/Apr/2018:16:06:53 -0300] "GET /cormun/servlet/trsolicitudot? HTTP/1.1" 200 6389
200.86.99.60 - - [05/Apr/2018:16:06:53 -0300] "GET /cormun/static/gxcfg.js?2017111422585916 HTTP/1.1" 200 953
186.79.209.55 - - [05/Apr/2018:16:06:53 -0300] "GET /cormun/servlet/prbanco?,MD,,gxPopupLevel%3D0%3B HTTP/1.1" 200 6668
200.86.99.60 - - [05/Apr/2018:16:06:53 -0300] "GET /cormun/static/trsolicitudot.js?201711142259839 HTTP/1.1" 200 54041
186.103.159.204 - - [05/Apr/2018:16:06:53 -0300] "POST /cormun/servlet/solicitudotadjuntos?gx-no-cache=1522955154370 HTTP/1.1" 200 26
200.86.99.60 - - [05/Apr/2018:16:06:54 -0300] "GET /cormun/servlet/trsolicitudot? HTTP/1.1" 200 6386
200.86.99.60 - - [05/Apr/2018:16:06:54 -0300] "GET /cormun/servlet/hlogin HTTP/1.1" 200 1731
200.86.99.60 - - [05/Apr/2018:16:06:56 -0300] "POST /cormun/servlet/hlogin?306acecc72520abb8bc3d50417d38199,gx-no-cache=1522955164058 HTTP/1.1" 200 90
200.86.99.60 - - [05/Apr/2018:16:06:56 -0300] "GET /cormun/servlet/hpexe_link HTTP/1.1" 200 951
200.86.99.60 - - [05/Apr/2018:16:06:56 -0300] "GET /cormun/static/gxcfg.js?20177612121792 HTTP/1.1" 200 953
200.86.99.60 - - [05/Apr/2018:16:06:56 -0300] "GET /cormun/static/hpexe_link.js?20177612121795 HTTP/1.1" 200 625
200.86.99.60 - - [05/Apr/2018:16:06:57 -0300] "GET /cormun/servlet/trsolicitudot HTTP/1.1" 200 7183
200.86.99.60 - - [05/Apr/2018:16:06:58 -0300] "GET /cormun/servlet/trsolicitudot HTTP/1.1" 200 7181
186.79.209.55 - - [05/Apr/2018:16:06:58 -0300] "GET /cormun/servlet/solicitudot?2218bc26f313e3d59685f561137111cadb9b44766e829f41bbeb6139efe6e0b5c4dc11a6f1db6a0dcb9406aa900ab2be,gx-no-cache=1522955166905 HTTP/1.1" 200 30
186.79.209.55 - - [05/Apr/2018:16:06:58 -0300] "GET /cormun/servlet/solicitudot?2218bc26f313e3d59685f561137111ca88c9e0239adea1a672fa6fed64a2fdf713b725e5c7cac3b715a99f659cea1bde3fc64a96214e8ba08956234725b9c0b1,gx-no-cache=1522955167177 HTTP/1.1" 200 30
186.79.209.55 - - [05/Apr/2018:16:06:59 -0300] "GET /cormun/servlet/solicitudot?2218bc26f313e3d59685f561137111cabf530b1ba5715c13c8100fac6eb12d66,gx-no-cache=1522955168118 HTTP/1.1" 200 51
186.103.159.204 - - [05/Apr/2018:16:07:03 -0300] "GET /cormun/servlet/solicitudotadjuntos?39961d306d328351e8987f2e502695d279403c54d392a643fa5f09ebf8127246,gx-no-cache=1522955164451 HTTP/1.1" 200 30
186.103.159.204 - - [05/Apr/2018:16:07:03 -0300] "GET /cormun/servlet/solicitudotadjuntos?39961d306d328351e8987f2e502695d279403c54d392a643fa5f09ebf8127246,gx-no-cache=1522955164476 HTTP/1.1" 200 30
186.79.209.55 - - [05/Apr/2018:16:07:03 -0300] "POST /cormun/servlet/solicitudot?gx-no-cache=1522955171980 HTTP/1.1" 200 240
186.79.209.55 - - [05/Apr/2018:16:07:03 -0300] "GET /cormun/servlet/solicitudot?2218bc26f313e3d59685f561137111ca9540383d6ead27b1e965604d160eebae90811c74ae0988d9fc9e9cb6a936a3de155b5d479f70a5b6085dfd2cd73cf8ed9e7e447cfb9d8c54b8241cef7b010cadb094af591e4312aa9943fb78a4aef46e5aead48692dfa08e6f1517c046dae4e7c28827faf2097da949697907af149c98164e72ee9f1abf4d9ae73d0b9f92257d350b4ab9743e966144e8218cf3905bdc5ff57be40f252bf901952ae38da9ff28d913259edd792922c5ec044f8d914fed1eb76fcab1e6d172d3917a25a53a8e57b208b49140005ba0c8e5d01e0669f687bb2f6f35830faf9b8b91986366f4edb4f1b7ae6ef52e57c7fbb12fc7168a34cc92298b241ca66f46cb6612a4af606badbc6d8ad45333d59ad0ef6b96fcfa513d7916ef08da2b8a2ae656f0cd581f85d5398eea05cf18fa94b4ffcd19851d2b853fc85c2342150200772ef6fda6b2fedfa52fab366479fb778944194c6392afa46364c2c0a26d3aaebb599a647212480de99c9c74284cf92386f729f98e37a7b3,gx-no-cache=1522955172142 HTTP/1.1" 200 30
186.103.159.204 - - [05/Apr/2018:16:07:03 -0300] "POST /cormun/servlet/solicitudotadjuntos?d4a0e214d9744deb73351e4ddad0b1b6,INS,2018,11032,,1, HTTP/1.1" 200 116
186.103.159.204 - - [05/Apr/2018:16:07:03 -0300] "GET /cormun/servlet/hpexe_return? HTTP/1.1" 200 1028
200.86.99.60 - - [05/Apr/2018:16:07:03 -0300] "POST /cormun/servlet/trsolicitudot?306acecc72520abb8bc3d50417d38199,gx-no-cache=1522955171231 HTTP/1.1" 200 4199
186.103.159.204 - - [05/Apr/2018:16:07:04 -0300] "GET /cormun/servlet/trsolicitudadjuntos?2018,11032, HTTP/1.1" 200 8865
186.103.159.204 - - [05/Apr/2018:16:07:04 -0300] "GET /cormun/servlet/trsolicitudadjuntos?2018,11032, HTTP/1.1" 200 8864
186.103.159.46 - - [05/Apr/2018:16:07:05 -0300] "GET /cormun/servlet/licenciaspermisos?1750a0729ef48f8d6dd5dd4f119d6bc4c24464458bc787f030ae32556d965b818d489f6edc13ccfd06b5fb41fc06af866a3c5468afd4ffc4cc1b3ea092514ae68ac7e7228fe38d32ad22a40490d5a58cb5de9258ed2c0389168f06e06055de82227cbef8cd5786e0b6b9c2865dad0c3c22330f67bf1b7e4af2d7ed781885a5f1ed47f4512ab9e50fa0de2cb4f8346e6d4da5025e84af7d4d225123917d572b557f0951f511e4c1e2a7c22d95709d83368c9bff8fd9daa72ad23b5608af703a7e34acdbe54cb1892bd17a11f391f300346ee4e320f8f8e0115156c12d2c200d0d,gx-no-cache=1522955172021 HTTP/1.1" 200 30
186.103.159.46 - - [05/Apr/2018:16:07:06 -0300] "GET /cormun/servlet/licenciaspermisos?1750a0729ef48f8d6dd5dd4f119d6bc4cdcccc923a8c02b2b77f0b4db78994c454799bb058b64e85e930392d6640fd736cf9ed99c0ae3d2c851c66d951733353dbebc59ca09df0132ef44488324fd8a383fea65c91ba1a38e2535cbd5f714cd74f6a57cd5f1ba09a5248e238829ce68dfea994955f5fc9cf3ff738da310824264a23001553929582e548484041892a4b90c1d90c5933da489e9e7a818a616a0de8d30200c77fb620c72e67f0ffd56057eb326338eedbbf0857de5bb31d68a6366ea70cbb5299be17d8825f66a4109b49143385f67c47095b01fadcdcf19b9d6f9f37596de42b984c08dae0f23948bbf0,gx-no-cache=1522955172474 HTTP/1.1" 200 54
186.103.159.46 - - [05/Apr/2018:16:07:07 -0300] "POST /cormun/servlet/licenciaspermisos?32aa5499842a1f70acbdb524f4e5f19b,UPD,11142601,L,20180405000000,,gx-no-cache=1522955173352 HTTP/1.1" 200 93
186.79.209.55 - - [05/Apr/2018:16:07:07 -0300] "POST /cormun/servlet/solicitudot?gx-no-cache=1522955175418 HTTP/1.1" 200 30
186.103.159.46 - - [05/Apr/2018:16:07:07 -0300] "GET /cormun/servlet/hpexe_return? HTTP/1.1" 200 1026
186.103.159.46 - - [05/Apr/2018:16:07:08 -0300] "GET /cormun/servlet/trlicencias HTTP/1.1" 200 10856
186.79.209.55 - - [05/Apr/2018:16:07:09 -0300] "POST /cormun/servlet/solicitudot?gx-no-cache=1522955178083 HTTP/1.1" 200 1369
186.79.209.55 - - [05/Apr/2018:16:07:09 -0300] "POST /cormun/servlet/solicitudot?gx-no-cache=1522955178234 HTTP/1.1" 200 38
200.86.99.60 - - [05/Apr/2018:16:07:10 -0300] "POST /cormun/servlet/trsolicitudot?306acecc72520abb8bc3d50417d38199,gx-no-cache=1522955177490 HTTP/1.1" 200 4199
186.103.159.204 - - [05/Apr/2018:16:07:10 -0300] "GET /cormun/servlet/solicitudotadjuntos?INS,2018,11032,,1, HTTP/1.1" 200 5930
186.103.159.204 - - [05/Apr/2018:16:07:11 -0300] "GET /cormun/static/about:blank HTTP/1.1" 404 1011
186.103.159.204 - - [05/Apr/2018:16:07:11 -0300] "GET /cormun/servlet/solicitudotadjuntos?INS,2018,11032,,1, HTTP/1.1" 200 5924
186.103.159.204 - - [05/Apr/2018:16:07:11 -0300] "GET /cormun/servlet/solicitudotadjuntos?39961d306d328351e8987f2e502695d23cdbb5b44d41c8773dad6699670f96870175f663c1dd8d56a9b3a7fbc0a634c6,gx-no-cache=1522955172350 HTTP/1.1" 200 30
186.103.159.204 - - [05/Apr/2018:16:07:11 -0300] "POST /cormun/servlet/solicitudotadjuntos?d4a0e214d9744deb73351e4ddad0b1b6,INS,2018,11032,,1,,gx-no-cache=1522955172403 HTTP/1.1" 200 3803
186.103.159.46 - - [05/Apr/2018:16:07:12 -0300] "GET /cormun/servlet/trlicencias HTTP/1.1" 200 10749
186.79.209.55 - - [05/Apr/2018:16:07:14 -0300] "GET /cormun/servlet/solicitudot?2218bc26f313e3d59685f561137111ca7f28d2b3af23807ac0b776930d21f5acb2e0f5c54f7420118a636a1445052eeeb51c2de6d225c703b82614ca3ec47594626ef3a4bfd546f2b420274381212d44b08a850611e4635ef995547a3b21043cd472a19fe30462b4ef7012853c71f803,gx-no-cache=1522955182718 HTTP/1.1" 200 29
186.79.209.55 - - [05/Apr/2018:16:07:14 -0300] "POST /cormun/servlet/solicitudot?gx-no-cache=1522955182815 HTTP/1.1" 200 1350
186.103.159.204 - - [05/Apr/2018:16:07:15 -0300] "POST /cormun/servlet/solicitudotadjuntos?gx-no-cache=1522955176410 HTTP/1.1" 200 26
186.79.209.55 - - [05/Apr/2018:16:07:16 -0300] "POST /cormun/servlet/solicitudot?gx-no-cache=1522955183178 HTTP/1.1" 200 1248
186.79.209.55 - - [05/Apr/2018:16:07:16 -0300] "GET /cormun/static/menuarrow.gif HTTP/1.1" 404 1015
186.79.209.55 - - [05/Apr/2018:16:07:18 -0300] "POST /cormun/servlet/solicitudot?gx-no-cache=1522955186345 HTTP/1.1" 200 1350
186.79.209.55 - - [05/Apr/2018:16:07:18 -0300] "POST /cormun/servlet/solicitudot?gx-no-cache=1522955186619 HTTP/1.1" 200 1248
186.79.209.55 - - [05/Apr/2018:16:07:19 -0300] "GET /cormun/servlet/solicitudot?2218bc26f313e3d59685f561137111cab40bce4e3aed54786d8fc94f4d8da6037eef0312379d171a3bcfd8f852b90cd5,gx-no-cache=1522955188128 HTTP/1.1" 200 30
186.103.159.204 - - [05/Apr/2018:16:07:27 -0300] "GET /cormun/servlet/solicitudotadjuntos?39961d306d328351e8987f2e502695d279403c54d392a643fa5f09ebf8127246,gx-no-cache=1522955188714 HTTP/1.1" 200 30
186.103.159.204 - - [05/Apr/2018:16:07:27 -0300] "GET /cormun/servlet/solicitudotadjuntos?39961d306d328351e8987f2e502695d279403c54d392a643fa5f09ebf8127246,gx-no-cache=1522955188729 HTTP/1.1" 200 30
186.103.159.204 - - [05/Apr/2018:16:07:28 -0300] "POST /cormun/servlet/solicitudotadjuntos?d4a0e214d9744deb73351e4ddad0b1b6,INS,2018,11032,,1, HTTP/1.1" 200 116
186.103.159.204 - - [05/Apr/2018:16:07:28 -0300] "GET /cormun/servlet/hpexe_return? HTTP/1.1" 200 1028
186.103.159.204 - - [05/Apr/2018:16:07:28 -0300] "GET /cormun/servlet/trsolicitudadjuntos?2018,11032, HTTP/1.1" 200 9071
186.103.159.204 - - [05/Apr/2018:16:07:28 -0300] "GET /cormun/servlet/trsolicitudadjuntos?2018,11032, HTTP/1.1" 200 9069
186.79.209.55 - - [05/Apr/2018:16:07:30 -0300] "POST /cormun/servlet/solicitudot?gx-no-cache=1522955198268 HTTP/1.1" 200 30
186.103.159.204 - - [05/Apr/2018:16:07:32 -0300] "GET /cormun/servlet/solicitudotadjuntos?INS,2018,11032,,1, HTTP/1.1" 200 5930
186.103.159.204 - - [05/Apr/2018:16:07:32 -0300] "GET /cormun/static/about:blank HTTP/1.1" 404 1011
186.103.159.204 - - [05/Apr/2018:16:07:32 -0300] "GET /cormun/servlet/solicitudotadjuntos?INS,2018,11032,,1, HTTP/1.1" 200 5924
186.103.159.204 - - [05/Apr/2018:16:07:32 -0300] "GET /cormun/servlet/solicitudotadjuntos?39961d306d328351e8987f2e502695d23cdbb5b44d41c8773dad6699670f96870175f663c1dd8d56a9b3a7fbc0a634c6,gx-no-cache=1522955193521 HTTP/1.1" 200 30
186.103.159.204 - - [05/Apr/2018:16:07:32 -0300] "POST /cormun/servlet/solicitudotadjuntos?d4a0e214d9744deb73351e4ddad0b1b6,INS,2018,11032,,1,,gx-no-cache=1522955193554 HTTP/1.1" 200 3803
186.103.159.204 - - [05/Apr/2018:16:07:36 -0300] "POST /cormun/servlet/solicitudotadjuntos?gx-no-cache=1522955197530 HTTP/1.1" 200 26
186.103.159.204 - - [05/Apr/2018:16:07:45 -0300] "GET /cormun/servlet/solicitudotadjuntos?39961d306d328351e8987f2e502695d279403c54d392a643fa5f09ebf8127246,gx-no-cache=1522955206074 HTTP/1.1" 200 30
186.103.159.204 - - [05/Apr/2018:16:07:45 -0300] "GET /cormun/servlet/solicitudotadjuntos?39961d306d328351e8987f2e502695d279403c54d392a643fa5f09ebf8127246,gx-no-cache=1522955206135 HTTP/1.1" 200 30
186.103.159.204 - - [05/Apr/2018:16:07:46 -0300] "POST /cormun/servlet/solicitudotadjuntos?d4a0e214d9744deb73351e4ddad0b1b6,INS,2018,11032,,1, HTTP/1.1" 200 116
186.103.159.204 - - [05/Apr/2018:16:07:46 -0300] "GET /cormun/servlet/hpexe_return? HTTP/1.1" 200 1028
186.103.159.204 - - [05/Apr/2018:16:07:47 -0300] "GET /cormun/servlet/trsolicitudadjuntos?2018,11032, HTTP/1.1" 200 9337
186.103.159.204 - - [05/Apr/2018:16:07:47 -0300] "GET /cormun/servlet/trsolicitudadjuntos?2018,11032, HTTP/1.1" 200 9340
200.86.99.60 - - [05/Apr/2018:16:07:49 -0300] "POST /cormun/servlet/trsolicitudot?306acecc72520abb8bc3d50417d38199,gx-no-cache=1522955216701 HTTP/1.1" 200 4198
186.103.159.204 - - [05/Apr/2018:16:07:53 -0300] "GET /cormun/servlet/solicitudotadjuntos?INS,2018,11032,,1, HTTP/1.1" 200 5930
186.103.159.204 - - [05/Apr/2018:16:07:53 -0300] "GET /cormun/static/about:blank HTTP/1.1" 404 1011
186.103.159.204 - - [05/Apr/2018:16:07:53 -0300] "GET /cormun/servlet/solicitudotadjuntos?INS,2018,11032,,1, HTTP/1.1" 200 5924
186.103.159.204 - - [05/Apr/2018:16:07:53 -0300] "GET /cormun/servlet/solicitudotadjuntos?39961d306d328351e8987f2e502695d23cdbb5b44d41c8773dad6699670f96870175f663c1dd8d56a9b3a7fbc0a634c6,gx-no-cache=1522955214661 HTTP/1.1" 200 30
186.103.159.204 - - [05/Apr/2018:16:07:53 -0300] "POST /cormun/servlet/solicitudotadjuntos?d4a0e214d9744deb73351e4ddad0b1b6,INS,2018,11032,,1,,gx-no-cache=1522955214682 HTTP/1.1" 200 3803
186.103.159.204 - - [05/Apr/2018:16:08:01 -0300] "POST /cormun/servlet/solicitudotadjuntos?gx-no-cache=1522955222618 HTTP/1.1" 200 26
186.103.159.204 - - [05/Apr/2018:16:08:17 -0300] "GET /cormun/servlet/solicitudotadjuntos?39961d306d328351e8987f2e502695d279403c54d392a643fa5f09ebf8127246,gx-no-cache=1522955238210 HTTP/1.1" 200 30
186.103.159.204 - - [05/Apr/2018:16:08:17 -0300] "GET /cormun/servlet/solicitudotadjuntos?39961d306d328351e8987f2e502695d279403c54d392a643fa5f09ebf8127246,gx-no-cache=1522955238229 HTTP/1.1" 200 30
186.103.159.204 - - [05/Apr/2018:16:08:17 -0300] "POST /cormun/servlet/solicitudotadjuntos?d4a0e214d9744deb73351e4ddad0b1b6,INS,2018,11032,,1, HTTP/1.1" 200 116
186.103.159.204 - - [05/Apr/2018:16:08:17 -0300] "GET /cormun/servlet/hpexe_return? HTTP/1.1" 200 1028
186.103.159.204 - - [05/Apr/2018:16:08:17 -0300] "GET /cormun/servlet/trsolicitudadjuntos?2018,11032, HTTP/1.1" 200 9647
186.103.159.204 - - [05/Apr/2018:16:08:18 -0300] "GET /cormun/servlet/trsolicitudadjuntos?2018,11032, HTTP/1.1" 200 9642
186.103.159.204 - - [05/Apr/2018:16:08:26 -0300] "GET /cormun/servlet/solicitudotadjuntos?INS,2018,11032,,1, HTTP/1.1" 200 5930
186.103.159.204 - - [05/Apr/2018:16:08:26 -0300] "GET /cormun/static/about:blank HTTP/1.1" 404 1011
186.103.159.204 - - [05/Apr/2018:16:08:26 -0300] "GET /cormun/servlet/solicitudotadjuntos?INS,2018,11032,,1, HTTP/1.1" 200 5924
186.103.159.204 - - [05/Apr/2018:16:08:26 -0300] "GET /cormun/servlet/solicitudotadjuntos?39961d306d328351e8987f2e502695d23cdbb5b44d41c8773dad6699670f96870175f663c1dd8d56a9b3a7fbc0a634c6,gx-no-cache=1522955247739 HTTP/1.1" 200 30
186.103.159.204 - - [05/Apr/2018:16:08:27 -0300] "POST /cormun/servlet/solicitudotadjuntos?d4a0e214d9744deb73351e4ddad0b1b6,INS,2018,11032,,1,,gx-no-cache=1522955247802 HTTP/1.1" 200 3803
186.103.159.204 - - [05/Apr/2018:16:08:32 -0300] "GET /cormun/servlet/trsolicitudot? HTTP/1.1" 200 8489
186.103.159.204 - - [05/Apr/2018:16:08:32 -0300] "GET /cormun/servlet/trsolicitudot? HTTP/1.1" 200 8478
186.103.159.204 - - [05/Apr/2018:16:08:35 -0300] "POST /cormun/servlet/trsolicitudot?d4a0e214d9744deb73351e4ddad0b1b6,,gx-no-cache=1522955256414 HTTP/1.1" 200 106
186.103.159.204 - - [05/Apr/2018:16:08:35 -0300] "GET /cormun/servlet/trsolicitudadjuntos?2018,11032, HTTP/1.1" 200 9643
186.103.159.204 - - [05/Apr/2018:16:08:36 -0300] "GET /cormun/servlet/trsolicitudadjuntos?2018,11032, HTTP/1.1" 200 9644
186.103.159.204 - - [05/Apr/2018:16:08:44 -0300] "GET /cormun/servlet/trsolicitudot? HTTP/1.1" 200 8489
186.103.159.204 - - [05/Apr/2018:16:08:44 -0300] "GET /cormun/servlet/trsolicitudot? HTTP/1.1" 200 8478
186.103.159.204 - - [05/Apr/2018:16:08:55 -0300] "POST /cormun/servlet/trsolicitudot?d4a0e214d9744deb73351e4ddad0b1b6,,gx-no-cache=1522955275599 HTTP/1.1" 200 4520
186.103.159.204 - - [05/Apr/2018:16:08:55 -0300] "GET /cormun/static/Shared/jqueryui/images/ui-bg_highlight-soft_100_c6c2c8_1x100.png HTTP/1.1" 404 1117
186.103.159.204 - - [05/Apr/2018:16:08:55 -0300] "GET /cormun/static/Shared/jqueryui/images/ui-icons_82798d_256x240.png HTTP/1.1" 404 1089
186.103.159.204 - - [05/Apr/2018:16:08:55 -0300] "GET /cormun/static/Shared/jqueryui/images/ui-icons_8d78a5_256x240.png HTTP/1.1" 404 1089
186.103.159.204 - - [05/Apr/2018:16:08:55 -0300] "GET /cormun/static/Shared/jqueryui/images/ui-bg_flat_55_fafafa_40x100.png HTTP/1.1" 404 1097
186.103.159.204 - - [05/Apr/2018:16:08:55 -0300] "POST /cormun/servlet/trsolicitudot?d4a0e214d9744deb73351e4ddad0b1b6,,gx-no-cache=1522955276167 HTTP/1.1" 200 4278
186.103.158.250 - - [05/Apr/2018:16:08:58 -0300] "POST /cormun/servlet/solicitudot?gx-no-cache=1522955282677 HTTP/1.1" 200 3405
186.103.158.250 - - [05/Apr/2018:16:08:58 -0300] "POST /cormun/servlet/solicitudot?b639bc5f9263d2fb946f0d4bf4e9a072,INS,0,0,,gx-no-cache=1522955283023 HTTP/1.1" 200 10589
186.103.159.204 - - [05/Apr/2018:16:09:10 -0300] "POST /cormun/servlet/trsolicitudot?d4a0e214d9744deb73351e4ddad0b1b6,,gx-no-cache=1522955291333 HTTP/1.1" 200 6089
200.54.247.70 - - [05/Apr/2018:16:09:13 -0300] "POST /cormun/servlet/solicitudot?gx-no-cache=1522955297525 HTTP/1.1" 200 3412
200.54.247.70 - - [05/Apr/2018:16:09:13 -0300] "POST /cormun/servlet/solicitudot?1a097fb1d159fd0f0a6737b678eed9e6,INS,0,0,,gx-no-cache=1522955297785 HTTP/1.1" 200 10551
200.54.247.70 - - [05/Apr/2018:16:09:16 -0300] "GET /cormun/servlet/solicitudot?2d6d58159bdd395cbd2de8bae570adeb138dae869a5d6610299cd850975a0f247b7b9cf86517ee67639c660c904151e4,gx-no-cache=1522955300725 HTTP/1.1" 200 30
200.54.247.70 - - [05/Apr/2018:16:09:16 -0300] "GET /cormun/servlet/solicitudot?2d6d58159bdd395cbd2de8bae570adeb3dbc66510181e60a16f5d5724cabcba50ee41bf3271654ae535c1306bdb2fcbf7b7b9cf86517ee67639c660c904151e4,gx-no-cache=1522955300779 HTTP/1.1" 200 30
200.54.247.70 - - [05/Apr/2018:16:09:16 -0300] "GET /cormun/servlet/solicitudot?2d6d58159bdd395cbd2de8bae570adeb92c62073fa4bb812863f34bfe0ebfde1,gx-no-cache=1522955300812 HTTP/1.1" 200 51
200.54.247.70 - - [05/Apr/2018:16:09:16 -0300] "POST /cormun/servlet/solicitudot?gx-no-cache=1522955300844 HTTP/1.1" 200 240
200.54.247.70 - - [05/Apr/2018:16:09:16 -0300] "GET /cormun/servlet/solicitudot?2d6d58159bdd395cbd2de8bae570adeb10b4db673c9050bb76d643c8c745925eb308e1aa8adfc6f06d0e66c010fc8305fdb3a9e6cee0992b683ba17e326a2914246b30605ae87514da45a6f62b8dc0550435c886f80d1e8e09a159082c283d8b10fc4701a8388f67903584e55ccaf1700a3629b35a91438c00750a774fbe402751a8fa3821838909d975367712caf6f0d6f3bdbed605cf109511d93fa6c817a068c2d407ae3079f8934cd218686088fbdaa792da17c6bc718fdcfedcf02ebf64e499040d02770e6b5c3f682b1538b2e095d2d6d34f496140e24cc45a5c5dd5d38665e4d11397974eea27fe4275e69bcb9bc58a8ac238c90c3992f12523bdeff779141c4f4b2c69899c73f01207b3a43a3f85460277143152b22c51fd3d8afffeb41df11777af4017c8a1187df6c7c3a98b29b46b3d7d722c34cc552b25add151b7029b2bfd05049eb25116f822e607a8ef3d68baa4073ddcbf8a263c1e0c6870113d7a0064c23f8fb5db92ab63367d757fc91acce338c724d1ede0fc20b75bbf,gx-no-cache=1522955300878 HTTP/1.1" 200 30
200.54.247.70 - - [05/Apr/2018:16:09:23 -0300] "POST /cormun/servlet/solicitudot?gx-no-cache=1522955307884 HTTP/1.1" 200 30
200.54.247.70 - - [05/Apr/2018:16:09:25 -0300] "GET /cormun/servlet/prcontratosol?7125641,,,,,MD,,gxPopupLevel%3D0%3B HTTP/1.1" 200 9608
200.54.247.70 - - [05/Apr/2018:16:09:35 -0300] "POST /cormun/servlet/solicitudot?gx-no-cache=1522955319729 HTTP/1.1" 200 1451
200.54.247.70 - - [05/Apr/2018:16:09:35 -0300] "POST /cormun/servlet/solicitudot?gx-no-cache=1522955319795 HTTP/1.1" 200 117
200.54.247.70 - - [05/Apr/2018:16:09:35 -0300] "GET /cormun/servlet/solicitudot?2d6d58159bdd395cbd2de8bae570adebd7b7f4f4852440d54a51d0541be2c094ab542b956f93ecf0f9267991a89b166ec673fc0cf79f9073e7c465cb05b1f799dcf43fb5885ca12c95996c209074013a2aef69dde18975521a10a05040b6a876da035f77d83ec18676733ce89a48a1152db3f008e42595dc05f51fe9f365221a3fba2aa138a40c4da9f4f70906c81a2b8b1b2d20befe65ffbb0fddc9ffe00e34,gx-no-cache=1522955319834 HTTP/1.1" 200 29
200.54.247.70 - - [05/Apr/2018:16:09:35 -0300] "GET /cormun/servlet/solicitudot?2d6d58159bdd395cbd2de8bae570adebaefd699380b3c839aee1adc68256bb5d6f0e02f0eb78eed013efd96cc7f5c2153df40f2431997ba4cabcc26e2baa5625ef7d6149aee883893db5ec2088bd0f6a20df887986f53bd0b99bf6ac425e5d551742feb71937c578908dd43d26de2c0f76ffb548c3b7c3ae065d6c6519fa00102e3656ca0bd3f917c5f1db66646c0ba02a53004f0374c39909b27fbf84860af1a4a72efd43da97ae88b56d37d4ca889d6c51bc655d3374a543dea841d7aedc5a,gx-no-cache=1522955319860 HTTP/1.1" 200 62
200.54.247.70 - - [05/Apr/2018:16:09:35 -0300] "GET /cormun/servlet/solicitudot?111747b2496ce5af00b9e7144e36774b02cf4886c52fe705236f3240826eef6097689aa3019533f38bb2eca3b4d7eca4ad81e22c484e5fd07201ec57bc384c752a78639cd0fdf771f4b94af98c638c58,gx-no-cache=1522955319889 HTTP/1.1" 200 55
200.54.247.70 - - [05/Apr/2018:16:09:35 -0300] "GET /cormun/servlet/solicitudot?2d6d58159bdd395cbd2de8bae570adebb1cfe3cdf399baa8598fabb4d02d0b1f,gx-no-cache=1522955319920 HTTP/1.1" 200 30
200.54.247.70 - - [05/Apr/2018:16:09:35 -0300] "GET /cormun/static/Shared/jqueryui/images/ui-icons_ebccce_256x240.png HTTP/1.1" 404 1089
200.54.247.70 - - [05/Apr/2018:16:09:35 -0300] "GET /cormun/static/Shared/jqueryui/images/ui-bg_flat_55_994d53_40x100.png HTTP/1.1" 404 1097
200.54.247.70 - - [05/Apr/2018:16:09:35 -0300] "GET /cormun/static/Shared/jqueryui/images/ui-icons_82798d_256x240.png HTTP/1.1" 404 1089
200.54.247.70 - - [05/Apr/2018:16:09:35 -0300] "GET /cormun/static/Shared/jqueryui/images/ui-bg_highlight-soft_100_c6c2c8_1x100.png HTTP/1.1" 404 1117
201.214.54.200 - - [05/Apr/2018:16:09:35 -0300] "POST /cormun/servlet/solicitudot?e21e25e1072fdef0bbf6ddac4bdc452a,INS,0,0,,gx-no-cache=1522955323861 HTTP/1.1" 200 93
201.214.54.200 - - [05/Apr/2018:16:09:36 -0300] "GET /cormun/servlet/hpexe_return? HTTP/1.1" 200 1003
201.214.54.200 - - [05/Apr/2018:16:09:36 -0300] "GET /cormun/servlet/trsolicitudot HTTP/1.1" 200 8821
201.214.54.200 - - [05/Apr/2018:16:09:37 -0300] "GET /cormun/servlet/trsolicitudot HTTP/1.1" 200 8817
201.214.54.200 - - [05/Apr/2018:16:09:40 -0300] "GET /cormun/servlet/vesolicitudot?2018,11034,, HTTP/1.1" 200 8633
200.54.247.70 - - [05/Apr/2018:16:09:40 -0300] "POST /cormun/servlet/solicitudot?gx-no-cache=1522955324627 HTTP/1.1" 200 30
201.214.54.200 - - [05/Apr/2018:16:09:40 -0300] "GET /cormun/pexe_scrolldiv.js HTTP/1.1" 404 1009
201.214.54.200 - - [05/Apr/2018:16:09:40 -0300] "GET /cormun/pexe_scrolldiv.js HTTP/1.1" 404 1009
201.214.54.200 - - [05/Apr/2018:16:09:41 -0300] "GET /cormun/servlet/vesolicitudot?2018,11034,, HTTP/1.1" 200 8633
200.54.247.70 - - [05/Apr/2018:16:09:44 -0300] "POST /cormun/servlet/solicitudot?gx-no-cache=1522955328943 HTTP/1.1" 200 1369
200.54.247.70 - - [05/Apr/2018:16:09:44 -0300] "POST /cormun/servlet/solicitudot?gx-no-cache=1522955329092 HTTP/1.1" 200 38
186.103.159.204 - - [05/Apr/2018:16:09:48 -0300] "POST /cormun/servlet/trsolicitudot?d4a0e214d9744deb73351e4ddad0b1b6,,gx-no-cache=1522955328558 HTTP/1.1" 200 5667
200.54.247.70 - - [05/Apr/2018:16:09:49 -0300] "POST /cormun/servlet/solicitudot?gx-no-cache=1522955333860 HTTP/1.1" 200 1351
200.54.247.70 - - [05/Apr/2018:16:09:49 -0300] "POST /cormun/servlet/solicitudot?gx-no-cache=1522955333912 HTTP/1.1" 200 1249
200.54.247.70 - - [05/Apr/2018:16:09:49 -0300] "GET /cormun/static/menuarrow.gif HTTP/1.1" 404 1015
186.103.159.204 - - [05/Apr/2018:16:09:50 -0300] "POST /cormun/servlet/trsolicitudot?d4a0e214d9744deb73351e4ddad0b1b6,,gx-no-cache=1522955331003 HTTP/1.1" 200 5668
200.54.247.70 - - [05/Apr/2018:16:09:54 -0300] "POST /cormun/servlet/solicitudot?gx-no-cache=1522955338784 HTTP/1.1" 200 1351
200.54.247.70 - - [05/Apr/2018:16:09:54 -0300] "POST /cormun/servlet/solicitudot?gx-no-cache=1522955338862 HTTP/1.1" 200 1249
186.103.159.204 - - [05/Apr/2018:16:09:55 -0300] "POST /cormun/servlet/trsolicitudot?d4a0e214d9744deb73351e4ddad0b1b6,,gx-no-cache=1522955335853 HTTP/1.1" 200 5669
200.54.247.70 - - [05/Apr/2018:16:09:55 -0300] "GET /cormun/servlet/solicitudot?2d6d58159bdd395cbd2de8bae570adeb13b076f3beb88fa2f2d44c5d0f708f9e0e95fc1ac267e2d601619c7277406da6,gx-no-cache=1522955340361 HTTP/1.1" 200 30
200.86.99.60 - - [05/Apr/2018:16:09:59 -0300] "POST /cormun/servlet/trsolicitudot?306acecc72520abb8bc3d50417d38199,gx-no-cache=1522955346301 HTTP/1.1" 200 4202
201.214.54.200 - - [05/Apr/2018:16:09:59 -0300] "POST /cormun/servlet/vesolicitudot?e21e25e1072fdef0bbf6ddac4bdc452a,2018,11034,,,gx-no-cache=1522955346814 HTTP/1.1" 200 93
201.214.54.200 - - [05/Apr/2018:16:09:59 -0300] "GET /cormun/servlet/hpexe_return? HTTP/1.1" 200 1008
201.214.54.200 - - [05/Apr/2018:16:09:59 -0300] "GET /cormun/servlet/trsolicitudot HTTP/1.1" 200 8821
201.214.54.200 - - [05/Apr/2018:16:10:01 -0300] "GET /cormun/servlet/trsolicitudot HTTP/1.1" 200 8817
200.86.99.60 - - [05/Apr/2018:16:10:05 -0300] "GET /cormun/servlet/trvisualizadoreventos? HTTP/1.1" 200 6901
200.86.99.60 - - [05/Apr/2018:16:10:05 -0300] "GET /cormun/static/calendar-system.css?75620 HTTP/1.1" 200 5572
200.86.99.60 - - [05/Apr/2018:16:10:05 -0300] "GET /cormun/static/gxcfg.js?20175251251426 HTTP/1.1" 200 953
200.86.99.60 - - [05/Apr/2018:16:10:05 -0300] "GET /cormun/static/trvisualizadoreventos.js?20175251251768 HTTP/1.1" 200 19318
200.86.99.60 - - [05/Apr/2018:16:10:05 -0300] "GET /cormun/static/Resources/PXToolsActionPrint.png HTTP/1.1" 200 3317
200.86.99.60 - - [05/Apr/2018:16:10:06 -0300] "GET /cormun/servlet/trvisualizadoreventos? HTTP/1.1" 200 6900
200.54.247.70 - - [05/Apr/2018:16:10:10 -0300] "POST /cormun/servlet/solicitudot?gx-no-cache=1522955355444 HTTP/1.1" 200 30
200.54.247.70 - - [05/Apr/2018:16:10:11 -0300] "POST /cormun/servlet/solicitudot?1a097fb1d159fd0f0a6737b678eed9e6,INS,0,0,,gx-no-cache=1522955355492 HTTP/1.1" 200 93
200.54.247.70 - - [05/Apr/2018:16:10:11 -0300] "GET /cormun/servlet/hpexe_return? HTTP/1.1" 200 1003
200.54.247.70 - - [05/Apr/2018:16:10:11 -0300] "GET /cormun/servlet/trsolicitudot HTTP/1.1" 200 8832
201.214.54.200 - - [05/Apr/2018:16:10:13 -0300] "POST /cormun/servlet/trsolicitudot?e21e25e1072fdef0bbf6ddac4bdc452a,gx-no-cache=1522955361491 HTTP/1.1" 200 106
201.214.54.200 - - [05/Apr/2018:16:10:13 -0300] "GET /cormun/servlet/solicitudot?UPD,2018,11034, HTTP/1.1" 200 15468
200.54.247.70 - - [05/Apr/2018:16:10:14 -0300] "POST /cormun/servlet/trsolicitudot?1a097fb1d159fd0f0a6737b678eed9e6,gx-no-cache=1522955359212 HTTP/1.1" 200 4679
201.214.54.200 - - [05/Apr/2018:16:10:14 -0300] "GET /cormun/servlet/solicitudot?UPD,2018,11034, HTTP/1.1" 200 15477
200.54.247.70 - - [05/Apr/2018:16:10:15 -0300] "POST /cormun/servlet/trsolicitudot?1a097fb1d159fd0f0a6737b678eed9e6,gx-no-cache=1522955359489 HTTP/1.1" 200 4447
200.54.247.70 - - [05/Apr/2018:16:10:15 -0300] "GET /cormun/static/Shared/jqueryui/images/ui-bg_highlight-soft_100_c6c2c8_1x100.png HTTP/1.1" 404 1117
200.54.247.70 - - [05/Apr/2018:16:10:15 -0300] "GET /cormun/static/Shared/jqueryui/images/ui-bg_flat_55_fafafa_40x100.png HTTP/1.1" 404 1097
200.54.247.70 - - [05/Apr/2018:16:10:15 -0300] "GET /cormun/static/Shared/jqueryui/images/ui-icons_82798d_256x240.png HTTP/1.1" 404 1089
200.54.247.70 - - [05/Apr/2018:16:10:15 -0300] "GET /cormun/static/Shared/jqueryui/images/ui-icons_8d78a5_256x240.png HTTP/1.1" 404 1089
201.214.54.200 - - [05/Apr/2018:16:10:15 -0300] "POST /cormun/servlet/solicitudot?gx-no-cache=1522955363716 HTTP/1.1" 200 3432
201.214.54.200 - - [05/Apr/2018:16:10:16 -0300] "POST /cormun/servlet/solicitudot?e21e25e1072fdef0bbf6ddac4bdc452a,UPD,2018,11034,,gx-no-cache=1522955364077 HTTP/1.1" 200 11740
201.214.54.200 - - [05/Apr/2018:16:10:16 -0300] "GET /cormun/servlet/solicitudot?2218bc26f313e3d59685f561137111cadb9b44766e829f41bbeb6139efe6e0b5473f0310fea30d75f2f0665998122080,gx-no-cache=1522955364876 HTTP/1.1" 200 30
201.214.54.200 - - [05/Apr/2018:16:10:16 -0300] "GET /cormun/servlet/solicitudot?2218bc26f313e3d59685f561137111ca88c9e0239adea1a672fa6fed64a2fdf713b725e5c7cac3b715a99f659cea1bde861f39260b961a5c4c60b4b00d748255,gx-no-cache=1522955364988 HTTP/1.1" 200 30
201.214.54.200 - - [05/Apr/2018:16:10:16 -0300] "GET /cormun/servlet/solicitudot?2218bc26f313e3d59685f561137111ca4337b948275ae8224b007a82d31a4d4cd5eadb86814786020dd96596e2a87604cb414e09870c7088eea9238c2ce7959b,gx-no-cache=1522955365052 HTTP/1.1" 200 51
201.214.54.200 - - [05/Apr/2018:16:10:16 -0300] "POST /cormun/servlet/solicitudot?gx-no-cache=1522955365105 HTTP/1.1" 200 241
201.214.54.200 - - [05/Apr/2018:16:10:16 -0300] "GET /cormun/servlet/solicitudot?2218bc26f313e3d59685f561137111ca9540383d6ead27b1e965604d160eebae90811c74ae0988d9fc9e9cb6a936a3de155b5d479f70a5b6085dfd2cd73cf8ed9e7e447cfb9d8c54b8241cef7b010cadb094af591e4312aa9943fb78a4aef46e5aead48692dfa08e6f1517c046dae4e7c28827faf2097da949697907af149c98164e72ee9f1abf4d9ae73d0b9f92257d350b4ab9743e966144e8218cf3905bdc5ff57be40f252bf901952ae38da9ff28d913259edd792922c5ec044f8d914fed1eb76fcab1e6d172d3917a25a53a8e57b208b49140005ba0c8e5d01e0669f687bb2f6f35830faf9b8b91986366f4edb4f1b7ae6ef52e57c7fbb12fc7168a34cc92298b241ca66f46cb6612a4af606badbc6d8ad45333d59ad0ef6b96fcfa513d7916ef08da2b8a2ae656f0cd581f85d5398eea05cf18fa94b4ffcd19851d2b853fc85c2342150200772ef6fda6b2fedfa52fab366479fb778944194c6392afa46364c2c0a26d3aaebb599a647212480d3df387d33f6bd00a0aabacc76760ae37,gx-no-cache=1522955365166 HTTP/1.1" 200 30
201.214.54.200 - - [05/Apr/2018:16:10:16 -0300] "POST /cormun/servlet/solicitudot?gx-no-cache=1522955365214 HTTP/1.1" 200 30
201.214.54.200 - - [05/Apr/2018:16:10:17 -0300] "POST /cormun/servlet/solicitudot?gx-no-cache=1522955365311 HTTP/1.1" 200 1369
201.214.54.200 - - [05/Apr/2018:16:10:17 -0300] "POST /cormun/servlet/solicitudot?gx-no-cache=1522955365423 HTTP/1.1" 200 41
200.54.247.70 - - [05/Apr/2018:16:10:19 -0300] "GET /cormun/servlet/trautorizarsolicitud? HTTP/1.1" 200 8722
200.54.247.70 - - [05/Apr/2018:16:10:22 -0300] "POST /cormun/servlet/trautorizarsolicitud?1a097fb1d159fd0f0a6737b678eed9e6,,gx-no-cache=1522955366488 HTTP/1.1" 200 4610
200.54.247.70 - - [05/Apr/2018:16:10:22 -0300] "POST /cormun/servlet/trautorizarsolicitud?1a097fb1d159fd0f0a6737b678eed9e6,,gx-no-cache=1522955366790 HTTP/1.1" 200 4381
200.54.247.70 - - [05/Apr/2018:16:10:22 -0300] "GET /cormun/static/Shared/jqueryui/images/ui-icons_8d78a5_256x240.png HTTP/1.1" 404 1089
200.54.247.70 - - [05/Apr/2018:16:10:22 -0300] "GET /cormun/static/Shared/jqueryui/images/ui-icons_82798d_256x240.png HTTP/1.1" 404 1089
200.54.247.70 - - [05/Apr/2018:16:10:22 -0300] "GET /cormun/static/Shared/jqueryui/images/ui-bg_highlight-soft_100_c6c2c8_1x100.png HTTP/1.1" 404 1117
200.54.247.70 - - [05/Apr/2018:16:10:22 -0300] "GET /cormun/static/Shared/jqueryui/images/ui-bg_flat_55_fafafa_40x100.png HTTP/1.1" 404 1097
200.86.99.60 - - [05/Apr/2018:16:10:32 -0300] "POST /cormun/servlet/trvisualizadoreventos?306acecc72520abb8bc3d50417d38199,,gx-no-cache=1522955379196 HTTP/1.1" 200 4133
186.103.159.46 - - [05/Apr/2018:16:10:44 -0300] "GET /cormun/servlet/trlicenciaspermisosadjuntos?11142601,20180405000000,L, HTTP/1.1" 200 6306
186.103.159.46 - - [05/Apr/2018:16:10:45 -0300] "GET /cormun/servlet/trlicenciaspermisosadjuntos?11142601,20180405000000,L, HTTP/1.1" 200 6306
200.86.99.60 - - [05/Apr/2018:16:10:46 -0300] "POST /cormun/servlet/trvisualizadoreventos?306acecc72520abb8bc3d50417d38199,,gx-no-cache=1522955393765 HTTP/1.1" 200 4757
186.103.159.46 - - [05/Apr/2018:16:10:49 -0300] "GET /cormun/servlet/licenciaspermisosadjuntos?INS,11142601,L,20180405000000,, HTTP/1.1" 200 5606
186.103.159.46 - - [05/Apr/2018:16:10:50 -0300] "GET /cormun/static/about:blank HTTP/1.1" 404 1011
186.103.159.46 - - [05/Apr/2018:16:10:51 -0300] "GET /cormun/servlet/licenciaspermisosadjuntos?INS,11142601,L,20180405000000,, HTTP/1.1" 200 5595
200.86.99.60 - - [05/Apr/2018:16:11:09 -0300] "POST /cormun/servlet/trvisualizadoreventos?306acecc72520abb8bc3d50417d38199,,gx-no-cache=1522955417063 HTTP/1.1" 200 4707
200.86.99.60 - - [05/Apr/2018:16:11:14 -0300] "POST /cormun/servlet/trvisualizadoreventos?306acecc72520abb8bc3d50417d38199,,gx-no-cache=1522955421743 HTTP/1.1" 200 4819
200.86.99.60 - - [05/Apr/2018:16:11:26 -0300] "POST /cormun/servlet/trvisualizadoreventos?306acecc72520abb8bc3d50417d38199,,gx-no-cache=1522955433797 HTTP/1.1" 200 4845
186.103.159.204 - - [05/Apr/2018:16:11:48 -0300] "POST /cormun/servlet/trsolicitudot?d4a0e214d9744deb73351e4ddad0b1b6,,gx-no-cache=1522955449303 HTTP/1.1" 200 14415
200.86.99.60 - - [05/Apr/2018:16:11:51 -0300] "POST /cormun/servlet/trvisualizadoreventos?306acecc72520abb8bc3d50417d38199,,gx-no-cache=1522955458301 HTTP/1.1" 200 4847
200.86.99.60 - - [05/Apr/2018:16:12:03 -0300] "POST /cormun/servlet/trvisualizadoreventos?306acecc72520abb8bc3d50417d38199,,gx-no-cache=1522955470341 HTTP/1.1" 200 5321
200.86.99.60 - - [05/Apr/2018:16:12:19 -0300] "POST /cormun/servlet/trvisualizadoreventos?306acecc72520abb8bc3d50417d38199,,gx-no-cache=1522955486536 HTTP/1.1" 200 4134
186.103.159.46 - - [05/Apr/2018:16:12:19 -0300] "POST /cormun/servlet/licenciaspermisosadjuntos?32aa5499842a1f70acbdb524f4e5f19b,INS,11142601,L,20180405000000,, HTTP/1.1" 200 116
186.103.159.46 - - [05/Apr/2018:16:12:20 -0300] "GET /cormun/servlet/hpexe_return? HTTP/1.1" 200 1040
186.103.159.46 - - [05/Apr/2018:16:12:20 -0300] "GET /cormun/servlet/trlicenciaspermisosadjuntos?11142601,20180405000000,L, HTTP/1.1" 200 6794
200.86.99.60 - - [05/Apr/2018:16:12:21 -0300] "POST /cormun/servlet/trvisualizadoreventos?306acecc72520abb8bc3d50417d38199,,gx-no-cache=1522955488278 HTTP/1.1" 200 4134
186.103.159.46 - - [05/Apr/2018:16:12:23 -0300] "GET /cormun/servlet/trlicenciaspermisosadjuntos?11142601,20180405000000,L, HTTP/1.1" 200 6790
186.103.159.46 - - [05/Apr/2018:16:12:26 -0300] "GET /cormun/servlet/licenciaspermisosadjuntos?INS,11142601,L,20180405000000,, HTTP/1.1" 200 5606
186.103.159.46 - - [05/Apr/2018:16:12:27 -0300] "GET /cormun/static/about:blank HTTP/1.1" 404 1011
186.103.159.46 - - [05/Apr/2018:16:12:28 -0300] "GET /cormun/servlet/licenciaspermisosadjuntos?INS,11142601,L,20180405000000,, HTTP/1.1" 200 5595
186.103.159.46 - - [05/Apr/2018:16:12:40 -0300] "POST /cormun/servlet/licenciaspermisosadjuntos?32aa5499842a1f70acbdb524f4e5f19b,INS,11142601,L,20180405000000,, HTTP/1.1" 200 116
186.103.159.46 - - [05/Apr/2018:16:12:41 -0300] "GET /cormun/servlet/hpexe_return? HTTP/1.1" 200 1040
186.103.159.46 - - [05/Apr/2018:16:12:41 -0300] "GET /cormun/servlet/trlicenciaspermisosadjuntos?11142601,20180405000000,L, HTTP/1.1" 200 6904
186.103.159.46 - - [05/Apr/2018:16:12:43 -0300] "GET /cormun/servlet/trlicenciaspermisosadjuntos?11142601,20180405000000,L, HTTP/1.1" 200 6901
200.86.99.60 - - [05/Apr/2018:16:12:51 -0300] "GET /cormun/servlet/trvisualizadoreventos? HTTP/1.1" 200 6905
200.86.99.60 - - [05/Apr/2018:16:12:52 -0300] "GET /cormun/servlet/trvisualizadoreventos? HTTP/1.1" 200 6905
200.86.99.60 - - [05/Apr/2018:16:12:57 -0300] "POST /cormun/servlet/trvisualizadoreventos?306acecc72520abb8bc3d50417d38199,,gx-no-cache=1522955524752 HTTP/1.1" 200 4133
186.103.159.46 - - [05/Apr/2018:16:13:00 -0300] "GET /cormun/servlet/trlicencias? HTTP/1.1" 200 10750
200.86.99.60 - - [05/Apr/2018:16:13:01 -0300] "POST /cormun/servlet/trvisualizadoreventos?306acecc72520abb8bc3d50417d38199,,gx-no-cache=1522955528702 HTTP/1.1" 200 4756
186.103.159.46 - - [05/Apr/2018:16:13:02 -0300] "GET /cormun/servlet/trlicencias? HTTP/1.1" 200 10851
186.79.209.55 - - [05/Apr/2018:16:13:05 -0300] "POST /cormun/servlet/solicitudot?gx-no-cache=1522955533234 HTTP/1.1" 200 30
186.79.209.55 - - [05/Apr/2018:16:13:05 -0300] "POST /cormun/servlet/solicitudot?gx-no-cache=1522955533587 HTTP/1.1" 200 1369
186.79.209.55 - - [05/Apr/2018:16:13:05 -0300] "POST /cormun/servlet/solicitudot?gx-no-cache=1522955533830 HTTP/1.1" 200 41
186.79.209.55 - - [05/Apr/2018:16:13:05 -0300] "GET /cormun/servlet/solicitudot?2218bc26f313e3d59685f561137111ca971e635107275522a3d5d7ab09703007f4de3f89a3bf066e0c253c838a327876f6eb382ca25762579d6d7d9b544f2f94a722aa9a935ebabd36b0ff2c57b9154abfa0ad22c91aef50f67a1d6c715324158aba3aa342f9fd2c916e78218c90cfeb,gx-no-cache=1522955533942 HTTP/1.1" 200 29
186.79.209.55 - - [05/Apr/2018:16:13:05 -0300] "POST /cormun/servlet/solicitudot?gx-no-cache=1522955534031 HTTP/1.1" 200 1350
186.79.209.55 - - [05/Apr/2018:16:13:06 -0300] "POST /cormun/servlet/solicitudot?gx-no-cache=1522955534237 HTTP/1.1" 200 1248
186.79.209.55 - - [05/Apr/2018:16:13:06 -0300] "GET /cormun/servlet/solicitudot?2218bc26f313e3d59685f561137111cab40bce4e3aed54786d8fc94f4d8da6037eef0312379d171a3bcfd8f852b90cd5,gx-no-cache=1522955534456 HTTP/1.1" 200 30
186.79.209.55 - - [05/Apr/2018:16:13:06 -0300] "POST /cormun/servlet/solicitudot?gx-no-cache=1522955534547 HTTP/1.1" 200 30
186.79.209.55 - - [05/Apr/2018:16:13:11 -0300] "POST /cormun/servlet/solicitudot?e21e25e1072fdef0bbf6ddac4bdc452a,UPD,2018,11034,,gx-no-cache=1522955538971 HTTP/1.1" 200 93
186.103.159.204 - - [05/Apr/2018:16:13:11 -0300] "GET /cormun/static/Shared/jqueryui/images/ui-bg_highlight-soft_100_eae6ea_1x100.png HTTP/1.1" 404 1117
186.79.209.55 - - [05/Apr/2018:16:13:11 -0300] "GET /cormun/servlet/hpexe_return? HTTP/1.1" 200 1010
186.103.159.46 - - [05/Apr/2018:16:13:11 -0300] "GET /cormun/servlet/licenciaspermisos?UPD,11142601,L,20180405000000, HTTP/1.1" 200 7695
186.79.209.55 - - [05/Apr/2018:16:13:12 -0300] "GET /cormun/servlet/trsolicitudot HTTP/1.1" 200 8821
186.103.158.250 - - [05/Apr/2018:16:13:13 -0300] "GET /cormun/servlet/prbanco?,MD,,gxPopupLevel%3D0%3B HTTP/1.1" 200 6635
186.103.158.250 - - [05/Apr/2018:16:13:13 -0300] "GET /cormun/static/prbanco.js?2018116101633 HTTP/1.1" 304 -
186.79.209.55 - - [05/Apr/2018:16:13:13 -0300] "GET /cormun/servlet/trsolicitudot HTTP/1.1" 200 8817
186.103.159.46 - - [05/Apr/2018:16:13:13 -0300] "GET /cormun/servlet/licenciaspermisos?UPD,11142601,L,20180405000000, HTTP/1.1" 200 7713
186.103.159.46 - - [05/Apr/2018:16:13:14 -0300] "GET /cormun/servlet/licenciaspermisos?1750a0729ef48f8d6dd5dd4f119d6bc432b89eae9b9c99d744c259dacc27a5ad6cc639030d3769a55dea976465150258ddbc0bdc1c0624cbc2c9bd04b87c5e66d071d528aa18564f79f6f33d9d09c9e2b039f19926c9d42cfc48fce9a4505e10,gx-no-cache=1522955540711 HTTP/1.1" 200 96
186.79.209.55 - - [05/Apr/2018:16:13:18 -0300] "GET /cormun/servlet/vesolicitudot?2018,11034,, HTTP/1.1" 200 8616
186.79.209.55 - - [05/Apr/2018:16:13:18 -0300] "GET /cormun/pexe_scrolldiv.js HTTP/1.1" 404 1009
186.79.209.55 - - [05/Apr/2018:16:13:18 -0300] "GET /cormun/pexe_scrolldiv.js HTTP/1.1" 404 1009
186.103.158.250 - - [05/Apr/2018:16:13:18 -0300] "GET /cormun/servlet/solicitudot?ed443126bba3f2edb223d0e91dd0119a6287504ef2d197e1175b12dbc6f3eec1d5f29642eb1b724ceaac2cb99d5ffce3,gx-no-cache=1522955543184 HTTP/1.1" 200 30
186.103.158.250 - - [05/Apr/2018:16:13:19 -0300] "GET /cormun/servlet/solicitudot?ed443126bba3f2edb223d0e91dd0119a2e6fe888f8698f78036eef36e35e5b2c4d8ef0f337a11d01825617214261059b610cbf30807b5f2d73bc6d452bf963d3,gx-no-cache=1522955543261 HTTP/1.1" 200 30
186.103.159.46 - - [05/Apr/2018:16:13:19 -0300] "POST /cormun/servlet/licenciaspermisos?32aa5499842a1f70acbdb524f4e5f19b,UPD,11142601,L,20180405000000,,gx-no-cache=1522955545381 HTTP/1.1" 200 93
186.103.159.46 - - [05/Apr/2018:16:13:19 -0300] "GET /cormun/servlet/hpexe_return? HTTP/1.1" 200 1026
186.103.159.46 - - [05/Apr/2018:16:13:19 -0300] "GET /cormun/servlet/trlicencias HTTP/1.1" 200 10856
186.79.209.55 - - [05/Apr/2018:16:13:19 -0300] "GET /cormun/servlet/vesolicitudot?2018,11034,, HTTP/1.1" 200 8615
186.103.158.250 - - [05/Apr/2018:16:13:21 -0300] "GET /cormun/servlet/solicitudot?ed443126bba3f2edb223d0e91dd0119a4fcde046cbfcd8955c94010ce13cd318,gx-no-cache=1522955545220 HTTP/1.1" 200 53
186.103.159.46 - - [05/Apr/2018:16:13:22 -0300] "GET /cormun/servlet/trlicencias HTTP/1.1" 200 10851
200.86.99.60 - - [05/Apr/2018:16:13:24 -0300] "GET /cormun/servlet/trsolicitudot? HTTP/1.1" 200 7189
200.86.99.60 - - [05/Apr/2018:16:13:24 -0300] "GET /cormun/static/Resources/PXToolsGridNew.png HTTP/1.1" 200 2949
200.86.99.60 - - [05/Apr/2018:16:13:25 -0300] "GET /cormun/servlet/trsolicitudot? HTTP/1.1" 200 7188
186.103.159.46 - - [05/Apr/2018:16:13:25 -0300] "GET /cormun/servlet/trlicenciaspermisosadjuntos?11142601,20180405000000,L, HTTP/1.1" 200 6898
186.67.164.142 - - [05/Apr/2018:16:13:27 -0300] "GET /cormun/servlet/hlogin HTTP/1.1" 200 1723
186.67.164.142 - - [05/Apr/2018:16:13:28 -0300] "GET /cormun/servlet/hlogin HTTP/1.1" 200 1733
186.103.159.46 - - [05/Apr/2018:16:13:29 -0300] "GET /cormun/servlet/trlicenciaspermisosadjuntos?11142601,20180405000000,L, HTTP/1.1" 200 6901
186.67.164.142 - - [05/Apr/2018:16:13:33 -0300] "POST /cormun/servlet/hlogin?6ae86ea47f4b8fe2f77a37af73b12144,gx-no-cache=1522955560181 HTTP/1.1" 200 90
186.67.164.142 - - [05/Apr/2018:16:13:33 -0300] "GET /cormun/servlet/hpexe_link HTTP/1.1" 200 954
186.67.164.142 - - [05/Apr/2018:16:13:33 -0300] "GET /cormun/servlet/hhome HTTP/1.1" 200 3981
186.67.164.142 - - [05/Apr/2018:16:13:34 -0300] "GET /cormun/servlet/hhome HTTP/1.1" 200 3978
186.67.164.142 - - [05/Apr/2018:16:13:37 -0300] "GET /cormun/servlet/trlicencias? HTTP/1.1" 200 13682
186.67.164.142 - - [05/Apr/2018:16:13:37 -0300] "GET /cormun/static/Resources/PXTools/calendar.png HTTP/1.1" 304 -
186.67.164.142 - - [05/Apr/2018:16:13:38 -0300] "GET /cormun/servlet/trlicencias? HTTP/1.1" 200 13679
186.103.158.250 - - [05/Apr/2018:16:13:38 -0300] "POST /cormun/servlet/solicitudot?gx-no-cache=1522955563170 HTTP/1.1" 200 297
186.103.158.250 - - [05/Apr/2018:16:13:39 -0300] "GET /cormun/servlet/solicitudot?ed443126bba3f2edb223d0e91dd0119ac5128795d76e2027074016220dddd792181d341db925198598e4b13eda915981d4e13c5fa0cad099270ed5c4c8450909ba9961e89a4fea2c8fe5a123184dcb1a5b2447ee77921376d9cbc156391ce433d632a7fd0bc3219357493c6faf659e5aece02b9d8dba4ade3b6fd3e1020521cbff6358188b21e23c61895a551d0473ce36e406304b51da80b79e04855c885f0c008dc2db6b69672f96df801a350b5a63d1065b53be3d23a0276500ae2d1ae694735bde29a3b14962721c16dcdd31510f7ad8c1fb03cd5f3c7d17d752a5f4ce1afa225ab96c0e9f73356e1d9ac63decd0eb207c9c5a53facf39f8c9367a1de18ba506e1eb35e2332b9bddf48285d18b9d05f581efda1af2ea9a63b0e04b5c2a24f824a56a78379b7cd3f3f9f2ca7f6ae4c941e84cf19f2115173b8bf555f48c4c813a96ae95936bab65bde1747c5d0b27ab576de35ea07c61a09029993adee0586db3360e0fc9109227f3d4f8847dc0c367a17edfde621c03c5f197fb2258b9c18e32de3d22889e1286a3f778f8709c98,gx-no-cache=1522955563244 HTTP/1.1" 200 30
186.103.159.46 - - [05/Apr/2018:16:13:41 -0300] "GET /cormun/servlet/trlicencias? HTTP/1.1" 200 10852
200.86.99.60 - - [05/Apr/2018:16:13:41 -0300] "GET /cormun/servlet/trsolicitudot? HTTP/1.1" 200 7188
186.103.158.250 - - [05/Apr/2018:16:13:42 -0300] "POST /cormun/servlet/solicitudot?gx-no-cache=1522955566320 HTTP/1.1" 200 30
200.86.99.60 - - [05/Apr/2018:16:13:42 -0300] "GET /cormun/servlet/trsolicitudot? HTTP/1.1" 200 7188
186.103.159.46 - - [05/Apr/2018:16:13:43 -0300] "GET /cormun/servlet/trlicencias? HTTP/1.1" 200 10749
186.103.158.250 - - [05/Apr/2018:16:13:44 -0300] "POST /cormun/servlet/solicitudot?gx-no-cache=1522955568241 HTTP/1.1" 200 1369
186.103.158.250 - - [05/Apr/2018:16:13:44 -0300] "POST /cormun/servlet/solicitudot?gx-no-cache=1522955568406 HTTP/1.1" 200 38
201.214.54.200 - - [05/Apr/2018:16:13:52 -0300] "POST /cormun/servlet/vesolicitudot?e21e25e1072fdef0bbf6ddac4bdc452a,2018,11034,,,gx-no-cache=1522955580532 HTTP/1.1" 200 90
201.214.54.200 - - [05/Apr/2018:16:13:52 -0300] "GET /cormun/servlet/hpexe_link HTTP/1.1" 200 962
201.214.54.200 - - [05/Apr/2018:16:13:53 -0300] "GET /cormun/servlet/trsolicitudot HTTP/1.1" 200 8818
201.214.54.200 - - [05/Apr/2018:16:13:54 -0300] "GET /cormun/servlet/trsolicitudot HTTP/1.1" 200 8817
186.103.159.44 - - [05/Apr/2018:16:13:57 -0300] "GET /cormun/servlet/hlogin HTTP/1.1" 200 1711
186.103.159.44 - - [05/Apr/2018:16:13:57 -0300] "GET /cormun/static/gxtimezone.js?85251 HTTP/1.1" 200 5781
186.103.159.44 - - [05/Apr/2018:16:13:57 -0300] "GET /cormun/static/gxcfg.js?20175251213516 HTTP/1.1" 200 953
186.103.159.44 - - [05/Apr/2018:16:13:57 -0300] "GET /cormun/static/messages.spa.js?85251 HTTP/1.1" 200 30736
186.103.159.44 - - [05/Apr/2018:16:13:57 -0300] "GET /cormun/static/hlogin.js?20175251213537 HTTP/1.1" 200 2136
186.103.159.44 - - [05/Apr/2018:16:13:57 -0300] "GET /cormun/static/Resources/Spanish/PXTools.css?11423723 HTTP/1.1" 200 89042
186.103.159.44 - - [05/Apr/2018:16:13:57 -0300] "GET /cormun/static/Resources/ComunLogin.png HTTP/1.1" 200 17326
186.103.159.44 - - [05/Apr/2018:16:13:57 -0300] "GET /cormun/static/gxgral.js?85251 HTTP/1.1" 200 384558
186.103.159.44 - - [05/Apr/2018:16:13:58 -0300] "GET /cormun/static/Resources/indicator.gif HTTP/1.1" 200 1553
186.103.159.44 - - [05/Apr/2018:16:13:58 -0300] "GET /cormun/static/Resources/PXToolsLoginBackground.png HTTP/1.1" 200 1164
186.103.159.44 - - [05/Apr/2018:16:13:58 -0300] "GET /cormun/static/Resources/PXToolsLoginTop.png HTTP/1.1" 200 1337
186.103.159.44 - - [05/Apr/2018:16:13:58 -0300] "GET /cormun/static/Resources/PXToolsButtonLeft21.png HTTP/1.1" 200 1287
186.103.159.44 - - [05/Apr/2018:16:13:58 -0300] "GET /cormun/static/Resources/PXToolsButtonRight21.png HTTP/1.1" 200 1283
186.103.159.44 - - [05/Apr/2018:16:13:58 -0300] "GET /cormun/static/Resources/PXToolsLoginBottom.png HTTP/1.1" 200 1389
186.103.159.44 - - [05/Apr/2018:16:13:58 -0300] "GET /cormun/static/Resources/PXToolsButtonBackground2.png HTTP/1.1" 200 1181
186.103.159.44 - - [05/Apr/2018:16:13:58 -0300] "GET /favicon.ico HTTP/1.1" 200 21630
201.214.54.200 - - [05/Apr/2018:16:13:59 -0300] "POST /cormun/servlet/trsolicitudot?e21e25e1072fdef0bbf6ddac4bdc452a,gx-no-cache=1522955586881 HTTP/1.1" 200 4687
201.214.54.200 - - [05/Apr/2018:16:13:59 -0300] "GET /cormun/static/Shared/jqueryui/images/ui-bg_highlight-soft_100_c6c2c8_1x100.png HTTP/1.1" 404 1117
201.214.54.200 - - [05/Apr/2018:16:13:59 -0300] "GET /cormun/static/Shared/jqueryui/images/ui-icons_82798d_256x240.png HTTP/1.1" 404 1089
201.214.54.200 - - [05/Apr/2018:16:13:59 -0300] "GET /cormun/static/Shared/jqueryui/images/ui-bg_flat_55_fafafa_40x100.png HTTP/1.1" 404 1097
201.214.54.200 - - [05/Apr/2018:16:13:59 -0300] "GET /cormun/static/Shared/jqueryui/images/ui-icons_8d78a5_256x240.png HTTP/1.1" 404 1089
201.214.54.200 - - [05/Apr/2018:16:13:59 -0300] "POST /cormun/servlet/trsolicitudot?e21e25e1072fdef0bbf6ddac4bdc452a,gx-no-cache=1522955587705 HTTP/1.1" 200 4445
186.103.159.46 - - [05/Apr/2018:16:14:02 -0300] "POST /cormun/servlet/trlicencias?32aa5499842a1f70acbdb524f4e5f19b,,gx-no-cache=1522955588329 HTTP/1.1" 200 8145
186.103.159.46 - - [05/Apr/2018:16:14:02 -0300] "GET /cormun/static/Shared/jqueryui/images/ui-bg_highlight-soft_100_c6c2c8_1x100.png HTTP/1.1" 404 1117
186.103.159.46 - - [05/Apr/2018:16:14:02 -0300] "GET /cormun/static/Shared/jqueryui/images/ui-icons_82798d_256x240.png HTTP/1.1" 404 1089
186.103.159.46 - - [05/Apr/2018:16:14:02 -0300] "GET /cormun/static/Shared/jqueryui/images/ui-bg_flat_55_fafafa_40x100.png HTTP/1.1" 404 1097
186.103.159.46 - - [05/Apr/2018:16:14:02 -0300] "GET /cormun/static/Shared/jqueryui/images/ui-icons_8d78a5_256x240.png HTTP/1.1" 404 1089
186.103.159.44 - - [05/Apr/2018:16:14:20 -0300] "POST /cormun/servlet/hlogin?49b100131bde520a733737af14de3409,gx-no-cache=1522955607582 HTTP/1.1" 200 90
186.103.159.44 - - [05/Apr/2018:16:14:20 -0300] "GET /cormun/servlet/hpexe_link HTTP/1.1" 200 944
186.103.159.44 - - [05/Apr/2018:16:14:20 -0300] "GET /cormun/static/gxcfg.js?20177612121792 HTTP/1.1" 200 953
186.103.159.44 - - [05/Apr/2018:16:14:20 -0300] "GET /cormun/static/hpexe_link.js?20177612121795 HTTP/1.1" 200 625
186.103.159.44 - - [05/Apr/2018:16:14:20 -0300] "GET /cormun/static/Resources/Spanish/PXTools.css?1155365 HTTP/1.1" 200 89042
186.103.159.44 - - [05/Apr/2018:16:14:20 -0300] "GET /cormun/servlet/hhome HTTP/1.1" 200 4139
186.103.159.44 - - [05/Apr/2018:16:14:20 -0300] "GET /cormun/static/Shared/jqueryui/jquery-ui.min.css?1245370 HTTP/1.1" 200 30288
186.103.159.44 - - [05/Apr/2018:16:14:20 -0300] "GET /cormun/static/SmoothNavMenu/resources/ddsmoothmenu.css?1012540 HTTP/1.1" 200 2223
186.103.159.44 - - [05/Apr/2018:16:14:20 -0300] "GET /cormun/static/SmoothNavMenu/resources/ddsmoothmenu-v.css?1012540 HTTP/1.1" 200 1188
186.103.159.44 - - [05/Apr/2018:16:14:20 -0300] "GET /cormun/static/scaMessage/css/jquery.pnotify.default.css?1716380 HTTP/1.1" 200 1707
186.103.159.44 - - [05/Apr/2018:16:14:20 -0300] "GET /cormun/static/gxcfg.js?20175251212442 HTTP/1.1" 200 953
186.103.159.44 - - [05/Apr/2018:16:14:20 -0300] "GET /cormun/static/PXToolsJavascripts/pexe_autoreload.js HTTP/1.1" 200 1762
186.103.159.44 - - [05/Apr/2018:16:14:20 -0300] "GET /cormun/static/PXToolsJavascripts/pexe_windows.js HTTP/1.1" 200 15207
