186.103.159.204 - - [04/Apr/2018:12:40:32 -0300] "GET /cormun/servlet/trsolicitudot? HTTP/1.1" 200 25271
186.79.233.153 - - [04/Apr/2018:12:41:19 -0300] "GET /cormun/servlet/hpexe_return? HTTP/1.1" 200 981
186.79.233.153 - - [04/Apr/2018:12:41:19 -0300] "GET /cormun/static/gxtimezone.js?85251 HTTP/1.1" 200 5781
186.79.233.153 - - [04/Apr/2018:12:41:20 -0300] "GET /cormun/static/gxcfg.js?2016101716175148 HTTP/1.1" 200 953
186.79.233.153 - - [04/Apr/2018:12:41:20 -0300] "GET /cormun/static/RunJS/RunJS.js HTTP/1.1" 200 288
186.79.233.153 - - [04/Apr/2018:12:41:21 -0300] "GET /cormun/static/hpexe_return.js?2016101716175153 HTTP/1.1" 200 1633
186.79.233.153 - - [04/Apr/2018:12:41:21 -0300] "GET /cormun/static/messages.spa.js?85251 HTTP/1.1" 200 30736
186.79.233.153 - - [04/Apr/2018:12:41:36 -0300] "GET /cormun/servlet/hlogin HTTP/1.1" 200 1717
186.79.233.153 - - [04/Apr/2018:12:41:37 -0300] "GET /cormun/static/Resources/PXToolsLoginBackground.png HTTP/1.1" 200 1164
186.79.233.153 - - [04/Apr/2018:12:41:37 -0300] "GET /cormun/static/Resources/PXToolsLoginTop.png HTTP/1.1" 200 1337
186.79.233.153 - - [04/Apr/2018:12:41:37 -0300] "GET /cormun/static/Resources/PXToolsButtonLeft21.png HTTP/1.1" 200 1287
186.79.233.153 - - [04/Apr/2018:12:41:38 -0300] "GET /cormun/static/Resources/indicator.gif HTTP/1.1" 200 1553
186.79.233.153 - - [04/Apr/2018:12:41:40 -0300] "GET /cormun/static/Resources/Spanish/PXTools.css?167811 HTTP/1.1" 200 89042
186.79.233.153 - - [04/Apr/2018:12:42:13 -0300] "GET /cormun/static/gxgral.js?85251 HTTP/1.1" 200 384558
190.100.93.40 - - [04/Apr/2018:12:49:05 -0300] "GET /cormun/servlet/hlogin HTTP/1.1" 200 1718
190.100.93.40 - - [04/Apr/2018:12:50:14 -0300] "POST /cormun/servlet/hlogin?c748c5d5d7ea0a91eccb3cf0cc793b3b,gx-no-cache=1522856958808 HTTP/1.1" 200 90
190.100.93.40 - - [04/Apr/2018:12:50:14 -0300] "GET /cormun/servlet/hpexe_link HTTP/1.1" 200 950
190.100.93.40 - - [04/Apr/2018:12:50:14 -0300] "GET /cormun/servlet/hhome HTTP/1.1" 200 4337
190.100.93.40 - - [04/Apr/2018:12:50:15 -0300] "GET /cormun/servlet/hhome HTTP/1.1" 200 4333
190.100.93.40 - - [04/Apr/2018:12:50:32 -0300] "GET /cormun/servlet/trcontratosolicitud? HTTP/1.1" 200 14893
190.100.93.40 - - [04/Apr/2018:12:50:32 -0300] "GET /cormun/static/calendar-system.css?75620 HTTP/1.1" 200 5572
190.100.93.40 - - [04/Apr/2018:12:50:32 -0300] "GET /cormun/static/gxui/gxui-all.css?110300 HTTP/1.1" 200 2179
190.100.93.40 - - [04/Apr/2018:12:50:32 -0300] "GET /cormun/static/gxcfg.js?20177612214014 HTTP/1.1" 200 953
190.100.93.40 - - [04/Apr/2018:12:50:32 -0300] "GET /cormun/static/trcontratosolicitud.js?20177612214349 HTTP/1.1" 200 28237
190.100.93.40 - - [04/Apr/2018:12:50:32 -0300] "GET /cormun/static/Shared/ext/resources/css/ext-all.css?205870 HTTP/1.1" 200 416045
190.100.93.40 - - [04/Apr/2018:12:50:32 -0300] "GET /cormun//static/Resources/PXToolsActionDisabled.gif HTTP/1.1" 200 53
190.100.93.40 - - [04/Apr/2018:12:50:32 -0300] "GET /cormun//static/Resources/PXToolsGridNew.png HTTP/1.1" 200 2949
190.100.93.40 - - [04/Apr/2018:12:50:32 -0300] "GET /cormun/servlet/trcontratosolicitud? HTTP/1.1" 200 14902
190.100.93.40 - - [04/Apr/2018:12:50:52 -0300] "GET /cormun/servlet/trsolicitudot? HTTP/1.1" 200 8908
190.100.93.40 - - [04/Apr/2018:12:50:52 -0300] "GET /cormun//static/Resources/PXToolsActionView.png HTTP/1.1" 200 2995
190.100.93.40 - - [04/Apr/2018:12:50:52 -0300] "GET /cormun//static/Resources/PXToolsGridUpdate.png HTTP/1.1" 200 2984
190.100.93.40 - - [04/Apr/2018:12:50:52 -0300] "GET /cormun//static/Resources/PXToolsGridDelete.png HTTP/1.1" 200 357
190.100.93.40 - - [04/Apr/2018:12:50:52 -0300] "GET /cormun//static/Resources/PXToolsRemoveAllAction.png HTTP/1.1" 200 3558
190.100.93.40 - - [04/Apr/2018:12:50:52 -0300] "GET /cormun//static/Resources/PXTools/ActionInsert.png HTTP/1.1" 200 1482
190.100.93.40 - - [04/Apr/2018:12:50:52 -0300] "GET /cormun/servlet/trsolicitudot? HTTP/1.1" 200 8908
190.100.93.40 - - [04/Apr/2018:12:50:56 -0300] "GET /cormun/servlet/solicitudot?INS,0,0, HTTP/1.1" 200 13788
190.100.93.40 - - [04/Apr/2018:12:50:56 -0300] "GET /cormun/servlet/solicitudot?INS,0,0, HTTP/1.1" 200 13793
190.100.93.40 - - [04/Apr/2018:12:51:22 -0300] "POST /cormun/servlet/solicitudot?gx-no-cache=1522857026926 HTTP/1.1" 200 3291
190.100.93.40 - - [04/Apr/2018:12:51:22 -0300] "POST /cormun/servlet/solicitudot?c748c5d5d7ea0a91eccb3cf0cc793b3b,INS,0,0,,gx-no-cache=1522857027169 HTTP/1.1" 200 10444
190.100.93.40 - - [04/Apr/2018:12:51:42 -0300] "GET /cormun/static/Resources/resize.gif HTTP/1.1" 200 77
190.100.93.40 - - [04/Apr/2018:12:51:42 -0300] "GET /cormun/servlet/prfichaempleado?,MD,,gxPopupLevel%3D0%3B HTTP/1.1" 200 9511
190.100.93.40 - - [04/Apr/2018:12:51:42 -0300] "GET /cormun/static/gxcfg.js?20177612134814 HTTP/1.1" 200 953
190.100.93.40 - - [04/Apr/2018:12:51:42 -0300] "GET /cormun/static/menusearch.js?201610171694467 HTTP/1.1" 200 1424
190.100.93.40 - - [04/Apr/2018:12:51:42 -0300] "GET /cormun/static/prfichaempleado.js?20177612134999 HTTP/1.1" 200 16006
190.100.93.40 - - [04/Apr/2018:12:51:42 -0300] "GET /cormun/static/Resources/PXToolsMenuSearch.png HTTP/1.1" 200 2914
190.100.93.40 - - [04/Apr/2018:12:51:42 -0300] "GET /cormun/static/hmpwkw011.js?20177612121862 HTTP/1.1" 200 1968
190.100.93.40 - - [04/Apr/2018:12:51:42 -0300] "GET /cormun/static/Resources/PXToolsMenuSearchCancel.png HTTP/1.1" 200 2972
190.100.93.40 - - [04/Apr/2018:12:52:09 -0300] "POST /cormun/servlet/prfichaempleado?c748c5d5d7ea0a91eccb3cf0cc793b3b,,MD,,gxPopupLevel%3D0%3B,gx-no-cache=1522857073346 HTTP/1.1" 200 3192
190.100.93.40 - - [04/Apr/2018:12:52:50 -0300] "GET /cormun/servlet/prfichaempleado?,MD,,gxPopupLevel%3D0%3B HTTP/1.1" 200 9511
190.100.93.40 - - [04/Apr/2018:12:53:02 -0300] "POST /cormun/servlet/prfichaempleado?c748c5d5d7ea0a91eccb3cf0cc793b3b,,MD,,gxPopupLevel%3D0%3B,gx-no-cache=1522857127016 HTTP/1.1" 200 3193
186.79.233.153 - - [04/Apr/2018:12:55:59 -0300] "GET /cormun/servlet/hlogin HTTP/1.1" 200 1717
186.79.233.153 - - [04/Apr/2018:12:56:00 -0300] "GET /cormun/static/Resources/PXToolsLoginBackground.png HTTP/1.1" 200 1164
186.79.233.153 - - [04/Apr/2018:12:56:00 -0300] "GET /cormun/static/Resources/PXToolsLoginTop.png HTTP/1.1" 200 1337
186.79.233.153 - - [04/Apr/2018:12:56:09 -0300] "POST /cormun/servlet/hlogin?274eb12bdd96a19e4c216915890c4f43,gx-no-cache=1522857315904 HTTP/1.1" 200 427
207.46.13.72 - - [04/Apr/2018:12:59:23 -0300] "GET /cormun/servlet/trsolicitudot HTTP/1.1" 200 6378
186.103.159.46 - - [04/Apr/2018:13:00:05 -0300] "POST /cormun/servlet/trlicencias?05b84fa9bad18db31130f2b7f117326c,,gx-no-cache=1522857551167 HTTP/1.1" 440 972
192.168.10.56 - - [04/Apr/2018:13:06:16 -0300] "POST /cormun/servlet/hlogin?1f1770a8ce2436edb72917d5416c11ba,gx-no-cache=1522857804618 HTTP/1.1" 200 90
192.168.10.56 - - [04/Apr/2018:13:06:16 -0300] "GET /cormun/servlet/hpexe_link HTTP/1.1" 200 977
192.168.10.56 - - [04/Apr/2018:13:06:17 -0300] "GET /cormun/servlet/trsolicitudgral?gx-no-cache=1522856047575 HTTP/1.1" 200 10354
192.168.10.56 - - [04/Apr/2018:13:06:17 -0300] "GET /cormun/servlet/trsolicitudgral?gx-no-cache=1522856047575 HTTP/1.1" 200 10375
192.168.10.56 - - [04/Apr/2018:13:06:27 -0300] "POST /cormun/servlet/trsolicitudgral?1f1770a8ce2436edb72917d5416c11ba,gx-no-cache=1522856047575,gx-no-cache=1522857815133 HTTP/1.1" 200 8868
192.168.10.56 - - [04/Apr/2018:13:06:45 -0300] "POST /cormun/servlet/trsolicitudgral?1f1770a8ce2436edb72917d5416c11ba,gx-no-cache=1522856047575,gx-no-cache=1522857832700 HTTP/1.1" 200 7723
192.168.10.56 - - [04/Apr/2018:13:06:45 -0300] "GET /cormun/static/Shared/jqueryui/images/ui-icons_82798d_256x240.png HTTP/1.1" 404 1089
192.168.10.56 - - [04/Apr/2018:13:06:45 -0300] "GET /cormun/static/Shared/jqueryui/images/ui-bg_highlight-soft_100_c6c2c8_1x100.png HTTP/1.1" 404 1117
192.168.10.56 - - [04/Apr/2018:13:06:45 -0300] "GET /cormun/static/Shared/jqueryui/images/ui-icons_8d78a5_256x240.png HTTP/1.1" 404 1089
192.168.10.56 - - [04/Apr/2018:13:06:45 -0300] "GET /cormun/static/Shared/jqueryui/images/ui-bg_flat_55_fafafa_40x100.png HTTP/1.1" 404 1097
186.103.157.246 - - [04/Apr/2018:13:08:07 -0300] "GET /cormun/servlet/licenciaspermisos?INS,0,,, HTTP/1.1" 200 6753
186.103.157.246 - - [04/Apr/2018:13:08:08 -0300] "GET /cormun/servlet/licenciaspermisos?INS,0,,, HTTP/1.1" 200 6764
186.103.157.246 - - [04/Apr/2018:13:08:08 -0300] "GET /cormun/servlet/hlogin HTTP/1.1" 200 1750
186.103.157.246 - - [04/Apr/2018:13:08:24 -0300] "POST /cormun/servlet/hlogin?d3d6da8960bc64abd2663ea8305dad71,gx-no-cache=1522858053145 HTTP/1.1" 200 90
186.103.157.246 - - [04/Apr/2018:13:08:24 -0300] "GET /cormun/servlet/hpexe_link HTTP/1.1" 200 970
186.103.157.246 - - [04/Apr/2018:13:08:25 -0300] "GET /cormun/servlet/licenciaspermisos?INS,0,,, HTTP/1.1" 200 7514
186.103.157.246 - - [04/Apr/2018:13:08:26 -0300] "GET /cormun/servlet/licenciaspermisos?INS,0,,, HTTP/1.1" 200 7521
186.103.157.246 - - [04/Apr/2018:13:09:04 -0300] "POST /cormun/servlet/licenciaspermisos?d3d6da8960bc64abd2663ea8305dad71,INS,0,,,,gx-no-cache=1522858092245 HTTP/1.1" 200 4846
186.103.157.246 - - [04/Apr/2018:13:09:04 -0300] "GET /cormun/static/Shared/jqueryui/images/ui-bg_highlight-soft_100_c6c2c8_1x100.png HTTP/1.1" 404 1117
186.103.157.246 - - [04/Apr/2018:13:09:04 -0300] "GET /cormun/static/Shared/jqueryui/images/ui-icons_82798d_256x240.png HTTP/1.1" 404 1089
186.103.157.246 - - [04/Apr/2018:13:09:04 -0300] "GET /cormun/static/Shared/jqueryui/images/ui-bg_flat_55_994d53_40x100.png HTTP/1.1" 404 1097
186.103.157.246 - - [04/Apr/2018:13:09:04 -0300] "GET /cormun/static/Shared/jqueryui/images/ui-icons_ebccce_256x240.png HTTP/1.1" 404 1089
186.103.157.246 - - [04/Apr/2018:13:09:07 -0300] "GET /cormun/servlet/licenciaspermisos?42b63603053c2d2ccaf5a66817aa33eefdd8dda52a0674539162f9ec5c75b78a3b22af6c08c059917fac2cd6ab87db2e58e3ba91dc17bd4fc91b96d3313f57574c361cf4d4c2c52fc37ca71f5e65832d939a2675b1556c1815886ddb3659f6cb2b30bab4fccf178ef97b4f8bf32e48ff58e3ba91dc17bd4fc91b96d3313f5757e2c3b0b95de83cc47a5ab45d5ab817a1df6a9ff6299708087566efc1b01c8c8edc877c450ac2978341220b9387a9b6cc,gx-no-cache=1522858095663 HTTP/1.1" 200 74
186.103.157.246 - - [04/Apr/2018:13:09:07 -0300] "POST /cormun/servlet/licenciaspermisos?d3d6da8960bc64abd2663ea8305dad71,INS,0,,,,gx-no-cache=1522858095921 HTTP/1.1" 200 4602
186.103.157.246 - - [04/Apr/2018:13:09:28 -0300] "GET /cormun/static/menuarrow.gif HTTP/1.1" 404 1015
186.103.157.98 - - [04/Apr/2018:13:11:17 -0300] "GET /cormun/servlet/hlogin HTTP/1.1" 200 1726
186.103.157.98 - - [04/Apr/2018:13:11:18 -0300] "GET /cormun/servlet/hlogin HTTP/1.1" 200 1730
186.103.157.98 - - [04/Apr/2018:13:11:33 -0300] "POST /cormun/servlet/hlogin?92db31bf687ecf99b4c3d40b0f4b8258,gx-no-cache=1522858242253 HTTP/1.1" 200 90
186.103.157.98 - - [04/Apr/2018:13:11:33 -0300] "GET /cormun/servlet/hpexe_link HTTP/1.1" 200 951
186.103.157.98 - - [04/Apr/2018:13:11:33 -0300] "GET /cormun/servlet/hhome HTTP/1.1" 200 4251
186.103.157.98 - - [04/Apr/2018:13:11:34 -0300] "GET /cormun/servlet/hhome HTTP/1.1" 200 4249
186.103.157.98 - - [04/Apr/2018:13:11:38 -0300] "GET /cormun/servlet/trlicencias? HTTP/1.1" 200 9773
186.103.157.98 - - [04/Apr/2018:13:11:38 -0300] "GET /cormun/static/gxcfg.js?20176272054169 HTTP/1.1" 304 -
186.103.157.98 - - [04/Apr/2018:13:11:38 -0300] "GET /cormun/servlet/trlicencias? HTTP/1.1" 200 9772
186.103.157.98 - - [04/Apr/2018:13:11:51 -0300] "GET /cormun/servlet/licenciaspermisos?INS,0,,, HTTP/1.1" 200 7788
186.103.157.98 - - [04/Apr/2018:13:11:51 -0300] "GET /cormun/static/gxcfg.js?201762917281167 HTTP/1.1" 304 -
186.103.157.98 - - [04/Apr/2018:13:11:51 -0300] "GET /cormun/servlet/licenciaspermisos?INS,0,,, HTTP/1.1" 200 7796
186.103.157.98 - - [04/Apr/2018:13:12:10 -0300] "GET /cormun/servlet/licenciaspermisos?cbe7c8b633362b41a6dc5e6f1dc1d35734cf89a6c8170f05191e7b45bae765c29305d31a5696423e7ecfcbed01c4ec8a,gx-no-cache=1522858278676 HTTP/1.1" 200 92
186.103.157.98 - - [04/Apr/2018:13:12:10 -0300] "POST /cormun/servlet/licenciaspermisos?92db31bf687ecf99b4c3d40b0f4b8258,INS,0,,,,gx-no-cache=1522858278730 HTTP/1.1" 200 4886
186.103.157.98 - - [04/Apr/2018:13:12:58 -0300] "GET /cormun/static/menuarrow.gif HTTP/1.1" 404 1015
186.79.233.153 - - [04/Apr/2018:13:13:18 -0300] "GET /cormun/servlet/hlogin HTTP/1.1" 200 1717
186.79.233.153 - - [04/Apr/2018:13:13:19 -0300] "GET /cormun/static/Resources/indicator.gif HTTP/1.1" 200 1553
186.79.233.153 - - [04/Apr/2018:13:13:19 -0300] "GET /cormun/static/Resources/PXToolsLoginBackground.png HTTP/1.1" 200 1164
186.79.233.153 - - [04/Apr/2018:13:13:19 -0300] "GET /cormun/static/Resources/PXToolsLoginTop.png HTTP/1.1" 200 1337
186.103.157.98 - - [04/Apr/2018:13:14:43 -0300] "GET /cormun/servlet/licenciaspermisos?cbe7c8b633362b41a6dc5e6f1dc1d35755d01f75ca3e835781341ecda74fdda5f43785cd9481d5614c40b72ca08a22cb4401a2a9ba235756d3598a67a2be527a12b4fde96792ba701851d723f33a8c5ebb2b469b00a1850e21f55d8f001766a1fce4ee9e821b52e72c8d6e4fea290e0d2c897caf8ac2f4549d6ef4c8bff97dbbbf5b26dc0577af574132f835fbf509e88966282365cc59db2366edd4792911e66d2bee30524a376526580617fd2b17f6,gx-no-cache=1522858432501 HTTP/1.1" 200 30
186.103.157.98 - - [04/Apr/2018:13:14:44 -0300] "POST /cormun/servlet/licenciaspermisos?92db31bf687ecf99b4c3d40b0f4b8258,INS,0,,,,gx-no-cache=1522858432535 HTTP/1.1" 200 4949
192.168.4.251 - - [04/Apr/2018:13:15:04 -0300] "GET /cormun/servlet/hlogin HTTP/1.1" 200 1724
192.168.4.251 - - [04/Apr/2018:13:15:11 -0300] "POST /cormun/servlet/hlogin?f30404e40e34c9263418a9c5388e8238,gx-no-cache=1522858458371 HTTP/1.1" 200 90
192.168.4.251 - - [04/Apr/2018:13:15:11 -0300] "GET /cormun/servlet/hpexe_link HTTP/1.1" 200 951
192.168.4.251 - - [04/Apr/2018:13:15:12 -0300] "GET /cormun/servlet/hhome HTTP/1.1" 200 4579
192.168.4.251 - - [04/Apr/2018:13:15:12 -0300] "GET /cormun/servlet/hhome HTTP/1.1" 200 4575
192.168.4.251 - - [04/Apr/2018:13:15:16 -0300] "GET /cormun/servlet/trsolicitudgral? HTTP/1.1" 200 10442
192.168.4.251 - - [04/Apr/2018:13:15:16 -0300] "GET /cormun/servlet/trsolicitudgral? HTTP/1.1" 200 10440
192.168.4.251 - - [04/Apr/2018:13:15:39 -0300] "POST /cormun/servlet/trsolicitudgral?f30404e40e34c9263418a9c5388e8238,,gx-no-cache=1522858484867 HTTP/1.1" 200 7337
186.67.172.234 - - [04/Apr/2018:13:15:49 -0300] "GET /cormun/servlet/hlogin HTTP/1.1" 200 1716
186.67.172.234 - - [04/Apr/2018:13:15:50 -0300] "POST /cormun/servlet/hlogin?c831b2496bb54e8b26812505d1e2c85e,gx-no-cache=1522861992941 HTTP/1.1" 200 90
186.67.172.234 - - [04/Apr/2018:13:15:51 -0300] "GET /cormun/servlet/hpexe_link HTTP/1.1" 200 945
186.67.172.234 - - [04/Apr/2018:13:15:51 -0300] "GET /cormun/servlet/hhome HTTP/1.1" 200 4222
186.67.172.234 - - [04/Apr/2018:13:15:51 -0300] "GET /cormun/servlet/hhome HTTP/1.1" 200 4218
186.67.172.234 - - [04/Apr/2018:13:15:54 -0300] "GET /cormun/servlet/trautorizarsolicitud? HTTP/1.1" 200 9185
186.67.172.234 - - [04/Apr/2018:13:15:54 -0300] "GET /cormun/static/gxcfg.js?2017111423403364 HTTP/1.1" 200 953
186.67.172.234 - - [04/Apr/2018:13:15:54 -0300] "GET /cormun/static/trautorizarsolicitud.js?201711142340425 HTTP/1.1" 200 53910
186.67.172.234 - - [04/Apr/2018:13:15:54 -0300] "GET /cormun//static/Resources/PXToolsActionView.png HTTP/1.1" 200 2995
186.67.172.234 - - [04/Apr/2018:13:15:54 -0300] "GET /cormun//static/Resources/PXToolsRemoveAllAction.png HTTP/1.1" 200 3558
186.67.172.234 - - [04/Apr/2018:13:15:54 -0300] "GET /cormun/servlet/trautorizarsolicitud? HTTP/1.1" 200 9185
192.168.4.251 - - [04/Apr/2018:13:16:00 -0300] "GET /cormun/servlet/solicitudgral3?UPD,2018,10986, HTTP/1.1" 200 13798
192.168.4.251 - - [04/Apr/2018:13:16:00 -0300] "GET /cormun/static/gxcfg.js?20181911363991 HTTP/1.1" 304 -
192.168.4.251 - - [04/Apr/2018:13:16:00 -0300] "GET /cormun/static/solicitudgral3.js?20181911364079 HTTP/1.1" 304 -
186.67.172.234 - - [04/Apr/2018:13:16:00 -0300] "POST /cormun/servlet/trautorizarsolicitud?c831b2496bb54e8b26812505d1e2c85e,,gx-no-cache=1522862002358 HTTP/1.1" 200 5824
186.67.172.234 - - [04/Apr/2018:13:16:00 -0300] "GET /cormun/static/Shared/jqueryui/images/ui-bg_highlight-soft_100_c6c2c8_1x100.png HTTP/1.1" 404 1117
186.67.172.234 - - [04/Apr/2018:13:16:00 -0300] "GET /cormun/static/Shared/jqueryui/images/ui-icons_82798d_256x240.png HTTP/1.1" 404 1089
186.67.172.234 - - [04/Apr/2018:13:16:00 -0300] "GET /cormun/static/Shared/jqueryui/images/ui-bg_flat_55_fafafa_40x100.png HTTP/1.1" 404 1097
186.67.172.234 - - [04/Apr/2018:13:16:00 -0300] "GET /cormun/static/Shared/jqueryui/images/ui-icons_8d78a5_256x240.png HTTP/1.1" 404 1089
186.67.172.234 - - [04/Apr/2018:13:16:00 -0300] "POST /cormun/servlet/trautorizarsolicitud?c831b2496bb54e8b26812505d1e2c85e,,gx-no-cache=1522862002677 HTTP/1.1" 200 5769
192.168.4.251 - - [04/Apr/2018:13:16:00 -0300] "GET /cormun/servlet/solicitudgral3?UPD,2018,10986, HTTP/1.1" 200 13809
192.168.4.251 - - [04/Apr/2018:13:16:01 -0300] "POST /cormun/servlet/solicitudgral3?gx-no-cache=1522858507728 HTTP/1.1" 200 4037
192.168.4.251 - - [04/Apr/2018:13:16:01 -0300] "GET /cormun/servlet/solicitudgral3?7dab15578f5a2a77ab3e46a1f7704bf4906b1509333a32b2f0bd96eda357859eb4109fd0636f16e2b369550b2aa04fb10b9d7287c948b574adebd0cc58e1513463e8e92a11ff973e93896ff90d2f223c341b15dfdf6c8d09368220f3d678946e8de7d759ec9a8daaaeaa5fd991ecd8150ef0e7b9434242162a495a344d633b4f3f595134566c8a24a6cae2c30784aea4abc175428e58fac42b3cab0e8148041e9ce80ae5e429e0e54456172d446ae0299aad4dbccea28b3b7c4be0d5fcabc0e6d78df5c3c57b28ae429719273c474850e4b1b7eebf5f03cc0c0349237dd57196b22a1c604d97c305fa453b35dce04988039b832d0dd7f7b348c010f3d0f0622b74009153313cbb1062a808eaf22c6e1715e40e91ca872707395e22f9ac074f27c4fe690f3f3b985c33a5d69dea851bfe37c985edf330c8f932631395b762236637d5c2034c83590cd3b73949b0a32f91,gx-no-cache=1522858507873 HTTP/1.1" 200 297
192.168.4.251 - - [04/Apr/2018:13:16:01 -0300] "POST /cormun/servlet/solicitudgral3?gx-no-cache=1522858507909 HTTP/1.1" 200 1415
192.168.4.251 - - [04/Apr/2018:13:16:01 -0300] "GET /cormun/servlet/solicitudgral3?7dab15578f5a2a77ab3e46a1f7704bf48bb5d1136a10e08fd8837f7167bf9e705e52cd4ea101e6be8ec61d028ac4f68a879065d3e068a5e650019a52d8e5f345bb0cf37aab67f8af197798a5ee5db1d2dc1442972f88e884588f5ad365e12beb369038e9a506d220e052120222a511760fecfabaa079b815f78acdff7385e79a,gx-no-cache=1522858507991 HTTP/1.1" 200 41
186.67.172.234 - - [04/Apr/2018:13:16:02 -0300] "POST /cormun/servlet/trautorizarsolicitud?c831b2496bb54e8b26812505d1e2c85e,,gx-no-cache=1522862004651 HTTP/1.1" 200 4629
186.67.172.234 - - [04/Apr/2018:13:16:02 -0300] "POST /cormun/servlet/trautorizarsolicitud?c831b2496bb54e8b26812505d1e2c85e,,gx-no-cache=1522862004782 HTTP/1.1" 200 4370
186.67.172.234 - - [04/Apr/2018:13:16:19 -0300] "GET /cormun/servlet/hlogin HTTP/1.1" 200 1716
186.67.172.234 - - [04/Apr/2018:13:16:22 -0300] "POST /cormun/servlet/hlogin?c831b2496bb54e8b26812505d1e2c85e,gx-no-cache=1522862024203 HTTP/1.1" 200 90
186.67.172.234 - - [04/Apr/2018:13:16:22 -0300] "GET /cormun/servlet/hpexe_link HTTP/1.1" 200 958
186.67.172.234 - - [04/Apr/2018:13:16:22 -0300] "GET /cormun/servlet/trautorizarsolicitud? HTTP/1.1" 200 7330
186.67.172.234 - - [04/Apr/2018:13:16:22 -0300] "GET /cormun/servlet/trautorizarsolicitud? HTTP/1.1" 200 7328
186.67.172.234 - - [04/Apr/2018:13:16:24 -0300] "GET /cormun/servlet/hlogin HTTP/1.1" 200 1735
192.168.4.251 - - [04/Apr/2018:13:16:47 -0300] "POST /cormun/servlet/solicitudgral3?f30404e40e34c9263418a9c5388e8238,UPD,2018,10986,,gx-no-cache=1522858553839 HTTP/1.1" 200 12323
192.168.4.251 - - [04/Apr/2018:13:16:47 -0300] "GET /cormun/servlet/solicitudgral3?7dab15578f5a2a77ab3e46a1f7704bf42f5cecbb882bd8ac021c694b49cb97424e1b0b55617dfe26c46681901ba6839ae952510a56a1a834557c5423fbbca377a5eee7a4d46cb383e056a5cc939f9acd714eb7af06f78dce33906a31080f71fe5a95fcb5fa5c0f3169e7dfe7b48b3999,gx-no-cache=1522858554048 HTTP/1.1" 200 29
192.168.4.251 - - [04/Apr/2018:13:16:47 -0300] "POST /cormun/servlet/solicitudgral3?gx-no-cache=1522858554121 HTTP/1.1" 200 1310
192.168.4.251 - - [04/Apr/2018:13:16:47 -0300] "POST /cormun/servlet/solicitudgral3?gx-no-cache=1522858554312 HTTP/1.1" 200 1231
192.168.4.251 - - [04/Apr/2018:13:16:47 -0300] "GET /cormun/servlet/solicitudgral3?7dab15578f5a2a77ab3e46a1f7704bf41a2170ae3fc6e8812df161d7e170d4b00b9b2f3ab6fee9c517f9d5ae1819bbe700754514a636c06de6f155f0e7ae73390b9d7287c948b574adebd0cc58e15134913f9b0a35dd9358411af970f4fc53ead93a30b974dc588daf20a849bdd6fb107e37630ee0945093bc26ab54a8664c6c41a2ede2c9876e9f7c749ea78dd52304,gx-no-cache=1522858554378 HTTP/1.1" 200 30
192.168.4.251 - - [04/Apr/2018:13:17:03 -0300] "POST /cormun/servlet/solicitudgral3?f30404e40e34c9263418a9c5388e8238,UPD,2018,10986,,gx-no-cache=1522858570069 HTTP/1.1" 200 93
192.168.4.251 - - [04/Apr/2018:13:17:03 -0300] "GET /cormun/servlet/hpexe_return? HTTP/1.1" 200 1015
192.168.4.251 - - [04/Apr/2018:13:17:03 -0300] "GET /cormun/servlet/trsolicitudgral? HTTP/1.1" 200 10491
192.168.4.251 - - [04/Apr/2018:13:17:04 -0300] "GET /cormun/servlet/trsolicitudgral? HTTP/1.1" 200 10487
190.100.93.40 - - [04/Apr/2018:13:17:12 -0300] "GET /cormun/servlet/trcontratounov2? HTTP/1.1" 200 5997
192.168.4.251 - - [04/Apr/2018:13:17:13 -0300] "POST /cormun/servlet/trsolicitudgral?f30404e40e34c9263418a9c5388e8238,,gx-no-cache=1522858579769 HTTP/1.1" 200 6156
190.100.93.40 - - [04/Apr/2018:13:17:13 -0300] "GET /cormun/servlet/trcontratounov2? HTTP/1.1" 200 5992
190.100.93.40 - - [04/Apr/2018:13:17:13 -0300] "GET /cormun/servlet/hlogin HTTP/1.1" 200 1737
192.168.4.251 - - [04/Apr/2018:13:17:13 -0300] "GET /cormun/static/Shared/jqueryui/images/ui-bg_highlight-soft_100_c6c2c8_1x100.png HTTP/1.1" 404 1117
192.168.4.251 - - [04/Apr/2018:13:17:13 -0300] "GET /cormun/static/Shared/jqueryui/images/ui-bg_flat_55_fafafa_40x100.png HTTP/1.1" 404 1097
192.168.4.251 - - [04/Apr/2018:13:17:13 -0300] "GET /cormun/static/Shared/jqueryui/images/ui-icons_82798d_256x240.png HTTP/1.1" 404 1089
192.168.4.251 - - [04/Apr/2018:13:17:13 -0300] "GET /cormun/static/Shared/jqueryui/images/ui-icons_8d78a5_256x240.png HTTP/1.1" 404 1089
186.103.157.246 - - [04/Apr/2018:13:17:21 -0300] "GET /cormun/servlet/licenciaspermisos?42b63603053c2d2ccaf5a66817aa33eed931c961c23a0272879d46608f7a7ba377e7da3f474c0a191a767b7b5f88011462bc9e6728c0909c42217538969a60dc4b4415d46c5a14d0586b6d4d407bcf83b9311e662727c668b91b08b306cff5a8e1d7d89d313aafb87d8d6651c806a29deeff24b17a5ba708af50772e994dc05e7c60bd3a5a157f03454b3d91c5f8be46a8c45394a528a80bad780009737626ee5d1eda9669b2e994d97a98d965c41f3b,gx-no-cache=1522858589818 HTTP/1.1" 200 30
186.103.157.246 - - [04/Apr/2018:13:17:21 -0300] "GET /cormun/servlet/licenciaspermisos?42b63603053c2d2ccaf5a66817aa33ee0503456b44bffdf516fad074145bd3f1d8fd5a81ba301aad57d4f97cb5ff42b52d9f20b57b90dd82b72279b89b7e4e5c6390dea627f291b42b929dd813431b78cf0e0e111fe0b1886dd0e54a9599ec5ce552ca9282125d922d37355fec4cc96493e5d844a4be3d619cd99dd7a7ef98ac4e2b269fc27910821cbad7fe21f4705d0e2f52ac6c4932b3d3dc4af8d2539405d15b069939de48c0cccbbdf916bfd1dd,gx-no-cache=1522858590354 HTTP/1.1" 200 29
186.103.157.246 - - [04/Apr/2018:13:17:22 -0300] "POST /cormun/servlet/licenciaspermisos?d3d6da8960bc64abd2663ea8305dad71,INS,0,,,,gx-no-cache=1522858590474 HTTP/1.1" 200 93
186.103.157.246 - - [04/Apr/2018:13:17:22 -0300] "GET /cormun/servlet/hpexe_return? HTTP/1.1" 200 1014
186.103.157.246 - - [04/Apr/2018:13:17:22 -0300] "GET /cormun/servlet/hhome HTTP/1.1" 200 4141
186.103.157.246 - - [04/Apr/2018:13:17:23 -0300] "GET /cormun/servlet/hhome HTTP/1.1" 200 4136
192.168.4.251 - - [04/Apr/2018:13:17:30 -0300] "POST /cormun/servlet/trsolicitudgral?f30404e40e34c9263418a9c5388e8238,,gx-no-cache=1522858596604 HTTP/1.1" 500 10
186.103.157.246 - - [04/Apr/2018:13:17:34 -0300] "GET /cormun/servlet/trlicencias? HTTP/1.1" 200 10673
186.103.157.246 - - [04/Apr/2018:13:17:35 -0300] "GET /cormun/servlet/trlicencias? HTTP/1.1" 200 10670
186.103.157.246 - - [04/Apr/2018:13:17:41 -0300] "GET /cormun/servlet/trlicenciaspermisosadjuntos?7352856,20180404000000,L, HTTP/1.1" 200 6478
186.103.157.246 - - [04/Apr/2018:13:17:42 -0300] "GET /cormun/servlet/trlicenciaspermisosadjuntos?7352856,20180404000000,L, HTTP/1.1" 200 6478
186.103.157.246 - - [04/Apr/2018:13:17:45 -0300] "GET /cormun/servlet/licenciaspermisosadjuntos?INS,7352856,L,20180404000000,, HTTP/1.1" 200 5778
186.103.157.246 - - [04/Apr/2018:13:17:45 -0300] "GET /cormun/static/about:blank HTTP/1.1" 404 1011
186.103.157.246 - - [04/Apr/2018:13:17:46 -0300] "GET /cormun/servlet/licenciaspermisosadjuntos?INS,7352856,L,20180404000000,, HTTP/1.1" 200 5767
186.103.157.246 - - [04/Apr/2018:13:17:57 -0300] "POST /cormun/servlet/licenciaspermisosadjuntos?d3d6da8960bc64abd2663ea8305dad71,INS,7352856,L,20180404000000,, HTTP/1.1" 200 116
186.103.157.246 - - [04/Apr/2018:13:17:57 -0300] "GET /cormun/servlet/hpexe_return? HTTP/1.1" 200 1044
186.103.157.246 - - [04/Apr/2018:13:17:57 -0300] "GET /cormun/servlet/trlicenciaspermisosadjuntos?7352856,20180404000000,L, HTTP/1.1" 200 6987
186.103.157.246 - - [04/Apr/2018:13:17:58 -0300] "GET /cormun/servlet/trlicenciaspermisosadjuntos?7352856,20180404000000,L, HTTP/1.1" 200 6984
186.103.157.246 - - [04/Apr/2018:13:18:02 -0300] "GET /cormun/servlet/trlicencias? HTTP/1.1" 200 10671
186.103.157.246 - - [04/Apr/2018:13:18:04 -0300] "GET /cormun/servlet/trlicencias? HTTP/1.1" 200 10670
186.103.157.246 - - [04/Apr/2018:13:18:11 -0300] "POST /cormun/servlet/trlicencias?d3d6da8960bc64abd2663ea8305dad71,,gx-no-cache=1522858639856 HTTP/1.1" 200 8047
186.103.157.246 - - [04/Apr/2018:13:18:12 -0300] "GET /cormun/static/Shared/jqueryui/images/ui-bg_highlight-soft_100_c6c2c8_1x100.png HTTP/1.1" 404 1117
186.103.157.246 - - [04/Apr/2018:13:18:12 -0300] "GET /cormun/static/Shared/jqueryui/images/ui-icons_82798d_256x240.png HTTP/1.1" 404 1089
186.103.157.246 - - [04/Apr/2018:13:18:12 -0300] "GET /cormun/static/Shared/jqueryui/images/ui-bg_flat_55_fafafa_40x100.png HTTP/1.1" 404 1097
186.103.157.246 - - [04/Apr/2018:13:18:12 -0300] "GET /cormun/static/Shared/jqueryui/images/ui-icons_8d78a5_256x240.png HTTP/1.1" 404 1089
192.168.4.251 - - [04/Apr/2018:13:18:16 -0300] "GET /cormun/servlet/trsolicitudgral? HTTP/1.1" 200 9081
192.168.4.251 - - [04/Apr/2018:13:18:16 -0300] "GET /cormun/servlet/trsolicitudgral? HTTP/1.1" 200 9081
192.168.4.251 - - [04/Apr/2018:13:18:30 -0300] "POST /cormun/servlet/trsolicitudgral?f30404e40e34c9263418a9c5388e8238,,gx-no-cache=1522858656438 HTTP/1.1" 200 5919
186.103.157.246 - - [04/Apr/2018:13:18:31 -0300] "GET /cormun/servlet/licenciaspermisos?INS,0,,, HTTP/1.1" 200 7675
186.103.157.246 - - [04/Apr/2018:13:18:32 -0300] "GET /cormun/servlet/licenciaspermisos?INS,0,,, HTTP/1.1" 200 7683
192.168.4.251 - - [04/Apr/2018:13:18:40 -0300] "POST /cormun/servlet/trsolicitudgral?f30404e40e34c9263418a9c5388e8238,,gx-no-cache=1522858666868 HTTP/1.1" 200 5920
192.168.4.251 - - [04/Apr/2018:13:18:49 -0300] "POST /cormun/servlet/trsolicitudgral?f30404e40e34c9263418a9c5388e8238,,gx-no-cache=1522858675765 HTTP/1.1" 200 5921
186.103.157.246 - - [04/Apr/2018:13:18:53 -0300] "POST /cormun/servlet/licenciaspermisos?d3d6da8960bc64abd2663ea8305dad71,INS,0,,,,gx-no-cache=1522858681701 HTTP/1.1" 200 5102
186.103.157.246 - - [04/Apr/2018:13:18:53 -0300] "GET /cormun/static/Shared/jqueryui/images/ui-bg_highlight-soft_100_c6c2c8_1x100.png HTTP/1.1" 404 1117
186.103.157.246 - - [04/Apr/2018:13:18:53 -0300] "GET /cormun/static/Shared/jqueryui/images/ui-bg_flat_55_994d53_40x100.png HTTP/1.1" 404 1097
186.103.157.246 - - [04/Apr/2018:13:18:53 -0300] "GET /cormun/static/Shared/jqueryui/images/ui-icons_ebccce_256x240.png HTTP/1.1" 404 1089
186.103.157.246 - - [04/Apr/2018:13:18:53 -0300] "GET /cormun/static/Shared/jqueryui/images/ui-icons_82798d_256x240.png HTTP/1.1" 404 1089
186.103.157.246 - - [04/Apr/2018:13:18:55 -0300] "GET /cormun/servlet/licenciaspermisos?42b63603053c2d2ccaf5a66817aa33ee77df9b5fcf895d10f443f8ec9edb9e5773904597aa23f5a0e705647136ec502c2b30bab4fccf178ef97b4f8bf32e48ff58e3ba91dc17bd4fc91b96d3313f5757a0988217ed17605dae3691de22b5cd022b30bab4fccf178ef97b4f8bf32e48ff58e3ba91dc17bd4fc91b96d3313f57570b12d0b77ba3544de22d6f4fa3c9646b17575e2893ae05b25e95c42e8807de0b0bb3ecdf2f711318a48b315b0c9847fbbde095268dfe5f6f85d3bc49870660ab07a540e71efcafd4778783ed0c12e8e7,gx-no-cache=1522858684144 HTTP/1.1" 200 95
186.103.157.246 - - [04/Apr/2018:13:18:55 -0300] "POST /cormun/servlet/licenciaspermisos?d3d6da8960bc64abd2663ea8305dad71,INS,0,,,,gx-no-cache=1522858684261 HTTP/1.1" 200 4893
192.168.4.251 - - [04/Apr/2018:13:19:08 -0300] "POST /cormun/servlet/trsolicitudgral?f30404e40e34c9263418a9c5388e8238,,gx-no-cache=1522858675765 HTTP/1.1" 200 5921
192.168.4.251 - - [04/Apr/2018:13:19:12 -0300] "POST /cormun/servlet/trsolicitudgral?f30404e40e34c9263418a9c5388e8238,,gx-no-cache=1522858698732 HTTP/1.1" 200 5921
186.103.157.246 - - [04/Apr/2018:13:19:18 -0300] "GET /cormun/static/menuarrow.gif HTTP/1.1" 404 1015
192.168.4.251 - - [04/Apr/2018:13:19:21 -0300] "POST /cormun/servlet/trsolicitudgral?f30404e40e34c9263418a9c5388e8238,,gx-no-cache=1522858707963 HTTP/1.1" 200 5918
186.103.157.98 - - [04/Apr/2018:13:19:22 -0300] "GET /cormun/servlet/licenciaspermisos?cbe7c8b633362b41a6dc5e6f1dc1d3576d91c50b3c9e7c843a9f241784bf170e54f63889c393870e04039eabfb6094f43538d08c0760dbe3c4af019f4be2ba38ac621cf7aa6ff8af796277bed340d7e753250b45031c41a6dcec9e501cb068777dbe11ecc0b7e77dbd6a1991903060025877377252135868be38d3a942318b744aff56c3585ed151563e70ed3ca6cfdbfe0038283adc5b77fdb3c846b54ac7d0666d59141c9624ea7530165db651928e2ba6841ee96487ffab759cf7383f68028cbaf8deb7451eb3bc6382a871277aa54907ba68279131d724174db5d27337381be768ba429704f07d1c8541ce0a99fa,gx-no-cache=1522858710704 HTTP/1.1" 200 64
186.103.157.98 - - [04/Apr/2018:13:19:23 -0300] "POST /cormun/servlet/licenciaspermisos?92db31bf687ecf99b4c3d40b0f4b8258,INS,0,,,,gx-no-cache=1522858711340 HTTP/1.1" 200 93
186.103.157.98 - - [04/Apr/2018:13:19:23 -0300] "GET /cormun/servlet/hpexe_return? HTTP/1.1" 200 1013
186.103.157.98 - - [04/Apr/2018:13:19:23 -0300] "GET /cormun/servlet/trlicencias HTTP/1.1" 200 10203
186.103.157.98 - - [04/Apr/2018:13:19:24 -0300] "GET /cormun/servlet/trlicencias HTTP/1.1" 200 10198
192.168.4.251 - - [04/Apr/2018:13:19:27 -0300] "POST /cormun/servlet/trsolicitudgral?f30404e40e34c9263418a9c5388e8238,,gx-no-cache=1522858714123 HTTP/1.1" 200 5915
192.168.4.251 - - [04/Apr/2018:13:19:33 -0300] "POST /cormun/servlet/trsolicitudgral?f30404e40e34c9263418a9c5388e8238,,gx-no-cache=1522858719444 HTTP/1.1" 200 5918
192.168.4.251 - - [04/Apr/2018:13:19:39 -0300] "POST /cormun/servlet/trsolicitudgral?f30404e40e34c9263418a9c5388e8238,,gx-no-cache=1522858726379 HTTP/1.1" 200 5917
192.168.4.251 - - [04/Apr/2018:13:19:49 -0300] "POST /cormun/servlet/trsolicitudgral?f30404e40e34c9263418a9c5388e8238,,gx-no-cache=1522858736355 HTTP/1.1" 200 5917
192.168.4.251 - - [04/Apr/2018:13:19:59 -0300] "POST /cormun/servlet/trsolicitudgral?f30404e40e34c9263418a9c5388e8238,,gx-no-cache=1522858746076 HTTP/1.1" 200 12381
192.168.4.251 - - [04/Apr/2018:13:20:34 -0300] "GET /cormun/servlet/solicitudgral?UPD,2018,10961, HTTP/1.1" 200 13045
192.168.4.251 - - [04/Apr/2018:13:20:34 -0300] "GET /cormun/servlet/solicitudgral?UPD,2018,10961, HTTP/1.1" 200 13055
192.168.4.251 - - [04/Apr/2018:13:20:35 -0300] "POST /cormun/servlet/solicitudgral?gx-no-cache=1522858781509 HTTP/1.1" 200 3861
192.168.4.251 - - [04/Apr/2018:13:20:35 -0300] "GET /cormun/servlet/solicitudgral?7dab15578f5a2a77ab3e46a1f7704bf4906b1509333a32b2f0bd96eda357859eb4109fd0636f16e2b369550b2aa04fb10b9d7287c948b574adebd0cc58e1513463e8e92a11ff973e93896ff90d2f223c341b15dfdf6c8d09368220f3d678946e8de7d759ec9a8daaaeaa5fd991ecd8150ef0e7b9434242162a495a344d633b4f3f595134566c8a24a6cae2c30784aea4abc175428e58fac42b3cab0e8148041e9ce80ae5e429e0e54456172d446ae0299aad4dbccea28b3b7c4be0d5fcabc0e6d78df5c3c57b28ae429719273c474850e4b1b7eebf5f03cc0c0349237dd57196b22a1c604d97c305fa453b35dce04988039b832d0dd7f7b348c010f3d0f0622b74009153313cbb1062a808eaf22c6e1715e40e91ca872707395e22f9ac074f27c4fe690f3f3b985c33a5d69dea851bfe37c985edf330c8f932631395b762236637d5c2034c83590cd3b73949b0a32f91,gx-no-cache=1522858781814 HTTP/1.1" 200 297
192.168.4.251 - - [04/Apr/2018:13:21:30 -0300] "GET /cormun/servlet/hlogin HTTP/1.1" 200 1724
186.103.157.98 - - [04/Apr/2018:13:21:31 -0300] "GET /cormun/servlet/hlogin HTTP/1.1" 200 1722
192.168.4.251 - - [04/Apr/2018:13:21:32 -0300] "POST /cormun/servlet/hlogin?f30404e40e34c9263418a9c5388e8238,gx-no-cache=1522858838704 HTTP/1.1" 200 90
192.168.4.251 - - [04/Apr/2018:13:21:32 -0300] "GET /cormun/servlet/hpexe_link HTTP/1.1" 200 970
192.168.4.251 - - [04/Apr/2018:13:21:32 -0300] "GET /cormun/servlet/solicitudgral?UPD,2018,10961, HTTP/1.1" 200 13046
192.168.4.251 - - [04/Apr/2018:13:21:33 -0300] "GET /cormun/servlet/solicitudgral?UPD,2018,10961, HTTP/1.1" 200 13055
192.168.4.251 - - [04/Apr/2018:13:21:33 -0300] "POST /cormun/servlet/solicitudgral?gx-no-cache=1522858840174 HTTP/1.1" 200 3861
192.168.4.251 - - [04/Apr/2018:13:21:33 -0300] "GET /cormun/servlet/solicitudgral?7dab15578f5a2a77ab3e46a1f7704bf4906b1509333a32b2f0bd96eda357859eb4109fd0636f16e2b369550b2aa04fb10b9d7287c948b574adebd0cc58e1513463e8e92a11ff973e93896ff90d2f223c341b15dfdf6c8d09368220f3d678946e8de7d759ec9a8daaaeaa5fd991ecd8150ef0e7b9434242162a495a344d633b4f3f595134566c8a24a6cae2c30784aea4abc175428e58fac42b3cab0e8148041e9ce80ae5e429e0e54456172d446ae0299aad4dbccea28b3b7c4be0d5fcabc0e6d78df5c3c57b28ae429719273c474850e4b1b7eebf5f03cc0c0349237dd57196b22a1c604d97c305fa453b35dce04988039b832d0dd7f7b348c010f3d0f0622b74009153313cbb1062a808eaf22c6e1715e40e91ca872707395e22f9ac074f27c4fe690f3f3b985c33a5d69dea851bfe37c985edf330c8f932631395b762236637d5c2034c83590cd3b73949b0a32f91,gx-no-cache=1522858840396 HTTP/1.1" 200 297
192.168.4.251 - - [04/Apr/2018:13:21:37 -0300] "POST /cormun/servlet/solicitudgral?f30404e40e34c9263418a9c5388e8238,UPD,2018,10961,,gx-no-cache=1522858844390 HTTP/1.1" 200 93
192.168.4.251 - - [04/Apr/2018:13:21:38 -0300] "GET /cormun/servlet/hpexe_return? HTTP/1.1" 200 1013
192.168.4.251 - - [04/Apr/2018:13:21:38 -0300] "GET /cormun/servlet/trsolicitudgral? HTTP/1.1" 200 15562
192.168.4.251 - - [04/Apr/2018:13:21:38 -0300] "GET /cormun/servlet/trsolicitudgral? HTTP/1.1" 200 15557
186.103.157.98 - - [04/Apr/2018:13:21:41 -0300] "POST /cormun/servlet/hlogin?9b911bb01192dbf2fd7d756e35773a8a,gx-no-cache=1522858849678 HTTP/1.1" 200 90
186.103.157.98 - - [04/Apr/2018:13:21:41 -0300] "GET /cormun/servlet/hpexe_link HTTP/1.1" 200 947
186.103.157.98 - - [04/Apr/2018:13:21:41 -0300] "GET /cormun/servlet/hhome HTTP/1.1" 200 4248
186.103.157.98 - - [04/Apr/2018:13:21:42 -0300] "GET /cormun/servlet/hhome HTTP/1.1" 200 4244
186.103.157.98 - - [04/Apr/2018:13:21:48 -0300] "GET /cormun/servlet/trlicencias? HTTP/1.1" 200 10196
186.103.157.98 - - [04/Apr/2018:13:21:49 -0300] "GET /cormun/servlet/trlicencias? HTTP/1.1" 200 10194
192.168.4.251 - - [04/Apr/2018:13:21:56 -0300] "POST /cormun/servlet/trsolicitudgral?f30404e40e34c9263418a9c5388e8238,,gx-no-cache=1522858862055 HTTP/1.1" 200 5920
186.103.157.98 - - [04/Apr/2018:13:21:56 -0300] "GET /cormun/servlet/trlicenciaspermisosadjuntos?17503603,20180404000000,L, HTTP/1.1" 200 6595
186.103.157.98 - - [04/Apr/2018:13:21:56 -0300] "GET /cormun/static/gxcfg.js?20177612163414 HTTP/1.1" 304 -
186.103.157.98 - - [04/Apr/2018:13:21:57 -0300] "GET /cormun/servlet/trlicenciaspermisosadjuntos?17503603,20180404000000,L, HTTP/1.1" 200 6595
186.103.157.98 - - [04/Apr/2018:13:21:59 -0300] "GET /cormun/servlet/licenciaspermisosadjuntos?INS,17503603,L,20180404000000,, HTTP/1.1" 200 5895
186.103.157.98 - - [04/Apr/2018:13:21:59 -0300] "GET /cormun/static/gxcfg.js?2017761263592 HTTP/1.1" 304 -
186.103.157.98 - - [04/Apr/2018:13:21:59 -0300] "GET /cormun/static/about:blank HTTP/1.1" 404 1011
186.103.157.98 - - [04/Apr/2018:13:21:59 -0300] "GET /cormun/servlet/licenciaspermisosadjuntos?INS,17503603,L,20180404000000,, HTTP/1.1" 200 5884
192.168.4.251 - - [04/Apr/2018:13:22:09 -0300] "POST /cormun/servlet/trsolicitudgral?f30404e40e34c9263418a9c5388e8238,,gx-no-cache=1522858875291 HTTP/1.1" 200 5920
192.168.4.251 - - [04/Apr/2018:13:22:19 -0300] "POST /cormun/servlet/trsolicitudgral?f30404e40e34c9263418a9c5388e8238,,gx-no-cache=1522858885860 HTTP/1.1" 200 5918
192.168.4.251 - - [04/Apr/2018:13:22:28 -0300] "POST /cormun/servlet/trsolicitudgral?f30404e40e34c9263418a9c5388e8238,,gx-no-cache=1522858894646 HTTP/1.1" 200 5919
192.168.4.251 - - [04/Apr/2018:13:22:36 -0300] "POST /cormun/servlet/trsolicitudgral?f30404e40e34c9263418a9c5388e8238,,gx-no-cache=1522858902388 HTTP/1.1" 200 5919
192.168.4.251 - - [04/Apr/2018:13:22:44 -0300] "POST /cormun/servlet/trsolicitudgral?f30404e40e34c9263418a9c5388e8238,,gx-no-cache=1522858909170 HTTP/1.1" 200 5920
186.103.157.98 - - [04/Apr/2018:13:22:45 -0300] "POST /cormun/servlet/licenciaspermisosadjuntos?9b911bb01192dbf2fd7d756e35773a8a,INS,17503603,L,20180404000000,, HTTP/1.1" 200 116
186.103.157.98 - - [04/Apr/2018:13:22:45 -0300] "GET /cormun/servlet/hpexe_return? HTTP/1.1" 200 1039
186.103.157.98 - - [04/Apr/2018:13:22:45 -0300] "GET /cormun/servlet/trlicenciaspermisosadjuntos?17503603,20180404000000,L, HTTP/1.1" 200 7115
186.103.157.98 - - [04/Apr/2018:13:22:46 -0300] "GET /cormun/servlet/trlicenciaspermisosadjuntos?17503603,20180404000000,L, HTTP/1.1" 200 7112
186.103.157.98 - - [04/Apr/2018:13:22:48 -0300] "POST /cormun/servlet/trlicenciaspermisosadjuntos?9b911bb01192dbf2fd7d756e35773a8a,17503603,20180404000000,L,,gx-no-cache=1522858917121 HTTP/1.1" 200 90
186.103.157.98 - - [04/Apr/2018:13:22:48 -0300] "GET /cormun/servlet/hpexe_link HTTP/1.1" 200 981
186.103.157.98 - - [04/Apr/2018:13:22:49 -0300] "GET /cormun/servlet/trlicencias HTTP/1.1" 200 10196
186.103.157.98 - - [04/Apr/2018:13:22:49 -0300] "GET /cormun/servlet/trlicencias HTTP/1.1" 200 10194
192.168.4.251 - - [04/Apr/2018:13:22:52 -0300] "POST /cormun/servlet/trsolicitudgral?f30404e40e34c9263418a9c5388e8238,,gx-no-cache=1522858918851 HTTP/1.1" 200 5918
186.103.157.98 - - [04/Apr/2018:13:23:03 -0300] "POST /cormun/servlet/trlicencias?9b911bb01192dbf2fd7d756e35773a8a,gx-no-cache=1522858931688 HTTP/1.1" 200 7461
186.103.157.98 - - [04/Apr/2018:13:23:03 -0300] "GET /cormun/static/Shared/jqueryui/images/ui-icons_82798d_256x240.png HTTP/1.1" 404 1089
186.103.157.98 - - [04/Apr/2018:13:23:03 -0300] "GET /cormun/static/Shared/jqueryui/images/ui-bg_highlight-soft_100_c6c2c8_1x100.png HTTP/1.1" 404 1117
186.103.157.98 - - [04/Apr/2018:13:23:03 -0300] "GET /cormun/static/Shared/jqueryui/images/ui-bg_flat_55_fafafa_40x100.png HTTP/1.1" 404 1097
186.103.157.98 - - [04/Apr/2018:13:23:03 -0300] "GET /cormun/static/Shared/jqueryui/images/ui-icons_8d78a5_256x240.png HTTP/1.1" 404 1089
192.168.4.251 - - [04/Apr/2018:13:23:09 -0300] "POST /cormun/servlet/trsolicitudgral?f30404e40e34c9263418a9c5388e8238,,gx-no-cache=1522858935484 HTTP/1.1" 200 5920
192.168.4.251 - - [04/Apr/2018:13:23:20 -0300] "POST /cormun/servlet/trsolicitudgral?f30404e40e34c9263418a9c5388e8238,,gx-no-cache=1522858946459 HTTP/1.1" 200 5922
192.168.4.251 - - [04/Apr/2018:13:23:29 -0300] "POST /cormun/servlet/trsolicitudgral?f30404e40e34c9263418a9c5388e8238,,gx-no-cache=1522858955579 HTTP/1.1" 200 5921
192.168.4.251 - - [04/Apr/2018:13:23:35 -0300] "POST /cormun/servlet/trsolicitudgral?f30404e40e34c9263418a9c5388e8238,,gx-no-cache=1522858961873 HTTP/1.1" 200 5921
186.103.157.98 - - [04/Apr/2018:13:23:41 -0300] "GET /cormun/servlet/hlogin HTTP/1.1" 200 1724
192.168.4.251 - - [04/Apr/2018:13:23:41 -0300] "POST /cormun/servlet/trsolicitudgral?f30404e40e34c9263418a9c5388e8238,,gx-no-cache=1522858968127 HTTP/1.1" 200 7260
186.103.157.98 - - [04/Apr/2018:13:23:43 -0300] "POST /cormun/servlet/hlogin?5e07a4b553678afa84f1ccf2705cf338,gx-no-cache=1522858971540 HTTP/1.1" 200 90
186.103.157.98 - - [04/Apr/2018:13:23:43 -0300] "GET /cormun/servlet/hpexe_link HTTP/1.1" 200 950
186.103.157.98 - - [04/Apr/2018:13:23:43 -0300] "GET /cormun/servlet/hhome HTTP/1.1" 200 4251
186.103.157.98 - - [04/Apr/2018:13:23:44 -0300] "GET /cormun/servlet/hhome HTTP/1.1" 200 4248
192.168.4.251 - - [04/Apr/2018:13:23:55 -0300] "GET /cormun/servlet/solicitudgral?UPD,2018,10998, HTTP/1.1" 200 13017
192.168.4.251 - - [04/Apr/2018:13:23:56 -0300] "GET /cormun/servlet/solicitudgral?UPD,2018,10998, HTTP/1.1" 200 13026
192.168.4.251 - - [04/Apr/2018:13:23:58 -0300] "POST /cormun/servlet/solicitudgral?gx-no-cache=1522858983441 HTTP/1.1" 200 3901
192.168.4.251 - - [04/Apr/2018:13:23:58 -0300] "GET /cormun/servlet/solicitudgral?7dab15578f5a2a77ab3e46a1f7704bf4906b1509333a32b2f0bd96eda357859e4b4323fa7f27c0ab9f80008ff6ae76840b9d7287c948b574adebd0cc58e1513463e8e92a11ff973e93896ff90d2f223c341b15dfdf6c8d09368220f3d678946e8de7d759ec9a8daaaeaa5fd991ecd8150ef0e7b9434242162a495a344d633b4f3f595134566c8a24a6cae2c30784aea4abc175428e58fac42b3cab0e8148041e9ce80ae5e429e0e54456172d446ae0299aad4dbccea28b3b7c4be0d5fcabc0e6d78df5c3c57b28ae429719273c474850e4b1b7eebf5f03cc0c0349237dd57196b22a1c604d97c305fa453b35dce04988039b832d0dd7f7b348c010f3d0f0622b74009153313cbb1062a808eaf22c6e1715e40e91ca872707395e22f9ac074f27c4fe690f3f3b985c33a5d69dea851bfe37c985edf330c8f932631395b762236637d5c2034c83590cd3b73949b0a32f91,gx-no-cache=1522858984551 HTTP/1.1" 200 255
192.168.4.251 - - [04/Apr/2018:13:24:05 -0300] "POST /cormun/servlet/solicitudgral?f30404e40e34c9263418a9c5388e8238,UPD,2018,10998,,gx-no-cache=1522858990595 HTTP/1.1" 200 93
192.168.4.251 - - [04/Apr/2018:13:24:05 -0300] "GET /cormun/servlet/hpexe_return? HTTP/1.1" 200 1013
192.168.4.251 - - [04/Apr/2018:13:24:05 -0300] "GET /cormun/servlet/trsolicitudgral? HTTP/1.1" 200 10416
192.168.4.251 - - [04/Apr/2018:13:24:05 -0300] "GET /cormun/servlet/trsolicitudgral? HTTP/1.1" 200 10412
186.103.157.246 - - [04/Apr/2018:13:24:10 -0300] "GET /cormun/servlet/licenciaspermisos?42b63603053c2d2ccaf5a66817aa33eed931c961c23a0272879d46608f7a7ba377e7da3f474c0a191a767b7b5f88011462bc9e6728c0909c42217538969a60dc4b4415d46c5a14d0586b6d4d407bcf83b9311e662727c668b91b08b306cff5a8b46235ff632d4a95edfd4250e70c1660eeff24b17a5ba708af50772e994dc05e914906392646ca18d13b4ecf792834380926f5f98f71c6bcd08e3fedea5e034e7c88cba45d2a8185849106de9d177120fbe5a98f549cb76637f40e31491ddec80c5257ae921cce6fac663b7374c16aab0632bde3db11285549eae73daa5dad5a,gx-no-cache=1522858997908 HTTP/1.1" 200 30
186.103.157.246 - - [04/Apr/2018:13:24:10 -0300] "GET /cormun/servlet/licenciaspermisos?42b63603053c2d2ccaf5a66817aa33ee0503456b44bffdf516fad074145bd3f1d8fd5a81ba301aad57d4f97cb5ff42b52d9f20b57b90dd82b72279b89b7e4e5c6390dea627f291b42b929dd813431b78cf0e0e111fe0b1886dd0e54a9599ec5cb50d0bed4155f3c43ee2e4f88be9adaa93e5d844a4be3d619cd99dd7a7ef98ac30b48bfe1f7dd9626165fbf6fabe6ac20b294d989ea78f9b5b03feecefec5fba7a9015fc6120bc4657935d4b8d54d796438594e9c6cc68052da3cddcec506ed11a386882c6a8d8a4a78ab64f8b1691a27d4000bfc69d467f4e14b2dcbb23ba7f,gx-no-cache=1522858998523 HTTP/1.1" 200 29
186.103.157.246 - - [04/Apr/2018:13:24:10 -0300] "POST /cormun/servlet/licenciaspermisos?d3d6da8960bc64abd2663ea8305dad71,INS,0,,,,gx-no-cache=1522858998628 HTTP/1.1" 200 93
186.103.157.246 - - [04/Apr/2018:13:24:10 -0300] "GET /cormun/servlet/hpexe_return? HTTP/1.1" 200 1015
186.103.157.246 - - [04/Apr/2018:13:24:11 -0300] "GET /cormun/servlet/trlicencias? HTTP/1.1" 200 10990
186.103.157.246 - - [04/Apr/2018:13:24:12 -0300] "GET /cormun/servlet/trlicencias? HTTP/1.1" 200 10985
192.168.4.251 - - [04/Apr/2018:13:24:51 -0300] "POST /cormun/servlet/trsolicitudgral?f30404e40e34c9263418a9c5388e8238,,gx-no-cache=1522859037265 HTTP/1.1" 200 5921
192.168.4.251 - - [04/Apr/2018:13:25:00 -0300] "POST /cormun/servlet/trsolicitudgral?f30404e40e34c9263418a9c5388e8238,,gx-no-cache=1522859046508 HTTP/1.1" 200 5921
192.168.4.251 - - [04/Apr/2018:13:25:06 -0300] "POST /cormun/servlet/trsolicitudgral?f30404e40e34c9263418a9c5388e8238,,gx-no-cache=1522859052796 HTTP/1.1" 200 5920
192.168.4.251 - - [04/Apr/2018:13:25:16 -0300] "POST /cormun/servlet/trsolicitudgral?f30404e40e34c9263418a9c5388e8238,,gx-no-cache=1522859062821 HTTP/1.1" 200 5921
192.168.4.251 - - [04/Apr/2018:13:25:21 -0300] "POST /cormun/servlet/trsolicitudgral?f30404e40e34c9263418a9c5388e8238,,gx-no-cache=1522859068220 HTTP/1.1" 200 7258
186.103.157.98 - - [04/Apr/2018:13:25:22 -0300] "GET /cormun/servlet/trlicencias? HTTP/1.1" 200 10099
186.103.157.98 - - [04/Apr/2018:13:25:23 -0300] "GET /cormun/servlet/trlicencias? HTTP/1.1" 200 10097
186.103.157.98 - - [04/Apr/2018:13:25:26 -0300] "GET /cormun/servlet/alicenciaprn?17503603,L,20180404000000,PU HTTP/1.1" 200 1594
190.100.93.40 - - [04/Apr/2018:13:25:26 -0300] "GET /cormun/servlet/trcontratounov2? HTTP/1.1" 200 5987
190.100.93.40 - - [04/Apr/2018:13:25:27 -0300] "GET /cormun/servlet/trcontratounov2? HTTP/1.1" 200 5987
190.100.93.40 - - [04/Apr/2018:13:25:27 -0300] "GET /cormun/servlet/hlogin HTTP/1.1" 200 1736
192.168.4.251 - - [04/Apr/2018:13:25:30 -0300] "POST /cormun/servlet/trsolicitudgral?f30404e40e34c9263418a9c5388e8238,,gx-no-cache=1522859076589 HTTP/1.1" 200 5922
190.100.93.40 - - [04/Apr/2018:13:25:37 -0300] "POST /cormun/servlet/hlogin?b572c790c470d78f3c5a51198573389d,gx-no-cache=1522859087840 HTTP/1.1" 200 454
190.100.93.40 - - [04/Apr/2018:13:25:41 -0300] "POST /cormun/servlet/hlogin?b572c790c470d78f3c5a51198573389d,gx-no-cache=1522859091607 HTTP/1.1" 200 90
190.100.93.40 - - [04/Apr/2018:13:25:41 -0300] "GET /cormun/servlet/hpexe_link HTTP/1.1" 200 954
192.168.4.251 - - [04/Apr/2018:13:25:42 -0300] "POST /cormun/servlet/trsolicitudgral?f30404e40e34c9263418a9c5388e8238,,gx-no-cache=1522859088533 HTTP/1.1" 200 5920
190.100.93.40 - - [04/Apr/2018:13:25:42 -0300] "GET /cormun/servlet/trcontratounov2 HTTP/1.1" 200 17596
190.100.93.40 - - [04/Apr/2018:13:25:42 -0300] "GET /cormun/servlet/trcontratounov2 HTTP/1.1" 200 17582
190.100.93.40 - - [04/Apr/2018:13:25:47 -0300] "GET /cormun/servlet/trcontratounov2? HTTP/1.1" 200 17600
190.100.93.40 - - [04/Apr/2018:13:25:48 -0300] "GET /cormun/servlet/trcontratounov2? HTTP/1.1" 200 17585
186.103.158.250 - - [04/Apr/2018:13:25:48 -0300] "GET /cormun/servlet/hlogin HTTP/1.1" 200 1720
186.103.158.250 - - [04/Apr/2018:13:25:48 -0300] "GET /cormun/static/Resources/Spanish/PXTools.css?11423723 HTTP/1.1" 304 -
186.103.158.250 - - [04/Apr/2018:13:25:48 -0300] "GET /cormun/static/gxtimezone.js?85251 HTTP/1.1" 304 -
186.103.158.250 - - [04/Apr/2018:13:25:49 -0300] "GET /cormun/static/gxcfg.js?20175251213516 HTTP/1.1" 304 -
186.103.158.250 - - [04/Apr/2018:13:25:49 -0300] "GET /cormun/static/messages.spa.js?85251 HTTP/1.1" 304 -
186.103.158.250 - - [04/Apr/2018:13:25:49 -0300] "GET /cormun/static/hlogin.js?20175251213537 HTTP/1.1" 304 -
186.103.158.250 - - [04/Apr/2018:13:25:49 -0300] "GET /cormun/static/Resources/PXToolsButtonLeft21.png HTTP/1.1" 304 -
186.103.158.250 - - [04/Apr/2018:13:25:49 -0300] "GET /cormun/static/Resources/PXToolsButtonBackground2.png HTTP/1.1" 304 -
186.103.158.250 - - [04/Apr/2018:13:25:49 -0300] "GET /cormun/static/Resources/PXToolsButtonRight21.png HTTP/1.1" 304 -
186.103.158.250 - - [04/Apr/2018:13:25:52 -0300] "GET /cormun/servlet/hlogin HTTP/1.1" 200 1731
190.100.93.40 - - [04/Apr/2018:13:26:00 -0300] "POST /cormun/servlet/trcontratounov2?b572c790c470d78f3c5a51198573389d,,gx-no-cache=1522859109360 HTTP/1.1" 200 6982
186.103.157.246 - - [04/Apr/2018:13:26:01 -0300] "GET /cormun/servlet/trlicenciaspermisosadjuntos?18044187,20180404000000,L, HTTP/1.1" 200 6477
186.103.157.246 - - [04/Apr/2018:13:26:02 -0300] "GET /cormun/servlet/trlicenciaspermisosadjuntos?18044187,20180404000000,L, HTTP/1.1" 200 6478
186.103.157.246 - - [04/Apr/2018:13:26:05 -0300] "GET /cormun/servlet/licenciaspermisosadjuntos?INS,18044187,L,20180404000000,, HTTP/1.1" 200 5778
186.103.157.246 - - [04/Apr/2018:13:26:05 -0300] "GET /cormun/static/about:blank HTTP/1.1" 404 1011
186.103.158.250 - - [04/Apr/2018:13:26:06 -0300] "GET /favicon.ico HTTP/1.1" 200 21630
186.103.157.246 - - [04/Apr/2018:13:26:06 -0300] "GET /cormun/servlet/licenciaspermisosadjuntos?INS,18044187,L,20180404000000,, HTTP/1.1" 200 5767
186.103.157.246 - - [04/Apr/2018:13:26:27 -0300] "POST /cormun/servlet/licenciaspermisosadjuntos?d3d6da8960bc64abd2663ea8305dad71,INS,18044187,L,20180404000000,, HTTP/1.1" 200 116
186.103.157.246 - - [04/Apr/2018:13:26:27 -0300] "GET /cormun/servlet/hpexe_return? HTTP/1.1" 200 1044
186.103.157.246 - - [04/Apr/2018:13:26:28 -0300] "GET /cormun/servlet/trlicenciaspermisosadjuntos?18044187,20180404000000,L, HTTP/1.1" 200 6977
186.103.157.246 - - [04/Apr/2018:13:26:29 -0300] "GET /cormun/servlet/trlicenciaspermisosadjuntos?18044187,20180404000000,L, HTTP/1.1" 200 6972
186.103.157.246 - - [04/Apr/2018:13:26:35 -0300] "GET /cormun/servlet/trlicencias? HTTP/1.1" 200 10986
186.103.157.246 - - [04/Apr/2018:13:26:37 -0300] "GET /cormun/servlet/trlicencias? HTTP/1.1" 200 10985
186.103.157.246 - - [04/Apr/2018:13:26:42 -0300] "POST /cormun/servlet/trlicencias?d3d6da8960bc64abd2663ea8305dad71,,gx-no-cache=1522859147686 HTTP/1.1" 200 8389
186.103.157.246 - - [04/Apr/2018:13:26:42 -0300] "GET /cormun/static/Shared/jqueryui/images/ui-bg_highlight-soft_100_c6c2c8_1x100.png HTTP/1.1" 404 1117
186.103.157.246 - - [04/Apr/2018:13:26:42 -0300] "GET /cormun/static/Shared/jqueryui/images/ui-icons_82798d_256x240.png HTTP/1.1" 404 1089
186.103.157.246 - - [04/Apr/2018:13:26:42 -0300] "GET /cormun/static/Shared/jqueryui/images/ui-bg_flat_55_fafafa_40x100.png HTTP/1.1" 404 1097
186.103.157.246 - - [04/Apr/2018:13:26:42 -0300] "GET /cormun/static/Shared/jqueryui/images/ui-icons_8d78a5_256x240.png HTTP/1.1" 404 1089
186.103.159.46 - - [04/Apr/2018:13:27:55 -0300] "GET /cormun/servlet/hlogin HTTP/1.1" 200 1719
186.103.159.46 - - [04/Apr/2018:13:27:55 -0300] "GET /cormun/static/gxtimezone.js?85251 HTTP/1.1" 200 5781
186.103.159.46 - - [04/Apr/2018:13:27:55 -0300] "GET /cormun/static/hlogin.js?20175251213537 HTTP/1.1" 200 2136
186.103.159.46 - - [04/Apr/2018:13:27:55 -0300] "GET /cormun/static/Resources/Spanish/PXTools.css?11423723 HTTP/1.1" 200 89042
186.103.159.46 - - [04/Apr/2018:13:27:55 -0300] "GET /cormun/static/gxcfg.js?20175251213516 HTTP/1.1" 200 953
