190.161.236.41 - - [04/Apr/2018:08:46:19 -0300] "POST /cormun/servlet/solicitudotadjuntos?e8581ce1dc4a02a2a82dc4b36cef5e9d,INS,2018,10996,,1,,gx-no-cache=1522842327569 HTTP/1.1" 200 3794
190.161.236.41 - - [04/Apr/2018:08:46:22 -0300] "POST /cormun/servlet/solicitudotadjuntos?gx-no-cache=1522842330213 HTTP/1.1" 200 26
186.103.159.230 - - [04/Apr/2018:08:46:23 -0300] "GET /cormun/servlet/permisogoce?25e9b351ae925ff8a256d9b625993db4a08371a8b351ff2cc68ef1cb824837afcf335edeaea029804ee77edef17f40306aa84c35f8b82759d253445ee1689e5b,gx-no-cache=1522842334487 HTTP/1.1" 200 46
186.103.159.230 - - [04/Apr/2018:08:46:31 -0300] "POST /cormun/servlet/permisogoce?33cf51743d0a78b93bea372643307819,INS,0,,,,gx-no-cache=1522842342235 HTTP/1.1" 200 93
186.103.159.230 - - [04/Apr/2018:08:46:31 -0300] "GET /cormun/servlet/hpexe_return? HTTP/1.1" 200 1007
186.103.159.230 - - [04/Apr/2018:08:46:31 -0300] "GET /cormun/servlet/trpermisosgoce HTTP/1.1" 200 10678
186.103.159.230 - - [04/Apr/2018:08:46:32 -0300] "GET /cormun/servlet/trpermisosgoce HTTP/1.1" 200 10674
186.103.159.230 - - [04/Apr/2018:08:46:40 -0300] "GET /cormun/servlet/permisogoce?INS,0,,, HTTP/1.1" 200 7002
186.103.159.230 - - [04/Apr/2018:08:46:40 -0300] "GET /cormun/servlet/permisogoce?INS,0,,, HTTP/1.1" 200 7001
186.103.159.230 - - [04/Apr/2018:08:46:43 -0300] "GET /cormun/servlet/prfichaempleado?,MD,,gxPopupLevel%3D0%3B HTTP/1.1" 200 9324
186.103.159.188 - - [04/Apr/2018:08:46:45 -0300] "GET /cormun/servlet/solicitudotadjuntos?938db2104c7338bcac868fa0ea7aa902117ebebd7a1eafe0916fc904d4e6aabe,gx-no-cache=1522842353253 HTTP/1.1" 200 30
186.103.159.188 - - [04/Apr/2018:08:46:45 -0300] "GET /cormun/servlet/solicitudotadjuntos?938db2104c7338bcac868fa0ea7aa902117ebebd7a1eafe0916fc904d4e6aabe,gx-no-cache=1522842353277 HTTP/1.1" 200 30
186.103.159.188 - - [04/Apr/2018:08:46:47 -0300] "POST /cormun/servlet/solicitudotadjuntos?e8581ce1dc4a02a2a82dc4b36cef5e9d,INS,2018,10996,,1, HTTP/1.1" 200 116
186.103.159.188 - - [04/Apr/2018:08:46:47 -0300] "GET /cormun/servlet/hpexe_return? HTTP/1.1" 200 1025
186.103.159.188 - - [04/Apr/2018:08:46:47 -0300] "GET /cormun/servlet/trsolicitudadjuntos?2018,10996, HTTP/1.1" 200 8683
186.103.159.188 - - [04/Apr/2018:08:46:48 -0300] "GET /cormun/servlet/trsolicitudadjuntos?2018,10996, HTTP/1.1" 200 8683
186.103.159.188 - - [04/Apr/2018:08:46:53 -0300] "GET /cormun/servlet/solicitudotadjuntos?DLT,2018,10996,CERTIF2,0, HTTP/1.1" 200 5961
186.103.159.188 - - [04/Apr/2018:08:46:53 -0300] "GET /cormun/static/Shared/jqueryui/images/ui-bg_highlight-soft_100_c6c2c8_1x100.png HTTP/1.1" 404 1117
186.103.159.188 - - [04/Apr/2018:08:46:53 -0300] "GET /cormun/static/Shared/jqueryui/images/ui-icons_82798d_256x240.png HTTP/1.1" 404 1089
190.161.236.41 - - [04/Apr/2018:08:46:53 -0300] "GET /cormun/static/Shared/jqueryui/images/ui-bg_flat_55_fafafa_40x100.png HTTP/1.1" 404 1097
190.161.236.41 - - [04/Apr/2018:08:46:54 -0300] "GET /cormun/static/Shared/jqueryui/images/ui-icons_8d78a5_256x240.png HTTP/1.1" 404 1089
190.161.236.41 - - [04/Apr/2018:08:46:54 -0300] "GET /cormun/servlet/solicitudotadjuntos?DLT,2018,10996,CERTIF2,0, HTTP/1.1" 200 5956
186.103.159.188 - - [04/Apr/2018:08:46:54 -0300] "GET /cormun/PublicTempStorage/c._de_identidad460935.pdf HTTP/1.1" 200 230395
186.103.159.188 - - [04/Apr/2018:08:46:59 -0300] "POST /cormun/servlet/solicitudotadjuntos?e8581ce1dc4a02a2a82dc4b36cef5e9d,DLT,2018,10996,CERTIF2,0,,gx-no-cache=1522842367472 HTTP/1.1" 200 93
186.103.159.188 - - [04/Apr/2018:08:46:59 -0300] "GET /cormun/servlet/hpexe_return? HTTP/1.1" 200 1031
186.103.159.188 - - [04/Apr/2018:08:47:00 -0300] "GET /cormun/servlet/trsolicitudadjuntos?2018,10996, HTTP/1.1" 200 8474
186.103.159.188 - - [04/Apr/2018:08:47:00 -0300] "GET /cormun/servlet/trsolicitudadjuntos?2018,10996, HTTP/1.1" 200 8473
186.103.159.230 - - [04/Apr/2018:08:47:02 -0300] "POST /cormun/servlet/prfichaempleado?33cf51743d0a78b93bea372643307819,,MD,,gxPopupLevel%3D0%3B,gx-no-cache=1522842372913 HTTP/1.1" 200 3413
190.161.236.41 - - [04/Apr/2018:08:47:03 -0300] "GET /cormun/servlet/solicitudotadjuntos?INS,2018,10996,,1, HTTP/1.1" 200 5991
190.161.236.41 - - [04/Apr/2018:08:47:03 -0300] "GET /cormun/static/about:blank HTTP/1.1" 404 1011
190.161.236.41 - - [04/Apr/2018:08:47:03 -0300] "GET /cormun/servlet/solicitudotadjuntos?INS,2018,10996,,1, HTTP/1.1" 200 5983
190.161.236.41 - - [04/Apr/2018:08:47:03 -0300] "GET /cormun/servlet/solicitudotadjuntos?938db2104c7338bcac868fa0ea7aa902b3eec9ea4c3cc1143488e7909e8bf734bdc88022d2d8baf90b0ecc0d76498023,gx-no-cache=1522842371480 HTTP/1.1" 200 30
190.161.236.41 - - [04/Apr/2018:08:47:03 -0300] "POST /cormun/servlet/solicitudotadjuntos?e8581ce1dc4a02a2a82dc4b36cef5e9d,INS,2018,10996,,1,,gx-no-cache=1522842371525 HTTP/1.1" 200 3794
186.103.159.230 - - [04/Apr/2018:08:47:10 -0300] "GET /cormun/servlet/permisogoce?25e9b351ae925ff8a256d9b625993db41222d74392535a13d1c64e6905d08d03b59233f62fe4b166531c31cbfb16247e30a3bfb7ab7810005bef5f002da1f4d8,gx-no-cache=1522842380957 HTTP/1.1" 200 76
190.161.236.41 - - [04/Apr/2018:08:47:13 -0300] "POST /cormun/servlet/solicitudotadjuntos?gx-no-cache=1522842380772 HTTP/1.1" 200 26
192.168.10.96 - - [04/Apr/2018:08:47:16 -0300] "GET /cormun/servlet/trsolicitudgral? HTTP/1.1" 200 12114
192.168.10.96 - - [04/Apr/2018:08:47:16 -0300] "GET /cormun/servlet/trsolicitudgral? HTTP/1.1" 200 12112
186.103.159.230 - - [04/Apr/2018:08:47:22 -0300] "GET /cormun/servlet/permisogoce?25e9b351ae925ff8a256d9b625993db47b704851e791912ed4e01ec1a84d213b7054945ad8c123ec764c8e2ad0e617b46aa84c35f8b82759d253445ee1689e5b,gx-no-cache=1522842392974 HTTP/1.1" 200 46
186.79.197.15 - - [04/Apr/2018:08:47:29 -0300] "GET /cormun/servlet/solicitudot?6df75153f6686a5f7e754180ff9c9ecfd1189a3374b31431e1b58b16fe884b9092f7b76bf98a936766c00b09fa7b283575b10046a27be7801726f9360688424b,gx-no-cache=1522842397072 HTTP/1.1" 200 30
186.79.197.15 - - [04/Apr/2018:08:47:33 -0300] "GET /cormun/servlet/solicitudot?6df75153f6686a5f7e754180ff9c9ecf0f85606fb08dbf6d94e873019d24784a,gx-no-cache=1522842401550 HTTP/1.1" 200 53
192.168.10.96 - - [04/Apr/2018:08:47:34 -0300] "POST /cormun/servlet/trsolicitudgral?f05ffc67e28eeff58f6a22b28771fdf9,,gx-no-cache=1522842282126 HTTP/1.1" 200 5930
186.103.159.230 - - [04/Apr/2018:08:47:34 -0300] "GET /cormun/servlet/puconsultapgoce?19020556,MD,gxPopupLevel%3D0%3B HTTP/1.1" 200 3778
186.103.159.230 - - [04/Apr/2018:08:47:34 -0300] "GET /cormun/static/gxcfg.js?20176272064833 HTTP/1.1" 200 953
186.103.159.230 - - [04/Apr/2018:08:47:34 -0300] "GET /cormun/pexe_menus.js HTTP/1.1" 404 1001
186.103.159.230 - - [04/Apr/2018:08:47:34 -0300] "GET /cormun/pexe_layers.js HTTP/1.1" 404 1003
186.103.159.230 - - [04/Apr/2018:08:47:34 -0300] "GET /cormun/pexe_windows.js HTTP/1.1" 404 1005
186.103.159.230 - - [04/Apr/2018:08:47:34 -0300] "GET /cormun/pexe_cookies.js HTTP/1.1" 404 1005
186.103.159.230 - - [04/Apr/2018:08:47:34 -0300] "GET /cormun/pexe_grid.js HTTP/1.1" 404 999
186.103.159.230 - - [04/Apr/2018:08:47:34 -0300] "GET /cormun/pexe_link.js HTTP/1.1" 404 999
186.103.159.230 - - [04/Apr/2018:08:47:34 -0300] "GET /cormun/pexe_griddivfix.js HTTP/1.1" 404 1011
186.103.159.230 - - [04/Apr/2018:08:47:34 -0300] "GET /cormun/pexe_picture.js HTTP/1.1" 404 1005
186.103.159.230 - - [04/Apr/2018:08:47:34 -0300] "GET /cormun/pexe_treedivfix.js HTTP/1.1" 404 1011
186.103.159.230 - - [04/Apr/2018:08:47:34 -0300] "GET /cormun/pexe_autoreload.js HTTP/1.1" 404 1011
186.103.159.230 - - [04/Apr/2018:08:47:34 -0300] "GET /cormun/pexe_menudivfix.js HTTP/1.1" 404 1011
186.103.159.230 - - [04/Apr/2018:08:47:34 -0300] "GET /cormun/pexe_tabdivfix.js HTTP/1.1" 404 1009
186.103.159.230 - - [04/Apr/2018:08:47:34 -0300] "GET /cormun/static/mpprompt.js?201762717531384 HTTP/1.1" 200 940
186.103.159.230 - - [04/Apr/2018:08:47:34 -0300] "GET /cormun/static/puconsultapgoce.js?2017627206511 HTTP/1.1" 200 22470
186.103.159.230 - - [04/Apr/2018:08:47:34 -0300] "GET /cormun/pexe_cookies.js HTTP/1.1" 404 1005
186.103.159.230 - - [04/Apr/2018:08:47:34 -0300] "GET /cormun/pexe_grid.js HTTP/1.1" 404 999
186.103.159.230 - - [04/Apr/2018:08:47:34 -0300] "GET /cormun/pexe_griddivfix.js HTTP/1.1" 404 1011
186.103.159.230 - - [04/Apr/2018:08:47:34 -0300] "GET /cormun/pexe_picture.js HTTP/1.1" 404 1005
192.168.10.96 - - [04/Apr/2018:08:47:34 -0300] "POST /cormun/servlet/trsolicitudgral?f05ffc67e28eeff58f6a22b28771fdf9,,gx-no-cache=1522842282763 HTTP/1.1" 200 5930
186.103.159.230 - - [04/Apr/2018:08:47:34 -0300] "GET /cormun/pexe_treedivfix.js HTTP/1.1" 404 1011
186.103.159.230 - - [04/Apr/2018:08:47:34 -0300] "GET /cormun/pexe_autoreload.js HTTP/1.1" 404 1011
186.103.159.230 - - [04/Apr/2018:08:47:35 -0300] "GET /cormun/pexe_menudivfix.js HTTP/1.1" 404 1011
186.103.159.230 - - [04/Apr/2018:08:47:35 -0300] "GET /cormun/pexe_tabdivfix.js HTTP/1.1" 404 1009
192.168.10.96 - - [04/Apr/2018:08:47:35 -0300] "POST /cormun/servlet/trsolicitudgral?f05ffc67e28eeff58f6a22b28771fdf9,,gx-no-cache=1522842282933 HTTP/1.1" 200 5930
192.168.10.96 - - [04/Apr/2018:08:47:35 -0300] "POST /cormun/servlet/trsolicitudgral?f05ffc67e28eeff58f6a22b28771fdf9,,gx-no-cache=1522842283243 HTTP/1.1" 200 5930
192.168.10.96 - - [04/Apr/2018:08:47:35 -0300] "POST /cormun/servlet/trsolicitudgral?f05ffc67e28eeff58f6a22b28771fdf9,,gx-no-cache=1522842283396 HTTP/1.1" 200 5930
186.103.159.230 - - [04/Apr/2018:08:47:39 -0300] "POST /cormun/servlet/puconsultapgoce?33cf51743d0a78b93bea372643307819,19020556,MD,gxPopupLevel%3D0%3B,gx-no-cache=1522842410336 HTTP/1.1" 200 60
192.168.10.96 - - [04/Apr/2018:08:47:40 -0300] "POST /cormun/servlet/trsolicitudgral?f05ffc67e28eeff58f6a22b28771fdf9,,gx-no-cache=1522842287755 HTTP/1.1" 200 25139
186.103.159.230 - - [04/Apr/2018:08:47:41 -0300] "POST /cormun/servlet/permisogoce?33cf51743d0a78b93bea372643307819,INS,0,,,,gx-no-cache=1522842411827 HTTP/1.1" 200 93
186.103.159.230 - - [04/Apr/2018:08:47:41 -0300] "GET /cormun/servlet/hpexe_return? HTTP/1.1" 200 1007
186.103.159.230 - - [04/Apr/2018:08:47:41 -0300] "GET /cormun/servlet/trpermisosgoce HTTP/1.1" 200 10904
186.103.159.230 - - [04/Apr/2018:08:47:41 -0300] "GET /cormun/servlet/trpermisosgoce HTTP/1.1" 200 10903
192.168.10.96 - - [04/Apr/2018:08:48:00 -0300] "POST /cormun/servlet/trsolicitudgral?f05ffc67e28eeff58f6a22b28771fdf9,,gx-no-cache=1522842308089 HTTP/1.1" 200 5928
186.79.197.15 - - [04/Apr/2018:08:48:02 -0300] "POST /cormun/servlet/solicitudot?gx-no-cache=1522842429573 HTTP/1.1" 200 297
186.79.197.15 - - [04/Apr/2018:08:48:02 -0300] "GET /cormun/servlet/solicitudot?6df75153f6686a5f7e754180ff9c9ecff4110e415c435f7efda26d6a1bb40e5d7d9e4cbc31a0c7dc794776f48557906a5a2212d585a59ffca7a807e1dd6ba32be9cfba087349497c568e1b5a17530b3e8bf5f6746b01f4006ede8638fa6396366bb8c836f56fab53d524a591bd0ce6292d51ee6fb68277c03fb7a069de60efa3087f4c1fe91b4907e20a5c26305e2493417e5851454b2ab5707f8a6daf1ffd862d4ef6b0f065b2c73fa329fd750097f0a4b0c9ac85e24be856ebd50f321ce9177ea5ed86a5f04451295cb67c1d3e4b6ec89a0440c16914db0c9fc2487db93e1b80e8d73c8bc5929150199bbd40806dd91ede01fb17d0aa086825193672b769854885ba17d35fada36f2b6ccc01778c4b8608b2b5fa6621d04566f614003e159dacd123631345812114187c1ca77eb90edd83cd07a54971af4b005d8e52b54c89d9ad2900f8b5b39a1bc012daf8de4c21828f0eea90063a316a88fd59d6ca8ba7b74e180e4f7df83b2dafad289e39718d47130515d9c5f260c0337be27afd16dea896866b9f1dda3814380c8f241242f7,gx-no-cache=1522842430080 HTTP/1.1" 200 30
186.79.197.15 - - [04/Apr/2018:08:48:04 -0300] "POST /cormun/servlet/solicitudot?gx-no-cache=1522842432037 HTTP/1.1" 200 30
192.168.10.96 - - [04/Apr/2018:08:48:06 -0300] "POST /cormun/servlet/trsolicitudgral?f05ffc67e28eeff58f6a22b28771fdf9,,gx-no-cache=1522842313778 HTTP/1.1" 200 25137
186.103.159.230 - - [04/Apr/2018:08:48:06 -0300] "GET /cormun/servlet/permisogoce?INS,0,,, HTTP/1.1" 200 7001
186.103.159.230 - - [04/Apr/2018:08:48:07 -0300] "GET /cormun/servlet/permisogoce?INS,0,,, HTTP/1.1" 200 7001
186.103.159.230 - - [04/Apr/2018:08:48:09 -0300] "GET /cormun/servlet/prfichaempleado?,MD,,gxPopupLevel%3D0%3B HTTP/1.1" 200 9324
186.79.197.15 - - [04/Apr/2018:08:48:14 -0300] "POST /cormun/servlet/solicitudot?gx-no-cache=1522842442344 HTTP/1.1" 200 1350
186.79.197.15 - - [04/Apr/2018:08:48:14 -0300] "POST /cormun/servlet/solicitudot?gx-no-cache=1522842442633 HTTP/1.1" 200 38
186.103.159.230 - - [04/Apr/2018:08:48:22 -0300] "POST /cormun/servlet/prfichaempleado?33cf51743d0a78b93bea372643307819,,MD,,gxPopupLevel%3D0%3B,gx-no-cache=1522842452816 HTTP/1.1" 200 3411
186.103.159.230 - - [04/Apr/2018:08:48:25 -0300] "GET /cormun/servlet/permisogoce?25e9b351ae925ff8a256d9b625993db45d97f7164f9abe6f6c46be5c1f30226d4938167649fd98b4780c182500a97759,gx-no-cache=1522842456628 HTTP/1.1" 200 76
192.168.10.56 - - [04/Apr/2018:08:48:33 -0300] "POST /cormun/servlet/trsolicitudgral?8be34d72b9aa1aa98407b0811101fb34,,gx-no-cache=1522842341066 HTTP/1.1" 200 116
192.168.10.56 - - [04/Apr/2018:08:48:33 -0300] "GET /cormun/servlet/solicitudotlog?INS,2018,10984,0,REC, HTTP/1.1" 200 6298
192.168.10.56 - - [04/Apr/2018:08:48:33 -0300] "GET /cormun/static/gxcfg.js?2017761245646 HTTP/1.1" 304 -
192.168.10.56 - - [04/Apr/2018:08:48:33 -0300] "GET /cormun/servlet/solicitudotlog?INS,2018,10984,0,REC, HTTP/1.1" 200 6299
192.168.10.56 - - [04/Apr/2018:08:48:34 -0300] "GET /cormun/servlet/solicitudotlog?7c6357247fdb4ed4a7b50f14d0cf6d878744c90b9c5ca3b1f71a405cd7bad341fb39fa8064c2df959799be2c3e17b9d931a79911a02e2af821bf6dcccc4f6629564f1d45020106f662c53d84df854533a1049ce6c2a535cf42a8236df608ff9b7fa3ee473eaada288906d10da4c7e6c684cf43a3b71809996dfc59e879ebf802da46e7e10325c255d8808a0e7157551926541d6755fe833e0b659bea6f877d75,gx-no-cache=1522842342051 HTTP/1.1" 200 94
186.103.159.230 - - [04/Apr/2018:08:48:35 -0300] "GET /cormun/servlet/permisogoce?25e9b351ae925ff8a256d9b625993db4ff0fe60ef5137609befa0e66c5b6151019e8fbd2c29b600ff6431cfe414093e41a57d002521d06bcdeea1d348b6930b6,gx-no-cache=1522842466536 HTTP/1.1" 200 44
192.168.10.89 - - [04/Apr/2018:08:48:37 -0300] "GET /cormun/servlet/hlogin HTTP/1.1" 200 1720
186.103.159.230 - - [04/Apr/2018:08:48:39 -0300] "POST /cormun/servlet/permisogoce?33cf51743d0a78b93bea372643307819,INS,0,,,,gx-no-cache=1522842470213 HTTP/1.1" 200 93
186.103.159.230 - - [04/Apr/2018:08:48:39 -0300] "GET /cormun/servlet/hpexe_return? HTTP/1.1" 200 1007
186.103.159.230 - - [04/Apr/2018:08:48:39 -0300] "GET /cormun/servlet/trpermisosgoce HTTP/1.1" 200 11132
186.103.159.230 - - [04/Apr/2018:08:48:40 -0300] "GET /cormun/servlet/trpermisosgoce HTTP/1.1" 200 11128
192.168.10.89 - - [04/Apr/2018:08:48:44 -0300] "POST /cormun/servlet/hlogin?bb8498fe70af065fdad4a4758acc31a4,gx-no-cache=1522842352100 HTTP/1.1" 200 90
192.168.10.89 - - [04/Apr/2018:08:48:44 -0300] "GET /cormun/servlet/hpexe_link HTTP/1.1" 200 951
192.168.10.89 - - [04/Apr/2018:08:48:44 -0300] "GET /cormun/servlet/hhome HTTP/1.1" 200 4923
192.168.10.89 - - [04/Apr/2018:08:48:47 -0300] "GET /cormun/servlet/trsolicitudgral? HTTP/1.1" 200 29025
192.168.10.56 - - [04/Apr/2018:08:48:52 -0300] "POST /cormun/servlet/solicitudotlog?8be34d72b9aa1aa98407b0811101fb34,INS,2018,10984,0,REC,,gx-no-cache=1522842360593 HTTP/1.1" 200 93
192.168.10.56 - - [04/Apr/2018:08:48:52 -0300] "GET /cormun/servlet/hpexe_return? HTTP/1.1" 200 1021
192.168.10.56 - - [04/Apr/2018:08:48:52 -0300] "GET /cormun/servlet/trsolicitudgral? HTTP/1.1" 200 11876
192.168.10.56 - - [04/Apr/2018:08:48:53 -0300] "GET /cormun/servlet/trsolicitudgral? HTTP/1.1" 200 11871
186.79.197.15 - - [04/Apr/2018:08:49:00 -0300] "GET /cormun/servlet/solicitudot?6df75153f6686a5f7e754180ff9c9ecfd801a8de4b9a1f54698f86c1c87fe9385fcafcdf12080639d3af7875947337535541d8c1a1dd4a9ffe29709f8eb1e53e033d127e795b7a7d56d2df508c273209a84508d2d35d50740b3a5666564a3049085af873b84f25f3a8c6257763b4f853,gx-no-cache=1522842488262 HTTP/1.1" 200 29
186.79.197.15 - - [04/Apr/2018:08:49:00 -0300] "POST /cormun/servlet/solicitudot?gx-no-cache=1522842488382 HTTP/1.1" 200 1333
186.79.197.15 - - [04/Apr/2018:08:49:01 -0300] "POST /cormun/servlet/solicitudot?gx-no-cache=1522842488600 HTTP/1.1" 200 1228
192.168.10.89 - - [04/Apr/2018:08:49:04 -0300] "POST /cormun/servlet/trsolicitudgral?bb8498fe70af065fdad4a4758acc31a4,,gx-no-cache=1522842372628 HTTP/1.1" 200 5932
200.54.247.70 - - [04/Apr/2018:08:49:07 -0300] "GET /cormun/servlet/hlogin HTTP/1.1" 200 1724
200.54.247.70 - - [04/Apr/2018:08:49:07 -0300] "GET /cormun/static/Resources/Spanish/PXTools.css?11423723 HTTP/1.1" 304 -
200.54.247.70 - - [04/Apr/2018:08:49:07 -0300] "GET /cormun/static/gxtimezone.js?85251 HTTP/1.1" 304 -
200.54.247.70 - - [04/Apr/2018:08:49:07 -0300] "GET /cormun/static/gxgral.js?85251 HTTP/1.1" 304 -
200.54.247.70 - - [04/Apr/2018:08:49:07 -0300] "GET /cormun/static/gxcfg.js?20175251213516 HTTP/1.1" 304 -
200.54.247.70 - - [04/Apr/2018:08:49:07 -0300] "GET /cormun/static/Resources/ComunLogin.png HTTP/1.1" 304 -
200.54.247.70 - - [04/Apr/2018:08:49:07 -0300] "GET /cormun/static/Resources/PXToolsLoginTop.png HTTP/1.1" 304 -
200.54.247.70 - - [04/Apr/2018:08:49:07 -0300] "GET /cormun/static/Resources/PXToolsLoginBackground.png HTTP/1.1" 304 -
200.54.247.70 - - [04/Apr/2018:08:49:09 -0300] "GET /cormun/static/messages.spa.js?85251 HTTP/1.1" 304 -
200.54.247.70 - - [04/Apr/2018:08:49:09 -0300] "GET /cormun/static/hlogin.js?20175251213537 HTTP/1.1" 304 -
200.54.247.70 - - [04/Apr/2018:08:49:09 -0300] "GET /cormun/static/Resources/PXToolsButtonRight21.png HTTP/1.1" 304 -
200.54.247.70 - - [04/Apr/2018:08:49:09 -0300] "GET /cormun/static/Resources/PXToolsButtonLeft21.png HTTP/1.1" 304 -
200.54.247.70 - - [04/Apr/2018:08:49:09 -0300] "GET /cormun/static/Resources/PXToolsButtonBackground2.png HTTP/1.1" 304 -
200.54.247.70 - - [04/Apr/2018:08:49:09 -0300] "GET /cormun/static/Resources/PXToolsLoginBottom.png HTTP/1.1" 304 -
200.54.247.70 - - [04/Apr/2018:08:49:11 -0300] "GET /cormun/static/Resources/indicator.gif HTTP/1.1" 304 -
186.103.159.188 - - [04/Apr/2018:08:49:23 -0300] "GET /cormun/servlet/solicitudotadjuntos?938db2104c7338bcac868fa0ea7aa902117ebebd7a1eafe0916fc904d4e6aabe,gx-no-cache=1522842510780 HTTP/1.1" 200 30
186.103.159.188 - - [04/Apr/2018:08:49:23 -0300] "GET /cormun/servlet/solicitudotadjuntos?938db2104c7338bcac868fa0ea7aa902117ebebd7a1eafe0916fc904d4e6aabe,gx-no-cache=1522842510841 HTTP/1.1" 200 30
186.103.159.188 - - [04/Apr/2018:08:49:25 -0300] "POST /cormun/servlet/solicitudotadjuntos?e8581ce1dc4a02a2a82dc4b36cef5e9d,INS,2018,10996,,1, HTTP/1.1" 200 116
186.103.159.188 - - [04/Apr/2018:08:49:25 -0300] "GET /cormun/servlet/hpexe_return? HTTP/1.1" 200 1025
186.103.159.188 - - [04/Apr/2018:08:49:25 -0300] "GET /cormun/servlet/trsolicitudadjuntos?2018,10996, HTTP/1.1" 200 8721
186.103.159.188 - - [04/Apr/2018:08:49:25 -0300] "GET /cormun/servlet/trsolicitudadjuntos?2018,10996, HTTP/1.1" 200 8718
186.79.197.15 - - [04/Apr/2018:08:49:33 -0300] "GET /cormun/servlet/solicitudot?6df75153f6686a5f7e754180ff9c9ecf4f4b7af3d543471fc10e735d27c1b55d0ce1c40654bbf9025a9e830a90bae39f,gx-no-cache=1522842521202 HTTP/1.1" 200 30
190.161.236.41 - - [04/Apr/2018:08:49:40 -0300] "GET /cormun/servlet/solicitudotadjuntos?INS,2018,10996,,1, HTTP/1.1" 200 5990
190.161.236.41 - - [04/Apr/2018:08:49:40 -0300] "GET /cormun/static/about:blank HTTP/1.1" 404 1011
190.161.236.41 - - [04/Apr/2018:08:49:40 -0300] "GET /cormun/servlet/solicitudotadjuntos?INS,2018,10996,,1, HTTP/1.1" 200 5983
190.161.236.41 - - [04/Apr/2018:08:49:40 -0300] "GET /cormun/servlet/solicitudotadjuntos?938db2104c7338bcac868fa0ea7aa902b3eec9ea4c3cc1143488e7909e8bf734bdc88022d2d8baf90b0ecc0d76498023,gx-no-cache=1522842528593 HTTP/1.1" 200 30
190.161.236.41 - - [04/Apr/2018:08:49:41 -0300] "POST /cormun/servlet/solicitudotadjuntos?e8581ce1dc4a02a2a82dc4b36cef5e9d,INS,2018,10996,,1,,gx-no-cache=1522842528652 HTTP/1.1" 200 3793
190.161.236.41 - - [04/Apr/2018:08:49:44 -0300] "POST /cormun/servlet/solicitudotadjuntos?gx-no-cache=1522842531612 HTTP/1.1" 200 26
190.161.236.41 - - [04/Apr/2018:08:49:50 -0300] "GET /cormun/servlet/solicitudotadjuntos?938db2104c7338bcac868fa0ea7aa902117ebebd7a1eafe0916fc904d4e6aabe,gx-no-cache=1522842538188 HTTP/1.1" 200 30
190.161.236.41 - - [04/Apr/2018:08:49:50 -0300] "GET /cormun/servlet/solicitudotadjuntos?938db2104c7338bcac868fa0ea7aa902117ebebd7a1eafe0916fc904d4e6aabe,gx-no-cache=1522842538217 HTTP/1.1" 200 30
190.161.236.41 - - [04/Apr/2018:08:49:50 -0300] "POST /cormun/servlet/solicitudotadjuntos?e8581ce1dc4a02a2a82dc4b36cef5e9d,INS,2018,10996,,1, HTTP/1.1" 200 116
190.161.236.41 - - [04/Apr/2018:08:49:50 -0300] "GET /cormun/servlet/hpexe_return? HTTP/1.1" 200 1025
190.161.236.41 - - [04/Apr/2018:08:49:51 -0300] "GET /cormun/servlet/trsolicitudadjuntos?2018,10996, HTTP/1.1" 200 8898
190.161.236.41 - - [04/Apr/2018:08:49:51 -0300] "GET /cormun/servlet/trsolicitudadjuntos?2018,10996, HTTP/1.1" 200 8900
186.79.197.15 - - [04/Apr/2018:08:49:53 -0300] "POST /cormun/servlet/solicitudot?gx-no-cache=1522842540621 HTTP/1.1" 200 30
190.161.236.41 - - [04/Apr/2018:08:49:54 -0300] "GET /cormun/servlet/solicitudotadjuntos?INS,2018,10996,,1, HTTP/1.1" 200 5991
190.161.236.41 - - [04/Apr/2018:08:49:54 -0300] "GET /cormun/static/about:blank HTTP/1.1" 404 1011
186.103.159.188 - - [04/Apr/2018:08:49:54 -0300] "GET /cormun/servlet/solicitudotadjuntos?INS,2018,10996,,1, HTTP/1.1" 200 5984
186.103.159.188 - - [04/Apr/2018:08:49:54 -0300] "GET /cormun/servlet/solicitudotadjuntos?938db2104c7338bcac868fa0ea7aa902b3eec9ea4c3cc1143488e7909e8bf734bdc88022d2d8baf90b0ecc0d76498023,gx-no-cache=1522842542584 HTTP/1.1" 200 30
186.103.159.188 - - [04/Apr/2018:08:49:55 -0300] "POST /cormun/servlet/solicitudotadjuntos?e8581ce1dc4a02a2a82dc4b36cef5e9d,INS,2018,10996,,1,,gx-no-cache=1522842542645 HTTP/1.1" 200 3794
186.103.159.188 - - [04/Apr/2018:08:49:58 -0300] "POST /cormun/servlet/solicitudotadjuntos?gx-no-cache=1522842546171 HTTP/1.1" 200 26
186.103.159.188 - - [04/Apr/2018:08:50:03 -0300] "GET /cormun/servlet/solicitudotadjuntos?938db2104c7338bcac868fa0ea7aa902117ebebd7a1eafe0916fc904d4e6aabe,gx-no-cache=1522842551068 HTTP/1.1" 200 30
186.103.159.188 - - [04/Apr/2018:08:50:03 -0300] "GET /cormun/servlet/solicitudotadjuntos?938db2104c7338bcac868fa0ea7aa902117ebebd7a1eafe0916fc904d4e6aabe,gx-no-cache=1522842551122 HTTP/1.1" 200 30
186.103.159.188 - - [04/Apr/2018:08:50:04 -0300] "POST /cormun/servlet/solicitudotadjuntos?e8581ce1dc4a02a2a82dc4b36cef5e9d,INS,2018,10996,,1, HTTP/1.1" 200 116
186.103.159.188 - - [04/Apr/2018:08:50:04 -0300] "GET /cormun/servlet/hpexe_return? HTTP/1.1" 200 1025
186.103.159.188 - - [04/Apr/2018:08:50:05 -0300] "GET /cormun/servlet/trsolicitudadjuntos?2018,10996, HTTP/1.1" 200 9081
186.103.159.188 - - [04/Apr/2018:08:50:05 -0300] "GET /cormun/servlet/trsolicitudadjuntos?2018,10996, HTTP/1.1" 200 9080
186.103.159.188 - - [04/Apr/2018:08:50:14 -0300] "GET /cormun/servlet/solicitudotadjuntos?INS,2018,10996,,1, HTTP/1.1" 200 5991
186.103.159.188 - - [04/Apr/2018:08:50:14 -0300] "GET /cormun/static/about:blank HTTP/1.1" 404 1011
186.103.159.188 - - [04/Apr/2018:08:50:14 -0300] "GET /cormun/servlet/solicitudotadjuntos?INS,2018,10996,,1, HTTP/1.1" 200 5984
186.103.159.188 - - [04/Apr/2018:08:50:15 -0300] "GET /cormun/servlet/solicitudotadjuntos?938db2104c7338bcac868fa0ea7aa902b3eec9ea4c3cc1143488e7909e8bf734bdc88022d2d8baf90b0ecc0d76498023,gx-no-cache=1522842562625 HTTP/1.1" 200 30
186.103.159.188 - - [04/Apr/2018:08:50:15 -0300] "POST /cormun/servlet/solicitudotadjuntos?e8581ce1dc4a02a2a82dc4b36cef5e9d,INS,2018,10996,,1,,gx-no-cache=1522842562686 HTTP/1.1" 200 3794
186.103.159.188 - - [04/Apr/2018:08:50:19 -0300] "POST /cormun/servlet/solicitudotadjuntos?gx-no-cache=1522842567172 HTTP/1.1" 200 26
186.79.197.15 - - [04/Apr/2018:08:50:21 -0300] "POST /cormun/servlet/solicitudot?7ea1fbf5d0a8ff625c1b1814e8a06265,INS,0,0,,gx-no-cache=1522842567533 HTTP/1.1" 200 93
186.79.197.15 - - [04/Apr/2018:08:50:21 -0300] "GET /cormun/servlet/hpexe_return? HTTP/1.1" 200 1008
186.79.197.15 - - [04/Apr/2018:08:50:21 -0300] "GET /cormun/servlet/trsolicitudot HTTP/1.1" 200 8535
186.79.197.15 - - [04/Apr/2018:08:50:22 -0300] "GET /cormun/servlet/trsolicitudot HTTP/1.1" 200 8529
186.103.159.188 - - [04/Apr/2018:08:50:23 -0300] "GET /cormun/servlet/solicitudotadjuntos?938db2104c7338bcac868fa0ea7aa902117ebebd7a1eafe0916fc904d4e6aabe,gx-no-cache=1522842571604 HTTP/1.1" 200 30
186.103.159.188 - - [04/Apr/2018:08:50:24 -0300] "GET /cormun/servlet/solicitudotadjuntos?938db2104c7338bcac868fa0ea7aa902117ebebd7a1eafe0916fc904d4e6aabe,gx-no-cache=1522842571644 HTTP/1.1" 200 30
186.103.159.188 - - [04/Apr/2018:08:50:27 -0300] "POST /cormun/servlet/solicitudotadjuntos?e8581ce1dc4a02a2a82dc4b36cef5e9d,INS,2018,10996,,1, HTTP/1.1" 200 116
186.103.159.188 - - [04/Apr/2018:08:50:27 -0300] "GET /cormun/servlet/hpexe_return? HTTP/1.1" 200 1025
186.103.159.188 - - [04/Apr/2018:08:50:27 -0300] "GET /cormun/servlet/trsolicitudadjuntos?2018,10996, HTTP/1.1" 200 9338
186.103.159.188 - - [04/Apr/2018:08:50:28 -0300] "GET /cormun/servlet/trsolicitudadjuntos?2018,10996, HTTP/1.1" 200 9335
186.103.159.188 - - [04/Apr/2018:08:50:31 -0300] "GET /cormun/servlet/solicitudotadjuntos?INS,2018,10996,,1, HTTP/1.1" 200 5991
186.103.159.188 - - [04/Apr/2018:08:50:31 -0300] "GET /cormun/static/about:blank HTTP/1.1" 404 1011
186.103.159.188 - - [04/Apr/2018:08:50:31 -0300] "GET /cormun/servlet/solicitudotadjuntos?INS,2018,10996,,1, HTTP/1.1" 200 5984
186.103.159.188 - - [04/Apr/2018:08:50:31 -0300] "GET /cormun/servlet/solicitudotadjuntos?938db2104c7338bcac868fa0ea7aa902b3eec9ea4c3cc1143488e7909e8bf734bdc88022d2d8baf90b0ecc0d76498023,gx-no-cache=1522842579511 HTTP/1.1" 200 30
186.79.197.15 - - [04/Apr/2018:08:50:31 -0300] "POST /cormun/servlet/trsolicitudot?7ea1fbf5d0a8ff625c1b1814e8a06265,gx-no-cache=1522842579344 HTTP/1.1" 200 107
186.103.159.188 - - [04/Apr/2018:08:50:32 -0300] "POST /cormun/servlet/solicitudotadjuntos?e8581ce1dc4a02a2a82dc4b36cef5e9d,INS,2018,10996,,1,,gx-no-cache=1522842579566 HTTP/1.1" 200 3794
186.79.197.15 - - [04/Apr/2018:08:50:32 -0300] "GET /cormun/servlet/trsolicitudadjuntos?2018,10997, HTTP/1.1" 200 6031
186.79.197.15 - - [04/Apr/2018:08:50:32 -0300] "GET /cormun/servlet/trsolicitudadjuntos?2018,10997, HTTP/1.1" 200 6031
186.103.159.188 - - [04/Apr/2018:08:50:34 -0300] "POST /cormun/servlet/solicitudotadjuntos?gx-no-cache=1522842582092 HTTP/1.1" 200 26
186.79.197.15 - - [04/Apr/2018:08:50:36 -0300] "GET /cormun/servlet/solicitudotadjuntos?INS,2018,10997,,1, HTTP/1.1" 200 5975
186.79.197.15 - - [04/Apr/2018:08:50:36 -0300] "GET /cormun/static/about:blank HTTP/1.1" 404 1011
186.79.197.15 - - [04/Apr/2018:08:50:36 -0300] "GET /cormun/servlet/solicitudotadjuntos?INS,2018,10997,,1, HTTP/1.1" 200 5968
186.79.197.15 - - [04/Apr/2018:08:50:37 -0300] "GET /cormun/servlet/solicitudotadjuntos?6df75153f6686a5f7e754180ff9c9ecf3b0facc0f3ece9a233b34a0f977442fa54340c1bcbb4a7f849443a613293a0e3,gx-no-cache=1522842584850 HTTP/1.1" 200 30
186.79.197.15 - - [04/Apr/2018:08:50:37 -0300] "POST /cormun/servlet/solicitudotadjuntos?7ea1fbf5d0a8ff625c1b1814e8a06265,INS,2018,10997,,1,,gx-no-cache=1522842585006 HTTP/1.1" 200 3794
186.79.197.15 - - [04/Apr/2018:08:50:46 -0300] "POST /cormun/servlet/solicitudotadjuntos?gx-no-cache=1522842593834 HTTP/1.1" 200 26
186.103.159.186 - - [04/Apr/2018:08:51:06 -0300] "GET /cormun/servlet/hlogin HTTP/1.1" 200 1725
186.103.159.186 - - [04/Apr/2018:08:51:07 -0300] "GET /cormun/static/gxtimezone.js?85251 HTTP/1.1" 304 -
186.103.159.186 - - [04/Apr/2018:08:51:07 -0300] "GET /cormun/static/gxcfg.js?20175251213516 HTTP/1.1" 304 -
186.103.159.186 - - [04/Apr/2018:08:51:07 -0300] "GET /cormun/static/messages.spa.js?85251 HTTP/1.1" 304 -
186.103.159.186 - - [04/Apr/2018:08:51:07 -0300] "GET /cormun/servlet/hlogin HTTP/1.1" 200 1736
186.103.159.186 - - [04/Apr/2018:08:51:16 -0300] "POST /cormun/servlet/hlogin?6c1250567b8a828a5b7de8054ce4a3ea,gx-no-cache=1522842624468 HTTP/1.1" 200 90
186.103.159.186 - - [04/Apr/2018:08:51:16 -0300] "GET /cormun/servlet/hpexe_link HTTP/1.1" 200 955
186.103.159.186 - - [04/Apr/2018:08:51:16 -0300] "GET /cormun/static/gxcfg.js?20177612121792 HTTP/1.1" 304 -
186.103.159.186 - - [04/Apr/2018:08:51:17 -0300] "GET /cormun/servlet/hhome HTTP/1.1" 200 3953
186.103.159.186 - - [04/Apr/2018:08:51:17 -0300] "GET /cormun/static/gxcfg.js?20175251212442 HTTP/1.1" 304 -
192.168.10.56 - - [04/Apr/2018:08:51:18 -0300] "GET /cormun/servlet/hlogin HTTP/1.1" 200 1737
186.103.159.186 - - [04/Apr/2018:08:51:18 -0300] "GET /cormun/servlet/hhome HTTP/1.1" 200 3949
186.103.159.188 - - [04/Apr/2018:08:51:21 -0300] "GET /cormun/servlet/solicitudotadjuntos?938db2104c7338bcac868fa0ea7aa902117ebebd7a1eafe0916fc904d4e6aabe,gx-no-cache=1522842629244 HTTP/1.1" 200 30
186.103.159.188 - - [04/Apr/2018:08:51:21 -0300] "GET /cormun/servlet/solicitudotadjuntos?938db2104c7338bcac868fa0ea7aa902117ebebd7a1eafe0916fc904d4e6aabe,gx-no-cache=1522842629271 HTTP/1.1" 200 30
186.103.159.188 - - [04/Apr/2018:08:51:22 -0300] "POST /cormun/servlet/solicitudotadjuntos?e8581ce1dc4a02a2a82dc4b36cef5e9d,INS,2018,10996,,1, HTTP/1.1" 200 116
186.103.159.188 - - [04/Apr/2018:08:51:22 -0300] "GET /cormun/servlet/hpexe_return? HTTP/1.1" 200 1025
186.103.159.188 - - [04/Apr/2018:08:51:22 -0300] "GET /cormun/servlet/trsolicitudadjuntos?2018,10996, HTTP/1.1" 200 9606
192.168.10.56 - - [04/Apr/2018:08:51:23 -0300] "POST /cormun/servlet/hlogin?8be34d72b9aa1aa98407b0811101fb34,gx-no-cache=1522842510905 HTTP/1.1" 200 90
192.168.10.56 - - [04/Apr/2018:08:51:23 -0300] "GET /cormun/servlet/hpexe_link HTTP/1.1" 200 948
192.168.10.56 - - [04/Apr/2018:08:51:23 -0300] "GET /cormun/servlet/hhome HTTP/1.1" 200 3831
186.103.159.188 - - [04/Apr/2018:08:51:23 -0300] "GET /cormun/servlet/trsolicitudadjuntos?2018,10996, HTTP/1.1" 200 9606
192.168.10.56 - - [04/Apr/2018:08:51:23 -0300] "GET /cormun/servlet/hhome HTTP/1.1" 200 3827
186.103.159.186 - - [04/Apr/2018:08:51:24 -0300] "GET /cormun/servlet/trsolicitudot? HTTP/1.1" 200 8535
186.103.159.186 - - [04/Apr/2018:08:51:24 -0300] "GET /cormun/static/gxcfg.js?2017111422585916 HTTP/1.1" 200 953
186.103.159.186 - - [04/Apr/2018:08:51:24 -0300] "GET /cormun/static/calendar.js?85251 HTTP/1.1" 304 -
186.103.159.186 - - [04/Apr/2018:08:51:24 -0300] "GET /cormun/static/calendar-setup.js?85251 HTTP/1.1" 304 -
186.103.159.186 - - [04/Apr/2018:08:51:24 -0300] "GET /cormun/static/calendar-es.js?85251 HTTP/1.1" 304 -
186.103.159.186 - - [04/Apr/2018:08:51:24 -0300] "GET /cormun/static/gxdec.js?85251 HTTP/1.1" 304 -
186.103.159.186 - - [04/Apr/2018:08:51:25 -0300] "GET /cormun/servlet/trsolicitudot? HTTP/1.1" 200 8532
200.54.247.70 - - [04/Apr/2018:08:51:25 -0300] "GET /cormun/servlet/hlogin HTTP/1.1" 200 1724
200.54.247.70 - - [04/Apr/2018:08:51:25 -0300] "GET /cormun/static/gxtimezone.js?85251 HTTP/1.1" 304 -
200.54.247.70 - - [04/Apr/2018:08:51:25 -0300] "GET /cormun/static/gxgral.js?85251 HTTP/1.1" 304 -
200.54.247.70 - - [04/Apr/2018:08:51:25 -0300] "GET /cormun/static/Resources/Spanish/PXTools.css?11423723 HTTP/1.1" 304 -
200.54.247.70 - - [04/Apr/2018:08:51:26 -0300] "GET /cormun/static/gxcfg.js?20175251213516 HTTP/1.1" 304 -
200.54.247.70 - - [04/Apr/2018:08:51:26 -0300] "GET /cormun/static/Resources/ComunLogin.png HTTP/1.1" 304 -
200.54.247.70 - - [04/Apr/2018:08:51:26 -0300] "GET /cormun/static/Resources/PXToolsLoginBackground.png HTTP/1.1" 304 -
200.54.247.70 - - [04/Apr/2018:08:51:26 -0300] "GET /cormun/static/Resources/PXToolsLoginTop.png HTTP/1.1" 304 -
200.54.247.70 - - [04/Apr/2018:08:51:26 -0300] "GET /cormun/static/messages.spa.js?85251 HTTP/1.1" 304 -
200.54.247.70 - - [04/Apr/2018:08:51:26 -0300] "GET /cormun/static/hlogin.js?20175251213537 HTTP/1.1" 304 -
200.54.247.70 - - [04/Apr/2018:08:51:26 -0300] "GET /cormun/static/Resources/PXToolsButtonLeft21.png HTTP/1.1" 304 -
200.54.247.70 - - [04/Apr/2018:08:51:26 -0300] "GET /cormun/static/Resources/PXToolsButtonBackground2.png HTTP/1.1" 304 -
200.54.247.70 - - [04/Apr/2018:08:51:26 -0300] "GET /cormun/static/Resources/PXToolsLoginBottom.png HTTP/1.1" 304 -
200.54.247.70 - - [04/Apr/2018:08:51:26 -0300] "GET /cormun/static/Resources/PXToolsButtonRight21.png HTTP/1.1" 304 -
200.54.247.70 - - [04/Apr/2018:08:51:26 -0300] "GET /cormun/static/Resources/indicator.gif HTTP/1.1" 304 -
192.168.10.56 - - [04/Apr/2018:08:51:26 -0300] "GET /cormun/servlet/trautorizarot? HTTP/1.1" 200 10101
192.168.10.56 - - [04/Apr/2018:08:51:27 -0300] "GET /cormun/servlet/trautorizarot? HTTP/1.1" 200 10098
186.79.197.15 - - [04/Apr/2018:08:51:30 -0300] "GET /cormun/servlet/solicitudotadjuntos?6df75153f6686a5f7e754180ff9c9ecf420bb3085445bd05677facdb6cd4678e,gx-no-cache=1522842637864 HTTP/1.1" 200 30
186.79.197.15 - - [04/Apr/2018:08:51:30 -0300] "GET /cormun/servlet/solicitudotadjuntos?6df75153f6686a5f7e754180ff9c9ecf420bb3085445bd05677facdb6cd4678e,gx-no-cache=1522842637975 HTTP/1.1" 200 30
186.103.159.186 - - [04/Apr/2018:08:51:33 -0300] "GET /cormun/servlet/solicitudot?INS,0,0, HTTP/1.1" 200 13393
186.103.159.186 - - [04/Apr/2018:08:51:33 -0300] "GET /cormun/static/gxcfg.js?201812313224582 HTTP/1.1" 200 953
186.103.159.186 - - [04/Apr/2018:08:51:33 -0300] "GET /cormun/static/Resources/prompt.gif HTTP/1.1" 200 902
186.103.159.186 - - [04/Apr/2018:08:51:33 -0300] "GET /cormun/static/solicitudot.js?201812313224831 HTTP/1.1" 200 72336
186.103.159.186 - - [04/Apr/2018:08:51:34 -0300] "GET /cormun/servlet/solicitudot?INS,0,0, HTTP/1.1" 200 13398
192.168.10.56 - - [04/Apr/2018:08:51:36 -0300] "POST /cormun/servlet/trautorizarot?8be34d72b9aa1aa98407b0811101fb34,,gx-no-cache=1522842524077 HTTP/1.1" 200 6512
186.79.197.15 - - [04/Apr/2018:08:51:37 -0300] "POST /cormun/servlet/solicitudotadjuntos?7ea1fbf5d0a8ff625c1b1814e8a06265,INS,2018,10997,,1, HTTP/1.1" 200 116
186.79.197.15 - - [04/Apr/2018:08:51:37 -0300] "GET /cormun/servlet/hpexe_return? HTTP/1.1" 200 1027
186.79.197.15 - - [04/Apr/2018:08:51:38 -0300] "GET /cormun/servlet/trsolicitudadjuntos?2018,10997, HTTP/1.1" 200 8441
186.79.197.15 - - [04/Apr/2018:08:51:38 -0300] "GET /cormun/servlet/trsolicitudadjuntos?2018,10997, HTTP/1.1" 200 8438
186.79.197.15 - - [04/Apr/2018:08:51:44 -0300] "GET /cormun/PublicTempStorage/cedula3204951.pdf HTTP/1.1" 200 325550
192.168.10.56 - - [04/Apr/2018:08:51:45 -0300] "GET /cormun/servlet/hlogin HTTP/1.1" 200 1736
186.103.159.186 - - [04/Apr/2018:08:51:49 -0300] "POST /cormun/servlet/solicitudot?gx-no-cache=1522842657044 HTTP/1.1" 200 3415
190.161.236.41 - - [04/Apr/2018:08:51:49 -0300] "GET /cormun/servlet/solicitudotadjuntos?INS,2018,10996,,2, HTTP/1.1" 200 5990
190.161.236.41 - - [04/Apr/2018:08:51:50 -0300] "GET /cormun/static/about:blank HTTP/1.1" 404 1011
186.103.159.186 - - [04/Apr/2018:08:51:50 -0300] "POST /cormun/servlet/solicitudot?6c1250567b8a828a5b7de8054ce4a3ea,INS,0,0,,gx-no-cache=1522842657389 HTTP/1.1" 200 10373
190.161.236.41 - - [04/Apr/2018:08:51:50 -0300] "GET /cormun/servlet/solicitudotadjuntos?INS,2018,10996,,2, HTTP/1.1" 200 5983
190.161.236.41 - - [04/Apr/2018:08:51:50 -0300] "GET /cormun/servlet/solicitudotadjuntos?938db2104c7338bcac868fa0ea7aa902b3eec9ea4c3cc1143488e7909e8bf734bdc88022d2d8baf90b0ecc0d76498023,gx-no-cache=1522842658223 HTTP/1.1" 200 30
186.79.197.15 - - [04/Apr/2018:08:51:50 -0300] "GET /cormun/servlet/trsolicitudadjuntos?2018,10997, HTTP/1.1" 200 8441
190.161.236.41 - - [04/Apr/2018:08:51:50 -0300] "POST /cormun/servlet/solicitudotadjuntos?e8581ce1dc4a02a2a82dc4b36cef5e9d,INS,2018,10996,,2,,gx-no-cache=1522842658285 HTTP/1.1" 200 4001
186.79.197.15 - - [04/Apr/2018:08:51:51 -0300] "GET /cormun/servlet/trsolicitudadjuntos?2018,10997, HTTP/1.1" 200 8437
190.161.236.41 - - [04/Apr/2018:08:51:53 -0300] "POST /cormun/servlet/solicitudotadjuntos?gx-no-cache=1522842661435 HTTP/1.1" 200 26
186.79.197.15 - - [04/Apr/2018:08:51:53 -0300] "GET /cormun/servlet/solicitudotadjuntos?INS,2018,10997,,1, HTTP/1.1" 200 5976
186.79.197.15 - - [04/Apr/2018:08:51:54 -0300] "GET /cormun/static/about:blank HTTP/1.1" 404 1011
186.79.197.15 - - [04/Apr/2018:08:51:54 -0300] "GET /cormun/servlet/solicitudotadjuntos?INS,2018,10997,,1, HTTP/1.1" 200 5969
190.161.236.41 - - [04/Apr/2018:08:51:54 -0300] "GET /cormun/servlet/solicitudotadjuntos?938db2104c7338bcac868fa0ea7aa902117ebebd7a1eafe0916fc904d4e6aabe,gx-no-cache=1522842662380 HTTP/1.1" 200 30
186.79.197.15 - - [04/Apr/2018:08:51:54 -0300] "GET /cormun/servlet/solicitudotadjuntos?6df75153f6686a5f7e754180ff9c9ecf3b0facc0f3ece9a233b34a0f977442fa54340c1bcbb4a7f849443a613293a0e3,gx-no-cache=1522842662570 HTTP/1.1" 200 30
190.161.236.41 - - [04/Apr/2018:08:51:55 -0300] "GET /cormun/servlet/solicitudotadjuntos?938db2104c7338bcac868fa0ea7aa902117ebebd7a1eafe0916fc904d4e6aabe,gx-no-cache=1522842662664 HTTP/1.1" 200 30
190.161.236.41 - - [04/Apr/2018:08:51:55 -0300] "POST /cormun/servlet/solicitudotadjuntos?e8581ce1dc4a02a2a82dc4b36cef5e9d,INS,2018,10996,,2,,gx-no-cache=1522842662712 HTTP/1.1" 200 93
190.161.236.41 - - [04/Apr/2018:08:51:55 -0300] "GET /cormun/servlet/hpexe_return? HTTP/1.1" 200 1025
186.79.197.15 - - [04/Apr/2018:08:51:55 -0300] "POST /cormun/servlet/solicitudotadjuntos?7ea1fbf5d0a8ff625c1b1814e8a06265,INS,2018,10997,,1,,gx-no-cache=1522842662696 HTTP/1.1" 200 3795
190.161.236.41 - - [04/Apr/2018:08:51:55 -0300] "GET /cormun/servlet/trsolicitudadjuntos?2018,10996, HTTP/1.1" 200 9701
190.161.236.41 - - [04/Apr/2018:08:51:56 -0300] "GET /cormun/servlet/trsolicitudadjuntos?2018,10996, HTTP/1.1" 200 9698
186.103.159.188 - - [04/Apr/2018:08:51:58 -0300] "GET /cormun/servlet/solicitudotadjuntos?DLT,2018,10996,FOTO,0, HTTP/1.1" 200 5865
186.79.197.15 - - [04/Apr/2018:08:51:58 -0300] "POST /cormun/servlet/solicitudotadjuntos?gx-no-cache=1522842666480 HTTP/1.1" 200 26
186.103.159.188 - - [04/Apr/2018:08:51:58 -0300] "GET /cormun/static/about:blank HTTP/1.1" 404 1011
186.103.159.188 - - [04/Apr/2018:08:51:59 -0300] "GET /cormun/static/Shared/jqueryui/images/ui-bg_highlight-soft_100_c6c2c8_1x100.png HTTP/1.1" 404 1117
186.103.159.188 - - [04/Apr/2018:08:51:59 -0300] "GET /cormun/static/Shared/jqueryui/images/ui-icons_82798d_256x240.png HTTP/1.1" 404 1089
186.103.159.188 - - [04/Apr/2018:08:51:59 -0300] "GET /cormun/static/Shared/jqueryui/images/ui-bg_flat_55_fafafa_40x100.png HTTP/1.1" 404 1097
186.103.159.188 - - [04/Apr/2018:08:51:59 -0300] "GET /cormun/static/Shared/jqueryui/images/ui-icons_8d78a5_256x240.png HTTP/1.1" 404 1089
190.161.236.41 - - [04/Apr/2018:08:51:59 -0300] "GET /cormun/servlet/solicitudotadjuntos?DLT,2018,10996,FOTO,0, HTTP/1.1" 200 5859
190.161.236.41 - - [04/Apr/2018:08:52:01 -0300] "POST /cormun/servlet/solicitudotadjuntos?e8581ce1dc4a02a2a82dc4b36cef5e9d,DLT,2018,10996,FOTO,0,,gx-no-cache=1522842669125 HTTP/1.1" 200 93
190.161.236.41 - - [04/Apr/2018:08:52:01 -0300] "GET /cormun/servlet/hpexe_return? HTTP/1.1" 200 1029
190.161.236.41 - - [04/Apr/2018:08:52:01 -0300] "GET /cormun/servlet/trsolicitudadjuntos?2018,10996, HTTP/1.1" 200 9607
190.161.236.41 - - [04/Apr/2018:08:52:02 -0300] "GET /cormun/servlet/trsolicitudadjuntos?2018,10996, HTTP/1.1" 200 9604
186.79.197.15 - - [04/Apr/2018:08:52:03 -0300] "GET /cormun/servlet/solicitudotadjuntos?6df75153f6686a5f7e754180ff9c9ecf420bb3085445bd05677facdb6cd4678e,gx-no-cache=1522842671523 HTTP/1.1" 200 30
186.79.197.15 - - [04/Apr/2018:08:52:04 -0300] "GET /cormun/servlet/solicitudotadjuntos?6df75153f6686a5f7e754180ff9c9ecf420bb3085445bd05677facdb6cd4678e,gx-no-cache=1522842671788 HTTP/1.1" 200 30
190.161.236.41 - - [04/Apr/2018:08:52:04 -0300] "GET /cormun/servlet/solicitudotadjuntos?INS,2018,10996,,2, HTTP/1.1" 200 5990
190.161.236.41 - - [04/Apr/2018:08:52:04 -0300] "GET /cormun/static/about:blank HTTP/1.1" 404 1011
186.103.159.188 - - [04/Apr/2018:08:52:04 -0300] "GET /cormun/servlet/solicitudotadjuntos?INS,2018,10996,,2, HTTP/1.1" 200 5983
186.103.159.188 - - [04/Apr/2018:08:52:05 -0300] "GET /cormun/servlet/solicitudotadjuntos?938db2104c7338bcac868fa0ea7aa902b3eec9ea4c3cc1143488e7909e8bf734bdc88022d2d8baf90b0ecc0d76498023,gx-no-cache=1522842673095 HTTP/1.1" 200 30
186.103.159.188 - - [04/Apr/2018:08:52:06 -0300] "POST /cormun/servlet/solicitudotadjuntos?e8581ce1dc4a02a2a82dc4b36cef5e9d,INS,2018,10996,,2,,gx-no-cache=1522842673374 HTTP/1.1" 200 4002
186.103.159.188 - - [04/Apr/2018:08:52:09 -0300] "POST /cormun/servlet/solicitudotadjuntos?gx-no-cache=1522842677547 HTTP/1.1" 200 26
200.54.247.70 - - [04/Apr/2018:08:52:12 -0300] "POST /cormun/servlet/hlogin?4dcc72cea5612884c585f7778888aa0d,gx-no-cache=1522842678243 HTTP/1.1" 200 90
200.54.247.70 - - [04/Apr/2018:08:52:12 -0300] "GET /cormun/servlet/hpexe_link HTTP/1.1" 200 954
200.54.247.70 - - [04/Apr/2018:08:52:13 -0300] "GET /cormun/servlet/hhome HTTP/1.1" 200 4238
186.79.197.15 - - [04/Apr/2018:08:52:13 -0300] "POST /cormun/servlet/solicitudotadjuntos?7ea1fbf5d0a8ff625c1b1814e8a06265,INS,2018,10997,,1, HTTP/1.1" 200 116
186.79.197.15 - - [04/Apr/2018:08:52:13 -0300] "GET /cormun/servlet/hpexe_return? HTTP/1.1" 200 1027
186.79.197.15 - - [04/Apr/2018:08:52:14 -0300] "GET /cormun/servlet/trsolicitudadjuntos?2018,10997, HTTP/1.1" 200 8673
186.79.197.15 - - [04/Apr/2018:08:52:14 -0300] "GET /cormun/servlet/trsolicitudadjuntos?2018,10997, HTTP/1.1" 200 8671
186.103.159.188 - - [04/Apr/2018:08:52:14 -0300] "GET /cormun/servlet/solicitudotadjuntos?938db2104c7338bcac868fa0ea7aa902117ebebd7a1eafe0916fc904d4e6aabe,gx-no-cache=1522842682347 HTTP/1.1" 200 30
186.103.159.188 - - [04/Apr/2018:08:52:14 -0300] "GET /cormun/servlet/solicitudotadjuntos?938db2104c7338bcac868fa0ea7aa902117ebebd7a1eafe0916fc904d4e6aabe,gx-no-cache=1522842682361 HTTP/1.1" 200 30
186.103.159.188 - - [04/Apr/2018:08:52:14 -0300] "POST /cormun/servlet/solicitudotadjuntos?e8581ce1dc4a02a2a82dc4b36cef5e9d,INS,2018,10996,,2, HTTP/1.1" 200 116
186.103.159.188 - - [04/Apr/2018:08:52:14 -0300] "GET /cormun/servlet/hpexe_return? HTTP/1.1" 200 1025
186.103.159.188 - - [04/Apr/2018:08:52:15 -0300] "GET /cormun/servlet/trsolicitudadjuntos?2018,10996, HTTP/1.1" 200 9749
186.103.159.188 - - [04/Apr/2018:08:52:15 -0300] "GET /cormun/servlet/trsolicitudadjuntos?2018,10996, HTTP/1.1" 200 9748
186.79.197.15 - - [04/Apr/2018:08:52:17 -0300] "GET /cormun/servlet/solicitudotadjuntos?INS,2018,10997,,1, HTTP/1.1" 200 5976
186.79.197.15 - - [04/Apr/2018:08:52:17 -0300] "GET /cormun/static/about:blank HTTP/1.1" 404 1011
186.79.197.15 - - [04/Apr/2018:08:52:17 -0300] "GET /cormun/servlet/solicitudotadjuntos?INS,2018,10997,,1, HTTP/1.1" 200 5969
186.79.197.15 - - [04/Apr/2018:08:52:18 -0300] "GET /cormun/servlet/solicitudotadjuntos?6df75153f6686a5f7e754180ff9c9ecf3b0facc0f3ece9a233b34a0f977442fa54340c1bcbb4a7f849443a613293a0e3,gx-no-cache=1522842685764 HTTP/1.1" 200 30
186.79.197.15 - - [04/Apr/2018:08:52:19 -0300] "POST /cormun/servlet/solicitudotadjuntos?7ea1fbf5d0a8ff625c1b1814e8a06265,INS,2018,10997,,1,,gx-no-cache=1522842686058 HTTP/1.1" 200 3795
190.161.236.41 - - [04/Apr/2018:08:52:22 -0300] "GET /cormun/servlet/trsolicitudot? HTTP/1.1" 200 8545
190.161.236.41 - - [04/Apr/2018:08:52:22 -0300] "GET /cormun/servlet/trsolicitudot? HTTP/1.1" 200 8539
186.79.197.15 - - [04/Apr/2018:08:52:23 -0300] "POST /cormun/servlet/solicitudotadjuntos?gx-no-cache=1522842691263 HTTP/1.1" 200 26
186.79.197.15 - - [04/Apr/2018:08:52:29 -0300] "GET /cormun/servlet/solicitudotadjuntos?6df75153f6686a5f7e754180ff9c9ecf420bb3085445bd05677facdb6cd4678e,gx-no-cache=1522842696730 HTTP/1.1" 200 30
186.79.197.15 - - [04/Apr/2018:08:52:29 -0300] "GET /cormun/servlet/solicitudotadjuntos?6df75153f6686a5f7e754180ff9c9ecf420bb3085445bd05677facdb6cd4678e,gx-no-cache=1522842696811 HTTP/1.1" 200 30
192.168.10.56 - - [04/Apr/2018:08:52:32 -0300] "POST /cormun/servlet/hlogin?8be34d72b9aa1aa98407b0811101fb34,gx-no-cache=1522842580343 HTTP/1.1" 200 90
192.168.10.56 - - [04/Apr/2018:08:52:32 -0300] "GET /cormun/servlet/hpexe_link HTTP/1.1" 200 948
192.168.10.56 - - [04/Apr/2018:08:52:32 -0300] "GET /cormun/servlet/hhome HTTP/1.1" 200 4495
192.168.10.56 - - [04/Apr/2018:08:52:32 -0300] "GET /cormun/servlet/hhome HTTP/1.1" 200 4492
186.79.197.15 - - [04/Apr/2018:08:52:35 -0300] "POST /cormun/servlet/solicitudotadjuntos?7ea1fbf5d0a8ff625c1b1814e8a06265,INS,2018,10997,,1, HTTP/1.1" 200 116
190.161.236.41 - - [04/Apr/2018:08:52:35 -0300] "POST /cormun/servlet/trsolicitudot?e8581ce1dc4a02a2a82dc4b36cef5e9d,,gx-no-cache=1522842703256 HTTP/1.1" 200 4504
186.79.197.15 - - [04/Apr/2018:08:52:35 -0300] "GET /cormun/servlet/hpexe_return? HTTP/1.1" 200 1027
190.161.236.41 - - [04/Apr/2018:08:52:35 -0300] "GET /cormun/static/Shared/jqueryui/images/ui-bg_highlight-soft_100_c6c2c8_1x100.png HTTP/1.1" 404 1117
186.103.159.188 - - [04/Apr/2018:08:52:36 -0300] "GET /cormun/static/Shared/jqueryui/images/ui-icons_8d78a5_256x240.png HTTP/1.1" 404 1089
190.161.236.41 - - [04/Apr/2018:08:52:36 -0300] "GET /cormun/static/Shared/jqueryui/images/ui-icons_82798d_256x240.png HTTP/1.1" 404 1089
190.161.236.41 - - [04/Apr/2018:08:52:36 -0300] "GET /cormun/static/Shared/jqueryui/images/ui-bg_flat_55_fafafa_40x100.png HTTP/1.1" 404 1097
186.103.159.188 - - [04/Apr/2018:08:52:36 -0300] "POST /cormun/servlet/trsolicitudot?e8581ce1dc4a02a2a82dc4b36cef5e9d,,gx-no-cache=1522842703606 HTTP/1.1" 200 4272
186.79.197.15 - - [04/Apr/2018:08:52:36 -0300] "GET /cormun/servlet/trsolicitudadjuntos?2018,10997, HTTP/1.1" 200 8859
186.79.197.15 - - [04/Apr/2018:08:52:37 -0300] "GET /cormun/servlet/trsolicitudadjuntos?2018,10997, HTTP/1.1" 200 8854
200.54.247.70 - - [04/Apr/2018:08:52:38 -0300] "GET /cormun/servlet/trsolicitudot? HTTP/1.1" 200 7453
186.79.197.15 - - [04/Apr/2018:08:52:40 -0300] "GET /cormun/servlet/solicitudotadjuntos?INS,2018,10997,,1, HTTP/1.1" 200 5976
186.79.197.15 - - [04/Apr/2018:08:52:40 -0300] "GET /cormun/static/about:blank HTTP/1.1" 404 1011
186.79.197.15 - - [04/Apr/2018:08:52:40 -0300] "GET /cormun/servlet/solicitudotadjuntos?INS,2018,10997,,1, HTTP/1.1" 200 5969
186.79.197.15 - - [04/Apr/2018:08:52:41 -0300] "GET /cormun/servlet/solicitudotadjuntos?6df75153f6686a5f7e754180ff9c9ecf3b0facc0f3ece9a233b34a0f977442fa54340c1bcbb4a7f849443a613293a0e3,gx-no-cache=1522842708720 HTTP/1.1" 200 30
186.79.197.15 - - [04/Apr/2018:08:52:41 -0300] "POST /cormun/servlet/solicitudotadjuntos?7ea1fbf5d0a8ff625c1b1814e8a06265,INS,2018,10997,,1,,gx-no-cache=1522842708855 HTTP/1.1" 200 3795
200.54.247.70 - - [04/Apr/2018:08:52:41 -0300] "GET /cormun/servlet/solicitudot?INS,0,0, HTTP/1.1" 200 13679
192.168.10.56 - - [04/Apr/2018:08:52:42 -0300] "GET /cormun/servlet/trsolicitudgral? HTTP/1.1" 200 11873
192.168.10.56 - - [04/Apr/2018:08:52:43 -0300] "GET /cormun/servlet/trsolicitudgral? HTTP/1.1" 200 11871
186.79.197.15 - - [04/Apr/2018:08:52:44 -0300] "POST /cormun/servlet/solicitudotadjuntos?gx-no-cache=1522842712252 HTTP/1.1" 200 26
186.79.197.15 - - [04/Apr/2018:08:52:50 -0300] "GET /cormun/servlet/solicitudotadjuntos?6df75153f6686a5f7e754180ff9c9ecf420bb3085445bd05677facdb6cd4678e,gx-no-cache=1522842718456 HTTP/1.1" 200 30
186.79.197.15 - - [04/Apr/2018:08:52:50 -0300] "GET /cormun/servlet/solicitudotadjuntos?6df75153f6686a5f7e754180ff9c9ecf420bb3085445bd05677facdb6cd4678e,gx-no-cache=1522842718565 HTTP/1.1" 200 30
186.79.197.15 - - [04/Apr/2018:08:52:55 -0300] "POST /cormun/servlet/solicitudotadjuntos?7ea1fbf5d0a8ff625c1b1814e8a06265,INS,2018,10997,,1, HTTP/1.1" 200 116
186.79.197.15 - - [04/Apr/2018:08:52:56 -0300] "GET /cormun/servlet/hpexe_return? HTTP/1.1" 200 1027
186.79.197.15 - - [04/Apr/2018:08:52:56 -0300] "GET /cormun/servlet/trsolicitudadjuntos?2018,10997, HTTP/1.1" 200 9031
192.168.10.56 - - [04/Apr/2018:08:52:56 -0300] "POST /cormun/servlet/trsolicitudgral?8be34d72b9aa1aa98407b0811101fb34,,gx-no-cache=1522842604389 HTTP/1.1" 200 14286
186.79.197.15 - - [04/Apr/2018:08:52:57 -0300] "GET /cormun/servlet/trsolicitudadjuntos?2018,10997, HTTP/1.1" 200 9028
200.54.247.70 - - [04/Apr/2018:08:52:59 -0300] "POST /cormun/servlet/solicitudot?gx-no-cache=1522842725197 HTTP/1.1" 200 3386
200.54.247.70 - - [04/Apr/2018:08:52:59 -0300] "POST /cormun/servlet/solicitudot?4dcc72cea5612884c585f7778888aa0d,INS,0,0,,gx-no-cache=1522842725464 HTTP/1.1" 200 10529
186.79.197.15 - - [04/Apr/2018:08:53:00 -0300] "GET /cormun/servlet/solicitudotadjuntos?INS,2018,10997,,1, HTTP/1.1" 200 5976
186.79.197.15 - - [04/Apr/2018:08:53:00 -0300] "GET /cormun/static/about:blank HTTP/1.1" 404 1011
186.79.197.15 - - [04/Apr/2018:08:53:01 -0300] "GET /cormun/servlet/solicitudotadjuntos?INS,2018,10997,,1, HTTP/1.1" 200 5969
186.79.197.15 - - [04/Apr/2018:08:53:02 -0300] "GET /cormun/servlet/solicitudotadjuntos?6df75153f6686a5f7e754180ff9c9ecf3b0facc0f3ece9a233b34a0f977442fa54340c1bcbb4a7f849443a613293a0e3,gx-no-cache=1522842728955 HTTP/1.1" 200 30
186.79.197.15 - - [04/Apr/2018:08:53:02 -0300] "POST /cormun/servlet/solicitudotadjuntos?7ea1fbf5d0a8ff625c1b1814e8a06265,INS,2018,10997,,1,,gx-no-cache=1522842729821 HTTP/1.1" 200 3795
200.54.247.70 - - [04/Apr/2018:08:53:03 -0300] "GET /cormun/servlet/solicitudot?156f73c8af9b298d6c17c1274b4a51a65a93946cb0bc2ec19f042885f6f455f4ecdf20db4b833700018d09a52988e6d2,gx-no-cache=1522842728626 HTTP/1.1" 200 30
200.54.247.70 - - [04/Apr/2018:08:53:03 -0300] "GET /cormun/servlet/solicitudot?156f73c8af9b298d6c17c1274b4a51a617a7e73cfbbee2c260e65360d080a385,gx-no-cache=1522842728661 HTTP/1.1" 200 103
200.54.247.70 - - [04/Apr/2018:08:53:03 -0300] "GET /cormun/servlet/solicitudot?156f73c8af9b298d6c17c1274b4a51a6e18757fa4180af1faa4262633ae18289,gx-no-cache=1522842728745 HTTP/1.1" 200 51
200.54.247.70 - - [04/Apr/2018:08:53:03 -0300] "POST /cormun/servlet/solicitudot?gx-no-cache=1522842728780 HTTP/1.1" 200 240
