186.103.159.189 - - [04/Apr/2018:10:43:52 -0300] "GET /cormun/servlet/solicitudot?99432eb538e459a88f666e8bdecffdfcd3c70da5c411f1407bd2cb842a55fb59c3fd47f5980e6d6eb2d8bf1dce6a1f257ce0d57cd55368acf9cf53b9a35629f6285df40ed7dced79d9f2b0f8e9518f0d043a3d2e73ffd10ee86ed805b355820977ee210c3fddd7c9d7d951a08212cf19a96cfe1621ae09854bef976f22575ba1318336404cecaa96d70de1d92bf66000a78a00a9e4063d92307b8996e8c0376970310ffadba48c8f51e45f486141cf0c72ac653527cd3e8a1286a9943007e1918359a1eaaaf238417907c4e1ed8247f34c789d6858a7cbe545158eb660291794f0ecaa75548e7a557764d620ee4219463f265f4f07e95513dce03ce5bb7dfc8d2933aa9eb917eba78dd316af62fe85916124040d62400bfc2563a4731bffde349624672826ae7371b83f238daeef944b7176ce358a1b42a11a852b3b1da986350e4cb8e48c46594313eaa60f4d178c3c9e1e6324941630d07191dd516c37581f6e178054ab137adbe24e879e516f525bbd7c3ce3ecf438965364cb1aec167050da88caf5f4950d268c32cccbf049b199,gx-no-cache=1522849378854 HTTP/1.1" 200 30
186.103.159.189 - - [04/Apr/2018:10:43:52 -0300] "POST /cormun/servlet/solicitudot?gx-no-cache=1522849379337 HTTP/1.1" 200 30
186.103.159.189 - - [04/Apr/2018:10:43:52 -0300] "POST /cormun/servlet/solicitudot?gx-no-cache=1522849379467 HTTP/1.1" 200 1350
186.103.159.189 - - [04/Apr/2018:10:43:52 -0300] "POST /cormun/servlet/solicitudot?gx-no-cache=1522849379703 HTTP/1.1" 200 41
186.103.159.189 - - [04/Apr/2018:10:43:52 -0300] "POST /cormun/servlet/solicitudot?gx-no-cache=1522849379776 HTTP/1.1" 200 1335
186.103.159.189 - - [04/Apr/2018:10:43:53 -0300] "POST /cormun/servlet/solicitudot?gx-no-cache=1522849379959 HTTP/1.1" 200 1232
186.103.159.189 - - [04/Apr/2018:10:43:53 -0300] "GET /cormun/servlet/solicitudot?99432eb538e459a88f666e8bdecffdfc173d310f792dacbf1d2c8a87299cec600f4639605488e9f24e17f1c79b373e1a,gx-no-cache=1522849380094 HTTP/1.1" 200 30
186.103.159.189 - - [04/Apr/2018:10:43:53 -0300] "POST /cormun/servlet/solicitudot?gx-no-cache=1522849380182 HTTP/1.1" 200 33
186.103.159.189 - - [04/Apr/2018:10:43:53 -0300] "POST /cormun/servlet/solicitudot?b6d5e7abfff9bd91fc2a9c99e55f716b,INS,0,0,,gx-no-cache=1522849380328 HTTP/1.1" 200 93
186.103.159.189 - - [04/Apr/2018:10:43:53 -0300] "GET /cormun/servlet/hpexe_return? HTTP/1.1" 200 1001
186.103.159.189 - - [04/Apr/2018:10:43:54 -0300] "GET /cormun/servlet/trsolicitudot HTTP/1.1" 200 8572
186.103.159.189 - - [04/Apr/2018:10:43:55 -0300] "GET /cormun/servlet/trsolicitudot HTTP/1.1" 200 8568
186.103.159.187 - - [04/Apr/2018:10:44:00 -0300] "GET /cormun/servlet/solicitudot?3c8119edab9668b4160a0da12b486a4f9dd80dcddde4b51e5085759317687e0209418d9705f991253764dffbae57282b,gx-no-cache=1522853071330 HTTP/1.1" 200 30
190.100.93.40 - - [04/Apr/2018:10:44:02 -0300] "GET /cormun/servlet/trlicencias? HTTP/1.1" 200 11098
190.100.93.40 - - [04/Apr/2018:10:44:03 -0300] "GET /cormun/servlet/trlicencias? HTTP/1.1" 200 11097
186.103.159.46 - - [04/Apr/2018:10:44:06 -0300] "GET /cormun/servlet/trlicencias? HTTP/1.1" 200 10065
186.103.159.46 - - [04/Apr/2018:10:44:08 -0300] "GET /cormun/servlet/trlicencias? HTTP/1.1" 200 10064
186.67.172.234 - - [04/Apr/2018:10:44:09 -0300] "POST /cormun/servlet/solicitudot?gx-no-cache=1522849339571 HTTP/1.1" 200 30
186.103.159.187 - - [04/Apr/2018:10:44:10 -0300] "POST /cormun/servlet/solicitudot?ade14581bd4cabb6897caabda1f22535,INS,0,0,,gx-no-cache=1522853081132 HTTP/1.1" 200 93
186.103.159.187 - - [04/Apr/2018:10:44:10 -0300] "GET /cormun/servlet/hpexe_return? HTTP/1.1" 200 1033
186.103.159.187 - - [04/Apr/2018:10:44:11 -0300] "GET /cormun/servlet/trsolicitudot?gx-no-cache=1522851260198 HTTP/1.1" 200 7145
186.103.159.187 - - [04/Apr/2018:10:44:11 -0300] "GET /cormun/servlet/trsolicitudot?gx-no-cache=1522851260198 HTTP/1.1" 200 7163
186.103.159.187 - - [04/Apr/2018:10:44:14 -0300] "GET /cormun/servlet/solicitudot?INS,0,0, HTTP/1.1" 200 13405
186.103.159.187 - - [04/Apr/2018:10:44:15 -0300] "GET /cormun/servlet/solicitudot?INS,0,0, HTTP/1.1" 200 13388
186.103.159.187 - - [04/Apr/2018:10:44:25 -0300] "POST /cormun/servlet/solicitudot?gx-no-cache=1522853095969 HTTP/1.1" 200 3284
186.103.159.187 - - [04/Apr/2018:10:44:25 -0300] "POST /cormun/servlet/solicitudot?ade14581bd4cabb6897caabda1f22535,INS,0,0,,gx-no-cache=1522853096138 HTTP/1.1" 200 10272
186.103.159.187 - - [04/Apr/2018:10:44:27 -0300] "GET /cormun/servlet/prfichaempleado?,MD,,gxPopupLevel%3D0%3B HTTP/1.1" 200 9276
190.100.93.40 - - [04/Apr/2018:10:44:29 -0300] "GET /cormun/servlet/trautorizarsolicitud? HTTP/1.1" 200 7445
190.100.93.40 - - [04/Apr/2018:10:44:30 -0300] "GET /cormun/static/gxui/gxui-all.css?120300 HTTP/1.1" 200 2179
190.100.93.40 - - [04/Apr/2018:10:44:30 -0300] "GET /cormun/static/calendar-system.css?85620 HTTP/1.1" 200 5572
190.100.93.40 - - [04/Apr/2018:10:44:30 -0300] "GET /cormun/static/gxcfg.js?2017111423403364 HTTP/1.1" 200 953
186.67.172.234 - - [04/Apr/2018:10:44:30 -0300] "GET /cormun/static/Resources/resize.gif HTTP/1.1" 200 77
190.100.93.40 - - [04/Apr/2018:10:44:30 -0300] "GET /cormun/static/trautorizarsolicitud.js?201711142340425 HTTP/1.1" 200 53910
186.67.172.234 - - [04/Apr/2018:10:44:30 -0300] "GET /cormun/servlet/prfichaempleado?,MD,,gxPopupLevel%3D0%3B HTTP/1.1" 200 9379
186.67.172.234 - - [04/Apr/2018:10:44:30 -0300] "GET /cormun/static/gxcfg.js?20177612134814 HTTP/1.1" 200 953
186.67.172.234 - - [04/Apr/2018:10:44:30 -0300] "GET /cormun/static/prfichaempleado.js?20177612134999 HTTP/1.1" 200 16006
186.67.172.234 - - [04/Apr/2018:10:44:30 -0300] "GET /cormun/static/menusearch.js?201610171694467 HTTP/1.1" 200 1424
186.67.172.234 - - [04/Apr/2018:10:44:30 -0300] "GET /cormun/static/hmpwkw011.js?20177612121862 HTTP/1.1" 200 1968
186.67.172.234 - - [04/Apr/2018:10:44:30 -0300] "GET /cormun/static/Resources/PXToolsMenuSearch.png HTTP/1.1" 200 2914
186.67.172.234 - - [04/Apr/2018:10:44:31 -0300] "GET /cormun/static/Resources/PXToolsMenuSearchCancel.png HTTP/1.1" 200 2972
190.100.93.40 - - [04/Apr/2018:10:44:31 -0300] "GET /cormun/static/Shared/ext/resources/css/ext-all.css?215870 HTTP/1.1" 200 416045
190.100.93.40 - - [04/Apr/2018:10:44:32 -0300] "GET /cormun/servlet/trautorizarsolicitud? HTTP/1.1" 200 7445
186.103.159.46 - - [04/Apr/2018:10:44:32 -0300] "GET /cormun/servlet/trpermisosgoce? HTTP/1.1" 200 7741
186.103.159.46 - - [04/Apr/2018:10:44:34 -0300] "GET /cormun/servlet/trpermisosgoce? HTTP/1.1" 200 7741
186.103.159.187 - - [04/Apr/2018:10:44:36 -0300] "GET /cormun/servlet/solicitudot?3c8119edab9668b4160a0da12b486a4f9dd80dcddde4b51e5085759317687e0209418d9705f991253764dffbae57282b,gx-no-cache=1522853107451 HTTP/1.1" 200 30
190.100.93.40 - - [04/Apr/2018:10:44:43 -0300] "GET /cormun/servlet/trcontratounov2? HTTP/1.1" 200 12251
190.100.93.40 - - [04/Apr/2018:10:44:44 -0300] "GET /cormun/servlet/trcontratounov2? HTTP/1.1" 200 12245
186.67.172.234 - - [04/Apr/2018:10:44:48 -0300] "POST /cormun/servlet/prfichaempleado?a38814d0b25815e4b060bf2652846d75,,MD,,gxPopupLevel%3D0%3B,gx-no-cache=1522849378087 HTTP/1.1" 200 3424
190.100.93.40 - - [04/Apr/2018:10:44:49 -0300] "POST /cormun/servlet/trcontratounov2?624d567be6c704289317c9747eed829c,,gx-no-cache=1522849436330 HTTP/1.1" 200 16191
186.67.172.234 - - [04/Apr/2018:10:45:11 -0300] "POST /cormun/servlet/solicitudot?gx-no-cache=1522849401648 HTTP/1.1" 200 1352
186.67.172.234 - - [04/Apr/2018:10:45:11 -0300] "POST /cormun/servlet/solicitudot?gx-no-cache=1522849401764 HTTP/1.1" 200 117
186.67.172.234 - - [04/Apr/2018:10:45:11 -0300] "GET /cormun/static/Shared/jqueryui/images/ui-bg_highlight-soft_100_c6c2c8_1x100.png HTTP/1.1" 404 1117
186.67.172.234 - - [04/Apr/2018:10:45:11 -0300] "GET /cormun/static/Shared/jqueryui/images/ui-icons_82798d_256x240.png HTTP/1.1" 404 1089
186.67.172.234 - - [04/Apr/2018:10:45:11 -0300] "GET /cormun/static/Shared/jqueryui/images/ui-bg_flat_55_994d53_40x100.png HTTP/1.1" 404 1097
186.67.172.234 - - [04/Apr/2018:10:45:11 -0300] "GET /cormun/static/Shared/jqueryui/images/ui-icons_ebccce_256x240.png HTTP/1.1" 404 1089
186.67.172.234 - - [04/Apr/2018:10:45:11 -0300] "POST /cormun/servlet/solicitudot?gx-no-cache=1522849401900 HTTP/1.1" 200 1335
186.67.172.234 - - [04/Apr/2018:10:45:11 -0300] "POST /cormun/servlet/solicitudot?gx-no-cache=1522849401997 HTTP/1.1" 200 1231
186.67.172.234 - - [04/Apr/2018:10:45:11 -0300] "GET /cormun/servlet/solicitudot?f8dc7554cba93c386ef0f168ab3fc960ad7a808252e578e3679a65ce8c050cf87cff96a3d6c7b3c0ba9e2d71d73f7bda,gx-no-cache=1522849402043 HTTP/1.1" 200 134
186.67.172.234 - - [04/Apr/2018:10:45:11 -0300] "POST /cormun/servlet/solicitudot?gx-no-cache=1522849402073 HTTP/1.1" 200 30
186.67.172.234 - - [04/Apr/2018:10:45:12 -0300] "POST /cormun/servlet/solicitudot?a38814d0b25815e4b060bf2652846d75,INS,0,0,,gx-no-cache=1522849402100 HTTP/1.1" 200 12009
186.103.159.187 - - [04/Apr/2018:10:45:51 -0300] "GET /cormun/servlet/solicitudot?3c8119edab9668b4160a0da12b486a4fe685d2922e01a66de2c403cf9d6286b91ac8402260521088b37fba7843b9553a4eb8c368519f5aa36b76ab3f523a3ed7,gx-no-cache=1522853182115 HTTP/1.1" 200 30
186.103.159.187 - - [04/Apr/2018:10:45:55 -0300] "GET /cormun/servlet/solicitudot?3c8119edab9668b4160a0da12b486a4f86ab61d471118e861329e728e28a20ab,gx-no-cache=1522853186044 HTTP/1.1" 200 29
186.103.159.187 - - [04/Apr/2018:10:45:58 -0300] "GET /cormun/servlet/prbanco?,MD,,gxPopupLevel%3D0%3B HTTP/1.1" 200 6564
186.103.159.189 - - [04/Apr/2018:10:46:01 -0300] "POST /cormun/servlet/trsolicitudot?b6d5e7abfff9bd91fc2a9c99e55f716b,gx-no-cache=1522849508381 HTTP/1.1" 200 4473
186.103.159.189 - - [04/Apr/2018:10:46:01 -0300] "GET /cormun/static/Shared/jqueryui/images/ui-bg_highlight-soft_100_c6c2c8_1x100.png HTTP/1.1" 404 1117
186.103.159.189 - - [04/Apr/2018:10:46:01 -0300] "GET /cormun/static/Shared/jqueryui/images/ui-icons_82798d_256x240.png HTTP/1.1" 404 1089
186.103.159.189 - - [04/Apr/2018:10:46:01 -0300] "GET /cormun/static/Shared/jqueryui/images/ui-bg_flat_55_fafafa_40x100.png HTTP/1.1" 404 1097
186.103.159.189 - - [04/Apr/2018:10:46:01 -0300] "GET /cormun/static/Shared/jqueryui/images/ui-icons_8d78a5_256x240.png HTTP/1.1" 404 1089
186.103.159.189 - - [04/Apr/2018:10:46:01 -0300] "POST /cormun/servlet/trsolicitudot?b6d5e7abfff9bd91fc2a9c99e55f716b,gx-no-cache=1522849508766 HTTP/1.1" 200 4249
186.103.159.189 - - [04/Apr/2018:10:46:10 -0300] "POST /cormun/servlet/trsolicitudot?b6d5e7abfff9bd91fc2a9c99e55f716b,gx-no-cache=1522849517601 HTTP/1.1" 200 90
186.103.159.189 - - [04/Apr/2018:10:46:10 -0300] "GET /cormun/servlet/hpexe_link HTTP/1.1" 200 950
186.103.159.189 - - [04/Apr/2018:10:46:10 -0300] "GET /cormun/servlet/hhome HTTP/1.1" 200 3981
186.103.159.189 - - [04/Apr/2018:10:46:12 -0300] "GET /cormun/servlet/hhome HTTP/1.1" 200 3977
186.103.159.187 - - [04/Apr/2018:10:46:13 -0300] "GET /cormun/servlet/solicitudot?3c8119edab9668b4160a0da12b486a4f26e4a566389597d6bcce4c7df8162cb9,gx-no-cache=1522853203875 HTTP/1.1" 200 51
186.103.159.187 - - [04/Apr/2018:10:46:13 -0300] "POST /cormun/servlet/solicitudot?gx-no-cache=1522853203919 HTTP/1.1" 200 297
186.103.159.187 - - [04/Apr/2018:10:46:13 -0300] "GET /cormun/servlet/solicitudot?3c8119edab9668b4160a0da12b486a4fe407b8763db23788b9a8c310fb4c23b59754a774f1a951c8de5b10cb7c985d1231049a3fe697c2d9ce0b06ab38ff63259dac9025de77faf6782ccadad5e52fb31c3910753b0fb28412029b94f8c85ae7febac94309edbc7cc8fb087beee54a00d43c5a4bda211ddce691ff7c55e5de9da5e21c2eb0a54ae20b293b99b15478831083503e4663568f5f49b157db427a9bffd2a88093a4b3ba66f69bd2a358c1cd6fccacae53cbbc271c2d867c8d5484b4e310e67b329ce37949b0ed67cc6a18bd03ff38262565576b40a5fe16548e6cc696da939c75d2d4f42ba18bdbe350c4748cab9d90d45c1d4f773ac3ac2dac177aa0703b5d00285a9624e9fe791f80d6fe22b836f5a31d5e6fc80e0a5bee1e460deae520c19623721e38db6f5af5e2ede15b1192eff83b466a49367626a341fe708913d1ac155b7c95f9afe9b16ef28e34eee00f9ddbf61117a0fc81e069169e9c633ce31fe70d31859be1d360be2b1c375bdcd88bb270745bb5381a800a395d14b427e4425ee31ddce092dcb4beecf650,gx-no-cache=1522853203960 HTTP/1.1" 200 30
186.103.159.189 - - [04/Apr/2018:10:46:15 -0300] "GET /cormun/servlet/trlicencias? HTTP/1.1" 200 9712
186.103.159.189 - - [04/Apr/2018:10:46:16 -0300] "GET /cormun/servlet/trlicencias? HTTP/1.1" 200 9709
186.103.159.189 - - [04/Apr/2018:10:46:25 -0300] "GET /cormun/servlet/trpermisosgoce? HTTP/1.1" 200 10885
186.103.159.189 - - [04/Apr/2018:10:46:26 -0300] "GET /cormun/servlet/trpermisosgoce? HTTP/1.1" 200 10855
186.103.159.187 - - [04/Apr/2018:10:46:31 -0300] "POST /cormun/servlet/solicitudot?ade14581bd4cabb6897caabda1f22535,INS,0,0,,gx-no-cache=1522853222361 HTTP/1.1" 200 90
186.103.159.187 - - [04/Apr/2018:10:46:31 -0300] "GET /cormun/servlet/hpexe_link HTTP/1.1" 200 987
186.103.159.187 - - [04/Apr/2018:10:46:32 -0300] "GET /cormun/servlet/trsolicitudot?gx-no-cache=1522851260198 HTTP/1.1" 200 7143
186.103.159.187 - - [04/Apr/2018:10:46:33 -0300] "GET /cormun/servlet/trsolicitudot?gx-no-cache=1522851260198 HTTP/1.1" 200 7163
190.100.93.40 - - [04/Apr/2018:10:46:35 -0300] "GET /cormun/servlet/trcontratoobservaciondir? HTTP/1.1" 200 11573
190.100.93.40 - - [04/Apr/2018:10:46:35 -0300] "GET /cormun/static/trcontratoobservaciondir.js?20175251262715 HTTP/1.1" 200 27185
190.100.93.40 - - [04/Apr/2018:10:46:35 -0300] "GET /cormun/static/gxcfg.js?20175251262281 HTTP/1.1" 200 953
190.100.93.40 - - [04/Apr/2018:10:46:36 -0300] "GET /cormun/servlet/trcontratoobservaciondir? HTTP/1.1" 200 11573
190.100.93.40 - - [04/Apr/2018:10:46:38 -0300] "GET /cormun/servlet/prbanco?,MD,,gxPopupLevel%3D0%3B HTTP/1.1" 200 6812
190.100.93.40 - - [04/Apr/2018:10:46:38 -0300] "GET /cormun/static/gxcfg.js?20181161016094 HTTP/1.1" 304 -
190.100.93.40 - - [04/Apr/2018:10:46:38 -0300] "GET /cormun/static/prbanco.js?2018116101633 HTTP/1.1" 304 -
186.103.159.187 - - [04/Apr/2018:10:46:42 -0300] "GET /cormun/servlet/hlogin HTTP/1.1" 200 1761
190.100.93.40 - - [04/Apr/2018:10:46:43 -0300] "GET /cormun/servlet/solicitudot?95d793cee6ae5de4cb0523cdfde4dd5400ea776ed1b7b9769c09ddf95ad9b0cba9a72e628ad68685b25b6a5514b403a7cc7d386c14f21577116ff952fee8cba8,gx-no-cache=1522849553693 HTTP/1.1" 200 30
190.100.93.40 - - [04/Apr/2018:10:46:45 -0300] "GET /cormun/servlet/solicitudot?95d793cee6ae5de4cb0523cdfde4dd54a2de633ec66956ed741d1352440a6e9a,gx-no-cache=1522849554911 HTTP/1.1" 200 53
186.103.159.187 - - [04/Apr/2018:10:46:51 -0300] "POST /cormun/servlet/hlogin?ade14581bd4cabb6897caabda1f22535,gx-no-cache=1522853241988 HTTP/1.1" 200 474
207.46.13.72 - - [04/Apr/2018:10:46:52 -0300] "GET /cormun/static/Shared/jqueryui/jquery-ui.min.js HTTP/1.1" 200 240427
207.46.13.72 - - [04/Apr/2018:10:46:53 -0300] "GET /cormun/static/SmoothNavMenu/resources/ddsmoothmenu.js HTTP/1.1" 200 12712
207.46.13.72 - - [04/Apr/2018:10:46:53 -0300] "GET /cormun/static/hpexe_messagecontroller.js?20177611595012 HTTP/1.1" 200 870
207.46.13.72 - - [04/Apr/2018:10:46:53 -0300] "GET /cormun/static/scaMessage/scaMessageRender.js HTTP/1.1" 200 11977
186.103.159.187 - - [04/Apr/2018:10:46:56 -0300] "POST /cormun/servlet/hlogin?ade14581bd4cabb6897caabda1f22535,gx-no-cache=1522853246989 HTTP/1.1" 200 90
186.103.159.187 - - [04/Apr/2018:10:46:56 -0300] "GET /cormun/servlet/hpexe_link HTTP/1.1" 200 957
186.103.159.187 - - [04/Apr/2018:10:46:56 -0300] "GET /cormun/servlet/hhome HTTP/1.1" 200 4147
186.103.159.187 - - [04/Apr/2018:10:46:57 -0300] "GET /cormun/servlet/hhome HTTP/1.1" 200 4143
190.100.93.40 - - [04/Apr/2018:10:46:58 -0300] "POST /cormun/servlet/trcontratoobservaciondir?624d567be6c704289317c9747eed829c,,gx-no-cache=1522849565883 HTTP/1.1" 200 3974
190.100.93.40 - - [04/Apr/2018:10:47:00 -0300] "POST /cormun/servlet/trcontratoobservaciondir?624d567be6c704289317c9747eed829c,,gx-no-cache=1522849567330 HTTP/1.1" 200 3974
207.46.13.2 - - [04/Apr/2018:10:47:00 -0300] "GET /cormun/static/PXToolsJavascripts/pexe_tabs.js HTTP/1.1" 200 3748
207.46.13.2 - - [04/Apr/2018:10:47:00 -0300] "GET /cormun/static/calendar.js?85251 HTTP/1.1" 200 26246
207.46.13.2 - - [04/Apr/2018:10:47:00 -0300] "GET /cormun/static/cmcontrolpreferences.js?201752511465670 HTTP/1.1" 200 1375
207.46.13.2 - - [04/Apr/2018:10:47:00 -0300] "GET /cormun/static/hmpwkw03.js?20177612122668 HTTP/1.1" 200 3965
207.46.13.2 - - [04/Apr/2018:10:47:01 -0300] "GET /cormun/static/licenciaspermisos.js?201762917281260 HTTP/1.1" 200 37491
207.46.13.2 - - [04/Apr/2018:10:47:02 -0300] "GET /cormun/static/gxgral.js?85251 HTTP/1.1" 200 384558
186.103.159.187 - - [04/Apr/2018:10:47:05 -0300] "GET /cormun/servlet/trautorizarsolicitud? HTTP/1.1" 200 8671
186.103.159.187 - - [04/Apr/2018:10:47:06 -0300] "GET /cormun/servlet/trautorizarsolicitud? HTTP/1.1" 200 8669
157.55.39.114 - - [04/Apr/2018:10:47:07 -0300] "GET /cormun/static/PXToolsJavascripts/pexe_cookies.js HTTP/1.1" 200 792
157.55.39.114 - - [04/Apr/2018:10:47:07 -0300] "GET /cormun/static/PXToolsJavascripts/pexe_scrolldiv.js HTTP/1.1" 200 4138
157.55.39.114 - - [04/Apr/2018:10:47:07 -0300] "GET /cormun/static/PXToolsJavascripts/pexe_upload.js HTTP/1.1" 200 1423
157.55.39.114 - - [04/Apr/2018:10:47:13 -0300] "GET /cormun/static/Shared/ext/ext-all.js HTTP/1.1" 200 1289687
190.100.93.40 - - [04/Apr/2018:10:47:13 -0300] "GET /cormun/servlet/trvisualizadoreventos? HTTP/1.1" 200 7104
190.100.93.40 - - [04/Apr/2018:10:47:13 -0300] "GET /cormun/static/gxcfg.js?20175251251426 HTTP/1.1" 200 953
190.100.93.40 - - [04/Apr/2018:10:47:13 -0300] "GET /cormun/static/trvisualizadoreventos.js?20175251251768 HTTP/1.1" 200 19318
190.100.93.40 - - [04/Apr/2018:10:47:13 -0300] "GET /cormun/static/Resources/PXToolsActionPrint.png HTTP/1.1" 200 3317
190.100.93.40 - - [04/Apr/2018:10:47:13 -0300] "GET /cormun/servlet/trvisualizadoreventos? HTTP/1.1" 200 7104
157.55.39.114 - - [04/Apr/2018:10:47:14 -0300] "GET /cormun/static/Shared/jquery/jquery-1.10.2.min.js HTTP/1.1" 200 273199
157.55.39.114 - - [04/Apr/2018:10:47:15 -0300] "GET /cormun/static/Shared/jqueryui/jquery-ui.min.css?1245370 HTTP/1.1" 200 30288
157.55.39.114 - - [04/Apr/2018:10:47:15 -0300] "GET /cormun/static/SmoothNavMenu/resources/ddsmoothmenu.css?1012540 HTTP/1.1" 200 2223
192.168.10.96 - - [04/Apr/2018:10:47:16 -0300] "GET /cormun/servlet/trsolicitudgral? HTTP/1.1" 200 28239
157.55.39.114 - - [04/Apr/2018:10:47:16 -0300] "GET /cormun/static/gxcfg.js?201762917281167 HTTP/1.1" 200 953
192.168.10.96 - - [04/Apr/2018:10:47:17 -0300] "GET /cormun/servlet/trsolicitudgral? HTTP/1.1" 200 28239
207.46.13.60 - - [04/Apr/2018:10:47:18 -0300] "GET /cormun/static/SmoothNavMenu/resources/SmoothNavMenuRender.js HTTP/1.1" 200 5951
207.46.13.60 - - [04/Apr/2018:10:47:18 -0300] "GET /cormun/static/PXToolsJavascripts/pexe_grid.js HTTP/1.1" 200 7559
207.46.13.60 - - [04/Apr/2018:10:47:18 -0300] "GET /cormun/static/calendar-setup.js?85251 HTTP/1.1" 200 2588
207.46.13.60 - - [04/Apr/2018:10:47:18 -0300] "GET /cormun/static/hwchdr01.js?201752511465785 HTTP/1.1" 200 1183
190.100.93.40 - - [04/Apr/2018:10:47:19 -0300] "GET /cormun/static/menuarrow.gif HTTP/1.1" 404 1015
207.46.13.60 - - [04/Apr/2018:10:47:21 -0300] "GET /cormun/static/PXToolsJavascripts/pexe_popup.js HTTP/1.1" 200 13458
190.100.93.40 - - [04/Apr/2018:10:47:27 -0300] "POST /cormun/servlet/trvisualizadoreventos?624d567be6c704289317c9747eed829c,,gx-no-cache=1522849594606 HTTP/1.1" 200 4156
190.100.93.40 - - [04/Apr/2018:10:47:28 -0300] "POST /cormun/servlet/trvisualizadoreventos?624d567be6c704289317c9747eed829c,,gx-no-cache=1522849595813 HTTP/1.1" 200 4156
186.103.159.187 - - [04/Apr/2018:10:47:30 -0300] "POST /cormun/servlet/trautorizarsolicitud?ade14581bd4cabb6897caabda1f22535,,gx-no-cache=1522853281096 HTTP/1.1" 200 4624
186.103.159.187 - - [04/Apr/2018:10:47:30 -0300] "GET /cormun/static/Shared/jqueryui/images/ui-bg_highlight-soft_100_c6c2c8_1x100.png HTTP/1.1" 404 1117
186.103.159.187 - - [04/Apr/2018:10:47:30 -0300] "GET /cormun/static/Shared/jqueryui/images/ui-icons_82798d_256x240.png HTTP/1.1" 404 1089
186.103.159.187 - - [04/Apr/2018:10:47:30 -0300] "GET /cormun/static/Shared/jqueryui/images/ui-bg_flat_55_fafafa_40x100.png HTTP/1.1" 404 1097
186.103.159.187 - - [04/Apr/2018:10:47:30 -0300] "GET /cormun/static/Shared/jqueryui/images/ui-icons_8d78a5_256x240.png HTTP/1.1" 404 1089
186.103.159.187 - - [04/Apr/2018:10:47:30 -0300] "POST /cormun/servlet/trautorizarsolicitud?ade14581bd4cabb6897caabda1f22535,,gx-no-cache=1522853281412 HTTP/1.1" 200 4381
190.100.93.40 - - [04/Apr/2018:10:47:34 -0300] "GET /cormun/servlet/trautorizarsolicitud? HTTP/1.1" 200 7447
190.100.93.40 - - [04/Apr/2018:10:47:35 -0300] "GET /cormun/servlet/trautorizarsolicitud? HTTP/1.1" 200 7446
186.103.159.187 - - [04/Apr/2018:10:47:35 -0300] "POST /cormun/servlet/trautorizarsolicitud?ade14581bd4cabb6897caabda1f22535,,gx-no-cache=1522853286414 HTTP/1.1" 200 90
186.103.159.187 - - [04/Apr/2018:10:47:35 -0300] "GET /cormun/servlet/hpexe_link HTTP/1.1" 200 967
186.103.159.187 - - [04/Apr/2018:10:47:36 -0300] "GET /cormun/servlet/hhome HTTP/1.1" 200 4147
186.103.159.187 - - [04/Apr/2018:10:47:37 -0300] "GET /cormun/servlet/hhome HTTP/1.1" 200 4143
186.103.159.187 - - [04/Apr/2018:10:47:40 -0300] "GET /cormun/servlet/hlogin HTTP/1.1" 200 1736
190.100.93.40 - - [04/Apr/2018:10:47:41 -0300] "GET /cormun/static/menuarrow.gif HTTP/1.1" 404 1015
190.100.93.40 - - [04/Apr/2018:10:47:49 -0300] "POST /cormun/servlet/trautorizarsolicitud?624d567be6c704289317c9747eed829c,,gx-no-cache=1522849616832 HTTP/1.1" 200 4420
186.103.159.187 - - [04/Apr/2018:10:47:49 -0300] "POST /cormun/servlet/hlogin?ade14581bd4cabb6897caabda1f22535,gx-no-cache=1522853300444 HTTP/1.1" 200 446
190.100.93.40 - - [04/Apr/2018:10:47:51 -0300] "POST /cormun/servlet/trautorizarsolicitud?624d567be6c704289317c9747eed829c,,gx-no-cache=1522849618870 HTTP/1.1" 200 90
190.100.93.40 - - [04/Apr/2018:10:47:51 -0300] "GET /cormun/servlet/hpexe_link HTTP/1.1" 200 976
190.100.93.40 - - [04/Apr/2018:10:47:51 -0300] "GET /cormun/servlet/trvisualizadoreventos? HTTP/1.1" 200 7112
190.100.93.40 - - [04/Apr/2018:10:47:52 -0300] "GET /cormun/servlet/trvisualizadoreventos? HTTP/1.1" 200 7110
186.103.159.187 - - [04/Apr/2018:10:47:53 -0300] "POST /cormun/servlet/hlogin?ade14581bd4cabb6897caabda1f22535,gx-no-cache=1522853304572 HTTP/1.1" 200 446
190.100.93.40 - - [04/Apr/2018:10:47:55 -0300] "GET /cormun/servlet/trvisualizadoreventos? HTTP/1.1" 200 7110
190.100.93.40 - - [04/Apr/2018:10:47:55 -0300] "GET /cormun/servlet/trvisualizadoreventos? HTTP/1.1" 200 7110
186.103.159.187 - - [04/Apr/2018:10:47:57 -0300] "POST /cormun/servlet/hlogin?ade14581bd4cabb6897caabda1f22535,gx-no-cache=1522853307937 HTTP/1.1" 200 445
190.100.93.40 - - [04/Apr/2018:10:47:58 -0300] "GET /cormun/static/menuarrow.gif HTTP/1.1" 404 1015
186.67.172.234 - - [04/Apr/2018:10:47:58 -0300] "POST /cormun/servlet/solicitudot?gx-no-cache=1522849549118 HTTP/1.1" 200 30
190.100.93.40 - - [04/Apr/2018:10:48:00 -0300] "POST /cormun/servlet/solicitudot?gx-no-cache=1522849629999 HTTP/1.1" 200 297
190.100.93.40 - - [04/Apr/2018:10:48:00 -0300] "GET /cormun/servlet/solicitudot?95d793cee6ae5de4cb0523cdfde4dd54e30f898f851baba940f97e78eb9d67d3efda6fe1238c854547ba73a60baedda770a5be2a393ac6294642564207d05f90852fe7830baa2b5bcfdddca3bebdc86c0a39f2578de16cd9a71de7883538afbaff81b3d663d1403884e91ed7e103fe51f36ad8119aa8fdd3ac5d38b5aa0d106c62e4df0747c9e60338583d939dcd60b5d96ea7b8eb7690484854b900874091bb82d039739118ddd539e1ea81faf3e2d5bb8c3ca4aa266a1d0765ef7d2103f5febb1d3e950bf599a7f2a5cab284cefeba1f24eb474c4e953967d3619ad9f1caf0c19e8fc2dd911dd407b40b1487e3ea2e2439a9fa62b71542e1baffb68df69a487b239d8c234ff6af9a60148a9eebe4d3c587d219acec99b8d5fbe5abf4e9776c6fb587131673f4bc9751c34f6f5fd0d39cc9b33ad353f55f4821ec59322aa644020b64d0af7a86de3712df30debc8996684fae548d1f73575b84372ba2f777d8b725faa89e63a20a9f0bad61b0c8d2ce030bf964f1ee2018871899e329d9f7b42f64a90a17ef3eba1063d3b52f1b0204,gx-no-cache=1522849630137 HTTP/1.1" 200 30
190.100.93.40 - - [04/Apr/2018:10:48:00 -0300] "POST /cormun/servlet/trvisualizadoreventos?624d567be6c704289317c9747eed829c,,gx-no-cache=1522849627846 HTTP/1.1" 200 4150
186.103.159.187 - - [04/Apr/2018:10:48:01 -0300] "POST /cormun/servlet/hlogin?ade14581bd4cabb6897caabda1f22535,gx-no-cache=1522853312442 HTTP/1.1" 200 90
186.103.159.187 - - [04/Apr/2018:10:48:01 -0300] "GET /cormun/servlet/hpexe_link HTTP/1.1" 200 957
186.103.159.187 - - [04/Apr/2018:10:48:02 -0300] "GET /cormun/servlet/hhome HTTP/1.1" 200 3934
186.103.159.187 - - [04/Apr/2018:10:48:03 -0300] "GET /cormun/servlet/hhome HTTP/1.1" 200 3931
190.100.93.40 - - [04/Apr/2018:10:48:03 -0300] "POST /cormun/servlet/solicitudot?gx-no-cache=1522849633724 HTTP/1.1" 200 30
190.100.93.40 - - [04/Apr/2018:10:48:05 -0300] "POST /cormun/servlet/solicitudot?gx-no-cache=1522849635716 HTTP/1.1" 200 1350
190.100.93.40 - - [04/Apr/2018:10:48:06 -0300] "POST /cormun/servlet/solicitudot?gx-no-cache=1522849635810 HTTP/1.1" 200 38
186.103.159.187 - - [04/Apr/2018:10:48:06 -0300] "GET /cormun/servlet/trsolicitudot? HTTP/1.1" 200 7142
186.103.159.187 - - [04/Apr/2018:10:48:07 -0300] "GET /cormun/servlet/trsolicitudot? HTTP/1.1" 200 7142
186.103.159.187 - - [04/Apr/2018:10:48:09 -0300] "GET /cormun/servlet/solicitudot?INS,0,0, HTTP/1.1" 200 13384
186.103.159.187 - - [04/Apr/2018:10:48:10 -0300] "GET /cormun/servlet/solicitudot?INS,0,0, HTTP/1.1" 200 13388
190.100.93.40 - - [04/Apr/2018:10:48:12 -0300] "POST /cormun/servlet/trvisualizadoreventos?624d567be6c704289317c9747eed829c,,gx-no-cache=1522849639881 HTTP/1.1" 200 4153
190.100.93.40 - - [04/Apr/2018:10:48:13 -0300] "POST /cormun/servlet/trvisualizadoreventos?624d567be6c704289317c9747eed829c,,gx-no-cache=1522849640947 HTTP/1.1" 200 4153
186.67.172.234 - - [04/Apr/2018:10:48:14 -0300] "POST /cormun/servlet/solicitudot?gx-no-cache=1522849584695 HTTP/1.1" 200 1352
186.67.172.234 - - [04/Apr/2018:10:48:14 -0300] "POST /cormun/servlet/solicitudot?gx-no-cache=1522849584869 HTTP/1.1" 200 38
186.67.172.234 - - [04/Apr/2018:10:48:14 -0300] "POST /cormun/servlet/solicitudot?gx-no-cache=1522849584949 HTTP/1.1" 200 1335
186.67.172.234 - - [04/Apr/2018:10:48:14 -0300] "POST /cormun/servlet/solicitudot?gx-no-cache=1522849585032 HTTP/1.1" 200 1231
190.100.93.40 - - [04/Apr/2018:10:48:18 -0300] "GET /cormun/servlet/trcontratounov2? HTTP/1.1" 200 17697
190.100.93.40 - - [04/Apr/2018:10:48:19 -0300] "GET /cormun/servlet/trcontratounov2? HTTP/1.1" 200 17692
186.103.159.187 - - [04/Apr/2018:10:48:22 -0300] "POST /cormun/servlet/solicitudot?gx-no-cache=1522853333495 HTTP/1.1" 200 3284
186.103.159.187 - - [04/Apr/2018:10:48:23 -0300] "POST /cormun/servlet/solicitudot?ade14581bd4cabb6897caabda1f22535,INS,0,0,,gx-no-cache=1522853333653 HTTP/1.1" 200 10251
186.103.159.187 - - [04/Apr/2018:10:48:26 -0300] "GET /cormun/servlet/solicitudot?3c8119edab9668b4160a0da12b486a4f9dd80dcddde4b51e5085759317687e0209418d9705f991253764dffbae57282b,gx-no-cache=1522853336730 HTTP/1.1" 200 30
190.100.93.40 - - [04/Apr/2018:10:48:28 -0300] "GET /cormun/servlet/trvisualizadoreventos? HTTP/1.1" 200 7117
190.100.93.40 - - [04/Apr/2018:10:48:28 -0300] "GET /cormun/servlet/trvisualizadoreventos? HTTP/1.1" 200 7117
186.67.172.234 - - [04/Apr/2018:10:48:32 -0300] "POST /cormun/servlet/solicitudot?a38814d0b25815e4b060bf2652846d75,INS,0,0,,gx-no-cache=1522849602284 HTTP/1.1" 200 93
186.67.172.234 - - [04/Apr/2018:10:48:32 -0300] "GET /cormun/servlet/hpexe_return? HTTP/1.1" 200 1007
190.100.93.40 - - [04/Apr/2018:10:48:32 -0300] "POST /cormun/servlet/trvisualizadoreventos?624d567be6c704289317c9747eed829c,,gx-no-cache=1522849659733 HTTP/1.1" 200 4162
186.67.172.234 - - [04/Apr/2018:10:48:32 -0300] "GET /cormun/servlet/trsolicitudot HTTP/1.1" 200 8859
186.67.172.234 - - [04/Apr/2018:10:48:32 -0300] "GET /cormun/servlet/trsolicitudot HTTP/1.1" 200 8856
186.67.172.234 - - [04/Apr/2018:10:48:36 -0300] "GET /cormun/servlet/solicitudot?INS,0,0, HTTP/1.1" 200 13663
186.67.172.234 - - [04/Apr/2018:10:48:36 -0300] "GET /cormun/servlet/solicitudot?INS,0,0, HTTP/1.1" 200 13668
190.100.93.40 - - [04/Apr/2018:10:48:41 -0300] "POST /cormun/servlet/trvisualizadoreventos?624d567be6c704289317c9747eed829c,,gx-no-cache=1522849668487 HTTP/1.1" 200 4164
190.100.93.40 - - [04/Apr/2018:10:48:46 -0300] "GET /cormun/static/menuarrow.gif HTTP/1.1" 404 1015
190.100.93.40 - - [04/Apr/2018:10:48:49 -0300] "POST /cormun/servlet/trvisualizadoreventos?624d567be6c704289317c9747eed829c,,gx-no-cache=1522849677141 HTTP/1.1" 200 4168
186.67.172.234 - - [04/Apr/2018:10:48:59 -0300] "POST /cormun/servlet/solicitudot?gx-no-cache=1522849628895 HTTP/1.1" 200 3415
190.100.93.40 - - [04/Apr/2018:10:48:59 -0300] "GET /cormun/servlet/trcontratounov2? HTTP/1.1" 200 17698
186.67.172.234 - - [04/Apr/2018:10:49:00 -0300] "POST /cormun/servlet/solicitudot?a38814d0b25815e4b060bf2652846d75,INS,0,0,,gx-no-cache=1522849629731 HTTP/1.1" 200 10530
190.100.93.40 - - [04/Apr/2018:10:49:00 -0300] "GET /cormun/servlet/trcontratounov2? HTTP/1.1" 200 17685
186.67.172.234 - - [04/Apr/2018:10:49:09 -0300] "GET /cormun/servlet/solicitudot?f8dc7554cba93c386ef0f168ab3fc960026d50c57e400def62846d771c1fc77742176b9a392f62a7711216ea247198d9,gx-no-cache=1522849639895 HTTP/1.1" 200 30
186.67.172.234 - - [04/Apr/2018:10:49:09 -0300] "GET /cormun/servlet/solicitudot?f8dc7554cba93c386ef0f168ab3fc960748224d34d4728caec5f052767a2d7f2e17be47865327ec880927771667c04a838bcde53e40f0f2db1a637536b5e0ed6,gx-no-cache=1522849640001 HTTP/1.1" 200 30
186.67.172.234 - - [04/Apr/2018:10:49:10 -0300] "GET /cormun/servlet/solicitudot?f8dc7554cba93c386ef0f168ab3fc960e6c752641af8f8d97d225b491df9136b,gx-no-cache=1522849640073 HTTP/1.1" 200 53
186.67.172.234 - - [04/Apr/2018:10:49:10 -0300] "POST /cormun/servlet/solicitudot?gx-no-cache=1522849640422 HTTP/1.1" 200 240
186.67.172.234 - - [04/Apr/2018:10:49:10 -0300] "GET /cormun/servlet/solicitudot?f8dc7554cba93c386ef0f168ab3fc960a1682a86d679d07e4d2bf5621f9f0c7e4f8608b68c62a184e4b370e26ccf4a037d633e64ea41874f507b02b4a020983e5a86f8c7da9e4fe6cebd4674b17dff46dd8cef75e457d9cea996f7b672c5853f5f5ca23610e477a0c67b7d43d322791180158d93a5e094a9a5ed313ca8adf0e002de19a751e877bc5ac2156301e1bc93ed08b84985e82c8ef96a61bd975b6849c3ff407a9c75234991f45ff8a45910ccb3eef8fff41c4319fe662d57f5c845bdd9c456d8ab8f1acddb0e62bee8fca4dc6f25df99552bc7198cfe8ce114409bcfa6b5d68253de2ca5f8e8fac2b0ba1da224281c268efffbad45987ebc5c4c4c90e0f2339200b88b1c5b574dcd0134e6712e3aefb793704a1f87187860ed79c3f8413e251e8d389f81a9e08bed9d880e4b6aa7b57c5c7883123aecaebdaff02dff42ef15089543744bde59d27e5054b88165e8a7ce2f325c3e97c304040db6c02eaf2857f004403a6e683994074601e60180c68a934bca32e31b5ded32b45e4b01,gx-no-cache=1522849640538 HTTP/1.1" 200 30
186.67.172.234 - - [04/Apr/2018:10:49:10 -0300] "POST /cormun/servlet/solicitudot?gx-no-cache=1522849640591 HTTP/1.1" 200 30
186.67.172.234 - - [04/Apr/2018:10:49:10 -0300] "POST /cormun/servlet/solicitudot?gx-no-cache=1522849640690 HTTP/1.1" 200 1353
190.100.93.40 - - [04/Apr/2018:10:49:15 -0300] "GET /cormun/servlet/trcontratoobservaciondir? HTTP/1.1" 200 6556
190.100.93.40 - - [04/Apr/2018:10:49:15 -0300] "GET /cormun/servlet/solicitudot?95d793cee6ae5de4cb0523cdfde4dd54372fbf0f55ce4188303a70f77fc2878801c3db52a59363d6be323053a322c8a58d7d5b3116e556aed4a7b0e05a1de4fd9660d4f96ae443bd899b9fdc905d26bc20b101ec6e746002f135daf338e15232d90af34de88a00de45691be505248dae,gx-no-cache=1522849705400 HTTP/1.1" 200 29
190.100.93.40 - - [04/Apr/2018:10:49:16 -0300] "GET /cormun/servlet/trcontratoobservaciondir? HTTP/1.1" 200 6556
190.100.93.40 - - [04/Apr/2018:10:49:16 -0300] "POST /cormun/servlet/solicitudot?gx-no-cache=1522849705633 HTTP/1.1" 200 1335
190.100.93.40 - - [04/Apr/2018:10:49:16 -0300] "POST /cormun/servlet/solicitudot?gx-no-cache=1522849706222 HTTP/1.1" 200 1228
190.100.93.40 - - [04/Apr/2018:10:49:19 -0300] "GET /cormun/servlet/trcontratosolicitud? HTTP/1.1" 200 14892
190.100.93.40 - - [04/Apr/2018:10:49:20 -0300] "GET /cormun/servlet/trcontratosolicitud? HTTP/1.1" 200 14906
186.67.172.234 - - [04/Apr/2018:10:49:27 -0300] "POST /cormun/servlet/solicitudot?gx-no-cache=1522849657828 HTTP/1.1" 200 38
190.100.93.40 - - [04/Apr/2018:10:49:28 -0300] "GET /cormun/static/menuarrow.gif HTTP/1.1" 404 1015
186.103.159.187 - - [04/Apr/2018:10:49:29 -0300] "GET /cormun/servlet/solicitudot?3c8119edab9668b4160a0da12b486a4f86ab61d471118e861329e728e28a20ab,gx-no-cache=1522853400025 HTTP/1.1" 200 29
190.100.93.40 - - [04/Apr/2018:10:49:41 -0300] "GET /cormun/servlet/solicitudot?95d793cee6ae5de4cb0523cdfde4dd5403ceffa9e168faa9c2ec9727d35bf776461734b30c973869fe5007683960a5b4,gx-no-cache=1522849731338 HTTP/1.1" 200 30
190.100.93.40 - - [04/Apr/2018:10:49:43 -0300] "GET /cormun/servlet/trvisualizadoreventos? HTTP/1.1" 200 7131
190.100.93.40 - - [04/Apr/2018:10:49:43 -0300] "GET /cormun/servlet/trvisualizadoreventos? HTTP/1.1" 200 7131
190.100.93.40 - - [04/Apr/2018:10:49:47 -0300] "POST /cormun/servlet/trvisualizadoreventos?624d567be6c704289317c9747eed829c,,gx-no-cache=1522849734557 HTTP/1.1" 200 4168
190.100.93.40 - - [04/Apr/2018:10:49:47 -0300] "POST /cormun/servlet/solicitudot?gx-no-cache=1522849737150 HTTP/1.1" 200 30
186.67.172.234 - - [04/Apr/2018:10:49:47 -0300] "POST /cormun/servlet/solicitudot?gx-no-cache=1522849677836 HTTP/1.1" 200 30
190.100.93.40 - - [04/Apr/2018:10:49:50 -0300] "GET /cormun/servlet/avisualizareventos?2018,3909,TOD,20180201,20200508,PU HTTP/1.1" 200 1026
190.100.93.40 - - [04/Apr/2018:10:49:57 -0300] "GET /cormun/servlet/trsolicitudot? HTTP/1.1" 200 7554
190.100.93.40 - - [04/Apr/2018:10:49:57 -0300] "GET /cormun/static/gxcfg.js?2017111422585916 HTTP/1.1" 200 953
190.100.93.40 - - [04/Apr/2018:10:49:57 -0300] "GET /cormun/static/trsolicitudot.js?201711142259839 HTTP/1.1" 200 54041
190.100.93.40 - - [04/Apr/2018:10:49:57 -0300] "GET /cormun/servlet/trsolicitudot? HTTP/1.1" 200 7552
190.100.93.40 - - [04/Apr/2018:10:50:02 -0300] "GET /cormun/static/menuarrow.gif HTTP/1.1" 404 1015
186.67.172.234 - - [04/Apr/2018:10:50:06 -0300] "GET /cormun/servlet/prfichaempleado?,MD,,gxPopupLevel%3D0%3B HTTP/1.1" 200 9379
190.100.93.40 - - [04/Apr/2018:10:50:14 -0300] "POST /cormun/servlet/trsolicitudot?624d567be6c704289317c9747eed829c,,gx-no-cache=1522849759512 HTTP/1.1" 200 23614
190.100.93.40 - - [04/Apr/2018:10:50:15 -0300] "GET /cormun//static/Resources/PXToolsActionView.png HTTP/1.1" 200 2995
190.100.93.40 - - [04/Apr/2018:10:50:15 -0300] "GET /cormun//static/Resources/PXToolsRemoveAllAction.png HTTP/1.1" 200 3558
190.100.93.40 - - [04/Apr/2018:10:50:21 -0300] "POST /cormun/servlet/solicitudot?2ecf3ac4ef7547f5c2bbd0ca7c384f36,INS,0,0,,gx-no-cache=1522849770334 HTTP/1.1" 200 93
190.100.93.40 - - [04/Apr/2018:10:50:21 -0300] "GET /cormun/servlet/hpexe_return? HTTP/1.1" 200 1012
190.100.93.40 - - [04/Apr/2018:10:50:21 -0300] "GET /cormun/servlet/trsolicitudot HTTP/1.1" 200 8922
190.100.93.40 - - [04/Apr/2018:10:50:22 -0300] "GET /cormun/servlet/trsolicitudot HTTP/1.1" 200 8918
190.100.93.40 - - [04/Apr/2018:10:50:24 -0300] "POST /cormun/servlet/trsolicitudot?624d567be6c704289317c9747eed829c,,gx-no-cache=1522849771795 HTTP/1.1" 200 4499
186.67.172.234 - - [04/Apr/2018:10:50:25 -0300] "POST /cormun/servlet/prfichaempleado?a38814d0b25815e4b060bf2652846d75,,MD,,gxPopupLevel%3D0%3B,gx-no-cache=1522849715737 HTTP/1.1" 200 3423
190.100.93.40 - - [04/Apr/2018:10:50:31 -0300] "POST /cormun/servlet/trsolicitudot?624d567be6c704289317c9747eed829c,,gx-no-cache=1522849776880 HTTP/1.1" 200 23694
186.67.172.234 - - [04/Apr/2018:10:50:32 -0300] "POST /cormun/servlet/solicitudot?gx-no-cache=1522849722174 HTTP/1.1" 200 1352
186.67.172.234 - - [04/Apr/2018:10:50:32 -0300] "GET /cormun/static/menuarrow.gif HTTP/1.1" 404 1015
186.103.159.187 - - [04/Apr/2018:10:50:38 -0300] "GET /cormun/servlet/hhome HTTP/1.1" 200 3392
186.103.159.187 - - [04/Apr/2018:10:50:39 -0300] "GET /cormun/servlet/hhome HTTP/1.1" 200 3402
186.103.159.187 - - [04/Apr/2018:10:50:39 -0300] "GET /cormun/servlet/hlogin HTTP/1.1" 200 1731
186.103.159.187 - - [04/Apr/2018:10:50:47 -0300] "POST /cormun/servlet/hlogin?d57a7b7038313c2a647cd74a5ddf0e8f,gx-no-cache=1522853477837 HTTP/1.1" 200 90
186.103.159.187 - - [04/Apr/2018:10:50:47 -0300] "GET /cormun/servlet/hpexe_link HTTP/1.1" 200 948
186.103.159.187 - - [04/Apr/2018:10:50:47 -0300] "GET /cormun/servlet/hhome HTTP/1.1" 200 3925
186.103.159.187 - - [04/Apr/2018:10:50:48 -0300] "GET /cormun/servlet/hhome HTTP/1.1" 200 3921
186.103.159.187 - - [04/Apr/2018:10:50:52 -0300] "GET /cormun/servlet/trlicencias? HTTP/1.1" 200 8715
186.103.159.187 - - [04/Apr/2018:10:50:53 -0300] "GET /cormun/servlet/trlicencias? HTTP/1.1" 200 8712
186.103.159.187 - - [04/Apr/2018:10:50:57 -0300] "GET /cormun/servlet/licenciaspermisos?INS,0,,, HTTP/1.1" 200 7451
186.103.159.187 - - [04/Apr/2018:10:50:58 -0300] "GET /cormun/servlet/licenciaspermisos?INS,0,,, HTTP/1.1" 200 7451
186.67.172.234 - - [04/Apr/2018:10:51:00 -0300] "POST /cormun/servlet/solicitudot?gx-no-cache=1522849750388 HTTP/1.1" 200 118
186.67.172.234 - - [04/Apr/2018:10:51:00 -0300] "GET /cormun/static/Shared/jqueryui/images/ui-bg_highlight-soft_100_c6c2c8_1x100.png HTTP/1.1" 404 1117
186.67.172.234 - - [04/Apr/2018:10:51:00 -0300] "GET /cormun/static/Shared/jqueryui/images/ui-bg_flat_55_994d53_40x100.png HTTP/1.1" 404 1097
186.67.172.234 - - [04/Apr/2018:10:51:00 -0300] "GET /cormun/static/Shared/jqueryui/images/ui-icons_ebccce_256x240.png HTTP/1.1" 404 1089
186.67.172.234 - - [04/Apr/2018:10:51:00 -0300] "GET /cormun/static/Shared/jqueryui/images/ui-icons_82798d_256x240.png HTTP/1.1" 404 1089
186.67.172.234 - - [04/Apr/2018:10:51:00 -0300] "GET /cormun/servlet/solicitudot?f8dc7554cba93c386ef0f168ab3fc960f3de222ee9c0a1afad568fce11ae10a91d48533a12001bb74d038110f9eb951a447ef09b3834afc1b9c07b1499bc609424575eaf427eee9b4c34397d58eff8007f0b71d2bc74a0ea8194180701f218b767d90a158698c32a5bc13b6f3a77e6bb,gx-no-cache=1522849750609 HTTP/1.1" 200 29
186.67.172.234 - - [04/Apr/2018:10:51:00 -0300] "POST /cormun/servlet/solicitudot?gx-no-cache=1522849750708 HTTP/1.1" 200 1335
186.67.172.234 - - [04/Apr/2018:10:51:00 -0300] "POST /cormun/servlet/solicitudot?gx-no-cache=1522849750806 HTTP/1.1" 200 1231
186.103.159.187 - - [04/Apr/2018:10:51:12 -0300] "GET /cormun/servlet/prfichaempleado?,MD,,gxPopupLevel%3D0%3B HTTP/1.1" 200 9271
186.103.159.187 - - [04/Apr/2018:10:51:17 -0300] "GET /cormun/servlet/licenciaspermisos?ee41f2e1606c62ffd3f22961ae94bc06da1b7dc2c85434c8760be8176c63006e3f13c4dffdfbe2d6148719b42f36fd68,gx-no-cache=1522853508628 HTTP/1.1" 200 86
186.103.159.187 - - [04/Apr/2018:10:51:18 -0300] "POST /cormun/servlet/licenciaspermisos?d57a7b7038313c2a647cd74a5ddf0e8f,INS,0,,,,gx-no-cache=1522853508684 HTTP/1.1" 200 4669
186.67.172.234 - - [04/Apr/2018:10:51:24 -0300] "POST /cormun/servlet/solicitudot?gx-no-cache=1522849774252 HTTP/1.1" 200 1335
186.67.172.234 - - [04/Apr/2018:10:51:24 -0300] "POST /cormun/servlet/solicitudot?gx-no-cache=1522849774349 HTTP/1.1" 200 1231
186.67.172.234 - - [04/Apr/2018:10:51:26 -0300] "POST /cormun/servlet/solicitudot?gx-no-cache=1522849776644 HTTP/1.1" 200 118
186.67.172.234 - - [04/Apr/2018:10:51:26 -0300] "POST /cormun/servlet/solicitudot?gx-no-cache=1522849776680 HTTP/1.1" 200 1335
186.67.172.234 - - [04/Apr/2018:10:51:26 -0300] "POST /cormun/servlet/solicitudot?gx-no-cache=1522849776731 HTTP/1.1" 200 1231
186.103.159.187 - - [04/Apr/2018:10:51:35 -0300] "GET /cormun/static/menuarrow.gif HTTP/1.1" 404 1015
186.103.159.189 - - [04/Apr/2018:10:51:49 -0300] "GET /cormun/servlet/hlogin HTTP/1.1" 200 1714
186.67.172.234 - - [04/Apr/2018:10:51:53 -0300] "POST /cormun/servlet/solicitudot?gx-no-cache=1522849803778 HTTP/1.1" 200 118
186.67.172.234 - - [04/Apr/2018:10:51:53 -0300] "POST /cormun/servlet/solicitudot?gx-no-cache=1522849803869 HTTP/1.1" 200 1335
186.67.172.234 - - [04/Apr/2018:10:51:53 -0300] "POST /cormun/servlet/solicitudot?gx-no-cache=1522849803927 HTTP/1.1" 200 1231
186.67.172.234 - - [04/Apr/2018:10:51:53 -0300] "GET /cormun/servlet/solicitudot?f8dc7554cba93c386ef0f168ab3fc960ad7a808252e578e3679a65ce8c050cf87cff96a3d6c7b3c0ba9e2d71d73f7bda,gx-no-cache=1522849803992 HTTP/1.1" 200 134
186.67.172.234 - - [04/Apr/2018:10:51:54 -0300] "POST /cormun/servlet/solicitudot?gx-no-cache=1522849804097 HTTP/1.1" 200 30
186.67.172.234 - - [04/Apr/2018:10:51:54 -0300] "POST /cormun/servlet/solicitudot?a38814d0b25815e4b060bf2652846d75,INS,0,0,,gx-no-cache=1522849804185 HTTP/1.1" 200 12002
186.103.159.189 - - [04/Apr/2018:10:52:03 -0300] "POST /cormun/servlet/hlogin?b6d5e7abfff9bd91fc2a9c99e55f716b,gx-no-cache=1522849870930 HTTP/1.1" 200 90
186.103.159.189 - - [04/Apr/2018:10:52:03 -0300] "GET /cormun/servlet/hpexe_link HTTP/1.1" 200 946
186.103.159.189 - - [04/Apr/2018:10:52:04 -0300] "GET /cormun/servlet/hhome HTTP/1.1" 200 4167
186.103.159.189 - - [04/Apr/2018:10:52:05 -0300] "GET /cormun/servlet/hhome HTTP/1.1" 200 4163
186.103.159.189 - - [04/Apr/2018:10:52:13 -0300] "GET /cormun/servlet/trautorizarsolicitud? HTTP/1.1" 200 8640
186.103.159.189 - - [04/Apr/2018:10:52:13 -0300] "GET /cormun/static/trautorizarsolicitud.js?201711142340425 HTTP/1.1" 304 -
186.103.159.189 - - [04/Apr/2018:10:52:14 -0300] "GET /cormun/servlet/trautorizarsolicitud? HTTP/1.1" 200 8640
186.103.159.189 - - [04/Apr/2018:10:52:27 -0300] "POST /cormun/servlet/trautorizarsolicitud?b6d5e7abfff9bd91fc2a9c99e55f716b,,gx-no-cache=1522849893956 HTTP/1.1" 200 4598
186.103.159.189 - - [04/Apr/2018:10:52:27 -0300] "GET /cormun/static/Shared/jqueryui/images/ui-bg_highlight-soft_100_c6c2c8_1x100.png HTTP/1.1" 404 1117
186.103.159.189 - - [04/Apr/2018:10:52:27 -0300] "GET /cormun/static/Shared/jqueryui/images/ui-icons_82798d_256x240.png HTTP/1.1" 404 1089
186.103.159.189 - - [04/Apr/2018:10:52:27 -0300] "GET /cormun/static/Shared/jqueryui/images/ui-bg_flat_55_fafafa_40x100.png HTTP/1.1" 404 1097
186.103.159.189 - - [04/Apr/2018:10:52:27 -0300] "GET /cormun/static/Shared/jqueryui/images/ui-icons_8d78a5_256x240.png HTTP/1.1" 404 1089
186.103.159.189 - - [04/Apr/2018:10:52:27 -0300] "POST /cormun/servlet/trautorizarsolicitud?b6d5e7abfff9bd91fc2a9c99e55f716b,,gx-no-cache=1522849894350 HTTP/1.1" 200 4370
186.67.172.234 - - [04/Apr/2018:10:52:59 -0300] "POST /cormun/servlet/solicitudot?gx-no-cache=1522849869220 HTTP/1.1" 200 30
186.67.172.234 - - [04/Apr/2018:10:53:05 -0300] "POST /cormun/servlet/solicitudot?gx-no-cache=1522849874637 HTTP/1.1" 200 1352
186.67.172.234 - - [04/Apr/2018:10:53:05 -0300] "POST /cormun/servlet/solicitudot?gx-no-cache=1522849875611 HTTP/1.1" 200 38
186.67.172.234 - - [04/Apr/2018:10:53:05 -0300] "POST /cormun/servlet/solicitudot?gx-no-cache=1522849875697 HTTP/1.1" 200 1335
186.103.159.187 - - [04/Apr/2018:10:53:06 -0300] "GET /cormun/servlet/licenciaspermisos?ee41f2e1606c62ffd3f22961ae94bc06a8a5df1e1e199a04796cfdf7f94ab48f4050dacca12f0c9f2c240665c0003923bf52ee98876feb51d831cc5cdf4c1adcac09b80b4c587212963b8830c3ab724dcf245481473162328b57efa70ad1193b13ef1d423cb09fb5f280acfff83d935c561ef08a4d7f5deafc4762eca90b6120a8149858afb344c5a3afa969ed9591f7e98e22844b3809fba21b04626f421a80f8957d6a7712936306c7e50bc2c1e39c,gx-no-cache=1522853616878 HTTP/1.1" 200 30
186.67.172.234 - - [04/Apr/2018:10:53:06 -0300] "POST /cormun/servlet/solicitudot?gx-no-cache=1522849875854 HTTP/1.1" 200 1231
186.103.159.187 - - [04/Apr/2018:10:53:07 -0300] "POST /cormun/servlet/licenciaspermisos?d57a7b7038313c2a647cd74a5ddf0e8f,INS,0,,,,gx-no-cache=1522853617022 HTTP/1.1" 200 4759
186.103.159.187 - - [04/Apr/2018:10:53:10 -0300] "GET /cormun/servlet/licenciaspermisos?ee41f2e1606c62ffd3f22961ae94bc06c7c39dcfe52092c70cc7e1c631df4c893d201dfd6779632d1e32079f7a733ab41a21f06acbdacee7b0dfa84ae354950f3666432c74ab756ca95b59e04bb771c3882bcf75b7379682f0645b1fc63c4d3444fd4cc6dfdd20d206d12e74bff4c97549c2e97bbc9528bb470d5792fe7bd3a6c542157d1e444f4eba2a28ede37d6cf885ff0b2a942579f2d6c6f2d2c94f8f889dc15634bd75dd2b1152807ee65ded2a41473d1873c224a609cbea5d0db2af778a38dc415dfa2fe691b79a6a7f0a999a7a772f4dd45b9ca1cc14f4907a4d4210,gx-no-cache=1522853620879 HTTP/1.1" 200 108
186.103.159.187 - - [04/Apr/2018:10:53:10 -0300] "GET /cormun/static/Shared/jqueryui/images/ui-icons_82798d_256x240.png HTTP/1.1" 404 1089
186.103.159.187 - - [04/Apr/2018:10:53:10 -0300] "GET /cormun/static/Shared/jqueryui/images/ui-icons_ebccce_256x240.png HTTP/1.1" 404 1089
186.103.159.187 - - [04/Apr/2018:10:53:10 -0300] "GET /cormun/static/Shared/jqueryui/images/ui-bg_flat_55_994d53_40x100.png HTTP/1.1" 404 1097
186.103.159.187 - - [04/Apr/2018:10:53:11 -0300] "POST /cormun/servlet/licenciaspermisos?d57a7b7038313c2a647cd74a5ddf0e8f,INS,0,,,,gx-no-cache=1522853620996 HTTP/1.1" 200 4863
186.103.159.187 - - [04/Apr/2018:10:53:11 -0300] "GET /cormun/static/Shared/jqueryui/images/ui-bg_highlight-soft_100_c6c2c8_1x100.png HTTP/1.1" 404 1117
190.100.93.40 - - [04/Apr/2018:10:53:14 -0300] "POST /cormun/servlet/trsolicitudot?624d567be6c704289317c9747eed829c,,gx-no-cache=1522849939019 HTTP/1.1" 200 23822
186.103.159.187 - - [04/Apr/2018:10:53:28 -0300] "GET /cormun/servlet/licenciaspermisos?ee41f2e1606c62ffd3f22961ae94bc06a8a5df1e1e199a04796cfdf7f94ab48f225e3e872ab6324c706475fb27b4d1c0bf52ee98876feb51d831cc5cdf4c1adcac09b80b4c587212963b8830c3ab724dcf245481473162328b57efa70ad1193b4ccc81610395e3f4cb97f64a17067c82561ef08a4d7f5deafc4762eca90b61204223e04cc365368badfad44492a90091b7821fe4d219b100432f737a121e327dc31894b8a22677448d42b4374fcb6ef192bf3cf35edd80725a61acb4b5a75b071df2c7e978c20d7b04cab0f129a99b5c4af03e1a73110fa2b69ad9ac9d3c6b29,gx-no-cache=1522853639609 HTTP/1.1" 200 30
190.100.93.40 - - [04/Apr/2018:10:53:28 -0300] "POST /cormun/servlet/trsolicitudot?624d567be6c704289317c9747eed829c,,gx-no-cache=1522849953416 HTTP/1.1" 200 24476
186.103.159.187 - - [04/Apr/2018:10:53:29 -0300] "POST /cormun/servlet/licenciaspermisos?d57a7b7038313c2a647cd74a5ddf0e8f,INS,0,,,,gx-no-cache=1522853639647 HTTP/1.1" 200 4761
186.103.159.187 - - [04/Apr/2018:10:53:33 -0300] "GET /cormun/servlet/licenciaspermisos?ee41f2e1606c62ffd3f22961ae94bc06a8a5df1e1e199a04796cfdf7f94ab48f4050dacca12f0c9f2c240665c0003923bf52ee98876feb51d831cc5cdf4c1adcac09b80b4c587212963b8830c3ab724dcf245481473162328b57efa70ad1193b4ccc81610395e3f4cb97f64a17067c82561ef08a4d7f5deafc4762eca90b61204223e04cc365368badfad44492a90091b7821fe4d219b100432f737a121e327dc31894b8a22677448d42b4374fcb6ef192bf3cf35edd80725a61acb4b5a75b071df2c7e978c20d7b04cab0f129a99b5c4af03e1a73110fa2b69ad9ac9d3c6b29,gx-no-cache=1522853644115 HTTP/1.1" 200 30
186.103.159.187 - - [04/Apr/2018:10:53:33 -0300] "POST /cormun/servlet/licenciaspermisos?d57a7b7038313c2a647cd74a5ddf0e8f,INS,0,,,,gx-no-cache=1522853644151 HTTP/1.1" 200 4759
190.100.93.40 - - [04/Apr/2018:10:53:36 -0300] "POST /cormun/servlet/trsolicitudot?2ecf3ac4ef7547f5c2bbd0ca7c384f36,gx-no-cache=1522849965494 HTTP/1.1" 200 107
190.100.93.40 - - [04/Apr/2018:10:53:36 -0300] "GET /cormun/servlet/trsolicitudadjuntos?2018,11005, HTTP/1.1" 200 6436
190.100.93.40 - - [04/Apr/2018:10:53:36 -0300] "GET /cormun/static/gxcfg.js?20177612135366 HTTP/1.1" 304 -
190.100.93.40 - - [04/Apr/2018:10:53:36 -0300] "GET /cormun/servlet/trsolicitudadjuntos?2018,11005, HTTP/1.1" 200 6436
190.100.93.40 - - [04/Apr/2018:10:53:36 -0300] "GET /cormun/servlet/trsolicitudadjuntos?2018,11005, HTTP/1.1" 200 6436
190.100.93.40 - - [04/Apr/2018:10:53:37 -0300] "GET /cormun/servlet/trsolicitudadjuntos?2018,11005, HTTP/1.1" 200 6436
190.100.93.40 - - [04/Apr/2018:10:53:44 -0300] "GET /cormun/servlet/solicitudotadjuntos?INS,2018,11005,,1, HTTP/1.1" 200 6376
190.100.93.40 - - [04/Apr/2018:10:53:44 -0300] "GET /cormun/static/gxcfg.js?2017761244068 HTTP/1.1" 304 -
190.100.93.40 - - [04/Apr/2018:10:53:44 -0300] "GET /cormun/static/about:blank HTTP/1.1" 404 1011
190.100.93.40 - - [04/Apr/2018:10:53:44 -0300] "GET /cormun/servlet/solicitudotadjuntos?INS,2018,11005,,1, HTTP/1.1" 200 6370
190.100.93.40 - - [04/Apr/2018:10:53:45 -0300] "GET /cormun/servlet/solicitudotadjuntos?95d793cee6ae5de4cb0523cdfde4dd54653ec2545142388014dfeeb1ac6477bfeda71c9a7bb430e62e36372e115d4aa7,gx-no-cache=1522849974897 HTTP/1.1" 200 30
190.100.93.40 - - [04/Apr/2018:10:53:45 -0300] "GET /cormun/servlet/trsolicitudot? HTTP/1.1" 200 27360
190.100.93.40 - - [04/Apr/2018:10:53:45 -0300] "POST /cormun/servlet/solicitudotadjuntos?2ecf3ac4ef7547f5c2bbd0ca7c384f36,INS,2018,11005,,1,,gx-no-cache=1522849974995 HTTP/1.1" 200 3997
186.103.159.187 - - [04/Apr/2018:10:53:47 -0300] "GET /cormun/servlet/licenciaspermisos?ee41f2e1606c62ffd3f22961ae94bc06c7c39dcfe52092c70cc7e1c631df4c893d201dfd6779632d1e32079f7a733ab41a21f06acbdacee7b0dfa84ae354950f3666432c74ab756ca95b59e04bb771c3882bcf75b7379682f0645b1fc63c4d3444fd4cc6dfdd20d206d12e74bff4c97549c2e97bbc9528bb470d5792fe7bd3a6c542157d1e444f4eba2a28ede37d6cf885ff0b2a942579f2d6c6f2d2c94f8f889dc15634bd75dd2b1152807ee65ded2a41473d1873c224a609cbea5d0db2af778a38dc415dfa2fe691b79a6a7f0a999ab29ca69b34f388b0e244ebe57bad46744ab12e8d5e80d712c35365dd41245b9e,gx-no-cache=1522853658077 HTTP/1.1" 200 29
186.103.159.187 - - [04/Apr/2018:10:53:47 -0300] "POST /cormun/servlet/licenciaspermisos?d57a7b7038313c2a647cd74a5ddf0e8f,INS,0,,,,gx-no-cache=1522853658166 HTTP/1.1" 200 93
186.103.159.187 - - [04/Apr/2018:10:53:47 -0300] "GET /cormun/servlet/hpexe_return? HTTP/1.1" 200 1009
186.103.159.187 - - [04/Apr/2018:10:53:48 -0300] "GET /cormun/servlet/trlicencias HTTP/1.1" 200 9154
190.100.93.40 - - [04/Apr/2018:10:53:48 -0300] "GET /cormun/servlet/trcontratounov2? HTTP/1.1" 200 17684
190.100.93.40 - - [04/Apr/2018:10:53:48 -0300] "GET /cormun/servlet/trsolicitudot? HTTP/1.1" 200 27359
190.100.93.40 - - [04/Apr/2018:10:53:48 -0300] "POST /cormun/servlet/solicitudotadjuntos?gx-no-cache=1522849978609 HTTP/1.1" 200 26
186.103.159.187 - - [04/Apr/2018:10:53:49 -0300] "GET /cormun/servlet/trlicencias HTTP/1.1" 200 9149
190.100.93.40 - - [04/Apr/2018:10:53:49 -0300] "GET /cormun/servlet/trcontratounov2? HTTP/1.1" 200 17684
186.103.159.187 - - [04/Apr/2018:10:53:56 -0300] "GET /cormun/servlet/trlicenciaspermisosadjuntos?15106320,20180404000000,L, HTTP/1.1" 200 6266
186.103.159.187 - - [04/Apr/2018:10:53:56 -0300] "GET /cormun/static/gxcfg.js?20177612163414 HTTP/1.1" 304 -
186.103.159.187 - - [04/Apr/2018:10:53:57 -0300] "GET /cormun/servlet/trlicenciaspermisosadjuntos?15106320,20180404000000,L, HTTP/1.1" 200 6267
