200.54.247.70 - - [04/Apr/2018:08:53:03 -0300] "GET /cormun/servlet/solicitudot?156f73c8af9b298d6c17c1274b4a51a601dfe4e61e80eda5585c49c1b214f020f857a9449f24bf63686e92a49f7651571795a0e7152e301650ea3f00fb8ea297a873695cb30b23be9ff47a68fa320c5282036f3bfbdb3063626f6155cabbf201a16dd4c9eaf338761a849c0c610fdf4b6f9748bfc9dba4e1fab2a02424521d01bcc352748a62143bf1377eb404945b98ff07ae1d076aa5a229694a3d944cf1005fb5b19157c4eb58b443998bd61010546f104d18273172aa4fa6c3c228b16c9148ffeec5af5fa0a9425412dd3acd4d498e51b50b3b3d2f2e85922b0843bbbe3c9ce327af1eb00f07a2d95607f49e524392d685812073ce2c4b7af69898ffeb5230d0206476b551643e9fa1557292f28857efd25f92abea61ef967b91ed373b59fb7f491acdcd6f3ddd96ef6a2578817d2737b3079692109d14d4b49695cf4e6c1440ef127f10c31c631a6e305a1b840f347b5a2d4fa17efc5a20251bfbdf2003e6dc6cf2986231ed9eb31e4a87669d23365218b0c4736d5c1a108e23be8a4c42,gx-no-cache=1522842728816 HTTP/1.1" 200 30
200.54.247.70 - - [04/Apr/2018:08:53:03 -0300] "GET /cormun/static/Shared/jqueryui/images/ui-bg_flat_55_994d53_40x100.png HTTP/1.1" 404 1097
200.54.247.70 - - [04/Apr/2018:08:53:03 -0300] "GET /cormun/static/Shared/jqueryui/images/ui-bg_highlight-soft_100_c6c2c8_1x100.png HTTP/1.1" 404 1117
200.54.247.70 - - [04/Apr/2018:08:53:03 -0300] "GET /cormun/static/Shared/jqueryui/images/ui-icons_82798d_256x240.png HTTP/1.1" 404 1089
200.54.247.70 - - [04/Apr/2018:08:53:03 -0300] "GET /cormun/static/Shared/jqueryui/images/ui-icons_ebccce_256x240.png HTTP/1.1" 404 1089
186.79.197.15 - - [04/Apr/2018:08:53:06 -0300] "POST /cormun/servlet/solicitudotadjuntos?gx-no-cache=1522842734009 HTTP/1.1" 200 26
200.54.247.70 - - [04/Apr/2018:08:53:06 -0300] "POST /cormun/servlet/solicitudot?gx-no-cache=1522842732060 HTTP/1.1" 200 30
186.79.197.15 - - [04/Apr/2018:08:53:11 -0300] "GET /cormun/servlet/solicitudotadjuntos?6df75153f6686a5f7e754180ff9c9ecf420bb3085445bd05677facdb6cd4678e,gx-no-cache=1522842738868 HTTP/1.1" 200 30
186.79.197.15 - - [04/Apr/2018:08:53:11 -0300] "GET /cormun/servlet/solicitudotadjuntos?6df75153f6686a5f7e754180ff9c9ecf420bb3085445bd05677facdb6cd4678e,gx-no-cache=1522842739045 HTTP/1.1" 200 30
186.79.197.15 - - [04/Apr/2018:08:53:17 -0300] "POST /cormun/servlet/solicitudotadjuntos?7ea1fbf5d0a8ff625c1b1814e8a06265,INS,2018,10997,,1, HTTP/1.1" 200 116
186.79.197.15 - - [04/Apr/2018:08:53:17 -0300] "GET /cormun/servlet/hpexe_return? HTTP/1.1" 200 1027
186.79.197.15 - - [04/Apr/2018:08:53:17 -0300] "GET /cormun/servlet/trsolicitudadjuntos?2018,10997, HTTP/1.1" 200 9289
186.79.197.15 - - [04/Apr/2018:08:53:18 -0300] "GET /cormun/servlet/trsolicitudadjuntos?2018,10997, HTTP/1.1" 200 9287
192.168.10.56 - - [04/Apr/2018:08:53:22 -0300] "POST /cormun/servlet/trsolicitudgral?8be34d72b9aa1aa98407b0811101fb34,,gx-no-cache=1522842629863 HTTP/1.1" 200 7716
192.168.10.56 - - [04/Apr/2018:08:53:30 -0300] "POST /cormun/servlet/trsolicitudgral?8be34d72b9aa1aa98407b0811101fb34,,gx-no-cache=1522842638062 HTTP/1.1" 200 7326
192.168.10.56 - - [04/Apr/2018:08:53:30 -0300] "GET /cormun/static/Shared/jqueryui/images/ui-bg_highlight-soft_100_c6c2c8_1x100.png HTTP/1.1" 404 1117
192.168.10.56 - - [04/Apr/2018:08:53:30 -0300] "GET /cormun/static/Shared/jqueryui/images/ui-icons_82798d_256x240.png HTTP/1.1" 404 1089
192.168.10.56 - - [04/Apr/2018:08:53:30 -0300] "GET /cormun/static/Shared/jqueryui/images/ui-icons_8d78a5_256x240.png HTTP/1.1" 404 1089
192.168.10.56 - - [04/Apr/2018:08:53:30 -0300] "GET /cormun/static/Shared/jqueryui/images/ui-bg_flat_55_fafafa_40x100.png HTTP/1.1" 404 1097
192.168.10.56 - - [04/Apr/2018:08:53:38 -0300] "POST /cormun/servlet/trsolicitudgral?8be34d72b9aa1aa98407b0811101fb34,,gx-no-cache=1522842646604 HTTP/1.1" 200 6125
186.79.197.15 - - [04/Apr/2018:08:53:40 -0300] "GET /cormun/servlet/solicitudotadjuntos?INS,2018,10997,,1, HTTP/1.1" 200 5976
186.79.197.15 - - [04/Apr/2018:08:53:40 -0300] "GET /cormun/static/about:blank HTTP/1.1" 404 1011
186.79.197.15 - - [04/Apr/2018:08:53:41 -0300] "GET /cormun/servlet/solicitudotadjuntos?INS,2018,10997,,1, HTTP/1.1" 200 5969
186.79.197.15 - - [04/Apr/2018:08:53:41 -0300] "GET /cormun/servlet/solicitudotadjuntos?6df75153f6686a5f7e754180ff9c9ecf3b0facc0f3ece9a233b34a0f977442fa54340c1bcbb4a7f849443a613293a0e3,gx-no-cache=1522842769162 HTTP/1.1" 200 30
186.79.197.15 - - [04/Apr/2018:08:53:41 -0300] "POST /cormun/servlet/solicitudotadjuntos?7ea1fbf5d0a8ff625c1b1814e8a06265,INS,2018,10997,,1,,gx-no-cache=1522842769278 HTTP/1.1" 200 3795
192.168.10.56 - - [04/Apr/2018:08:53:42 -0300] "POST /cormun/servlet/trsolicitudgral?8be34d72b9aa1aa98407b0811101fb34,,gx-no-cache=1522842649930 HTTP/1.1" 200 13459
186.79.197.15 - - [04/Apr/2018:08:53:44 -0300] "POST /cormun/servlet/solicitudotadjuntos?gx-no-cache=1522842772206 HTTP/1.1" 200 26
186.79.197.15 - - [04/Apr/2018:08:53:50 -0300] "GET /cormun/servlet/solicitudotadjuntos?6df75153f6686a5f7e754180ff9c9ecf420bb3085445bd05677facdb6cd4678e,gx-no-cache=1522842778295 HTTP/1.1" 200 30
186.79.197.15 - - [04/Apr/2018:08:53:50 -0300] "GET /cormun/servlet/solicitudotadjuntos?6df75153f6686a5f7e754180ff9c9ecf420bb3085445bd05677facdb6cd4678e,gx-no-cache=1522842778398 HTTP/1.1" 200 30
186.79.197.15 - - [04/Apr/2018:08:53:57 -0300] "POST /cormun/servlet/solicitudotadjuntos?7ea1fbf5d0a8ff625c1b1814e8a06265,INS,2018,10997,,1, HTTP/1.1" 200 116
186.79.197.15 - - [04/Apr/2018:08:53:57 -0300] "GET /cormun/servlet/hpexe_return? HTTP/1.1" 200 1027
186.79.197.15 - - [04/Apr/2018:08:53:57 -0300] "GET /cormun/servlet/trsolicitudadjuntos?2018,10997, HTTP/1.1" 200 9541
186.79.197.15 - - [04/Apr/2018:08:53:58 -0300] "GET /cormun/servlet/trsolicitudadjuntos?2018,10997, HTTP/1.1" 200 9539
192.168.10.56 - - [04/Apr/2018:08:54:02 -0300] "POST /cormun/servlet/trsolicitudgral?8be34d72b9aa1aa98407b0811101fb34,,gx-no-cache=1522842670244 HTTP/1.1" 200 7738
186.79.197.15 - - [04/Apr/2018:08:54:28 -0300] "GET /cormun/servlet/solicitudotadjuntos?INS,2018,10997,,2, HTTP/1.1" 200 5975
186.79.197.15 - - [04/Apr/2018:08:54:29 -0300] "GET /cormun/static/about:blank HTTP/1.1" 404 1011
186.79.197.15 - - [04/Apr/2018:08:54:29 -0300] "GET /cormun/servlet/solicitudotadjuntos?INS,2018,10997,,2, HTTP/1.1" 200 5968
186.79.197.15 - - [04/Apr/2018:08:54:30 -0300] "GET /cormun/servlet/solicitudotadjuntos?6df75153f6686a5f7e754180ff9c9ecf3b0facc0f3ece9a233b34a0f977442fa54340c1bcbb4a7f849443a613293a0e3,gx-no-cache=1522842817847 HTTP/1.1" 200 30
186.79.197.15 - - [04/Apr/2018:08:54:30 -0300] "POST /cormun/servlet/solicitudotadjuntos?7ea1fbf5d0a8ff625c1b1814e8a06265,INS,2018,10997,,2,,gx-no-cache=1522842817913 HTTP/1.1" 200 4005
186.103.159.188 - - [04/Apr/2018:08:54:35 -0300] "GET /cormun/servlet/hlogin HTTP/1.1" 200 1721
186.103.159.188 - - [04/Apr/2018:08:54:36 -0300] "GET /cormun/servlet/hlogin HTTP/1.1" 200 1725
186.103.159.188 - - [04/Apr/2018:08:54:45 -0300] "POST /cormun/servlet/hlogin?e665044776d2e1f3cda776533c872c6d,gx-no-cache=1522842832873 HTTP/1.1" 200 90
186.103.159.188 - - [04/Apr/2018:08:54:45 -0300] "GET /cormun/servlet/hpexe_link HTTP/1.1" 200 948
186.103.159.188 - - [04/Apr/2018:08:54:45 -0300] "GET /cormun/servlet/hhome HTTP/1.1" 200 4141
186.103.159.188 - - [04/Apr/2018:08:54:46 -0300] "GET /cormun/servlet/hhome HTTP/1.1" 200 4137
186.79.197.15 - - [04/Apr/2018:08:54:49 -0300] "POST /cormun/servlet/solicitudotadjuntos?gx-no-cache=1522842836540 HTTP/1.1" 200 26
186.103.159.188 - - [04/Apr/2018:08:54:49 -0300] "GET /cormun/servlet/trautorizarsolicitud? HTTP/1.1" 200 8620
186.103.159.188 - - [04/Apr/2018:08:54:49 -0300] "GET /cormun/servlet/trautorizarsolicitud? HTTP/1.1" 200 8618
186.79.197.15 - - [04/Apr/2018:08:54:53 -0300] "GET /cormun/servlet/solicitudotadjuntos?6df75153f6686a5f7e754180ff9c9ecf420bb3085445bd05677facdb6cd4678e,gx-no-cache=1522842841198 HTTP/1.1" 200 30
186.79.197.15 - - [04/Apr/2018:08:54:53 -0300] "GET /cormun/servlet/solicitudotadjuntos?6df75153f6686a5f7e754180ff9c9ecf420bb3085445bd05677facdb6cd4678e,gx-no-cache=1522842841327 HTTP/1.1" 200 30
186.103.159.188 - - [04/Apr/2018:08:54:58 -0300] "POST /cormun/servlet/trautorizarsolicitud?e665044776d2e1f3cda776533c872c6d,,gx-no-cache=1522842845235 HTTP/1.1" 200 4614
186.103.159.188 - - [04/Apr/2018:08:54:58 -0300] "GET /cormun/static/Shared/jqueryui/images/ui-bg_highlight-soft_100_c6c2c8_1x100.png HTTP/1.1" 404 1117
186.103.159.188 - - [04/Apr/2018:08:54:58 -0300] "GET /cormun/static/Shared/jqueryui/images/ui-icons_82798d_256x240.png HTTP/1.1" 404 1089
186.103.159.188 - - [04/Apr/2018:08:54:58 -0300] "GET /cormun/static/Shared/jqueryui/images/ui-bg_flat_55_fafafa_40x100.png HTTP/1.1" 404 1097
186.103.159.188 - - [04/Apr/2018:08:54:58 -0300] "GET /cormun/static/Shared/jqueryui/images/ui-icons_8d78a5_256x240.png HTTP/1.1" 404 1089
186.103.159.188 - - [04/Apr/2018:08:54:58 -0300] "POST /cormun/servlet/trautorizarsolicitud?e665044776d2e1f3cda776533c872c6d,,gx-no-cache=1522842846084 HTTP/1.1" 200 4378
186.79.197.15 - - [04/Apr/2018:08:55:03 -0300] "POST /cormun/servlet/solicitudotadjuntos?7ea1fbf5d0a8ff625c1b1814e8a06265,INS,2018,10997,,2, HTTP/1.1" 200 116
186.79.197.15 - - [04/Apr/2018:08:55:03 -0300] "GET /cormun/servlet/hpexe_return? HTTP/1.1" 200 1027
186.79.197.15 - - [04/Apr/2018:08:55:04 -0300] "GET /cormun/servlet/trsolicitudadjuntos?2018,10997, HTTP/1.1" 200 9690
186.79.197.15 - - [04/Apr/2018:08:55:05 -0300] "GET /cormun/servlet/trsolicitudadjuntos?2018,10997, HTTP/1.1" 200 9686
186.79.197.15 - - [04/Apr/2018:08:55:08 -0300] "GET /cormun/servlet/solicitudotadjuntos?INS,2018,10997,,2, HTTP/1.1" 200 5974
186.79.197.15 - - [04/Apr/2018:08:55:08 -0300] "GET /cormun/static/about:blank HTTP/1.1" 404 1011
186.79.197.15 - - [04/Apr/2018:08:55:09 -0300] "GET /cormun/servlet/solicitudotadjuntos?INS,2018,10997,,2, HTTP/1.1" 200 5966
186.79.197.15 - - [04/Apr/2018:08:55:09 -0300] "GET /cormun/servlet/solicitudotadjuntos?6df75153f6686a5f7e754180ff9c9ecf3b0facc0f3ece9a233b34a0f977442fa54340c1bcbb4a7f849443a613293a0e3,gx-no-cache=1522842857350 HTTP/1.1" 200 30
186.79.197.15 - - [04/Apr/2018:08:55:10 -0300] "POST /cormun/servlet/solicitudotadjuntos?7ea1fbf5d0a8ff625c1b1814e8a06265,INS,2018,10997,,2,,gx-no-cache=1522842857510 HTTP/1.1" 200 4004
190.100.93.40 - - [04/Apr/2018:08:55:17 -0300] "GET /cormun/servlet/hlogin HTTP/1.1" 200 1724
190.100.93.40 - - [04/Apr/2018:08:55:18 -0300] "POST /cormun/servlet/hlogin?f2f73fb155d52208cb8d680460df3ecd,gx-no-cache=1522842865804 HTTP/1.1" 200 90
190.100.93.40 - - [04/Apr/2018:08:55:18 -0300] "GET /cormun/servlet/hpexe_link HTTP/1.1" 200 979
190.100.93.40 - - [04/Apr/2018:08:55:18 -0300] "GET /cormun/servlet/trrenuncias?gx-no-cache=1522841710654 HTTP/1.1" 200 7955
186.79.197.15 - - [04/Apr/2018:08:55:18 -0300] "POST /cormun/servlet/solicitudotadjuntos?gx-no-cache=1522842866338 HTTP/1.1" 200 26
190.100.93.40 - - [04/Apr/2018:08:55:19 -0300] "GET /cormun/servlet/trrenuncias?gx-no-cache=1522841710654 HTTP/1.1" 200 7976
190.100.93.40 - - [04/Apr/2018:08:55:22 -0300] "GET /cormun/servlet/trlicencias? HTTP/1.1" 200 11114
190.100.93.40 - - [04/Apr/2018:08:55:23 -0300] "GET /cormun/servlet/trlicencias? HTTP/1.1" 200 11091
186.79.197.15 - - [04/Apr/2018:08:55:25 -0300] "GET /cormun/servlet/solicitudotadjuntos?6df75153f6686a5f7e754180ff9c9ecf420bb3085445bd05677facdb6cd4678e,gx-no-cache=1522842872922 HTTP/1.1" 200 30
186.79.197.15 - - [04/Apr/2018:08:55:25 -0300] "GET /cormun/servlet/solicitudotadjuntos?6df75153f6686a5f7e754180ff9c9ecf420bb3085445bd05677facdb6cd4678e,gx-no-cache=1522842873088 HTTP/1.1" 200 30
186.79.197.15 - - [04/Apr/2018:08:55:35 -0300] "POST /cormun/servlet/solicitudotadjuntos?7ea1fbf5d0a8ff625c1b1814e8a06265,INS,2018,10997,,2, HTTP/1.1" 200 116
186.79.197.15 - - [04/Apr/2018:08:55:35 -0300] "GET /cormun/servlet/hpexe_return? HTTP/1.1" 200 1027
186.79.197.15 - - [04/Apr/2018:08:55:35 -0300] "GET /cormun/servlet/trsolicitudadjuntos?2018,10997, HTTP/1.1" 200 9828
186.79.197.15 - - [04/Apr/2018:08:55:36 -0300] "GET /cormun/servlet/trsolicitudadjuntos?2018,10997, HTTP/1.1" 200 9828
186.79.197.15 - - [04/Apr/2018:08:55:52 -0300] "GET /cormun/servlet/hlogin HTTP/1.1" 200 1716
186.79.197.15 - - [04/Apr/2018:08:55:54 -0300] "POST /cormun/servlet/hlogin?d7215b1448b0b41b7652a2a9bc2e5509,gx-no-cache=1522842902349 HTTP/1.1" 200 90
186.79.197.15 - - [04/Apr/2018:08:55:54 -0300] "GET /cormun/servlet/hpexe_link HTTP/1.1" 200 948
186.79.197.15 - - [04/Apr/2018:08:55:55 -0300] "GET /cormun/servlet/hhome HTTP/1.1" 200 3930
186.79.197.15 - - [04/Apr/2018:08:55:55 -0300] "GET /cormun/servlet/hhome HTTP/1.1" 200 3927
186.79.197.15 - - [04/Apr/2018:08:56:00 -0300] "GET /cormun/servlet/trsolicitudot? HTTP/1.1" 200 8528
186.79.197.15 - - [04/Apr/2018:08:56:00 -0300] "GET /cormun/servlet/trsolicitudot? HTTP/1.1" 200 8528
186.103.159.186 - - [04/Apr/2018:08:56:50 -0300] "POST /cormun/servlet/solicitudot?6c1250567b8a828a5b7de8054ce4a3ea,INS,0,0,,gx-no-cache=1522842957965 HTTP/1.1" 200 93
186.103.159.186 - - [04/Apr/2018:08:56:50 -0300] "GET /cormun/servlet/hpexe_return? HTTP/1.1" 200 1011
186.103.159.186 - - [04/Apr/2018:08:56:51 -0300] "GET /cormun/static/gxcfg.js?2016101716175148 HTTP/1.1" 200 953
186.103.159.186 - - [04/Apr/2018:08:56:51 -0300] "GET /cormun/static/Resources/Spanish/PXTools.css?167811 HTTP/1.1" 200 89042
186.103.159.186 - - [04/Apr/2018:08:56:51 -0300] "GET /cormun/servlet/trsolicitudot HTTP/1.1" 200 8537
186.103.159.186 - - [04/Apr/2018:08:56:52 -0300] "GET /cormun/servlet/trsolicitudot HTTP/1.1" 200 8533
192.168.10.89 - - [04/Apr/2018:08:56:54 -0300] "POST /cormun/servlet/trsolicitudgral?bb8498fe70af065fdad4a4758acc31a4,,gx-no-cache=1522842842785 HTTP/1.1" 200 7837
192.168.10.89 - - [04/Apr/2018:08:57:01 -0300] "GET /cormun/servlet/vesolicitudgral?2018,8502,, HTTP/1.1" 200 9555
192.168.10.89 - - [04/Apr/2018:08:57:01 -0300] "GET /cormun/pexe_scrolldiv.js HTTP/1.1" 404 1009
186.103.159.186 - - [04/Apr/2018:08:57:03 -0300] "GET /cormun/servlet/solicitudot?INS,0,0, HTTP/1.1" 200 13394
192.168.10.89 - - [04/Apr/2018:08:57:03 -0300] "GET /cormun/servlet/vesolicitudgral?2018,8502,,SolicitudOTLog HTTP/1.1" 200 10626
192.168.10.89 - - [04/Apr/2018:08:57:03 -0300] "GET /cormun/pexe_scrolldiv.js HTTP/1.1" 404 1009
186.103.159.186 - - [04/Apr/2018:08:57:04 -0300] "GET /cormun/servlet/solicitudot?INS,0,0, HTTP/1.1" 200 13399
192.168.10.89 - - [04/Apr/2018:08:57:05 -0300] "POST /cormun/servlet/acontrolpreferencessavestate?None,CDROGUETT,true HTTP/1.1" 200 35
192.168.10.89 - - [04/Apr/2018:08:57:13 -0300] "GET /cormun/servlet/vesolicitudgral?2018,8502,,General HTTP/1.1" 200 9559
192.168.10.89 - - [04/Apr/2018:08:57:13 -0300] "GET /cormun/pexe_scrolldiv.js HTTP/1.1" 404 1009
186.103.159.186 - - [04/Apr/2018:08:57:14 -0300] "POST /cormun/servlet/solicitudot?gx-no-cache=1522842981825 HTTP/1.1" 200 3405
186.103.159.186 - - [04/Apr/2018:08:57:14 -0300] "POST /cormun/servlet/solicitudot?6c1250567b8a828a5b7de8054ce4a3ea,INS,0,0,,gx-no-cache=1522842982173 HTTP/1.1" 200 10387
192.168.10.89 - - [04/Apr/2018:08:57:16 -0300] "POST /cormun/servlet/vesolicitudgral?bb8498fe70af065fdad4a4758acc31a4,2018,8502,,General,gx-no-cache=1522842864146 HTTP/1.1" 200 90
192.168.10.89 - - [04/Apr/2018:08:57:16 -0300] "GET /cormun/servlet/hpexe_link HTTP/1.1" 200 973
192.168.10.89 - - [04/Apr/2018:08:57:16 -0300] "GET /cormun/servlet/trsolicitudgral? HTTP/1.1" 200 11330
186.103.159.186 - - [04/Apr/2018:08:57:28 -0300] "GET /cormun/servlet/solicitudot?7aac2f6225dce91a7422429e1f1660e19b1664eda2ccda7a817a9253801b10818bf44c090753ce2628c040487e0f7814,gx-no-cache=1522842996440 HTTP/1.1" 200 30
186.103.159.186 - - [04/Apr/2018:08:57:28 -0300] "GET /cormun/servlet/solicitudot?7aac2f6225dce91a7422429e1f1660e11a287381a01742141233c90333916eb9f093361d3f3245650f5b3765662459e1c3ae17e0ee99d8cf6217dedcecb174a7,gx-no-cache=1522842996516 HTTP/1.1" 200 30
186.103.159.186 - - [04/Apr/2018:08:57:28 -0300] "GET /cormun/servlet/solicitudot?7aac2f6225dce91a7422429e1f1660e1f6b8011171e71aab8955d68ea1484102,gx-no-cache=1522842996571 HTTP/1.1" 200 53
186.103.159.186 - - [04/Apr/2018:08:57:28 -0300] "POST /cormun/servlet/solicitudot?gx-no-cache=1522842996632 HTTP/1.1" 200 255
186.103.159.186 - - [04/Apr/2018:08:57:29 -0300] "GET /cormun/servlet/solicitudot?7aac2f6225dce91a7422429e1f1660e1981cedec49a728dc1d90dda56e74c9f9ab06cc7a4418bd02f9b82feeed96e119c6025dbf6b18ba4baf53ca05fbb9f6eb253b6068c89bdc1cdb29b0648e41d9d95da0fa0916f79945dbc556372d94f00cf0ec8e48273530ec977d882335ca47a05a179427ee29aa7ffb35c44ebc476048a17176a8307c1578d741fefa88b15729fdd54782525cf6eeb2b09df8013a1cd12e102d22153b886b845cbcfb36a7aa967571d8dcb92b7f106618f267e036d9066ad6af19ac618b3980786c1c2527b86fb56827bd1d4c871fed1194eb5387c52b2e4177057f5ecba681a5728649a650dee38f4073697fca4f20056fd14e6adb01fd9ecd8889b9a8e1863778b3e4c8359e0dd53a35937353f10a8e77ab13f45c20a9c7289f100192b415db1dfa39bbd4f980fd5826e2648cfff466a3430cb59bf3b51f512bc8993bfb095bdbf8fee03844c8608827c15314d559189262639e0f4bc41395f56e9a3ce305968cb6cce00732164d09c1280b62c6b2e0d04f8af32b8c,gx-no-cache=1522842996716 HTTP/1.1" 200 30
186.103.159.186 - - [04/Apr/2018:08:57:31 -0300] "POST /cormun/servlet/solicitudot?gx-no-cache=1522842998699 HTTP/1.1" 200 30
186.103.159.186 - - [04/Apr/2018:08:57:33 -0300] "POST /cormun/servlet/solicitudot?gx-no-cache=1522843001391 HTTP/1.1" 200 1353
186.103.159.186 - - [04/Apr/2018:08:57:33 -0300] "POST /cormun/servlet/solicitudot?gx-no-cache=1522843001487 HTTP/1.1" 200 38
186.103.159.186 - - [04/Apr/2018:08:57:44 -0300] "GET /cormun/servlet/solicitudot?7aac2f6225dce91a7422429e1f1660e137bbd0e60bd7af4010a715743f35683d53548d796feb476f24e653d250ff239fd4f037dd6f2817e864ae5b22eaf2f717a8df962e19ac5da58d605d3c92ec71a16a4ddfe89e9d823277d0acdb449431e1fbbe06fba870ca525a8f17b6c51114b2d143532cd8193abd26d518dc3450a2c1566b96dcd26fc043bd58d8c71e385917bccb1ae2e5e17e420489927ab7d7803f6ba85afddb05ef9ea8bddf2a54de62d66a222a16a57b6e16693723ee77d5e4080e6b7b3b94f4218fdc0bcdd8aa786479,gx-no-cache=1522843012346 HTTP/1.1" 200 29
186.103.159.186 - - [04/Apr/2018:08:57:44 -0300] "POST /cormun/servlet/solicitudot?gx-no-cache=1522843012426 HTTP/1.1" 200 1334
186.103.159.186 - - [04/Apr/2018:08:57:44 -0300] "POST /cormun/servlet/solicitudot?gx-no-cache=1522843012502 HTTP/1.1" 200 1231
186.103.159.186 - - [04/Apr/2018:08:57:44 -0300] "GET /cormun/static/menuarrow.gif HTTP/1.1" 404 1015
186.103.159.186 - - [04/Apr/2018:08:57:46 -0300] "POST /cormun/servlet/solicitudot?gx-no-cache=1522843013994 HTTP/1.1" 200 1334
186.103.159.186 - - [04/Apr/2018:08:57:46 -0300] "POST /cormun/servlet/solicitudot?gx-no-cache=1522843014085 HTTP/1.1" 200 1231
186.103.159.186 - - [04/Apr/2018:08:57:48 -0300] "GET /cormun/servlet/solicitudot?7aac2f6225dce91a7422429e1f1660e1a3c2f3aa6564df4bfb1b9764301b443dc90c0f755b7e182e6bc5b7e4864639a1,gx-no-cache=1522843016522 HTTP/1.1" 200 30
200.112.49.236 - - [04/Apr/2018:08:58:02 -0300] "GET /cormun/servlet/hlogin HTTP/1.1" 200 1716
192.168.10.89 - - [04/Apr/2018:08:58:03 -0300] "GET /cormun/servlet/hlogin HTTP/1.1" 200 1741
200.112.49.236 - - [04/Apr/2018:08:58:04 -0300] "POST /cormun/servlet/hlogin?98d150e863c4dfbd6663a1faf59b1dce,gx-no-cache=1522843033085 HTTP/1.1" 200 90
200.112.49.236 - - [04/Apr/2018:08:58:04 -0300] "GET /cormun/servlet/hpexe_link HTTP/1.1" 200 948
200.112.49.236 - - [04/Apr/2018:08:58:04 -0300] "GET /cormun/servlet/hhome HTTP/1.1" 200 3997
200.112.49.236 - - [04/Apr/2018:08:58:05 -0300] "GET /cormun/servlet/hhome HTTP/1.1" 200 3994
186.103.159.186 - - [04/Apr/2018:08:58:05 -0300] "POST /cormun/servlet/solicitudot?gx-no-cache=1522843033563 HTTP/1.1" 200 30
200.112.49.236 - - [04/Apr/2018:08:58:09 -0300] "GET /cormun/servlet/trsolicitudot? HTTP/1.1" 200 7209
200.112.49.236 - - [04/Apr/2018:08:58:09 -0300] "GET /cormun/servlet/trsolicitudot? HTTP/1.1" 200 7208
200.112.49.236 - - [04/Apr/2018:08:58:11 -0300] "GET /cormun/servlet/solicitudot?INS,0,0, HTTP/1.1" 200 13451
200.112.49.236 - - [04/Apr/2018:08:58:12 -0300] "GET /cormun/servlet/solicitudot?INS,0,0, HTTP/1.1" 200 13456
200.112.49.236 - - [04/Apr/2018:08:58:26 -0300] "GET /cormun/servlet/prfichaempleado?,MD,,gxPopupLevel%3D0%3B HTTP/1.1" 200 9351
186.79.197.15 - - [04/Apr/2018:08:58:27 -0300] "POST /cormun/servlet/trsolicitudot?d7215b1448b0b41b7652a2a9bc2e5509,,gx-no-cache=1522843055137 HTTP/1.1" 200 4495
186.79.197.15 - - [04/Apr/2018:08:58:28 -0300] "GET /cormun/static/Shared/jqueryui/images/ui-bg_highlight-soft_100_c6c2c8_1x100.png HTTP/1.1" 404 1117
186.79.197.15 - - [04/Apr/2018:08:58:28 -0300] "GET /cormun/static/Shared/jqueryui/images/ui-icons_82798d_256x240.png HTTP/1.1" 404 1089
186.79.197.15 - - [04/Apr/2018:08:58:28 -0300] "GET /cormun/static/Shared/jqueryui/images/ui-bg_flat_55_fafafa_40x100.png HTTP/1.1" 404 1097
186.79.197.15 - - [04/Apr/2018:08:58:28 -0300] "GET /cormun/static/Shared/jqueryui/images/ui-icons_8d78a5_256x240.png HTTP/1.1" 404 1089
186.79.197.15 - - [04/Apr/2018:08:58:29 -0300] "POST /cormun/servlet/trsolicitudot?d7215b1448b0b41b7652a2a9bc2e5509,,gx-no-cache=1522843056009 HTTP/1.1" 200 4253
186.103.159.186 - - [04/Apr/2018:08:58:32 -0300] "POST /cormun/servlet/solicitudot?6c1250567b8a828a5b7de8054ce4a3ea,INS,0,0,,gx-no-cache=1522843058951 HTTP/1.1" 200 93
186.103.159.186 - - [04/Apr/2018:08:58:32 -0300] "GET /cormun/servlet/hpexe_return? HTTP/1.1" 200 1011
186.103.159.186 - - [04/Apr/2018:08:58:32 -0300] "GET /cormun/servlet/trsolicitudot HTTP/1.1" 200 8915
186.103.159.186 - - [04/Apr/2018:08:58:33 -0300] "GET /cormun/servlet/trsolicitudot HTTP/1.1" 200 8911
186.103.159.186 - - [04/Apr/2018:08:58:37 -0300] "POST /cormun/servlet/trsolicitudot?6c1250567b8a828a5b7de8054ce4a3ea,gx-no-cache=1522843065328 HTTP/1.1" 200 106
186.103.159.186 - - [04/Apr/2018:08:58:37 -0300] "GET /cormun/servlet/trsolicitudadjuntos?2018,10998, HTTP/1.1" 200 6055
186.103.159.186 - - [04/Apr/2018:08:58:37 -0300] "GET /cormun/static/gxcfg.js?20177612135366 HTTP/1.1" 200 953
186.103.159.186 - - [04/Apr/2018:08:58:38 -0300] "GET /cormun/static/trsolicitudadjuntos.js?20177612135632 HTTP/1.1" 200 17922
186.103.159.186 - - [04/Apr/2018:08:58:38 -0300] "GET /cormun/servlet/trsolicitudadjuntos?2018,10998, HTTP/1.1" 200 6055
186.103.159.186 - - [04/Apr/2018:08:58:42 -0300] "GET /cormun/servlet/solicitudotadjuntos?INS,2018,10998,,1, HTTP/1.1" 200 6000
186.103.159.186 - - [04/Apr/2018:08:58:42 -0300] "GET /cormun/static/gxcfg.js?2017761244068 HTTP/1.1" 200 953
186.103.159.186 - - [04/Apr/2018:08:58:42 -0300] "GET /cormun/static/solicitudotadjuntos.js?2017761244086 HTTP/1.1" 200 11771
186.103.159.186 - - [04/Apr/2018:08:58:42 -0300] "GET /cormun/static/about:blank HTTP/1.1" 404 1011
186.103.159.186 - - [04/Apr/2018:08:58:43 -0300] "GET /cormun/servlet/solicitudotadjuntos?INS,2018,10998,,1, HTTP/1.1" 200 5992
186.103.159.186 - - [04/Apr/2018:08:58:43 -0300] "GET /cormun/servlet/solicitudotadjuntos?7aac2f6225dce91a7422429e1f1660e15cbca7ea8b836eb7469355698c778fec7128784f06414990c10af0c5e85ccb23,gx-no-cache=1522843071261 HTTP/1.1" 200 30
186.103.159.186 - - [04/Apr/2018:08:58:43 -0300] "POST /cormun/servlet/solicitudotadjuntos?6c1250567b8a828a5b7de8054ce4a3ea,INS,2018,10998,,1,,gx-no-cache=1522843071340 HTTP/1.1" 200 3829
186.103.159.186 - - [04/Apr/2018:08:58:50 -0300] "POST /cormun/servlet/solicitudotadjuntos?gx-no-cache=1522843078505 HTTP/1.1" 200 26
200.112.49.236 - - [04/Apr/2018:08:58:57 -0300] "POST /cormun/servlet/prfichaempleado?98d150e863c4dfbd6663a1faf59b1dce,,MD,,gxPopupLevel%3D0%3B,gx-no-cache=1522843086205 HTTP/1.1" 200 3422
186.103.159.186 - - [04/Apr/2018:08:59:00 -0300] "GET /cormun/servlet/solicitudotadjuntos?7aac2f6225dce91a7422429e1f1660e19efde187ae0ac9a8860f9e9a5bd3b716,gx-no-cache=1522843088606 HTTP/1.1" 200 30
186.103.159.186 - - [04/Apr/2018:08:59:00 -0300] "GET /cormun/servlet/solicitudotadjuntos?7aac2f6225dce91a7422429e1f1660e19efde187ae0ac9a8860f9e9a5bd3b716,gx-no-cache=1522843088631 HTTP/1.1" 200 30
200.112.49.236 - - [04/Apr/2018:08:59:01 -0300] "POST /cormun/servlet/solicitudot?gx-no-cache=1522843090215 HTTP/1.1" 200 3411
200.112.49.236 - - [04/Apr/2018:08:59:02 -0300] "POST /cormun/servlet/solicitudot?98d150e863c4dfbd6663a1faf59b1dce,INS,0,0,,gx-no-cache=1522843090685 HTTP/1.1" 200 10387
200.112.49.236 - - [04/Apr/2018:08:59:02 -0300] "GET /cormun/servlet/solicitudot?16392758c6a318198eda95c963c18b63d4eb47f044ce285e1a629ccc7aed14c0640c639cdea057c7df908fb63db78d2e,gx-no-cache=1522843091256 HTTP/1.1" 200 30
186.103.159.186 - - [04/Apr/2018:08:59:03 -0300] "POST /cormun/servlet/solicitudotadjuntos?6c1250567b8a828a5b7de8054ce4a3ea,INS,2018,10998,,1, HTTP/1.1" 200 116
186.103.159.186 - - [04/Apr/2018:08:59:03 -0300] "GET /cormun/servlet/hpexe_return? HTTP/1.1" 200 1031
186.103.159.186 - - [04/Apr/2018:08:59:03 -0300] "GET /cormun/servlet/trsolicitudadjuntos?2018,10998, HTTP/1.1" 200 8482
200.112.49.236 - - [04/Apr/2018:08:59:04 -0300] "GET /cormun/servlet/solicitudot?16392758c6a318198eda95c963c18b630b225f9ffdaed9b6c6ae7dcfd593ef408851c0e9d2ec74c79e5f655c69fa6a247b7eea9f4064a4b8da0e8d904d1b1ee8,gx-no-cache=1522843093139 HTTP/1.1" 200 30
200.112.49.236 - - [04/Apr/2018:08:59:04 -0300] "GET /cormun/servlet/solicitudot?16392758c6a318198eda95c963c18b639dc247a8c2803a116ad76440ce8c3276,gx-no-cache=1522843093224 HTTP/1.1" 200 53
200.112.49.236 - - [04/Apr/2018:08:59:04 -0300] "POST /cormun/servlet/solicitudot?gx-no-cache=1522843093314 HTTP/1.1" 200 255
200.112.49.236 - - [04/Apr/2018:08:59:04 -0300] "GET /cormun/servlet/solicitudot?16392758c6a318198eda95c963c18b635ebb788d186b8850e44d24a676b05e883c96a510328aadf8d9f8040f9e100e53966fe66b69ea2fea2585367a4d01f72855c1dcb9b04d8d5087b82bb81cb7b2a40f1ad9997c0d607287a0e4dab7fe287ad470134bdcb9b5d38ff54275b01599b3632c370a5709ea2fb3bf5e3b8543c5653337af3c5d25c34512b5fddcc0dfcfcbfee07f2950b99072afe625f46acc795aee5365871496e016929d41b0c79200a1d8ca846df3a5699ac0bf047e6808240854fc36b4c27b67909515b4948aa2060ac09e679541c3f7f0cd6ff9bca8c6fb7a3bde3f58ae14c525b95c02af90285787fb44f4bc382cfb111d72948c0f36ebf23ce95c3481e761e954e551e7016672c3f3ea4bf32f60c161b9d768a304c3136fe9250e402f6d0734abd38816d5ed3853dc70a0c1cfa05e37aaaaeac56ff3a9602d8d1fa5aa9452ac43a09fd17e1ca57d635f6d4a020b38865fe44d309eed62513b6c179a0e780b8a1cc75705c51d2d6f0345edf142ab343b05419a5b23f2655e,gx-no-cache=1522843093438 HTTP/1.1" 200 30
186.103.159.186 - - [04/Apr/2018:08:59:05 -0300] "GET /cormun/servlet/trsolicitudadjuntos?2018,10998, HTTP/1.1" 200 8477
200.112.49.236 - - [04/Apr/2018:08:59:07 -0300] "POST /cormun/servlet/solicitudot?gx-no-cache=1522843095777 HTTP/1.1" 200 30
186.103.159.186 - - [04/Apr/2018:08:59:08 -0300] "GET /cormun/servlet/solicitudotadjuntos?INS,2018,10998,,1, HTTP/1.1" 200 6000
186.103.159.186 - - [04/Apr/2018:08:59:08 -0300] "GET /cormun/static/about:blank HTTP/1.1" 404 1011
200.112.49.236 - - [04/Apr/2018:08:59:08 -0300] "POST /cormun/servlet/solicitudot?gx-no-cache=1522843097192 HTTP/1.1" 200 1353
200.112.49.236 - - [04/Apr/2018:08:59:08 -0300] "POST /cormun/servlet/solicitudot?gx-no-cache=1522843097355 HTTP/1.1" 200 38
186.103.159.186 - - [04/Apr/2018:08:59:09 -0300] "GET /cormun/servlet/solicitudotadjuntos?INS,2018,10998,,1, HTTP/1.1" 200 5993
186.103.159.186 - - [04/Apr/2018:08:59:09 -0300] "GET /cormun/servlet/solicitudotadjuntos?7aac2f6225dce91a7422429e1f1660e15cbca7ea8b836eb7469355698c778fec7128784f06414990c10af0c5e85ccb23,gx-no-cache=1522843097317 HTTP/1.1" 200 30
186.103.159.186 - - [04/Apr/2018:08:59:09 -0300] "POST /cormun/servlet/solicitudotadjuntos?6c1250567b8a828a5b7de8054ce4a3ea,INS,2018,10998,,1,,gx-no-cache=1522843097381 HTTP/1.1" 200 3829
186.103.159.186 - - [04/Apr/2018:08:59:13 -0300] "POST /cormun/servlet/solicitudotadjuntos?gx-no-cache=1522843100796 HTTP/1.1" 200 26
200.112.49.236 - - [04/Apr/2018:08:59:13 -0300] "GET /cormun/servlet/solicitudot?16392758c6a318198eda95c963c18b63076d75adb5317bc06123d5f1a64bace95a0b2bdfd1e9d9add31d3039d057b9fc7c5af0b89f434a5e67aceb136d8d0f57b29dd8f76b83c3197567726cf6cec6233c948f6715fe972a26d4d2540ea7189f86e4938bfd52c68858a1601afa2152432bb785736ddbc32cd3bc56b3540ed5b1f396934957cd2a03cd300116001d7ac20459f311be0c878d33c17939a27ca501,gx-no-cache=1522843102595 HTTP/1.1" 200 29
200.112.49.236 - - [04/Apr/2018:08:59:13 -0300] "POST /cormun/servlet/solicitudot?gx-no-cache=1522843102695 HTTP/1.1" 200 1335
200.112.49.236 - - [04/Apr/2018:08:59:14 -0300] "POST /cormun/servlet/solicitudot?gx-no-cache=1522843102897 HTTP/1.1" 200 1232
200.112.49.236 - - [04/Apr/2018:08:59:14 -0300] "GET /cormun/static/menuarrow.gif HTTP/1.1" 404 1015
200.112.49.236 - - [04/Apr/2018:08:59:17 -0300] "POST /cormun/servlet/solicitudot?gx-no-cache=1522843106596 HTTP/1.1" 200 1335
200.112.49.236 - - [04/Apr/2018:08:59:18 -0300] "POST /cormun/servlet/solicitudot?gx-no-cache=1522843106791 HTTP/1.1" 200 1232
200.112.49.236 - - [04/Apr/2018:08:59:19 -0300] "GET /cormun/servlet/solicitudot?16392758c6a318198eda95c963c18b6303e8e02214b0f48129c7f68324425d0394a90802560fcb64cd3feb5d74042803,gx-no-cache=1522843108561 HTTP/1.1" 200 30
186.103.159.186 - - [04/Apr/2018:08:59:21 -0300] "GET /cormun/servlet/solicitudotadjuntos?7aac2f6225dce91a7422429e1f1660e19efde187ae0ac9a8860f9e9a5bd3b716,gx-no-cache=1522843109191 HTTP/1.1" 200 30
186.103.159.186 - - [04/Apr/2018:08:59:21 -0300] "GET /cormun/servlet/solicitudotadjuntos?7aac2f6225dce91a7422429e1f1660e19efde187ae0ac9a8860f9e9a5bd3b716,gx-no-cache=1522843109219 HTTP/1.1" 200 30
200.112.49.236 - - [04/Apr/2018:08:59:28 -0300] "POST /cormun/servlet/solicitudot?gx-no-cache=1522843117330 HTTP/1.1" 200 30
200.112.49.236 - - [04/Apr/2018:08:59:29 -0300] "POST /cormun/servlet/solicitudot?98d150e863c4dfbd6663a1faf59b1dce,INS,0,0,,gx-no-cache=1522843117464 HTTP/1.1" 200 93
200.112.49.236 - - [04/Apr/2018:08:59:29 -0300] "GET /cormun/servlet/hpexe_return? HTTP/1.1" 200 1004
200.112.49.236 - - [04/Apr/2018:08:59:29 -0300] "GET /cormun/static/gxcfg.js?2016101716175148 HTTP/1.1" 304 -
200.112.49.236 - - [04/Apr/2018:08:59:29 -0300] "GET /cormun/servlet/trsolicitudot HTTP/1.1" 200 8594
200.112.49.236 - - [04/Apr/2018:08:59:30 -0300] "GET /cormun/servlet/trsolicitudot HTTP/1.1" 200 8590
200.112.49.236 - - [04/Apr/2018:08:59:34 -0300] "POST /cormun/servlet/trsolicitudot?98d150e863c4dfbd6663a1faf59b1dce,gx-no-cache=1522843123403 HTTP/1.1" 200 4483
200.112.49.236 - - [04/Apr/2018:08:59:35 -0300] "GET /cormun/static/Shared/jqueryui/images/ui-bg_highlight-soft_100_c6c2c8_1x100.png HTTP/1.1" 404 1117
200.112.49.236 - - [04/Apr/2018:08:59:35 -0300] "GET /cormun/static/Shared/jqueryui/images/ui-icons_82798d_256x240.png HTTP/1.1" 404 1089
200.112.49.236 - - [04/Apr/2018:08:59:35 -0300] "GET /cormun/static/Shared/jqueryui/images/ui-bg_flat_55_fafafa_40x100.png HTTP/1.1" 404 1097
200.112.49.236 - - [04/Apr/2018:08:59:35 -0300] "GET /cormun/static/Shared/jqueryui/images/ui-icons_8d78a5_256x240.png HTTP/1.1" 404 1089
186.103.159.186 - - [04/Apr/2018:08:59:35 -0300] "POST /cormun/servlet/solicitudotadjuntos?6c1250567b8a828a5b7de8054ce4a3ea,INS,2018,10998,,1, HTTP/1.1" 200 116
186.103.159.186 - - [04/Apr/2018:08:59:35 -0300] "GET /cormun/servlet/hpexe_return? HTTP/1.1" 200 1031
200.112.49.236 - - [04/Apr/2018:08:59:35 -0300] "POST /cormun/servlet/trsolicitudot?98d150e863c4dfbd6663a1faf59b1dce,gx-no-cache=1522843123941 HTTP/1.1" 200 4257
186.103.159.186 - - [04/Apr/2018:08:59:35 -0300] "GET /cormun/servlet/trsolicitudadjuntos?2018,10998, HTTP/1.1" 200 8696
186.103.159.186 - - [04/Apr/2018:08:59:37 -0300] "GET /cormun/servlet/trsolicitudadjuntos?2018,10998, HTTP/1.1" 200 8696
200.112.49.236 - - [04/Apr/2018:08:59:38 -0300] "GET /cormun/servlet/hlogin HTTP/1.1" 200 1716
200.112.49.236 - - [04/Apr/2018:08:59:41 -0300] "POST /cormun/servlet/hlogin?98d150e863c4dfbd6663a1faf59b1dce,gx-no-cache=1522843130564 HTTP/1.1" 200 90
200.112.49.236 - - [04/Apr/2018:08:59:41 -0300] "GET /cormun/servlet/hpexe_link HTTP/1.1" 200 948
200.112.49.236 - - [04/Apr/2018:08:59:42 -0300] "GET /cormun/servlet/hhome HTTP/1.1" 200 4203
200.112.49.236 - - [04/Apr/2018:08:59:42 -0300] "GET /cormun/servlet/hhome HTTP/1.1" 200 4199
200.112.49.236 - - [04/Apr/2018:08:59:44 -0300] "GET /cormun/servlet/trsolicitudot? HTTP/1.1" 200 7419
200.112.49.236 - - [04/Apr/2018:08:59:45 -0300] "GET /cormun/servlet/trsolicitudot? HTTP/1.1" 200 7418
200.112.49.236 - - [04/Apr/2018:08:59:50 -0300] "GET /cormun/servlet/trautorizarsolicitud? HTTP/1.1" 200 8682
200.112.49.236 - - [04/Apr/2018:08:59:50 -0300] "GET /cormun/static/gxcfg.js?2017111423403364 HTTP/1.1" 200 953
200.112.49.236 - - [04/Apr/2018:08:59:50 -0300] "GET /cormun/servlet/trautorizarsolicitud? HTTP/1.1" 200 8681
186.103.159.186 - - [04/Apr/2018:08:59:50 -0300] "GET /cormun/servlet/solicitudotadjuntos?INS,2018,10998,,1, HTTP/1.1" 200 6000
186.103.159.186 - - [04/Apr/2018:08:59:50 -0300] "GET /cormun/static/about:blank HTTP/1.1" 404 1011
186.79.211.16 - - [04/Apr/2018:08:59:51 -0300] "GET /cormun/servlet/hpexe_return? HTTP/1.1" 200 987
186.79.211.16 - - [04/Apr/2018:08:59:51 -0300] "GET /cormun/static/gxtimezone.js?85251 HTTP/1.1" 200 5781
186.79.211.16 - - [04/Apr/2018:08:59:51 -0300] "GET /cormun/static/RunJS/RunJS.js HTTP/1.1" 200 288
186.79.211.16 - - [04/Apr/2018:08:59:51 -0300] "GET /cormun/static/gxcfg.js?2016101716175148 HTTP/1.1" 200 953
186.79.211.16 - - [04/Apr/2018:08:59:51 -0300] "GET /cormun/static/hpexe_return.js?2016101716175153 HTTP/1.1" 200 1633
186.79.211.16 - - [04/Apr/2018:08:59:51 -0300] "GET /cormun/static/Resources/Spanish/PXTools.css?167811 HTTP/1.1" 200 89042
186.79.211.16 - - [04/Apr/2018:08:59:51 -0300] "GET /cormun/static/messages.spa.js?85251 HTTP/1.1" 200 30736
186.103.159.186 - - [04/Apr/2018:08:59:51 -0300] "GET /cormun/servlet/solicitudotadjuntos?INS,2018,10998,,1, HTTP/1.1" 200 5993
186.103.159.186 - - [04/Apr/2018:08:59:52 -0300] "GET /cormun/servlet/solicitudotadjuntos?7aac2f6225dce91a7422429e1f1660e15cbca7ea8b836eb7469355698c778fec7128784f06414990c10af0c5e85ccb23,gx-no-cache=1522843139919 HTTP/1.1" 200 30
186.103.159.186 - - [04/Apr/2018:08:59:52 -0300] "POST /cormun/servlet/solicitudotadjuntos?6c1250567b8a828a5b7de8054ce4a3ea,INS,2018,10998,,1,,gx-no-cache=1522843139956 HTTP/1.1" 200 3829
186.79.211.16 - - [04/Apr/2018:08:59:52 -0300] "GET /cormun/static/gxgral.js?85251 HTTP/1.1" 200 384558
186.79.211.16 - - [04/Apr/2018:08:59:53 -0300] "GET /cormun/servlet/hhome HTTP/1.1" 200 3407
186.79.211.16 - - [04/Apr/2018:08:59:53 -0300] "GET /cormun/static/Shared/jqueryui/jquery-ui.min.css?1245370 HTTP/1.1" 200 30288
186.79.211.16 - - [04/Apr/2018:08:59:53 -0300] "GET /cormun/static/Resources/Spanish/PXTools.css?11423723 HTTP/1.1" 200 89042
186.79.211.16 - - [04/Apr/2018:08:59:53 -0300] "GET /cormun/static/SmoothNavMenu/resources/ddsmoothmenu.css?1012540 HTTP/1.1" 200 2223
186.79.211.16 - - [04/Apr/2018:08:59:53 -0300] "GET /cormun/static/SmoothNavMenu/resources/ddsmoothmenu-v.css?1012540 HTTP/1.1" 200 1188
186.79.211.16 - - [04/Apr/2018:08:59:53 -0300] "GET /cormun/static/scaMessage/css/jquery.pnotify.default.css?1716380 HTTP/1.1" 200 1707
186.79.211.16 - - [04/Apr/2018:08:59:53 -0300] "GET /cormun/static/gxtimezone.js?85251 HTTP/1.1" 200 5781
186.79.211.16 - - [04/Apr/2018:08:59:53 -0300] "GET /cormun/static/gxcfg.js?20175251212442 HTTP/1.1" 200 953
186.79.211.16 - - [04/Apr/2018:08:59:53 -0300] "GET /cormun/static/PXToolsJavascripts/pexe_autoreload.js HTTP/1.1" 200 1762
186.79.211.16 - - [04/Apr/2018:08:59:53 -0300] "GET /cormun/static/PXToolsJavascripts/pexe_cookies.js HTTP/1.1" 200 792
186.79.211.16 - - [04/Apr/2018:08:59:53 -0300] "GET /cormun/static/PXToolsJavascripts/pexe_windows.js HTTP/1.1" 200 15207
186.79.211.16 - - [04/Apr/2018:08:59:53 -0300] "GET /cormun/static/PXToolsJavascripts/pexe_grid.js HTTP/1.1" 200 7559
186.79.211.16 - - [04/Apr/2018:08:59:53 -0300] "GET /cormun/static/PXToolsJavascripts/pexe_griddivfix.js HTTP/1.1" 200 6644
186.79.211.16 - - [04/Apr/2018:08:59:53 -0300] "GET /cormun/static/PXToolsJavascripts/pexe_link.js HTTP/1.1" 200 5671
186.79.211.16 - - [04/Apr/2018:08:59:53 -0300] "GET /cormun/static/PXToolsJavascripts/pexe_menudivfix.js HTTP/1.1" 200 333
186.79.211.16 - - [04/Apr/2018:08:59:53 -0300] "GET /cormun/static/PXToolsJavascripts/pexe_menus.js HTTP/1.1" 200 1286
186.79.211.16 - - [04/Apr/2018:08:59:53 -0300] "GET /cormun/static/PXToolsJavascripts/pexe_layers.js HTTP/1.1" 200 4114
186.79.211.16 - - [04/Apr/2018:08:59:53 -0300] "GET /cormun/static/PXToolsJavascripts/pexe_oav.js HTTP/1.1" 200 645
186.79.211.16 - - [04/Apr/2018:08:59:53 -0300] "GET /cormun/static/PXToolsJavascripts/pexe_oavdivfix.js HTTP/1.1" 200 639
186.79.211.16 - - [04/Apr/2018:08:59:53 -0300] "GET /cormun/static/PXToolsJavascripts/pexe_picture.js HTTP/1.1" 200 689
186.79.211.16 - - [04/Apr/2018:08:59:53 -0300] "GET /cormun/static/PXToolsJavascripts/pexe_popup.js HTTP/1.1" 200 13458
186.79.211.16 - - [04/Apr/2018:08:59:53 -0300] "GET /cormun/static/PXToolsJavascripts/pexe_scrolldiv.js HTTP/1.1" 200 4138
186.79.211.16 - - [04/Apr/2018:08:59:53 -0300] "GET /cormun/static/PXToolsJavascripts/pexe_tabdivfix.js HTTP/1.1" 200 876
186.79.211.16 - - [04/Apr/2018:08:59:53 -0300] "GET /cormun/static/PXToolsJavascripts/pexe_tabs.js HTTP/1.1" 200 3748
186.79.211.16 - - [04/Apr/2018:08:59:53 -0300] "GET /cormun/static/PXToolsJavascripts/pexe_upload.js HTTP/1.1" 200 1423
186.79.211.16 - - [04/Apr/2018:08:59:53 -0300] "GET /cormun/static/PXToolsJavascripts/PXToolsJavascriptsRender.js HTTP/1.1" 200 367
186.79.211.16 - - [04/Apr/2018:08:59:53 -0300] "GET /cormun/static/RunJS/RunJS.js HTTP/1.1" 200 288
186.79.211.16 - - [04/Apr/2018:08:59:54 -0300] "GET /cormun/static/Shared/ext/locale/ext-lang-en.js HTTP/1.1" 200 10940
186.79.211.16 - - [04/Apr/2018:08:59:54 -0300] "GET /cormun/static/hhome.js?20175251212450 HTTP/1.1" 200 777
186.79.211.16 - - [04/Apr/2018:08:59:54 -0300] "GET /cormun/static/messages.spa.js?85251 HTTP/1.1" 200 30736
186.79.211.16 - - [04/Apr/2018:08:59:54 -0300] "GET /cormun/static/hwchdr01.js?201752511465785 HTTP/1.1" 200 1183
186.79.211.16 - - [04/Apr/2018:08:59:54 -0300] "GET /cormun/static/hpexe_recentlink.js?20177611595044 HTTP/1.1" 200 2144
186.79.211.16 - - [04/Apr/2018:08:59:54 -0300] "GET /cormun/static/gxgral.js?85251 HTTP/1.1" 200 384558
186.79.211.16 - - [04/Apr/2018:08:59:54 -0300] "GET /cormun/static/hpexe_scripts.js?201752511465715 HTTP/1.1" 200 1544
186.79.211.16 - - [04/Apr/2018:08:59:54 -0300] "GET /cormun/static/hpexe_messagecontroller.js?20177611595012 HTTP/1.1" 200 870
186.79.211.16 - - [04/Apr/2018:08:59:54 -0300] "GET /cormun/static/gxui/gxui-all.js HTTP/1.1" 200 107772
186.79.211.16 - - [04/Apr/2018:08:59:54 -0300] "GET /cormun/static/hpexe_messagepopupcomponent.js?20161017169425 HTTP/1.1" 200 605
186.79.211.16 - - [04/Apr/2018:08:59:54 -0300] "GET /cormun/static/hpexe_messagegenexuscomponent.js?201752511465344 HTTP/1.1" 200 587
200.112.49.236 - - [04/Apr/2018:08:59:54 -0300] "POST /cormun/servlet/trautorizarsolicitud?98d150e863c4dfbd6663a1faf59b1dce,,gx-no-cache=1522843143110 HTTP/1.1" 200 4616
186.79.211.16 - - [04/Apr/2018:08:59:54 -0300] "GET /cormun/static/cmcontrolpreferences.js?201752511465670 HTTP/1.1" 200 1375
200.112.49.236 - - [04/Apr/2018:08:59:54 -0300] "GET /cormun/static/Shared/jqueryui/images/ui-bg_highlight-soft_100_c6c2c8_1x100.png HTTP/1.1" 404 1117
200.112.49.236 - - [04/Apr/2018:08:59:54 -0300] "GET /cormun/static/Shared/jqueryui/images/ui-icons_82798d_256x240.png HTTP/1.1" 404 1089
186.79.211.16 - - [04/Apr/2018:08:59:54 -0300] "GET /cormun/static/SmoothNavMenu/resources/ddsmoothmenu.js HTTP/1.1" 200 12712
186.79.211.16 - - [04/Apr/2018:08:59:54 -0300] "GET /cormun/static/Shared/jquery/jquery-1.4.2.min.js HTTP/1.1" 200 72174
186.79.211.16 - - [04/Apr/2018:08:59:54 -0300] "GET /cormun/static/SmoothNavMenu/resources/SmoothNavMenuRender.js HTTP/1.1" 200 5951
200.112.49.236 - - [04/Apr/2018:08:59:55 -0300] "GET /cormun/static/Shared/jqueryui/images/ui-bg_flat_55_fafafa_40x100.png HTTP/1.1" 404 1097
200.112.49.236 - - [04/Apr/2018:08:59:55 -0300] "GET /cormun/static/Shared/jqueryui/images/ui-icons_8d78a5_256x240.png HTTP/1.1" 404 1089
186.79.211.16 - - [04/Apr/2018:08:59:55 -0300] "GET /cormun/static/scaMessage/js/jquery.pnotify.min.js HTTP/1.1" 200 13038
200.112.49.236 - - [04/Apr/2018:08:59:55 -0300] "POST /cormun/servlet/trautorizarsolicitud?98d150e863c4dfbd6663a1faf59b1dce,,gx-no-cache=1522843143655 HTTP/1.1" 200 4391
186.79.211.16 - - [04/Apr/2018:08:59:55 -0300] "GET /cormun/static/scaMessage/scaMessageRender.js HTTP/1.1" 200 11977
186.79.211.16 - - [04/Apr/2018:08:59:55 -0300] "GET /cormun/static/hmpwkw03.js?20177612122668 HTTP/1.1" 200 3965
186.79.211.16 - - [04/Apr/2018:08:59:55 -0300] "GET /cormun/static/Shared/jqueryui/jquery-ui.min.js HTTP/1.1" 200 240427
186.79.211.16 - - [04/Apr/2018:08:59:55 -0300] "GET /cormun/static/Resources/logo4.png HTTP/1.1" 200 6582
186.79.211.16 - - [04/Apr/2018:08:59:55 -0300] "GET /cormun/static/Resources/PXToolsHeaderActionsLeft.png HTTP/1.1" 200 1118
186.79.211.16 - - [04/Apr/2018:08:59:55 -0300] "GET /cormun/static/Resources/PXToolsHeaderHome.png HTTP/1.1" 200 4147
186.79.211.16 - - [04/Apr/2018:08:59:55 -0300] "GET /cormun/static/Shared/jquery/jquery-1.10.2.min.js HTTP/1.1" 200 245760
186.79.211.16 - - [04/Apr/2018:08:59:56 -0300] "GET /cormun/static/Resources/PXToolsHeaderBackground2.png HTTP/1.1" 200 1174
186.79.211.16 - - [04/Apr/2018:08:59:56 -0300] "GET /cormun/static/Resources/PXToolsHeaderActionsBackground.png HTTP/1.1" 200 484
186.79.211.16 - - [04/Apr/2018:08:59:56 -0300] "GET /cormun/static/Resources/PXToolsFooterBackground2.png HTTP/1.1" 200 1172
186.79.211.16 - - [04/Apr/2018:08:59:56 -0300] "GET /cormun/static/Resources/PXToolsDataTitle.png HTTP/1.1" 200 1173
186.103.159.186 - - [04/Apr/2018:08:59:56 -0300] "POST /cormun/servlet/solicitudotadjuntos?gx-no-cache=1522843143796 HTTP/1.1" 200 26
186.103.159.186 - - [04/Apr/2018:09:00:08 -0300] "GET /cormun/servlet/solicitudotadjuntos?7aac2f6225dce91a7422429e1f1660e19efde187ae0ac9a8860f9e9a5bd3b716,gx-no-cache=1522843156439 HTTP/1.1" 200 30
186.103.159.186 - - [04/Apr/2018:09:00:08 -0300] "GET /cormun/servlet/solicitudotadjuntos?7aac2f6225dce91a7422429e1f1660e19efde187ae0ac9a8860f9e9a5bd3b716,gx-no-cache=1522843156467 HTTP/1.1" 200 30
186.103.159.186 - - [04/Apr/2018:09:00:14 -0300] "POST /cormun/servlet/solicitudotadjuntos?6c1250567b8a828a5b7de8054ce4a3ea,INS,2018,10998,,1, HTTP/1.1" 200 116
186.103.159.186 - - [04/Apr/2018:09:00:14 -0300] "GET /cormun/servlet/hpexe_return? HTTP/1.1" 200 1031
186.103.159.186 - - [04/Apr/2018:09:00:14 -0300] "GET /cormun/servlet/trsolicitudadjuntos?2018,10998, HTTP/1.1" 200 8891
186.103.159.186 - - [04/Apr/2018:09:00:16 -0300] "GET /cormun/servlet/trsolicitudadjuntos?2018,10998, HTTP/1.1" 200 8891
186.103.159.186 - - [04/Apr/2018:09:00:19 -0300] "GET /cormun/servlet/solicitudotadjuntos?INS,2018,10998,,1, HTTP/1.1" 200 6000
186.103.159.186 - - [04/Apr/2018:09:00:19 -0300] "GET /cormun/static/about:blank HTTP/1.1" 404 1011
186.103.159.186 - - [04/Apr/2018:09:00:20 -0300] "GET /cormun/servlet/solicitudotadjuntos?INS,2018,10998,,1, HTTP/1.1" 200 5993
186.103.159.186 - - [04/Apr/2018:09:00:20 -0300] "GET /cormun/servlet/solicitudotadjuntos?7aac2f6225dce91a7422429e1f1660e15cbca7ea8b836eb7469355698c778fec7128784f06414990c10af0c5e85ccb23,gx-no-cache=1522843168718 HTTP/1.1" 200 30
186.103.159.186 - - [04/Apr/2018:09:00:21 -0300] "POST /cormun/servlet/solicitudotadjuntos?6c1250567b8a828a5b7de8054ce4a3ea,INS,2018,10998,,1,,gx-no-cache=1522843168753 HTTP/1.1" 200 3829
186.103.159.186 - - [04/Apr/2018:09:00:25 -0300] "POST /cormun/servlet/solicitudotadjuntos?gx-no-cache=1522843173630 HTTP/1.1" 200 26
186.103.159.186 - - [04/Apr/2018:09:01:34 -0300] "GET /cormun/servlet/solicitudotadjuntos?7aac2f6225dce91a7422429e1f1660e19efde187ae0ac9a8860f9e9a5bd3b716,gx-no-cache=1522843242346 HTTP/1.1" 200 30
186.103.159.186 - - [04/Apr/2018:09:01:34 -0300] "GET /cormun/servlet/solicitudotadjuntos?7aac2f6225dce91a7422429e1f1660e19efde187ae0ac9a8860f9e9a5bd3b716,gx-no-cache=1522843242394 HTTP/1.1" 200 30
186.103.159.186 - - [04/Apr/2018:09:01:42 -0300] "POST /cormun/servlet/solicitudotadjuntos?6c1250567b8a828a5b7de8054ce4a3ea,INS,2018,10998,,1, HTTP/1.1" 200 116
186.103.159.186 - - [04/Apr/2018:09:01:43 -0300] "GET /cormun/servlet/hpexe_return? HTTP/1.1" 200 1031
186.103.159.186 - - [04/Apr/2018:09:01:43 -0300] "GET /cormun/servlet/trsolicitudadjuntos?2018,10998, HTTP/1.1" 200 9086
186.103.159.186 - - [04/Apr/2018:09:01:45 -0300] "GET /cormun/servlet/trsolicitudadjuntos?2018,10998, HTTP/1.1" 200 9082
186.103.159.186 - - [04/Apr/2018:09:01:56 -0300] "GET /cormun/servlet/solicitudotadjuntos?INS,2018,10998,,1, HTTP/1.1" 200 6000
186.103.159.186 - - [04/Apr/2018:09:01:56 -0300] "GET /cormun/static/about:blank HTTP/1.1" 404 1011
186.103.159.186 - - [04/Apr/2018:09:01:57 -0300] "GET /cormun/servlet/solicitudotadjuntos?INS,2018,10998,,1, HTTP/1.1" 200 5993
186.103.159.186 - - [04/Apr/2018:09:01:57 -0300] "GET /cormun/servlet/solicitudotadjuntos?7aac2f6225dce91a7422429e1f1660e15cbca7ea8b836eb7469355698c778fec7128784f06414990c10af0c5e85ccb23,gx-no-cache=1522843265277 HTTP/1.1" 200 30
186.103.159.186 - - [04/Apr/2018:09:01:57 -0300] "POST /cormun/servlet/solicitudotadjuntos?6c1250567b8a828a5b7de8054ce4a3ea,INS,2018,10998,,1,,gx-no-cache=1522843265332 HTTP/1.1" 200 3829
186.103.159.186 - - [04/Apr/2018:09:02:00 -0300] "POST /cormun/servlet/solicitudotadjuntos?gx-no-cache=1522843268393 HTTP/1.1" 200 26
186.79.197.15 - - [04/Apr/2018:09:02:08 -0300] "GET /cormun/servlet/hlogin HTTP/1.1" 200 1719
186.103.159.186 - - [04/Apr/2018:09:02:09 -0300] "GET /cormun/servlet/solicitudotadjuntos?7aac2f6225dce91a7422429e1f1660e19efde187ae0ac9a8860f9e9a5bd3b716,gx-no-cache=1522843276810 HTTP/1.1" 200 30
186.103.159.186 - - [04/Apr/2018:09:02:09 -0300] "GET /cormun/servlet/solicitudotadjuntos?7aac2f6225dce91a7422429e1f1660e19efde187ae0ac9a8860f9e9a5bd3b716,gx-no-cache=1522843276862 HTTP/1.1" 200 30
186.79.197.15 - - [04/Apr/2018:09:02:09 -0300] "POST /cormun/servlet/hlogin?6951fbf162a9734886426f13b207be1b,gx-no-cache=1522843277372 HTTP/1.1" 200 90
186.79.197.15 - - [04/Apr/2018:09:02:09 -0300] "GET /cormun/servlet/hpexe_link HTTP/1.1" 200 950
186.79.197.15 - - [04/Apr/2018:09:02:10 -0300] "GET /cormun/servlet/hhome HTTP/1.1" 200 3936
186.79.197.15 - - [04/Apr/2018:09:02:10 -0300] "GET /cormun/servlet/hhome HTTP/1.1" 200 3932
186.79.197.15 - - [04/Apr/2018:09:02:14 -0300] "GET /cormun/servlet/trsolicitudot? HTTP/1.1" 200 7139
186.79.197.15 - - [04/Apr/2018:09:02:14 -0300] "GET /cormun/servlet/trsolicitudot? HTTP/1.1" 200 7139
186.79.197.15 - - [04/Apr/2018:09:02:17 -0300] "GET /cormun/servlet/solicitudot?INS,0,0, HTTP/1.1" 200 13377
186.79.197.15 - - [04/Apr/2018:09:02:18 -0300] "GET /cormun/servlet/solicitudot?INS,0,0, HTTP/1.1" 200 13382
207.46.13.72 - - [04/Apr/2018:09:02:39 -0300] "GET /cormun/servlet/solicitudot?UPD,2016,2672, HTTP/1.1" 200 13214
207.46.13.72 - - [04/Apr/2018:09:02:39 -0300] "GET /cormun/servlet/licenciaspermisos?INS,0,,, HTTP/1.1" 200 6736
157.55.39.114 - - [04/Apr/2018:09:02:42 -0300] "GET /cormun/servlet/solicitudot?UPD,2016,2672,&_escaped_fragment_= HTTP/1.1" 200 13053
157.55.39.114 - - [04/Apr/2018:09:02:42 -0300] "GET /cormun/servlet/licenciaspermisos?INS,0,,,_escaped_fragment_%3D HTTP/1.1" 200 6566
157.55.39.114 - - [04/Apr/2018:09:02:43 -0300] "GET /cormun/servlet/hpexe_return HTTP/1.1" 200 965
207.46.13.60 - - [04/Apr/2018:09:02:53 -0300] "GET /cormun/servlet/solicitudot?INS,0,0,&_escaped_fragment_= HTTP/1.1" 200 12491
207.46.13.60 - - [04/Apr/2018:09:02:53 -0300] "GET /cormun/servlet/trcontratoobservacion?_escaped_fragment_= HTTP/1.1" 200 5300
207.46.13.60 - - [04/Apr/2018:09:02:53 -0300] "GET /cormun/servlet/hhome?_escaped_fragment_= HTTP/1.1" 200 3209
186.103.159.186 - - [04/Apr/2018:09:02:57 -0300] "POST /cormun/servlet/solicitudotadjuntos?6c1250567b8a828a5b7de8054ce4a3ea,INS,2018,10998,,1, HTTP/1.1" 200 116
186.103.159.186 - - [04/Apr/2018:09:02:57 -0300] "GET /cormun/servlet/hpexe_return? HTTP/1.1" 200 1031
186.103.159.186 - - [04/Apr/2018:09:02:59 -0300] "GET /cormun/servlet/trsolicitudadjuntos?2018,10998, HTTP/1.1" 200 9338
186.103.159.186 - - [04/Apr/2018:09:03:01 -0300] "GET /cormun/servlet/trsolicitudadjuntos?2018,10998, HTTP/1.1" 200 9343
186.103.159.186 - - [04/Apr/2018:09:03:04 -0300] "GET /cormun/servlet/solicitudotadjuntos?INS,2018,10998,,1, HTTP/1.1" 200 5999
186.103.159.186 - - [04/Apr/2018:09:03:04 -0300] "GET /cormun/static/about:blank HTTP/1.1" 404 1011
186.103.159.186 - - [04/Apr/2018:09:03:05 -0300] "GET /cormun/servlet/solicitudotadjuntos?INS,2018,10998,,1, HTTP/1.1" 200 5992
186.103.159.186 - - [04/Apr/2018:09:03:05 -0300] "GET /cormun/servlet/solicitudotadjuntos?7aac2f6225dce91a7422429e1f1660e15cbca7ea8b836eb7469355698c778fec7128784f06414990c10af0c5e85ccb23,gx-no-cache=1522843333700 HTTP/1.1" 200 30
186.103.159.186 - - [04/Apr/2018:09:03:06 -0300] "POST /cormun/servlet/solicitudotadjuntos?6c1250567b8a828a5b7de8054ce4a3ea,INS,2018,10998,,1,,gx-no-cache=1522843333761 HTTP/1.1" 200 3826
186.103.159.186 - - [04/Apr/2018:09:03:08 -0300] "POST /cormun/servlet/solicitudotadjuntos?gx-no-cache=1522843336468 HTTP/1.1" 200 26
186.103.159.186 - - [04/Apr/2018:09:03:16 -0300] "GET /cormun/servlet/solicitudotadjuntos?7aac2f6225dce91a7422429e1f1660e19efde187ae0ac9a8860f9e9a5bd3b716,gx-no-cache=1522843344260 HTTP/1.1" 200 30
186.103.159.186 - - [04/Apr/2018:09:03:16 -0300] "GET /cormun/servlet/solicitudotadjuntos?7aac2f6225dce91a7422429e1f1660e19efde187ae0ac9a8860f9e9a5bd3b716,gx-no-cache=1522843344292 HTTP/1.1" 200 30
186.103.159.186 - - [04/Apr/2018:09:03:58 -0300] "POST /cormun/servlet/solicitudotadjuntos?6c1250567b8a828a5b7de8054ce4a3ea,INS,2018,10998,,1, HTTP/1.1" 200 116
186.103.159.186 - - [04/Apr/2018:09:03:58 -0300] "GET /cormun/servlet/hpexe_return? HTTP/1.1" 200 1031
186.103.159.186 - - [04/Apr/2018:09:04:00 -0300] "GET /cormun/servlet/trsolicitudadjuntos?2018,10998, HTTP/1.1" 200 9603
186.103.159.186 - - [04/Apr/2018:09:04:02 -0300] "GET /cormun/servlet/trsolicitudadjuntos?2018,10998, HTTP/1.1" 200 9599
186.103.159.186 - - [04/Apr/2018:09:04:10 -0300] "POST /cormun/servlet/trsolicitudadjuntos?6c1250567b8a828a5b7de8054ce4a3ea,2018,10998,,gx-no-cache=1522843397664 HTTP/1.1" 200 90
