192.168.10.96 - - [04/Apr/2018:09:38:57 -0300] "GET /cormun/servlet/trrenunciasgenerales? HTTP/1.1" 200 10867
192.168.10.96 - - [04/Apr/2018:09:38:57 -0300] "GET /cormun/servlet/trrenunciasgenerales? HTTP/1.1" 200 10867
192.168.10.96 - - [04/Apr/2018:09:39:24 -0300] "GET /cormun/servlet/trrenunciasadjuntos?137,19592762, HTTP/1.1" 200 6709
192.168.10.96 - - [04/Apr/2018:09:39:25 -0300] "GET /cormun/servlet/trrenunciasadjuntos?137,19592762, HTTP/1.1" 200 6709
192.168.10.96 - - [04/Apr/2018:09:39:27 -0300] "POST /cormun/servlet/trrenunciasadjuntos?0186afd006d921d7405f5fe99bf23dc5,137,19592762,,gx-no-cache=1522845395173 HTTP/1.1" 200 90
192.168.10.96 - - [04/Apr/2018:09:39:27 -0300] "GET /cormun/servlet/hpexe_link HTTP/1.1" 200 975
192.168.10.96 - - [04/Apr/2018:09:39:27 -0300] "GET /cormun/servlet/trrenunciasgenerales HTTP/1.1" 200 10868
192.168.10.96 - - [04/Apr/2018:09:39:27 -0300] "GET /cormun/servlet/trrenunciasgenerales HTTP/1.1" 200 10867
186.103.159.187 - - [04/Apr/2018:09:40:58 -0300] "GET /cormun/servlet/prfichaempleado?,MD,,gxPopupLevel%3D0%3B HTTP/1.1" 200 9273
186.103.159.187 - - [04/Apr/2018:09:41:04 -0300] "GET /cormun/servlet/licenciaspermisos?582700f3eac8f80d35ab25b46625a874af73e50ca320c3d08f2e14274b559639d82257835452ebbd9e871ee4b98d3a47,gx-no-cache=1522849294758 HTTP/1.1" 200 86
186.103.159.187 - - [04/Apr/2018:09:41:04 -0300] "POST /cormun/servlet/licenciaspermisos?6d504c082f55b63ceeba7349b04908df,INS,0,,,,gx-no-cache=1522849294821 HTTP/1.1" 200 4669
192.168.10.96 - - [04/Apr/2018:09:41:17 -0300] "GET /cormun/servlet/trsolicitudgral? HTTP/1.1" 200 11450
192.168.10.96 - - [04/Apr/2018:09:41:18 -0300] "GET /cormun/servlet/trsolicitudgral? HTTP/1.1" 200 11450
192.168.10.96 - - [04/Apr/2018:09:41:32 -0300] "POST /cormun/servlet/trsolicitudgral?0186afd006d921d7405f5fe99bf23dc5,,gx-no-cache=1522845520404 HTTP/1.1" 200 7352
192.168.10.96 - - [04/Apr/2018:09:41:40 -0300] "POST /cormun/servlet/trsolicitudgral?0186afd006d921d7405f5fe99bf23dc5,,gx-no-cache=1522845528770 HTTP/1.1" 200 7720
186.103.159.187 - - [04/Apr/2018:09:41:41 -0300] "GET /cormun/static/menuarrow.gif HTTP/1.1" 404 1015
192.168.10.96 - - [04/Apr/2018:09:41:50 -0300] "POST /cormun/servlet/trsolicitudgral?0186afd006d921d7405f5fe99bf23dc5,,gx-no-cache=1522845538284 HTTP/1.1" 200 5941
192.168.10.96 - - [04/Apr/2018:09:41:55 -0300] "POST /cormun/servlet/trsolicitudgral?0186afd006d921d7405f5fe99bf23dc5,,gx-no-cache=1522845543380 HTTP/1.1" 200 7916
192.168.10.96 - - [04/Apr/2018:09:42:04 -0300] "POST /cormun/servlet/trsolicitudgral?0186afd006d921d7405f5fe99bf23dc5,,gx-no-cache=1522845552228 HTTP/1.1" 200 7311
192.168.10.96 - - [04/Apr/2018:09:42:08 -0300] "GET /cormun/servlet/vesolicitudgral?2018,8795,, HTTP/1.1" 200 9377
192.168.10.96 - - [04/Apr/2018:09:42:08 -0300] "GET /cormun/pexe_scrolldiv.js HTTP/1.1" 404 1009
192.168.10.96 - - [04/Apr/2018:09:42:08 -0300] "GET /cormun/pexe_scrolldiv.js HTTP/1.1" 404 1009
192.168.10.96 - - [04/Apr/2018:09:42:09 -0300] "GET /cormun/servlet/vesolicitudgral?2018,8795,, HTTP/1.1" 200 9375
192.168.10.96 - - [04/Apr/2018:09:42:10 -0300] "GET /cormun/servlet/vesolicitudgral?2018,8795,,SolicitudOTLog HTTP/1.1" 200 10730
192.168.10.96 - - [04/Apr/2018:09:42:10 -0300] "GET /cormun/pexe_scrolldiv.js HTTP/1.1" 404 1009
192.168.10.96 - - [04/Apr/2018:09:42:10 -0300] "GET /cormun/pexe_scrolldiv.js HTTP/1.1" 404 1009
192.168.10.96 - - [04/Apr/2018:09:42:10 -0300] "GET /cormun/servlet/vesolicitudgral?2018,8795,,SolicitudOTLog HTTP/1.1" 200 10731
192.168.10.96 - - [04/Apr/2018:09:42:11 -0300] "POST /cormun/servlet/acontrolpreferencessavestate?None,DZAMUDIO,true HTTP/1.1" 200 35
192.168.10.96 - - [04/Apr/2018:09:44:07 -0300] "GET /cormun/servlet/trrenunciasgenerales? HTTP/1.1" 200 10882
192.168.10.96 - - [04/Apr/2018:09:44:08 -0300] "GET /cormun/servlet/trrenunciasgenerales? HTTP/1.1" 200 10867
207.46.13.2 - - [04/Apr/2018:09:45:19 -0300] "GET /cormun/servlet/licenciaspermisos?INS,0,,,&_escaped_fragment_= HTTP/1.1" 200 6583
207.46.13.72 - - [04/Apr/2018:09:45:36 -0300] "GET /cormun/static/PXToolsJavascripts/pexe_oavdivfix.js HTTP/1.1" 200 639
157.55.39.114 - - [04/Apr/2018:09:45:47 -0300] "GET /cormun/static/PXToolsJavascripts/pexe_layers.js HTTP/1.1" 200 4114
157.55.39.114 - - [04/Apr/2018:09:45:48 -0300] "GET /cormun/static/Shared/jquery/jquery-1.4.2.min.js HTTP/1.1" 200 72174
157.55.39.114 - - [04/Apr/2018:09:45:49 -0300] "GET /cormun/static/SmoothNavMenu/resources/ddsmoothmenu-v.css?1012540 HTTP/1.1" 200 1188
157.55.39.114 - - [04/Apr/2018:09:45:49 -0300] "GET /cormun/static/gxcfg.js?201762917281167 HTTP/1.1" 200 953
157.55.39.114 - - [04/Apr/2018:09:45:49 -0300] "GET /cormun/static/hpexe_messagepopupcomponent.js?20161017169425 HTTP/1.1" 200 605
157.55.39.114 - - [04/Apr/2018:09:45:50 -0300] "GET /cormun/static/hpexe_recentlink.js?20177611595044 HTTP/1.1" 200 2144
207.46.13.60 - - [04/Apr/2018:09:45:51 -0300] "GET /cormun/static/PXToolsJavascripts/pexe_link.js HTTP/1.1" 200 5671
207.46.13.60 - - [04/Apr/2018:09:45:51 -0300] "GET /cormun/static/PXToolsJavascripts/pexe_menudivfix.js HTTP/1.1" 200 333
207.46.13.60 - - [04/Apr/2018:09:45:51 -0300] "GET /cormun/static/PXToolsJavascripts/pexe_tabdivfix.js HTTP/1.1" 200 876
207.46.13.60 - - [04/Apr/2018:09:45:52 -0300] "GET /cormun/static/hpexe_messagegenexuscomponent.js?201752511465344 HTTP/1.1" 200 587
157.55.39.114 - - [04/Apr/2018:09:45:52 -0300] "GET /cormun/static/Shared/ext/ext-all.js HTTP/1.1" 200 1289687
207.46.13.2 - - [04/Apr/2018:09:46:05 -0300] "GET /cormun/static/Shared/ext/locale/ext-lang-en.js HTTP/1.1" 200 10940
207.46.13.2 - - [04/Apr/2018:09:46:05 -0300] "GET /cormun/static/PXToolsJavascripts/pexe_windows.js HTTP/1.1" 200 15207
207.46.13.2 - - [04/Apr/2018:09:46:05 -0300] "GET /cormun/static/calendar-system.css?75620 HTTP/1.1" 200 5572
207.46.13.2 - - [04/Apr/2018:09:46:06 -0300] "GET /cormun/static/gxtimezone.js?85251 HTTP/1.1" 200 5781
200.54.247.70 - - [04/Apr/2018:09:46:53 -0300] "GET /cormun/servlet/trsolicitudot? HTTP/1.1" 200 7453
200.54.247.70 - - [04/Apr/2018:09:47:00 -0300] "POST /cormun/servlet/trsolicitudot?4dcc72cea5612884c585f7778888aa0d,,gx-no-cache=1522845966441 HTTP/1.1" 200 5865
200.54.247.70 - - [04/Apr/2018:09:47:05 -0300] "POST /cormun/servlet/trsolicitudot?4dcc72cea5612884c585f7778888aa0d,,gx-no-cache=1522845971185 HTTP/1.1" 200 5843
200.54.247.70 - - [04/Apr/2018:09:47:10 -0300] "GET /cormun/servlet/trautorizarsolicitud? HTTP/1.1" 200 8732
200.54.247.70 - - [04/Apr/2018:09:47:14 -0300] "POST /cormun/servlet/trautorizarsolicitud?4dcc72cea5612884c585f7778888aa0d,,gx-no-cache=1522845979740 HTTP/1.1" 200 4610
200.54.247.70 - - [04/Apr/2018:09:47:14 -0300] "POST /cormun/servlet/trautorizarsolicitud?4dcc72cea5612884c585f7778888aa0d,,gx-no-cache=1522845980285 HTTP/1.1" 200 4389
200.54.247.70 - - [04/Apr/2018:09:47:14 -0300] "GET /cormun/static/Shared/jqueryui/images/ui-icons_8d78a5_256x240.png HTTP/1.1" 404 1089
200.54.247.70 - - [04/Apr/2018:09:47:14 -0300] "GET /cormun/static/Shared/jqueryui/images/ui-icons_82798d_256x240.png HTTP/1.1" 404 1089
200.54.247.70 - - [04/Apr/2018:09:47:14 -0300] "GET /cormun/static/Shared/jqueryui/images/ui-bg_highlight-soft_100_c6c2c8_1x100.png HTTP/1.1" 404 1117
200.54.247.70 - - [04/Apr/2018:09:47:14 -0300] "GET /cormun/static/Shared/jqueryui/images/ui-bg_flat_55_fafafa_40x100.png HTTP/1.1" 404 1097
200.54.247.70 - - [04/Apr/2018:09:47:21 -0300] "GET /cormun/servlet/trautorizarsolicitud? HTTP/1.1" 200 7354
200.54.247.70 - - [04/Apr/2018:09:47:27 -0300] "GET /cormun/servlet/trsolicitudot? HTTP/1.1" 200 7452
200.54.247.70 - - [04/Apr/2018:09:47:39 -0300] "POST /cormun/servlet/trsolicitudot?4dcc72cea5612884c585f7778888aa0d,,gx-no-cache=1522846004848 HTTP/1.1" 200 22985
192.168.10.96 - - [04/Apr/2018:09:48:27 -0300] "GET /cormun/servlet/trsolicitudgral? HTTP/1.1" 200 10583
192.168.10.96 - - [04/Apr/2018:09:48:27 -0300] "GET /cormun/servlet/trsolicitudgral? HTTP/1.1" 200 10583
186.103.159.187 - - [04/Apr/2018:09:50:14 -0300] "GET /cormun/servlet/licenciaspermisos?582700f3eac8f80d35ab25b46625a874e5ec31bb12b0bb62dea22588e6f40a8979f7d46eff6969a81ecccc6cdef95571a9e21003750ae522ca7951e39e2da4d83541256d9d6046c2901e5198781a97fa7365beff6139be6101a9c762702416408817540f6542e93115d7244773e256cf90410d3e707194c9af2951f20c3199f95aa6de9ed30072aa631e33d1dcdef312251a5af28248681d5955a8dadc412dbffd705f2e8ca8b7840968d86a86ae77d1,gx-no-cache=1522849844797 HTTP/1.1" 200 30
186.103.159.187 - - [04/Apr/2018:09:50:14 -0300] "POST /cormun/servlet/licenciaspermisos?6d504c082f55b63ceeba7349b04908df,INS,0,,,,gx-no-cache=1522849844974 HTTP/1.1" 200 4747
186.103.159.187 - - [04/Apr/2018:09:50:28 -0300] "GET /cormun/servlet/prfichaempleado?,MD,,gxPopupLevel%3D0%3B HTTP/1.1" 200 9273
192.168.10.96 - - [04/Apr/2018:09:50:34 -0300] "POST /cormun/servlet/trsolicitudgral?0186afd006d921d7405f5fe99bf23dc5,,gx-no-cache=1522846062638 HTTP/1.1" 200 9537
200.54.247.70 - - [04/Apr/2018:09:50:35 -0300] "GET /cormun/servlet/trvisualizadoreventos? HTTP/1.1" 200 7003
200.54.247.70 - - [04/Apr/2018:09:50:35 -0300] "GET /cormun/servlet/trvisualizadoreventos? HTTP/1.1" 200 7003
200.54.247.70 - - [04/Apr/2018:09:50:35 -0300] "GET /cormun/servlet/trvisualizadoreventos? HTTP/1.1" 200 7003
200.54.247.70 - - [04/Apr/2018:09:50:36 -0300] "GET /cormun/static/gxcfg.js?20175251251426 HTTP/1.1" 304 -
200.54.247.70 - - [04/Apr/2018:09:50:36 -0300] "GET /cormun/static/trvisualizadoreventos.js?20175251251768 HTTP/1.1" 304 -
200.54.247.70 - - [04/Apr/2018:09:50:44 -0300] "GET /cormun/static/menuarrow.gif HTTP/1.1" 404 1015
200.54.247.70 - - [04/Apr/2018:09:50:51 -0300] "POST /cormun/servlet/trvisualizadoreventos?4dcc72cea5612884c585f7778888aa0d,,gx-no-cache=1522846197470 HTTP/1.1" 200 4147
192.168.10.96 - - [04/Apr/2018:09:50:53 -0300] "GET /cormun/servlet/vesolicitudgral?2018,10630,, HTTP/1.1" 200 9231
192.168.10.96 - - [04/Apr/2018:09:50:53 -0300] "GET /cormun/pexe_scrolldiv.js HTTP/1.1" 404 1009
192.168.10.96 - - [04/Apr/2018:09:50:53 -0300] "GET /cormun/pexe_scrolldiv.js HTTP/1.1" 404 1009
192.168.10.96 - - [04/Apr/2018:09:50:53 -0300] "GET /cormun/servlet/vesolicitudgral?2018,10630,, HTTP/1.1" 200 9230
192.168.10.96 - - [04/Apr/2018:09:50:55 -0300] "GET /cormun/servlet/vesolicitudgral?2018,10630,,SolicitudOTAdjuntos HTTP/1.1" 200 11389
192.168.10.96 - - [04/Apr/2018:09:50:55 -0300] "GET /cormun/pexe_scrolldiv.js HTTP/1.1" 404 1009
192.168.10.96 - - [04/Apr/2018:09:50:55 -0300] "GET /cormun/pexe_scrolldiv.js HTTP/1.1" 404 1009
192.168.10.96 - - [04/Apr/2018:09:50:55 -0300] "GET /cormun/servlet/vesolicitudgral?2018,10630,,SolicitudOTAdjuntos HTTP/1.1" 200 11390
192.168.10.96 - - [04/Apr/2018:09:50:56 -0300] "POST /cormun/servlet/acontrolpreferencessavestate?None,DZAMUDIO,true HTTP/1.1" 200 35
192.168.10.96 - - [04/Apr/2018:09:50:56 -0300] "GET /cormun/PublicTempStorage/cedula_c_._acu%F1a9984108.pdf HTTP/1.1" 200 27844
200.54.247.70 - - [04/Apr/2018:09:50:58 -0300] "POST /cormun/servlet/trvisualizadoreventos?4dcc72cea5612884c585f7778888aa0d,,gx-no-cache=1522846203291 HTTP/1.1" 200 7285
192.168.10.96 - - [04/Apr/2018:09:51:00 -0300] "GET /cormun/servlet/vesolicitudgral?2018,10630,,SolicitudOTAdjuntos HTTP/1.1" 200 11389
192.168.10.96 - - [04/Apr/2018:09:51:01 -0300] "GET /cormun/servlet/vesolicitudgral?2018,10630,,SolicitudOTAdjuntos HTTP/1.1" 200 11390
192.168.10.96 - - [04/Apr/2018:09:51:02 -0300] "POST /cormun/servlet/acontrolpreferencessavestate?None,DZAMUDIO,true HTTP/1.1" 200 35
192.168.10.96 - - [04/Apr/2018:09:51:02 -0300] "GET /cormun/PublicTempStorage/certificado_titulo_acu%F1a1810113.pdf HTTP/1.1" 200 308720
192.168.10.96 - - [04/Apr/2018:09:51:06 -0300] "GET /cormun/servlet/vesolicitudgral?2018,10630,,SolicitudOTAdjuntos HTTP/1.1" 200 11387
192.168.10.96 - - [04/Apr/2018:09:51:07 -0300] "GET /cormun/servlet/vesolicitudgral?2018,10630,,SolicitudOTAdjuntos HTTP/1.1" 200 11392
192.168.10.96 - - [04/Apr/2018:09:51:08 -0300] "POST /cormun/servlet/acontrolpreferencessavestate?None,DZAMUDIO,true HTTP/1.1" 200 35
192.168.10.96 - - [04/Apr/2018:09:51:08 -0300] "GET /cormun/PublicTempStorage/certificado_afiliacion_acu%F1a626557.pdf HTTP/1.1" 200 27400
192.168.10.96 - - [04/Apr/2018:09:51:16 -0300] "GET /cormun/servlet/vesolicitudgral?2018,10630,,SolicitudOTAdjuntos HTTP/1.1" 200 11387
192.168.10.96 - - [04/Apr/2018:09:51:17 -0300] "GET /cormun/servlet/vesolicitudgral?2018,10630,,SolicitudOTAdjuntos HTTP/1.1" 200 11388
192.168.10.96 - - [04/Apr/2018:09:51:18 -0300] "POST /cormun/servlet/acontrolpreferencessavestate?None,DZAMUDIO,true HTTP/1.1" 200 35
192.168.10.96 - - [04/Apr/2018:09:51:22 -0300] "GET /cormun/PublicTempStorage/certificado_fonasa_acu%F1a2573700.pdf HTTP/1.1" 200 27776
192.168.10.96 - - [04/Apr/2018:09:51:30 -0300] "GET /cormun/servlet/vesolicitudgral?2018,10630,,SolicitudOTAdjuntos HTTP/1.1" 200 11391
46.174.191.29 - - [04/Apr/2018:09:51:30 -0300] "GET / HTTP/1.0" 200 11197
192.168.10.96 - - [04/Apr/2018:09:51:30 -0300] "GET /cormun/servlet/vesolicitudgral?2018,10630,,SolicitudOTAdjuntos HTTP/1.1" 200 11387
192.168.10.96 - - [04/Apr/2018:09:51:31 -0300] "POST /cormun/servlet/acontrolpreferencessavestate?None,DZAMUDIO,true HTTP/1.1" 200 35
186.103.159.187 - - [04/Apr/2018:09:51:36 -0300] "GET /cormun/servlet/licenciaspermisos?582700f3eac8f80d35ab25b46625a874ed8c542f2c23d638cd448b51d3a4927d338c9bf05751ee51958655e47dbc311103acb4b4d1decd763e2b9fc2ad5c5419b852f95555940d9ac9ce519d2f723a581913690be46978597b68afaa1ea0cc427f6c6477c4f6c9ac69a867bea239a2500541cd8da44daf24083d1af612fa9664a1dbbc3f448d43f0ee87bf4722ef55d8ad2ce18f179b3f6008557369b21efc005aaaec1879ea5bc813860e2c6e8275a01db44c0ceebf0a60d3ebaab72ebf56edb856b90a2f5f7f7a5fe6573ca2265a74eb178368569da4612ef4f073675bdbe5a7a0bbb8d8b049365ab72ea431fcbd67,gx-no-cache=1522849926158 HTTP/1.1" 200 29
200.54.247.70 - - [04/Apr/2018:09:51:37 -0300] "POST /cormun/servlet/trvisualizadoreventos?4dcc72cea5612884c585f7778888aa0d,,gx-no-cache=1522846242401 HTTP/1.1" 200 7285
200.54.247.70 - - [04/Apr/2018:09:51:43 -0300] "GET /cormun/servlet/trsolicitudot? HTTP/1.1" 200 25656
192.168.10.96 - - [04/Apr/2018:09:52:12 -0300] "GET /cormun/PublicTempStorage/certificado_antecedentes_acu%F1a3856615.pdf HTTP/1.1" 200 39920
192.168.10.96 - - [04/Apr/2018:09:52:16 -0300] "GET /cormun/servlet/vesolicitudgral?2018,10630,,SolicitudOTAdjuntos HTTP/1.1" 200 11388
192.168.10.96 - - [04/Apr/2018:09:52:17 -0300] "GET /cormun/servlet/vesolicitudgral?2018,10630,,SolicitudOTAdjuntos HTTP/1.1" 200 11391
192.168.10.96 - - [04/Apr/2018:09:52:17 -0300] "POST /cormun/servlet/acontrolpreferencessavestate?None,DZAMUDIO,true HTTP/1.1" 200 35
192.168.10.96 - - [04/Apr/2018:09:52:18 -0300] "GET /cormun/PublicTempStorage/curriculum_acu%F1a7930412.pdf HTTP/1.1" 200 33767
192.168.10.96 - - [04/Apr/2018:09:52:50 -0300] "GET /cormun/servlet/vesolicitudgral?2018,10630,,SolicitudOTAdjuntos HTTP/1.1" 200 11389
186.103.159.187 - - [04/Apr/2018:09:52:50 -0300] "GET /cormun/servlet/hhome HTTP/1.1" 200 3400
192.168.10.96 - - [04/Apr/2018:09:52:50 -0300] "GET /cormun/servlet/vesolicitudgral?2018,10630,,SolicitudOTAdjuntos HTTP/1.1" 200 11391
192.168.10.96 - - [04/Apr/2018:09:52:51 -0300] "POST /cormun/servlet/acontrolpreferencessavestate?None,DZAMUDIO,true HTTP/1.1" 200 35
186.103.159.187 - - [04/Apr/2018:09:52:52 -0300] "GET /cormun/servlet/hhome HTTP/1.1" 200 3410
186.103.159.187 - - [04/Apr/2018:09:52:52 -0300] "GET /cormun/servlet/hlogin HTTP/1.1" 200 1736
192.168.10.96 - - [04/Apr/2018:09:52:52 -0300] "GET /cormun/servlet/vesolicitudgral?2018,10630,,General HTTP/1.1" 200 9236
192.168.10.96 - - [04/Apr/2018:09:52:52 -0300] "GET /cormun/pexe_scrolldiv.js HTTP/1.1" 404 1009
192.168.10.96 - - [04/Apr/2018:09:52:52 -0300] "GET /cormun/pexe_scrolldiv.js HTTP/1.1" 404 1009
192.168.10.96 - - [04/Apr/2018:09:52:52 -0300] "GET /cormun/servlet/vesolicitudgral?2018,10630,,General HTTP/1.1" 200 9235
186.103.159.187 - - [04/Apr/2018:09:53:00 -0300] "POST /cormun/servlet/hlogin?ade14581bd4cabb6897caabda1f22535,gx-no-cache=1522850010728 HTTP/1.1" 200 90
186.103.159.187 - - [04/Apr/2018:09:53:00 -0300] "GET /cormun/servlet/hpexe_link HTTP/1.1" 200 957
186.103.159.187 - - [04/Apr/2018:09:53:00 -0300] "GET /cormun/servlet/hhome HTTP/1.1" 200 3934
186.103.159.187 - - [04/Apr/2018:09:53:01 -0300] "GET /cormun/servlet/hhome HTTP/1.1" 200 3931
186.103.159.187 - - [04/Apr/2018:09:53:05 -0300] "GET /cormun/servlet/trsolicitudot? HTTP/1.1" 200 7142
186.103.159.187 - - [04/Apr/2018:09:53:06 -0300] "GET /cormun/servlet/trsolicitudot? HTTP/1.1" 200 7142
186.103.159.187 - - [04/Apr/2018:09:53:11 -0300] "GET /cormun/servlet/solicitudot?INS,0,0, HTTP/1.1" 200 13382
186.103.159.187 - - [04/Apr/2018:09:53:12 -0300] "GET /cormun/servlet/solicitudot?INS,0,0, HTTP/1.1" 200 13387
186.103.159.187 - - [04/Apr/2018:09:53:22 -0300] "POST /cormun/servlet/solicitudot?gx-no-cache=1522850032862 HTTP/1.1" 200 3284
186.103.159.187 - - [04/Apr/2018:09:53:22 -0300] "POST /cormun/servlet/solicitudot?ade14581bd4cabb6897caabda1f22535,INS,0,0,,gx-no-cache=1522850033253 HTTP/1.1" 200 10250
186.103.159.187 - - [04/Apr/2018:09:53:26 -0300] "GET /cormun/servlet/prfichaempleado?,MD,,gxPopupLevel%3D0%3B HTTP/1.1" 200 9276
186.103.159.187 - - [04/Apr/2018:09:53:41 -0300] "GET /cormun/servlet/solicitudot?3c8119edab9668b4160a0da12b486a4f9dd80dcddde4b51e5085759317687e0209418d9705f991253764dffbae57282b,gx-no-cache=1522850051396 HTTP/1.1" 200 30
190.100.93.40 - - [04/Apr/2018:09:54:14 -0300] "GET /cormun/servlet/hlogin HTTP/1.1" 200 1727
190.100.93.40 - - [04/Apr/2018:09:54:24 -0300] "POST /cormun/servlet/hlogin?2ecf3ac4ef7547f5c2bbd0ca7c384f36,gx-no-cache=1522846413943 HTTP/1.1" 200 435
190.100.93.40 - - [04/Apr/2018:09:54:28 -0300] "POST /cormun/servlet/hlogin?2ecf3ac4ef7547f5c2bbd0ca7c384f36,gx-no-cache=1522846417917 HTTP/1.1" 200 90
190.100.93.40 - - [04/Apr/2018:09:54:28 -0300] "GET /cormun/servlet/hpexe_link HTTP/1.1" 200 956
190.100.93.40 - - [04/Apr/2018:09:54:28 -0300] "GET /cormun/servlet/hhome HTTP/1.1" 200 4344
190.100.93.40 - - [04/Apr/2018:09:54:28 -0300] "GET /cormun/servlet/hhome HTTP/1.1" 200 4340
190.100.93.40 - - [04/Apr/2018:09:54:31 -0300] "GET /cormun/servlet/trsolicitudot? HTTP/1.1" 200 7560
190.100.93.40 - - [04/Apr/2018:09:54:31 -0300] "GET /cormun/servlet/trsolicitudot? HTTP/1.1" 200 7557
190.100.93.40 - - [04/Apr/2018:09:54:33 -0300] "GET /cormun/servlet/solicitudot?INS,0,0, HTTP/1.1" 200 13796
190.100.93.40 - - [04/Apr/2018:09:54:34 -0300] "GET /cormun/servlet/solicitudot?INS,0,0, HTTP/1.1" 200 13800
190.100.93.40 - - [04/Apr/2018:09:54:44 -0300] "POST /cormun/servlet/solicitudot?gx-no-cache=1522846433997 HTTP/1.1" 200 3412
190.100.93.40 - - [04/Apr/2018:09:54:44 -0300] "POST /cormun/servlet/solicitudot?2ecf3ac4ef7547f5c2bbd0ca7c384f36,INS,0,0,,gx-no-cache=1522846434440 HTTP/1.1" 200 10590
186.103.159.187 - - [04/Apr/2018:09:54:54 -0300] "GET /cormun/servlet/solicitudot?3c8119edab9668b4160a0da12b486a4fc2e81cec5ab063a25b0c58eb33d245f4,gx-no-cache=1522850125513 HTTP/1.1" 200 94
186.103.159.187 - - [04/Apr/2018:09:54:55 -0300] "GET /cormun/static/Shared/jqueryui/images/ui-bg_highlight-soft_100_c6c2c8_1x100.png HTTP/1.1" 404 1117
186.103.159.187 - - [04/Apr/2018:09:54:55 -0300] "GET /cormun/static/Shared/jqueryui/images/ui-bg_flat_55_994d53_40x100.png HTTP/1.1" 404 1097
186.103.159.187 - - [04/Apr/2018:09:54:55 -0300] "GET /cormun/static/Shared/jqueryui/images/ui-icons_82798d_256x240.png HTTP/1.1" 404 1089
186.103.159.187 - - [04/Apr/2018:09:54:55 -0300] "GET /cormun/static/Shared/jqueryui/images/ui-icons_ebccce_256x240.png HTTP/1.1" 404 1089
186.103.159.187 - - [04/Apr/2018:09:54:55 -0300] "GET /cormun/servlet/solicitudot?3c8119edab9668b4160a0da12b486a4f86ab61d471118e861329e728e28a20ab,gx-no-cache=1522850125671 HTTP/1.1" 200 29
200.54.247.70 - - [04/Apr/2018:09:57:04 -0300] "GET /cormun/servlet/trlicencias? HTTP/1.1" 200 11554
200.54.247.70 - - [04/Apr/2018:09:57:04 -0300] "GET /cormun/static/gxcfg.js?20176272054169 HTTP/1.1" 304 -
186.103.159.187 - - [04/Apr/2018:09:58:01 -0300] "GET /cormun/servlet/hhome HTTP/1.1" 200 3922
186.103.159.187 - - [04/Apr/2018:09:58:03 -0300] "GET /cormun/servlet/hhome HTTP/1.1" 200 3931
186.103.159.187 - - [04/Apr/2018:09:58:06 -0300] "GET /cormun/servlet/trsolicitudot? HTTP/1.1" 200 7142
186.103.159.187 - - [04/Apr/2018:09:58:07 -0300] "GET /cormun/servlet/trsolicitudot? HTTP/1.1" 200 7142
186.103.159.187 - - [04/Apr/2018:09:58:10 -0300] "GET /cormun/servlet/solicitudot?INS,0,0, HTTP/1.1" 200 13384
186.103.159.187 - - [04/Apr/2018:09:58:11 -0300] "GET /cormun/servlet/solicitudot?INS,0,0, HTTP/1.1" 200 13389
186.103.159.187 - - [04/Apr/2018:09:58:32 -0300] "POST /cormun/servlet/solicitudot?gx-no-cache=1522850342793 HTTP/1.1" 200 3393
186.103.159.187 - - [04/Apr/2018:09:58:32 -0300] "POST /cormun/servlet/solicitudot?ade14581bd4cabb6897caabda1f22535,INS,0,0,,gx-no-cache=1522850343085 HTTP/1.1" 200 10377
186.103.159.187 - - [04/Apr/2018:09:58:36 -0300] "GET /cormun/servlet/solicitudot?3c8119edab9668b4160a0da12b486a4ff75be2f382cb898e0c117d81773b78b07b529dcf72739217a0379307573fcb55,gx-no-cache=1522850347072 HTTP/1.1" 200 30
186.103.159.187 - - [04/Apr/2018:09:58:36 -0300] "GET /cormun/servlet/solicitudot?3c8119edab9668b4160a0da12b486a4f8cad29747b6fd6151855d1c79cca4a7891065612eef1ea40a4c010309681cff27b529dcf72739217a0379307573fcb55,gx-no-cache=1522850347126 HTTP/1.1" 200 30
186.103.159.187 - - [04/Apr/2018:09:58:36 -0300] "GET /cormun/servlet/solicitudot?3c8119edab9668b4160a0da12b486a4fd418169a549451d167459b29ec109534,gx-no-cache=1522850347160 HTTP/1.1" 200 59
186.103.159.187 - - [04/Apr/2018:09:58:36 -0300] "POST /cormun/servlet/solicitudot?gx-no-cache=1522850347203 HTTP/1.1" 200 255
186.103.159.187 - - [04/Apr/2018:09:58:36 -0300] "GET /cormun/servlet/solicitudot?3c8119edab9668b4160a0da12b486a4fe407b8763db23788b9a8c310fb4c23b565690abb2b165e80e282bc9e9a8c417031049a3fe697c2d9ce0b06ab38ff63259dac9025de77faf6782ccadad5e52fb31c3910753b0fb28412029b94f8c85ae7febac94309edbc7cc8fb087beee54a00d43c5a4bda211ddce691ff7c55e5de9da5e21c2eb0a54ae20b293b99b15478831083503e4663568f5f49b157db427a9bffd2a88093a4b3ba66f69bd2a358c1cd6fccacae53cbbc271c2d867c8d5484b4e310e67b329ce37949b0ed67cc6a18bd03ff38262565576b40a5fe16548e6cc696da939c75d2d4f42ba18bdbe350c47469393f81fba98d4cbb19b16ad7d159f5a0703b5d00285a9624e9fe791f80d6fead3e44e5440c3a372d5ea1ac69be287d9490856aa6a7942b6b2fa5a8948aade07da7b7cc671b2a0ea11f23da72b5a1a2e585a0cca111813920c79e2b2f062d122f5cae8e361d87b330e0539bf2d0bcf616ec225709766ada76d799cc4271f1f8a192c9ed8cf892e6db374f76d8df485f,gx-no-cache=1522850347251 HTTP/1.1" 200 30
186.103.159.187 - - [04/Apr/2018:09:58:43 -0300] "POST /cormun/servlet/solicitudot?gx-no-cache=1522850353860 HTTP/1.1" 200 30
186.103.159.187 - - [04/Apr/2018:09:58:45 -0300] "GET /cormun/servlet/prcontratosol?8448797,,,,,MD,,gxPopupLevel%3D0%3B HTTP/1.1" 200 8288
186.103.159.187 - - [04/Apr/2018:09:59:06 -0300] "POST /cormun/servlet/solicitudot?gx-no-cache=1522850376271 HTTP/1.1" 200 1435
186.103.159.187 - - [04/Apr/2018:09:59:06 -0300] "GET /cormun/static/Shared/jqueryui/images/ui-bg_highlight-soft_100_c6c2c8_1x100.png HTTP/1.1" 404 1117
186.103.159.187 - - [04/Apr/2018:09:59:06 -0300] "GET /cormun/static/Shared/jqueryui/images/ui-icons_82798d_256x240.png HTTP/1.1" 404 1089
186.103.159.187 - - [04/Apr/2018:09:59:06 -0300] "GET /cormun/static/Shared/jqueryui/images/ui-icons_ebccce_256x240.png HTTP/1.1" 404 1089
186.103.159.187 - - [04/Apr/2018:09:59:06 -0300] "GET /cormun/static/Shared/jqueryui/images/ui-bg_flat_55_994d53_40x100.png HTTP/1.1" 404 1097
186.103.159.187 - - [04/Apr/2018:09:59:06 -0300] "POST /cormun/servlet/solicitudot?gx-no-cache=1522850376870 HTTP/1.1" 200 117
186.103.159.187 - - [04/Apr/2018:09:59:06 -0300] "GET /cormun/servlet/solicitudot?3c8119edab9668b4160a0da12b486a4f3b053d0c08d549604b0188361afb8d74f443a1cc9c7cd9b693c37d3269631d9c418374ee2d49c96971e7e7f450c9b2e52239e2aebc7fd1af0aab46f82a38155c219ca248a0132ada8c5ba5b9f08de892007f05ada5685ab6a1fd71a8732a6d10dc2c9f511f019fe2a2b7cc7f671a12e178eba1c8c149e32d2ffff065f06f17d3b35e707be2c2490d64479fb36e35f150,gx-no-cache=1522850376959 HTTP/1.1" 200 29
186.103.159.187 - - [04/Apr/2018:09:59:06 -0300] "GET /cormun/servlet/solicitudot?3c8119edab9668b4160a0da12b486a4fbbb377f61a5047aef781c6fceb4a2b649a7edacc2411ef8046c8047a9d0a284a256b6667967a01ae6833e238015e5eae98791e6a94ca9fa65a6d50cab5ef4d2b6221c04a5f1f805c7eaeb7fbe8a398dd092e606399f52d5dc3588cf787840f681060b280c4bbdf34f722dcef844fe7e368b58f05cddaa064b151098b3e6ac38e93be95bbf2f0c820ea4a43adea243a0cecc571635841d38e16ff38e9f6326ecbc4e8361e9fc16da6b6282f1319458368,gx-no-cache=1522850376996 HTTP/1.1" 200 62
186.103.159.187 - - [04/Apr/2018:09:59:06 -0300] "GET /cormun/servlet/solicitudot?948de6e111c0cec233a3ab4d45bce1b47a10896584cbbf1a05c5a8ce80ebd967bece00328c31eabfe8337f0cd9fb06022b67897b5c0dfadd044b77bbff765231b427e4425ee31ddce092dcb4beecf650,gx-no-cache=1522850377037 HTTP/1.1" 200 55
186.103.159.187 - - [04/Apr/2018:09:59:06 -0300] "GET /cormun/servlet/solicitudot?3c8119edab9668b4160a0da12b486a4f12ccdb3a0ec0787601d4f9bcb7cfb74bd15f5afea5decf73c2819b4f1afc32ea,gx-no-cache=1522850377072 HTTP/1.1" 200 134
186.103.159.187 - - [04/Apr/2018:09:59:14 -0300] "GET /cormun/servlet/prcontratosol?8448797,,,,,MD,,gxPopupLevel%3D0%3B HTTP/1.1" 200 8288
186.103.159.187 - - [04/Apr/2018:09:59:32 -0300] "POST /cormun/servlet/solicitudot?gx-no-cache=1522850403029 HTTP/1.1" 200 30
186.103.159.187 - - [04/Apr/2018:09:59:34 -0300] "GET /cormun/servlet/prcontratosol?8448797,,,,,MD,,gxPopupLevel%3D0%3B HTTP/1.1" 200 8288
186.103.159.187 - - [04/Apr/2018:09:59:38 -0300] "POST /cormun/servlet/solicitudot?gx-no-cache=1522850409483 HTTP/1.1" 200 1353
186.103.159.187 - - [04/Apr/2018:09:59:38 -0300] "POST /cormun/servlet/solicitudot?gx-no-cache=1522850409560 HTTP/1.1" 200 41
186.103.159.187 - - [04/Apr/2018:09:59:39 -0300] "POST /cormun/servlet/solicitudot?gx-no-cache=1522850409599 HTTP/1.1" 200 1335
186.103.159.187 - - [04/Apr/2018:09:59:39 -0300] "POST /cormun/servlet/solicitudot?gx-no-cache=1522850409679 HTTP/1.1" 200 1232
186.103.159.187 - - [04/Apr/2018:09:59:39 -0300] "GET /cormun/servlet/solicitudot?3c8119edab9668b4160a0da12b486a4f12ccdb3a0ec0787601d4f9bcb7cfb74bd15f5afea5decf73c2819b4f1afc32ea,gx-no-cache=1522850409754 HTTP/1.1" 200 134
186.103.159.187 - - [04/Apr/2018:09:59:54 -0300] "POST /cormun/servlet/solicitudot?gx-no-cache=1522850424924 HTTP/1.1" 200 30
186.103.159.187 - - [04/Apr/2018:09:59:58 -0300] "POST /cormun/servlet/solicitudot?gx-no-cache=1522850428899 HTTP/1.1" 200 1353
186.103.159.187 - - [04/Apr/2018:09:59:58 -0300] "POST /cormun/servlet/solicitudot?gx-no-cache=1522850429040 HTTP/1.1" 200 41
186.103.159.187 - - [04/Apr/2018:10:00:09 -0300] "POST /cormun/servlet/solicitudot?gx-no-cache=1522850440491 HTTP/1.1" 200 1335
186.103.159.187 - - [04/Apr/2018:10:00:09 -0300] "POST /cormun/servlet/solicitudot?gx-no-cache=1522850440568 HTTP/1.1" 200 1232
186.103.159.187 - - [04/Apr/2018:10:00:10 -0300] "GET /cormun/static/menuarrow.gif HTTP/1.1" 404 1015
186.103.159.187 - - [04/Apr/2018:10:00:22 -0300] "POST /cormun/servlet/solicitudot?gx-no-cache=1522850452836 HTTP/1.1" 200 1335
186.103.159.187 - - [04/Apr/2018:10:00:22 -0300] "POST /cormun/servlet/solicitudot?gx-no-cache=1522850452914 HTTP/1.1" 200 1232
186.103.159.187 - - [04/Apr/2018:10:00:27 -0300] "GET /cormun/servlet/solicitudot?3c8119edab9668b4160a0da12b486a4f5b8964eb717bcb7df9a2d611291b8cea9fe3b78b78f8ce03b1524c48a07a85d9,gx-no-cache=1522850457875 HTTP/1.1" 200 30
186.103.159.187 - - [04/Apr/2018:10:00:40 -0300] "POST /cormun/servlet/solicitudot?gx-no-cache=1522850471303 HTTP/1.1" 200 30
186.103.159.187 - - [04/Apr/2018:10:01:01 -0300] "POST /cormun/servlet/solicitudot?ade14581bd4cabb6897caabda1f22535,INS,0,0,,gx-no-cache=1522850492055 HTTP/1.1" 200 93
200.54.247.70 - - [04/Apr/2018:10:01:37 -0300] "GET /cormun/servlet/trautorizarsolicitud? HTTP/1.1" 200 7344
200.54.247.70 - - [04/Apr/2018:10:01:46 -0300] "POST /cormun/servlet/trautorizarsolicitud?4dcc72cea5612884c585f7778888aa0d,,gx-no-cache=1522846852341 HTTP/1.1" 200 4398
200.54.247.70 - - [04/Apr/2018:10:01:55 -0300] "POST /cormun/servlet/trautorizarsolicitud?4dcc72cea5612884c585f7778888aa0d,,gx-no-cache=1522846861074 HTTP/1.1" 200 5779
200.54.247.70 - - [04/Apr/2018:10:02:03 -0300] "POST /cormun/servlet/trautorizarsolicitud?4dcc72cea5612884c585f7778888aa0d,,gx-no-cache=1522846868492 HTTP/1.1" 200 5792
200.54.247.70 - - [04/Apr/2018:10:02:03 -0300] "GET /cormun/static/Shared/jqueryui/images/ui-icons_82798d_256x240.png HTTP/1.1" 404 1089
200.54.247.70 - - [04/Apr/2018:10:02:03 -0300] "GET /cormun/static/Shared/jqueryui/images/ui-bg_highlight-soft_100_c6c2c8_1x100.png HTTP/1.1" 404 1117
200.54.247.70 - - [04/Apr/2018:10:02:03 -0300] "GET /cormun/static/Shared/jqueryui/images/ui-bg_flat_55_fafafa_40x100.png HTTP/1.1" 404 1097
200.54.247.70 - - [04/Apr/2018:10:02:03 -0300] "GET /cormun/static/Shared/jqueryui/images/ui-icons_8d78a5_256x240.png HTTP/1.1" 404 1089
200.54.247.70 - - [04/Apr/2018:10:02:12 -0300] "POST /cormun/servlet/trautorizarsolicitud?4dcc72cea5612884c585f7778888aa0d,,gx-no-cache=1522846878526 HTTP/1.1" 200 5793
186.103.159.187 - - [04/Apr/2018:10:02:16 -0300] "GET /cormun/servlet/hhome HTTP/1.1" 200 3922
186.103.159.187 - - [04/Apr/2018:10:02:18 -0300] "GET /cormun/servlet/hhome HTTP/1.1" 200 3931
200.54.247.70 - - [04/Apr/2018:10:02:24 -0300] "POST /cormun/servlet/trautorizarsolicitud?4dcc72cea5612884c585f7778888aa0d,,gx-no-cache=1522846889748 HTTP/1.1" 200 5793
186.103.159.187 - - [04/Apr/2018:10:02:26 -0300] "GET /cormun/servlet/trsolicitudot? HTTP/1.1" 200 8559
186.103.159.187 - - [04/Apr/2018:10:02:28 -0300] "GET /cormun/servlet/trsolicitudot? HTTP/1.1" 200 8557
186.103.159.187 - - [04/Apr/2018:10:02:43 -0300] "POST /cormun/servlet/trsolicitudot?ade14581bd4cabb6897caabda1f22535,,gx-no-cache=1522850593637 HTTP/1.1" 200 4456
186.103.159.187 - - [04/Apr/2018:10:02:43 -0300] "POST /cormun/servlet/trsolicitudot?ade14581bd4cabb6897caabda1f22535,,gx-no-cache=1522850594010 HTTP/1.1" 200 4260
186.103.159.187 - - [04/Apr/2018:10:02:45 -0300] "GET /cormun/servlet/solicitudot?INS,0,0, HTTP/1.1" 200 13384
186.103.159.187 - - [04/Apr/2018:10:02:47 -0300] "GET /cormun/servlet/solicitudot?INS,0,0, HTTP/1.1" 200 13389
192.168.10.96 - - [04/Apr/2018:10:02:50 -0300] "GET /cormun/servlet/trsolicitudot? HTTP/1.1" 200 9357
192.168.10.96 - - [04/Apr/2018:10:02:50 -0300] "GET /cormun/servlet/trsolicitudot? HTTP/1.1" 200 9344
192.168.10.96 - - [04/Apr/2018:10:03:03 -0300] "GET /cormun/servlet/trsolicitudgral? HTTP/1.1" 200 12748
192.168.10.96 - - [04/Apr/2018:10:03:04 -0300] "GET /cormun/servlet/trsolicitudgral? HTTP/1.1" 200 12747
200.54.247.70 - - [04/Apr/2018:10:03:04 -0300] "POST /cormun/servlet/trautorizarsolicitud?4dcc72cea5612884c585f7778888aa0d,,gx-no-cache=1522846930275 HTTP/1.1" 200 5793
186.103.159.187 - - [04/Apr/2018:10:03:04 -0300] "POST /cormun/servlet/solicitudot?gx-no-cache=1522850615285 HTTP/1.1" 200 3393
186.103.159.187 - - [04/Apr/2018:10:03:05 -0300] "POST /cormun/servlet/solicitudot?ade14581bd4cabb6897caabda1f22535,INS,0,0,,gx-no-cache=1522850615641 HTTP/1.1" 200 10377
186.103.159.187 - - [04/Apr/2018:10:03:10 -0300] "GET /cormun/servlet/solicitudot?3c8119edab9668b4160a0da12b486a4ff75be2f382cb898e0c117d81773b78b07b529dcf72739217a0379307573fcb55,gx-no-cache=1522850621267 HTTP/1.1" 200 30
186.103.159.187 - - [04/Apr/2018:10:03:10 -0300] "GET /cormun/servlet/solicitudot?3c8119edab9668b4160a0da12b486a4f8cad29747b6fd6151855d1c79cca4a7891065612eef1ea40a4c010309681cff27b529dcf72739217a0379307573fcb55,gx-no-cache=1522850621327 HTTP/1.1" 200 30
186.103.159.187 - - [04/Apr/2018:10:03:10 -0300] "GET /cormun/servlet/solicitudot?3c8119edab9668b4160a0da12b486a4fd418169a549451d167459b29ec109534,gx-no-cache=1522850621364 HTTP/1.1" 200 59
186.103.159.187 - - [04/Apr/2018:10:03:10 -0300] "POST /cormun/servlet/solicitudot?gx-no-cache=1522850621409 HTTP/1.1" 200 255
200.54.247.70 - - [04/Apr/2018:10:03:10 -0300] "GET /cormun/servlet/trautorizarsolicitud? HTTP/1.1" 200 8725
186.103.159.187 - - [04/Apr/2018:10:03:11 -0300] "GET /cormun/servlet/solicitudot?3c8119edab9668b4160a0da12b486a4fe407b8763db23788b9a8c310fb4c23b565690abb2b165e80e282bc9e9a8c417031049a3fe697c2d9ce0b06ab38ff63259dac9025de77faf6782ccadad5e52fb31c3910753b0fb28412029b94f8c85ae7febac94309edbc7cc8fb087beee54a00d43c5a4bda211ddce691ff7c55e5de9da5e21c2eb0a54ae20b293b99b15478831083503e4663568f5f49b157db427a9bffd2a88093a4b3ba66f69bd2a358c1cd6fccacae53cbbc271c2d867c8d5484b4e310e67b329ce37949b0ed67cc6a18bd03ff38262565576b40a5fe16548e6cc696da939c75d2d4f42ba18bdbe350c47469393f81fba98d4cbb19b16ad7d159f5a0703b5d00285a9624e9fe791f80d6fead3e44e5440c3a372d5ea1ac69be287d9490856aa6a7942b6b2fa5a8948aade07da7b7cc671b2a0ea11f23da72b5a1a2e585a0cca111813920c79e2b2f062d122f5cae8e361d87b330e0539bf2d0bcf616ec225709766ada76d799cc4271f1f8a192c9ed8cf892e6db374f76d8df485f,gx-no-cache=1522850621483 HTTP/1.1" 200 30
186.103.159.187 - - [04/Apr/2018:10:03:11 -0300] "POST /cormun/servlet/solicitudot?gx-no-cache=1522850621847 HTTP/1.1" 200 30
186.103.159.187 - - [04/Apr/2018:10:03:11 -0300] "POST /cormun/servlet/solicitudot?gx-no-cache=1522850622429 HTTP/1.1" 200 1353
186.103.159.187 - - [04/Apr/2018:10:03:12 -0300] "POST /cormun/servlet/solicitudot?gx-no-cache=1522850622616 HTTP/1.1" 200 38
192.168.10.96 - - [04/Apr/2018:10:03:16 -0300] "POST /cormun/servlet/trsolicitudgral?0186afd006d921d7405f5fe99bf23dc5,,gx-no-cache=1522846824382 HTTP/1.1" 200 8808
186.103.159.187 - - [04/Apr/2018:10:03:18 -0300] "GET /cormun/servlet/solicitudot?3c8119edab9668b4160a0da12b486a4f3b053d0c08d549604b0188361afb8d74f443a1cc9c7cd9b693c37d3269631d9c418374ee2d49c96971e7e7f450c9b2e52239e2aebc7fd1af0aab46f82a38155c219ca248a0132ada8c5ba5b9f08de892007f05ada5685ab6a1fd71a8732a6d10dc2c9f511f019fe2a2b7cc7f671a12e178eba1c8c149e32d2ffff065f06f17d3b35e707be2c2490d64479fb36e35f150,gx-no-cache=1522850629013 HTTP/1.1" 200 29
186.103.159.187 - - [04/Apr/2018:10:03:18 -0300] "POST /cormun/servlet/solicitudot?gx-no-cache=1522850629051 HTTP/1.1" 200 1335
186.103.159.187 - - [04/Apr/2018:10:03:18 -0300] "POST /cormun/servlet/solicitudot?gx-no-cache=1522850629117 HTTP/1.1" 200 1232
186.103.159.187 - - [04/Apr/2018:10:03:18 -0300] "GET /cormun/static/menuarrow.gif HTTP/1.1" 404 1015
200.54.247.70 - - [04/Apr/2018:10:03:18 -0300] "POST /cormun/servlet/trautorizarsolicitud?4dcc72cea5612884c585f7778888aa0d,,gx-no-cache=1522846944268 HTTP/1.1" 200 5789
200.54.247.70 - - [04/Apr/2018:10:03:18 -0300] "GET /cormun/static/Shared/jqueryui/images/ui-icons_82798d_256x240.png HTTP/1.1" 404 1089
200.54.247.70 - - [04/Apr/2018:10:03:18 -0300] "GET /cormun/static/Shared/jqueryui/images/ui-bg_highlight-soft_100_c6c2c8_1x100.png HTTP/1.1" 404 1117
200.54.247.70 - - [04/Apr/2018:10:03:18 -0300] "GET /cormun/static/Shared/jqueryui/images/ui-bg_flat_55_fafafa_40x100.png HTTP/1.1" 404 1097
200.54.247.70 - - [04/Apr/2018:10:03:18 -0300] "GET /cormun/static/Shared/jqueryui/images/ui-icons_8d78a5_256x240.png HTTP/1.1" 404 1089
186.103.159.187 - - [04/Apr/2018:10:03:21 -0300] "POST /cormun/servlet/solicitudot?gx-no-cache=1522850632437 HTTP/1.1" 200 1335
186.103.159.187 - - [04/Apr/2018:10:03:21 -0300] "POST /cormun/servlet/solicitudot?gx-no-cache=1522850632533 HTTP/1.1" 200 1232
186.103.159.187 - - [04/Apr/2018:10:03:23 -0300] "GET /cormun/servlet/solicitudot?3c8119edab9668b4160a0da12b486a4f5b8964eb717bcb7df9a2d611291b8cea9fe3b78b78f8ce03b1524c48a07a85d9,gx-no-cache=1522850633982 HTTP/1.1" 200 30
186.103.159.187 - - [04/Apr/2018:10:03:29 -0300] "POST /cormun/servlet/solicitudot?gx-no-cache=1522850639998 HTTP/1.1" 200 30
192.168.10.96 - - [04/Apr/2018:10:03:30 -0300] "GET /cormun/servlet/trsolicitudgral? HTTP/1.1" 200 12030
186.103.159.187 - - [04/Apr/2018:10:03:43 -0300] "POST /cormun/servlet/solicitudot?gx-no-cache=1522850654401 HTTP/1.1" 200 30
186.103.159.187 - - [04/Apr/2018:10:03:51 -0300] "POST /cormun/servlet/solicitudot?gx-no-cache=1522850662216 HTTP/1.1" 200 30
186.103.159.187 - - [04/Apr/2018:10:03:53 -0300] "GET /cormun/servlet/prcontratosol?8448797,,,,,MD,,gxPopupLevel%3D0%3B HTTP/1.1" 200 8288
186.103.159.187 - - [04/Apr/2018:10:04:00 -0300] "POST /cormun/servlet/solicitudot?gx-no-cache=1522850670979 HTTP/1.1" 200 1435
186.103.159.187 - - [04/Apr/2018:10:04:00 -0300] "GET /cormun/static/Shared/jqueryui/images/ui-bg_highlight-soft_100_c6c2c8_1x100.png HTTP/1.1" 404 1117
186.103.159.187 - - [04/Apr/2018:10:04:00 -0300] "GET /cormun/static/Shared/jqueryui/images/ui-icons_82798d_256x240.png HTTP/1.1" 404 1089
186.103.159.187 - - [04/Apr/2018:10:04:00 -0300] "GET /cormun/static/Shared/jqueryui/images/ui-bg_flat_55_994d53_40x100.png HTTP/1.1" 404 1097
186.103.159.187 - - [04/Apr/2018:10:04:00 -0300] "GET /cormun/static/Shared/jqueryui/images/ui-icons_ebccce_256x240.png HTTP/1.1" 404 1089
186.103.159.187 - - [04/Apr/2018:10:04:00 -0300] "POST /cormun/servlet/solicitudot?gx-no-cache=1522850671141 HTTP/1.1" 200 121
186.103.159.187 - - [04/Apr/2018:10:04:00 -0300] "POST /cormun/servlet/solicitudot?gx-no-cache=1522850671201 HTTP/1.1" 200 1335
186.103.159.187 - - [04/Apr/2018:10:04:00 -0300] "POST /cormun/servlet/solicitudot?gx-no-cache=1522850671278 HTTP/1.1" 200 1232
186.103.159.187 - - [04/Apr/2018:10:04:00 -0300] "GET /cormun/servlet/solicitudot?3c8119edab9668b4160a0da12b486a4f12ccdb3a0ec0787601d4f9bcb7cfb74bd15f5afea5decf73c2819b4f1afc32ea,gx-no-cache=1522850671337 HTTP/1.1" 200 134
186.103.159.187 - - [04/Apr/2018:10:04:10 -0300] "POST /cormun/servlet/solicitudot?gx-no-cache=1522850680855 HTTP/1.1" 200 30
186.103.159.187 - - [04/Apr/2018:10:04:18 -0300] "POST /cormun/servlet/solicitudot?gx-no-cache=1522850689012 HTTP/1.1" 200 1353
186.103.159.187 - - [04/Apr/2018:10:04:18 -0300] "POST /cormun/servlet/solicitudot?gx-no-cache=1522850689086 HTTP/1.1" 200 41
186.103.159.187 - - [04/Apr/2018:10:04:18 -0300] "POST /cormun/servlet/solicitudot?gx-no-cache=1522850689130 HTTP/1.1" 200 1335
186.103.159.187 - - [04/Apr/2018:10:04:18 -0300] "POST /cormun/servlet/solicitudot?gx-no-cache=1522850689189 HTTP/1.1" 200 1232
186.103.159.46 - - [04/Apr/2018:10:04:58 -0300] "GET /cormun/servlet/hlogin HTTP/1.1" 200 1725
186.103.159.46 - - [04/Apr/2018:10:04:59 -0300] "GET /cormun/servlet/hlogin HTTP/1.1" 200 1729
190.100.93.40 - - [04/Apr/2018:10:05:09 -0300] "POST /cormun/servlet/solicitudot?2ecf3ac4ef7547f5c2bbd0ca7c384f36,INS,0,0,,gx-no-cache=1522847058553 HTTP/1.1" 200 93
190.100.93.40 - - [04/Apr/2018:10:05:09 -0300] "GET /cormun/servlet/hpexe_return? HTTP/1.1" 200 1012
190.100.93.40 - - [04/Apr/2018:10:05:09 -0300] "GET /cormun/servlet/trsolicitudot HTTP/1.1" 200 7561
190.100.93.40 - - [04/Apr/2018:10:05:10 -0300] "GET /cormun/servlet/trsolicitudot HTTP/1.1" 200 7558
186.103.159.187 - - [04/Apr/2018:10:05:15 -0300] "POST /cormun/servlet/solicitudot?ade14581bd4cabb6897caabda1f22535,INS,0,0,,gx-no-cache=1522850746304 HTTP/1.1" 200 93
186.103.159.187 - - [04/Apr/2018:10:05:15 -0300] "GET /cormun/servlet/hpexe_return? HTTP/1.1" 200 1012
186.103.159.187 - - [04/Apr/2018:10:05:16 -0300] "GET /cormun/servlet/trsolicitudot? HTTP/1.1" 200 7145
186.103.159.187 - - [04/Apr/2018:10:05:17 -0300] "GET /cormun/servlet/trsolicitudot? HTTP/1.1" 200 7142
186.103.159.187 - - [04/Apr/2018:10:05:25 -0300] "GET /cormun/servlet/solicitudot?INS,0,0, HTTP/1.1" 200 13383
186.103.159.187 - - [04/Apr/2018:10:05:26 -0300] "GET /cormun/servlet/solicitudot?INS,0,0, HTTP/1.1" 200 13388
186.103.159.187 - - [04/Apr/2018:10:05:38 -0300] "POST /cormun/servlet/solicitudot?gx-no-cache=1522850768834 HTTP/1.1" 200 3284
186.103.159.187 - - [04/Apr/2018:10:05:38 -0300] "POST /cormun/servlet/solicitudot?ade14581bd4cabb6897caabda1f22535,INS,0,0,,gx-no-cache=1522850769040 HTTP/1.1" 200 10252
186.103.159.46 - - [04/Apr/2018:10:05:40 -0300] "POST /cormun/servlet/hlogin?43b76020edf77f5ad126e38f2b37e2f9,gx-no-cache=1522847085724 HTTP/1.1" 200 444
186.103.159.187 - - [04/Apr/2018:10:05:44 -0300] "GET /cormun/servlet/solicitudot?3c8119edab9668b4160a0da12b486a4f9dd80dcddde4b51e5085759317687e0209418d9705f991253764dffbae57282b,gx-no-cache=1522850774931 HTTP/1.1" 200 30
186.103.159.46 - - [04/Apr/2018:10:05:48 -0300] "POST /cormun/servlet/hlogin?43b76020edf77f5ad126e38f2b37e2f9,gx-no-cache=1522847093655 HTTP/1.1" 200 90
186.103.159.46 - - [04/Apr/2018:10:05:48 -0300] "GET /cormun/servlet/hpexe_link HTTP/1.1" 200 949
186.103.159.46 - - [04/Apr/2018:10:05:48 -0300] "GET /cormun/servlet/hhome HTTP/1.1" 200 4121
186.103.159.46 - - [04/Apr/2018:10:05:50 -0300] "GET /cormun/servlet/hhome HTTP/1.1" 200 4117
186.103.159.46 - - [04/Apr/2018:10:05:54 -0300] "GET /cormun/servlet/trautorizarsolicitud? HTTP/1.1" 200 7232
186.103.159.46 - - [04/Apr/2018:10:05:55 -0300] "GET /cormun/servlet/trautorizarsolicitud? HTTP/1.1" 200 7232
186.103.159.187 - - [04/Apr/2018:10:05:55 -0300] "POST /cormun/servlet/solicitudot?ade14581bd4cabb6897caabda1f22535,INS,0,0,,gx-no-cache=1522850786199 HTTP/1.1" 200 10588
186.103.159.187 - - [04/Apr/2018:10:05:55 -0300] "GET /cormun/static/Shared/jqueryui/images/ui-bg_highlight-soft_100_c6c2c8_1x100.png HTTP/1.1" 404 1117
186.103.159.187 - - [04/Apr/2018:10:05:55 -0300] "GET /cormun/static/Shared/jqueryui/images/ui-icons_82798d_256x240.png HTTP/1.1" 404 1089
186.103.159.187 - - [04/Apr/2018:10:05:55 -0300] "GET /cormun/static/Shared/jqueryui/images/ui-bg_flat_55_994d53_40x100.png HTTP/1.1" 404 1097
186.103.159.187 - - [04/Apr/2018:10:05:56 -0300] "GET /cormun/static/Shared/jqueryui/images/ui-icons_ebccce_256x240.png HTTP/1.1" 404 1089
186.103.159.46 - - [04/Apr/2018:10:06:02 -0300] "GET /cormun/servlet/trautorizarpermisogoce? HTTP/1.1" 200 6942
186.103.159.46 - - [04/Apr/2018:10:06:02 -0300] "GET /cormun/static/gxcfg.js?20177612165975 HTTP/1.1" 304 -
186.103.159.46 - - [04/Apr/2018:10:06:02 -0300] "GET /cormun/servlet/trautorizarpermisogoce? HTTP/1.1" 200 6942
186.103.159.46 - - [04/Apr/2018:10:06:10 -0300] "POST /cormun/servlet/trautorizarpermisogoce?43b76020edf77f5ad126e38f2b37e2f9,,gx-no-cache=1522847115258 HTTP/1.1" 200 5098
190.100.93.40 - - [04/Apr/2018:10:06:33 -0300] "GET /cormun/servlet/solicitudot?INS,0,0, HTTP/1.1" 200 13796
186.103.159.46 - - [04/Apr/2018:10:06:34 -0300] "GET /cormun/servlet/trpermisosadjuntos?15510753,20180323125022,P, HTTP/1.1" 200 6430
190.100.93.40 - - [04/Apr/2018:10:06:34 -0300] "GET /cormun/servlet/solicitudot?INS,0,0, HTTP/1.1" 200 13801
186.103.159.46 - - [04/Apr/2018:10:06:34 -0300] "GET /cormun/static/gxcfg.js?201762817193957 HTTP/1.1" 304 -
186.103.159.46 - - [04/Apr/2018:10:06:34 -0300] "GET /cormun/servlet/trpermisosadjuntos?15510753,20180323125022,P, HTTP/1.1" 200 6431
186.103.159.46 - - [04/Apr/2018:10:06:40 -0300] "GET /cormun/servlet/permisosadjuntos?INS,15510753,P,20180323125022,, HTTP/1.1" 200 5761
186.103.159.46 - - [04/Apr/2018:10:06:40 -0300] "GET /cormun/static/gxcfg.js?201762717441171 HTTP/1.1" 304 -
186.103.159.46 - - [04/Apr/2018:10:06:40 -0300] "GET /cormun/static/about:blank HTTP/1.1" 404 1011
186.103.159.46 - - [04/Apr/2018:10:06:40 -0300] "GET /cormun/servlet/permisosadjuntos?INS,15510753,P,20180323125022,, HTTP/1.1" 200 5750
190.100.93.40 - - [04/Apr/2018:10:06:42 -0300] "POST /cormun/servlet/solicitudot?gx-no-cache=1522847151871 HTTP/1.1" 200 3403
190.100.93.40 - - [04/Apr/2018:10:06:42 -0300] "POST /cormun/servlet/solicitudot?2ecf3ac4ef7547f5c2bbd0ca7c384f36,INS,0,0,,gx-no-cache=1522847152275 HTTP/1.1" 200 10555
190.100.93.40 - - [04/Apr/2018:10:06:56 -0300] "GET /cormun/servlet/solicitudot?95d793cee6ae5de4cb0523cdfde4dd545fc84df81915f2148c4624f4cded330df6f0866fa804d268a5f6b7d7bdfdcac8,gx-no-cache=1522847166289 HTTP/1.1" 200 30
190.100.93.40 - - [04/Apr/2018:10:06:56 -0300] "GET /cormun/servlet/solicitudot?95d793cee6ae5de4cb0523cdfde4dd54d121b85722a6b3caea09a661a3ce6740e3b134c1d04df2a9bdc982632167fc732d7513d777de6d131fd3819e7d3ad6cd,gx-no-cache=1522847166387 HTTP/1.1" 200 30
190.100.93.40 - - [04/Apr/2018:10:06:56 -0300] "GET /cormun/servlet/solicitudot?95d793cee6ae5de4cb0523cdfde4dd54a2de633ec66956ed741d1352440a6e9a,gx-no-cache=1522847166473 HTTP/1.1" 200 53
190.100.93.40 - - [04/Apr/2018:10:06:56 -0300] "POST /cormun/servlet/solicitudot?gx-no-cache=1522847166560 HTTP/1.1" 200 256
190.100.93.40 - - [04/Apr/2018:10:06:56 -0300] "GET /cormun/servlet/solicitudot?95d793cee6ae5de4cb0523cdfde4dd54e30f898f851baba940f97e78eb9d67d3887eab5a241ab3c0001cebe17ff4778b70a5be2a393ac6294642564207d05f90852fe7830baa2b5bcfdddca3bebdc86c0a39f2578de16cd9a71de7883538afbaff81b3d663d1403884e91ed7e103fe51f36ad8119aa8fdd3ac5d38b5aa0d106c62e4df0747c9e60338583d939dcd60b5d96ea7b8eb7690484854b900874091bb82d039739118ddd539e1ea81faf3e2d5bb8c3ca4aa266a1d0765ef7d2103f5febb1d3e950bf599a7f2a5cab284cefeba1f24eb474c4e953967d3619ad9f1caf0c19e8fc2dd911dd407b40b1487e3ea2e2439a9fa62b71542e1baffb68df69a487b239d8c234ff6af9a60148a9eebe4d3c587d219acec99b8d5fbe5abf4e9776c6fb587131673f4bc9751c34f6f5fd0d39cc9b33ad353f55f4821ec59322aa644aeab330cb29669ea7735d323cdad019a887b5f5de855b6d713fa3c6b6de033fdec2055dd35cdfc49e0029d7ee3e30376ee2de1d206c07556c037bb813a8b53eb,gx-no-cache=1522847166658 HTTP/1.1" 200 30
190.100.93.40 - - [04/Apr/2018:10:06:58 -0300] "POST /cormun/servlet/solicitudot?gx-no-cache=1522847168707 HTTP/1.1" 200 30
190.100.93.40 - - [04/Apr/2018:10:07:10 -0300] "POST /cormun/servlet/solicitudot?gx-no-cache=1522847180066 HTTP/1.1" 200 1353
190.100.93.40 - - [04/Apr/2018:10:07:10 -0300] "POST /cormun/servlet/solicitudot?gx-no-cache=1522847180160 HTTP/1.1" 200 38
186.103.159.46 - - [04/Apr/2018:10:07:15 -0300] "POST /cormun/servlet/permisosadjuntos?43b76020edf77f5ad126e38f2b37e2f9,INS,15510753,P,20180323125022,, HTTP/1.1" 200 6472
186.103.159.46 - - [04/Apr/2018:10:07:15 -0300] "GET /cormun/static/Shared/jqueryui/images/ui-icons_82798d_256x240.png HTTP/1.1" 404 1089
186.103.159.46 - - [04/Apr/2018:10:07:15 -0300] "GET /cormun/static/Shared/jqueryui/images/ui-bg_highlight-soft_100_c6c2c8_1x100.png HTTP/1.1" 404 1117
186.103.159.46 - - [04/Apr/2018:10:07:15 -0300] "GET /cormun/static/Shared/jqueryui/images/ui-bg_flat_55_994d53_40x100.png HTTP/1.1" 404 1097
186.103.159.46 - - [04/Apr/2018:10:07:15 -0300] "GET /cormun/static/Shared/jqueryui/images/ui-icons_ebccce_256x240.png HTTP/1.1" 404 1089
186.103.159.46 - - [04/Apr/2018:10:07:16 -0300] "GET /cormun/PrivateTempStorage/upload_00023811.jpg HTTP/1.1" 200 927544
190.100.93.40 - - [04/Apr/2018:10:07:17 -0300] "GET /cormun/servlet/solicitudot?95d793cee6ae5de4cb0523cdfde4dd54372fbf0f55ce4188303a70f77fc2878801c3db52a59363d6be323053a322c8a58d7d5b3116e556aed4a7b0e05a1de4fd9660d4f96ae443bd899b9fdc905d26bc20b101ec6e746002f135daf338e15232d90af34de88a00de45691be505248dae,gx-no-cache=1522847186774 HTTP/1.1" 200 29
190.100.93.40 - - [04/Apr/2018:10:07:17 -0300] "POST /cormun/servlet/solicitudot?gx-no-cache=1522847186850 HTTP/1.1" 200 1335
190.100.93.40 - - [04/Apr/2018:10:07:17 -0300] "POST /cormun/servlet/solicitudot?gx-no-cache=1522847186952 HTTP/1.1" 200 1231
190.100.93.40 - - [04/Apr/2018:10:07:17 -0300] "GET /cormun/static/menuarrow.gif HTTP/1.1" 404 1015
190.100.93.40 - - [04/Apr/2018:10:07:18 -0300] "POST /cormun/servlet/solicitudot?gx-no-cache=1522847188666 HTTP/1.1" 200 1335
190.100.93.40 - - [04/Apr/2018:10:07:19 -0300] "POST /cormun/servlet/solicitudot?gx-no-cache=1522847188738 HTTP/1.1" 200 1231
190.100.93.40 - - [04/Apr/2018:10:07:21 -0300] "GET /cormun/servlet/solicitudot?95d793cee6ae5de4cb0523cdfde4dd5403ceffa9e168faa9c2ec9727d35bf776c3c73576b9f47801549cdc6263645a66,gx-no-cache=1522847191345 HTTP/1.1" 200 30
186.103.159.230 - - [04/Apr/2018:10:07:31 -0300] "GET /cormun/servlet/hpexe_return? HTTP/1.1" 200 981
186.103.159.230 - - [04/Apr/2018:10:07:32 -0300] "GET /cormun/servlet/hhome HTTP/1.1" 200 3404
186.103.159.230 - - [04/Apr/2018:10:07:32 -0300] "GET /cormun/servlet/hhome HTTP/1.1" 200 3399
186.103.159.187 - - [04/Apr/2018:10:07:32 -0300] "GET /cormun/servlet/solicitudot?3c8119edab9668b4160a0da12b486a4fe685d2922e01a66de2c403cf9d6286b91ac8402260521088b37fba7843b9553a4eb8c368519f5aa36b76ab3f523a3ed7,gx-no-cache=1522850883343 HTTP/1.1" 200 30
186.103.159.187 - - [04/Apr/2018:10:07:32 -0300] "GET /cormun/servlet/solicitudot?3c8119edab9668b4160a0da12b486a4f86ab61d471118e861329e728e28a20ab,gx-no-cache=1522850883477 HTTP/1.1" 200 29
186.103.159.230 - - [04/Apr/2018:10:07:33 -0300] "GET /cormun/servlet/hlogin HTTP/1.1" 200 1728
186.103.159.187 - - [04/Apr/2018:10:07:34 -0300] "POST /cormun/servlet/solicitudot?gx-no-cache=1522850885234 HTTP/1.1" 200 255
186.103.159.187 - - [04/Apr/2018:10:07:37 -0300] "GET /cormun/servlet/solicitudot?3c8119edab9668b4160a0da12b486a4fe407b8763db23788b9a8c310fb4c23b565690abb2b165e80e282bc9e9a8c417031049a3fe697c2d9ce0b06ab38ff63259dac9025de77faf6782ccadad5e52fb31c3910753b0fb28412029b94f8c85ae7febac94309edbc7cc8fb087beee54a00d43c5a4bda211ddce691ff7c55e5de9da5e21c2eb0a54ae20b293b99b15478831083503e4663568f5f49b157db427a9bffd2a88093a4b3ba66f69bd2a358c1cd6fccacae53cbbc271c2d867c8d5484b4e310e67b329ce37949b0ed67cc6a18bd03ff38262565576b40a5fe16548e6cc696da939c75d2d4f42ba18bdbe350c47469393f81fba98d4cbb19b16ad7d159f5a0703b5d00285a9624e9fe791f80d6fead3e44e5440c3a372d5ea1ac69be287d9490856aa6a7942b6b2fa5a8948aade07da7b7cc671b2a0ea11f23da72b5a1a2e585a0cca111813920c79e2b2f062d122f5cae8e361d87b330e0539bf2d0bcf616ec225709766ada76d799cc4271f1f82ee8bf9ee9001b8a13bfd7a8be071b69,gx-no-cache=1522850888003 HTTP/1.1" 200 30
190.100.93.40 - - [04/Apr/2018:10:07:41 -0300] "POST /cormun/servlet/solicitudot?gx-no-cache=1522847211538 HTTP/1.1" 200 33
186.103.159.230 - - [04/Apr/2018:10:07:53 -0300] "POST /cormun/servlet/hlogin?b4791178d2e50438c9a72d345b80c7ac,gx-no-cache=1522847224073 HTTP/1.1" 200 90
186.103.159.230 - - [04/Apr/2018:10:07:53 -0300] "GET /cormun/servlet/hpexe_link HTTP/1.1" 200 945
186.103.159.230 - - [04/Apr/2018:10:07:53 -0300] "GET /cormun/servlet/hhome HTTP/1.1" 200 4158
186.103.159.230 - - [04/Apr/2018:10:07:53 -0300] "GET /cormun/servlet/hhome HTTP/1.1" 200 4154
192.168.10.96 - - [04/Apr/2018:10:07:58 -0300] "GET /cormun/servlet/trsolicitudgral? HTTP/1.1" 200 12040
