200.73.230.197 - - [03/Apr/2018:15:45:27 -0300] "GET /cormun/servlet/trpermisosadjuntos?10979458,20180403093152,P, HTTP/1.1" 200 6695
200.73.230.197 - - [03/Apr/2018:15:45:28 -0300] "GET /cormun/servlet/trpermisosadjuntos?10979458,20180403093152,P, HTTP/1.1" 200 6692
200.73.230.197 - - [03/Apr/2018:15:45:32 -0300] "GET /cormun/servlet/trpermisosgoce? HTTP/1.1" 200 10232
200.73.230.197 - - [03/Apr/2018:15:45:34 -0300] "GET /cormun/servlet/trpermisosgoce? HTTP/1.1" 200 10231
200.73.230.197 - - [03/Apr/2018:15:45:45 -0300] "GET /cormun/servlet/trpermisosadjuntos?17235362,20180403092809,P, HTTP/1.1" 200 6236
200.73.230.197 - - [03/Apr/2018:15:45:46 -0300] "GET /cormun/servlet/trpermisosadjuntos?17235362,20180403092809,P, HTTP/1.1" 200 6236
200.73.230.197 - - [03/Apr/2018:15:45:49 -0300] "GET /cormun/servlet/permisosadjuntos?INS,17235362,P,20180403092809,, HTTP/1.1" 200 5567
200.73.230.197 - - [03/Apr/2018:15:45:49 -0300] "GET /cormun/static/about:blank HTTP/1.1" 404 1011
200.73.230.197 - - [03/Apr/2018:15:45:50 -0300] "GET /cormun/servlet/permisosadjuntos?INS,17235362,P,20180403092809,, HTTP/1.1" 200 5557
200.73.230.197 - - [03/Apr/2018:15:46:07 -0300] "POST /cormun/servlet/permisosadjuntos?4d5f77118cd2034f98232e41f2a655da,INS,17235362,P,20180403092809,, HTTP/1.1" 200 116
200.73.230.197 - - [03/Apr/2018:15:46:07 -0300] "GET /cormun/servlet/hpexe_return? HTTP/1.1" 200 1030
200.73.230.197 - - [03/Apr/2018:15:46:08 -0300] "GET /cormun/servlet/trpermisosadjuntos?17235362,20180403092809,P, HTTP/1.1" 200 6701
200.73.230.197 - - [03/Apr/2018:15:46:09 -0300] "GET /cormun/servlet/trpermisosadjuntos?17235362,20180403092809,P, HTTP/1.1" 200 6698
200.73.230.197 - - [03/Apr/2018:15:46:15 -0300] "GET /cormun/servlet/trpermisosgoce? HTTP/1.1" 200 10251
200.73.230.197 - - [03/Apr/2018:15:46:16 -0300] "GET /cormun/servlet/trpermisosgoce? HTTP/1.1" 200 10240
190.151.100.218 - - [03/Apr/2018:15:46:21 -0300] "POST /cormun/servlet/trautorizarsolicitud?2b42a88e69fdcd36f8da26e9172bc142,,gx-no-cache=1522781133771 HTTP/1.1" 200 4429
190.151.100.218 - - [03/Apr/2018:15:46:23 -0300] "POST /cormun/servlet/trautorizarsolicitud?2b42a88e69fdcd36f8da26e9172bc142,,gx-no-cache=1522781135362 HTTP/1.1" 200 4429
200.73.230.197 - - [03/Apr/2018:15:46:27 -0300] "POST /cormun/servlet/trpermisosgoce?4d5f77118cd2034f98232e41f2a655da,,gx-no-cache=1522781134289 HTTP/1.1" 200 7575
200.73.230.197 - - [03/Apr/2018:15:46:28 -0300] "GET /cormun/static/Shared/jqueryui/images/ui-bg_highlight-soft_100_c6c2c8_1x100.png HTTP/1.1" 404 1117
200.73.230.197 - - [03/Apr/2018:15:46:28 -0300] "GET /cormun/static/Shared/jqueryui/images/ui-icons_82798d_256x240.png HTTP/1.1" 404 1089
200.73.230.197 - - [03/Apr/2018:15:46:28 -0300] "GET /cormun/static/Shared/jqueryui/images/ui-icons_8d78a5_256x240.png HTTP/1.1" 404 1089
200.73.230.197 - - [03/Apr/2018:15:46:28 -0300] "GET /cormun/static/Shared/jqueryui/images/ui-bg_flat_55_fafafa_40x100.png HTTP/1.1" 404 1097
190.151.100.218 - - [03/Apr/2018:15:46:30 -0300] "POST /cormun/servlet/trautorizarsolicitud?2b42a88e69fdcd36f8da26e9172bc142,,gx-no-cache=1522781142578 HTTP/1.1" 200 5805
200.73.230.197 - - [03/Apr/2018:15:46:38 -0300] "POST /cormun/servlet/trpermisosgoce?4d5f77118cd2034f98232e41f2a655da,,gx-no-cache=1522781144378 HTTP/1.1" 200 7599
200.73.230.197 - - [03/Apr/2018:15:46:45 -0300] "POST /cormun/servlet/trpermisosgoce?4d5f77118cd2034f98232e41f2a655da,,gx-no-cache=1522781152249 HTTP/1.1" 200 7557
200.73.230.197 - - [03/Apr/2018:15:47:05 -0300] "GET /cormun/servlet/hlogin HTTP/1.1" 200 1716
200.73.230.197 - - [03/Apr/2018:15:47:20 -0300] "POST /cormun/servlet/hlogin?acada37a3f30e878876c90a2c42447d4,gx-no-cache=1522781186529 HTTP/1.1" 200 90
200.73.230.197 - - [03/Apr/2018:15:47:20 -0300] "GET /cormun/servlet/hpexe_link HTTP/1.1" 200 948
200.73.230.197 - - [03/Apr/2018:15:47:20 -0300] "GET /cormun/servlet/hhome HTTP/1.1" 200 4116
200.73.230.197 - - [03/Apr/2018:15:47:22 -0300] "GET /cormun/servlet/hhome HTTP/1.1" 200 4113
200.73.230.197 - - [03/Apr/2018:15:47:34 -0300] "GET /cormun/servlet/trautorizarsolicitud? HTTP/1.1" 200 7228
200.73.230.197 - - [03/Apr/2018:15:47:35 -0300] "GET /cormun/static/gxcfg.js?2017111423403364 HTTP/1.1" 304 -
200.73.230.197 - - [03/Apr/2018:15:47:36 -0300] "GET /cormun/servlet/trautorizarsolicitud? HTTP/1.1" 200 7227
200.73.230.197 - - [03/Apr/2018:15:47:44 -0300] "GET /cormun/servlet/trautorizarpermisogoce? HTTP/1.1" 200 8284
200.73.230.197 - - [03/Apr/2018:15:47:44 -0300] "GET /cormun/static/gxcfg.js?20177612165975 HTTP/1.1" 304 -
200.73.230.197 - - [03/Apr/2018:15:47:45 -0300] "GET /cormun/servlet/trautorizarpermisogoce? HTTP/1.1" 200 8283
200.73.230.197 - - [03/Apr/2018:15:47:56 -0300] "POST /cormun/servlet/trautorizarpermisogoce?acada37a3f30e878876c90a2c42447d4,,gx-no-cache=1522781222568 HTTP/1.1" 200 5367
200.73.230.197 - - [03/Apr/2018:15:47:56 -0300] "GET /cormun/static/Shared/jqueryui/images/ui-bg_highlight-soft_100_c6c2c8_1x100.png HTTP/1.1" 404 1117
200.73.230.197 - - [03/Apr/2018:15:47:56 -0300] "GET /cormun/static/Shared/jqueryui/images/ui-bg_flat_55_fafafa_40x100.png HTTP/1.1" 404 1097
200.73.230.197 - - [03/Apr/2018:15:47:56 -0300] "GET /cormun/static/Shared/jqueryui/images/ui-icons_82798d_256x240.png HTTP/1.1" 404 1089
200.73.230.197 - - [03/Apr/2018:15:47:56 -0300] "GET /cormun/static/Shared/jqueryui/images/ui-icons_8d78a5_256x240.png HTTP/1.1" 404 1089
200.73.230.197 - - [03/Apr/2018:15:47:59 -0300] "POST /cormun/servlet/trautorizarpermisogoce?acada37a3f30e878876c90a2c42447d4,,gx-no-cache=1522781225702 HTTP/1.1" 200 5117
200.73.230.197 - - [03/Apr/2018:15:48:00 -0300] "POST /cormun/servlet/trautorizarpermisogoce?acada37a3f30e878876c90a2c42447d4,,gx-no-cache=1522781227439 HTTP/1.1" 200 4353
190.151.100.218 - - [03/Apr/2018:15:49:01 -0300] "POST /cormun/servlet/trautorizarsolicitud?2b42a88e69fdcd36f8da26e9172bc142,,gx-no-cache=1522781293114 HTTP/1.1" 200 6762
186.103.159.182 - - [03/Apr/2018:15:49:47 -0300] "GET /cormun/servlet/prfichaempleado?,MD,,gxPopupLevel%3D0%3B HTTP/1.1" 200 9434
186.103.159.182 - - [03/Apr/2018:15:49:54 -0300] "POST /cormun/servlet/prfichaempleado?49e564a2ba0b1df5d82c483273adcb85,,MD,,gxPopupLevel%3D0%3B,gx-no-cache=1522781342199 HTTP/1.1" 200 3419
186.103.159.182 - - [03/Apr/2018:15:49:58 -0300] "POST /cormun/servlet/solicitudot?gx-no-cache=1522781345416 HTTP/1.1" 200 3501
186.103.159.182 - - [03/Apr/2018:15:49:58 -0300] "GET /cormun/static/Shared/jqueryui/images/ui-bg_highlight-soft_100_c6c2c8_1x100.png HTTP/1.1" 404 1117
186.103.159.182 - - [03/Apr/2018:15:49:58 -0300] "GET /cormun/static/Shared/jqueryui/images/ui-icons_ebccce_256x240.png HTTP/1.1" 404 1089
186.103.159.182 - - [03/Apr/2018:15:49:58 -0300] "GET /cormun/static/Shared/jqueryui/images/ui-icons_82798d_256x240.png HTTP/1.1" 404 1089
186.103.159.182 - - [03/Apr/2018:15:49:58 -0300] "GET /cormun/static/Shared/jqueryui/images/ui-bg_flat_55_994d53_40x100.png HTTP/1.1" 404 1097
186.103.159.182 - - [03/Apr/2018:15:49:58 -0300] "GET /cormun/servlet/solicitudot?95545c79e52c2673bff4e029ffeffe399136e37b6cfec207252e9a91a4dfb7c61fe9f39b018ff59fedd0050a3369f154,gx-no-cache=1522781345611 HTTP/1.1" 200 111
186.103.159.182 - - [03/Apr/2018:15:50:07 -0300] "GET /cormun/servlet/solicitudot?95545c79e52c2673bff4e029ffeffe3984562f7e0946890f32133235bae566bbe3629ae8457e010a18ea406d888f0a79,gx-no-cache=1522781354781 HTTP/1.1" 200 30
186.103.159.182 - - [03/Apr/2018:15:50:18 -0300] "GET /cormun/servlet/prfichaempleado?,MD,,gxPopupLevel%3D0%3B HTTP/1.1" 200 9434
186.103.159.182 - - [03/Apr/2018:15:50:24 -0300] "POST /cormun/servlet/prfichaempleado?49e564a2ba0b1df5d82c483273adcb85,,MD,,gxPopupLevel%3D0%3B,gx-no-cache=1522781372103 HTTP/1.1" 200 3419
186.103.159.182 - - [03/Apr/2018:15:50:28 -0300] "POST /cormun/servlet/solicitudot?gx-no-cache=1522781375781 HTTP/1.1" 200 3501
186.103.159.182 - - [03/Apr/2018:15:50:28 -0300] "GET /cormun/servlet/solicitudot?95545c79e52c2673bff4e029ffeffe399136e37b6cfec207252e9a91a4dfb7c62d4f5b78c41718d87ba84ae08f9fa155,gx-no-cache=1522781375920 HTTP/1.1" 200 111
186.103.157.98 - - [03/Apr/2018:15:50:39 -0300] "GET /cormun/servlet/hlogin HTTP/1.1" 200 1721
186.103.157.98 - - [03/Apr/2018:15:50:57 -0300] "POST /cormun/servlet/hlogin?dcbae2def733f0b69dba0a9cd28a4218,gx-no-cache=1522781404645 HTTP/1.1" 200 90
186.103.157.98 - - [03/Apr/2018:15:50:57 -0300] "GET /cormun/servlet/hpexe_link HTTP/1.1" 200 948
186.103.157.98 - - [03/Apr/2018:15:50:57 -0300] "GET /cormun/servlet/hhome HTTP/1.1" 200 4248
186.103.157.98 - - [03/Apr/2018:15:50:57 -0300] "GET /cormun/servlet/hhome HTTP/1.1" 200 4245
186.103.159.182 - - [03/Apr/2018:15:51:00 -0300] "GET /cormun/servlet/trsolicitudot? HTTP/1.1" 200 7472
186.103.159.182 - - [03/Apr/2018:15:51:02 -0300] "GET /cormun/servlet/trsolicitudot? HTTP/1.1" 200 7471
186.103.157.98 - - [03/Apr/2018:15:51:02 -0300] "GET /cormun/servlet/trsolicitudot? HTTP/1.1" 200 7466
186.103.157.98 - - [03/Apr/2018:15:51:03 -0300] "GET /cormun/servlet/trsolicitudot? HTTP/1.1" 200 7465
186.103.157.98 - - [03/Apr/2018:15:51:11 -0300] "GET /cormun/servlet/trcontratounov2? HTTP/1.1" 200 17714
186.103.157.98 - - [03/Apr/2018:15:51:12 -0300] "GET /cormun/servlet/trcontratounov2? HTTP/1.1" 200 17700
186.103.157.98 - - [03/Apr/2018:15:51:30 -0300] "GET /cormun/servlet/trsolicitudot? HTTP/1.1" 200 7466
186.103.157.98 - - [03/Apr/2018:15:51:30 -0300] "GET /cormun/servlet/trsolicitudot? HTTP/1.1" 200 7465
186.103.157.98 - - [03/Apr/2018:15:51:34 -0300] "GET /cormun/servlet/solicitudot?INS,0,0, HTTP/1.1" 200 13691
186.103.157.98 - - [03/Apr/2018:15:51:34 -0300] "GET /cormun/servlet/solicitudot?INS,0,0, HTTP/1.1" 200 13696
186.103.159.44 - - [03/Apr/2018:15:51:36 -0300] "POST /cormun/servlet/solicitudot?c290c7bdd237ae9379a704fb52e4e7b6,INS,0,0,,gx-no-cache=1522781444504 HTTP/1.1" 200 93
186.103.159.44 - - [03/Apr/2018:15:51:36 -0300] "GET /cormun/servlet/hpexe_return? HTTP/1.1" 200 999
186.103.159.44 - - [03/Apr/2018:15:51:36 -0300] "GET /cormun/static/gxcfg.js?2016101716175148 HTTP/1.1" 200 953
186.103.159.44 - - [03/Apr/2018:15:51:36 -0300] "GET /cormun/static/hpexe_return.js?2016101716175153 HTTP/1.1" 200 1633
186.103.159.44 - - [03/Apr/2018:15:51:36 -0300] "GET /cormun/static/Resources/Spanish/PXTools.css?167811 HTTP/1.1" 200 89042
186.103.159.44 - - [03/Apr/2018:15:51:37 -0300] "GET /cormun/servlet/trsolicitudot HTTP/1.1" 200 7358
186.103.157.98 - - [03/Apr/2018:15:52:07 -0300] "POST /cormun/servlet/solicitudot?gx-no-cache=1522781475195 HTTP/1.1" 200 3387
186.103.157.98 - - [03/Apr/2018:15:52:08 -0300] "POST /cormun/servlet/solicitudot?dcbae2def733f0b69dba0a9cd28a4218,INS,0,0,,gx-no-cache=1522781475548 HTTP/1.1" 200 10555
186.103.157.98 - - [03/Apr/2018:15:52:12 -0300] "GET /cormun/servlet/solicitudot?0725354925f1ff32b52ce7ca0e88877be2c71bd960517d8f93af11e3eb565321bfd3669275281b42e94cc3a167c1f242,gx-no-cache=1522781480210 HTTP/1.1" 200 30
186.103.157.98 - - [03/Apr/2018:15:52:12 -0300] "GET /cormun/servlet/solicitudot?0725354925f1ff32b52ce7ca0e88877bbcdbee107bf90c244c648377a64d6d9e859565b36ff72e979870e99adb0e4dc6,gx-no-cache=1522781480283 HTTP/1.1" 200 103
186.103.157.98 - - [03/Apr/2018:15:52:12 -0300] "GET /cormun/static/Shared/jqueryui/images/ui-bg_highlight-soft_100_c6c2c8_1x100.png HTTP/1.1" 404 1117
186.103.157.98 - - [03/Apr/2018:15:52:12 -0300] "GET /cormun/static/Shared/jqueryui/images/ui-icons_82798d_256x240.png HTTP/1.1" 404 1089
186.103.157.98 - - [03/Apr/2018:15:52:12 -0300] "GET /cormun/static/Shared/jqueryui/images/ui-icons_ebccce_256x240.png HTTP/1.1" 404 1089
186.103.157.98 - - [03/Apr/2018:15:52:12 -0300] "GET /cormun/static/Shared/jqueryui/images/ui-bg_flat_55_994d53_40x100.png HTTP/1.1" 404 1097
186.103.157.98 - - [03/Apr/2018:15:52:12 -0300] "GET /cormun/servlet/solicitudot?0725354925f1ff32b52ce7ca0e88877b6dbf0eef59779b0636a0078236cefccd,gx-no-cache=1522781480448 HTTP/1.1" 200 51
186.103.157.98 - - [03/Apr/2018:15:52:13 -0300] "POST /cormun/servlet/solicitudot?gx-no-cache=1522781480511 HTTP/1.1" 200 297
186.103.157.98 - - [03/Apr/2018:15:52:13 -0300] "GET /cormun/servlet/solicitudot?0725354925f1ff32b52ce7ca0e88877bdf7341c6ba30e2f584ebad9e2ad3047be51be9102d03f33f8a813107a2962ddf060e3cc80739e7bddcdad6af7c07234d73a98308cda53fbcea84b76e988ae8e2508289d7be4ee6c339051fbc6d2b06461f8efee79dd380592a70e8e98153ef3ea82abf41cd667da5bfaa909223bfa551f82d5bfd8107d3338a4800a15bb4580ea8dcb776d3afa135271157972573121183f3f38226e6e70de1eb19f19de31e5ca9018fb31a3b42dd2647129059e1a831655a506a47f4a7ba92fd3eb04250ef77deeb61279e76b09d3e55f2b2cebb31e593f403bbab8083861f4ac19779db07947aa66b333b03cea8295e1ab9c6ef9c0ce041e8b8838a7988c89ef69d1b11048bfc1af5e9090d80c1472882b88410bf85f8e84d7f54bd817f7799fb748be134103347af1d3f46f5b11013937941bf2659dd2388991bd141dac8b1a93e8066ee9ae1ecb9322ad4a313db4aad0204c8b51d9fe690b00648a81e8159cb9f627fd4be29c698ff906d26f5b15a221dfb9ff38b0a35e00437c4025c188b2673d1b12079,gx-no-cache=1522781480595 HTTP/1.1" 200 30
186.103.132.155 - - [03/Apr/2018:15:52:19 -0300] "POST /cormun/servlet/trautorizarsolicitud?2b42a88e69fdcd36f8da26e9172bc142,,gx-no-cache=1522781491188 HTTP/1.1" 200 7366
186.67.164.142 - - [03/Apr/2018:15:52:22 -0300] "POST /cormun/servlet/trsolicitudot?78bed5fad29c0cad0de36f12c733fb97,,gx-no-cache=1522781487361 HTTP/1.1" 200 5917
186.103.132.155 - - [03/Apr/2018:15:52:26 -0300] "POST /cormun/servlet/trautorizarsolicitud?2b42a88e69fdcd36f8da26e9172bc142,,gx-no-cache=1522781497747 HTTP/1.1" 200 5803
186.103.157.98 - - [03/Apr/2018:15:52:37 -0300] "POST /cormun/servlet/solicitudot?gx-no-cache=1522781505144 HTTP/1.1" 200 30
186.103.157.98 - - [03/Apr/2018:15:52:41 -0300] "GET /cormun/servlet/prcontratosol?9639700,,,,,MD,,gxPopupLevel%3D0%3B HTTP/1.1" 200 8048
186.103.157.98 - - [03/Apr/2018:15:52:41 -0300] "GET /cormun/static/gxcfg.js?201761413223964 HTTP/1.1" 304 -
186.103.157.98 - - [03/Apr/2018:15:52:47 -0300] "POST /cormun/servlet/solicitudot?gx-no-cache=1522781514769 HTTP/1.1" 200 1353
186.103.157.98 - - [03/Apr/2018:15:52:47 -0300] "POST /cormun/servlet/solicitudot?gx-no-cache=1522781514830 HTTP/1.1" 200 38
186.103.157.98 - - [03/Apr/2018:15:52:47 -0300] "GET /cormun/servlet/solicitudot?0725354925f1ff32b52ce7ca0e88877ba9f1f3232ddff110c17861674269249989ea3207df58c8b19907b5e2c75f5546ebaec9a619b53c085ffa55ed28cbf179e900a1039ae73c0994bd1abcc44193369df9a18fe8f717dac4b83dbea5160e49123559def77bd73780b1203ed5bfb7eb,gx-no-cache=1522781514878 HTTP/1.1" 200 29
186.103.157.98 - - [03/Apr/2018:15:52:47 -0300] "POST /cormun/servlet/solicitudot?gx-no-cache=1522781514912 HTTP/1.1" 200 1335
186.103.157.98 - - [03/Apr/2018:15:52:47 -0300] "POST /cormun/servlet/solicitudot?gx-no-cache=1522781515012 HTTP/1.1" 200 1231
186.103.157.98 - - [03/Apr/2018:15:52:47 -0300] "GET /cormun/servlet/solicitudot?0725354925f1ff32b52ce7ca0e88877b3a38dc092c29e0fddbe7d7aab0242658341b327977eccca43c6442748da360f9,gx-no-cache=1522781515076 HTTP/1.1" 200 134
186.79.43.189 - - [03/Apr/2018:15:52:52 -0300] "GET /cormun/servlet/hlogin HTTP/1.1" 200 1736
186.103.157.98 - - [03/Apr/2018:15:53:11 -0300] "POST /cormun/servlet/solicitudot?gx-no-cache=1522781538515 HTTP/1.1" 200 1335
186.103.157.98 - - [03/Apr/2018:15:53:11 -0300] "POST /cormun/servlet/solicitudot?gx-no-cache=1522781538643 HTTP/1.1" 200 1231
186.103.157.98 - - [03/Apr/2018:15:53:11 -0300] "GET /cormun/static/menuarrow.gif HTTP/1.1" 404 1015
186.103.157.98 - - [03/Apr/2018:15:53:14 -0300] "POST /cormun/servlet/solicitudot?gx-no-cache=1522781542248 HTTP/1.1" 200 1335
186.103.157.98 - - [03/Apr/2018:15:53:14 -0300] "POST /cormun/servlet/solicitudot?gx-no-cache=1522781542320 HTTP/1.1" 200 1231
186.103.157.98 - - [03/Apr/2018:15:53:33 -0300] "GET /cormun/servlet/solicitudot?0725354925f1ff32b52ce7ca0e88877bd8aa623e124e7f04893428f7309eab04b3da20991cf270d547a0132fdbac4301,gx-no-cache=1522781561120 HTTP/1.1" 200 134
191.126.29.132 - - [03/Apr/2018:15:53:42 -0300] "POST /cormun/servlet/hlogin?e1bd3c1b59b244bc4e920d33d22024b4,gx-no-cache=1522781778682 HTTP/1.1" 440 972
191.126.29.132 - - [03/Apr/2018:15:53:44 -0300] "GET /cormun/servlet/hlogin HTTP/1.1" 200 1732
191.126.29.132 - - [03/Apr/2018:15:53:47 -0300] "POST /cormun/servlet/hlogin?af2145e9eae4d25d568e7904649cbd3f,gx-no-cache=1522781782920 HTTP/1.1" 200 90
191.126.29.132 - - [03/Apr/2018:15:53:47 -0300] "GET /cormun/servlet/hpexe_link HTTP/1.1" 200 952
191.126.29.132 - - [03/Apr/2018:15:53:47 -0300] "GET /cormun/servlet/hhome HTTP/1.1" 200 4498
191.126.29.132 - - [03/Apr/2018:15:53:49 -0300] "GET /cormun/servlet/hhome HTTP/1.1" 200 4494
191.126.29.132 - - [03/Apr/2018:15:53:55 -0300] "GET /cormun/servlet/trsolicitudgral? HTTP/1.1" 200 28179
186.103.157.98 - - [03/Apr/2018:15:53:55 -0300] "GET /cormun/servlet/solicitudot?0725354925f1ff32b52ce7ca0e88877b293bd697a82b3283f042f55c5af2d584b3da20991cf270d547a0132fdbac4301,gx-no-cache=1522781582647 HTTP/1.1" 200 30
191.126.29.132 - - [03/Apr/2018:15:53:57 -0300] "GET /cormun/servlet/trsolicitudgral? HTTP/1.1" 200 28177
191.126.29.132 - - [03/Apr/2018:15:54:01 -0300] "GET /cormun/static/menuarrow.gif HTTP/1.1" 404 1015
186.79.8.35 - - [03/Apr/2018:15:54:11 -0300] "GET /cormun/servlet/hlogin HTTP/1.1" 200 1721
186.103.157.98 - - [03/Apr/2018:15:54:12 -0300] "POST /cormun/servlet/solicitudot?gx-no-cache=1522781600233 HTTP/1.1" 200 137
186.79.8.35 - - [03/Apr/2018:15:54:15 -0300] "POST /cormun/servlet/hlogin?0dfad107d8da64ad920b4b6f5ba1cfc8,gx-no-cache=1522781602310 HTTP/1.1" 200 90
186.79.8.35 - - [03/Apr/2018:15:54:15 -0300] "GET /cormun/servlet/hpexe_link HTTP/1.1" 200 953
186.79.8.35 - - [03/Apr/2018:15:54:16 -0300] "GET /cormun/servlet/hhome HTTP/1.1" 200 3934
186.79.8.35 - - [03/Apr/2018:15:54:16 -0300] "GET /cormun/servlet/hhome HTTP/1.1" 200 3930
186.79.8.35 - - [03/Apr/2018:15:54:19 -0300] "GET /cormun/servlet/trsolicitudot? HTTP/1.1" 200 8525
186.79.8.35 - - [03/Apr/2018:15:54:20 -0300] "GET /cormun/servlet/trsolicitudot? HTTP/1.1" 200 8523
186.79.8.35 - - [03/Apr/2018:15:54:23 -0300] "GET /cormun/servlet/solicitudot?INS,0,0, HTTP/1.1" 200 13384
186.79.8.35 - - [03/Apr/2018:15:54:24 -0300] "GET /cormun/servlet/solicitudot?INS,0,0, HTTP/1.1" 200 13389
191.126.29.132 - - [03/Apr/2018:15:54:42 -0300] "POST /cormun/servlet/trsolicitudgral?af2145e9eae4d25d568e7904649cbd3f,,gx-no-cache=1522781837352 HTTP/1.1" 200 13589
186.79.8.35 - - [03/Apr/2018:15:55:09 -0300] "POST /cormun/servlet/solicitudot?gx-no-cache=1522781655764 HTTP/1.1" 200 3400
186.79.8.35 - - [03/Apr/2018:15:55:10 -0300] "POST /cormun/servlet/solicitudot?0dfad107d8da64ad920b4b6f5ba1cfc8,INS,0,0,,gx-no-cache=1522781656946 HTTP/1.1" 200 10378
186.103.157.98 - - [03/Apr/2018:15:55:17 -0300] "POST /cormun/servlet/solicitudot?gx-no-cache=1522781664800 HTTP/1.1" 200 105
186.79.8.35 - - [03/Apr/2018:15:55:18 -0300] "GET /cormun/servlet/solicitudot?b0c656b0b3170d07862675ea69ee82727a51452cf51b67ea1c0b054b7910d7489571c0f56b5606bcad516e910403a671,gx-no-cache=1522781665534 HTTP/1.1" 200 30
186.79.8.35 - - [03/Apr/2018:15:55:18 -0300] "GET /cormun/servlet/solicitudot?b0c656b0b3170d07862675ea69ee827209f053260006c7d02bff047a82ae553ec4f511ee2d2b69db2c83b394de533dde1cf1909e2e9cd9c6f322800106f6bb5b,gx-no-cache=1522781665704 HTTP/1.1" 200 30
186.79.8.35 - - [03/Apr/2018:15:55:18 -0300] "GET /cormun/servlet/solicitudot?b0c656b0b3170d07862675ea69ee82729282b98426c537e6d2ef8d8b073341c3,gx-no-cache=1522781665794 HTTP/1.1" 200 51
186.79.8.35 - - [03/Apr/2018:15:55:18 -0300] "POST /cormun/servlet/solicitudot?gx-no-cache=1522781665881 HTTP/1.1" 200 255
186.79.8.35 - - [03/Apr/2018:15:55:19 -0300] "GET /cormun/servlet/solicitudot?b0c656b0b3170d07862675ea69ee827236c75c2c47077e15ea2224fa85713270eac393fa39f765b87b7345338683a11670db6711be13bbe94a73ba226d70653ed56559ee5a155f00d4affaa5eeb0acf9f0613e7dd00e79df1bb5c89db080e9251c8d6ee6661ccc0e0106cd897672e0ea9c957668ded0de1f2a319e6f71bc9d2f8b78b0f0d0bff5715465db0741d80cf9dd8f31ec4a127cd2c924b332f36ad12776a3d03c709293fdbf68c582e5f231173f7e5787e4c4bdabfc0fa8e1a0f821eef3748438eca03abb7bce2553d5537498f5bc6c157fe06d1379ba05c7ca0abecdf09820dee0792058ce287571340a32153b7898e1aeae9a07c912c723c313319ae56632b7e166f78fbadf632fadf3339f655fd3b8f4574a9434ea26946fda0da5fb22f7365488dc6f87de3c02558b736232415299a8609f20ea0d509ea4a1dc2ed6752591adc59ffd2cf4921a7e822963fc143f9282f66519168dbd2062ad834cbdab055175d561ee96c00e4d3aa2c758add2285a3cb0798d0c2a47198f00e5ee,gx-no-cache=1522781666021 HTTP/1.1" 200 30
186.79.8.35 - - [03/Apr/2018:15:55:24 -0300] "POST /cormun/servlet/solicitudot?gx-no-cache=1522781671078 HTTP/1.1" 200 30
186.79.8.35 - - [03/Apr/2018:15:55:27 -0300] "POST /cormun/servlet/solicitudot?gx-no-cache=1522781674277 HTTP/1.1" 200 1353
186.79.8.35 - - [03/Apr/2018:15:55:27 -0300] "POST /cormun/servlet/solicitudot?gx-no-cache=1522781674463 HTTP/1.1" 200 38
186.103.157.98 - - [03/Apr/2018:15:55:51 -0300] "POST /cormun/servlet/solicitudot?gx-no-cache=1522781699154 HTTP/1.1" 200 33
186.79.8.35 - - [03/Apr/2018:15:58:33 -0300] "POST /cormun/servlet/solicitudot?0dfad107d8da64ad920b4b6f5ba1cfc8,INS,0,0,,gx-no-cache=1522781858624 HTTP/1.1" 200 11723
186.79.8.35 - - [03/Apr/2018:15:58:33 -0300] "GET /cormun/static/Shared/jqueryui/images/ui-bg_highlight-soft_100_c6c2c8_1x100.png HTTP/1.1" 404 1117
186.79.8.35 - - [03/Apr/2018:15:58:33 -0300] "GET /cormun/static/Shared/jqueryui/images/ui-icons_82798d_256x240.png HTTP/1.1" 404 1089
186.79.8.35 - - [03/Apr/2018:15:58:34 -0300] "GET /cormun/static/Shared/jqueryui/images/ui-icons_ebccce_256x240.png HTTP/1.1" 404 1089
186.79.8.35 - - [03/Apr/2018:15:58:34 -0300] "GET /cormun/static/Shared/jqueryui/images/ui-bg_flat_55_994d53_40x100.png HTTP/1.1" 404 1097
186.79.8.35 - - [03/Apr/2018:15:58:35 -0300] "POST /cormun/servlet/solicitudot?0dfad107d8da64ad920b4b6f5ba1cfc8,INS,0,0,,gx-no-cache=1522781860548 HTTP/1.1" 200 11774
186.103.157.98 - - [03/Apr/2018:15:58:42 -0300] "POST /cormun/servlet/solicitudot?dcbae2def733f0b69dba0a9cd28a4218,INS,0,0,,gx-no-cache=1522781869605 HTTP/1.1" 200 12036
186.103.157.98 - - [03/Apr/2018:15:59:08 -0300] "GET /cormun/servlet/solicitudot?0725354925f1ff32b52ce7ca0e88877b809ece4f39e68c7fdb7c2a579360ba4ffb1b2459994dd53ad38845c082d5bed0,gx-no-cache=1522781896272 HTTP/1.1" 200 30
186.103.157.98 - - [03/Apr/2018:15:59:08 -0300] "POST /cormun/servlet/solicitudot?gx-no-cache=1522781896316 HTTP/1.1" 200 297
186.103.157.98 - - [03/Apr/2018:15:59:08 -0300] "GET /cormun/servlet/solicitudot?0725354925f1ff32b52ce7ca0e88877bdf7341c6ba30e2f584ebad9e2ad3047be51be9102d03f33f8a813107a2962ddf060e3cc80739e7bddcdad6af7c07234d73a98308cda53fbcea84b76e988ae8e2508289d7be4ee6c339051fbc6d2b06461f8efee79dd380592a70e8e98153ef3ea82abf41cd667da5bfaa909223bfa551f82d5bfd8107d3338a4800a15bb4580ea8dcb776d3afa135271157972573121183f3f38226e6e70de1eb19f19de31e5ca9018fb31a3b42dd2647129059e1a831655a506a47f4a7ba92fd3eb04250ef77deeb61279e76b09d3e55f2b2cebb31e593f403bbab8083861f4ac19779db07947aa66b333b03cea8295e1ab9c6ef9c0ce041e8b8838a7988c89ef69d1b11048bfc1af5e9090d80c1472882b88410bf85f8e84d7f54bd817f7799fb748be134103347af1d3f46f5b11013937941bf2659dd2388991bd141dac8b1a93e8066ee9ae1ecb9322ad4a313db4aad0204c8b51d9fe690b00648a81e8159cb9f627fd4be92d0a65d97d380ff5f4eba3f8f97f85f0a35e00437c4025c188b2673d1b12079,gx-no-cache=1522781896364 HTTP/1.1" 200 30
186.103.157.98 - - [03/Apr/2018:15:59:08 -0300] "POST /cormun/servlet/solicitudot?gx-no-cache=1522781896436 HTTP/1.1" 200 30
186.103.157.98 - - [03/Apr/2018:15:59:09 -0300] "POST /cormun/servlet/solicitudot?gx-no-cache=1522781896491 HTTP/1.1" 200 1353
186.103.157.98 - - [03/Apr/2018:15:59:09 -0300] "POST /cormun/servlet/solicitudot?gx-no-cache=1522781896571 HTTP/1.1" 200 41
186.103.157.98 - - [03/Apr/2018:15:59:09 -0300] "POST /cormun/servlet/solicitudot?gx-no-cache=1522781896607 HTTP/1.1" 200 1335
186.103.157.98 - - [03/Apr/2018:15:59:09 -0300] "POST /cormun/servlet/solicitudot?gx-no-cache=1522781896672 HTTP/1.1" 200 1231
186.103.157.98 - - [03/Apr/2018:15:59:09 -0300] "GET /cormun/servlet/solicitudot?0725354925f1ff32b52ce7ca0e88877b293bd697a82b3283f042f55c5af2d584b3da20991cf270d547a0132fdbac4301,gx-no-cache=1522781896725 HTTP/1.1" 200 30
186.103.157.98 - - [03/Apr/2018:15:59:09 -0300] "POST /cormun/servlet/solicitudot?gx-no-cache=1522781896767 HTTP/1.1" 200 33
186.103.157.98 - - [03/Apr/2018:15:59:09 -0300] "POST /cormun/servlet/solicitudot?dcbae2def733f0b69dba0a9cd28a4218,INS,0,0,,gx-no-cache=1522781896824 HTTP/1.1" 200 12094
186.103.157.98 - - [03/Apr/2018:15:59:34 -0300] "GET /cormun/servlet/solicitudot?0725354925f1ff32b52ce7ca0e88877b704cfc770c87fa28c8bec886f6b5f572af1bad5cc326d0b6d95044be131fc9800a35e00437c4025c188b2673d1b12079,gx-no-cache=1522781921672 HTTP/1.1" 200 30
186.103.157.98 - - [03/Apr/2018:15:59:34 -0300] "POST /cormun/servlet/solicitudot?gx-no-cache=1522781921707 HTTP/1.1" 200 297
186.103.157.98 - - [03/Apr/2018:15:59:34 -0300] "GET /cormun/servlet/solicitudot?0725354925f1ff32b52ce7ca0e88877bdf7341c6ba30e2f584ebad9e2ad3047be51be9102d03f33f8a813107a2962ddf060e3cc80739e7bddcdad6af7c07234d73a98308cda53fbcea84b76e988ae8e2508289d7be4ee6c339051fbc6d2b06461f8efee79dd380592a70e8e98153ef3ea82abf41cd667da5bfaa909223bfa551f82d5bfd8107d3338a4800a15bb4580ea8dcb776d3afa135271157972573121183f3f38226e6e70de1eb19f19de31e5ca9018fb31a3b42dd2647129059e1a831655a506a47f4a7ba92fd3eb04250ef77deeb61279e76b09d3e55f2b2cebb31e593f403bbab8083861f4ac19779db07947aa66b333b03cea8295e1ab9c6ef9c0ce041e8b8838a7988c89ef69d1b11048bfc1af5e9090d80c1472882b88410bf85f8e84d7f54bd817f7799fb748be134103347af1d3f46f5b11013937941bf2659dd2388991bd141dac8b1a93e8066ee9ae1ecb9322ad4a313db4aad0204c8b51d9fe690b00648a81e8159cb9f627fd4be92d0a65d97d380ff5f4eba3f8f97f85f0a35e00437c4025c188b2673d1b12079,gx-no-cache=1522781921753 HTTP/1.1" 200 30
186.103.157.98 - - [03/Apr/2018:15:59:34 -0300] "POST /cormun/servlet/solicitudot?gx-no-cache=1522781922091 HTTP/1.1" 200 30
186.103.157.98 - - [03/Apr/2018:15:59:34 -0300] "POST /cormun/servlet/solicitudot?gx-no-cache=1522781922138 HTTP/1.1" 200 1353
186.103.157.98 - - [03/Apr/2018:15:59:34 -0300] "POST /cormun/servlet/solicitudot?gx-no-cache=1522781922212 HTTP/1.1" 200 41
186.103.157.98 - - [03/Apr/2018:15:59:34 -0300] "POST /cormun/servlet/solicitudot?gx-no-cache=1522781922248 HTTP/1.1" 200 1335
186.103.157.98 - - [03/Apr/2018:15:59:34 -0300] "POST /cormun/servlet/solicitudot?gx-no-cache=1522781922318 HTTP/1.1" 200 1231
186.103.157.98 - - [03/Apr/2018:15:59:34 -0300] "GET /cormun/servlet/solicitudot?0725354925f1ff32b52ce7ca0e88877b293bd697a82b3283f042f55c5af2d584b3da20991cf270d547a0132fdbac4301,gx-no-cache=1522781922369 HTTP/1.1" 200 30
186.103.157.98 - - [03/Apr/2018:15:59:34 -0300] "POST /cormun/servlet/solicitudot?gx-no-cache=1522781922398 HTTP/1.1" 200 33
186.103.157.98 - - [03/Apr/2018:15:59:35 -0300] "POST /cormun/servlet/solicitudot?dcbae2def733f0b69dba0a9cd28a4218,INS,0,0,,gx-no-cache=1522781922466 HTTP/1.1" 200 12143
186.103.157.98 - - [03/Apr/2018:15:59:44 -0300] "POST /cormun/servlet/solicitudot?dcbae2def733f0b69dba0a9cd28a4218,INS,0,0,,gx-no-cache=1522781931978 HTTP/1.1" 200 12207
186.103.157.98 - - [03/Apr/2018:16:00:12 -0300] "GET /cormun/servlet/solicitudot?0725354925f1ff32b52ce7ca0e88877b704cfc770c87fa28c8bec886f6b5f572395b0b7b1f4589e0bd57cbc3f905324c6156685742e9202766e7e89f0a056146,gx-no-cache=1522781959496 HTTP/1.1" 200 30
186.103.157.98 - - [03/Apr/2018:16:00:12 -0300] "POST /cormun/servlet/solicitudot?gx-no-cache=1522781959564 HTTP/1.1" 200 297
186.103.157.98 - - [03/Apr/2018:16:00:12 -0300] "GET /cormun/servlet/solicitudot?0725354925f1ff32b52ce7ca0e88877bdf7341c6ba30e2f584ebad9e2ad3047be51be9102d03f33f8a813107a2962ddf060e3cc80739e7bddcdad6af7c07234d73a98308cda53fbcea84b76e988ae8e2508289d7be4ee6c339051fbc6d2b06461f8efee79dd380592a70e8e98153ef3ea82abf41cd667da5bfaa909223bfa551f82d5bfd8107d3338a4800a15bb4580ea8dcb776d3afa135271157972573121183f3f38226e6e70de1eb19f19de31e5ca9018fb31a3b42dd2647129059e1a831655a506a47f4a7ba92fd3eb04250ef77deeb61279e76b09d3e55f2b2cebb31e593f403bbab8083861f4ac19779db07947aa66b333b03cea8295e1ab9c6ef9c0ce041e8b8838a7988c89ef69d1b11048bfc1af5e9090d80c1472882b88410bf85f8e84d7f54bd817f7799fb748be134103347af1d3f46f5b11013937941bf2659dd2388991bd141dac8b1a93e8066ee9ae1ecb9322ad4a313db4aad0204c8b51d9fe690b00648a81e8159cb9f627fd4be92d0a65d97d380ff5f4eba3f8f97f85f0a35e00437c4025c188b2673d1b12079,gx-no-cache=1522781959646 HTTP/1.1" 200 30
186.103.157.98 - - [03/Apr/2018:16:00:12 -0300] "POST /cormun/servlet/solicitudot?gx-no-cache=1522781960030 HTTP/1.1" 200 30
186.103.157.98 - - [03/Apr/2018:16:00:12 -0300] "POST /cormun/servlet/solicitudot?gx-no-cache=1522781960076 HTTP/1.1" 200 1353
186.103.157.98 - - [03/Apr/2018:16:00:12 -0300] "POST /cormun/servlet/solicitudot?gx-no-cache=1522781960150 HTTP/1.1" 200 41
186.103.157.98 - - [03/Apr/2018:16:00:12 -0300] "POST /cormun/servlet/solicitudot?gx-no-cache=1522781960194 HTTP/1.1" 200 1335
186.103.157.98 - - [03/Apr/2018:16:00:12 -0300] "POST /cormun/servlet/solicitudot?gx-no-cache=1522781960282 HTTP/1.1" 200 1231
186.103.157.98 - - [03/Apr/2018:16:00:12 -0300] "GET /cormun/servlet/solicitudot?0725354925f1ff32b52ce7ca0e88877b293bd697a82b3283f042f55c5af2d584b3da20991cf270d547a0132fdbac4301,gx-no-cache=1522781960342 HTTP/1.1" 200 30
186.103.157.98 - - [03/Apr/2018:16:00:12 -0300] "POST /cormun/servlet/solicitudot?gx-no-cache=1522781960382 HTTP/1.1" 200 33
186.103.157.98 - - [03/Apr/2018:16:00:13 -0300] "POST /cormun/servlet/solicitudot?dcbae2def733f0b69dba0a9cd28a4218,INS,0,0,,gx-no-cache=1522781960450 HTTP/1.1" 200 12273
186.103.157.98 - - [03/Apr/2018:16:00:19 -0300] "POST /cormun/servlet/solicitudot?dcbae2def733f0b69dba0a9cd28a4218,INS,0,0,,gx-no-cache=1522781967057 HTTP/1.1" 200 12334
186.103.157.98 - - [03/Apr/2018:16:00:22 -0300] "POST /cormun/servlet/solicitudot?dcbae2def733f0b69dba0a9cd28a4218,INS,0,0,,gx-no-cache=1522781969818 HTTP/1.1" 200 90
186.103.157.98 - - [03/Apr/2018:16:00:22 -0300] "GET /cormun/servlet/hpexe_link HTTP/1.1" 200 958
186.103.157.98 - - [03/Apr/2018:16:00:22 -0300] "GET /cormun/servlet/trsolicitudot HTTP/1.1" 200 7467
186.103.157.98 - - [03/Apr/2018:16:00:23 -0300] "GET /cormun/servlet/trsolicitudot HTTP/1.1" 200 7466
186.103.157.98 - - [03/Apr/2018:16:00:27 -0300] "GET /cormun/servlet/trautorizarsolicitud? HTTP/1.1" 200 7369
186.103.157.98 - - [03/Apr/2018:16:00:27 -0300] "GET /cormun/servlet/trautorizarsolicitud? HTTP/1.1" 200 7368
186.103.157.98 - - [03/Apr/2018:16:00:31 -0300] "GET /cormun/servlet/trautorizarsolicitud? HTTP/1.1" 200 7368
186.103.157.98 - - [03/Apr/2018:16:00:31 -0300] "GET /cormun/servlet/trautorizarsolicitud? HTTP/1.1" 200 7368
186.103.157.98 - - [03/Apr/2018:16:00:37 -0300] "GET /cormun/servlet/trsolicitudot? HTTP/1.1" 200 7466
186.103.157.98 - - [03/Apr/2018:16:00:37 -0300] "GET /cormun/servlet/trsolicitudot? HTTP/1.1" 200 7465
186.103.157.98 - - [03/Apr/2018:16:00:39 -0300] "GET /cormun/servlet/solicitudot?INS,0,0, HTTP/1.1" 200 13693
186.103.157.98 - - [03/Apr/2018:16:00:40 -0300] "GET /cormun/servlet/solicitudot?INS,0,0, HTTP/1.1" 200 13698
40.77.167.206 - - [03/Apr/2018:16:02:02 -0300] "GET /cormun/servlet/trvisualizadoreventos HTTP/1.1" 200 5934
186.79.8.35 - - [03/Apr/2018:16:02:04 -0300] "GET /cormun/servlet/solicitudot?b0c656b0b3170d07862675ea69ee827248bd19cffc43a9694ccf35dc32c09fb80f47656cd5ebc7875fbc479197daf2b182411998960ebad35a96ce5f8ff559766758a91add50557aa088d1209ad85420354fed0d5938819c6e24f5405ff287f3a34d6b2c8669ae17ddf3616ee3a9a9cfa35c07b5386019a5f18de2b2e35c3245eec2f08b284089ce81703d977a04edefb9c4159d7e8db7b61936034b566dfbcb,gx-no-cache=1522782071800 HTTP/1.1" 200 29
186.79.8.35 - - [03/Apr/2018:16:02:05 -0300] "POST /cormun/servlet/solicitudot?gx-no-cache=1522782071977 HTTP/1.1" 200 1334
186.79.8.35 - - [03/Apr/2018:16:02:05 -0300] "POST /cormun/servlet/solicitudot?gx-no-cache=1522782072292 HTTP/1.1" 200 1232
186.103.159.187 - - [03/Apr/2018:16:02:06 -0300] "GET /cormun/servlet/hhome HTTP/1.1" 200 3399
186.103.159.187 - - [03/Apr/2018:16:02:09 -0300] "GET /cormun/servlet/hhome HTTP/1.1" 200 3399
186.103.159.187 - - [03/Apr/2018:16:02:10 -0300] "GET /cormun/servlet/hhome HTTP/1.1" 200 3409
186.103.159.187 - - [03/Apr/2018:16:02:10 -0300] "GET /cormun/servlet/hlogin HTTP/1.1" 200 1735
186.103.159.187 - - [03/Apr/2018:16:02:18 -0300] "POST /cormun/servlet/hlogin?854345a6d98b917741bc62ab8ac9817e,gx-no-cache=1522785770006 HTTP/1.1" 200 90
186.103.159.187 - - [03/Apr/2018:16:02:18 -0300] "GET /cormun/servlet/hpexe_link HTTP/1.1" 200 954
186.103.159.187 - - [03/Apr/2018:16:02:18 -0300] "GET /cormun/servlet/hhome HTTP/1.1" 200 3932
186.103.159.187 - - [03/Apr/2018:16:02:19 -0300] "GET /cormun/servlet/hhome HTTP/1.1" 200 3929
186.103.159.187 - - [03/Apr/2018:16:02:22 -0300] "GET /cormun/servlet/trsolicitudot? HTTP/1.1" 200 7141
186.103.159.187 - - [03/Apr/2018:16:02:23 -0300] "GET /cormun/servlet/trsolicitudot? HTTP/1.1" 200 7141
186.103.159.187 - - [03/Apr/2018:16:02:26 -0300] "GET /cormun/servlet/solicitudot?INS,0,0, HTTP/1.1" 200 13382
186.103.159.187 - - [03/Apr/2018:16:02:27 -0300] "GET /cormun/servlet/solicitudot?INS,0,0, HTTP/1.1" 200 13387
40.77.167.120 - - [03/Apr/2018:16:02:27 -0300] "GET /cormun/static/Resources/Spanish/PXTools.css?11423723 HTTP/1.1" 200 89042
40.77.167.120 - - [03/Apr/2018:16:02:29 -0300] "GET /cormun/static/gxcfg.js?20175251251426 HTTP/1.1" 200 953
40.77.167.120 - - [03/Apr/2018:16:02:29 -0300] "GET /cormun/static/gxcfg.js?20175251251426 HTTP/1.1" 200 953
40.77.167.120 - - [03/Apr/2018:16:02:30 -0300] "GET /cormun/static/Resources/Spanish/PXTools.css?11423723 HTTP/1.1" 200 89042
40.77.167.39 - - [03/Apr/2018:16:02:35 -0300] "GET /cormun/static/Shared/ext/ext-all.js HTTP/1.1" 200 1289687
40.77.167.39 - - [03/Apr/2018:16:02:37 -0300] "GET /cormun/static/scaMessage/js/jquery.pnotify.min.js HTTP/1.1" 200 13038
40.77.167.39 - - [03/Apr/2018:16:02:41 -0300] "GET /cormun/static/Shared/ext/ext-all.js HTTP/1.1" 200 1289687
40.77.167.39 - - [03/Apr/2018:16:03:04 -0300] "GET /cormun/static/scaMessage/js/jquery.pnotify.min.js HTTP/1.1" 200 13038
186.103.159.187 - - [03/Apr/2018:16:03:16 -0300] "POST /cormun/servlet/solicitudot?gx-no-cache=1522785828033 HTTP/1.1" 200 3386
186.103.159.187 - - [03/Apr/2018:16:03:16 -0300] "POST /cormun/servlet/solicitudot?854345a6d98b917741bc62ab8ac9817e,INS,0,0,,gx-no-cache=1522785828287 HTTP/1.1" 200 10359
186.103.157.42 - - [03/Apr/2018:16:04:00 -0300] "GET /cormun/servlet/trsolicitudadjuntos?2017,6996, HTTP/1.1" 200 8842
186.103.157.42 - - [03/Apr/2018:16:04:01 -0300] "GET /cormun/servlet/trsolicitudadjuntos?2017,6996, HTTP/1.1" 200 8840
186.103.157.42 - - [03/Apr/2018:16:04:04 -0300] "GET /cormun/servlet/hlogin HTTP/1.1" 200 1753
186.103.157.42 - - [03/Apr/2018:16:04:04 -0300] "GET /cormun/servlet/trsolicitudadjuntos?2017,6996, HTTP/1.1" 200 8859
186.103.159.187 - - [03/Apr/2018:16:04:10 -0300] "GET /cormun/servlet/solicitudot?60e2c855eb35cd673234c358b105ea1eca1cb5d1c0aa80a3466e30652e4ca9460e9777cf1cb55ef3bb8e037791fdf273,gx-no-cache=1522785882032 HTTP/1.1" 200 30
186.103.159.187 - - [03/Apr/2018:16:04:10 -0300] "GET /cormun/servlet/solicitudot?60e2c855eb35cd673234c358b105ea1ea659f4a983ef21a1b9b9a7679da7be52f4e4a946ac7bfc937c3d62e26a0ae50e00d47b6629f16351fdb3d424e2a63b2a,gx-no-cache=1522785882161 HTTP/1.1" 200 30
186.103.159.187 - - [03/Apr/2018:16:04:10 -0300] "GET /cormun/servlet/solicitudot?60e2c855eb35cd673234c358b105ea1e4afb53fd1b5030974cd77304c4999f19,gx-no-cache=1522785882241 HTTP/1.1" 200 53
186.103.159.187 - - [03/Apr/2018:16:04:10 -0300] "POST /cormun/servlet/solicitudot?gx-no-cache=1522785882321 HTTP/1.1" 200 255
186.103.159.187 - - [03/Apr/2018:16:04:10 -0300] "GET /cormun/servlet/solicitudot?60e2c855eb35cd673234c358b105ea1e84e0f46ca6d7962ac01b6ff5214d517d730a9ad25e10a522f26c8957890a9c65eb3bd56ec82264ac746b3c5bf814324c47880d520cbb70c9f639d433363b679b3fcd00cfbaf220c8efae88a5660def9c95c6f96e51846a34a4884b700480a8f27e3925ebdbc3ebf69ae618051adaf9b07c8cb1b8de143d480d8d13e8899a27a581789d3dfb9951d7e4c7a542d4e88a1575145e33939cfb87ba0d5b0ef64dee7b797702cd627ed5b034e11bb2528cb325d245861f2c6f262d651f72996d945dc4aff7959d965e03aac55e977c7ba99c38f836df63159735baf8b658c98267b54e270aa5c8f9375918094b9f3d94384b961fe8495a384be3a6b6d1e324c766067a8e51ca963dab009ff4e4e5d6ca35b600391f1625c70ef1e379d7b9ed7da17195767fe40017d9524bf448d8d20442e53aef066862b187ae95298832bb0950ada72ea0da063c099c37fdbcd7fe16ce11cb76c56da66ef66fd5cd6b28bdd249356d37ce7cb1617db793bd3b1fec79cb1e0a,gx-no-cache=1522785882404 HTTP/1.1" 200 30
186.103.157.42 - - [03/Apr/2018:16:04:10 -0300] "POST /cormun/servlet/hlogin?807ef503581ee92d9c3bc9e322016160,gx-no-cache=1522782214888 HTTP/1.1" 200 90
186.103.157.42 - - [03/Apr/2018:16:04:10 -0300] "GET /cormun/servlet/hpexe_link HTTP/1.1" 200 972
186.103.157.42 - - [03/Apr/2018:16:04:11 -0300] "GET /cormun/servlet/trsolicitudadjuntos?2017,6996, HTTP/1.1" 200 9723
186.103.157.42 - - [03/Apr/2018:16:04:12 -0300] "GET /cormun/servlet/trsolicitudadjuntos?2017,6996, HTTP/1.1" 200 9730
186.103.159.187 - - [03/Apr/2018:16:04:13 -0300] "POST /cormun/servlet/solicitudot?gx-no-cache=1522785885691 HTTP/1.1" 200 30
186.103.157.42 - - [03/Apr/2018:16:04:16 -0300] "GET /cormun/servlet/trpermisosgoce? HTTP/1.1" 200 8639
186.103.157.42 - - [03/Apr/2018:16:04:16 -0300] "GET /cormun/servlet/trpermisosgoce? HTTP/1.1" 200 8627
186.103.159.187 - - [03/Apr/2018:16:04:17 -0300] "POST /cormun/servlet/solicitudot?gx-no-cache=1522785889267 HTTP/1.1" 200 1353
186.103.159.187 - - [03/Apr/2018:16:04:17 -0300] "POST /cormun/servlet/solicitudot?gx-no-cache=1522785889355 HTTP/1.1" 200 38
186.103.159.187 - - [03/Apr/2018:16:04:24 -0300] "GET /cormun/servlet/solicitudot?60e2c855eb35cd673234c358b105ea1eb4549c0cee38f19033a6bc8f8f594be56f02a3e6afd38ddffad3e15eeacdfb8120f333c0c48f1a9e0fd62972c2cf54388cb93c5fd19aa0ab0bd1d9993a997db8cdea305c6ff945de23eafbe108ca0c67ae64c1d8614494f68c232b25856f3ada8a75d03814ebc1c7a8c9c5d13018c655abed1435c0da6469a2651d0223184a44ad4bc168173fabe9bf00c6c3a0603610,gx-no-cache=1522785896605 HTTP/1.1" 200 29
186.103.159.187 - - [03/Apr/2018:16:04:24 -0300] "POST /cormun/servlet/solicitudot?gx-no-cache=1522785896668 HTTP/1.1" 200 1334
186.103.159.187 - - [03/Apr/2018:16:04:24 -0300] "POST /cormun/servlet/solicitudot?gx-no-cache=1522785896795 HTTP/1.1" 200 1231
186.103.159.187 - - [03/Apr/2018:16:04:24 -0300] "GET /cormun/static/menuarrow.gif HTTP/1.1" 404 1015
186.103.159.187 - - [03/Apr/2018:16:04:27 -0300] "POST /cormun/servlet/solicitudot?gx-no-cache=1522785898997 HTTP/1.1" 200 1334
186.103.159.187 - - [03/Apr/2018:16:04:27 -0300] "POST /cormun/servlet/solicitudot?gx-no-cache=1522785899046 HTTP/1.1" 200 1231
186.103.159.187 - - [03/Apr/2018:16:04:28 -0300] "GET /cormun/servlet/solicitudot?60e2c855eb35cd673234c358b105ea1e5f93ba3a0da7e03b0df9eec77b0d53ff9484ebb2afdd1e4b6ac36a536c99c5df,gx-no-cache=1522785900393 HTTP/1.1" 200 30
186.103.159.187 - - [03/Apr/2018:16:04:35 -0300] "POST /cormun/servlet/solicitudot?gx-no-cache=1522785907909 HTTP/1.1" 200 30
186.103.159.187 - - [03/Apr/2018:16:04:47 -0300] "POST /cormun/servlet/solicitudot?854345a6d98b917741bc62ab8ac9817e,INS,0,0,,gx-no-cache=1522785919523 HTTP/1.1" 200 93
186.103.159.187 - - [03/Apr/2018:16:04:47 -0300] "GET /cormun/servlet/hpexe_return? HTTP/1.1" 200 1009
186.103.159.187 - - [03/Apr/2018:16:04:48 -0300] "GET /cormun/servlet/trsolicitudot HTTP/1.1" 200 8533
186.103.159.187 - - [03/Apr/2018:16:04:49 -0300] "GET /cormun/servlet/trsolicitudot HTTP/1.1" 200 8529
186.103.159.187 - - [03/Apr/2018:16:04:54 -0300] "POST /cormun/servlet/trsolicitudot?854345a6d98b917741bc62ab8ac9817e,gx-no-cache=1522785926351 HTTP/1.1" 200 4486
186.103.159.187 - - [03/Apr/2018:16:04:54 -0300] "GET /cormun/static/Shared/jqueryui/images/ui-bg_highlight-soft_100_c6c2c8_1x100.png HTTP/1.1" 404 1117
186.103.159.187 - - [03/Apr/2018:16:04:54 -0300] "GET /cormun/static/Shared/jqueryui/images/ui-icons_82798d_256x240.png HTTP/1.1" 404 1089
186.103.159.187 - - [03/Apr/2018:16:04:54 -0300] "GET /cormun/static/Shared/jqueryui/images/ui-bg_flat_55_fafafa_40x100.png HTTP/1.1" 404 1097
186.103.159.187 - - [03/Apr/2018:16:04:54 -0300] "GET /cormun/static/Shared/jqueryui/images/ui-icons_8d78a5_256x240.png HTTP/1.1" 404 1089
186.103.159.187 - - [03/Apr/2018:16:04:54 -0300] "POST /cormun/servlet/trsolicitudot?854345a6d98b917741bc62ab8ac9817e,gx-no-cache=1522785926651 HTTP/1.1" 200 4261
186.103.157.42 - - [03/Apr/2018:16:04:57 -0300] "GET /cormun/servlet/permisogoce?INS,0,,, HTTP/1.1" 200 7123
186.103.157.42 - - [03/Apr/2018:16:04:57 -0300] "GET /cormun/static/gxcfg.js?201776126440 HTTP/1.1" 200 953
186.103.157.42 - - [03/Apr/2018:16:04:58 -0300] "GET /cormun/servlet/permisogoce?INS,0,,, HTTP/1.1" 200 7123
186.103.159.187 - - [03/Apr/2018:16:04:58 -0300] "GET /cormun/servlet/trsolicitudot? HTTP/1.1" 200 7141
186.103.159.187 - - [03/Apr/2018:16:04:59 -0300] "GET /cormun/servlet/trsolicitudot? HTTP/1.1" 200 7141
186.103.157.39 - - [03/Apr/2018:16:05:07 -0300] "GET /cormun/servlet/hlogin HTTP/1.1" 200 1727
186.103.157.39 - - [03/Apr/2018:16:05:07 -0300] "GET /cormun/servlet/hlogin HTTP/1.1" 200 1720
186.103.157.39 - - [03/Apr/2018:16:05:07 -0300] "GET /cormun/static/gxtimezone.js?85251 HTTP/1.1" 304 -
186.103.157.39 - - [03/Apr/2018:16:05:07 -0300] "GET /cormun/static/gxcfg.js?20175251213516 HTTP/1.1" 304 -
186.103.157.39 - - [03/Apr/2018:16:05:07 -0300] "GET /cormun/static/messages.spa.js?85251 HTTP/1.1" 304 -
186.103.157.42 - - [03/Apr/2018:16:05:07 -0300] "GET /cormun/servlet/permisogoce?9dad97a5a9c6c950aaebc0b2bc86b9bea146d04b26588b62a7902f6e878ada2f70bfdbeedf8f140a5433a138355b787da224ea138ede68e810728bb025da9d30,gx-no-cache=1522782271943 HTTP/1.1" 200 75
186.103.157.42 - - [03/Apr/2018:16:05:11 -0300] "GET /cormun/static/menuarrow.gif HTTP/1.1" 404 1015
186.103.159.187 - - [03/Apr/2018:16:05:11 -0300] "GET /cormun/servlet/hlogin HTTP/1.1" 200 1743
186.103.159.187 - - [03/Apr/2018:16:05:19 -0300] "POST /cormun/servlet/hlogin?854345a6d98b917741bc62ab8ac9817e,gx-no-cache=1522785951174 HTTP/1.1" 200 452
186.103.157.42 - - [03/Apr/2018:16:05:20 -0300] "GET /cormun/servlet/permisogoce?9dad97a5a9c6c950aaebc0b2bc86b9bed5860dbc416e4dd89317b9e426faa51ae173c401f0f78936e5f57aae61f41133835de6010ffafaec1b1052ff79eb5fa0,gx-no-cache=1522782284180 HTTP/1.1" 200 44
186.103.157.42 - - [03/Apr/2018:16:05:22 -0300] "POST /cormun/servlet/permisogoce?807ef503581ee92d9c3bc9e322016160,INS,0,,,,gx-no-cache=1522782285995 HTTP/1.1" 200 93
186.103.157.42 - - [03/Apr/2018:16:05:22 -0300] "GET /cormun/servlet/hpexe_return? HTTP/1.1" 200 1012
186.103.157.42 - - [03/Apr/2018:16:05:22 -0300] "GET /cormun/servlet/trpermisosgoce HTTP/1.1" 200 8865
186.103.157.42 - - [03/Apr/2018:16:05:23 -0300] "GET /cormun/servlet/trpermisosgoce HTTP/1.1" 200 8869
186.103.159.187 - - [03/Apr/2018:16:05:24 -0300] "POST /cormun/servlet/hlogin?854345a6d98b917741bc62ab8ac9817e,gx-no-cache=1522785956234 HTTP/1.1" 200 90
186.103.159.187 - - [03/Apr/2018:16:05:24 -0300] "GET /cormun/servlet/hpexe_link HTTP/1.1" 200 954
186.103.159.187 - - [03/Apr/2018:16:05:24 -0300] "GET /cormun/servlet/hhome HTTP/1.1" 200 4146
186.103.159.187 - - [03/Apr/2018:16:05:25 -0300] "GET /cormun/servlet/hhome HTTP/1.1" 200 4142
186.103.157.39 - - [03/Apr/2018:16:05:26 -0300] "POST /cormun/servlet/hlogin?5b4aceab4cdbd3945b7f8d89394549c8,gx-no-cache=1522782273977 HTTP/1.1" 200 90
186.103.157.39 - - [03/Apr/2018:16:05:26 -0300] "GET /cormun/servlet/hpexe_link HTTP/1.1" 200 951
186.103.157.39 - - [03/Apr/2018:16:05:26 -0300] "GET /cormun/static/gxcfg.js?20177612121792 HTTP/1.1" 304 -
186.103.157.39 - - [03/Apr/2018:16:05:26 -0300] "GET /cormun/servlet/hhome HTTP/1.1" 200 3941
186.103.157.39 - - [03/Apr/2018:16:05:27 -0300] "GET /cormun/static/gxcfg.js?20175251212442 HTTP/1.1" 304 -
186.103.157.39 - - [03/Apr/2018:16:05:28 -0300] "GET /cormun/servlet/hhome HTTP/1.1" 200 3938
186.103.159.187 - - [03/Apr/2018:16:05:29 -0300] "GET /cormun/servlet/trautorizarsolicitud? HTTP/1.1" 200 8622
186.103.159.187 - - [03/Apr/2018:16:05:30 -0300] "GET /cormun/servlet/trautorizarsolicitud? HTTP/1.1" 200 8620
186.103.157.39 - - [03/Apr/2018:16:05:36 -0300] "GET /cormun/servlet/trlicencias? HTTP/1.1" 200 8303
186.103.157.39 - - [03/Apr/2018:16:05:36 -0300] "GET /cormun/static/gxcfg.js?20176272054169 HTTP/1.1" 200 953
186.103.157.39 - - [03/Apr/2018:16:05:36 -0300] "GET /cormun/static/trlicencias.js?20176272054837 HTTP/1.1" 200 41883
186.103.157.39 - - [03/Apr/2018:16:05:37 -0300] "GET /cormun//static/Resources/PXToolsActionDisabled.gif HTTP/1.1" 200 53
186.103.157.39 - - [03/Apr/2018:16:05:37 -0300] "GET /cormun//static/Resources/PXToolsActionPrint.png HTTP/1.1" 200 3317
186.103.157.39 - - [03/Apr/2018:16:05:37 -0300] "GET /cormun//static/Resources/PXToolsHeaderHelp.png HTTP/1.1" 200 4055
186.103.157.39 - - [03/Apr/2018:16:05:37 -0300] "GET /cormun//static/Resources/PXToolsHeaderFavorites.png HTTP/1.1" 200 2744
186.103.157.39 - - [03/Apr/2018:16:05:37 -0300] "GET /cormun//static/Resources/PXToolsGridDisplay.png HTTP/1.1" 200 362
186.103.157.39 - - [03/Apr/2018:16:05:37 -0300] "GET /cormun/servlet/trlicencias? HTTP/1.1" 200 8301
186.103.159.187 - - [03/Apr/2018:16:05:41 -0300] "POST /cormun/servlet/trautorizarsolicitud?854345a6d98b917741bc62ab8ac9817e,,gx-no-cache=1522785972833 HTTP/1.1" 200 4607
186.103.159.187 - - [03/Apr/2018:16:05:41 -0300] "GET /cormun/static/Shared/jqueryui/images/ui-bg_highlight-soft_100_c6c2c8_1x100.png HTTP/1.1" 404 1117
186.103.159.187 - - [03/Apr/2018:16:05:41 -0300] "GET /cormun/static/Shared/jqueryui/images/ui-icons_82798d_256x240.png HTTP/1.1" 404 1089
186.103.159.187 - - [03/Apr/2018:16:05:41 -0300] "GET /cormun/static/Shared/jqueryui/images/ui-icons_8d78a5_256x240.png HTTP/1.1" 404 1089
186.103.159.187 - - [03/Apr/2018:16:05:41 -0300] "GET /cormun/static/Shared/jqueryui/images/ui-bg_flat_55_fafafa_40x100.png HTTP/1.1" 404 1097
186.103.159.187 - - [03/Apr/2018:16:05:41 -0300] "POST /cormun/servlet/trautorizarsolicitud?854345a6d98b917741bc62ab8ac9817e,,gx-no-cache=1522785973161 HTTP/1.1" 200 4378
186.103.157.39 - - [03/Apr/2018:16:06:02 -0300] "GET /cormun/servlet/licenciaspermisos?INS,0,,, HTTP/1.1" 200 7470
186.103.157.39 - - [03/Apr/2018:16:06:02 -0300] "GET /cormun/static/gxcfg.js?201762917281167 HTTP/1.1" 200 953
186.103.157.39 - - [03/Apr/2018:16:06:02 -0300] "GET /cormun/static/licenciaspermisos.js?201762917281260 HTTP/1.1" 200 37491
186.103.157.39 - - [03/Apr/2018:16:06:02 -0300] "GET /cormun/servlet/licenciaspermisos?INS,0,,, HTTP/1.1" 200 7470
40.77.167.206 - - [03/Apr/2018:16:06:17 -0300] "GET /cormun/static/Resources/PXToolsActionPrint.png HTTP/1.1" 200 3317
186.103.157.39 - - [03/Apr/2018:16:07:03 -0300] "GET /cormun/servlet/licenciaspermisos?ec4ee761e79f0530979fbca1f933d305334bd34667df661f6b44906cbc547c20d76bedd9622d344f15e05fdb2fa7e427,gx-no-cache=1522782370608 HTTP/1.1" 200 100
186.103.157.39 - - [03/Apr/2018:16:07:03 -0300] "POST /cormun/servlet/licenciaspermisos?5b4aceab4cdbd3945b7f8d89394549c8,INS,0,,,,gx-no-cache=1522782370756 HTTP/1.1" 200 4682
186.103.157.39 - - [03/Apr/2018:16:07:22 -0300] "GET /cormun/static/menuarrow.gif HTTP/1.1" 404 1015
186.79.8.35 - - [03/Apr/2018:16:10:44 -0300] "POST /cormun/servlet/solicitudot?gx-no-cache=1522782591732 HTTP/1.1" 200 1334
186.79.8.35 - - [03/Apr/2018:16:10:45 -0300] "POST /cormun/servlet/solicitudot?gx-no-cache=1522782592048 HTTP/1.1" 200 1232
186.79.8.35 - - [03/Apr/2018:16:11:03 -0300] "GET /cormun/servlet/solicitudot?b0c656b0b3170d07862675ea69ee82728f8f7abfbd0628f1c988ea55c9192bc0798635a55fdc4a385452e5f9fc5b7aca,gx-no-cache=1522782610656 HTTP/1.1" 200 30
186.79.8.35 - - [03/Apr/2018:16:11:14 -0300] "POST /cormun/servlet/solicitudot?gx-no-cache=1522782621710 HTTP/1.1" 200 30
186.103.157.98 - - [03/Apr/2018:16:12:06 -0300] "POST /cormun/servlet/solicitudot?gx-no-cache=1522782673816 HTTP/1.1" 200 3387
186.103.157.98 - - [03/Apr/2018:16:12:06 -0300] "POST /cormun/servlet/solicitudot?dcbae2def733f0b69dba0a9cd28a4218,INS,0,0,,gx-no-cache=1522782674049 HTTP/1.1" 200 10557
186.79.8.35 - - [03/Apr/2018:16:12:07 -0300] "POST /cormun/servlet/solicitudot?0dfad107d8da64ad920b4b6f5ba1cfc8,INS,0,0,,gx-no-cache=1522782672725 HTTP/1.1" 200 93
186.79.8.35 - - [03/Apr/2018:16:12:07 -0300] "GET /cormun/servlet/hpexe_return? HTTP/1.1" 200 1009
186.79.8.35 - - [03/Apr/2018:16:12:07 -0300] "GET /cormun/servlet/trsolicitudot HTTP/1.1" 200 8988
186.79.8.35 - - [03/Apr/2018:16:12:08 -0300] "GET /cormun/servlet/trsolicitudot HTTP/1.1" 200 8984
186.103.157.98 - - [03/Apr/2018:16:12:11 -0300] "GET /cormun/servlet/solicitudot?0725354925f1ff32b52ce7ca0e88877be2c71bd960517d8f93af11e3eb565321bfd3669275281b42e94cc3a167c1f242,gx-no-cache=1522782678946 HTTP/1.1" 200 30
186.103.157.98 - - [03/Apr/2018:16:12:11 -0300] "GET /cormun/servlet/solicitudot?0725354925f1ff32b52ce7ca0e88877bbcdbee107bf90c244c648377a64d6d9e859565b36ff72e979870e99adb0e4dc6,gx-no-cache=1522782679025 HTTP/1.1" 200 103
186.103.157.98 - - [03/Apr/2018:16:12:11 -0300] "GET /cormun/static/Shared/jqueryui/images/ui-bg_highlight-soft_100_c6c2c8_1x100.png HTTP/1.1" 404 1117
186.103.157.98 - - [03/Apr/2018:16:12:11 -0300] "GET /cormun/static/Shared/jqueryui/images/ui-icons_82798d_256x240.png HTTP/1.1" 404 1089
186.103.157.98 - - [03/Apr/2018:16:12:11 -0300] "GET /cormun/static/Shared/jqueryui/images/ui-bg_flat_55_994d53_40x100.png HTTP/1.1" 404 1097
186.103.157.98 - - [03/Apr/2018:16:12:11 -0300] "GET /cormun/static/Shared/jqueryui/images/ui-icons_ebccce_256x240.png HTTP/1.1" 404 1089
186.103.157.98 - - [03/Apr/2018:16:12:11 -0300] "GET /cormun/servlet/solicitudot?0725354925f1ff32b52ce7ca0e88877b6dbf0eef59779b0636a0078236cefccd,gx-no-cache=1522782679099 HTTP/1.1" 200 51
186.103.157.98 - - [03/Apr/2018:16:12:11 -0300] "POST /cormun/servlet/solicitudot?gx-no-cache=1522782679127 HTTP/1.1" 200 297
