192.168.10.89 - - [02/Apr/2018:16:27:49 -0300] "POST /cormun/servlet/acontrolpreferencessavestate?None,CDROGUETT,true HTTP/1.1" 200 35
192.168.10.89 - - [02/Apr/2018:16:27:49 -0300] "GET /cormun/PublicTempStorage/curriculum8017404.pdf HTTP/1.1" 200 515233
186.103.157.39 - - [02/Apr/2018:16:27:51 -0300] "POST /cormun/servlet/solicitudot?gx-no-cache=1522697217752 HTTP/1.1" 200 1353
186.103.157.39 - - [02/Apr/2018:16:27:51 -0300] "GET /cormun/static/menuarrow.gif HTTP/1.1" 404 1015
186.103.157.39 - - [02/Apr/2018:16:27:55 -0300] "POST /cormun/servlet/solicitudot?gx-no-cache=1522697222688 HTTP/1.1" 200 1353
192.168.10.89 - - [02/Apr/2018:16:27:57 -0300] "GET /cormun/servlet/vesolicitudgral?2018,10920,,SolicitudOTAdjuntos HTTP/1.1" 200 11578
192.168.10.89 - - [02/Apr/2018:16:27:57 -0300] "GET /cormun/pexe_scrolldiv.js HTTP/1.1" 404 1009
192.168.10.89 - - [02/Apr/2018:16:28:00 -0300] "POST /cormun/servlet/acontrolpreferencessavestate?None,CDROGUETT,true HTTP/1.1" 200 35
192.168.10.89 - - [02/Apr/2018:16:28:00 -0300] "POST /cormun/servlet/vesolicitudgral?d2ed97d7d33044e8f04e624aa6565446,2018,10920,,SolicitudOTAdjuntos,gx-no-cache=1522697109244 HTTP/1.1" 200 90
192.168.10.89 - - [02/Apr/2018:16:28:00 -0300] "GET /cormun/servlet/hpexe_link HTTP/1.1" 200 978
192.168.10.89 - - [02/Apr/2018:16:28:00 -0300] "GET /cormun/servlet/trsolicitudgral? HTTP/1.1" 200 10799
186.103.159.182 - - [02/Apr/2018:16:28:01 -0300] "POST /cormun/servlet/hlogin?6fa76bcbb694a2f0a12921e3f99f7864,gx-no-cache=1522697228866 HTTP/1.1" 200 90
186.103.159.182 - - [02/Apr/2018:16:28:01 -0300] "GET /cormun/servlet/hpexe_link HTTP/1.1" 200 962
186.103.159.182 - - [02/Apr/2018:16:28:01 -0300] "GET /cormun/servlet/trautorizarsolicitud HTTP/1.1" 200 7195
186.103.159.182 - - [02/Apr/2018:16:28:03 -0300] "GET /cormun/servlet/trautorizarsolicitud HTTP/1.1" 200 7193
186.103.157.39 - - [02/Apr/2018:16:28:04 -0300] "POST /cormun/servlet/solicitudot?gx-no-cache=1522697231104 HTTP/1.1" 200 118
186.103.157.39 - - [02/Apr/2018:16:28:04 -0300] "GET /cormun/static/Shared/jqueryui/images/ui-bg_flat_55_994d53_40x100.png HTTP/1.1" 404 1097
186.103.157.39 - - [02/Apr/2018:16:28:04 -0300] "GET /cormun/static/Shared/jqueryui/images/ui-icons_ebccce_256x240.png HTTP/1.1" 404 1089
186.103.157.98 - - [02/Apr/2018:16:28:06 -0300] "GET /cormun/servlet/licenciaspermisos?0da839d1b9843f57e84fcb870bfecf92831599d24f47bd449a4e99613a785d044d19d8b942e16affa5f1182c758b102fa315a176ae9573a4505a4fb4974ba2badb8b5b77d4f6082dd390a9efc609faa72c7dbde043f9201e31b56b8e903c070967a0509ab2cf8a534bb5a6054168207b0336eeacf28cd3f2bd04e9bb2e972e72d97edbb3c23a05fdb9f9c3b5e4445dc7ea3058b43acc9c4efd06bf229457692d5961df8ff9bd7c6d483dfc99891470d208363c04a228ef8905aa8f1e4dc20f2580825d6cda3d314df0ff8b37ce4807c3216904999bf1d59710c47359e05ec86c,gx-no-cache=1522697233013 HTTP/1.1" 200 30
186.103.157.98 - - [02/Apr/2018:16:28:07 -0300] "POST /cormun/servlet/licenciaspermisos?28bec83f11b6e17f4ae213539df3f376,INS,0,,,,gx-no-cache=1522697233147 HTTP/1.1" 200 4966
186.103.157.98 - - [02/Apr/2018:16:28:10 -0300] "GET /cormun/servlet/licenciaspermisos?0da839d1b9843f57e84fcb870bfecf92831599d24f47bd449a4e99613a785d042a2901575e7c5616e6020306f1dc28baa315a176ae9573a4505a4fb4974ba2badb8b5b77d4f6082dd390a9efc609faa72c7dbde043f9201e31b56b8e903c070967a0509ab2cf8a534bb5a6054168207b0336eeacf28cd3f2bd04e9bb2e972e72d97edbb3c23a05fdb9f9c3b5e4445dc7ea3058b43acc9c4efd06bf229457692d5961df8ff9bd7c6d483dfc99891470d208363c04a228ef8905aa8f1e4dc20f2580825d6cda3d314df0ff8b37ce4807c3216904999bf1d59710c47359e05ec86c,gx-no-cache=1522697236755 HTTP/1.1" 200 30
186.103.157.98 - - [02/Apr/2018:16:28:10 -0300] "POST /cormun/servlet/licenciaspermisos?28bec83f11b6e17f4ae213539df3f376,INS,0,,,,gx-no-cache=1522697236781 HTTP/1.1" 200 4969
186.103.159.182 - - [02/Apr/2018:16:28:16 -0300] "GET /cormun/static/menuarrow.gif HTTP/1.1" 404 1015
186.103.159.182 - - [02/Apr/2018:16:28:23 -0300] "POST /cormun/servlet/trautorizarsolicitud?6fa76bcbb694a2f0a12921e3f99f7864,gx-no-cache=1522697249189 HTTP/1.1" 200 23225
186.103.159.182 - - [02/Apr/2018:16:28:37 -0300] "GET /cormun/servlet/veautorizarsolicitud?2018,10514,, HTTP/1.1" 200 8592
186.103.159.182 - - [02/Apr/2018:16:28:37 -0300] "GET /cormun/static/gxcfg.js?2017111423404691 HTTP/1.1" 304 -
186.103.159.182 - - [02/Apr/2018:16:28:37 -0300] "GET /cormun/pexe_scrolldiv.js HTTP/1.1" 404 1009
186.103.159.182 - - [02/Apr/2018:16:28:38 -0300] "GET /cormun/servlet/veautorizarsolicitud?2018,10514,, HTTP/1.1" 200 8592
186.103.157.39 - - [02/Apr/2018:16:29:43 -0300] "GET /cormun/servlet/solicitudot?0bb47e35e1076c443821a62c1c29fb0ba4011ef27b207633a0280eb01a01c184c99b5b11d1ee185581cdd2d843fe9ff1565451e7200c3285da39f810bf222039dc600f8d6929857b34c180b986bb5812b3fb1083fc3cc7f781f0ae8120bd31c9985e879b7b350ba566aaa51a8842637c,gx-no-cache=1522697330435 HTTP/1.1" 200 29
186.103.157.39 - - [02/Apr/2018:16:29:43 -0300] "POST /cormun/servlet/solicitudot?gx-no-cache=1522697330510 HTTP/1.1" 200 1334
186.103.157.39 - - [02/Apr/2018:16:29:43 -0300] "POST /cormun/servlet/solicitudot?gx-no-cache=1522697330619 HTTP/1.1" 200 1231
186.103.157.39 - - [02/Apr/2018:16:29:48 -0300] "POST /cormun/servlet/solicitudot?gx-no-cache=1522697335374 HTTP/1.1" 200 1334
186.103.157.39 - - [02/Apr/2018:16:29:48 -0300] "POST /cormun/servlet/solicitudot?gx-no-cache=1522697335498 HTTP/1.1" 200 1231
186.103.157.39 - - [02/Apr/2018:16:29:52 -0300] "GET /cormun/servlet/solicitudot?0bb47e35e1076c443821a62c1c29fb0b339785e5c33928eddf80a1929bbd6fae7d348f50106c1139aba8a781272c51ef,gx-no-cache=1522697338855 HTTP/1.1" 200 30
186.103.157.39 - - [02/Apr/2018:16:30:26 -0300] "POST /cormun/servlet/solicitudot?gx-no-cache=1522697373499 HTTP/1.1" 200 120
186.103.157.39 - - [02/Apr/2018:16:30:36 -0300] "POST /cormun/servlet/solicitudot?gx-no-cache=1522697383176 HTTP/1.1" 200 120
186.103.157.98 - - [02/Apr/2018:16:30:41 -0300] "GET /cormun/servlet/licenciaspermisos?0da839d1b9843f57e84fcb870bfecf9279bce76136dad818cf9a19a3619e65df68ec62e244fa796cbb09676fffa435f09d8c83be5ce09b391b9c124071edf620531a5d0f60e0f94f2a7ef07e18e06a2f05e761b21abee860c2b9f91537f34197883267439906d08d9d90b8a308f36fda20cd586131adb4cfda874754d3f6dd18dc91e5c5fc15603d88443602b27c6263c9ac95c35c723c7c3447822625e92ce70754b63a7f72b6e39d6e702181cd9159c45532edd9a9daceaa683fe1624d30cb8775efee77dce2120200baa605369fd50864770356079dfca80cfbd486f763f5,gx-no-cache=1522697387939 HTTP/1.1" 200 108
186.103.157.98 - - [02/Apr/2018:16:30:41 -0300] "GET /cormun/static/Shared/jqueryui/images/ui-bg_highlight-soft_100_c6c2c8_1x100.png HTTP/1.1" 404 1117
186.103.157.98 - - [02/Apr/2018:16:30:41 -0300] "GET /cormun/static/Shared/jqueryui/images/ui-bg_flat_55_994d53_40x100.png HTTP/1.1" 404 1097
186.103.157.98 - - [02/Apr/2018:16:30:41 -0300] "GET /cormun/static/Shared/jqueryui/images/ui-icons_ebccce_256x240.png HTTP/1.1" 404 1089
186.103.157.98 - - [02/Apr/2018:16:30:41 -0300] "GET /cormun/static/Shared/jqueryui/images/ui-icons_82798d_256x240.png HTTP/1.1" 404 1089
186.103.157.98 - - [02/Apr/2018:16:30:42 -0300] "POST /cormun/servlet/licenciaspermisos?28bec83f11b6e17f4ae213539df3f376,INS,0,,,,gx-no-cache=1522697388239 HTTP/1.1" 200 5064
186.103.157.39 - - [02/Apr/2018:16:30:51 -0300] "POST /cormun/servlet/solicitudot?gx-no-cache=1522697398603 HTTP/1.1" 200 120
186.103.157.39 - - [02/Apr/2018:16:31:33 -0300] "GET /cormun/servlet/prlicenciaspermisos?15524660,L,,MD,,gxPopupLevel%3D0%3B HTTP/1.1" 200 5783
186.103.157.39 - - [02/Apr/2018:16:31:33 -0300] "GET /cormun/static/Resources/Spanish/PXTools.css?17315867 HTTP/1.1" 304 -
186.103.157.39 - - [02/Apr/2018:16:31:33 -0300] "GET /cormun/static/gxcfg.js?20176272053834 HTTP/1.1" 304 -
186.103.157.39 - - [02/Apr/2018:16:31:33 -0300] "GET /cormun/static/prlicenciaspermisos.js?20176272054050 HTTP/1.1" 304 -
186.103.157.98 - - [02/Apr/2018:16:31:41 -0300] "GET /cormun/servlet/licenciaspermisos?0da839d1b9843f57e84fcb870bfecf92831599d24f47bd449a4e99613a785d04b329de09002fc5ce21f9fb9234c3b929a315a176ae9573a4505a4fb4974ba2badb8b5b77d4f6082dd390a9efc609faa72c7dbde043f9201e31b56b8e903c070967a0509ab2cf8a534bb5a6054168207b0336eeacf28cd3f2bd04e9bb2e972e72d97edbb3c23a05fdb9f9c3b5e4445dc7ea3058b43acc9c4efd06bf229457692d5961df8ff9bd7c6d483dfc99891470d208363c04a228ef8905aa8f1e4dc20f2580825d6cda3d314df0ff8b37ce4807c3216904999bf1d59710c47359e05ec86c,gx-no-cache=1522697447595 HTTP/1.1" 200 30
186.103.157.98 - - [02/Apr/2018:16:31:41 -0300] "POST /cormun/servlet/licenciaspermisos?28bec83f11b6e17f4ae213539df3f376,INS,0,,,,gx-no-cache=1522697447626 HTTP/1.1" 200 4969
186.103.157.98 - - [02/Apr/2018:16:31:45 -0300] "GET /cormun/servlet/licenciaspermisos?0da839d1b9843f57e84fcb870bfecf92831599d24f47bd449a4e99613a785d042a2901575e7c5616e6020306f1dc28baa315a176ae9573a4505a4fb4974ba2badb8b5b77d4f6082dd390a9efc609faa72c7dbde043f9201e31b56b8e903c070967a0509ab2cf8a534bb5a6054168207b0336eeacf28cd3f2bd04e9bb2e972e72d97edbb3c23a05fdb9f9c3b5e4445dc7ea3058b43acc9c4efd06bf229457692d5961df8ff9bd7c6d483dfc99891470d208363c04a228ef8905aa8f1e4dc20f2580825d6cda3d314df0ff8b37ce4807c3216904999bf1d59710c47359e05ec86c,gx-no-cache=1522697451987 HTTP/1.1" 200 30
186.103.157.98 - - [02/Apr/2018:16:31:45 -0300] "POST /cormun/servlet/licenciaspermisos?28bec83f11b6e17f4ae213539df3f376,INS,0,,,,gx-no-cache=1522697452007 HTTP/1.1" 200 4969
192.168.10.96 - - [02/Apr/2018:16:31:46 -0300] "GET /cormun/servlet/trsolicitudgral? HTTP/1.1" 200 16523
192.168.10.96 - - [02/Apr/2018:16:31:47 -0300] "GET /cormun/servlet/trsolicitudgral? HTTP/1.1" 200 16501
192.168.10.96 - - [02/Apr/2018:16:31:53 -0300] "POST /cormun/servlet/trsolicitudgral?269e8f61224f95ca14960eaffd5018c4,,gx-no-cache=1522697341806 HTTP/1.1" 200 10437
186.103.157.39 - - [02/Apr/2018:16:31:56 -0300] "POST /cormun/servlet/solicitudot?gx-no-cache=1522697463188 HTTP/1.1" 200 41
186.103.157.39 - - [02/Apr/2018:16:31:56 -0300] "POST /cormun/servlet/solicitudot?gx-no-cache=1522697463305 HTTP/1.1" 200 1334
186.103.157.39 - - [02/Apr/2018:16:31:56 -0300] "POST /cormun/servlet/solicitudot?gx-no-cache=1522697463423 HTTP/1.1" 200 1231
192.168.10.96 - - [02/Apr/2018:16:31:57 -0300] "GET /cormun/servlet/vesolicitudgral?2018,10532,, HTTP/1.1" 200 9263
192.168.10.96 - - [02/Apr/2018:16:31:57 -0300] "GET /cormun/pexe_scrolldiv.js HTTP/1.1" 404 1009
192.168.10.96 - - [02/Apr/2018:16:31:57 -0300] "GET /cormun/pexe_scrolldiv.js HTTP/1.1" 404 1009
192.168.10.96 - - [02/Apr/2018:16:31:58 -0300] "GET /cormun/servlet/vesolicitudgral?2018,10532,, HTTP/1.1" 200 9262
186.103.157.39 - - [02/Apr/2018:16:31:58 -0300] "POST /cormun/servlet/solicitudot?gx-no-cache=1522697465685 HTTP/1.1" 200 1334
186.103.157.39 - - [02/Apr/2018:16:31:59 -0300] "POST /cormun/servlet/solicitudot?gx-no-cache=1522697465788 HTTP/1.1" 200 1231
192.168.10.96 - - [02/Apr/2018:16:32:01 -0300] "GET /cormun/servlet/vesolicitudgral?2018,10532,,SolicitudOTAdjuntos HTTP/1.1" 200 11316
192.168.10.96 - - [02/Apr/2018:16:32:01 -0300] "GET /cormun/pexe_scrolldiv.js HTTP/1.1" 404 1009
192.168.10.96 - - [02/Apr/2018:16:32:02 -0300] "GET /cormun/pexe_scrolldiv.js HTTP/1.1" 404 1009
192.168.10.96 - - [02/Apr/2018:16:32:02 -0300] "GET /cormun/servlet/vesolicitudgral?2018,10532,,SolicitudOTAdjuntos HTTP/1.1" 200 11316
192.168.10.96 - - [02/Apr/2018:16:32:03 -0300] "POST /cormun/servlet/acontrolpreferencessavestate?None,DZAMUDIO,true HTTP/1.1" 200 35
192.168.10.96 - - [02/Apr/2018:16:32:04 -0300] "GET /cormun/PublicTempStorage/c_identidad6772969.pdf HTTP/1.1" 200 402306
192.168.10.96 - - [02/Apr/2018:16:32:09 -0300] "GET /cormun/servlet/vesolicitudgral?2018,10532,,SolicitudOTAdjuntos HTTP/1.1" 200 11312
192.168.10.96 - - [02/Apr/2018:16:32:10 -0300] "GET /cormun/servlet/vesolicitudgral?2018,10532,,SolicitudOTAdjuntos HTTP/1.1" 200 11316
192.168.10.96 - - [02/Apr/2018:16:32:10 -0300] "POST /cormun/servlet/acontrolpreferencessavestate?None,DZAMUDIO,true HTTP/1.1" 200 35
192.168.10.96 - - [02/Apr/2018:16:32:11 -0300] "GET /cormun/PublicTempStorage/afp8258423.pdf HTTP/1.1" 200 1904672
192.168.10.96 - - [02/Apr/2018:16:32:15 -0300] "GET /cormun/servlet/vesolicitudgral?2018,10532,,SolicitudOTAdjuntos HTTP/1.1" 200 11313
192.168.10.96 - - [02/Apr/2018:16:32:16 -0300] "GET /cormun/servlet/vesolicitudgral?2018,10532,,SolicitudOTAdjuntos HTTP/1.1" 200 11317
186.103.157.98 - - [02/Apr/2018:16:32:17 -0300] "GET /cormun/servlet/licenciaspermisos?0da839d1b9843f57e84fcb870bfecf92831599d24f47bd449a4e99613a785d04b329de09002fc5ce21f9fb9234c3b929a315a176ae9573a4505a4fb4974ba2badb8b5b77d4f6082dd390a9efc609faa72c7dbde043f9201e31b56b8e903c070967a0509ab2cf8a534bb5a6054168207b0336eeacf28cd3f2bd04e9bb2e972e72d97edbb3c23a05fdb9f9c3b5e4445dc7ea3058b43acc9c4efd06bf229457692d5961df8ff9bd7c6d483dfc99891470d208363c04a228ef8905aa8f1e4dc20f2580825d6cda3d314df0ff8b37ce4807c3216904999bf1d59710c47359e05ec86c,gx-no-cache=1522697483267 HTTP/1.1" 200 30
186.103.157.98 - - [02/Apr/2018:16:32:17 -0300] "POST /cormun/servlet/licenciaspermisos?28bec83f11b6e17f4ae213539df3f376,INS,0,,,,gx-no-cache=1522697483299 HTTP/1.1" 200 4967
192.168.10.96 - - [02/Apr/2018:16:32:17 -0300] "POST /cormun/servlet/acontrolpreferencessavestate?None,DZAMUDIO,true HTTP/1.1" 200 35
192.168.10.96 - - [02/Apr/2018:16:32:17 -0300] "GET /cormun/PublicTempStorage/isapre2011714.pdf HTTP/1.1" 200 335688
192.168.10.96 - - [02/Apr/2018:16:32:23 -0300] "GET /cormun/servlet/vesolicitudgral?2018,10532,,SolicitudOTAdjuntos HTTP/1.1" 200 11314
186.103.157.39 - - [02/Apr/2018:16:32:23 -0300] "POST /cormun/servlet/solicitudot?gx-no-cache=1522697490363 HTTP/1.1" 200 34
192.168.10.96 - - [02/Apr/2018:16:32:24 -0300] "GET /cormun/servlet/vesolicitudgral?2018,10532,,SolicitudOTAdjuntos HTTP/1.1" 200 11314
192.168.10.96 - - [02/Apr/2018:16:32:24 -0300] "POST /cormun/servlet/acontrolpreferencessavestate?None,DZAMUDIO,true HTTP/1.1" 200 35
192.168.10.96 - - [02/Apr/2018:16:32:26 -0300] "GET /cormun/PublicTempStorage/c_antecedentes5319329.pdf HTTP/1.1" 200 495012
192.168.10.96 - - [02/Apr/2018:16:32:30 -0300] "GET /cormun/servlet/vesolicitudgral?2018,10532,,SolicitudOTAdjuntos HTTP/1.1" 200 11314
192.168.10.96 - - [02/Apr/2018:16:32:31 -0300] "GET /cormun/servlet/vesolicitudgral?2018,10532,,SolicitudOTAdjuntos HTTP/1.1" 200 11315
192.168.10.96 - - [02/Apr/2018:16:32:31 -0300] "POST /cormun/servlet/acontrolpreferencessavestate?None,DZAMUDIO,true HTTP/1.1" 200 35
192.168.10.96 - - [02/Apr/2018:16:32:32 -0300] "GET /cormun/PublicTempStorage/c._vitae3129088.pdf HTTP/1.1" 200 860466
192.168.10.96 - - [02/Apr/2018:16:32:37 -0300] "GET /cormun/servlet/vesolicitudgral?2018,10532,,SolicitudOTAdjuntos HTTP/1.1" 200 11316
192.168.10.96 - - [02/Apr/2018:16:32:38 -0300] "GET /cormun/servlet/vesolicitudgral?2018,10532,,SolicitudOTAdjuntos HTTP/1.1" 200 11314
192.168.10.96 - - [02/Apr/2018:16:32:39 -0300] "POST /cormun/servlet/acontrolpreferencessavestate?None,DZAMUDIO,true HTTP/1.1" 200 35
192.168.10.96 - - [02/Apr/2018:16:32:39 -0300] "GET /cormun/PublicTempStorage/c_titulo2071140.pdf HTTP/1.1" 200 727929
186.103.157.39 - - [02/Apr/2018:16:33:11 -0300] "GET /cormun/servlet/prfichaempleado?,MD,,gxPopupLevel%3D0%3B HTTP/1.1" 200 9292
186.103.157.39 - - [02/Apr/2018:16:33:11 -0300] "GET /cormun/static/gxcfg.js?20177612134814 HTTP/1.1" 304 -
186.103.157.39 - - [02/Apr/2018:16:33:11 -0300] "GET /cormun/static/prfichaempleado.js?20177612134999 HTTP/1.1" 304 -
200.86.99.60 - - [02/Apr/2018:16:33:34 -0300] "GET /cormun/servlet/hlogin HTTP/1.1" 200 1719
200.86.99.60 - - [02/Apr/2018:16:33:35 -0300] "GET /cormun/static/gxcfg.js?20175251213516 HTTP/1.1" 200 953
200.86.99.60 - - [02/Apr/2018:16:33:35 -0300] "GET /cormun/static/Resources/ComunLogin.png HTTP/1.1" 200 17326
200.86.99.60 - - [02/Apr/2018:16:33:35 -0300] "GET /cormun/static/Resources/PXToolsLoginBottom.png HTTP/1.1" 200 1389
200.86.99.60 - - [02/Apr/2018:16:33:35 -0300] "GET /cormun/static/Resources/PXToolsButtonRight21.png HTTP/1.1" 200 1283
200.86.99.60 - - [02/Apr/2018:16:33:35 -0300] "GET /cormun/static/Resources/PXToolsButtonLeft21.png HTTP/1.1" 200 1287
200.86.99.60 - - [02/Apr/2018:16:33:35 -0300] "GET /cormun/static/Resources/PXToolsButtonBackground2.png HTTP/1.1" 200 1181
200.86.99.60 - - [02/Apr/2018:16:33:35 -0300] "GET /cormun/static/Resources/PXToolsLoginTop.png HTTP/1.1" 200 1337
200.86.99.60 - - [02/Apr/2018:16:33:35 -0300] "GET /cormun/static/Resources/PXToolsLoginBackground.png HTTP/1.1" 200 1164
200.86.99.60 - - [02/Apr/2018:16:33:35 -0300] "GET /cormun/static/Resources/indicator.gif HTTP/1.1" 200 1553
186.103.157.39 - - [02/Apr/2018:16:33:36 -0300] "POST /cormun/servlet/prfichaempleado?a3f4f6e803ff7d928a213096fb91c97d,,MD,,gxPopupLevel%3D0%3B,gx-no-cache=1522697563225 HTTP/1.1" 200 3473
186.103.157.39 - - [02/Apr/2018:16:33:49 -0300] "POST /cormun/servlet/solicitudot?gx-no-cache=1522697576576 HTTP/1.1" 200 1352
186.103.157.39 - - [02/Apr/2018:16:33:50 -0300] "POST /cormun/servlet/solicitudot?gx-no-cache=1522697576812 HTTP/1.1" 200 1334
186.103.157.39 - - [02/Apr/2018:16:33:50 -0300] "POST /cormun/servlet/solicitudot?gx-no-cache=1522697576941 HTTP/1.1" 200 1231
186.103.157.39 - - [02/Apr/2018:16:33:50 -0300] "GET /cormun/servlet/solicitudot?0bb47e35e1076c443821a62c1c29fb0b339785e5c33928eddf80a1929bbd6fae7d348f50106c1139aba8a781272c51ef,gx-no-cache=1522697577073 HTTP/1.1" 200 30
186.103.157.39 - - [02/Apr/2018:16:33:50 -0300] "POST /cormun/servlet/solicitudot?gx-no-cache=1522697577189 HTTP/1.1" 200 34
186.103.157.39 - - [02/Apr/2018:16:33:50 -0300] "POST /cormun/servlet/solicitudot?a3f4f6e803ff7d928a213096fb91c97d,INS,0,0,,gx-no-cache=1522697577338 HTTP/1.1" 200 93
186.103.157.39 - - [02/Apr/2018:16:33:50 -0300] "GET /cormun/servlet/hpexe_return? HTTP/1.1" 200 1007
186.103.157.39 - - [02/Apr/2018:16:33:50 -0300] "GET /cormun/static/gxcfg.js?2016101716175148 HTTP/1.1" 304 -
186.103.157.39 - - [02/Apr/2018:16:33:50 -0300] "GET /cormun/static/hpexe_return.js?2016101716175153 HTTP/1.1" 304 -
186.103.157.39 - - [02/Apr/2018:16:33:50 -0300] "GET /cormun/static/Resources/Spanish/PXTools.css?167811 HTTP/1.1" 304 -
186.103.157.39 - - [02/Apr/2018:16:33:51 -0300] "GET /cormun/servlet/trsolicitudot HTTP/1.1" 200 8629
186.103.157.39 - - [02/Apr/2018:16:33:52 -0300] "GET /cormun/servlet/trsolicitudot HTTP/1.1" 200 8625
186.103.157.39 - - [02/Apr/2018:16:33:56 -0300] "POST /cormun/servlet/trsolicitudot?a3f4f6e803ff7d928a213096fb91c97d,gx-no-cache=1522697583322 HTTP/1.1" 200 107
186.103.157.39 - - [02/Apr/2018:16:33:56 -0300] "GET /cormun/servlet/trsolicitudadjuntos?2018,10968, HTTP/1.1" 200 6043
186.103.157.39 - - [02/Apr/2018:16:33:56 -0300] "GET /cormun/static/gxcfg.js?20177612135366 HTTP/1.1" 304 -
186.103.157.39 - - [02/Apr/2018:16:33:57 -0300] "GET /cormun/servlet/trsolicitudadjuntos?2018,10968, HTTP/1.1" 200 6043
186.103.157.39 - - [02/Apr/2018:16:34:00 -0300] "GET /cormun/servlet/solicitudotadjuntos?INS,2018,10968,,1, HTTP/1.1" 200 5987
186.103.157.39 - - [02/Apr/2018:16:34:00 -0300] "GET /cormun/static/gxcfg.js?2017761244068 HTTP/1.1" 304 -
186.103.157.39 - - [02/Apr/2018:16:34:00 -0300] "GET /cormun/static/about:blank HTTP/1.1" 404 1011
186.103.157.39 - - [02/Apr/2018:16:34:01 -0300] "GET /cormun/servlet/solicitudotadjuntos?INS,2018,10968,,1, HTTP/1.1" 200 5981
186.103.157.39 - - [02/Apr/2018:16:34:02 -0300] "GET /cormun/servlet/solicitudotadjuntos?0bb47e35e1076c443821a62c1c29fb0b5a969ace1390b3d4a6e474dfbe881d2e5dafafda804172f0d5eeeeace6b0b93c,gx-no-cache=1522697588755 HTTP/1.1" 200 30
186.103.157.39 - - [02/Apr/2018:16:34:02 -0300] "POST /cormun/servlet/solicitudotadjuntos?a3f4f6e803ff7d928a213096fb91c97d,INS,2018,10968,,1,,gx-no-cache=1522697588909 HTTP/1.1" 200 3819
186.103.157.39 - - [02/Apr/2018:16:34:05 -0300] "POST /cormun/servlet/solicitudotadjuntos?gx-no-cache=1522697592461 HTTP/1.1" 200 26
170.18.1.135 - - [02/Apr/2018:16:34:33 -0300] "GET /cormun/servlet/hlogin HTTP/1.1" 200 1726
186.103.157.39 - - [02/Apr/2018:16:34:34 -0300] "GET /cormun/servlet/solicitudotadjuntos?0bb47e35e1076c443821a62c1c29fb0b3cd7d651ed0cfc83783be59f438854e6,gx-no-cache=1522697621554 HTTP/1.1" 200 30
186.103.157.39 - - [02/Apr/2018:16:34:34 -0300] "GET /cormun/servlet/solicitudotadjuntos?0bb47e35e1076c443821a62c1c29fb0b3cd7d651ed0cfc83783be59f438854e6,gx-no-cache=1522697621596 HTTP/1.1" 200 30
170.18.1.135 - - [02/Apr/2018:16:34:35 -0300] "GET /cormun/static/gxcfg.js?20175251213516 HTTP/1.1" 200 953
170.18.1.135 - - [02/Apr/2018:16:34:35 -0300] "GET /cormun/static/gxtimezone.js?85251 HTTP/1.1" 200 5781
170.18.1.135 - - [02/Apr/2018:16:34:35 -0300] "GET /cormun/static/Resources/Spanish/PXTools.css?11423723 HTTP/1.1" 200 89042
186.103.157.39 - - [02/Apr/2018:16:34:35 -0300] "POST /cormun/servlet/solicitudotadjuntos?a3f4f6e803ff7d928a213096fb91c97d,INS,2018,10968,,1, HTTP/1.1" 200 116
170.18.1.135 - - [02/Apr/2018:16:34:35 -0300] "GET /cormun/static/gxgral.js?85251 HTTP/1.1" 200 384558
186.103.157.39 - - [02/Apr/2018:16:34:35 -0300] "GET /cormun/servlet/hpexe_return? HTTP/1.1" 200 1027
186.103.157.39 - - [02/Apr/2018:16:34:35 -0300] "GET /cormun/servlet/trsolicitudadjuntos?2018,10968, HTTP/1.1" 200 8461
186.103.157.39 - - [02/Apr/2018:16:34:36 -0300] "GET /cormun/servlet/trsolicitudadjuntos?2018,10968, HTTP/1.1" 200 8458
170.18.1.135 - - [02/Apr/2018:16:34:37 -0300] "GET /cormun/static/Resources/PXToolsLoginBottom.png HTTP/1.1" 200 1389
170.18.1.135 - - [02/Apr/2018:16:34:37 -0300] "GET /cormun/static/Resources/ComunLogin.png HTTP/1.1" 200 17326
170.18.1.135 - - [02/Apr/2018:16:34:37 -0300] "GET /cormun/static/messages.spa.js?85251 HTTP/1.1" 200 30736
170.18.1.135 - - [02/Apr/2018:16:34:37 -0300] "GET /cormun/static/Resources/PXToolsButtonLeft21.png HTTP/1.1" 200 1287
170.18.1.135 - - [02/Apr/2018:16:34:37 -0300] "GET /cormun/static/Resources/PXToolsLoginBackground.png HTTP/1.1" 200 1164
170.18.1.135 - - [02/Apr/2018:16:34:37 -0300] "GET /cormun/static/Resources/PXToolsButtonRight21.png HTTP/1.1" 200 1283
170.18.1.135 - - [02/Apr/2018:16:34:37 -0300] "GET /cormun/static/Resources/PXToolsButtonBackground2.png HTTP/1.1" 200 1181
170.18.1.135 - - [02/Apr/2018:16:34:37 -0300] "GET /cormun/static/Resources/PXToolsLoginTop.png HTTP/1.1" 200 1337
170.18.1.135 - - [02/Apr/2018:16:34:38 -0300] "GET /cormun/static/hlogin.js?20175251213537 HTTP/1.1" 200 2136
170.18.1.135 - - [02/Apr/2018:16:34:39 -0300] "GET /cormun/static/Resources/indicator.gif HTTP/1.1" 200 1553
170.18.1.135 - - [02/Apr/2018:16:34:39 -0300] "GET /cormun/servlet/hlogin HTTP/1.1" 200 1729
186.103.157.39 - - [02/Apr/2018:16:34:39 -0300] "GET /cormun/servlet/solicitudotadjuntos?INS,2018,10968,,1, HTTP/1.1" 200 5987
186.103.157.39 - - [02/Apr/2018:16:34:39 -0300] "GET /cormun/static/about:blank HTTP/1.1" 404 1011
186.103.157.39 - - [02/Apr/2018:16:34:40 -0300] "GET /cormun/servlet/solicitudotadjuntos?INS,2018,10968,,1, HTTP/1.1" 200 5981
170.18.1.135 - - [02/Apr/2018:16:34:40 -0300] "GET /favicon.ico HTTP/1.1" 200 21630
186.103.157.39 - - [02/Apr/2018:16:34:41 -0300] "GET /cormun/servlet/solicitudotadjuntos?0bb47e35e1076c443821a62c1c29fb0b5a969ace1390b3d4a6e474dfbe881d2e5dafafda804172f0d5eeeeace6b0b93c,gx-no-cache=1522697627817 HTTP/1.1" 200 30
186.103.157.39 - - [02/Apr/2018:16:34:41 -0300] "POST /cormun/servlet/solicitudotadjuntos?a3f4f6e803ff7d928a213096fb91c97d,INS,2018,10968,,1,,gx-no-cache=1522697627961 HTTP/1.1" 200 3819
186.103.157.39 - - [02/Apr/2018:16:34:48 -0300] "POST /cormun/servlet/solicitudotadjuntos?gx-no-cache=1522697635095 HTTP/1.1" 200 26
186.103.157.39 - - [02/Apr/2018:16:34:56 -0300] "GET /cormun/servlet/solicitudotadjuntos?0bb47e35e1076c443821a62c1c29fb0b3cd7d651ed0cfc83783be59f438854e6,gx-no-cache=1522697643530 HTTP/1.1" 200 30
186.103.157.39 - - [02/Apr/2018:16:34:56 -0300] "GET /cormun/servlet/solicitudotadjuntos?0bb47e35e1076c443821a62c1c29fb0b3cd7d651ed0cfc83783be59f438854e6,gx-no-cache=1522697643559 HTTP/1.1" 200 30
186.103.157.39 - - [02/Apr/2018:16:34:58 -0300] "POST /cormun/servlet/solicitudotadjuntos?a3f4f6e803ff7d928a213096fb91c97d,INS,2018,10968,,1, HTTP/1.1" 200 116
186.103.157.39 - - [02/Apr/2018:16:34:58 -0300] "GET /cormun/servlet/hpexe_return? HTTP/1.1" 200 1027
186.103.157.39 - - [02/Apr/2018:16:34:58 -0300] "GET /cormun/servlet/trsolicitudadjuntos?2018,10968, HTTP/1.1" 200 8689
186.103.157.39 - - [02/Apr/2018:16:34:59 -0300] "GET /cormun/servlet/trsolicitudadjuntos?2018,10968, HTTP/1.1" 200 8688
186.103.157.39 - - [02/Apr/2018:16:35:02 -0300] "GET /cormun/servlet/solicitudotadjuntos?INS,2018,10968,,1, HTTP/1.1" 200 5987
186.103.157.39 - - [02/Apr/2018:16:35:03 -0300] "GET /cormun/static/about:blank HTTP/1.1" 404 1011
170.18.1.135 - - [02/Apr/2018:16:35:03 -0300] "POST /cormun/servlet/hlogin?9919561e1f2584ef87a44ca7a9903cfd,gx-no-cache=1522697648877 HTTP/1.1" 200 447
186.103.157.39 - - [02/Apr/2018:16:35:03 -0300] "GET /cormun/servlet/solicitudotadjuntos?INS,2018,10968,,1, HTTP/1.1" 200 5980
186.103.157.39 - - [02/Apr/2018:16:35:04 -0300] "GET /cormun/servlet/solicitudotadjuntos?0bb47e35e1076c443821a62c1c29fb0b5a969ace1390b3d4a6e474dfbe881d2e5dafafda804172f0d5eeeeace6b0b93c,gx-no-cache=1522697650986 HTTP/1.1" 200 30
186.103.157.39 - - [02/Apr/2018:16:35:04 -0300] "POST /cormun/servlet/solicitudotadjuntos?a3f4f6e803ff7d928a213096fb91c97d,INS,2018,10968,,1,,gx-no-cache=1522697651061 HTTP/1.1" 200 3819
170.18.1.135 - - [02/Apr/2018:16:35:06 -0300] "POST /cormun/servlet/hlogin?9919561e1f2584ef87a44ca7a9903cfd,gx-no-cache=1522697652229 HTTP/1.1" 200 445
186.103.157.39 - - [02/Apr/2018:16:35:14 -0300] "POST /cormun/servlet/solicitudotadjuntos?gx-no-cache=1522697661729 HTTP/1.1" 200 26
170.18.1.135 - - [02/Apr/2018:16:35:17 -0300] "POST /cormun/servlet/hlogin?9919561e1f2584ef87a44ca7a9903cfd,gx-no-cache=1522697662644 HTTP/1.1" 200 449
186.103.157.39 - - [02/Apr/2018:16:35:23 -0300] "GET /cormun/servlet/solicitudotadjuntos?0bb47e35e1076c443821a62c1c29fb0b3cd7d651ed0cfc83783be59f438854e6,gx-no-cache=1522697669875 HTTP/1.1" 200 30
186.103.157.39 - - [02/Apr/2018:16:35:23 -0300] "GET /cormun/servlet/solicitudotadjuntos?0bb47e35e1076c443821a62c1c29fb0b3cd7d651ed0cfc83783be59f438854e6,gx-no-cache=1522697669920 HTTP/1.1" 200 30
186.103.157.39 - - [02/Apr/2018:16:35:23 -0300] "POST /cormun/servlet/solicitudotadjuntos?a3f4f6e803ff7d928a213096fb91c97d,INS,2018,10968,,1, HTTP/1.1" 200 116
186.103.157.39 - - [02/Apr/2018:16:35:23 -0300] "GET /cormun/servlet/hpexe_return? HTTP/1.1" 200 1027
186.103.157.39 - - [02/Apr/2018:16:35:24 -0300] "GET /cormun/servlet/trsolicitudadjuntos?2018,10968, HTTP/1.1" 200 8867
170.18.1.135 - - [02/Apr/2018:16:35:25 -0300] "POST /cormun/servlet/hlogin?9919561e1f2584ef87a44ca7a9903cfd,gx-no-cache=1522697670704 HTTP/1.1" 200 449
186.103.157.39 - - [02/Apr/2018:16:35:25 -0300] "GET /cormun/servlet/trsolicitudadjuntos?2018,10968, HTTP/1.1" 200 8867
186.103.157.39 - - [02/Apr/2018:16:35:28 -0300] "GET /cormun/servlet/solicitudotadjuntos?INS,2018,10968,,1, HTTP/1.1" 200 5987
186.103.157.39 - - [02/Apr/2018:16:35:28 -0300] "GET /cormun/static/about:blank HTTP/1.1" 404 1011
186.103.157.39 - - [02/Apr/2018:16:35:29 -0300] "GET /cormun/servlet/solicitudotadjuntos?INS,2018,10968,,1, HTTP/1.1" 200 5980
186.103.157.39 - - [02/Apr/2018:16:35:29 -0300] "GET /cormun/servlet/solicitudotadjuntos?0bb47e35e1076c443821a62c1c29fb0b5a969ace1390b3d4a6e474dfbe881d2e5dafafda804172f0d5eeeeace6b0b93c,gx-no-cache=1522697676618 HTTP/1.1" 200 30
186.103.157.39 - - [02/Apr/2018:16:35:30 -0300] "POST /cormun/servlet/solicitudotadjuntos?a3f4f6e803ff7d928a213096fb91c97d,INS,2018,10968,,1,,gx-no-cache=1522697676701 HTTP/1.1" 200 3819
186.103.157.39 - - [02/Apr/2018:16:35:34 -0300] "POST /cormun/servlet/solicitudotadjuntos?gx-no-cache=1522697681512 HTTP/1.1" 200 26
186.103.157.39 - - [02/Apr/2018:16:35:44 -0300] "GET /cormun/servlet/solicitudotadjuntos?0bb47e35e1076c443821a62c1c29fb0b3cd7d651ed0cfc83783be59f438854e6,gx-no-cache=1522697691556 HTTP/1.1" 200 30
186.103.157.39 - - [02/Apr/2018:16:35:44 -0300] "GET /cormun/servlet/solicitudotadjuntos?0bb47e35e1076c443821a62c1c29fb0b3cd7d651ed0cfc83783be59f438854e6,gx-no-cache=1522697691580 HTTP/1.1" 200 30
186.103.157.39 - - [02/Apr/2018:16:35:45 -0300] "POST /cormun/servlet/solicitudotadjuntos?a3f4f6e803ff7d928a213096fb91c97d,INS,2018,10968,,1, HTTP/1.1" 200 116
186.103.157.39 - - [02/Apr/2018:16:35:45 -0300] "GET /cormun/servlet/hpexe_return? HTTP/1.1" 200 1027
186.103.157.39 - - [02/Apr/2018:16:35:45 -0300] "GET /cormun/servlet/trsolicitudadjuntos?2018,10968, HTTP/1.1" 200 9063
170.18.1.135 - - [02/Apr/2018:16:35:46 -0300] "POST /cormun/servlet/hlogin?9919561e1f2584ef87a44ca7a9903cfd,gx-no-cache=1522697692095 HTTP/1.1" 200 447
186.103.157.39 - - [02/Apr/2018:16:35:46 -0300] "GET /cormun/servlet/trsolicitudadjuntos?2018,10968, HTTP/1.1" 200 9059
186.103.157.39 - - [02/Apr/2018:16:35:50 -0300] "GET /cormun/servlet/solicitudotadjuntos?INS,2018,10968,,1, HTTP/1.1" 200 5987
186.103.157.39 - - [02/Apr/2018:16:35:50 -0300] "GET /cormun/static/about:blank HTTP/1.1" 404 1011
186.103.157.39 - - [02/Apr/2018:16:35:51 -0300] "GET /cormun/servlet/solicitudotadjuntos?INS,2018,10968,,1, HTTP/1.1" 200 5980
186.103.157.39 - - [02/Apr/2018:16:35:51 -0300] "GET /cormun/servlet/solicitudotadjuntos?0bb47e35e1076c443821a62c1c29fb0b5a969ace1390b3d4a6e474dfbe881d2e5dafafda804172f0d5eeeeace6b0b93c,gx-no-cache=1522697698703 HTTP/1.1" 200 30
186.103.157.39 - - [02/Apr/2018:16:35:52 -0300] "POST /cormun/servlet/solicitudotadjuntos?a3f4f6e803ff7d928a213096fb91c97d,INS,2018,10968,,1,,gx-no-cache=1522697698775 HTTP/1.1" 200 3819
186.103.157.39 - - [02/Apr/2018:16:35:59 -0300] "POST /cormun/servlet/solicitudotadjuntos?gx-no-cache=1522697706209 HTTP/1.1" 200 26
186.103.157.39 - - [02/Apr/2018:16:36:06 -0300] "GET /cormun/servlet/solicitudotadjuntos?0bb47e35e1076c443821a62c1c29fb0b3cd7d651ed0cfc83783be59f438854e6,gx-no-cache=1522697713148 HTTP/1.1" 200 30
186.103.157.39 - - [02/Apr/2018:16:36:06 -0300] "GET /cormun/servlet/solicitudotadjuntos?0bb47e35e1076c443821a62c1c29fb0b3cd7d651ed0cfc83783be59f438854e6,gx-no-cache=1522697713219 HTTP/1.1" 200 30
186.103.157.39 - - [02/Apr/2018:16:36:07 -0300] "POST /cormun/servlet/solicitudotadjuntos?a3f4f6e803ff7d928a213096fb91c97d,INS,2018,10968,,1, HTTP/1.1" 200 116
186.103.157.39 - - [02/Apr/2018:16:36:07 -0300] "GET /cormun/servlet/hpexe_return? HTTP/1.1" 200 1027
186.103.157.39 - - [02/Apr/2018:16:36:08 -0300] "GET /cormun/servlet/trsolicitudadjuntos?2018,10968, HTTP/1.1" 200 9322
186.103.157.39 - - [02/Apr/2018:16:36:09 -0300] "GET /cormun/servlet/trsolicitudadjuntos?2018,10968, HTTP/1.1" 200 9322
186.103.157.39 - - [02/Apr/2018:16:36:11 -0300] "GET /cormun/servlet/solicitudotadjuntos?INS,2018,10968,,1, HTTP/1.1" 200 5986
186.103.157.39 - - [02/Apr/2018:16:36:12 -0300] "GET /cormun/static/about:blank HTTP/1.1" 404 1011
186.103.157.39 - - [02/Apr/2018:16:36:12 -0300] "GET /cormun/servlet/solicitudotadjuntos?INS,2018,10968,,1, HTTP/1.1" 200 5980
186.103.157.39 - - [02/Apr/2018:16:36:13 -0300] "GET /cormun/servlet/solicitudotadjuntos?0bb47e35e1076c443821a62c1c29fb0b5a969ace1390b3d4a6e474dfbe881d2e5dafafda804172f0d5eeeeace6b0b93c,gx-no-cache=1522697720054 HTTP/1.1" 200 30
186.103.157.39 - - [02/Apr/2018:16:36:13 -0300] "POST /cormun/servlet/solicitudotadjuntos?a3f4f6e803ff7d928a213096fb91c97d,INS,2018,10968,,1,,gx-no-cache=1522697720118 HTTP/1.1" 200 3819
186.103.157.39 - - [02/Apr/2018:16:36:17 -0300] "POST /cormun/servlet/solicitudotadjuntos?gx-no-cache=1522697724417 HTTP/1.1" 200 26
186.103.157.39 - - [02/Apr/2018:16:36:24 -0300] "GET /cormun/servlet/solicitudotadjuntos?0bb47e35e1076c443821a62c1c29fb0b3cd7d651ed0cfc83783be59f438854e6,gx-no-cache=1522697731077 HTTP/1.1" 200 30
186.103.157.39 - - [02/Apr/2018:16:36:24 -0300] "GET /cormun/servlet/solicitudotadjuntos?0bb47e35e1076c443821a62c1c29fb0b3cd7d651ed0cfc83783be59f438854e6,gx-no-cache=1522697731101 HTTP/1.1" 200 30
186.103.157.39 - - [02/Apr/2018:16:36:24 -0300] "POST /cormun/servlet/solicitudotadjuntos?a3f4f6e803ff7d928a213096fb91c97d,INS,2018,10968,,1, HTTP/1.1" 200 116
186.103.157.39 - - [02/Apr/2018:16:36:25 -0300] "GET /cormun/servlet/hpexe_return? HTTP/1.1" 200 1027
186.103.157.39 - - [02/Apr/2018:16:36:25 -0300] "GET /cormun/servlet/trsolicitudadjuntos?2018,10968, HTTP/1.1" 200 9602
186.103.157.39 - - [02/Apr/2018:16:36:26 -0300] "GET /cormun/servlet/trsolicitudadjuntos?2018,10968, HTTP/1.1" 200 9597
186.103.157.39 - - [02/Apr/2018:16:36:31 -0300] "GET /cormun/servlet/solicitudotadjuntos?INS,2018,10968,,1, HTTP/1.1" 200 5986
186.103.157.39 - - [02/Apr/2018:16:36:32 -0300] "GET /cormun/servlet/solicitudotadjuntos?INS,2018,10968,,1, HTTP/1.1" 200 5980
186.103.157.39 - - [02/Apr/2018:16:36:33 -0300] "GET /cormun/servlet/solicitudotadjuntos?0bb47e35e1076c443821a62c1c29fb0b5a969ace1390b3d4a6e474dfbe881d2e5dafafda804172f0d5eeeeace6b0b93c,gx-no-cache=1522697740031 HTTP/1.1" 200 30
186.103.157.39 - - [02/Apr/2018:16:36:33 -0300] "POST /cormun/servlet/solicitudotadjuntos?a3f4f6e803ff7d928a213096fb91c97d,INS,2018,10968,,1,,gx-no-cache=1522697740076 HTTP/1.1" 200 3819
186.103.157.39 - - [02/Apr/2018:16:36:39 -0300] "GET /cormun/servlet/trsolicitudot? HTTP/1.1" 200 8636
186.103.157.39 - - [02/Apr/2018:16:36:40 -0300] "GET /cormun/servlet/trsolicitudot? HTTP/1.1" 200 8625
192.168.10.89 - - [02/Apr/2018:16:36:43 -0300] "POST /cormun/servlet/trsolicitudgral?d2ed97d7d33044e8f04e624aa6565446,,gx-no-cache=1522697631505 HTTP/1.1" 200 7369
186.103.157.39 - - [02/Apr/2018:16:36:43 -0300] "POST /cormun/servlet/trsolicitudot?a3f4f6e803ff7d928a213096fb91c97d,,gx-no-cache=1522697749739 HTTP/1.1" 200 4533
186.103.157.39 - - [02/Apr/2018:16:36:43 -0300] "GET /cormun/static/Shared/jqueryui/images/ui-bg_highlight-soft_100_c6c2c8_1x100.png HTTP/1.1" 404 1117
186.103.157.39 - - [02/Apr/2018:16:36:43 -0300] "GET /cormun/static/Shared/jqueryui/images/ui-icons_82798d_256x240.png HTTP/1.1" 404 1089
186.103.157.39 - - [02/Apr/2018:16:36:43 -0300] "GET /cormun/static/Shared/jqueryui/images/ui-icons_8d78a5_256x240.png HTTP/1.1" 404 1089
186.103.157.39 - - [02/Apr/2018:16:36:43 -0300] "GET /cormun/static/Shared/jqueryui/images/ui-bg_flat_55_fafafa_40x100.png HTTP/1.1" 404 1097
186.103.157.39 - - [02/Apr/2018:16:36:43 -0300] "POST /cormun/servlet/trsolicitudot?a3f4f6e803ff7d928a213096fb91c97d,,gx-no-cache=1522697750046 HTTP/1.1" 200 4266
192.168.10.89 - - [02/Apr/2018:16:36:44 -0300] "GET /cormun/servlet/vesolicitudgral?2018,10908,, HTTP/1.1" 200 9443
192.168.10.89 - - [02/Apr/2018:16:36:44 -0300] "GET /cormun/pexe_scrolldiv.js HTTP/1.1" 404 1009
192.168.10.89 - - [02/Apr/2018:16:36:47 -0300] "GET /cormun/servlet/vesolicitudgral?2018,10908,,SolicitudOTAdjuntos HTTP/1.1" 200 11686
192.168.10.89 - - [02/Apr/2018:16:36:47 -0300] "GET /cormun/pexe_scrolldiv.js HTTP/1.1" 404 1009
192.168.10.89 - - [02/Apr/2018:16:36:48 -0300] "POST /cormun/servlet/acontrolpreferencessavestate?None,CDROGUETT,true HTTP/1.1" 200 35
192.168.10.89 - - [02/Apr/2018:16:36:49 -0300] "GET /cormun/PublicTempStorage/fotocopia_cedula_ximena_mu%F1oz9637831.pdf HTTP/1.1" 200 36546
186.103.157.39 - - [02/Apr/2018:16:37:03 -0300] "GET /cormun/servlet/hlogin HTTP/1.1" 200 1738
192.168.10.89 - - [02/Apr/2018:16:37:12 -0300] "GET /cormun/servlet/vesolicitudgral?2018,10908,,SolicitudOTAdjuntos HTTP/1.1" 200 11688
192.168.10.89 - - [02/Apr/2018:16:37:12 -0300] "GET /cormun/pexe_scrolldiv.js HTTP/1.1" 404 1009
192.168.10.89 - - [02/Apr/2018:16:37:14 -0300] "POST /cormun/servlet/acontrolpreferencessavestate?None,CDROGUETT,true HTTP/1.1" 200 35
192.168.10.89 - - [02/Apr/2018:16:37:15 -0300] "GET /cormun/PublicTempStorage/titulo_profesional_ximena_mu%F1oz7312705.pdf HTTP/1.1" 200 528626
192.168.10.89 - - [02/Apr/2018:16:37:20 -0300] "GET /cormun/servlet/vesolicitudgral?2018,10908,,SolicitudOTAdjuntos HTTP/1.1" 200 11686
192.168.10.89 - - [02/Apr/2018:16:37:20 -0300] "GET /cormun/pexe_scrolldiv.js HTTP/1.1" 404 1009
192.168.10.89 - - [02/Apr/2018:16:37:22 -0300] "POST /cormun/servlet/acontrolpreferencessavestate?None,CDROGUETT,true HTTP/1.1" 200 35
192.168.10.89 - - [02/Apr/2018:16:37:23 -0300] "GET /cormun/PublicTempStorage/certificado_de_afiliacion_afp_ximena_mu%F1oz4222663.pdf HTTP/1.1" 200 23132
186.103.157.39 - - [02/Apr/2018:16:37:24 -0300] "POST /cormun/servlet/hlogin?a3f4f6e803ff7d928a213096fb91c97d,gx-no-cache=1522697791478 HTTP/1.1" 200 90
186.103.157.39 - - [02/Apr/2018:16:37:24 -0300] "GET /cormun/servlet/hpexe_link HTTP/1.1" 200 950
186.103.157.39 - - [02/Apr/2018:16:37:25 -0300] "GET /cormun/servlet/hhome HTTP/1.1" 200 4149
186.103.157.39 - - [02/Apr/2018:16:37:25 -0300] "GET /cormun/servlet/hhome HTTP/1.1" 200 4145
192.168.10.89 - - [02/Apr/2018:16:37:30 -0300] "GET /cormun/servlet/vesolicitudgral?2018,10908,,SolicitudOTAdjuntos HTTP/1.1" 200 11689
192.168.10.89 - - [02/Apr/2018:16:37:30 -0300] "GET /cormun/pexe_scrolldiv.js HTTP/1.1" 404 1009
192.168.10.89 - - [02/Apr/2018:16:37:31 -0300] "POST /cormun/servlet/acontrolpreferencessavestate?None,CDROGUETT,true HTTP/1.1" 200 35
192.168.10.89 - - [02/Apr/2018:16:37:32 -0300] "GET /cormun/PublicTempStorage/certificado_de_afiliacion_fonasa_ximena_mu%F1oz3914095.pdf HTTP/1.1" 200 46525
192.168.10.89 - - [02/Apr/2018:16:37:38 -0300] "GET /cormun/servlet/vesolicitudgral?2018,10908,,SolicitudOTAdjuntos HTTP/1.1" 200 11686
192.168.10.89 - - [02/Apr/2018:16:37:38 -0300] "GET /cormun/pexe_scrolldiv.js HTTP/1.1" 404 1009
192.168.10.89 - - [02/Apr/2018:16:37:40 -0300] "POST /cormun/servlet/acontrolpreferencessavestate?None,CDROGUETT,true HTTP/1.1" 200 35
192.168.10.89 - - [02/Apr/2018:16:37:41 -0300] "GET /cormun/PublicTempStorage/certificado_de_antecedentes_ximena_mu%F1oz_0013214260.pdf HTTP/1.1" 200 96703
186.103.157.39 - - [02/Apr/2018:16:37:44 -0300] "GET /cormun/servlet/trautorizarsolicitud? HTTP/1.1" 200 8705
186.103.157.39 - - [02/Apr/2018:16:37:44 -0300] "GET /cormun/static/gxcfg.js?2017111423403364 HTTP/1.1" 304 -
186.103.157.39 - - [02/Apr/2018:16:37:44 -0300] "GET /cormun/static/trautorizarsolicitud.js?201711142340425 HTTP/1.1" 304 -
186.103.157.39 - - [02/Apr/2018:16:37:45 -0300] "GET /cormun/servlet/trautorizarsolicitud? HTTP/1.1" 200 8703
192.168.10.89 - - [02/Apr/2018:16:37:46 -0300] "GET /cormun/servlet/vesolicitudgral?2018,10908,,SolicitudOTAdjuntos HTTP/1.1" 200 11687
192.168.10.89 - - [02/Apr/2018:16:37:46 -0300] "GET /cormun/pexe_scrolldiv.js HTTP/1.1" 404 1009
192.168.10.89 - - [02/Apr/2018:16:37:47 -0300] "POST /cormun/servlet/acontrolpreferencessavestate?None,CDROGUETT,true HTTP/1.1" 200 35
186.103.157.39 - - [02/Apr/2018:16:37:47 -0300] "POST /cormun/servlet/trautorizarsolicitud?a3f4f6e803ff7d928a213096fb91c97d,,gx-no-cache=1522697814688 HTTP/1.1" 200 4649
186.103.157.39 - - [02/Apr/2018:16:37:48 -0300] "GET /cormun/static/Shared/jqueryui/images/ui-bg_highlight-soft_100_c6c2c8_1x100.png HTTP/1.1" 404 1117
186.103.157.39 - - [02/Apr/2018:16:37:48 -0300] "GET /cormun/static/Shared/jqueryui/images/ui-icons_82798d_256x240.png HTTP/1.1" 404 1089
186.103.157.39 - - [02/Apr/2018:16:37:48 -0300] "GET /cormun/static/Shared/jqueryui/images/ui-bg_flat_55_fafafa_40x100.png HTTP/1.1" 404 1097
186.103.157.39 - - [02/Apr/2018:16:37:48 -0300] "GET /cormun/static/Shared/jqueryui/images/ui-icons_8d78a5_256x240.png HTTP/1.1" 404 1089
186.103.157.39 - - [02/Apr/2018:16:37:48 -0300] "POST /cormun/servlet/trautorizarsolicitud?a3f4f6e803ff7d928a213096fb91c97d,,gx-no-cache=1522697815033 HTTP/1.1" 200 4377
192.168.10.89 - - [02/Apr/2018:16:37:48 -0300] "GET /cormun/PublicTempStorage/curriculum_ximena_mu%F1oz7060564.pdf HTTP/1.1" 200 84773
192.168.10.89 - - [02/Apr/2018:16:37:53 -0300] "GET /cormun/servlet/vesolicitudgral?2018,10908,,SolicitudOTAdjuntos HTTP/1.1" 200 11686
192.168.10.89 - - [02/Apr/2018:16:37:53 -0300] "GET /cormun/pexe_scrolldiv.js HTTP/1.1" 404 1009
192.168.10.89 - - [02/Apr/2018:16:37:55 -0300] "POST /cormun/servlet/acontrolpreferencessavestate?None,CDROGUETT,true HTTP/1.1" 200 35
170.18.1.135 - - [02/Apr/2018:16:39:30 -0300] "GET /cormun/servlet/hlogin HTTP/1.1" 200 1726
170.18.1.135 - - [02/Apr/2018:16:39:43 -0300] "POST /cormun/servlet/hlogin?9919561e1f2584ef87a44ca7a9903cfd,gx-no-cache=1522697928962 HTTP/1.1" 200 434
170.18.1.135 - - [02/Apr/2018:16:40:04 -0300] "POST /cormun/servlet/hlogin?9919561e1f2584ef87a44ca7a9903cfd,gx-no-cache=1522697949304 HTTP/1.1" 200 434
186.103.159.182 - - [02/Apr/2018:16:40:22 -0300] "GET /cormun/servlet/trsolicitudot? HTTP/1.1" 200 7484
186.103.159.182 - - [02/Apr/2018:16:40:24 -0300] "GET /cormun/servlet/trsolicitudot? HTTP/1.1" 200 7472
186.103.159.182 - - [02/Apr/2018:16:40:24 -0300] "GET /favicon.ico HTTP/1.1" 200 21630
186.103.159.182 - - [02/Apr/2018:16:40:28 -0300] "POST /cormun/servlet/trsolicitudot?6fa76bcbb694a2f0a12921e3f99f7864,,gx-no-cache=1522697975124 HTTP/1.1" 200 4486
186.103.159.182 - - [02/Apr/2018:16:40:31 -0300] "GET /cormun/static/menuarrow.gif HTTP/1.1" 404 1015
186.103.159.182 - - [02/Apr/2018:16:40:37 -0300] "POST /cormun/servlet/trsolicitudot?6fa76bcbb694a2f0a12921e3f99f7864,,gx-no-cache=1522697983809 HTTP/1.1" 200 4486
186.103.159.182 - - [02/Apr/2018:16:40:41 -0300] "POST /cormun/servlet/trsolicitudot?6fa76bcbb694a2f0a12921e3f99f7864,,gx-no-cache=1522697987896 HTTP/1.1" 200 23657
186.103.159.189 - - [02/Apr/2018:16:42:19 -0300] "GET /cormun/servlet/trpermisosgoce? HTTP/1.1" 200 6091
186.103.159.189 - - [02/Apr/2018:16:42:21 -0300] "GET /cormun/servlet/trpermisosgoce? HTTP/1.1" 200 6091
186.103.159.189 - - [02/Apr/2018:16:42:21 -0300] "GET /cormun/servlet/hlogin HTTP/1.1" 200 1737
186.103.159.189 - - [02/Apr/2018:16:42:22 -0300] "GET /favicon.ico HTTP/1.1" 200 21630
186.79.36.37 - - [02/Apr/2018:16:42:23 -0300] "GET /cormun/servlet/hlogin HTTP/1.1" 200 1728
186.103.159.189 - - [02/Apr/2018:16:42:32 -0300] "POST /cormun/servlet/hlogin?035c658c6f11473606094c69146fd106,gx-no-cache=1522698096643 HTTP/1.1" 200 90
186.103.159.189 - - [02/Apr/2018:16:42:32 -0300] "GET /cormun/servlet/hpexe_link HTTP/1.1" 200 954
186.103.159.189 - - [02/Apr/2018:16:42:32 -0300] "GET /cormun/servlet/trpermisosgoce HTTP/1.1" 200 10544
186.103.159.189 - - [02/Apr/2018:16:42:34 -0300] "GET /cormun/servlet/trpermisosgoce HTTP/1.1" 200 10536
186.79.36.37 - - [02/Apr/2018:16:42:51 -0300] "POST /cormun/servlet/hlogin?287a5322d64f3e68e5be5c92fbd2a2e3,gx-no-cache=1522698119043 HTTP/1.1" 200 438
186.103.159.189 - - [02/Apr/2018:16:42:54 -0300] "GET /cormun/servlet/permisogoce?INS,0,,, HTTP/1.1" 200 6825
186.103.159.189 - - [02/Apr/2018:16:42:56 -0300] "GET /cormun/servlet/permisogoce?INS,0,,, HTTP/1.1" 200 6824
186.103.159.189 - - [02/Apr/2018:16:43:13 -0300] "GET /cormun/servlet/permisogoce?0eea226b6e1ddb4f499a2a31bb8b12545721e78bdec9b381d2b8f23e56d665cf9b8c79f0cb0b963e96bbb0978faf071c4effa79660c46d9f60be922eef58e51c,gx-no-cache=1522698137790 HTTP/1.1" 200 76
186.103.159.189 - - [02/Apr/2018:16:43:15 -0300] "GET /cormun/static/menuarrow.gif HTTP/1.1" 404 1015
186.103.159.189 - - [02/Apr/2018:16:43:23 -0300] "GET /cormun/servlet/permisogoce?0eea226b6e1ddb4f499a2a31bb8b1254424f9fc17334ebc13ef9b0d78b008135ef9ac639548d99d4917576c81fe07bc94c4670a7cd01b95720a86c480951b5ec,gx-no-cache=1522698148060 HTTP/1.1" 200 47
186.79.36.37 - - [02/Apr/2018:16:43:25 -0300] "POST /cormun/servlet/hlogin?287a5322d64f3e68e5be5c92fbd2a2e3,gx-no-cache=1522698152291 HTTP/1.1" 200 90
186.79.36.37 - - [02/Apr/2018:16:43:25 -0300] "GET /cormun/servlet/hpexe_link HTTP/1.1" 200 953
186.79.36.37 - - [02/Apr/2018:16:43:25 -0300] "GET /cormun/servlet/hhome HTTP/1.1" 200 4222
186.79.36.37 - - [02/Apr/2018:16:43:26 -0300] "GET /cormun/servlet/hhome HTTP/1.1" 200 4218
186.103.159.189 - - [02/Apr/2018:16:43:26 -0300] "POST /cormun/servlet/permisogoce?035c658c6f11473606094c69146fd106,INS,0,,,,gx-no-cache=1522698150553 HTTP/1.1" 200 93
186.103.159.189 - - [02/Apr/2018:16:43:26 -0300] "GET /cormun/servlet/hpexe_return? HTTP/1.1" 200 1008
186.103.159.189 - - [02/Apr/2018:16:43:26 -0300] "GET /cormun/servlet/trpermisosgoce HTTP/1.1" 200 10780
186.103.159.189 - - [02/Apr/2018:16:43:28 -0300] "GET /cormun/servlet/trpermisosgoce HTTP/1.1" 200 10771
186.103.159.189 - - [02/Apr/2018:16:43:31 -0300] "GET /cormun/servlet/apermisogoceprn?12293195,P,20180402164003,PU HTTP/1.1" 200 1652
200.111.191.210 - - [02/Apr/2018:16:46:23 -0300] "GET /cormun/servlet/hlogin HTTP/1.1" 200 1741
200.111.191.210 - - [02/Apr/2018:16:46:27 -0300] "POST /cormun/servlet/hlogin?43a3966c6cb606fb6b7849cff9e843db,gx-no-cache=1522698348665 HTTP/1.1" 200 90
200.111.191.210 - - [02/Apr/2018:16:46:27 -0300] "GET /cormun/servlet/hpexe_link HTTP/1.1" 200 953
200.111.191.210 - - [02/Apr/2018:16:46:27 -0300] "GET /cormun/servlet/hhome HTTP/1.1" 200 4193
200.111.191.210 - - [02/Apr/2018:16:46:28 -0300] "GET /cormun/servlet/hhome HTTP/1.1" 200 4189
200.111.191.210 - - [02/Apr/2018:16:46:52 -0300] "GET /cormun/servlet/trautorizarsolicitud? HTTP/1.1" 200 7303
200.111.191.210 - - [02/Apr/2018:16:46:52 -0300] "GET /cormun/static/gxcfg.js?2017111423403364 HTTP/1.1" 200 953
200.111.191.210 - - [02/Apr/2018:16:46:52 -0300] "GET /cormun/servlet/trautorizarsolicitud? HTTP/1.1" 200 7302
200.111.191.210 - - [02/Apr/2018:16:46:58 -0300] "POST /cormun/servlet/trautorizarsolicitud?43a3966c6cb606fb6b7849cff9e843db,,gx-no-cache=1522698379071 HTTP/1.1" 200 11113
200.111.191.210 - - [02/Apr/2018:16:47:05 -0300] "GET /cormun/servlet/treventos?2018,10961, HTTP/1.1" 200 8096
200.111.191.210 - - [02/Apr/2018:16:47:05 -0300] "GET /cormun/static/gxcfg.js?2016101716195975 HTTP/1.1" 200 953
200.111.191.210 - - [02/Apr/2018:16:47:05 -0300] "GET /cormun/static/treventos.js?201610171620222 HTTP/1.1" 200 16064
200.111.191.210 - - [02/Apr/2018:16:47:05 -0300] "GET /cormun/servlet/treventos?2018,10961, HTTP/1.1" 200 8101
200.111.191.210 - - [02/Apr/2018:16:47:09 -0300] "GET /cormun/servlet/trautorizarsolicitud? HTTP/1.1" 200 13948
200.111.191.210 - - [02/Apr/2018:16:47:09 -0300] "GET /cormun/servlet/trautorizarsolicitud? HTTP/1.1" 200 13946
192.168.10.89 - - [02/Apr/2018:16:47:30 -0300] "POST /cormun/servlet/vesolicitudgral?d2ed97d7d33044e8f04e624aa6565446,2018,10908,,SolicitudOTAdjuntos,gx-no-cache=1522698279079 HTTP/1.1" 200 90
192.168.10.89 - - [02/Apr/2018:16:47:30 -0300] "GET /cormun/servlet/hpexe_link HTTP/1.1" 200 979
192.168.10.89 - - [02/Apr/2018:16:47:30 -0300] "GET /cormun/servlet/trsolicitudgral? HTTP/1.1" 200 10861
186.103.159.189 - - [02/Apr/2018:16:47:32 -0300] "GET /cormun/servlet/hlogin HTTP/1.1" 200 1719
192.168.10.89 - - [02/Apr/2018:16:47:46 -0300] "POST /cormun/servlet/trsolicitudgral?d2ed97d7d33044e8f04e624aa6565446,,gx-no-cache=1522698294831 HTTP/1.1" 200 7907
192.168.10.89 - - [02/Apr/2018:16:47:55 -0300] "GET /cormun/servlet/vesolicitudgral?2018,10363,, HTTP/1.1" 200 9559
192.168.10.89 - - [02/Apr/2018:16:47:55 -0300] "GET /cormun/pexe_scrolldiv.js HTTP/1.1" 404 1009
192.168.10.89 - - [02/Apr/2018:16:47:57 -0300] "GET /cormun/servlet/vesolicitudgral?2018,10363,,SolicitudOTLog HTTP/1.1" 200 10592
192.168.10.89 - - [02/Apr/2018:16:47:57 -0300] "GET /cormun/pexe_scrolldiv.js HTTP/1.1" 404 1009
186.103.159.189 - - [02/Apr/2018:16:47:58 -0300] "POST /cormun/servlet/hlogin?d05e56ef4118d7392ef2397a2a6c1a3f,gx-no-cache=1522698424928 HTTP/1.1" 200 90
186.103.159.189 - - [02/Apr/2018:16:47:58 -0300] "GET /cormun/servlet/hpexe_link HTTP/1.1" 200 951
186.103.159.189 - - [02/Apr/2018:16:47:58 -0300] "GET /cormun/servlet/hhome HTTP/1.1" 200 3986
192.168.10.89 - - [02/Apr/2018:16:47:59 -0300] "POST /cormun/servlet/acontrolpreferencessavestate?None,CDROGUETT,true HTTP/1.1" 200 35
186.103.159.189 - - [02/Apr/2018:16:48:00 -0300] "GET /cormun/servlet/hhome HTTP/1.1" 200 3983
186.103.159.189 - - [02/Apr/2018:16:48:11 -0300] "GET /cormun/servlet/trsolicitudot? HTTP/1.1" 200 7193
186.103.159.189 - - [02/Apr/2018:16:48:13 -0300] "GET /cormun/servlet/trsolicitudot? HTTP/1.1" 200 7192
186.103.159.189 - - [02/Apr/2018:16:48:17 -0300] "GET /cormun/static/menuarrow.gif HTTP/1.1" 404 1015
186.103.159.189 - - [02/Apr/2018:16:48:21 -0300] "POST /cormun/servlet/trsolicitudot?d05e56ef4118d7392ef2397a2a6c1a3f,,gx-no-cache=1522698448375 HTTP/1.1" 200 4271
186.79.36.37 - - [02/Apr/2018:16:48:24 -0300] "GET /cormun/servlet/trfichaempleado? HTTP/1.1" 200 12595
186.103.159.189 - - [02/Apr/2018:16:48:29 -0300] "POST /cormun/servlet/trsolicitudot?d05e56ef4118d7392ef2397a2a6c1a3f,,gx-no-cache=1522698455916 HTTP/1.1" 200 4268
186.103.159.189 - - [02/Apr/2018:16:48:31 -0300] "POST /cormun/servlet/trsolicitudot?d05e56ef4118d7392ef2397a2a6c1a3f,,gx-no-cache=1522698458285 HTTP/1.1" 200 4271
186.103.159.189 - - [02/Apr/2018:16:48:37 -0300] "POST /cormun/servlet/trsolicitudot?d05e56ef4118d7392ef2397a2a6c1a3f,,gx-no-cache=1522698463791 HTTP/1.1" 200 18940
192.168.10.89 - - [02/Apr/2018:16:50:34 -0300] "POST /cormun/servlet/vesolicitudgral?d2ed97d7d33044e8f04e624aa6565446,2018,10363,,SolicitudOTLog,gx-no-cache=1522698462947 HTTP/1.1" 200 90
192.168.10.89 - - [02/Apr/2018:16:50:34 -0300] "GET /cormun/servlet/hpexe_link HTTP/1.1" 200 976
192.168.10.89 - - [02/Apr/2018:16:50:34 -0300] "GET /cormun/servlet/trsolicitudgral? HTTP/1.1" 200 11398
190.100.93.40 - - [02/Apr/2018:16:52:06 -0300] "GET /cormun/servlet/hlogin HTTP/1.1" 200 1720
190.100.93.40 - - [02/Apr/2018:16:52:06 -0300] "GET /cormun/static/gxtimezone.js?85251 HTTP/1.1" 200 5781
190.100.93.40 - - [02/Apr/2018:16:52:06 -0300] "GET /cormun/static/gxcfg.js?20175251213516 HTTP/1.1" 200 953
190.100.93.40 - - [02/Apr/2018:16:52:06 -0300] "GET /cormun/static/Resources/Spanish/PXTools.css?11423723 HTTP/1.1" 200 89042
190.100.93.40 - - [02/Apr/2018:16:52:07 -0300] "GET /cormun/static/messages.spa.js?85251 HTTP/1.1" 200 30736
190.100.93.40 - - [02/Apr/2018:16:52:07 -0300] "GET /cormun/static/hlogin.js?20175251213537 HTTP/1.1" 200 2136
190.100.93.40 - - [02/Apr/2018:16:52:07 -0300] "GET /cormun/static/Resources/ComunLogin.png HTTP/1.1" 200 17326
190.100.93.40 - - [02/Apr/2018:16:52:07 -0300] "GET /cormun/static/gxgral.js?85251 HTTP/1.1" 200 384558
190.100.93.40 - - [02/Apr/2018:16:52:07 -0300] "GET /cormun/static/Resources/PXToolsLoginBottom.png HTTP/1.1" 200 1389
190.100.93.40 - - [02/Apr/2018:16:52:07 -0300] "GET /cormun/static/Resources/PXToolsButtonLeft21.png HTTP/1.1" 200 1287
