152.231.70.146 - - [02/Apr/2018:11:32:02 -0300] "POST /cormun/servlet/solicitudot?8d8157f4081dce73627aef5eeb66c487,INS,0,0,,gx-no-cache=1522679458544 HTTP/1.1" 200 10451
152.231.70.146 - - [02/Apr/2018:11:32:09 -0300] "GET /cormun/servlet/solicitudot?81953935a90fd9c1f58375c720ed6eb9e279c958e1f0aeaea16818b9057801433d9b6a8fc24dfe540d7b9f7fc3ffd291,gx-no-cache=1522679464476 HTTP/1.1" 200 30
200.111.191.210 - - [02/Apr/2018:11:32:15 -0300] "GET /cormun/servlet/solicitudotadjuntos?632da2999d3a81f1eb73c2feba31723e75b22c1fa3afc64dc5062f96616530b2,gx-no-cache=1522679496497 HTTP/1.1" 200 30
200.111.191.210 - - [02/Apr/2018:11:32:15 -0300] "GET /cormun/servlet/solicitudotadjuntos?632da2999d3a81f1eb73c2feba31723e75b22c1fa3afc64dc5062f96616530b2,gx-no-cache=1522679496551 HTTP/1.1" 200 30
200.111.191.210 - - [02/Apr/2018:11:32:18 -0300] "POST /cormun/servlet/solicitudotadjuntos?047b699246d6f86db41d8321440250a6,INS,2018,10961,,1, HTTP/1.1" 200 116
200.111.191.210 - - [02/Apr/2018:11:32:18 -0300] "GET /cormun/servlet/hpexe_return? HTTP/1.1" 200 1028
186.67.164.142 - - [02/Apr/2018:11:32:18 -0300] "POST /cormun/servlet/solicitudot?e25201c5a94861f486d7cec71fd48d93,INS,0,0,,gx-no-cache=1522679484673 HTTP/1.1" 200 11827
200.111.191.210 - - [02/Apr/2018:11:32:18 -0300] "GET /cormun/servlet/trsolicitudadjuntos?2018,10961, HTTP/1.1" 200 8475
200.111.191.210 - - [02/Apr/2018:11:32:18 -0300] "GET /cormun/servlet/trsolicitudadjuntos?2018,10961, HTTP/1.1" 200 8469
200.111.191.210 - - [02/Apr/2018:11:32:20 -0300] "GET /cormun/servlet/solicitudotadjuntos?INS,2018,10961,,1, HTTP/1.1" 200 6009
200.111.191.210 - - [02/Apr/2018:11:32:20 -0300] "GET /cormun/static/about:blank HTTP/1.1" 404 1011
200.111.191.210 - - [02/Apr/2018:11:32:20 -0300] "GET /cormun/servlet/solicitudotadjuntos?INS,2018,10961,,1, HTTP/1.1" 200 6003
200.111.191.210 - - [02/Apr/2018:11:32:21 -0300] "GET /cormun/servlet/solicitudotadjuntos?632da2999d3a81f1eb73c2feba31723ef583644768cb69cbc95df94585ef60abea1a00ed469b7a89796ece3e4d6e06ed,gx-no-cache=1522679502124 HTTP/1.1" 200 30
200.111.191.210 - - [02/Apr/2018:11:32:21 -0300] "POST /cormun/servlet/solicitudotadjuntos?047b699246d6f86db41d8321440250a6,INS,2018,10961,,1,,gx-no-cache=1522679502138 HTTP/1.1" 200 3791
200.111.191.210 - - [02/Apr/2018:11:32:23 -0300] "POST /cormun/servlet/solicitudotadjuntos?gx-no-cache=1522679503965 HTTP/1.1" 200 26
200.111.191.210 - - [02/Apr/2018:11:32:27 -0300] "GET /cormun/servlet/solicitudotadjuntos?632da2999d3a81f1eb73c2feba31723e75b22c1fa3afc64dc5062f96616530b2,gx-no-cache=1522679508442 HTTP/1.1" 200 30
200.111.191.210 - - [02/Apr/2018:11:32:27 -0300] "GET /cormun/servlet/solicitudotadjuntos?632da2999d3a81f1eb73c2feba31723e75b22c1fa3afc64dc5062f96616530b2,gx-no-cache=1522679508477 HTTP/1.1" 200 30
200.111.191.210 - - [02/Apr/2018:11:32:30 -0300] "POST /cormun/servlet/solicitudotadjuntos?047b699246d6f86db41d8321440250a6,INS,2018,10961,,1, HTTP/1.1" 200 116
200.111.191.210 - - [02/Apr/2018:11:32:30 -0300] "GET /cormun/servlet/hpexe_return? HTTP/1.1" 200 1028
200.111.191.210 - - [02/Apr/2018:11:32:30 -0300] "GET /cormun/servlet/trsolicitudadjuntos?2018,10961, HTTP/1.1" 200 8686
200.111.191.210 - - [02/Apr/2018:11:32:31 -0300] "GET /cormun/servlet/trsolicitudadjuntos?2018,10961, HTTP/1.1" 200 8685
200.111.191.210 - - [02/Apr/2018:11:32:32 -0300] "GET /cormun/servlet/solicitudotadjuntos?INS,2018,10961,,1, HTTP/1.1" 200 6009
200.111.191.210 - - [02/Apr/2018:11:32:33 -0300] "GET /cormun/static/about:blank HTTP/1.1" 404 1011
200.111.191.210 - - [02/Apr/2018:11:32:33 -0300] "GET /cormun/servlet/solicitudotadjuntos?INS,2018,10961,,1, HTTP/1.1" 200 6003
200.111.191.210 - - [02/Apr/2018:11:32:33 -0300] "GET /cormun/servlet/solicitudotadjuntos?632da2999d3a81f1eb73c2feba31723ef583644768cb69cbc95df94585ef60abea1a00ed469b7a89796ece3e4d6e06ed,gx-no-cache=1522679514331 HTTP/1.1" 200 30
200.111.191.210 - - [02/Apr/2018:11:32:33 -0300] "POST /cormun/servlet/solicitudotadjuntos?047b699246d6f86db41d8321440250a6,INS,2018,10961,,1,,gx-no-cache=1522679514389 HTTP/1.1" 200 3791
200.111.191.210 - - [02/Apr/2018:11:32:35 -0300] "POST /cormun/servlet/solicitudotadjuntos?gx-no-cache=1522679516633 HTTP/1.1" 200 26
186.67.164.142 - - [02/Apr/2018:11:32:39 -0300] "GET /cormun/servlet/hlogin HTTP/1.1" 200 1725
186.79.172.55 - - [02/Apr/2018:11:32:40 -0300] "GET /cormun/servlet/trfichaempleado? HTTP/1.1" 200 12598
200.111.191.210 - - [02/Apr/2018:11:32:40 -0300] "GET /cormun/servlet/solicitudotadjuntos?632da2999d3a81f1eb73c2feba31723e75b22c1fa3afc64dc5062f96616530b2,gx-no-cache=1522679521213 HTTP/1.1" 200 30
200.111.191.210 - - [02/Apr/2018:11:32:40 -0300] "GET /cormun/servlet/solicitudotadjuntos?632da2999d3a81f1eb73c2feba31723e75b22c1fa3afc64dc5062f96616530b2,gx-no-cache=1522679521243 HTTP/1.1" 200 30
200.111.191.210 - - [02/Apr/2018:11:32:42 -0300] "POST /cormun/servlet/solicitudotadjuntos?047b699246d6f86db41d8321440250a6,INS,2018,10961,,1, HTTP/1.1" 200 116
200.111.191.210 - - [02/Apr/2018:11:32:42 -0300] "GET /cormun/servlet/hpexe_return? HTTP/1.1" 200 1028
200.111.191.210 - - [02/Apr/2018:11:32:42 -0300] "GET /cormun/servlet/trsolicitudadjuntos?2018,10961, HTTP/1.1" 200 8865
200.111.191.210 - - [02/Apr/2018:11:32:43 -0300] "GET /cormun/servlet/trsolicitudadjuntos?2018,10961, HTTP/1.1" 200 8865
200.111.191.210 - - [02/Apr/2018:11:32:44 -0300] "GET /cormun/servlet/solicitudotadjuntos?INS,2018,10961,,1, HTTP/1.1" 200 6009
200.111.191.210 - - [02/Apr/2018:11:32:44 -0300] "GET /cormun/static/about:blank HTTP/1.1" 404 1011
200.111.191.210 - - [02/Apr/2018:11:32:44 -0300] "GET /cormun/servlet/solicitudotadjuntos?INS,2018,10961,,1, HTTP/1.1" 200 6003
200.111.191.210 - - [02/Apr/2018:11:32:45 -0300] "GET /cormun/servlet/solicitudotadjuntos?632da2999d3a81f1eb73c2feba31723ef583644768cb69cbc95df94585ef60abea1a00ed469b7a89796ece3e4d6e06ed,gx-no-cache=1522679526003 HTTP/1.1" 200 30
200.111.191.210 - - [02/Apr/2018:11:32:45 -0300] "POST /cormun/servlet/solicitudotadjuntos?047b699246d6f86db41d8321440250a6,INS,2018,10961,,1,,gx-no-cache=1522679526053 HTTP/1.1" 200 3791
200.111.191.210 - - [02/Apr/2018:11:32:47 -0300] "POST /cormun/servlet/solicitudotadjuntos?gx-no-cache=1522679527929 HTTP/1.1" 200 26
186.67.164.142 - - [02/Apr/2018:11:32:47 -0300] "POST /cormun/servlet/hlogin?e25201c5a94861f486d7cec71fd48d93,gx-no-cache=1522679514403 HTTP/1.1" 200 90
186.67.164.142 - - [02/Apr/2018:11:32:47 -0300] "GET /cormun/servlet/hpexe_link HTTP/1.1" 200 966
186.67.164.142 - - [02/Apr/2018:11:32:47 -0300] "GET /cormun/servlet/solicitudot?INS,0,0, HTTP/1.1" 200 13420
186.67.164.142 - - [02/Apr/2018:11:32:48 -0300] "GET /cormun/servlet/solicitudot?INS,0,0, HTTP/1.1" 200 13423
200.111.191.210 - - [02/Apr/2018:11:32:52 -0300] "GET /cormun/servlet/solicitudotadjuntos?632da2999d3a81f1eb73c2feba31723e75b22c1fa3afc64dc5062f96616530b2,gx-no-cache=1522679533266 HTTP/1.1" 200 30
200.111.191.210 - - [02/Apr/2018:11:32:52 -0300] "GET /cormun/servlet/solicitudotadjuntos?632da2999d3a81f1eb73c2feba31723e75b22c1fa3afc64dc5062f96616530b2,gx-no-cache=1522679533275 HTTP/1.1" 200 30
186.79.172.55 - - [02/Apr/2018:11:32:54 -0300] "GET /cormun/servlet/trfichaempleado? HTTP/1.1" 200 12598
186.79.172.55 - - [02/Apr/2018:11:32:54 -0300] "GET /cormun/static/gxcfg.js?20177616262612 HTTP/1.1" 200 953
200.111.191.210 - - [02/Apr/2018:11:32:54 -0300] "POST /cormun/servlet/solicitudotadjuntos?047b699246d6f86db41d8321440250a6,INS,2018,10961,,1, HTTP/1.1" 200 116
186.79.172.55 - - [02/Apr/2018:11:32:54 -0300] "GET /cormun/static/trfichaempleado.js?20177616262887 HTTP/1.1" 200 22815
200.111.191.210 - - [02/Apr/2018:11:32:54 -0300] "GET /cormun/servlet/hpexe_return? HTTP/1.1" 200 1028
186.67.164.142 - - [02/Apr/2018:11:32:55 -0300] "POST /cormun/servlet/solicitudot?gx-no-cache=1522679521576 HTTP/1.1" 200 3391
200.111.191.210 - - [02/Apr/2018:11:32:55 -0300] "GET /cormun/servlet/trsolicitudadjuntos?2018,10961, HTTP/1.1" 200 9055
186.67.164.142 - - [02/Apr/2018:11:32:55 -0300] "POST /cormun/servlet/solicitudot?e25201c5a94861f486d7cec71fd48d93,INS,0,0,,gx-no-cache=1522679522310 HTTP/1.1" 200 10376
200.111.191.210 - - [02/Apr/2018:11:32:56 -0300] "GET /cormun/servlet/trsolicitudadjuntos?2018,10961, HTTP/1.1" 200 9055
186.67.164.142 - - [02/Apr/2018:11:32:57 -0300] "GET /cormun/servlet/solicitudot?02430b725109ec45d37d6c1dd307b54c40f4375e90045adb76e312b782067e1f7a89fc43b7ebaba8ee9fa282d162b8c1,gx-no-cache=1522679524267 HTTP/1.1" 200 30
186.67.164.142 - - [02/Apr/2018:11:32:57 -0300] "GET /cormun/servlet/solicitudot?02430b725109ec45d37d6c1dd307b54c96a1cc755782bc53c4b6a3e0e380ba27e5c22730ac70be54fe8cd2c5658e2137,gx-no-cache=1522679524325 HTTP/1.1" 200 30
186.67.164.142 - - [02/Apr/2018:11:32:57 -0300] "GET /cormun/servlet/solicitudot?02430b725109ec45d37d6c1dd307b54ca7de30337ca1ac09b03891b7ce2ed84d,gx-no-cache=1522679524394 HTTP/1.1" 200 70
186.67.164.142 - - [02/Apr/2018:11:32:57 -0300] "POST /cormun/servlet/solicitudot?gx-no-cache=1522679524490 HTTP/1.1" 200 255
200.111.191.210 - - [02/Apr/2018:11:32:57 -0300] "GET /cormun/servlet/solicitudotadjuntos?INS,2018,10961,,1, HTTP/1.1" 200 6010
186.67.164.142 - - [02/Apr/2018:11:32:57 -0300] "GET /cormun/servlet/solicitudot?02430b725109ec45d37d6c1dd307b54c414e22d60faff7de5226803d86b183dd04834a7b4c782ca6e80a9c9fba0f78a10399b6d9c8fef3d2112465e5366558333de3de579b40f42a8067a6dc81ef01756c5db2608161cd4bd5dee484547bf024ce2a1de6df7e2a14e8b9b96f0a5311157f55c1927713cc7f86b7a0f8996abd772f7d53e135884ce56ab7c07f2ae0f1acedbd4c4e6c73d1cb95a90a4764cccee6003f87f1799189f3484b3dbcfdc2f6de22cd036a06150f320dc285dba811c0496f5fda65e71c2abd3e13deca42569b47a8d7dd5e2ac21d127d2c5e55bba4a52da73f0976f64e2ee3aac99f7f50711fcbcf637d56b017ce1677d450c946faba8e7312bcc2bd589863eecee0b05bae9045e065e8f18e589cb2b2518215ee4e7fe9732a921fcf09e58b8f23323769e5fac9df484420edc1256ad417e43c10af37cf36102c950ff8ed440a5f0cec97b3e7b24cea173a4464a7c956d5ff09a4dab45b24495d6fbb9ed9b71f02511495109a4faece5af22ba652feb08961b66c3fa657,gx-no-cache=1522679524587 HTTP/1.1" 200 30
200.111.191.210 - - [02/Apr/2018:11:32:57 -0300] "GET /cormun/static/about:blank HTTP/1.1" 404 1011
200.111.191.210 - - [02/Apr/2018:11:32:57 -0300] "GET /cormun/servlet/solicitudotadjuntos?INS,2018,10961,,1, HTTP/1.1" 200 6004
200.111.191.210 - - [02/Apr/2018:11:32:58 -0300] "GET /cormun/servlet/solicitudotadjuntos?632da2999d3a81f1eb73c2feba31723ef583644768cb69cbc95df94585ef60abea1a00ed469b7a89796ece3e4d6e06ed,gx-no-cache=1522679539024 HTTP/1.1" 200 30
200.111.191.210 - - [02/Apr/2018:11:32:58 -0300] "POST /cormun/servlet/solicitudotadjuntos?047b699246d6f86db41d8321440250a6,INS,2018,10961,,1,,gx-no-cache=1522679539088 HTTP/1.1" 200 3790
186.67.164.142 - - [02/Apr/2018:11:32:59 -0300] "POST /cormun/servlet/solicitudot?gx-no-cache=1522679526166 HTTP/1.1" 200 30
200.111.191.210 - - [02/Apr/2018:11:33:01 -0300] "POST /cormun/servlet/solicitudotadjuntos?gx-no-cache=1522679541687 HTTP/1.1" 200 26
186.67.164.142 - - [02/Apr/2018:11:33:02 -0300] "POST /cormun/servlet/solicitudot?gx-no-cache=1522679529346 HTTP/1.1" 200 30
186.67.164.142 - - [02/Apr/2018:11:33:04 -0300] "GET /cormun/servlet/prcontratosol?4637040,,,,,MD,,gxPopupLevel%3D0%3B HTTP/1.1" 200 7808
200.111.191.210 - - [02/Apr/2018:11:33:05 -0300] "GET /cormun/servlet/solicitudotadjuntos?632da2999d3a81f1eb73c2feba31723e75b22c1fa3afc64dc5062f96616530b2,gx-no-cache=1522679546596 HTTP/1.1" 200 30
200.111.191.210 - - [02/Apr/2018:11:33:05 -0300] "GET /cormun/servlet/solicitudotadjuntos?632da2999d3a81f1eb73c2feba31723e75b22c1fa3afc64dc5062f96616530b2,gx-no-cache=1522679546634 HTTP/1.1" 200 30
186.67.164.142 - - [02/Apr/2018:11:33:06 -0300] "POST /cormun/servlet/solicitudot?gx-no-cache=1522679533348 HTTP/1.1" 200 1351
186.67.164.142 - - [02/Apr/2018:11:33:06 -0300] "POST /cormun/servlet/solicitudot?gx-no-cache=1522679533413 HTTP/1.1" 200 38
186.67.164.142 - - [02/Apr/2018:11:33:06 -0300] "GET /cormun/servlet/solicitudot?02430b725109ec45d37d6c1dd307b54c8ff0fcc772c5689c906524edeea416a6c221c84f7121a4dbe464d723397e694757cbdffa53a4e1f1f943b08ca73e60ed5c49feebb05730e7d2989553320d26fe05f8f6b3d7601dd536be59dcbbd8ee07f889b3e2accb6479ee35ffaa15649ae53143086a1d2b583b3636672e156838c7512b93a29fec3aa17482c0b192328a1dcc193d46f2541de7670e944d2e276d952b6431d01a1350faac91a86e1ef3b9873142cb34d1b04d13d30bda793e4d2f96289812d92fc4c5b91bed71558f9e6886,gx-no-cache=1522679533451 HTTP/1.1" 200 29
186.67.164.142 - - [02/Apr/2018:11:33:06 -0300] "POST /cormun/servlet/solicitudot?gx-no-cache=1522679533494 HTTP/1.1" 200 1335
186.67.164.142 - - [02/Apr/2018:11:33:06 -0300] "POST /cormun/servlet/solicitudot?gx-no-cache=1522679533581 HTTP/1.1" 200 1231
186.67.164.142 - - [02/Apr/2018:11:33:06 -0300] "GET /cormun/servlet/solicitudot?02430b725109ec45d37d6c1dd307b54c5884823cae53e6b6a801061184348aef2241281cee31881beb6a7c68b591e7b6,gx-no-cache=1522679533630 HTTP/1.1" 200 134
186.67.164.142 - - [02/Apr/2018:11:33:06 -0300] "GET /cormun/static/Shared/jqueryui/images/ui-bg_highlight-soft_100_c6c2c8_1x100.png HTTP/1.1" 404 1117
186.67.164.142 - - [02/Apr/2018:11:33:06 -0300] "GET /cormun/static/Shared/jqueryui/images/ui-icons_82798d_256x240.png HTTP/1.1" 404 1089
186.67.164.142 - - [02/Apr/2018:11:33:06 -0300] "GET /cormun/static/Shared/jqueryui/images/ui-bg_flat_55_994d53_40x100.png HTTP/1.1" 404 1097
186.67.164.142 - - [02/Apr/2018:11:33:06 -0300] "GET /cormun/static/Shared/jqueryui/images/ui-icons_ebccce_256x240.png HTTP/1.1" 404 1089
200.111.191.210 - - [02/Apr/2018:11:33:09 -0300] "POST /cormun/servlet/solicitudotadjuntos?047b699246d6f86db41d8321440250a6,INS,2018,10961,,1, HTTP/1.1" 200 116
200.111.191.210 - - [02/Apr/2018:11:33:09 -0300] "GET /cormun/servlet/hpexe_return? HTTP/1.1" 200 1028
200.111.191.210 - - [02/Apr/2018:11:33:09 -0300] "GET /cormun/servlet/trsolicitudadjuntos?2018,10961, HTTP/1.1" 200 9292
200.111.191.210 - - [02/Apr/2018:11:33:10 -0300] "GET /cormun/servlet/trsolicitudadjuntos?2018,10961, HTTP/1.1" 200 9289
200.111.191.210 - - [02/Apr/2018:11:33:11 -0300] "GET /cormun/servlet/solicitudotadjuntos?INS,2018,10961,,1, HTTP/1.1" 200 6010
200.111.191.210 - - [02/Apr/2018:11:33:12 -0300] "GET /cormun/static/about:blank HTTP/1.1" 404 1011
200.111.191.210 - - [02/Apr/2018:11:33:12 -0300] "GET /cormun/servlet/solicitudotadjuntos?INS,2018,10961,,1, HTTP/1.1" 200 6004
186.67.164.142 - - [02/Apr/2018:11:33:12 -0300] "POST /cormun/servlet/solicitudot?gx-no-cache=1522679539352 HTTP/1.1" 200 1335
186.67.164.142 - - [02/Apr/2018:11:33:12 -0300] "POST /cormun/servlet/solicitudot?gx-no-cache=1522679539451 HTTP/1.1" 200 1231
186.67.164.142 - - [02/Apr/2018:11:33:12 -0300] "GET /cormun/static/menuarrow.gif HTTP/1.1" 404 1015
200.111.191.210 - - [02/Apr/2018:11:33:12 -0300] "GET /cormun/servlet/solicitudotadjuntos?632da2999d3a81f1eb73c2feba31723ef583644768cb69cbc95df94585ef60abea1a00ed469b7a89796ece3e4d6e06ed,gx-no-cache=1522679553349 HTTP/1.1" 200 30
200.111.191.210 - - [02/Apr/2018:11:33:12 -0300] "POST /cormun/servlet/solicitudotadjuntos?047b699246d6f86db41d8321440250a6,INS,2018,10961,,1,,gx-no-cache=1522679553376 HTTP/1.1" 200 3790
186.67.164.142 - - [02/Apr/2018:11:33:14 -0300] "POST /cormun/servlet/solicitudot?gx-no-cache=1522679541159 HTTP/1.1" 200 1335
186.67.164.142 - - [02/Apr/2018:11:33:14 -0300] "POST /cormun/servlet/solicitudot?gx-no-cache=1522679541232 HTTP/1.1" 200 1231
200.111.191.210 - - [02/Apr/2018:11:33:14 -0300] "POST /cormun/servlet/solicitudotadjuntos?gx-no-cache=1522679555499 HTTP/1.1" 200 26
200.111.191.210 - - [02/Apr/2018:11:33:18 -0300] "GET /cormun/servlet/solicitudotadjuntos?632da2999d3a81f1eb73c2feba31723e75b22c1fa3afc64dc5062f96616530b2,gx-no-cache=1522679559664 HTTP/1.1" 200 30
200.111.191.210 - - [02/Apr/2018:11:33:19 -0300] "GET /cormun/servlet/solicitudotadjuntos?632da2999d3a81f1eb73c2feba31723e75b22c1fa3afc64dc5062f96616530b2,gx-no-cache=1522679559700 HTTP/1.1" 200 30
200.111.191.210 - - [02/Apr/2018:11:33:25 -0300] "POST /cormun/servlet/solicitudotadjuntos?047b699246d6f86db41d8321440250a6,INS,2018,10961,,1, HTTP/1.1" 200 116
200.111.191.210 - - [02/Apr/2018:11:33:26 -0300] "GET /cormun/servlet/hpexe_return? HTTP/1.1" 200 1028
200.111.191.210 - - [02/Apr/2018:11:33:27 -0300] "GET /cormun/servlet/trsolicitudadjuntos?2018,10961, HTTP/1.1" 200 9544
200.111.191.210 - - [02/Apr/2018:11:33:28 -0300] "GET /cormun/servlet/trsolicitudadjuntos?2018,10961, HTTP/1.1" 200 9540
200.111.191.210 - - [02/Apr/2018:11:33:38 -0300] "GET /cormun/servlet/trsolicitudot? HTTP/1.1" 200 8532
200.111.191.210 - - [02/Apr/2018:11:33:38 -0300] "GET /cormun/servlet/trsolicitudot? HTTP/1.1" 200 8525
200.111.191.210 - - [02/Apr/2018:11:33:43 -0300] "POST /cormun/servlet/trsolicitudot?047b699246d6f86db41d8321440250a6,,gx-no-cache=1522679583722 HTTP/1.1" 200 4489
200.111.191.210 - - [02/Apr/2018:11:33:43 -0300] "GET /cormun/static/Shared/jqueryui/images/ui-bg_highlight-soft_100_c6c2c8_1x100.png HTTP/1.1" 404 1117
200.111.191.210 - - [02/Apr/2018:11:33:43 -0300] "GET /cormun/static/Shared/jqueryui/images/ui-icons_82798d_256x240.png HTTP/1.1" 404 1089
200.111.191.210 - - [02/Apr/2018:11:33:43 -0300] "GET /cormun/static/Shared/jqueryui/images/ui-icons_8d78a5_256x240.png HTTP/1.1" 404 1089
200.111.191.210 - - [02/Apr/2018:11:33:43 -0300] "GET /cormun/static/Shared/jqueryui/images/ui-bg_flat_55_fafafa_40x100.png HTTP/1.1" 404 1097
200.111.191.210 - - [02/Apr/2018:11:33:43 -0300] "POST /cormun/servlet/trsolicitudot?047b699246d6f86db41d8321440250a6,,gx-no-cache=1522679583905 HTTP/1.1" 200 4266
200.111.191.210 - - [02/Apr/2018:11:33:47 -0300] "GET /cormun/servlet/trsolicitudot? HTTP/1.1" 200 7172
200.111.191.210 - - [02/Apr/2018:11:33:47 -0300] "GET /cormun/servlet/trsolicitudot? HTTP/1.1" 200 7172
200.111.191.210 - - [02/Apr/2018:11:33:49 -0300] "GET /cormun/servlet/hlogin HTTP/1.1" 200 1739
200.111.191.210 - - [02/Apr/2018:11:33:56 -0300] "POST /cormun/servlet/hlogin?047b699246d6f86db41d8321440250a6,gx-no-cache=1522679596970 HTTP/1.1" 200 90
200.111.191.210 - - [02/Apr/2018:11:33:56 -0300] "GET /cormun/servlet/hpexe_link HTTP/1.1" 200 953
200.111.191.210 - - [02/Apr/2018:11:33:56 -0300] "GET /cormun/servlet/hhome HTTP/1.1" 200 4192
200.111.191.210 - - [02/Apr/2018:11:33:56 -0300] "GET /cormun/servlet/hhome HTTP/1.1" 200 4188
200.111.191.210 - - [02/Apr/2018:11:33:58 -0300] "GET /cormun/servlet/trautorizarsolicitud? HTTP/1.1" 200 9114
200.111.191.210 - - [02/Apr/2018:11:33:58 -0300] "GET /cormun/static/gxcfg.js?2017111423403364 HTTP/1.1" 200 953
200.111.191.210 - - [02/Apr/2018:11:33:58 -0300] "GET /cormun/static/trautorizarsolicitud.js?201711142340425 HTTP/1.1" 200 53910
200.111.191.210 - - [02/Apr/2018:11:33:59 -0300] "GET /cormun/servlet/trautorizarsolicitud? HTTP/1.1" 200 9109
200.111.191.210 - - [02/Apr/2018:11:34:02 -0300] "POST /cormun/servlet/trautorizarsolicitud?047b699246d6f86db41d8321440250a6,,gx-no-cache=1522679603241 HTTP/1.1" 200 5778
200.111.191.210 - - [02/Apr/2018:11:34:02 -0300] "GET /cormun/static/Shared/jqueryui/images/ui-icons_82798d_256x240.png HTTP/1.1" 404 1089
200.111.191.210 - - [02/Apr/2018:11:34:02 -0300] "GET /cormun/static/Shared/jqueryui/images/ui-bg_highlight-soft_100_c6c2c8_1x100.png HTTP/1.1" 404 1117
200.111.191.210 - - [02/Apr/2018:11:34:02 -0300] "GET /cormun/static/Shared/jqueryui/images/ui-bg_flat_55_fafafa_40x100.png HTTP/1.1" 404 1097
200.111.191.210 - - [02/Apr/2018:11:34:02 -0300] "GET /cormun/static/Shared/jqueryui/images/ui-icons_8d78a5_256x240.png HTTP/1.1" 404 1089
200.111.191.210 - - [02/Apr/2018:11:34:02 -0300] "POST /cormun/servlet/trautorizarsolicitud?047b699246d6f86db41d8321440250a6,,gx-no-cache=1522679603415 HTTP/1.1" 200 5722
152.231.70.146 - - [02/Apr/2018:11:34:07 -0300] "GET /cormun/servlet/solicitudot?81953935a90fd9c1f58375c720ed6eb96b25db2e3ba77f1a581dfd2dba12108548e66cf73e655285d1aff16bbc50cdd54e6a3d40514166fd12f0ace428e056f2,gx-no-cache=1522679584351 HTTP/1.1" 200 30
152.231.70.146 - - [02/Apr/2018:11:34:07 -0300] "GET /cormun/servlet/solicitudot?81953935a90fd9c1f58375c720ed6eb9852f88a9cf387d570065cdf1603158d7,gx-no-cache=1522679584546 HTTP/1.1" 200 29
152.231.70.146 - - [02/Apr/2018:11:34:07 -0300] "POST /cormun/servlet/solicitudot?gx-no-cache=1522679584613 HTTP/1.1" 200 297
152.231.70.146 - - [02/Apr/2018:11:34:07 -0300] "GET /cormun/servlet/solicitudot?81953935a90fd9c1f58375c720ed6eb9e18cfb85c993dedd4b685061f31f188bae4bc3d3cbad89b3d700bbb17472a910b7e22684520663989773d4abecde19b18509fc2146e76614daaf0c7ef2201c21f62217c01b4ec9d58c2b5b57b9bd3c4d3578588d8bd2bb7d2b57ecc6c467af04cb7888e544b4d97747e60c7646ccf32915969039a201160460d6a37d9f58a9eaa708cd419993c7ad500a2fc532ba672e50550a5d6c33015d91e01a35d88f789427b9cbbce9838e87a689ca7cc9d0867e69d7c6c09dd7c887333cd03f77c4e7602e49a93a27af48ac17b106090130cb047d3183556bcd09910c0118bced25adc83ff45dbbb0d29ebd525dea1561221b880fe7aa89e57e4ee63ca2a272535fbe60b1aebcd523c3df8b2df4577e1cd5025fe08e7aa05c71f657f93ed7878366d22dacf1c56e910a147714efb4fb2d32ab50894f2846fcc5a64af1bf235ee0dab5ab3d3bf4f7c5ae356a657f3da0aa6a08361932edfda3e9258cc6e6dcdb616303a7e2f8dfd8df9815f5cb1fe24e5b0e394aa3da9b1d895195c203aad106b2e99ab2,gx-no-cache=1522679584733 HTTP/1.1" 200 30
200.111.191.210 - - [02/Apr/2018:11:34:08 -0300] "POST /cormun/servlet/trautorizarsolicitud?047b699246d6f86db41d8321440250a6,,gx-no-cache=1522679608811 HTTP/1.1" 200 4604
200.111.191.210 - - [02/Apr/2018:11:34:08 -0300] "POST /cormun/servlet/trautorizarsolicitud?047b699246d6f86db41d8321440250a6,,gx-no-cache=1522679609106 HTTP/1.1" 200 4376
152.231.70.146 - - [02/Apr/2018:11:34:09 -0300] "POST /cormun/servlet/solicitudot?gx-no-cache=1522679586838 HTTP/1.1" 200 30
152.231.70.146 - - [02/Apr/2018:11:34:11 -0300] "GET /cormun/servlet/prcontratosol?10974195,,,,,MD,,gxPopupLevel%3D0%3B HTTP/1.1" 200 7516
152.231.70.146 - - [02/Apr/2018:11:34:12 -0300] "GET /cormun/static/gxcfg.js?201761413223964 HTTP/1.1" 304 -
186.103.159.187 - - [02/Apr/2018:11:34:26 -0300] "GET /cormun/servlet/hhome HTTP/1.1" 200 3394
186.103.159.46 - - [02/Apr/2018:11:34:29 -0300] "GET /cormun/servlet/hlogin HTTP/1.1" 200 1723
186.103.159.46 - - [02/Apr/2018:11:34:29 -0300] "GET /cormun/static/gxtimezone.js?85251 HTTP/1.1" 304 -
186.103.159.46 - - [02/Apr/2018:11:34:29 -0300] "GET /cormun/static/gxcfg.js?20175251213516 HTTP/1.1" 304 -
186.103.159.46 - - [02/Apr/2018:11:34:29 -0300] "GET /cormun/static/messages.spa.js?85251 HTTP/1.1" 304 -
186.103.159.187 - - [02/Apr/2018:11:34:29 -0300] "GET /cormun/servlet/hhome HTTP/1.1" 200 3394
186.103.159.46 - - [02/Apr/2018:11:34:29 -0300] "GET /cormun/servlet/hlogin HTTP/1.1" 200 1728
186.103.159.187 - - [02/Apr/2018:11:34:31 -0300] "GET /cormun/servlet/hhome HTTP/1.1" 200 3404
186.103.159.187 - - [02/Apr/2018:11:34:31 -0300] "GET /cormun/servlet/hlogin HTTP/1.1" 200 1730
186.103.159.187 - - [02/Apr/2018:11:34:40 -0300] "POST /cormun/servlet/hlogin?c3da9a54b1eeb0aeb26548f1195a2ab2,gx-no-cache=1522683312754 HTTP/1.1" 200 442
186.103.196.90 - - [02/Apr/2018:11:34:40 -0300] "POST /cormun/servlet/solicitudot?gx-no-cache=1522679616702 HTTP/1.1" 200 1353
186.103.196.90 - - [02/Apr/2018:11:34:40 -0300] "POST /cormun/servlet/solicitudot?gx-no-cache=1522679617671 HTTP/1.1" 200 38
186.103.196.90 - - [02/Apr/2018:11:34:41 -0300] "GET /cormun/servlet/solicitudot?81953935a90fd9c1f58375c720ed6eb9512580e6a41a3bf4527899833c02bbe007074f0101385a3b3d20685c4de73533fc3d34799b5f1d8a19b585f11a04abc32ea02e1158f1453244a800248b4e6ed64bf363a8ccaba1334b0798ad3065e9164bbb5050c66856d924be42578fd9b207,gx-no-cache=1522679618033 HTTP/1.1" 200 29
186.103.196.90 - - [02/Apr/2018:11:34:41 -0300] "POST /cormun/servlet/solicitudot?gx-no-cache=1522679618424 HTTP/1.1" 200 1335
186.103.159.46 - - [02/Apr/2018:11:34:41 -0300] "POST /cormun/servlet/hlogin?64e55692f7354bc5684bd46e1b28f766,gx-no-cache=1522679628380 HTTP/1.1" 200 90
186.103.159.46 - - [02/Apr/2018:11:34:41 -0300] "GET /cormun/servlet/hpexe_link HTTP/1.1" 200 949
186.103.196.90 - - [02/Apr/2018:11:34:41 -0300] "POST /cormun/servlet/solicitudot?gx-no-cache=1522679618727 HTTP/1.1" 200 1231
186.103.159.46 - - [02/Apr/2018:11:34:41 -0300] "GET /cormun/static/gxcfg.js?20177612121792 HTTP/1.1" 304 -
186.103.196.90 - - [02/Apr/2018:11:34:41 -0300] "GET /cormun/servlet/solicitudot?81953935a90fd9c1f58375c720ed6eb940633451a9895541ed175abf9b045098,gx-no-cache=1522679618870 HTTP/1.1" 200 30
186.103.159.46 - - [02/Apr/2018:11:34:42 -0300] "GET /cormun/servlet/hhome HTTP/1.1" 200 3960
186.103.159.46 - - [02/Apr/2018:11:34:42 -0300] "GET /cormun/static/gxcfg.js?20175251212442 HTTP/1.1" 304 -
186.103.159.46 - - [02/Apr/2018:11:34:44 -0300] "GET /cormun/servlet/hhome HTTP/1.1" 200 3956
186.103.159.187 - - [02/Apr/2018:11:34:44 -0300] "POST /cormun/servlet/hlogin?c3da9a54b1eeb0aeb26548f1195a2ab2,gx-no-cache=1522683316977 HTTP/1.1" 200 90
186.103.159.187 - - [02/Apr/2018:11:34:44 -0300] "GET /cormun/servlet/hpexe_link HTTP/1.1" 200 949
186.103.196.90 - - [02/Apr/2018:11:34:44 -0300] "POST /cormun/servlet/solicitudot?8d8157f4081dce73627aef5eeb66c487,INS,0,0,,gx-no-cache=1522679621320 HTTP/1.1" 200 93
186.103.159.187 - - [02/Apr/2018:11:34:44 -0300] "GET /cormun/servlet/hhome HTTP/1.1" 200 3927
186.103.196.90 - - [02/Apr/2018:11:34:45 -0300] "GET /cormun/servlet/hpexe_return? HTTP/1.1" 200 1010
186.103.159.187 - - [02/Apr/2018:11:34:46 -0300] "GET /cormun/servlet/hhome HTTP/1.1" 200 3924
186.103.196.90 - - [02/Apr/2018:11:34:46 -0300] "GET /cormun/servlet/trsolicitudot HTTP/1.1" 200 9187
186.103.196.90 - - [02/Apr/2018:11:34:46 -0300] "GET /cormun/servlet/trsolicitudot HTTP/1.1" 200 9183
186.103.159.187 - - [02/Apr/2018:11:34:48 -0300] "GET /cormun/servlet/trsolicitudot? HTTP/1.1" 200 7134
186.103.159.187 - - [02/Apr/2018:11:34:48 -0300] "GET /cormun/servlet/trsolicitudot? HTTP/1.1" 200 7133
186.103.159.187 - - [02/Apr/2018:11:34:50 -0300] "GET /cormun/servlet/solicitudot?INS,0,0, HTTP/1.1" 200 13379
186.103.159.187 - - [02/Apr/2018:11:34:51 -0300] "GET /cormun/servlet/solicitudot?INS,0,0, HTTP/1.1" 200 13383
186.103.159.46 - - [02/Apr/2018:11:34:57 -0300] "GET /cormun/servlet/trsolicitudot? HTTP/1.1" 200 7173
152.231.70.146 - - [02/Apr/2018:11:34:57 -0300] "POST /cormun/servlet/trsolicitudot?8d8157f4081dce73627aef5eeb66c487,gx-no-cache=1522679634506 HTTP/1.1" 200 11118
186.103.159.46 - - [02/Apr/2018:11:34:58 -0300] "GET /cormun/static/gxcfg.js?2017111422585916 HTTP/1.1" 304 -
186.103.159.46 - - [02/Apr/2018:11:34:58 -0300] "GET /cormun/static/calendar.js?85251 HTTP/1.1" 304 -
186.103.159.46 - - [02/Apr/2018:11:34:58 -0300] "GET /cormun/static/calendar-setup.js?85251 HTTP/1.1" 304 -
186.103.159.46 - - [02/Apr/2018:11:34:58 -0300] "GET /cormun/static/calendar-es.js?85251 HTTP/1.1" 304 -
186.103.159.46 - - [02/Apr/2018:11:34:58 -0300] "GET /cormun/static/gxdec.js?85251 HTTP/1.1" 304 -
186.103.159.46 - - [02/Apr/2018:11:34:59 -0300] "GET /cormun/servlet/trsolicitudot? HTTP/1.1" 200 7172
152.231.70.146 - - [02/Apr/2018:11:35:04 -0300] "POST /cormun/servlet/trsolicitudot?8d8157f4081dce73627aef5eeb66c487,gx-no-cache=1522679641498 HTTP/1.1" 200 11094
152.231.70.146 - - [02/Apr/2018:11:35:08 -0300] "POST /cormun/servlet/trsolicitudot?8d8157f4081dce73627aef5eeb66c487,gx-no-cache=1522679644712 HTTP/1.1" 200 11094
186.103.159.46 - - [02/Apr/2018:11:35:11 -0300] "GET /cormun/servlet/trlicencias? HTTP/1.1" 200 10044
186.103.159.46 - - [02/Apr/2018:11:35:11 -0300] "GET /cormun/static/gxcfg.js?20176272054169 HTTP/1.1" 304 -
186.103.159.46 - - [02/Apr/2018:11:35:11 -0300] "GET /cormun/static/Resources/Spanish/PXTools.css?17315867 HTTP/1.1" 304 -
186.103.159.46 - - [02/Apr/2018:11:35:11 -0300] "GET /cormun/static/trlicencias.js?20176272054837 HTTP/1.1" 304 -
186.103.159.187 - - [02/Apr/2018:11:35:11 -0300] "POST /cormun/servlet/solicitudot?gx-no-cache=1522683344345 HTTP/1.1" 200 3341
186.103.159.187 - - [02/Apr/2018:11:35:12 -0300] "GET /cormun/static/Shared/jqueryui/images/ui-bg_highlight-soft_100_c6c2c8_1x100.png HTTP/1.1" 404 1117
186.103.159.187 - - [02/Apr/2018:11:35:12 -0300] "GET /cormun/servlet/solicitudot?522da6b009b1d293dc638c5ea8f618d455ccfa13acb6774efbe6ce5faf6e4941,gx-no-cache=1522683344512 HTTP/1.1" 200 111
186.103.159.187 - - [02/Apr/2018:11:35:12 -0300] "GET /cormun/static/Shared/jqueryui/images/ui-bg_flat_55_994d53_40x100.png HTTP/1.1" 404 1097
186.103.159.187 - - [02/Apr/2018:11:35:12 -0300] "GET /cormun/static/Shared/jqueryui/images/ui-icons_82798d_256x240.png HTTP/1.1" 404 1089
186.103.159.187 - - [02/Apr/2018:11:35:12 -0300] "GET /cormun/static/Shared/jqueryui/images/ui-icons_ebccce_256x240.png HTTP/1.1" 404 1089
186.103.159.46 - - [02/Apr/2018:11:35:13 -0300] "GET /cormun/servlet/trlicencias? HTTP/1.1" 200 10043
186.67.164.142 - - [02/Apr/2018:11:35:37 -0300] "GET /cormun/servlet/solicitudot?02430b725109ec45d37d6c1dd307b54c067946cc1ceb11bea211a35e5a6aad89936dfbdda6d98a1fe05f59e0e9c9c309,gx-no-cache=1522679683397 HTTP/1.1" 200 30
186.67.164.142 - - [02/Apr/2018:11:35:37 -0300] "POST /cormun/servlet/solicitudot?gx-no-cache=1522679684176 HTTP/1.1" 200 33
186.103.159.187 - - [02/Apr/2018:11:36:27 -0300] "POST /cormun/servlet/solicitudot?gx-no-cache=1522683419125 HTTP/1.1" 200 3360
186.103.159.187 - - [02/Apr/2018:11:36:27 -0300] "POST /cormun/servlet/solicitudot?c3da9a54b1eeb0aeb26548f1195a2ab2,INS,0,0,,gx-no-cache=1522683419891 HTTP/1.1" 200 10334
186.103.159.187 - - [02/Apr/2018:11:36:54 -0300] "POST /cormun/servlet/solicitudot?c3da9a54b1eeb0aeb26548f1195a2ab2,INS,0,0,,gx-no-cache=1522683445702 HTTP/1.1" 200 93
186.103.159.187 - - [02/Apr/2018:11:36:54 -0300] "GET /cormun/servlet/hpexe_return? HTTP/1.1" 200 1005
186.103.159.187 - - [02/Apr/2018:11:36:54 -0300] "GET /cormun/servlet/trsolicitudot HTTP/1.1" 200 7137
186.79.172.55 - - [02/Apr/2018:11:36:55 -0300] "GET /cormun/servlet/trfichaempleado? HTTP/1.1" 200 12596
186.103.159.187 - - [02/Apr/2018:11:36:55 -0300] "GET /cormun/servlet/trsolicitudot HTTP/1.1" 200 7133
186.103.159.187 - - [02/Apr/2018:11:36:57 -0300] "GET /cormun/servlet/solicitudot?INS,0,0, HTTP/1.1" 200 13379
186.103.159.187 - - [02/Apr/2018:11:36:59 -0300] "GET /cormun/servlet/solicitudot?INS,0,0, HTTP/1.1" 200 13384
186.103.159.187 - - [02/Apr/2018:11:37:27 -0300] "GET /cormun/servlet/prfichaempleado?,MD,,gxPopupLevel%3D0%3B HTTP/1.1" 200 9269
186.103.159.187 - - [02/Apr/2018:11:37:37 -0300] "POST /cormun/servlet/solicitudot?gx-no-cache=1522683488301 HTTP/1.1" 200 3284
186.103.159.187 - - [02/Apr/2018:11:37:37 -0300] "GET /cormun/servlet/solicitudot?522da6b009b1d293dc638c5ea8f618d4272f5093ae7fc43698d8ab8d5201fd1c,gx-no-cache=1522683489522 HTTP/1.1" 200 111
186.103.159.187 - - [02/Apr/2018:11:37:37 -0300] "GET /cormun/static/Shared/jqueryui/images/ui-bg_highlight-soft_100_c6c2c8_1x100.png HTTP/1.1" 404 1117
186.103.159.187 - - [02/Apr/2018:11:37:37 -0300] "GET /cormun/static/Shared/jqueryui/images/ui-icons_82798d_256x240.png HTTP/1.1" 404 1089
186.103.159.187 - - [02/Apr/2018:11:37:37 -0300] "GET /cormun/static/Shared/jqueryui/images/ui-bg_flat_55_994d53_40x100.png HTTP/1.1" 404 1097
186.103.159.187 - - [02/Apr/2018:11:37:37 -0300] "GET /cormun/static/Shared/jqueryui/images/ui-icons_ebccce_256x240.png HTTP/1.1" 404 1089
186.103.159.187 - - [02/Apr/2018:11:37:54 -0300] "POST /cormun/servlet/solicitudot?gx-no-cache=1522683506901 HTTP/1.1" 200 3360
186.103.159.187 - - [02/Apr/2018:11:37:54 -0300] "POST /cormun/servlet/solicitudot?c3da9a54b1eeb0aeb26548f1195a2ab2,INS,0,0,,gx-no-cache=1522683507104 HTTP/1.1" 200 10333
186.103.159.187 - - [02/Apr/2018:11:38:10 -0300] "POST /cormun/servlet/solicitudot?gx-no-cache=1522683522697 HTTP/1.1" 200 3403
186.67.164.142 - - [02/Apr/2018:11:38:46 -0300] "GET /cormun/servlet/solicitudot?02430b725109ec45d37d6c1dd307b54c8ff0fcc772c5689c906524edeea416a6c221c84f7121a4dbe464d723397e694752045334e221287021db3ea8cbbde20e5c49feebb05730e7d2989553320d26fe05f8f6b3d7601dd536be59dcbbd8ee07f889b3e2accb6479ee35ffaa15649ae53143086a1d2b583b3636672e156838c7512b93a29fec3aa17482c0b192328a1dcc193d46f2541de7670e944d2e276d952b6431d01a1350faac91a86e1ef3b9873142cb34d1b04d13d30bda793e4d2f96289812d92fc4c5b91bed71558f9e6886,gx-no-cache=1522679873222 HTTP/1.1" 200 29
186.67.164.142 - - [02/Apr/2018:11:38:50 -0300] "POST /cormun/servlet/solicitudot?gx-no-cache=1522679877497 HTTP/1.1" 200 1335
186.67.164.142 - - [02/Apr/2018:11:38:50 -0300] "POST /cormun/servlet/solicitudot?gx-no-cache=1522679877559 HTTP/1.1" 200 1231
186.67.164.142 - - [02/Apr/2018:11:38:50 -0300] "GET /cormun/servlet/solicitudot?02430b725109ec45d37d6c1dd307b54c067946cc1ceb11bea211a35e5a6aad89936dfbdda6d98a1fe05f59e0e9c9c309,gx-no-cache=1522679877605 HTTP/1.1" 200 30
186.67.164.142 - - [02/Apr/2018:11:38:50 -0300] "POST /cormun/servlet/solicitudot?gx-no-cache=1522679877639 HTTP/1.1" 200 33
186.67.164.142 - - [02/Apr/2018:11:38:50 -0300] "POST /cormun/servlet/solicitudot?e25201c5a94861f486d7cec71fd48d93,INS,0,0,,gx-no-cache=1522679877706 HTTP/1.1" 200 93
186.67.164.142 - - [02/Apr/2018:11:38:51 -0300] "GET /cormun/servlet/hpexe_return? HTTP/1.1" 200 1010
186.67.164.142 - - [02/Apr/2018:11:38:51 -0300] "GET /cormun/static/gxcfg.js?2016101716175148 HTTP/1.1" 304 -
186.67.164.142 - - [02/Apr/2018:11:38:52 -0300] "GET /cormun/servlet/trsolicitudot? HTTP/1.1" 200 26137
186.67.164.142 - - [02/Apr/2018:11:38:55 -0300] "GET /cormun/servlet/trsolicitudot? HTTP/1.1" 200 26133
186.67.164.142 - - [02/Apr/2018:11:39:03 -0300] "POST /cormun/servlet/trsolicitudot?e25201c5a94861f486d7cec71fd48d93,,gx-no-cache=1522679888635 HTTP/1.1" 200 23630
186.67.164.142 - - [02/Apr/2018:11:39:03 -0300] "GET /cormun/static/Shared/jqueryui/images/ui-bg_highlight-soft_100_c6c2c8_1x100.png HTTP/1.1" 404 1117
186.67.164.142 - - [02/Apr/2018:11:39:03 -0300] "GET /cormun/static/Shared/jqueryui/images/ui-icons_82798d_256x240.png HTTP/1.1" 404 1089
186.67.164.142 - - [02/Apr/2018:11:39:03 -0300] "GET /cormun/static/Shared/jqueryui/images/ui-bg_flat_55_fafafa_40x100.png HTTP/1.1" 404 1097
186.67.164.142 - - [02/Apr/2018:11:39:03 -0300] "GET /cormun/static/Shared/jqueryui/images/ui-icons_8d78a5_256x240.png HTTP/1.1" 404 1089
186.67.164.142 - - [02/Apr/2018:11:39:05 -0300] "POST /cormun/servlet/trsolicitudot?e25201c5a94861f486d7cec71fd48d93,,gx-no-cache=1522679891036 HTTP/1.1" 200 23569
186.103.159.188 - - [02/Apr/2018:11:39:14 -0300] "GET /cormun/servlet/trautorizarsolicitud? HTTP/1.1" 200 6290
186.103.159.188 - - [02/Apr/2018:11:39:14 -0300] "GET /cormun/servlet/trautorizarsolicitud? HTTP/1.1" 200 6290
190.161.236.41 - - [02/Apr/2018:11:39:15 -0300] "GET /cormun/servlet/hlogin HTTP/1.1" 200 1743
190.161.236.41 - - [02/Apr/2018:11:39:27 -0300] "POST /cormun/servlet/hlogin?4cb102bbe0e32b8fe376b85ca9dc866c,gx-no-cache=1522679913903 HTTP/1.1" 200 90
190.161.236.41 - - [02/Apr/2018:11:39:27 -0300] "GET /cormun/servlet/hpexe_link HTTP/1.1" 200 965
190.161.236.41 - - [02/Apr/2018:11:39:27 -0300] "GET /cormun/servlet/trautorizarsolicitud HTTP/1.1" 200 8528
190.161.236.41 - - [02/Apr/2018:11:39:27 -0300] "GET /cormun/servlet/trautorizarsolicitud HTTP/1.1" 200 8527
186.103.159.188 - - [02/Apr/2018:11:39:31 -0300] "POST /cormun/servlet/trautorizarsolicitud?4cb102bbe0e32b8fe376b85ca9dc866c,gx-no-cache=1522679918650 HTTP/1.1" 200 4355
186.103.159.188 - - [02/Apr/2018:11:39:31 -0300] "GET /cormun/static/Shared/jqueryui/images/ui-bg_highlight-soft_100_c6c2c8_1x100.png HTTP/1.1" 404 1117
186.103.159.188 - - [02/Apr/2018:11:39:32 -0300] "GET /cormun/static/Shared/jqueryui/images/ui-bg_flat_55_fafafa_40x100.png HTTP/1.1" 404 1097
186.103.159.188 - - [02/Apr/2018:11:39:32 -0300] "GET /cormun/static/Shared/jqueryui/images/ui-icons_8d78a5_256x240.png HTTP/1.1" 404 1089
186.103.159.188 - - [02/Apr/2018:11:39:32 -0300] "GET /cormun/static/Shared/jqueryui/images/ui-icons_82798d_256x240.png HTTP/1.1" 404 1089
190.161.236.41 - - [02/Apr/2018:11:39:32 -0300] "POST /cormun/servlet/trautorizarsolicitud?4cb102bbe0e32b8fe376b85ca9dc866c,gx-no-cache=1522679918835 HTTP/1.1" 200 4117
186.103.159.187 - - [02/Apr/2018:11:39:39 -0300] "GET /cormun/servlet/hhome HTTP/1.1" 200 3916
186.103.159.187 - - [02/Apr/2018:11:39:40 -0300] "GET /cormun/servlet/hhome HTTP/1.1" 200 3924
186.103.159.187 - - [02/Apr/2018:11:39:43 -0300] "GET /cormun/servlet/trsolicitudot? HTTP/1.1" 200 7134
186.103.159.187 - - [02/Apr/2018:11:39:44 -0300] "GET /cormun/servlet/trsolicitudot? HTTP/1.1" 200 7133
186.67.164.142 - - [02/Apr/2018:11:39:45 -0300] "GET /cormun/servlet/hlogin HTTP/1.1" 200 1717
186.67.164.142 - - [02/Apr/2018:11:39:45 -0300] "GET /cormun/static/gxtimezone.js?85251 HTTP/1.1" 304 -
186.67.164.142 - - [02/Apr/2018:11:39:45 -0300] "GET /cormun/static/messages.spa.js?85251 HTTP/1.1" 304 -
186.67.164.142 - - [02/Apr/2018:11:39:45 -0300] "GET /cormun/servlet/hlogin HTTP/1.1" 200 1717
186.67.164.142 - - [02/Apr/2018:11:39:45 -0300] "GET /cormun/static/gxcfg.js?20175251213516 HTTP/1.1" 304 -
186.67.164.142 - - [02/Apr/2018:11:39:46 -0300] "GET /cormun/servlet/hlogin HTTP/1.1" 200 1727
186.103.159.187 - - [02/Apr/2018:11:39:48 -0300] "GET /cormun/servlet/solicitudot?INS,0,0, HTTP/1.1" 200 13379
186.103.159.187 - - [02/Apr/2018:11:39:49 -0300] "GET /cormun/servlet/solicitudot?INS,0,0, HTTP/1.1" 200 13384
186.67.164.142 - - [02/Apr/2018:11:40:01 -0300] "POST /cormun/servlet/hlogin?398dbf8595a47cbf113dfa816289d6ac,gx-no-cache=1522679948389 HTTP/1.1" 200 90
186.67.164.142 - - [02/Apr/2018:11:40:02 -0300] "GET /cormun/servlet/hpexe_link HTTP/1.1" 200 946
186.67.164.142 - - [02/Apr/2018:11:40:02 -0300] "GET /cormun/static/gxcfg.js?20177612121792 HTTP/1.1" 304 -
186.67.164.142 - - [02/Apr/2018:11:40:02 -0300] "GET /cormun/servlet/hhome HTTP/1.1" 200 4163
186.67.164.142 - - [02/Apr/2018:11:40:02 -0300] "GET /cormun/servlet/hhome HTTP/1.1" 200 4162
191.125.191.75 - - [02/Apr/2018:11:40:04 -0300] "POST /cormun/servlet/trsolicitudgral?ef27003c2cb7063cc16e0f1854029dcc,gx-no-cache=1522676539330,gx-no-cache=1522680159467 HTTP/1.1" 440 972
186.67.164.142 - - [02/Apr/2018:11:40:05 -0300] "GET /cormun/servlet/trautorizarsolicitud? HTTP/1.1" 200 9092
186.67.164.142 - - [02/Apr/2018:11:40:05 -0300] "GET /cormun/static/calendar.js?85251 HTTP/1.1" 304 -
186.67.164.142 - - [02/Apr/2018:11:40:05 -0300] "GET /cormun/static/gxcfg.js?2017111423403364 HTTP/1.1" 304 -
186.67.164.142 - - [02/Apr/2018:11:40:05 -0300] "GET /cormun/static/calendar-setup.js?85251 HTTP/1.1" 304 -
186.67.164.142 - - [02/Apr/2018:11:40:05 -0300] "GET /cormun/static/calendar-es.js?85251 HTTP/1.1" 304 -
186.67.164.142 - - [02/Apr/2018:11:40:05 -0300] "GET /cormun/static/gxdec.js?85251 HTTP/1.1" 304 -
186.67.164.142 - - [02/Apr/2018:11:40:06 -0300] "GET /cormun/servlet/trautorizarsolicitud? HTTP/1.1" 200 9092
191.125.191.75 - - [02/Apr/2018:11:40:06 -0300] "GET /cormun/servlet/trsolicitudgral?gx-no-cache=1522676539330 HTTP/1.1" 500 10
186.103.159.187 - - [02/Apr/2018:11:40:06 -0300] "POST /cormun/servlet/solicitudot?gx-no-cache=1522683636828 HTTP/1.1" 200 3407
186.103.159.187 - - [02/Apr/2018:11:40:06 -0300] "POST /cormun/servlet/solicitudot?c3da9a54b1eeb0aeb26548f1195a2ab2,INS,0,0,,gx-no-cache=1522683638873 HTTP/1.1" 200 10388
186.67.164.142 - - [02/Apr/2018:11:40:18 -0300] "POST /cormun/servlet/trautorizarsolicitud?398dbf8595a47cbf113dfa816289d6ac,,gx-no-cache=1522679964728 HTTP/1.1" 200 5840
186.67.164.142 - - [02/Apr/2018:11:40:18 -0300] "GET /cormun/static/Shared/jqueryui/images/ui-bg_highlight-soft_100_c6c2c8_1x100.png HTTP/1.1" 404 1117
186.67.164.142 - - [02/Apr/2018:11:40:18 -0300] "GET /cormun/static/Shared/jqueryui/images/ui-icons_82798d_256x240.png HTTP/1.1" 404 1089
186.67.164.142 - - [02/Apr/2018:11:40:18 -0300] "GET /cormun/static/Shared/jqueryui/images/ui-bg_flat_55_fafafa_40x100.png HTTP/1.1" 404 1097
186.67.164.142 - - [02/Apr/2018:11:40:18 -0300] "GET /cormun/static/Shared/jqueryui/images/ui-icons_8d78a5_256x240.png HTTP/1.1" 404 1089
186.67.164.142 - - [02/Apr/2018:11:40:18 -0300] "POST /cormun/servlet/trautorizarsolicitud?398dbf8595a47cbf113dfa816289d6ac,,gx-no-cache=1522679965533 HTTP/1.1" 200 5784
186.103.159.187 - - [02/Apr/2018:11:40:22 -0300] "GET /cormun/servlet/solicitudot?522da6b009b1d293dc638c5ea8f618d46c11f641bc3fae5852d65ef541bc03aa07fe3b15a69bbf57253f5a05615796fe,gx-no-cache=1522683654573 HTTP/1.1" 200 30
186.103.159.187 - - [02/Apr/2018:11:40:22 -0300] "GET /cormun/servlet/solicitudot?522da6b009b1d293dc638c5ea8f618d435e78b6f4bec3694f2e3ea6483829395ecdeaaa418a0cc955a7202522afb19e24bf2b025c68e61841466527e5b330451,gx-no-cache=1522683654640 HTTP/1.1" 200 30
186.103.159.187 - - [02/Apr/2018:11:40:22 -0300] "GET /cormun/servlet/solicitudot?522da6b009b1d293dc638c5ea8f618d43bc48c5ed186dd42f1842fd24a3a3bbe,gx-no-cache=1522683654723 HTTP/1.1" 200 123
186.103.159.187 - - [02/Apr/2018:11:40:22 -0300] "GET /cormun/static/Shared/jqueryui/images/ui-bg_highlight-soft_100_c6c2c8_1x100.png HTTP/1.1" 404 1117
186.103.159.187 - - [02/Apr/2018:11:40:22 -0300] "GET /cormun/static/Shared/jqueryui/images/ui-icons_82798d_256x240.png HTTP/1.1" 404 1089
186.103.159.187 - - [02/Apr/2018:11:40:22 -0300] "GET /cormun/static/Shared/jqueryui/images/ui-bg_flat_55_994d53_40x100.png HTTP/1.1" 404 1097
186.103.159.187 - - [02/Apr/2018:11:40:22 -0300] "GET /cormun/static/Shared/jqueryui/images/ui-icons_ebccce_256x240.png HTTP/1.1" 404 1089
186.103.159.187 - - [02/Apr/2018:11:40:22 -0300] "POST /cormun/servlet/solicitudot?gx-no-cache=1522683654850 HTTP/1.1" 200 297
186.103.159.187 - - [02/Apr/2018:11:40:22 -0300] "GET /cormun/servlet/solicitudot?522da6b009b1d293dc638c5ea8f618d447039cef0f08adddae9e8c1909acd6443b0a079641c1635adbe650a60c10a32ebb452a8217316296b885c50c516533621e25f104beb7565c35f35341de4b9ee9ce9fb57413253dc8160cf7d16350e680338638d71eced0eff1bc1b8a6eb255a40d4952b2750af0478162380e1c7d65cb55c962e816a0d1a8ca348fcfcb7bee388b80dce301f2d792411f05a8807153f18930b7a139a9e901c1dd2af50bbfc030416711a188ae430fa83a57f53a4d61e7babd4315fbe19aa6baa1c854580d0b2bfa9579878b81530243c5a70b1123c718cd85face44b22bec6ffc2545b8947d7c201f2042e9311b41ec580c4692d37e78ff84a483c9ded99b0a6606c0beab5808a8f64678cf0119f80142f7f21da321997bfef233b54616c20fd8a109d57504b5792b9d3d0b7649c2222550bdb877e73ee74a1dc16872885d5699c0906ddafb280749827f00d648e9ea63048b4621f5b45cbda3c49142264ff2d63ba78eabcf383b0d32d1588970666b8a40b74cd512a4314d6b166dd73436c90b7ec62ad163e0,gx-no-cache=1522683654969 HTTP/1.1" 200 30
186.103.159.187 - - [02/Apr/2018:11:40:26 -0300] "POST /cormun/servlet/solicitudot?gx-no-cache=1522683658709 HTTP/1.1" 200 30
186.103.159.187 - - [02/Apr/2018:11:40:36 -0300] "POST /cormun/servlet/solicitudot?gx-no-cache=1522683668471 HTTP/1.1" 200 30
186.103.159.187 - - [02/Apr/2018:11:40:38 -0300] "GET /cormun/servlet/prcontratosol?9551647,,,,,MD,,gxPopupLevel%3D0%3B HTTP/1.1" 200 7423
186.103.159.187 - - [02/Apr/2018:11:40:43 -0300] "POST /cormun/servlet/solicitudot?gx-no-cache=1522683676098 HTTP/1.1" 200 1353
186.103.159.187 - - [02/Apr/2018:11:40:43 -0300] "POST /cormun/servlet/solicitudot?gx-no-cache=1522683676315 HTTP/1.1" 200 38
186.103.159.187 - - [02/Apr/2018:11:40:43 -0300] "GET /cormun/servlet/solicitudot?522da6b009b1d293dc638c5ea8f618d4c6169fc9aaa6e030b3ac19be92d649a6163bed5d48986e642daf87fef03d199a6d04258a0563ae97ab35faace3cb2fd08982f9a48e473a7888d43b2676577c072b42059d23632de8b5cff99e29ce7d199d7ab15c1aa3fa0ec0a0fc01d5130814,gx-no-cache=1522683676377 HTTP/1.1" 200 29
186.103.159.187 - - [02/Apr/2018:11:40:44 -0300] "POST /cormun/servlet/solicitudot?gx-no-cache=1522683676414 HTTP/1.1" 200 1335
186.103.159.187 - - [02/Apr/2018:11:40:44 -0300] "POST /cormun/servlet/solicitudot?gx-no-cache=1522683676830 HTTP/1.1" 200 1232
186.103.159.187 - - [02/Apr/2018:11:40:44 -0300] "GET /cormun/servlet/solicitudot?522da6b009b1d293dc638c5ea8f618d43e3e1e8444437583b8329c74fd393ce6e1da230aa02e3f6e3d1738221d9eaab7,gx-no-cache=1522683676896 HTTP/1.1" 200 134
186.103.159.187 - - [02/Apr/2018:11:41:02 -0300] "POST /cormun/servlet/solicitudot?gx-no-cache=1522683693787 HTTP/1.1" 200 1335
186.103.159.187 - - [02/Apr/2018:11:41:03 -0300] "POST /cormun/servlet/solicitudot?gx-no-cache=1522683695309 HTTP/1.1" 200 1232
186.103.159.187 - - [02/Apr/2018:11:41:03 -0300] "GET /cormun/static/menuarrow.gif HTTP/1.1" 404 1015
186.103.159.187 - - [02/Apr/2018:11:41:08 -0300] "POST /cormun/servlet/solicitudot?gx-no-cache=1522683700000 HTTP/1.1" 200 1335
186.103.159.187 - - [02/Apr/2018:11:41:08 -0300] "POST /cormun/servlet/solicitudot?gx-no-cache=1522683700578 HTTP/1.1" 200 1232
186.103.159.187 - - [02/Apr/2018:11:41:24 -0300] "GET /cormun/servlet/solicitudot?522da6b009b1d293dc638c5ea8f618d4b176e935d866094036c669bff5e85ecbe1da230aa02e3f6e3d1738221d9eaab7,gx-no-cache=1522683716746 HTTP/1.1" 200 134
186.103.157.235 - - [02/Apr/2018:11:42:20 -0300] "GET /cormun/servlet/hlogin HTTP/1.1" 200 1718
186.103.157.235 - - [02/Apr/2018:11:42:21 -0300] "GET /cormun/static/gxcfg.js?20175251213516 HTTP/1.1" 200 953
186.103.157.235 - - [02/Apr/2018:11:42:21 -0300] "GET /cormun/static/gxtimezone.js?85251 HTTP/1.1" 200 5781
186.103.157.235 - - [02/Apr/2018:11:42:21 -0300] "GET /cormun/static/Resources/ComunLogin.png HTTP/1.1" 200 17326
186.103.157.235 - - [02/Apr/2018:11:42:21 -0300] "GET /cormun/static/messages.spa.js?85251 HTTP/1.1" 200 30736
186.103.157.235 - - [02/Apr/2018:11:42:21 -0300] "GET /cormun/static/hlogin.js?20175251213537 HTTP/1.1" 200 2136
186.103.157.235 - - [02/Apr/2018:11:42:21 -0300] "GET /cormun/static/Resources/Spanish/PXTools.css?11423723 HTTP/1.1" 200 89042
186.103.157.235 - - [02/Apr/2018:11:42:24 -0300] "GET /cormun/static/gxgral.js?85251 HTTP/1.1" 200 384558
192.168.10.96 - - [02/Apr/2018:11:43:33 -0300] "POST /cormun/servlet/trsolicitudgral?7213bd76f861f6f27d4c82ecd4a1aa1e,,gx-no-cache=1522680041696 HTTP/1.1" 440 972
192.168.10.96 - - [02/Apr/2018:11:43:34 -0300] "GET /cormun/servlet/trsolicitudgral? HTTP/1.1" 500 10
192.168.10.96 - - [02/Apr/2018:11:43:36 -0300] "GET /cormun/servlet/hlogin HTTP/1.1" 200 1719
192.168.10.96 - - [02/Apr/2018:11:43:41 -0300] "POST /cormun/servlet/hlogin?9d7a8d10b091b1c29ef1589b6a6a7d93,gx-no-cache=1522680050376 HTTP/1.1" 200 90
192.168.10.96 - - [02/Apr/2018:11:43:41 -0300] "GET /cormun/servlet/hpexe_link HTTP/1.1" 200 951
192.168.10.96 - - [02/Apr/2018:11:43:41 -0300] "GET /cormun/servlet/hhome HTTP/1.1" 200 4705
192.168.10.96 - - [02/Apr/2018:11:43:41 -0300] "GET /cormun/static/Resources/Spanish/PXTools.css?11423723 HTTP/1.1" 200 89042
192.168.10.96 - - [02/Apr/2018:11:43:42 -0300] "GET /cormun/servlet/hhome HTTP/1.1" 200 4704
192.168.10.96 - - [02/Apr/2018:11:43:47 -0300] "GET /cormun/servlet/trsolicitudgral? HTTP/1.1" 200 29198
192.168.10.96 - - [02/Apr/2018:11:43:48 -0300] "GET /cormun/servlet/trsolicitudgral? HTTP/1.1" 200 29196
192.168.10.96 - - [02/Apr/2018:11:43:59 -0300] "POST /cormun/servlet/trsolicitudgral?9d7a8d10b091b1c29ef1589b6a6a7d93,,gx-no-cache=1522680068363 HTTP/1.1" 200 5933
192.168.10.96 - - [02/Apr/2018:11:44:06 -0300] "POST /cormun/servlet/trsolicitudgral?9d7a8d10b091b1c29ef1589b6a6a7d93,,gx-no-cache=1522680075304 HTTP/1.1" 200 7750
186.103.159.187 - - [02/Apr/2018:11:44:48 -0300] "POST /cormun/servlet/solicitudot?gx-no-cache=1522683921202 HTTP/1.1" 200 30
192.168.10.96 - - [02/Apr/2018:11:44:50 -0300] "GET /cormun/servlet/vesolicitudgral?2018,10790,, HTTP/1.1" 200 9339
192.168.10.96 - - [02/Apr/2018:11:44:50 -0300] "GET /cormun/pexe_scrolldiv.js HTTP/1.1" 404 1009
192.168.10.96 - - [02/Apr/2018:11:44:50 -0300] "GET /cormun/pexe_scrolldiv.js HTTP/1.1" 404 1009
192.168.10.96 - - [02/Apr/2018:11:44:51 -0300] "GET /cormun/servlet/vesolicitudgral?2018,10790,, HTTP/1.1" 200 9338
186.103.159.187 - - [02/Apr/2018:11:44:51 -0300] "POST /cormun/servlet/solicitudot?gx-no-cache=1522683923882 HTTP/1.1" 200 1353
186.103.159.187 - - [02/Apr/2018:11:44:51 -0300] "POST /cormun/servlet/solicitudot?gx-no-cache=1522683924024 HTTP/1.1" 200 41
186.103.159.187 - - [02/Apr/2018:11:44:51 -0300] "POST /cormun/servlet/solicitudot?gx-no-cache=1522683924074 HTTP/1.1" 200 1335
186.103.159.187 - - [02/Apr/2018:11:44:51 -0300] "POST /cormun/servlet/solicitudot?gx-no-cache=1522683924154 HTTP/1.1" 200 1232
192.168.10.96 - - [02/Apr/2018:11:44:52 -0300] "GET /cormun/servlet/vesolicitudgral?2018,10790,,SolicitudOTLog HTTP/1.1" 200 10162
192.168.10.96 - - [02/Apr/2018:11:44:52 -0300] "GET /cormun/pexe_scrolldiv.js HTTP/1.1" 404 1009
192.168.10.96 - - [02/Apr/2018:11:44:52 -0300] "GET /cormun/pexe_scrolldiv.js HTTP/1.1" 404 1009
192.168.10.96 - - [02/Apr/2018:11:44:52 -0300] "GET /cormun/servlet/vesolicitudgral?2018,10790,,SolicitudOTLog HTTP/1.1" 200 10163
186.103.159.187 - - [02/Apr/2018:11:44:53 -0300] "POST /cormun/servlet/solicitudot?gx-no-cache=1522683925762 HTTP/1.1" 200 30
186.103.159.187 - - [02/Apr/2018:11:44:53 -0300] "POST /cormun/servlet/solicitudot?gx-no-cache=1522683925843 HTTP/1.1" 200 1353
186.103.159.187 - - [02/Apr/2018:11:44:53 -0300] "POST /cormun/servlet/solicitudot?gx-no-cache=1522683925906 HTTP/1.1" 200 41
186.103.159.187 - - [02/Apr/2018:11:44:53 -0300] "POST /cormun/servlet/solicitudot?gx-no-cache=1522683925944 HTTP/1.1" 200 1335
186.103.159.187 - - [02/Apr/2018:11:44:53 -0300] "POST /cormun/servlet/solicitudot?gx-no-cache=1522683926002 HTTP/1.1" 200 1232
192.168.10.96 - - [02/Apr/2018:11:44:53 -0300] "POST /cormun/servlet/acontrolpreferencessavestate?None,DZAMUDIO,true HTTP/1.1" 200 35
192.168.10.96 - - [02/Apr/2018:11:44:56 -0300] "POST /cormun/servlet/vesolicitudgral?9d7a8d10b091b1c29ef1589b6a6a7d93,2018,10790,,SolicitudOTLog,gx-no-cache=1522680125051 HTTP/1.1" 200 90
192.168.10.96 - - [02/Apr/2018:11:44:56 -0300] "GET /cormun/servlet/hpexe_link HTTP/1.1" 200 976
192.168.10.96 - - [02/Apr/2018:11:44:56 -0300] "GET /cormun/servlet/trsolicitudgral? HTTP/1.1" 200 11021
192.168.10.96 - - [02/Apr/2018:11:44:57 -0300] "GET /cormun/servlet/trsolicitudgral? HTTP/1.1" 200 11020
186.103.159.187 - - [02/Apr/2018:11:45:00 -0300] "POST /cormun/servlet/solicitudot?gx-no-cache=1522683932949 HTTP/1.1" 200 30
186.103.159.187 - - [02/Apr/2018:11:45:03 -0300] "GET /cormun/servlet/prcontratosol?9551647,,,,,MD,,gxPopupLevel%3D0%3B HTTP/1.1" 200 7423
186.103.159.187 - - [02/Apr/2018:11:45:19 -0300] "POST /cormun/servlet/solicitudot?gx-no-cache=1522683951514 HTTP/1.1" 200 1353
