186.67.164.142 - - [02/Apr/2018:11:16:06 -0300] "POST /cormun/servlet/solicitudot?gx-no-cache=1522678513486 HTTP/1.1" 200 33
186.103.159.187 - - [02/Apr/2018:11:16:07 -0300] "POST /cormun/servlet/solicitudot?gx-no-cache=1522682199204 HTTP/1.1" 200 3412
186.103.159.187 - - [02/Apr/2018:11:16:07 -0300] "POST /cormun/servlet/solicitudot?097a97f753d54bf169754f1a2edab4aa,INS,0,0,,gx-no-cache=1522682199788 HTTP/1.1" 200 10362
186.103.159.187 - - [02/Apr/2018:11:16:21 -0300] "GET /cormun/servlet/solicitudot?f36dd2bf18bd6f557c6e53b9904e336550145550314d8308709ce160cb8befd5644f897de65bfb63c4be1a3097c37950,gx-no-cache=1522682213658 HTTP/1.1" 200 30
186.103.159.187 - - [02/Apr/2018:11:16:21 -0300] "GET /cormun/servlet/solicitudot?f36dd2bf18bd6f557c6e53b9904e3365862e481deed27edccc4aaa51c61a379ca6ddef6806b306a8eb871e210b1fbc66613dcb0a7aeba9c512eaafd67347d1c5,gx-no-cache=1522682213758 HTTP/1.1" 200 30
186.103.159.187 - - [02/Apr/2018:11:16:21 -0300] "GET /cormun/servlet/solicitudot?f36dd2bf18bd6f557c6e53b9904e336514dd1dab60467136bc19adefb9c2f81b,gx-no-cache=1522682213861 HTTP/1.1" 200 53
186.103.159.187 - - [02/Apr/2018:11:16:21 -0300] "POST /cormun/servlet/solicitudot?gx-no-cache=1522682213974 HTTP/1.1" 200 256
186.103.159.187 - - [02/Apr/2018:11:16:22 -0300] "GET /cormun/servlet/solicitudot?f36dd2bf18bd6f557c6e53b9904e3365679de4c203af773196f6cb57d6f8997f9557ab812232c4a362e75d0753b26906b04002eade7a62f7bc0d66c9bd686b8c429a2f10022e264c82a90683470cd83c7ecf6acbbf2c34513f6c90978a9231f678ebbc5b44fb94850cc6da0306e0f8d1ab52e12a72d5c4e27b496b2ba438adb8b93cce8a7b87399e11de3e9dd6da93d31ef2f439f041fe169e69b800b6a4ff75e322b26a3b20bc554ad0a19bf2a04ccbd8527e4c85d53584571b8bf079846b40377605eeeda066e6b4ad1f1f2a8034bd9c8573a8e38a0ccfee7835e5fb3d079b91c3feb73b7045489f06949c7dcfe86449b4b7a729ccc5f202da7ccb8ff07375974391c8b44ef5d18be44c2bdffb833d4bccd1049f6b7e44c03be1b1ce5de7ec25262a6eafb672f09a943b7c33e1abfece89bd90e5c438d23f6b894c792246a7dbff617d75f5faf09660763727593fedc599da8d1ea9b44ce765f46fe98277a258232fb3552573f832b42b5d34dce8152b259527ba4e52ccd787dbf214b9a978,gx-no-cache=1522682214075 HTTP/1.1" 200 30
186.103.156.24 - - [02/Apr/2018:11:16:39 -0300] "GET /cormun/servlet/trlicencias? HTTP/1.1" 200 10703
186.103.156.24 - - [02/Apr/2018:11:16:39 -0300] "GET /cormun/servlet/trlicencias? HTTP/1.1" 200 10671
46.174.191.29 - - [02/Apr/2018:11:16:46 -0300] "GET / HTTP/1.0" 200 11197
186.103.156.24 - - [02/Apr/2018:11:16:52 -0300] "GET /cormun/servlet/licenciaspermisos?DSP,11671556,L,20180319000000, HTTP/1.1" 200 7363
186.103.156.24 - - [02/Apr/2018:11:16:53 -0300] "GET /cormun/servlet/licenciaspermisos?DSP,11671556,L,20180319000000, HTTP/1.1" 200 7362
186.103.159.182 - - [02/Apr/2018:11:17:08 -0300] "GET /cormun/servlet/hlogin HTTP/1.1" 200 1725
186.103.159.182 - - [02/Apr/2018:11:17:09 -0300] "GET /cormun/static/gxtimezone.js?85251 HTTP/1.1" 304 -
186.103.159.182 - - [02/Apr/2018:11:17:09 -0300] "GET /cormun/static/gxcfg.js?20175251213516 HTTP/1.1" 304 -
186.103.159.182 - - [02/Apr/2018:11:17:09 -0300] "GET /cormun/static/messages.spa.js?85251 HTTP/1.1" 304 -
186.103.159.182 - - [02/Apr/2018:11:17:09 -0300] "GET /cormun/servlet/hlogin HTTP/1.1" 200 1728
186.103.156.24 - - [02/Apr/2018:11:17:11 -0300] "GET /cormun/servlet/trlicencias? HTTP/1.1" 200 10673
186.103.156.24 - - [02/Apr/2018:11:17:12 -0300] "GET /cormun/servlet/trlicencias? HTTP/1.1" 200 10671
186.103.156.24 - - [02/Apr/2018:11:17:15 -0300] "GET /cormun/servlet/licenciaspermisos?INS,0,,, HTTP/1.1" 200 7758
186.103.156.24 - - [02/Apr/2018:11:17:15 -0300] "GET /cormun/servlet/licenciaspermisos?INS,0,,, HTTP/1.1" 200 7766
186.79.49.245 - - [02/Apr/2018:11:17:26 -0300] "POST /cormun/servlet/solicitudotadjuntos?gx-no-cache=1522678593319 HTTP/1.1" 200 26
186.103.159.187 - - [02/Apr/2018:11:17:30 -0300] "POST /cormun/servlet/solicitudot?gx-no-cache=1522682280230 HTTP/1.1" 200 3372
186.103.159.187 - - [02/Apr/2018:11:17:31 -0300] "POST /cormun/servlet/solicitudot?097a97f753d54bf169754f1a2edab4aa,INS,0,0,,gx-no-cache=1522682282895 HTTP/1.1" 200 10385
186.79.49.245 - - [02/Apr/2018:11:17:36 -0300] "GET /cormun/servlet/solicitudotadjuntos?b4ceeccde14f42f1307de01081682c30a9b84efcc391960368104c259cec20d1,gx-no-cache=1522678603060 HTTP/1.1" 200 30
186.79.49.245 - - [02/Apr/2018:11:17:36 -0300] "GET /cormun/servlet/solicitudotadjuntos?b4ceeccde14f42f1307de01081682c30a9b84efcc391960368104c259cec20d1,gx-no-cache=1522678603323 HTTP/1.1" 200 30
186.103.159.187 - - [02/Apr/2018:11:17:39 -0300] "GET /cormun/servlet/prfichaempleado?,MD,,gxPopupLevel%3D0%3B HTTP/1.1" 200 9272
186.103.156.24 - - [02/Apr/2018:11:17:42 -0300] "GET /cormun/servlet/licenciaspermisos?283fbaaf2062796c9f405dc8250b6c3c7d5769e17f2af884f07f9fed3c471c43168ad44f6ebb023a0ceb216da9dc23e9,gx-no-cache=1522678609102 HTTP/1.1" 200 185
186.103.156.24 - - [02/Apr/2018:11:17:42 -0300] "GET /cormun/static/Shared/jqueryui/images/ui-bg_highlight-soft_100_c6c2c8_1x100.png HTTP/1.1" 404 1117
186.103.156.24 - - [02/Apr/2018:11:17:42 -0300] "GET /cormun/static/Shared/jqueryui/images/ui-icons_82798d_256x240.png HTTP/1.1" 404 1089
186.103.156.24 - - [02/Apr/2018:11:17:42 -0300] "GET /cormun/static/Shared/jqueryui/images/ui-icons_ebccce_256x240.png HTTP/1.1" 404 1089
186.103.156.24 - - [02/Apr/2018:11:17:42 -0300] "GET /cormun/static/Shared/jqueryui/images/ui-bg_flat_55_994d53_40x100.png HTTP/1.1" 404 1097
186.79.49.245 - - [02/Apr/2018:11:17:44 -0300] "POST /cormun/servlet/solicitudotadjuntos?09282efd7333e23a27d3ea314068d2a2,INS,2018,10960,,1, HTTP/1.1" 200 116
186.79.49.245 - - [02/Apr/2018:11:17:44 -0300] "GET /cormun/servlet/hpexe_return? HTTP/1.1" 200 1028
186.79.49.245 - - [02/Apr/2018:11:17:44 -0300] "GET /cormun/servlet/trsolicitudadjuntos?2018,10960, HTTP/1.1" 200 9303
186.79.49.245 - - [02/Apr/2018:11:17:46 -0300] "GET /cormun/servlet/trsolicitudadjuntos?2018,10960, HTTP/1.1" 200 9300
186.103.159.187 - - [02/Apr/2018:11:17:51 -0300] "GET /cormun/servlet/prfichaempleado?,MD,,gxPopupLevel%3D0%3B HTTP/1.1" 200 9272
186.79.49.245 - - [02/Apr/2018:11:17:52 -0300] "GET /cormun/servlet/solicitudotadjuntos?INS,2018,10960,,1, HTTP/1.1" 200 5977
186.79.49.245 - - [02/Apr/2018:11:17:53 -0300] "GET /cormun/static/about:blank HTTP/1.1" 404 1011
186.79.49.245 - - [02/Apr/2018:11:17:53 -0300] "GET /cormun/servlet/solicitudotadjuntos?INS,2018,10960,,1, HTTP/1.1" 200 5970
186.79.49.245 - - [02/Apr/2018:11:17:53 -0300] "GET /cormun/servlet/solicitudotadjuntos?b4ceeccde14f42f1307de01081682c305abdc3c721497385d5f3bf9dcb399ed3555ac90e28aac23ee359ccbeb8c33d85,gx-no-cache=1522678620780 HTTP/1.1" 200 30
186.103.156.24 - - [02/Apr/2018:11:17:54 -0300] "GET /cormun/servlet/licenciaspermisos?283fbaaf2062796c9f405dc8250b6c3c366e56c4c89d8b6f49c1ebb362242481168ad44f6ebb023a0ceb216da9dc23e9,gx-no-cache=1522678621120 HTTP/1.1" 200 96
186.79.49.245 - - [02/Apr/2018:11:17:54 -0300] "POST /cormun/servlet/solicitudotadjuntos?09282efd7333e23a27d3ea314068d2a2,INS,2018,10960,,1,,gx-no-cache=1522678620918 HTTP/1.1" 200 3797
186.103.156.24 - - [02/Apr/2018:11:17:55 -0300] "POST /cormun/servlet/licenciaspermisos?d8d1d32ed46633311574b1934c1b6ba9,INS,0,,,,gx-no-cache=1522678621208 HTTP/1.1" 200 4880
200.112.233.47 - - [02/Apr/2018:11:17:57 -0300] "GET /cormun/servlet/trfichaempleado? HTTP/1.1" 200 12394
186.79.49.245 - - [02/Apr/2018:11:17:58 -0300] "POST /cormun/servlet/solicitudotadjuntos?gx-no-cache=1522678625422 HTTP/1.1" 200 26
186.103.159.187 - - [02/Apr/2018:11:18:01 -0300] "POST /cormun/servlet/prfichaempleado?097a97f753d54bf169754f1a2edab4aa,,MD,,gxPopupLevel%3D0%3B,gx-no-cache=1522682312877 HTTP/1.1" 200 6354
200.112.233.47 - - [02/Apr/2018:11:18:01 -0300] "GET /cormun/servlet/trfichaempleado? HTTP/1.1" 200 12394
186.103.159.182 - - [02/Apr/2018:11:18:03 -0300] "POST /cormun/servlet/hlogin?d7359842b542771537dbcde2881a0580,gx-no-cache=1522678631725 HTTP/1.1" 200 90
186.103.159.182 - - [02/Apr/2018:11:18:04 -0300] "GET /cormun/servlet/hpexe_link HTTP/1.1" 200 948
186.103.159.182 - - [02/Apr/2018:11:18:04 -0300] "GET /cormun/static/gxcfg.js?20177612121792 HTTP/1.1" 304 -
186.103.159.182 - - [02/Apr/2018:11:18:04 -0300] "GET /cormun/servlet/hhome HTTP/1.1" 200 4257
186.103.159.182 - - [02/Apr/2018:11:18:04 -0300] "GET /cormun/static/gxcfg.js?20175251212442 HTTP/1.1" 304 -
186.103.159.182 - - [02/Apr/2018:11:18:04 -0300] "GET /cormun/servlet/hhome HTTP/1.1" 200 4254
186.103.159.187 - - [02/Apr/2018:11:18:08 -0300] "POST /cormun/servlet/prfichaempleado?097a97f753d54bf169754f1a2edab4aa,,MD,,gxPopupLevel%3D0%3B,gx-no-cache=1522682320095 HTTP/1.1" 200 6369
186.103.159.187 - - [02/Apr/2018:11:18:08 -0300] "GET /cormun/static/Resources/PXToolsGridFirst.gif HTTP/1.1" 200 379
186.103.159.187 - - [02/Apr/2018:11:18:08 -0300] "GET /cormun/static/Resources/PXToolsGridPrevious.gif HTTP/1.1" 200 369
186.103.159.182 - - [02/Apr/2018:11:18:11 -0300] "GET /cormun/servlet/trsolicitudot? HTTP/1.1" 200 7470
186.103.159.187 - - [02/Apr/2018:11:18:12 -0300] "POST /cormun/servlet/prfichaempleado?097a97f753d54bf169754f1a2edab4aa,,MD,,gxPopupLevel%3D0%3B,gx-no-cache=1522682323659 HTTP/1.1" 200 6323
186.103.159.182 - - [02/Apr/2018:11:18:12 -0300] "GET /cormun/static/gxcfg.js?2017111422585916 HTTP/1.1" 304 -
186.103.159.182 - - [02/Apr/2018:11:18:12 -0300] "GET /cormun/static/calendar.js?85251 HTTP/1.1" 304 -
186.103.159.182 - - [02/Apr/2018:11:18:12 -0300] "GET /cormun/static/calendar-setup.js?85251 HTTP/1.1" 304 -
186.103.159.182 - - [02/Apr/2018:11:18:12 -0300] "GET /cormun/static/calendar-es.js?85251 HTTP/1.1" 304 -
186.103.159.182 - - [02/Apr/2018:11:18:12 -0300] "GET /cormun/static/gxdec.js?85251 HTTP/1.1" 304 -
186.103.159.182 - - [02/Apr/2018:11:18:12 -0300] "GET /cormun/static/trsolicitudot.js?201711142259839 HTTP/1.1" 304 -
186.103.159.182 - - [02/Apr/2018:11:18:12 -0300] "GET /cormun/servlet/trsolicitudot? HTTP/1.1" 200 7469
186.103.159.182 - - [02/Apr/2018:11:18:14 -0300] "GET /cormun/servlet/trautorizarsolicitud? HTTP/1.1" 200 7371
186.103.159.182 - - [02/Apr/2018:11:18:15 -0300] "GET /cormun/static/gxcfg.js?2017111423403364 HTTP/1.1" 304 -
186.103.159.182 - - [02/Apr/2018:11:18:15 -0300] "GET /cormun/servlet/trautorizarsolicitud? HTTP/1.1" 200 7370
186.103.159.182 - - [02/Apr/2018:11:18:17 -0300] "GET /cormun/static/menuarrow.gif HTTP/1.1" 404 1015
186.103.156.24 - - [02/Apr/2018:11:18:19 -0300] "GET /cormun/static/menuarrow.gif HTTP/1.1" 404 1015
186.103.159.187 - - [02/Apr/2018:11:18:20 -0300] "POST /cormun/servlet/solicitudot?097a97f753d54bf169754f1a2edab4aa,INS,0,0,,gx-no-cache=1522682332943 HTTP/1.1" 200 93
186.103.159.187 - - [02/Apr/2018:11:18:20 -0300] "GET /cormun/servlet/hpexe_return? HTTP/1.1" 200 1006
186.103.159.187 - - [02/Apr/2018:11:18:21 -0300] "GET /cormun/servlet/trsolicitudot HTTP/1.1" 200 7139
186.103.159.187 - - [02/Apr/2018:11:18:22 -0300] "GET /cormun/servlet/trsolicitudot HTTP/1.1" 200 7136
186.103.159.187 - - [02/Apr/2018:11:18:24 -0300] "GET /cormun/servlet/solicitudot?INS,0,0, HTTP/1.1" 200 13383
186.79.49.245 - - [02/Apr/2018:11:18:24 -0300] "GET /cormun/servlet/solicitudotadjuntos?b4ceeccde14f42f1307de01081682c30a9b84efcc391960368104c259cec20d1,gx-no-cache=1522678651631 HTTP/1.1" 200 30
186.79.49.245 - - [02/Apr/2018:11:18:24 -0300] "GET /cormun/servlet/solicitudotadjuntos?b4ceeccde14f42f1307de01081682c30a9b84efcc391960368104c259cec20d1,gx-no-cache=1522678651790 HTTP/1.1" 200 30
186.103.159.187 - - [02/Apr/2018:11:18:25 -0300] "GET /cormun/servlet/solicitudot?INS,0,0, HTTP/1.1" 200 13388
186.103.159.182 - - [02/Apr/2018:11:18:26 -0300] "POST /cormun/servlet/trautorizarsolicitud?d7359842b542771537dbcde2881a0580,,gx-no-cache=1522678652360 HTTP/1.1" 200 23535
186.79.49.245 - - [02/Apr/2018:11:18:31 -0300] "POST /cormun/servlet/solicitudotadjuntos?09282efd7333e23a27d3ea314068d2a2,INS,2018,10960,,1, HTTP/1.1" 200 116
186.79.49.245 - - [02/Apr/2018:11:18:31 -0300] "GET /cormun/servlet/hpexe_return? HTTP/1.1" 200 1028
186.79.49.245 - - [02/Apr/2018:11:18:32 -0300] "GET /cormun/servlet/trsolicitudadjuntos?2018,10960, HTTP/1.1" 200 9559
186.79.49.245 - - [02/Apr/2018:11:18:33 -0300] "GET /cormun/servlet/trsolicitudadjuntos?2018,10960, HTTP/1.1" 200 9557
186.103.159.187 - - [02/Apr/2018:11:18:35 -0300] "POST /cormun/servlet/solicitudot?gx-no-cache=1522682347092 HTTP/1.1" 200 3284
186.79.49.245 - - [02/Apr/2018:11:18:52 -0300] "GET /cormun/PublicTempStorage/cedula1713586.pdf HTTP/1.1" 200 243840
186.79.49.245 - - [02/Apr/2018:11:18:59 -0300] "GET /cormun/servlet/trsolicitudadjuntos?2018,10960, HTTP/1.1" 200 9557
186.79.49.245 - - [02/Apr/2018:11:19:01 -0300] "GET /cormun/servlet/trsolicitudadjuntos?2018,10960, HTTP/1.1" 200 9554
186.103.159.182 - - [02/Apr/2018:11:19:08 -0300] "POST /cormun/servlet/trautorizarsolicitud?d7359842b542771537dbcde2881a0580,,gx-no-cache=1522678695424 HTTP/1.1" 200 4398
186.79.49.245 - - [02/Apr/2018:11:19:09 -0300] "GET /cormun/PublicTempStorage/licencia__media620910.pdf HTTP/1.1" 200 314694
186.79.49.245 - - [02/Apr/2018:11:19:15 -0300] "GET /cormun/servlet/trsolicitudadjuntos?2018,10960, HTTP/1.1" 200 9555
186.79.49.245 - - [02/Apr/2018:11:19:17 -0300] "GET /cormun/servlet/trsolicitudadjuntos?2018,10960, HTTP/1.1" 200 9557
186.103.156.24 - - [02/Apr/2018:11:19:28 -0300] "GET /cormun/servlet/licenciaspermisos?283fbaaf2062796c9f405dc8250b6c3cbe686582ccfebcdb68b31758476eda373109fa211a149e6a47144805877cbaf87e4d90fd2209c79482aaf1370e3321b97c480f6dc6d1d88b9b5e5517b48aeafe9f2a969ee02848692b544b527d5e85f24f59eaa43b5c52f79af3fb099023adef09db9ad775d3bbae899edce67cc2125aedcfec42b5aebdcab2d8e11b14dba77b359f9c5ba5441ab66cabf5e0f6ea200a8dcd1d75c356f016eb306c928d1640d2,gx-no-cache=1522678715536 HTTP/1.1" 200 30
186.79.49.245 - - [02/Apr/2018:11:19:30 -0300] "GET /cormun/servlet/hlogin HTTP/1.1" 200 1715
186.79.49.245 - - [02/Apr/2018:11:19:32 -0300] "POST /cormun/servlet/hlogin?32dbf5a138fba0cf94f285d93ac6bbbc,gx-no-cache=1522678719015 HTTP/1.1" 200 90
186.79.49.245 - - [02/Apr/2018:11:19:32 -0300] "GET /cormun/servlet/hpexe_link HTTP/1.1" 200 947
186.79.49.245 - - [02/Apr/2018:11:19:32 -0300] "GET /cormun/servlet/hhome HTTP/1.1" 200 3927
186.79.49.245 - - [02/Apr/2018:11:19:33 -0300] "GET /cormun/servlet/hhome HTTP/1.1" 200 3924
186.79.49.245 - - [02/Apr/2018:11:19:37 -0300] "GET /cormun/servlet/trsolicitudot? HTTP/1.1" 200 8518
186.103.156.24 - - [02/Apr/2018:11:19:38 -0300] "GET /cormun/servlet/licenciaspermisos?283fbaaf2062796c9f405dc8250b6c3c61e4ba63aa3a86c46e14e60cc818b024f544367ae239de5097e878e53600c6c5fb5e0459fdc149ab2c8854134bbcb324071d0b397ee1c1e21c9b96f2aa10716a08a4cf2ee390efd3adf6c8722aa47d0607676c773cef56fbce76c484b22f934b8d7a88b41596e9574e4dae6961e3bbfb18920605b731918e7f9d274bdef5ec2d479aa6c6611807a0e9960f414cd67d8c99238eb5e808a632c42b32aee72c094c,gx-no-cache=1522678724895 HTTP/1.1" 200 29
186.103.156.24 - - [02/Apr/2018:11:19:38 -0300] "POST /cormun/servlet/licenciaspermisos?d8d1d32ed46633311574b1934c1b6ba9,INS,0,,,,gx-no-cache=1522678725066 HTTP/1.1" 200 93
186.103.156.24 - - [02/Apr/2018:11:19:38 -0300] "GET /cormun/servlet/hpexe_return? HTTP/1.1" 200 1010
186.79.49.245 - - [02/Apr/2018:11:19:38 -0300] "GET /cormun/servlet/trsolicitudot? HTTP/1.1" 200 8517
186.103.156.24 - - [02/Apr/2018:11:19:39 -0300] "GET /cormun/servlet/trlicencias HTTP/1.1" 200 11053
186.103.156.24 - - [02/Apr/2018:11:19:40 -0300] "GET /cormun/servlet/trlicencias HTTP/1.1" 200 11048
186.103.156.24 - - [02/Apr/2018:11:19:45 -0300] "GET /cormun/servlet/licenciaspermisos?DSP,11671556,L,20180402000000, HTTP/1.1" 200 7361
186.103.156.24 - - [02/Apr/2018:11:19:45 -0300] "GET /cormun/servlet/licenciaspermisos?DSP,11671556,L,20180402000000, HTTP/1.1" 200 7360
186.103.156.24 - - [02/Apr/2018:11:19:52 -0300] "GET /cormun/servlet/trlicencias HTTP/1.1" 200 11053
186.103.156.24 - - [02/Apr/2018:11:19:54 -0300] "GET /cormun/servlet/trlicencias HTTP/1.1" 200 11048
186.103.156.24 - - [02/Apr/2018:11:19:57 -0300] "GET /cormun/servlet/licenciaspermisos?UPD,11671556,L,20180402000000, HTTP/1.1" 200 7962
186.103.156.24 - - [02/Apr/2018:11:19:57 -0300] "GET /cormun/servlet/licenciaspermisos?UPD,11671556,L,20180402000000, HTTP/1.1" 200 7980
186.103.156.24 - - [02/Apr/2018:11:19:58 -0300] "GET /cormun/servlet/licenciaspermisos?283fbaaf2062796c9f405dc8250b6c3c366e56c4c89d8b6f49c1ebb3622424811d7ba831dfc963806707deea2e5acd48cef041881f29a4ad1913a70eda63422b13cfd29ab498b556b99fcbe3af18072c16a917540623937aa575fb97a66b41f8,gx-no-cache=1522678745106 HTTP/1.1" 200 94
186.103.156.24 - - [02/Apr/2018:11:20:01 -0300] "GET /cormun/servlet/licenciaspermisos?283fbaaf2062796c9f405dc8250b6c3c4c77bc6fb9217958ed9d1181396d0d75286c28f32696a8ff8e60fac28f3d4afc7e4d90fd2209c79482aaf1370e3321b97c480f6dc6d1d88b9b5e5517b48aeafe9f2a969ee02848692b544b527d5e85f23563190461715c99ee4db585d1a1197609db9ad775d3bbae899edce67cc2125a37198136fcc883ffe1b90d686a4bfd0f1bbb742c948bc3a6b27dbf1696a4b339753cef116a013d66773124cfb600d11b7b8048694f903773673b899c6cf00ac4bdc38bb6889b9a37780e94c26539b4c3c574594e86c3c7865b693717258ddb1b,gx-no-cache=1522678748544 HTTP/1.1" 200 30
186.103.156.24 - - [02/Apr/2018:11:20:02 -0300] "POST /cormun/servlet/licenciaspermisos?d8d1d32ed46633311574b1934c1b6ba9,UPD,11671556,L,20180402000000,,gx-no-cache=1522678748619 HTTP/1.1" 200 4958
186.103.156.24 - - [02/Apr/2018:11:20:04 -0300] "GET /cormun/servlet/licenciaspermisos?283fbaaf2062796c9f405dc8250b6c3c61e4ba63aa3a86c46e14e60cc818b024535ad57216a637a61b93ec33a7f1219bfb5e0459fdc149ab2c8854134bbcb324071d0b397ee1c1e21c9b96f2aa10716a08a4cf2ee390efd3adf6c8722aa47d06f62e3ef1ef71dde2639c1a4e5939e45b8d7a88b41596e9574e4dae6961e3bbfbf9f7b0d4a57c99a6e6b5ea6dfca1ad108566f8b165a863bce45a9c8d6a32c44b41bc34c095e3736d76bfd2f634199570366cb156be073169a617a61b37ff906da5496eed373f39e39188bfe44a6c226a8becac66aad23e7c476ad3598d9d4daa6096c53e978d08efe0ecdcbe17ec83e3,gx-no-cache=1522678751616 HTTP/1.1" 200 29
186.103.156.24 - - [02/Apr/2018:11:20:05 -0300] "POST /cormun/servlet/licenciaspermisos?d8d1d32ed46633311574b1934c1b6ba9,UPD,11671556,L,20180402000000,,gx-no-cache=1522678751678 HTTP/1.1" 200 93
186.103.156.24 - - [02/Apr/2018:11:20:05 -0300] "GET /cormun/servlet/hpexe_return? HTTP/1.1" 200 1026
186.103.156.24 - - [02/Apr/2018:11:20:05 -0300] "GET /cormun/servlet/trlicencias HTTP/1.1" 200 11053
186.103.156.24 - - [02/Apr/2018:11:20:06 -0300] "GET /cormun/servlet/trlicencias HTTP/1.1" 200 11047
192.168.10.62 - - [02/Apr/2018:11:20:10 -0300] "GET /cormun/servlet/hlogin HTTP/1.1" 200 1741
186.103.156.24 - - [02/Apr/2018:11:20:11 -0300] "GET /cormun/servlet/licenciaspermisos?DSP,11671556,L,20180402000000, HTTP/1.1" 200 7362
186.103.156.24 - - [02/Apr/2018:11:20:11 -0300] "GET /cormun/servlet/licenciaspermisos?DSP,11671556,L,20180402000000, HTTP/1.1" 200 7361
200.112.233.47 - - [02/Apr/2018:11:20:32 -0300] "GET /cormun/servlet/trfichaempleado? HTTP/1.1" 200 12424
192.168.10.62 - - [02/Apr/2018:11:20:49 -0300] "POST /cormun/servlet/hlogin?ca4265678f12091fa3d42d5b4eeab09a,gx-no-cache=1522678678478 HTTP/1.1" 200 90
192.168.10.62 - - [02/Apr/2018:11:20:49 -0300] "GET /cormun/servlet/hpexe_link HTTP/1.1" 200 958
192.168.10.62 - - [02/Apr/2018:11:20:50 -0300] "GET /cormun/servlet/trsolicitudgral? HTTP/1.1" 200 16968
192.168.10.62 - - [02/Apr/2018:11:20:51 -0300] "GET /cormun/servlet/trsolicitudgral? HTTP/1.1" 200 16967
200.112.233.47 - - [02/Apr/2018:11:21:34 -0300] "GET /cormun/servlet/trfichaempleado? HTTP/1.1" 200 12289
186.103.156.24 - - [02/Apr/2018:11:21:38 -0300] "POST /cormun/servlet/licenciaspermisos?d8d1d32ed46633311574b1934c1b6ba9,DSP,11671556,L,20180402000000,,gx-no-cache=1522678844649 HTTP/1.1" 200 93
186.103.156.24 - - [02/Apr/2018:11:21:38 -0300] "GET /cormun/servlet/hpexe_return? HTTP/1.1" 200 1026
186.103.156.24 - - [02/Apr/2018:11:21:39 -0300] "GET /cormun/servlet/trlicencias HTTP/1.1" 200 11053
186.103.156.24 - - [02/Apr/2018:11:21:40 -0300] "GET /cormun/servlet/trlicencias HTTP/1.1" 200 11046
186.103.156.24 - - [02/Apr/2018:11:21:44 -0300] "GET /cormun/servlet/alicenciaprn?11671556,L,20180402000000,PU HTTP/1.1" 200 1568
200.112.233.47 - - [02/Apr/2018:11:22:25 -0300] "GET /cormun/servlet/trfichaempleado? HTTP/1.1" 200 12596
200.112.233.47 - - [02/Apr/2018:11:22:28 -0300] "GET /cormun/servlet/trfichaempleado? HTTP/1.1" 200 12596
200.112.233.47 - - [02/Apr/2018:11:22:32 -0300] "GET /cormun/servlet/trfichaempleado HTTP/1.1" 200 12597
186.103.156.24 - - [02/Apr/2018:11:22:46 -0300] "GET /cormun/servlet/trlicenciaspermisosadjuntos?11671556,20180402000000,L, HTTP/1.1" 200 6574
186.103.156.24 - - [02/Apr/2018:11:22:46 -0300] "GET /cormun/static/gxcfg.js?20177612163414 HTTP/1.1" 200 953
186.103.156.24 - - [02/Apr/2018:11:22:46 -0300] "GET /cormun/static/trlicenciaspermisosadjuntos.js?20177612163719 HTTP/1.1" 200 21036
186.103.156.24 - - [02/Apr/2018:11:22:47 -0300] "GET /cormun/servlet/trlicenciaspermisosadjuntos?11671556,20180402000000,L, HTTP/1.1" 200 6575
186.103.156.24 - - [02/Apr/2018:11:22:50 -0300] "GET /cormun/servlet/licenciaspermisosadjuntos?INS,11671556,L,20180402000000,, HTTP/1.1" 200 5878
186.103.156.24 - - [02/Apr/2018:11:22:50 -0300] "GET /cormun/static/gxcfg.js?2017761263592 HTTP/1.1" 200 953
186.103.156.24 - - [02/Apr/2018:11:22:50 -0300] "GET /cormun/static/licenciaspermisosadjuntos.js?201776126362 HTTP/1.1" 200 8760
186.103.156.24 - - [02/Apr/2018:11:22:50 -0300] "GET /cormun/static/about:blank HTTP/1.1" 404 1011
186.103.156.24 - - [02/Apr/2018:11:22:50 -0300] "GET /cormun/servlet/licenciaspermisosadjuntos?INS,11671556,L,20180402000000,, HTTP/1.1" 200 5867
200.112.233.47 - - [02/Apr/2018:11:23:01 -0300] "GET /cormun/servlet/trfichaempleado HTTP/1.1" 200 12597
186.103.156.24 - - [02/Apr/2018:11:23:20 -0300] "POST /cormun/servlet/licenciaspermisosadjuntos?d8d1d32ed46633311574b1934c1b6ba9,INS,11671556,L,20180402000000,, HTTP/1.1" 200 116
186.103.156.24 - - [02/Apr/2018:11:23:20 -0300] "GET /cormun/servlet/hpexe_return? HTTP/1.1" 200 1040
186.103.156.24 - - [02/Apr/2018:11:23:20 -0300] "GET /cormun/servlet/trlicenciaspermisosadjuntos?11671556,20180402000000,L, HTTP/1.1" 200 7095
186.103.156.24 - - [02/Apr/2018:11:23:21 -0300] "GET /cormun/servlet/trlicenciaspermisosadjuntos?11671556,20180402000000,L, HTTP/1.1" 200 7092
186.103.156.24 - - [02/Apr/2018:11:23:28 -0300] "GET /cormun/servlet/trlicencias? HTTP/1.1" 200 11047
186.103.156.24 - - [02/Apr/2018:11:23:28 -0300] "GET /cormun/servlet/trlicencias? HTTP/1.1" 200 11047
186.103.156.24 - - [02/Apr/2018:11:23:31 -0300] "GET /cormun/servlet/licenciaspermisos?DSP,11671556,L,20180402000000, HTTP/1.1" 200 7362
186.103.156.24 - - [02/Apr/2018:11:23:32 -0300] "GET /cormun/servlet/licenciaspermisos?DSP,11671556,L,20180402000000, HTTP/1.1" 200 7361
200.111.191.210 - - [02/Apr/2018:11:23:34 -0300] "POST /cormun/servlet/hlogin?c2a96499cd8910c60f31e130f43c9bde,gx-no-cache=1522678974841 HTTP/1.1" 440 972
200.111.191.210 - - [02/Apr/2018:11:23:36 -0300] "GET /cormun/servlet/hlogin HTTP/1.1" 200 1734
200.111.191.210 - - [02/Apr/2018:11:23:39 -0300] "POST /cormun/servlet/hlogin?047b699246d6f86db41d8321440250a6,gx-no-cache=1522678980497 HTTP/1.1" 200 90
200.111.191.210 - - [02/Apr/2018:11:23:39 -0300] "GET /cormun/servlet/hpexe_link HTTP/1.1" 200 953
200.111.191.210 - - [02/Apr/2018:11:23:40 -0300] "GET /cormun/servlet/hhome HTTP/1.1" 200 3960
200.111.191.210 - - [02/Apr/2018:11:23:40 -0300] "GET /cormun/servlet/hhome HTTP/1.1" 200 3957
190.100.93.40 - - [02/Apr/2018:11:23:40 -0300] "GET /cormun/servlet/trfichaempleado HTTP/1.1" 200 15089
186.103.156.24 - - [02/Apr/2018:11:23:44 -0300] "POST /cormun/servlet/licenciaspermisos?d8d1d32ed46633311574b1934c1b6ba9,DSP,11671556,L,20180402000000,,gx-no-cache=1522678970947 HTTP/1.1" 200 93
186.103.156.24 - - [02/Apr/2018:11:23:44 -0300] "GET /cormun/servlet/hpexe_return? HTTP/1.1" 200 1026
186.103.156.24 - - [02/Apr/2018:11:23:44 -0300] "GET /cormun/servlet/trlicencias HTTP/1.1" 200 11053
200.111.191.210 - - [02/Apr/2018:11:23:45 -0300] "GET /cormun/servlet/trsolicitudot? HTTP/1.1" 200 7173
200.111.191.210 - - [02/Apr/2018:11:23:45 -0300] "GET /cormun/servlet/trsolicitudot? HTTP/1.1" 200 7172
186.103.156.24 - - [02/Apr/2018:11:23:45 -0300] "GET /cormun/servlet/trlicencias HTTP/1.1" 200 11046
200.111.191.210 - - [02/Apr/2018:11:23:47 -0300] "GET /cormun/servlet/solicitudot?INS,0,0, HTTP/1.1" 200 13403
200.111.191.210 - - [02/Apr/2018:11:23:47 -0300] "GET /cormun/servlet/solicitudot?INS,0,0, HTTP/1.1" 200 13408
186.103.156.24 - - [02/Apr/2018:11:23:54 -0300] "GET /cormun/servlet/alicenciaprn?11671556,L,20180402000000,PU HTTP/1.1" 200 1569
186.103.157.42 - - [02/Apr/2018:11:23:55 -0300] "GET /cormun/servlet/trsolicitudot? HTTP/1.1" 200 6404
186.103.157.42 - - [02/Apr/2018:11:23:56 -0300] "GET /cormun/servlet/trsolicitudot? HTTP/1.1" 200 6392
186.103.157.42 - - [02/Apr/2018:11:23:56 -0300] "GET /cormun/servlet/hlogin HTTP/1.1" 200 1739
186.103.157.42 - - [02/Apr/2018:11:23:58 -0300] "POST /cormun/servlet/hlogin?f607b4ea2f040ecfd65e0d2c5346a590,gx-no-cache=1522679000187 HTTP/1.1" 200 90
186.103.157.42 - - [02/Apr/2018:11:23:58 -0300] "GET /cormun/servlet/hpexe_link HTTP/1.1" 200 957
186.103.157.42 - - [02/Apr/2018:11:23:59 -0300] "GET /cormun/servlet/trsolicitudot HTTP/1.1" 200 7298
186.103.157.42 - - [02/Apr/2018:11:23:59 -0300] "GET /cormun/servlet/trsolicitudot HTTP/1.1" 200 7296
186.103.157.42 - - [02/Apr/2018:11:24:03 -0300] "GET /cormun/servlet/solicitudot?INS,0,0, HTTP/1.1" 200 13703
186.103.157.42 - - [02/Apr/2018:11:24:03 -0300] "GET /cormun/static/gxcfg.js?201812313224582 HTTP/1.1" 304 -
186.103.157.42 - - [02/Apr/2018:11:24:04 -0300] "GET /cormun/servlet/solicitudot?INS,0,0, HTTP/1.1" 200 13708
186.103.157.42 - - [02/Apr/2018:11:24:14 -0300] "POST /cormun/servlet/solicitudot?gx-no-cache=1522679016417 HTTP/1.1" 200 3414
186.103.157.42 - - [02/Apr/2018:11:24:14 -0300] "POST /cormun/servlet/solicitudot?f607b4ea2f040ecfd65e0d2c5346a590,INS,0,0,,gx-no-cache=1522679016748 HTTP/1.1" 200 10597
200.111.191.210 - - [02/Apr/2018:11:24:16 -0300] "POST /cormun/servlet/solicitudot?gx-no-cache=1522679017459 HTTP/1.1" 200 3284
200.111.191.210 - - [02/Apr/2018:11:24:17 -0300] "POST /cormun/servlet/solicitudot?047b699246d6f86db41d8321440250a6,INS,0,0,,gx-no-cache=1522679017725 HTTP/1.1" 200 10248
200.111.191.210 - - [02/Apr/2018:11:24:18 -0300] "GET /cormun/servlet/solicitudot?632da2999d3a81f1eb73c2feba31723e294ca27c9036fb796f078588aa064996d7aa99ebd678d3f7f3029e1138500bd8,gx-no-cache=1522679019035 HTTP/1.1" 200 30
186.103.157.42 - - [02/Apr/2018:11:24:19 -0300] "GET /cormun/servlet/solicitudot?b5069fb94848e8f8cb271efabb4acecad8862e2205a0d88ada9108f24a5213710b4cea6139872654e884f4de5bdbc6d7,gx-no-cache=1522679021611 HTTP/1.1" 200 111
186.103.157.42 - - [02/Apr/2018:11:24:19 -0300] "GET /cormun/static/Shared/jqueryui/images/ui-bg_highlight-soft_100_c6c2c8_1x100.png HTTP/1.1" 404 1117
186.103.157.42 - - [02/Apr/2018:11:24:19 -0300] "GET /cormun/static/Shared/jqueryui/images/ui-icons_82798d_256x240.png HTTP/1.1" 404 1089
186.103.157.42 - - [02/Apr/2018:11:24:19 -0300] "GET /cormun/static/Shared/jqueryui/images/ui-bg_flat_55_994d53_40x100.png HTTP/1.1" 404 1097
186.103.157.42 - - [02/Apr/2018:11:24:19 -0300] "GET /cormun/static/Shared/jqueryui/images/ui-icons_ebccce_256x240.png HTTP/1.1" 404 1089
186.103.157.42 - - [02/Apr/2018:11:24:19 -0300] "GET /cormun/servlet/solicitudot?b5069fb94848e8f8cb271efabb4aceca2a77dd46153a253a9e86974e3d675ce148f06446f0c9d1f38b0e761b760b2edbf3657b24e13a473532384740a83acb09,gx-no-cache=1522679021740 HTTP/1.1" 200 30
186.103.157.42 - - [02/Apr/2018:11:24:19 -0300] "GET /cormun/servlet/solicitudot?b5069fb94848e8f8cb271efabb4aceca1a6fca7efe92d8c824a7153e6b7730d3,gx-no-cache=1522679021807 HTTP/1.1" 200 51
186.103.157.42 - - [02/Apr/2018:11:24:20 -0300] "POST /cormun/servlet/solicitudot?gx-no-cache=1522679021897 HTTP/1.1" 200 297
186.103.157.42 - - [02/Apr/2018:11:24:20 -0300] "GET /cormun/servlet/solicitudot?b5069fb94848e8f8cb271efabb4acecac38a77e0a4d4793c187fee75d7033a7945f32ac84dc8117e5f64706b9761865d08ccd9c0e9bdb66acb9582b5a1a1ad2cc76e6afb1df6aa6bd57ac63200b910101484d580f29cf9ea2523f6857ce99379971c3def636c7e807cdd924f7b958707a2723624f53c1455e66a87e9cdda4308df49b38aec491a8837dd69a975bc76631aed7e4391a683712248eb8ce93ccff88cd7ce658b9a2f9eca29f9ee0f76c251d3130c0f1b390e79a482094fb7141e545ca556aeca745e0e717c71b2cf4b5c8ce90698e5a32b3b78433e027d936da0f82cb1a218e5071d78aa5a6f3ca22b125a91ea45595e9af9a7da0ee546ca40d66bc1bbe46bc672bac60055bcedfdbaf9da15617bc9f0def0705fa564e74fa84cace92e2ddec32d652fef0543287ebbbfe07e9325614b256187235ce01d0b06843c34028cf3d6c3b9c21d0a6a06b0d3dc7fa6b121303f31da412ba0398ed47645412256d878170a0c7fc805bba3d42708ef6af17acae7de30fc5ca80d6da9241bfbef3d762c9d06c0214c8d3af65ea8ba82,gx-no-cache=1522679022351 HTTP/1.1" 200 30
186.103.157.42 - - [02/Apr/2018:11:24:23 -0300] "POST /cormun/servlet/solicitudot?gx-no-cache=1522679024949 HTTP/1.1" 200 30
186.103.157.42 - - [02/Apr/2018:11:24:25 -0300] "GET /cormun/servlet/prcontratosol?10231567,,,,,MD,,gxPopupLevel%3D0%3B HTTP/1.1" 200 9202
186.103.157.42 - - [02/Apr/2018:11:24:29 -0300] "POST /cormun/servlet/solicitudot?gx-no-cache=1522679031538 HTTP/1.1" 200 1352
186.103.157.42 - - [02/Apr/2018:11:24:29 -0300] "POST /cormun/servlet/solicitudot?gx-no-cache=1522679031666 HTTP/1.1" 200 38
186.103.157.42 - - [02/Apr/2018:11:24:29 -0300] "GET /cormun/servlet/solicitudot?b5069fb94848e8f8cb271efabb4acecaf4d26e49564d7b974c89628a2752a068eb67eaefe4fdb2fc32492c8bcba3207a8e67624263d212d1a8a93294f4bbcb17f51ce4e86883a79c17afe69a9eb92b1ee7ae91e3264e15350ff165f9f87c6f82f429a3ac39805f233e2a256a67c8d1cd,gx-no-cache=1522679031750 HTTP/1.1" 200 29
186.103.157.42 - - [02/Apr/2018:11:24:30 -0300] "POST /cormun/servlet/solicitudot?gx-no-cache=1522679031835 HTTP/1.1" 200 1335
186.103.157.42 - - [02/Apr/2018:11:24:30 -0300] "POST /cormun/servlet/solicitudot?gx-no-cache=1522679031975 HTTP/1.1" 200 1231
186.103.157.42 - - [02/Apr/2018:11:24:30 -0300] "GET /cormun/servlet/solicitudot?b5069fb94848e8f8cb271efabb4acecab4ee98661bd7a7aaafd27a6b27c01c994ef14fd8aceae4f1473772a388b41602,gx-no-cache=1522679032045 HTTP/1.1" 200 134
186.103.157.42 - - [02/Apr/2018:11:24:43 -0300] "POST /cormun/servlet/solicitudot?gx-no-cache=1522679045588 HTTP/1.1" 200 1335
186.103.157.42 - - [02/Apr/2018:11:24:43 -0300] "POST /cormun/servlet/solicitudot?gx-no-cache=1522679045743 HTTP/1.1" 200 1231
186.103.157.42 - - [02/Apr/2018:11:24:44 -0300] "GET /cormun/static/menuarrow.gif HTTP/1.1" 404 1015
186.79.172.55 - - [02/Apr/2018:11:24:45 -0300] "GET /cormun/servlet/hlogin HTTP/1.1" 200 1731
186.79.172.55 - - [02/Apr/2018:11:24:45 -0300] "GET /cormun/servlet/hlogin HTTP/1.1" 200 1735
186.103.157.42 - - [02/Apr/2018:11:24:46 -0300] "POST /cormun/servlet/solicitudot?gx-no-cache=1522679048658 HTTP/1.1" 200 1335
186.103.157.42 - - [02/Apr/2018:11:24:46 -0300] "POST /cormun/servlet/solicitudot?gx-no-cache=1522679048767 HTTP/1.1" 200 1231
186.103.157.42 - - [02/Apr/2018:11:24:56 -0300] "GET /cormun/servlet/solicitudot?b5069fb94848e8f8cb271efabb4aceca4762ea6c73092f9ed983e69a9267d1534ef14fd8aceae4f1473772a388b41602,gx-no-cache=1522679058576 HTTP/1.1" 200 134
186.103.157.42 - - [02/Apr/2018:11:24:56 -0300] "POST /cormun/servlet/solicitudot?gx-no-cache=1522679058692 HTTP/1.1" 200 137
200.111.191.210 - - [02/Apr/2018:11:25:05 -0300] "GET /cormun/servlet/solicitudot?632da2999d3a81f1eb73c2feba31723ef2b040a433a4f41b0aaf8adc1270d61473a8cc5a7acd75cdd74c141cdc5ffc375203e9ba727981eb0efcf9c55a4b8a3e,gx-no-cache=1522679065844 HTTP/1.1" 200 30
200.111.191.210 - - [02/Apr/2018:11:25:11 -0300] "GET /cormun/servlet/prbanco?,MD,,gxPopupLevel%3D0%3B HTTP/1.1" 200 6597
200.111.191.210 - - [02/Apr/2018:11:25:11 -0300] "GET /cormun/static/gxcfg.js?20181161016094 HTTP/1.1" 200 953
200.111.191.210 - - [02/Apr/2018:11:25:11 -0300] "GET /cormun/static/prbanco.js?2018116101633 HTTP/1.1" 200 10693
186.103.157.42 - - [02/Apr/2018:11:25:11 -0300] "POST /cormun/servlet/solicitudot?gx-no-cache=1522679073659 HTTP/1.1" 200 33
200.111.191.210 - - [02/Apr/2018:11:25:16 -0300] "GET /cormun/servlet/solicitudot?632da2999d3a81f1eb73c2feba31723e45c9f464a283bce8fab742cbc290b1c9,gx-no-cache=1522679077327 HTTP/1.1" 200 53
200.111.191.210 - - [02/Apr/2018:11:25:24 -0300] "POST /cormun/servlet/solicitudot?gx-no-cache=1522679085419 HTTP/1.1" 200 297
200.111.191.210 - - [02/Apr/2018:11:25:25 -0300] "GET /cormun/servlet/solicitudot?632da2999d3a81f1eb73c2feba31723ee85ffc604c3d0a60a129db47adc8690b7fcb6f2099886d9b130b76659c676771e418d18ba4e6221ec82bc8e596a442d38d0dc0083585181fa591c54fedc427605795dda1cf71ce7b001e31569f11c347766f1f73c6ab19e666ef79037e4aba82f5312482647dd383b76fbb72b54fac8089e2e33c3ee6c36ddfad4ed2165912e58fba1a5cb688b3284f0fc463c253c9f926d5eddfd948c757902f96da438377c2d86209f174df66174df547575c860458945cbfefecb44e129bcee3c7f293b1b05903d0ca02c13b2418f5fbac3be353e4b2d57621441cdb5435dff8d862c49976ed9461ca1f34d42ecd962ad01b5ca250088d335a7c779b1c9026def206c5e8e8bfd947c61b23f9969d8988e04cd68bbae4dbe11dcdae781592e9d7cc456edf5dfad5434f941bc0eea4b29d0d6e8ae2d30e6ce10533c511e9decff2e81cf444e088402f2a03525a9a72bcc7eba27f44cb1172f14b71ec4a0a6d147041254d3a51a5df4f94f653179af6a125e5a6c1d3fa314355003982f5fd064143d5de426f6a,gx-no-cache=1522679085498 HTTP/1.1" 200 30
200.111.191.210 - - [02/Apr/2018:11:25:26 -0300] "POST /cormun/servlet/solicitudot?gx-no-cache=1522679087635 HTTP/1.1" 200 30
200.111.191.210 - - [02/Apr/2018:11:25:28 -0300] "POST /cormun/servlet/solicitudot?gx-no-cache=1522679088807 HTTP/1.1" 200 1350
200.111.191.210 - - [02/Apr/2018:11:25:28 -0300] "POST /cormun/servlet/solicitudot?gx-no-cache=1522679088877 HTTP/1.1" 200 38
200.111.191.210 - - [02/Apr/2018:11:25:38 -0300] "GET /cormun/servlet/solicitudot?632da2999d3a81f1eb73c2feba31723ea3bb9dc05f9c6e5490b314122dbeb7d4185412374a8a7bb29fcb9c2e0a015bcefe86b27f9e387288a1e240c165d7310950be27f04e4646442aea9b5ee8301b02e7967c9792c52cd54b6178dd127c0bd8c2ab57e589b0df1dd92b694ce1349aae,gx-no-cache=1522679099671 HTTP/1.1" 200 29
200.111.191.210 - - [02/Apr/2018:11:25:39 -0300] "POST /cormun/servlet/solicitudot?gx-no-cache=1522679099733 HTTP/1.1" 200 1334
200.111.191.210 - - [02/Apr/2018:11:25:39 -0300] "POST /cormun/servlet/solicitudot?gx-no-cache=1522679099814 HTTP/1.1" 200 1228
186.79.172.55 - - [02/Apr/2018:11:25:45 -0300] "POST /cormun/servlet/hlogin?260439dfdb6c482e4e1a3b4739f31683,gx-no-cache=1522679092039 HTTP/1.1" 200 90
186.79.172.55 - - [02/Apr/2018:11:25:45 -0300] "GET /cormun/servlet/hpexe_link HTTP/1.1" 200 957
186.79.172.55 - - [02/Apr/2018:11:25:45 -0300] "GET /cormun/servlet/hhome HTTP/1.1" 200 4225
186.79.172.55 - - [02/Apr/2018:11:25:46 -0300] "GET /cormun/servlet/hhome HTTP/1.1" 200 4221
186.79.49.245 - - [02/Apr/2018:11:25:47 -0300] "GET /cormun/servlet/solicitudot?INS,0,0, HTTP/1.1" 200 13377
186.79.49.245 - - [02/Apr/2018:11:25:48 -0300] "GET /cormun/servlet/solicitudot?INS,0,0, HTTP/1.1" 200 13382
186.103.156.24 - - [02/Apr/2018:11:26:23 -0300] "POST /cormun/servlet/trlicencias?d8d1d32ed46633311574b1934c1b6ba9,gx-no-cache=1522679129117 HTTP/1.1" 200 8334
186.103.156.24 - - [02/Apr/2018:11:26:23 -0300] "GET /cormun/static/Shared/jqueryui/images/ui-bg_highlight-soft_100_c6c2c8_1x100.png HTTP/1.1" 404 1117
186.103.156.24 - - [02/Apr/2018:11:26:23 -0300] "GET /cormun/static/Shared/jqueryui/images/ui-icons_82798d_256x240.png HTTP/1.1" 404 1089
186.103.156.24 - - [02/Apr/2018:11:26:23 -0300] "GET /cormun/static/Shared/jqueryui/images/ui-bg_flat_55_fafafa_40x100.png HTTP/1.1" 404 1097
186.103.156.24 - - [02/Apr/2018:11:26:23 -0300] "GET /cormun/static/Shared/jqueryui/images/ui-icons_8d78a5_256x240.png HTTP/1.1" 404 1089
186.103.157.42 - - [02/Apr/2018:11:26:44 -0300] "GET /cormun/servlet/solicitudot?b5069fb94848e8f8cb271efabb4aceca4762ea6c73092f9ed983e69a9267d1534ef14fd8aceae4f1473772a388b41602,gx-no-cache=1522679165888 HTTP/1.1" 200 134
186.79.172.55 - - [02/Apr/2018:11:26:55 -0300] "POST /cormun/servlet/hlogin?caf1cbaab07d25301557bd667a6674ee,gx-no-cache=1522679162798 HTTP/1.1" 200 429
186.103.157.42 - - [02/Apr/2018:11:26:58 -0300] "POST /cormun/servlet/solicitudot?f607b4ea2f040ecfd65e0d2c5346a590,INS,0,0,,gx-no-cache=1522679179601 HTTP/1.1" 200 12056
186.103.157.42 - - [02/Apr/2018:11:27:04 -0300] "GET /cormun/servlet/prsolicitudot?10231567,,,,,MD,,gxPopupLevel%3D0%3B HTTP/1.1" 200 6308
186.103.157.42 - - [02/Apr/2018:11:27:04 -0300] "GET /cormun/static/gxcfg.js?2017111422591492 HTTP/1.1" 200 953
186.103.157.42 - - [02/Apr/2018:11:27:05 -0300] "GET /cormun/static/prsolicitudot.js?2017111422591715 HTTP/1.1" 200 13680
186.103.157.42 - - [02/Apr/2018:11:27:41 -0300] "GET /cormun/servlet/prpersonalsolicitud?10231567,,,,,MD,,gxPopupLevel%3D0%3B HTTP/1.1" 200 5763
186.103.157.42 - - [02/Apr/2018:11:27:41 -0300] "GET /cormun/static/prpersonalsolicitud.js?20175251253921 HTTP/1.1" 200 13873
186.103.157.42 - - [02/Apr/2018:11:27:42 -0300] "GET /cormun/static/gxcfg.js?20175251253686 HTTP/1.1" 200 953
186.103.157.42 - - [02/Apr/2018:11:27:46 -0300] "POST /cormun/servlet/solicitudot?gx-no-cache=1522679227467 HTTP/1.1" 200 30
186.103.157.42 - - [02/Apr/2018:11:27:48 -0300] "POST /cormun/servlet/solicitudot?gx-no-cache=1522679227910 HTTP/1.1" 200 1352
186.103.157.42 - - [02/Apr/2018:11:27:48 -0300] "POST /cormun/servlet/solicitudot?gx-no-cache=1522679230358 HTTP/1.1" 200 41
186.103.157.42 - - [02/Apr/2018:11:27:48 -0300] "POST /cormun/servlet/solicitudot?gx-no-cache=1522679230487 HTTP/1.1" 200 1335
186.103.157.42 - - [02/Apr/2018:11:27:48 -0300] "POST /cormun/servlet/solicitudot?gx-no-cache=1522679230659 HTTP/1.1" 200 1231
186.103.157.42 - - [02/Apr/2018:11:27:48 -0300] "GET /cormun/servlet/solicitudot?b5069fb94848e8f8cb271efabb4aceca4762ea6c73092f9ed983e69a9267d153486b2ffdeb9c5c074453643a8fb4df68,gx-no-cache=1522679230764 HTTP/1.1" 200 134
186.103.157.42 - - [02/Apr/2018:11:27:55 -0300] "GET /cormun/servlet/solicitudot?b5069fb94848e8f8cb271efabb4aceca4762ea6c73092f9ed983e69a9267d153486b2ffdeb9c5c074453643a8fb4df68,gx-no-cache=1522679237277 HTTP/1.1" 200 134
186.103.157.42 - - [02/Apr/2018:11:27:55 -0300] "POST /cormun/servlet/solicitudot?gx-no-cache=1522679237328 HTTP/1.1" 200 33
186.103.157.42 - - [02/Apr/2018:11:27:55 -0300] "POST /cormun/servlet/solicitudot?f607b4ea2f040ecfd65e0d2c5346a590,INS,0,0,,gx-no-cache=1522679237433 HTTP/1.1" 200 12118
190.151.99.26 - - [02/Apr/2018:11:28:47 -0300] "GET /cormun/servlet/hlogin HTTP/1.1" 200 1728
190.151.99.26 - - [02/Apr/2018:11:28:52 -0300] "POST /cormun/servlet/hlogin?8d8157f4081dce73627aef5eeb66c487,gx-no-cache=1522679269400 HTTP/1.1" 200 90
190.151.99.26 - - [02/Apr/2018:11:28:52 -0300] "GET /cormun/servlet/hpexe_link HTTP/1.1" 200 953
190.151.99.26 - - [02/Apr/2018:11:28:52 -0300] "GET /cormun/servlet/hhome HTTP/1.1" 200 4205
190.151.99.26 - - [02/Apr/2018:11:28:53 -0300] "GET /cormun/servlet/hhome HTTP/1.1" 200 4202
190.151.99.26 - - [02/Apr/2018:11:28:56 -0300] "GET /cormun/servlet/trautorizarsolicitud? HTTP/1.1" 200 7314
190.151.99.26 - - [02/Apr/2018:11:28:56 -0300] "GET /cormun/servlet/trautorizarsolicitud? HTTP/1.1" 200 7314
200.54.18.125 - - [02/Apr/2018:11:29:08 -0300] "POST /cormun/servlet/trautorizarsolicitud?8d8157f4081dce73627aef5eeb66c487,,gx-no-cache=1522679284625 HTTP/1.1" 200 11030
192.168.10.62 - - [02/Apr/2018:11:29:08 -0300] "GET /cormun/servlet/vesolicitudgral?2018,10945,, HTTP/1.1" 200 9072
192.168.10.62 - - [02/Apr/2018:11:29:08 -0300] "GET /cormun/static/gxcfg.js?201711151294153 HTTP/1.1" 304 -
192.168.10.62 - - [02/Apr/2018:11:29:08 -0300] "GET /cormun/pexe_scrolldiv.js HTTP/1.1" 404 1009
192.168.10.62 - - [02/Apr/2018:11:29:08 -0300] "GET /cormun/static/vesolicitudgral.js?201711151294244 HTTP/1.1" 304 -
192.168.10.62 - - [02/Apr/2018:11:29:08 -0300] "GET /cormun/static/hpexe_tabsview.js?201610171694228 HTTP/1.1" 304 -
192.168.10.62 - - [02/Apr/2018:11:29:08 -0300] "GET /cormun/static/tbsolicitudgral01.js?201813119422078 HTTP/1.1" 304 -
192.168.10.62 - - [02/Apr/2018:11:29:08 -0300] "GET /cormun/static/hwcviewtabs.js?20177611594913 HTTP/1.1" 304 -
192.168.10.62 - - [02/Apr/2018:11:29:09 -0300] "GET /cormun/servlet/vesolicitudgral?2018,10945,, HTTP/1.1" 200 9072
192.168.10.62 - - [02/Apr/2018:11:29:11 -0300] "POST /cormun/servlet/vesolicitudgral?ca4265678f12091fa3d42d5b4eeab09a,2018,10945,,,gx-no-cache=1522679179915 HTTP/1.1" 200 107
192.168.10.62 - - [02/Apr/2018:11:29:11 -0300] "GET /cormun/servlet/solicitudgral?UPD,2018,10945, HTTP/1.1" 200 12964
192.168.10.62 - - [02/Apr/2018:11:29:11 -0300] "GET /cormun/static/solicitudgral.js?20181911354326 HTTP/1.1" 304 -
192.168.10.62 - - [02/Apr/2018:11:29:11 -0300] "GET /cormun/servlet/solicitudgral?UPD,2018,10945, HTTP/1.1" 200 12965
192.168.10.62 - - [02/Apr/2018:11:29:12 -0300] "POST /cormun/servlet/solicitudgral?gx-no-cache=1522679180989 HTTP/1.1" 200 3862
192.168.10.62 - - [02/Apr/2018:11:29:12 -0300] "GET /cormun/servlet/solicitudgral?48f05ab8ecc28ba8ec75837133924b8aa8845133e799b1b2feb6bf4b19ed8aebcc9a693f7cea8988fd19a754cc0ae419e98250ea508710a4c2a0061684266fa3ece1b26e2fa503c06fdb9c96b23e35449f3ffe59ec2699c39065012cd8e2db34d67fbad2753ed078f5e2b525cca7eaa8ea664f719f6814fd139e4b70e2bae71c88a3779173a9f8df78b6625c5b45c124f2cc0285a79b20c0bad5b8a27c1f2b92c342cb02e93cd1c3642a49c5d19a5b11bcea5b25c3344e2e5f9234556f58201abbaca45214d5e9a4953bb84fd0dbdd276cf9947f801b126c5f2156ce8b2940a80faecd8cf91639a3dd1349b4d9e23ba2175cd4b71e21231a74dbc1c5d5761a0c5a1bdbbea62a4c39b96838144cc9065b909983e35eb240b8dea5a57a5b779fa0ce746584d85c2007331c73df10aab7638d25f3a01237a8cad6a88b4ade6599ab0627afcbe49ff6c51b5c8513d3f7ec19,gx-no-cache=1522679181174 HTTP/1.1" 200 297
192.168.10.62 - - [02/Apr/2018:11:29:13 -0300] "GET /cormun/servlet/solicitudgral?48f05ab8ecc28ba8ec75837133924b8a84ea630c1ff66439110360297b589a78a04a4e1505ff568ab5a2ca96e61f30d3e7d7630c4022ee540efcac527bab41323a321a03d254fd3b39b1a7d5209465c5f9c0bae82eb11c3732bdcb753333109ed2a62c10e58dff2852c73854e2c503e71fb9cefc8bc2eb6abd67aa0a981d177b4088ac8cdab4db56eb3f6704847529f41511880044f66fb75dfa8f7d10a423187272644f197e1c9519857e97e36340cc22d69eb771f6c94b8216d24bf5743227fb671fbea7c560765309dc30bf0fd3f55d438f5f7335cad9c8cde28c7f76f1138f9412adf12985f6e12de3909fae3cebc5da9e7781c22054e5404f9ce1895fa3c2f81c7cd0dc7c3143420e5390dbe3cd51b6d708480f9c9d42d97cd6b7f9be7ef8a7eca1e599856b2b19f1681f9f63b228776f8f09248db60d96c04d8b7d2fe07c76669221fa7e535818e55cec68e0de08390acd207d791961e5b0e83a8fe17fbf0ad28e2acfca8ece7fb1a5af6a72bce812ba8e7d5c5cb1aaf4ffd36662b66783041d549359ffce318f53903e5be8a9b30afe00a5b3d3b9f052c36c73c2bffa07af5b37adaf08b10012872b1bbe40f8,gx-no-cache=1522679181863 HTTP/1.1" 200 48
192.168.10.62 - - [02/Apr/2018:11:29:20 -0300] "POST /cormun/servlet/solicitudgral?ca4265678f12091fa3d42d5b4eeab09a,UPD,2018,10945,,gx-no-cache=1522679188877 HTTP/1.1" 200 11845
192.168.10.62 - - [02/Apr/2018:11:29:20 -0300] "GET /cormun/servlet/solicitudgral?48f05ab8ecc28ba8ec75837133924b8a6bc2137e5d637620abb09b903de98bac92a8785705b41e9661b42b54338bc5f3f5ce94e3a42a90d7531f835b8213e1c61295821639c3c2c8d1718b5580087314b92d0adb5a18a4184fa48364350ca8ef7ada893285dbd9775a69bf41f878afd9,gx-no-cache=1522679189139 HTTP/1.1" 200 29
192.168.10.62 - - [02/Apr/2018:11:29:20 -0300] "POST /cormun/servlet/solicitudgral?gx-no-cache=1522679189154 HTTP/1.1" 200 1309
192.168.10.62 - - [02/Apr/2018:11:29:20 -0300] "POST /cormun/servlet/solicitudgral?gx-no-cache=1522679189188 HTTP/1.1" 200 1231
192.168.10.62 - - [02/Apr/2018:11:29:20 -0300] "POST /cormun/servlet/solicitudgral?ca4265678f12091fa3d42d5b4eeab09a,UPD,2018,10945,,gx-no-cache=1522679189224 HTTP/1.1" 200 93
192.168.10.62 - - [02/Apr/2018:11:29:20 -0300] "GET /cormun/servlet/hpexe_return? HTTP/1.1" 200 1017
192.168.10.62 - - [02/Apr/2018:11:29:20 -0300] "GET /cormun/servlet/vesolicitudgral?2018,10945,, HTTP/1.1" 200 9074
192.168.10.62 - - [02/Apr/2018:11:29:20 -0300] "GET /cormun/pexe_scrolldiv.js HTTP/1.1" 404 1009
192.168.10.62 - - [02/Apr/2018:11:29:21 -0300] "GET /cormun/pexe_scrolldiv.js HTTP/1.1" 404 1009
192.168.10.62 - - [02/Apr/2018:11:29:21 -0300] "GET /cormun/servlet/vesolicitudgral?2018,10945,, HTTP/1.1" 200 9071
200.54.18.125 - - [02/Apr/2018:11:29:24 -0300] "POST /cormun/servlet/trautorizarsolicitud?8d8157f4081dce73627aef5eeb66c487,,gx-no-cache=1522679300539 HTTP/1.1" 200 11041
200.54.18.125 - - [02/Apr/2018:11:29:24 -0300] "GET /cormun/static/Shared/jqueryui/images/ui-bg_highlight-soft_100_c6c2c8_1x100.png HTTP/1.1" 404 1117
200.54.18.125 - - [02/Apr/2018:11:29:24 -0300] "GET /cormun/static/Shared/jqueryui/images/ui-icons_82798d_256x240.png HTTP/1.1" 404 1089
200.54.18.125 - - [02/Apr/2018:11:29:24 -0300] "GET /cormun/static/Shared/jqueryui/images/ui-bg_flat_55_fafafa_40x100.png HTTP/1.1" 404 1097
152.231.70.146 - - [02/Apr/2018:11:29:24 -0300] "GET /cormun/static/Shared/jqueryui/images/ui-icons_8d78a5_256x240.png HTTP/1.1" 404 1089
190.100.93.40 - - [02/Apr/2018:11:29:35 -0300] "GET /cormun/servlet/trfichaempleado HTTP/1.1" 200 15087
200.111.191.210 - - [02/Apr/2018:11:29:47 -0300] "GET /cormun/servlet/solicitudot?632da2999d3a81f1eb73c2feba31723ebb6edf593253699dc89495d763894e45a8a41891012ac35b5d8a55460f295f2d,gx-no-cache=1522679347116 HTTP/1.1" 200 30
200.111.191.210 - - [02/Apr/2018:11:30:02 -0300] "POST /cormun/servlet/solicitudot?gx-no-cache=1522679363008 HTTP/1.1" 200 30
190.151.124.170 - - [02/Apr/2018:11:30:06 -0300] "POST /cormun/servlet/trautorizarsolicitud?8d8157f4081dce73627aef5eeb66c487,,gx-no-cache=1522679342798 HTTP/1.1" 200 6154
190.151.124.170 - - [02/Apr/2018:11:30:16 -0300] "POST /cormun/servlet/trautorizarsolicitud?8d8157f4081dce73627aef5eeb66c487,,gx-no-cache=1522679352923 HTTP/1.1" 200 6154
190.151.124.170 - - [02/Apr/2018:11:30:23 -0300] "GET /cormun/servlet/trsolicitudot? HTTP/1.1" 200 9184
190.151.124.170 - - [02/Apr/2018:11:30:24 -0300] "GET /cormun/static/gxcfg.js?2017111422585916 HTTP/1.1" 304 -
190.151.124.170 - - [02/Apr/2018:11:30:25 -0300] "GET /cormun/servlet/trsolicitudot? HTTP/1.1" 200 9183
186.67.84.236 - - [02/Apr/2018:11:30:27 -0300] "GET /cormun/servlet/solicitudot?INS,0,0, HTTP/1.1" 200 13657
186.67.84.236 - - [02/Apr/2018:11:30:27 -0300] "GET /cormun/static/gxcfg.js?201812313224582 HTTP/1.1" 304 -
190.151.99.26 - - [02/Apr/2018:11:30:27 -0300] "GET /cormun/static/solicitudot.js?201812313224831 HTTP/1.1" 304 -
190.151.99.26 - - [02/Apr/2018:11:30:27 -0300] "GET /cormun/servlet/solicitudot?INS,0,0, HTTP/1.1" 200 13661
186.67.84.236 - - [02/Apr/2018:11:30:30 -0300] "GET /cormun/servlet/prfichaempleado?,MD,,gxPopupLevel%3D0%3B HTTP/1.1" 200 9362
186.67.84.236 - - [02/Apr/2018:11:30:30 -0300] "GET /cormun/static/gxcfg.js?20177612134814 HTTP/1.1" 304 -
200.111.191.210 - - [02/Apr/2018:11:30:33 -0300] "POST /cormun/servlet/solicitudot?047b699246d6f86db41d8321440250a6,INS,0,0,,gx-no-cache=1522679393586 HTTP/1.1" 200 93
200.111.191.210 - - [02/Apr/2018:11:30:33 -0300] "GET /cormun/servlet/hpexe_return? HTTP/1.1" 200 1008
200.111.191.210 - - [02/Apr/2018:11:30:33 -0300] "GET /cormun/servlet/trsolicitudot HTTP/1.1" 200 8529
200.111.191.210 - - [02/Apr/2018:11:30:33 -0300] "GET /cormun/servlet/trsolicitudot HTTP/1.1" 200 8525
186.67.84.236 - - [02/Apr/2018:11:30:49 -0300] "POST /cormun/servlet/prfichaempleado?8d8157f4081dce73627aef5eeb66c487,,MD,,gxPopupLevel%3D0%3B,gx-no-cache=1522679386526 HTTP/1.1" 200 3195
192.168.10.62 - - [02/Apr/2018:11:31:50 -0300] "POST /cormun/servlet/vesolicitudgral?ca4265678f12091fa3d42d5b4eeab09a,2018,10945,,,gx-no-cache=1522679338615 HTTP/1.1" 200 11986
192.168.10.62 - - [02/Apr/2018:11:31:50 -0300] "GET /cormun/static/Shared/jqueryui/images/ui-bg_highlight-soft_100_c6c2c8_1x100.png HTTP/1.1" 404 1117
192.168.10.62 - - [02/Apr/2018:11:31:50 -0300] "GET /cormun/static/Shared/jqueryui/images/ui-bg_flat_55_fafafa_40x100.png HTTP/1.1" 404 1097
192.168.10.62 - - [02/Apr/2018:11:31:50 -0300] "GET /cormun/static/Shared/jqueryui/images/ui-icons_82798d_256x240.png HTTP/1.1" 404 1089
192.168.10.62 - - [02/Apr/2018:11:31:50 -0300] "GET /cormun/static/Shared/jqueryui/images/ui-icons_8d78a5_256x240.png HTTP/1.1" 404 1089
192.168.10.62 - - [02/Apr/2018:11:31:50 -0300] "POST /cormun/servlet/vesolicitudgral?ca4265678f12091fa3d42d5b4eeab09a,2018,10945,,,gx-no-cache=1522679339033 HTTP/1.1" 200 11921
200.111.191.210 - - [02/Apr/2018:11:31:57 -0300] "POST /cormun/servlet/trsolicitudot?047b699246d6f86db41d8321440250a6,gx-no-cache=1522679477835 HTTP/1.1" 200 107
200.111.191.210 - - [02/Apr/2018:11:31:57 -0300] "GET /cormun/servlet/trsolicitudadjuntos?2018,10961, HTTP/1.1" 200 6064
200.111.191.210 - - [02/Apr/2018:11:31:58 -0300] "GET /cormun/static/trsolicitudadjuntos.js?20177612135632 HTTP/1.1" 200 17922
200.111.191.210 - - [02/Apr/2018:11:31:58 -0300] "GET /cormun/static/gxcfg.js?20177612135366 HTTP/1.1" 200 953
200.111.191.210 - - [02/Apr/2018:11:31:58 -0300] "GET /cormun/servlet/trsolicitudadjuntos?2018,10961, HTTP/1.1" 200 6064
200.111.191.210 - - [02/Apr/2018:11:32:00 -0300] "GET /cormun/servlet/solicitudotadjuntos?INS,2018,10961,,1, HTTP/1.1" 200 6009
200.111.191.210 - - [02/Apr/2018:11:32:00 -0300] "GET /cormun/static/gxcfg.js?2017761244068 HTTP/1.1" 200 953
200.111.191.210 - - [02/Apr/2018:11:32:00 -0300] "GET /cormun/static/solicitudotadjuntos.js?2017761244086 HTTP/1.1" 200 11771
200.111.191.210 - - [02/Apr/2018:11:32:00 -0300] "GET /cormun/static/about:blank HTTP/1.1" 404 1011
200.111.191.210 - - [02/Apr/2018:11:32:00 -0300] "GET /cormun/servlet/solicitudotadjuntos?INS,2018,10961,,1, HTTP/1.1" 200 6003
200.111.191.210 - - [02/Apr/2018:11:32:00 -0300] "GET /cormun/servlet/solicitudotadjuntos?632da2999d3a81f1eb73c2feba31723ef583644768cb69cbc95df94585ef60abea1a00ed469b7a89796ece3e4d6e06ed,gx-no-cache=1522679481537 HTTP/1.1" 200 30
200.111.191.210 - - [02/Apr/2018:11:32:00 -0300] "POST /cormun/servlet/solicitudotadjuntos?047b699246d6f86db41d8321440250a6,INS,2018,10961,,1,,gx-no-cache=1522679481563 HTTP/1.1" 200 3791
152.231.70.146 - - [02/Apr/2018:11:32:01 -0300] "POST /cormun/servlet/solicitudot?gx-no-cache=1522679458151 HTTP/1.1" 200 3291
200.111.191.210 - - [02/Apr/2018:11:32:02 -0300] "POST /cormun/servlet/solicitudotadjuntos?gx-no-cache=1522679483698 HTTP/1.1" 200 26
