200.54.247.70 - - [02/Apr/2018:09:48:22 -0300] "GET /cormun/static/gxcfg.js?2016101716175148 HTTP/1.1" 304 -
200.54.247.70 - - [02/Apr/2018:09:48:22 -0300] "GET /cormun/servlet/trsolicitudot HTTP/1.1" 200 8804
200.86.99.60 - - [02/Apr/2018:09:48:25 -0300] "GET /cormun/static/menuarrow.gif HTTP/1.1" 404 1015
200.54.247.70 - - [02/Apr/2018:09:48:27 -0300] "POST /cormun/servlet/trsolicitudot?8ee00106f5ec25f8e7bc105bdfdc5c0f,gx-no-cache=1522673247010 HTTP/1.1" 200 107
200.54.247.70 - - [02/Apr/2018:09:48:27 -0300] "GET /cormun/servlet/trsolicitudadjuntos?2018,10955, HTTP/1.1" 200 6328
200.54.247.70 - - [02/Apr/2018:09:48:27 -0300] "GET /cormun/static/gxcfg.js?20177612135366 HTTP/1.1" 304 -
200.54.247.70 - - [02/Apr/2018:09:48:36 -0300] "GET /cormun/servlet/solicitudotadjuntos?INS,2018,10955,,1, HTTP/1.1" 200 6274
200.54.247.70 - - [02/Apr/2018:09:48:36 -0300] "GET /cormun/static/gxcfg.js?2017761244068 HTTP/1.1" 304 -
200.54.247.70 - - [02/Apr/2018:09:48:36 -0300] "HEAD /cormun/static/about:blank HTTP/1.1" 404 -
200.54.247.70 - - [02/Apr/2018:09:48:38 -0300] "GET /cormun/servlet/solicitudotadjuntos?564798ae7dafb78c06cc00f9b96b45e585161e65946abe9bc12376f1d37a75f899de0c1ea934311c0b7c64f8af4acd4e,gx-no-cache=1522673257419 HTTP/1.1" 200 30
190.161.236.41 - - [02/Apr/2018:09:48:39 -0300] "GET /cormun/servlet/solicitudot?497aa1316d64393de7a15d088b874fca87c8bc814f1300d43a42c637401c173a,gx-no-cache=1522673266178 HTTP/1.1" 200 53
200.54.247.70 - - [02/Apr/2018:09:48:39 -0300] "POST /cormun/servlet/solicitudotadjuntos?8ee00106f5ec25f8e7bc105bdfdc5c0f,INS,2018,10955,,1,,gx-no-cache=1522673258405 HTTP/1.1" 200 3979
200.54.247.70 - - [02/Apr/2018:09:48:42 -0300] "POST /cormun/servlet/solicitudotadjuntos?gx-no-cache=1522673262048 HTTP/1.1" 200 26
192.168.10.89 - - [02/Apr/2018:09:48:44 -0300] "POST /cormun/servlet/trsolicitudgral?252d2bd7e57b710d15fdeffe9ec069b9,,gx-no-cache=1522673153560 HTTP/1.1" 200 5927
190.161.236.41 - - [02/Apr/2018:09:49:04 -0300] "POST /cormun/servlet/solicitudot?a60e586d1f87e091abdec4a9e70ae568,INS,0,0,,gx-no-cache=1522673290777 HTTP/1.1" 200 11815
190.161.236.41 - - [02/Apr/2018:09:49:11 -0300] "POST /cormun/servlet/solicitudot?gx-no-cache=1522673298387 HTTP/1.1" 200 3406
190.161.236.41 - - [02/Apr/2018:09:49:11 -0300] "POST /cormun/servlet/solicitudot?a60e586d1f87e091abdec4a9e70ae568,INS,0,0,,gx-no-cache=1522673298537 HTTP/1.1" 200 11867
190.161.236.41 - - [02/Apr/2018:09:49:12 -0300] "GET /cormun/servlet/solicitudot?497aa1316d64393de7a15d088b874fca433f84e2827dfb4cd093645fd2572b69b836904595632e1f7115101a0cdcef39,gx-no-cache=1522673298764 HTTP/1.1" 200 30
190.161.236.41 - - [02/Apr/2018:09:49:12 -0300] "GET /cormun/servlet/solicitudot?497aa1316d64393de7a15d088b874fca438c8c5fec69f907a7beb3732e577b2d151814690dbe5726a4571a8ad9c2e6aeb836904595632e1f7115101a0cdcef39,gx-no-cache=1522673298843 HTTP/1.1" 200 30
190.161.236.41 - - [02/Apr/2018:09:49:12 -0300] "GET /cormun/servlet/solicitudot?497aa1316d64393de7a15d088b874fcaf962dead94cb25b3f868f5f5ebfb0036df1fc9bed6a0c6e1e949fdc712215ee275381309b27e9b2985a639e032a9cbc1,gx-no-cache=1522673298913 HTTP/1.1" 200 53
190.161.236.41 - - [02/Apr/2018:09:49:12 -0300] "POST /cormun/servlet/solicitudot?gx-no-cache=1522673298993 HTTP/1.1" 200 240
190.161.236.41 - - [02/Apr/2018:09:49:12 -0300] "GET /cormun/servlet/solicitudot?497aa1316d64393de7a15d088b874fcadcf0d69a81c80d5db3c27e27f1a372bc2df89778436e4a71810867328d7685404317718cfff0cc4cba65a942c3e43304bb66b6e36a4f71d90e84d76f50e1ce313c5f66b7a172b93dcd3f223194f12c7b92fa29cc4b8dbbd9cc28d3e945cd728295722532d224661afdbf09c68c8599a8be6d8324fe4d2ace1e5b0629ac374e890e8867a18f6922d14000efd4b470625b9436914d49103a906de8962e56a61698d58a62c2b4305fd91041e3fea68905dff9a66604b306d75d20efc3ed076dee30359e38381c837aeb74ee5c1c18f46468e1988bf393156d15574a10aaf34f96475773f71c88f83d8a1d073c556eb0627735dd4807e898162beb2550b1b891733468fc890826e979aabea51be4d0c9d1022443a18f2d6f1f644c410e207ac7c8f27ac61272199bb36cfe9c11408eeb486422c58491b959235dfc8eff6f47a5eb3758da4fdab01edb3895e212f5d473834b38f70b9b6f1e44bc9b13ecdd7a07ad9a019815202cfbfc88ebcd76cc27161b70,gx-no-cache=1522673299097 HTTP/1.1" 200 30
190.161.236.41 - - [02/Apr/2018:09:49:12 -0300] "POST /cormun/servlet/solicitudot?gx-no-cache=1522673299212 HTTP/1.1" 200 30
190.161.236.41 - - [02/Apr/2018:09:49:12 -0300] "POST /cormun/servlet/solicitudot?gx-no-cache=1522673299315 HTTP/1.1" 200 1353
190.161.236.41 - - [02/Apr/2018:09:49:12 -0300] "POST /cormun/servlet/solicitudot?gx-no-cache=1522673299452 HTTP/1.1" 200 41
190.161.236.41 - - [02/Apr/2018:09:49:12 -0300] "GET /cormun/servlet/solicitudot?497aa1316d64393de7a15d088b874fca256d446c75da3c4903ccc8bc667061884739a1a57275a776dee4cebb0de78f4cd3000779ad231cdd5d1aa5ef5589a1e55fbfe5360f1bde60e816ca22d377e294d8946ffbe2ca4ff4ef5d13c6d9bd6e5462c2632fe6fd591ed9bb72def0728a603bea78e34ad3deda09f68f6ca1d59b74f2fff39898499a1c79fd1f8b4fe2dd00b67cab14fd45ed4de4168af4845637e1,gx-no-cache=1522673299523 HTTP/1.1" 200 29
190.161.236.41 - - [02/Apr/2018:09:49:12 -0300] "POST /cormun/servlet/solicitudot?gx-no-cache=1522673299595 HTTP/1.1" 200 1335
190.161.236.41 - - [02/Apr/2018:09:49:12 -0300] "POST /cormun/servlet/solicitudot?gx-no-cache=1522673299682 HTTP/1.1" 200 1232
192.168.10.89 - - [02/Apr/2018:09:49:19 -0300] "POST /cormun/servlet/trsolicitudgral?252d2bd7e57b710d15fdeffe9ec069b9,,gx-no-cache=1522673188397 HTTP/1.1" 200 7265
190.161.236.41 - - [02/Apr/2018:09:49:20 -0300] "GET /cormun/servlet/solicitudot?497aa1316d64393de7a15d088b874fca2027c160f486585f712a82ab3698dd54561cee45636e0aa345ebef7298806c60,gx-no-cache=1522673306919 HTTP/1.1" 200 30
190.161.236.41 - - [02/Apr/2018:09:49:20 -0300] "POST /cormun/servlet/solicitudot?gx-no-cache=1522673307022 HTTP/1.1" 200 34
190.161.236.41 - - [02/Apr/2018:09:49:21 -0300] "POST /cormun/servlet/solicitudot?a60e586d1f87e091abdec4a9e70ae568,INS,0,0,,gx-no-cache=1522673307119 HTTP/1.1" 200 93
190.161.236.41 - - [02/Apr/2018:09:49:21 -0300] "GET /cormun/servlet/hpexe_return? HTTP/1.1" 200 1006
190.161.236.41 - - [02/Apr/2018:09:49:21 -0300] "GET /cormun/servlet/trsolicitudot HTTP/1.1" 200 8628
190.161.236.41 - - [02/Apr/2018:09:49:21 -0300] "GET /cormun/servlet/trsolicitudot HTTP/1.1" 200 8624
190.161.236.41 - - [02/Apr/2018:09:49:27 -0300] "POST /cormun/servlet/trsolicitudot?a60e586d1f87e091abdec4a9e70ae568,gx-no-cache=1522673313974 HTTP/1.1" 200 107
190.161.236.41 - - [02/Apr/2018:09:49:27 -0300] "GET /cormun/servlet/trsolicitudadjuntos?2018,10956, HTTP/1.1" 200 6048
190.161.236.41 - - [02/Apr/2018:09:49:27 -0300] "GET /cormun/servlet/trsolicitudadjuntos?2018,10956, HTTP/1.1" 200 6048
190.161.236.41 - - [02/Apr/2018:09:49:34 -0300] "GET /cormun/servlet/solicitudotadjuntos?INS,2018,10956,,1, HTTP/1.1" 200 5992
190.161.236.41 - - [02/Apr/2018:09:49:34 -0300] "GET /cormun/static/about:blank HTTP/1.1" 404 1011
186.103.159.188 - - [02/Apr/2018:09:49:35 -0300] "GET /cormun/servlet/solicitudotadjuntos?INS,2018,10956,,1, HTTP/1.1" 200 5984
186.103.159.188 - - [02/Apr/2018:09:49:35 -0300] "GET /cormun/servlet/solicitudotadjuntos?497aa1316d64393de7a15d088b874fcae4d3584a4eb6637cb53fd3bf3d15e1b29f1a723bf9edb1ea67fd07bfaa549109,gx-no-cache=1522673322216 HTTP/1.1" 200 30
186.103.159.188 - - [02/Apr/2018:09:49:35 -0300] "POST /cormun/servlet/solicitudotadjuntos?a60e586d1f87e091abdec4a9e70ae568,INS,2018,10956,,1,,gx-no-cache=1522673322286 HTTP/1.1" 200 3826
186.103.159.188 - - [02/Apr/2018:09:49:40 -0300] "POST /cormun/servlet/solicitudotadjuntos?gx-no-cache=1522673327212 HTTP/1.1" 200 26
186.103.159.188 - - [02/Apr/2018:09:49:53 -0300] "GET /cormun/servlet/solicitudotadjuntos?497aa1316d64393de7a15d088b874fca189b292bd5d1bf5ae1f58dab0a5d152c,gx-no-cache=1522673340101 HTTP/1.1" 200 30
186.103.159.188 - - [02/Apr/2018:09:49:53 -0300] "GET /cormun/servlet/solicitudotadjuntos?497aa1316d64393de7a15d088b874fca189b292bd5d1bf5ae1f58dab0a5d152c,gx-no-cache=1522673340166 HTTP/1.1" 200 30
186.103.159.188 - - [02/Apr/2018:09:49:54 -0300] "POST /cormun/servlet/solicitudotadjuntos?a60e586d1f87e091abdec4a9e70ae568,INS,2018,10956,,1, HTTP/1.1" 200 116
186.103.159.188 - - [02/Apr/2018:09:49:54 -0300] "GET /cormun/servlet/hpexe_return? HTTP/1.1" 200 1025
186.103.159.188 - - [02/Apr/2018:09:49:55 -0300] "GET /cormun/servlet/trsolicitudadjuntos?2018,10956, HTTP/1.1" 200 8480
186.103.159.188 - - [02/Apr/2018:09:49:55 -0300] "GET /cormun/servlet/trsolicitudadjuntos?2018,10956, HTTP/1.1" 200 8476
186.103.159.188 - - [02/Apr/2018:09:49:57 -0300] "GET /cormun/servlet/solicitudotadjuntos?INS,2018,10956,,1, HTTP/1.1" 200 5993
186.103.159.188 - - [02/Apr/2018:09:49:57 -0300] "GET /cormun/static/about:blank HTTP/1.1" 404 1011
186.103.159.188 - - [02/Apr/2018:09:49:57 -0300] "GET /cormun/servlet/solicitudotadjuntos?INS,2018,10956,,1, HTTP/1.1" 200 5985
186.103.159.188 - - [02/Apr/2018:09:49:58 -0300] "GET /cormun/servlet/solicitudotadjuntos?497aa1316d64393de7a15d088b874fcae4d3584a4eb6637cb53fd3bf3d15e1b29f1a723bf9edb1ea67fd07bfaa549109,gx-no-cache=1522673344982 HTTP/1.1" 200 30
186.103.159.188 - - [02/Apr/2018:09:49:58 -0300] "POST /cormun/servlet/solicitudotadjuntos?a60e586d1f87e091abdec4a9e70ae568,INS,2018,10956,,1,,gx-no-cache=1522673345040 HTTP/1.1" 200 3827
186.103.159.188 - - [02/Apr/2018:09:50:00 -0300] "POST /cormun/servlet/solicitudotadjuntos?gx-no-cache=1522673347061 HTTP/1.1" 200 26
200.54.247.70 - - [02/Apr/2018:09:50:07 -0300] "GET /cormun/servlet/solicitudotadjuntos?564798ae7dafb78c06cc00f9b96b45e597eb69fd858890f1687534a2d72b8542,gx-no-cache=1522673347731 HTTP/1.1" 200 30
200.54.247.70 - - [02/Apr/2018:09:50:07 -0300] "GET /cormun/servlet/solicitudotadjuntos?564798ae7dafb78c06cc00f9b96b45e597eb69fd858890f1687534a2d72b8542,gx-no-cache=1522673347947 HTTP/1.1" 200 30
186.103.159.188 - - [02/Apr/2018:09:50:08 -0300] "GET /cormun/servlet/solicitudotadjuntos?497aa1316d64393de7a15d088b874fca189b292bd5d1bf5ae1f58dab0a5d152c,gx-no-cache=1522673355309 HTTP/1.1" 200 30
186.103.159.188 - - [02/Apr/2018:09:50:08 -0300] "GET /cormun/servlet/solicitudotadjuntos?497aa1316d64393de7a15d088b874fca189b292bd5d1bf5ae1f58dab0a5d152c,gx-no-cache=1522673355369 HTTP/1.1" 200 30
192.168.10.89 - - [02/Apr/2018:09:50:09 -0300] "POST /cormun/servlet/trsolicitudgral?252d2bd7e57b710d15fdeffe9ec069b9,,gx-no-cache=1522673237828 HTTP/1.1" 200 7650
200.54.247.70 - - [02/Apr/2018:09:50:09 -0300] "POST /cormun/servlet/solicitudotadjuntos?8ee00106f5ec25f8e7bc105bdfdc5c0f,INS,2018,10955,,1, HTTP/1.1" 200 116
186.103.159.188 - - [02/Apr/2018:09:50:10 -0300] "POST /cormun/servlet/solicitudotadjuntos?a60e586d1f87e091abdec4a9e70ae568,INS,2018,10956,,1, HTTP/1.1" 200 116
186.103.159.188 - - [02/Apr/2018:09:50:10 -0300] "GET /cormun/servlet/hpexe_return? HTTP/1.1" 200 1025
186.103.159.188 - - [02/Apr/2018:09:50:10 -0300] "GET /cormun/servlet/trsolicitudadjuntos?2018,10956, HTTP/1.1" 200 8696
200.54.247.70 - - [02/Apr/2018:09:50:10 -0300] "GET /cormun/servlet/hpexe_return? HTTP/1.1" 200 1025
186.103.159.188 - - [02/Apr/2018:09:50:11 -0300] "GET /cormun/servlet/trsolicitudadjuntos?2018,10956, HTTP/1.1" 200 8695
200.54.247.70 - - [02/Apr/2018:09:50:11 -0300] "GET /cormun/servlet/trsolicitudadjuntos?2018,10955, HTTP/1.1" 200 8768
190.161.236.41 - - [02/Apr/2018:09:50:14 -0300] "GET /cormun/servlet/solicitudotadjuntos?INS,2018,10956,,1, HTTP/1.1" 200 5993
200.54.247.70 - - [02/Apr/2018:09:50:14 -0300] "GET /cormun/servlet/solicitudotadjuntos?INS,2018,10955,,1, HTTP/1.1" 200 6275
190.161.236.41 - - [02/Apr/2018:09:50:15 -0300] "GET /cormun/static/about:blank HTTP/1.1" 404 1011
186.103.159.188 - - [02/Apr/2018:09:50:15 -0300] "GET /cormun/servlet/solicitudotadjuntos?INS,2018,10956,,1, HTTP/1.1" 200 5985
200.54.247.70 - - [02/Apr/2018:09:50:15 -0300] "HEAD /cormun/static/about:blank HTTP/1.1" 404 -
186.103.159.188 - - [02/Apr/2018:09:50:15 -0300] "GET /cormun/servlet/solicitudotadjuntos?497aa1316d64393de7a15d088b874fcae4d3584a4eb6637cb53fd3bf3d15e1b29f1a723bf9edb1ea67fd07bfaa549109,gx-no-cache=1522673362325 HTTP/1.1" 200 30
186.103.159.188 - - [02/Apr/2018:09:50:15 -0300] "POST /cormun/servlet/solicitudotadjuntos?a60e586d1f87e091abdec4a9e70ae568,INS,2018,10956,,1,,gx-no-cache=1522673362385 HTTP/1.1" 200 3827
200.54.247.70 - - [02/Apr/2018:09:50:16 -0300] "GET /cormun/servlet/solicitudotadjuntos?564798ae7dafb78c06cc00f9b96b45e585161e65946abe9bc12376f1d37a75f899de0c1ea934311c0b7c64f8af4acd4e,gx-no-cache=1522673356902 HTTP/1.1" 200 30
200.54.247.70 - - [02/Apr/2018:09:50:17 -0300] "POST /cormun/servlet/solicitudotadjuntos?8ee00106f5ec25f8e7bc105bdfdc5c0f,INS,2018,10955,,1,,gx-no-cache=1522673356945 HTTP/1.1" 200 3980
200.54.247.70 - - [02/Apr/2018:09:50:20 -0300] "POST /cormun/servlet/solicitudotadjuntos?gx-no-cache=1522673360116 HTTP/1.1" 200 26
186.103.159.188 - - [02/Apr/2018:09:50:21 -0300] "POST /cormun/servlet/solicitudotadjuntos?gx-no-cache=1522673367813 HTTP/1.1" 200 26
192.168.10.89 - - [02/Apr/2018:09:50:22 -0300] "GET /cormun/servlet/vesolicitudgral?2018,9398,, HTTP/1.1" 200 9522
192.168.10.89 - - [02/Apr/2018:09:50:22 -0300] "GET /cormun/static/gxcfg.js?201711151294153 HTTP/1.1" 304 -
192.168.10.89 - - [02/Apr/2018:09:50:22 -0300] "GET /cormun/pexe_scrolldiv.js HTTP/1.1" 404 1009
192.168.10.89 - - [02/Apr/2018:09:50:22 -0300] "GET /cormun/static/tbsolicitudgral01.js?201813119422078 HTTP/1.1" 304 -
192.168.10.89 - - [02/Apr/2018:09:50:27 -0300] "GET /cormun/servlet/trsolicitudgral? HTTP/1.1" 200 11145
186.103.159.188 - - [02/Apr/2018:09:50:28 -0300] "GET /cormun/servlet/solicitudotadjuntos?497aa1316d64393de7a15d088b874fca189b292bd5d1bf5ae1f58dab0a5d152c,gx-no-cache=1522673375629 HTTP/1.1" 200 30
186.103.159.188 - - [02/Apr/2018:09:50:28 -0300] "GET /cormun/servlet/solicitudotadjuntos?497aa1316d64393de7a15d088b874fca189b292bd5d1bf5ae1f58dab0a5d152c,gx-no-cache=1522673375683 HTTP/1.1" 200 30
186.103.159.188 - - [02/Apr/2018:09:50:30 -0300] "POST /cormun/servlet/solicitudotadjuntos?a60e586d1f87e091abdec4a9e70ae568,INS,2018,10956,,1, HTTP/1.1" 200 116
186.103.159.188 - - [02/Apr/2018:09:50:30 -0300] "GET /cormun/servlet/hpexe_return? HTTP/1.1" 200 1025
186.103.159.188 - - [02/Apr/2018:09:50:30 -0300] "GET /cormun/servlet/trsolicitudadjuntos?2018,10956, HTTP/1.1" 200 8876
200.54.247.70 - - [02/Apr/2018:09:50:30 -0300] "GET /cormun/servlet/solicitudotadjuntos?564798ae7dafb78c06cc00f9b96b45e597eb69fd858890f1687534a2d72b8542,gx-no-cache=1522673370644 HTTP/1.1" 200 30
200.54.247.70 - - [02/Apr/2018:09:50:30 -0300] "GET /cormun/servlet/solicitudotadjuntos?564798ae7dafb78c06cc00f9b96b45e597eb69fd858890f1687534a2d72b8542,gx-no-cache=1522673370694 HTTP/1.1" 200 30
186.103.159.188 - - [02/Apr/2018:09:50:30 -0300] "GET /cormun/servlet/trsolicitudadjuntos?2018,10956, HTTP/1.1" 200 8874
200.54.247.70 - - [02/Apr/2018:09:50:32 -0300] "POST /cormun/servlet/solicitudotadjuntos?8ee00106f5ec25f8e7bc105bdfdc5c0f,INS,2018,10955,,1, HTTP/1.1" 200 116
200.54.247.70 - - [02/Apr/2018:09:50:32 -0300] "GET /cormun/servlet/hpexe_return? HTTP/1.1" 200 1025
200.54.247.70 - - [02/Apr/2018:09:50:32 -0300] "GET /cormun/servlet/trsolicitudadjuntos?2018,10955, HTTP/1.1" 200 8981
190.161.236.41 - - [02/Apr/2018:09:50:33 -0300] "GET /cormun/servlet/solicitudotadjuntos?INS,2018,10956,,1, HTTP/1.1" 200 5993
190.161.236.41 - - [02/Apr/2018:09:50:33 -0300] "GET /cormun/static/about:blank HTTP/1.1" 404 1011
186.103.159.188 - - [02/Apr/2018:09:50:33 -0300] "GET /cormun/servlet/solicitudotadjuntos?INS,2018,10956,,1, HTTP/1.1" 200 5985
186.103.159.188 - - [02/Apr/2018:09:50:34 -0300] "GET /cormun/servlet/solicitudotadjuntos?497aa1316d64393de7a15d088b874fcae4d3584a4eb6637cb53fd3bf3d15e1b29f1a723bf9edb1ea67fd07bfaa549109,gx-no-cache=1522673380765 HTTP/1.1" 200 30
186.103.159.188 - - [02/Apr/2018:09:50:34 -0300] "POST /cormun/servlet/solicitudotadjuntos?a60e586d1f87e091abdec4a9e70ae568,INS,2018,10956,,1,,gx-no-cache=1522673380819 HTTP/1.1" 200 3827
186.103.159.188 - - [02/Apr/2018:09:50:36 -0300] "POST /cormun/servlet/solicitudotadjuntos?gx-no-cache=1522673383724 HTTP/1.1" 200 26
200.54.247.70 - - [02/Apr/2018:09:50:37 -0300] "GET /cormun/servlet/solicitudotadjuntos?INS,2018,10955,,1, HTTP/1.1" 200 6275
200.54.247.70 - - [02/Apr/2018:09:50:37 -0300] "HEAD /cormun/static/about:blank HTTP/1.1" 404 -
200.54.247.70 - - [02/Apr/2018:09:50:38 -0300] "GET /cormun/servlet/solicitudotadjuntos?564798ae7dafb78c06cc00f9b96b45e585161e65946abe9bc12376f1d37a75f899de0c1ea934311c0b7c64f8af4acd4e,gx-no-cache=1522673378252 HTTP/1.1" 200 30
200.54.247.70 - - [02/Apr/2018:09:50:38 -0300] "POST /cormun/servlet/solicitudotadjuntos?8ee00106f5ec25f8e7bc105bdfdc5c0f,INS,2018,10955,,1,,gx-no-cache=1522673378304 HTTP/1.1" 200 3980
186.103.159.188 - - [02/Apr/2018:09:50:41 -0300] "GET /cormun/servlet/solicitudotadjuntos?497aa1316d64393de7a15d088b874fca189b292bd5d1bf5ae1f58dab0a5d152c,gx-no-cache=1522673388621 HTTP/1.1" 200 30
186.103.159.188 - - [02/Apr/2018:09:50:41 -0300] "GET /cormun/servlet/solicitudotadjuntos?497aa1316d64393de7a15d088b874fca189b292bd5d1bf5ae1f58dab0a5d152c,gx-no-cache=1522673388671 HTTP/1.1" 200 30
200.54.247.70 - - [02/Apr/2018:09:50:42 -0300] "POST /cormun/servlet/solicitudotadjuntos?gx-no-cache=1522673382172 HTTP/1.1" 200 26
192.168.10.89 - - [02/Apr/2018:09:50:43 -0300] "GET /cormun/servlet/solicitudgral2?UPD,2018,9398, HTTP/1.1" 200 13440
192.168.10.89 - - [02/Apr/2018:09:50:43 -0300] "GET /cormun/static/gxcfg.js?20181911361990 HTTP/1.1" 304 -
192.168.10.89 - - [02/Apr/2018:09:50:43 -0300] "GET /cormun/static/solicitudgral2.js?20181911362067 HTTP/1.1" 304 -
186.103.159.188 - - [02/Apr/2018:09:50:43 -0300] "POST /cormun/servlet/solicitudotadjuntos?a60e586d1f87e091abdec4a9e70ae568,INS,2018,10956,,1, HTTP/1.1" 200 116
186.103.159.188 - - [02/Apr/2018:09:50:43 -0300] "GET /cormun/servlet/hpexe_return? HTTP/1.1" 200 1025
186.103.159.188 - - [02/Apr/2018:09:50:44 -0300] "GET /cormun/servlet/trsolicitudadjuntos?2018,10956, HTTP/1.1" 200 9055
192.168.10.89 - - [02/Apr/2018:09:50:44 -0300] "POST /cormun/servlet/solicitudgral2?gx-no-cache=1522673273033 HTTP/1.1" 200 3897
186.103.159.188 - - [02/Apr/2018:09:50:44 -0300] "GET /cormun/servlet/trsolicitudadjuntos?2018,10956, HTTP/1.1" 200 9051
192.168.10.89 - - [02/Apr/2018:09:50:44 -0300] "GET /cormun/servlet/solicitudgral2?79ac70267668600f1982d29c107c31aec777d9c4ee599f2faad2997e2f5b1e65f3b1b8a29dd177ee72bbe3de7ea6bcbd84a1181c30ebcb831169b48a589fe999ef5af97fa0982de4f3ba5b03796a7fcff64b9c82f071c955148ab218a6160272ca4098e65e4362aac8edde499d752893df72b12c60eaab4cd42ea73eadf1918bda91e34852d83d83abe0c0a7245c28b87ec5a6ad16d36de13ff7f5958b949a6ef494cede52d4b734097a3bb4f43e1eb45c807785aa54e79e0add84d87bd156a7eae674dc92085cdcf6e2cc87e7918d47071497421b724b9180a9fd6a35e2a33804c90b8b5f42b5bf5b5a7dca7c2c120c122f46610aec0fb7ea5612574aaee250054fe5dd5e3ef9905efe2b2db3e6d3eb841c64fb4ecbd59f9430302aebbc9b125521c43f174575f1628bbd67979ddbef0d76fe1db06003644673d67aa2041f3cd10cfca77440930e17eb2f20df4b9ac6,gx-no-cache=1522673273308 HTTP/1.1" 200 255
192.168.10.89 - - [02/Apr/2018:09:50:44 -0300] "POST /cormun/servlet/solicitudgral2?gx-no-cache=1522673273335 HTTP/1.1" 200 1412
192.168.10.89 - - [02/Apr/2018:09:50:44 -0300] "GET /cormun/servlet/solicitudgral2?79ac70267668600f1982d29c107c31aeb4ba90800b99a17f405687a75333494f2a15e9f553dd6b87acd0a57127c0c71cf49e11a4c08f4a822ba120aad425ef21c08dfe5fa5649a24cb63a1c4e511f941cea57ed4156c66671e274270df54039cb5220d8407b0076a5b7715ebfc312dc7,gx-no-cache=1522673273386 HTTP/1.1" 200 41
186.103.159.188 - - [02/Apr/2018:09:50:46 -0300] "GET /cormun/servlet/solicitudotadjuntos?INS,2018,10956,,1, HTTP/1.1" 200 5993
186.103.159.188 - - [02/Apr/2018:09:50:47 -0300] "GET /cormun/static/about:blank HTTP/1.1" 404 1011
190.161.236.41 - - [02/Apr/2018:09:50:47 -0300] "GET /cormun/servlet/solicitudotadjuntos?INS,2018,10956,,1, HTTP/1.1" 200 5985
190.161.236.41 - - [02/Apr/2018:09:50:47 -0300] "GET /cormun/servlet/solicitudotadjuntos?497aa1316d64393de7a15d088b874fcae4d3584a4eb6637cb53fd3bf3d15e1b29f1a723bf9edb1ea67fd07bfaa549109,gx-no-cache=1522673394273 HTTP/1.1" 200 30
190.161.236.41 - - [02/Apr/2018:09:50:47 -0300] "POST /cormun/servlet/solicitudotadjuntos?a60e586d1f87e091abdec4a9e70ae568,INS,2018,10956,,1,,gx-no-cache=1522673394340 HTTP/1.1" 200 3827
192.168.10.89 - - [02/Apr/2018:09:50:47 -0300] "POST /cormun/servlet/solicitudgral2?252d2bd7e57b710d15fdeffe9ec069b9,UPD,2018,9398,,gx-no-cache=1522673276448 HTTP/1.1" 200 11859
192.168.10.89 - - [02/Apr/2018:09:50:48 -0300] "GET /cormun/servlet/solicitudgral2?79ac70267668600f1982d29c107c31aeb25ba2338ae9a2d2f28498102be8f864170d823bea9eea3f005977a62455ff9420aa40ed472a753d346296eb5e5e95261e169d28237fd9be9a77ca9368e91e9e2279203e7beeda09a6372d509e6f165c1fbea37e320e96815adcea77f7fc650a5c9a6f4e07ef5e52d30b419ed1fc160f524976adbee24eb45873b43f53acdb31ebf415660815684adf1fb897a8ac1900,gx-no-cache=1522673276838 HTTP/1.1" 200 29
192.168.10.89 - - [02/Apr/2018:09:50:48 -0300] "POST /cormun/servlet/solicitudgral2?gx-no-cache=1522673276855 HTTP/1.1" 200 1311
192.168.10.89 - - [02/Apr/2018:09:50:48 -0300] "POST /cormun/servlet/solicitudgral2?gx-no-cache=1522673276885 HTTP/1.1" 200 1232
192.168.10.89 - - [02/Apr/2018:09:50:48 -0300] "GET /cormun/servlet/solicitudgral2?79ac70267668600f1982d29c107c31ae86c36004de4a39d943b6455394b92f9b4a7bc9e2fe16285426b9cba422b44f37a0d00fb6dbea6b94c42316741978d39150c05836da7001e05bef8683d1726616971d092987df8ccf7b6e57ff75c6c1fc7d3ff7bf39c2c913624c5440e044a299101f22791f81adfb47f545af5ff499df,gx-no-cache=1522673276913 HTTP/1.1" 200 30
190.161.236.41 - - [02/Apr/2018:09:50:51 -0300] "POST /cormun/servlet/solicitudotadjuntos?gx-no-cache=1522673398029 HTTP/1.1" 200 26
192.168.10.89 - - [02/Apr/2018:09:50:53 -0300] "POST /cormun/servlet/solicitudgral2?gx-no-cache=1522673282292 HTTP/1.1" 200 1310
192.168.10.89 - - [02/Apr/2018:09:50:53 -0300] "POST /cormun/servlet/solicitudgral2?gx-no-cache=1522673282339 HTTP/1.1" 200 1232
192.168.10.89 - - [02/Apr/2018:09:50:53 -0300] "GET /cormun/servlet/solicitudgral2?79ac70267668600f1982d29c107c31ae86c36004de4a39d943b6455394b92f9b4a7bc9e2fe16285426b9cba422b44f37a0d00fb6dbea6b94c42316741978d39150c05836da7001e05bef8683d1726616971d092987df8ccf7b6e57ff75c6c1fc7d3ff7bf39c2c913624c5440e044a299101f22791f81adfb47f545af5ff499df,gx-no-cache=1522673282379 HTTP/1.1" 200 30
200.54.247.70 - - [02/Apr/2018:09:50:55 -0300] "GET /cormun/servlet/solicitudotadjuntos?564798ae7dafb78c06cc00f9b96b45e597eb69fd858890f1687534a2d72b8542,gx-no-cache=1522673395172 HTTP/1.1" 200 30
200.54.247.70 - - [02/Apr/2018:09:50:55 -0300] "GET /cormun/servlet/solicitudotadjuntos?564798ae7dafb78c06cc00f9b96b45e597eb69fd858890f1687534a2d72b8542,gx-no-cache=1522673395234 HTTP/1.1" 200 30
190.161.236.41 - - [02/Apr/2018:09:50:55 -0300] "GET /cormun/servlet/solicitudotadjuntos?497aa1316d64393de7a15d088b874fca189b292bd5d1bf5ae1f58dab0a5d152c,gx-no-cache=1522673402309 HTTP/1.1" 200 30
190.161.236.41 - - [02/Apr/2018:09:50:55 -0300] "GET /cormun/servlet/solicitudotadjuntos?497aa1316d64393de7a15d088b874fca189b292bd5d1bf5ae1f58dab0a5d152c,gx-no-cache=1522673402404 HTTP/1.1" 200 30
190.161.236.41 - - [02/Apr/2018:09:50:56 -0300] "POST /cormun/servlet/solicitudotadjuntos?a60e586d1f87e091abdec4a9e70ae568,INS,2018,10956,,1, HTTP/1.1" 200 116
190.161.236.41 - - [02/Apr/2018:09:50:56 -0300] "GET /cormun/servlet/hpexe_return? HTTP/1.1" 200 1025
190.161.236.41 - - [02/Apr/2018:09:50:57 -0300] "GET /cormun/servlet/trsolicitudadjuntos?2018,10956, HTTP/1.1" 200 9310
200.54.247.70 - - [02/Apr/2018:09:50:57 -0300] "POST /cormun/servlet/solicitudotadjuntos?8ee00106f5ec25f8e7bc105bdfdc5c0f,INS,2018,10955,,1, HTTP/1.1" 200 116
200.54.247.70 - - [02/Apr/2018:09:50:57 -0300] "GET /cormun/servlet/hpexe_return? HTTP/1.1" 200 1025
190.161.236.41 - - [02/Apr/2018:09:50:57 -0300] "GET /cormun/servlet/trsolicitudadjuntos?2018,10956, HTTP/1.1" 200 9311
200.54.247.70 - - [02/Apr/2018:09:50:58 -0300] "GET /cormun/servlet/trsolicitudadjuntos?2018,10955, HTTP/1.1" 200 9148
190.161.236.41 - - [02/Apr/2018:09:51:01 -0300] "GET /cormun/servlet/solicitudotadjuntos?INS,2018,10956,,1, HTTP/1.1" 200 5993
200.54.247.70 - - [02/Apr/2018:09:51:01 -0300] "GET /cormun/servlet/solicitudotadjuntos?INS,2018,10955,,1, HTTP/1.1" 200 6275
190.161.236.41 - - [02/Apr/2018:09:51:01 -0300] "GET /cormun/static/about:blank HTTP/1.1" 404 1011
186.103.159.188 - - [02/Apr/2018:09:51:01 -0300] "GET /cormun/servlet/solicitudotadjuntos?INS,2018,10956,,1, HTTP/1.1" 200 5985
200.54.247.70 - - [02/Apr/2018:09:51:01 -0300] "HEAD /cormun/static/about:blank HTTP/1.1" 404 -
186.103.159.188 - - [02/Apr/2018:09:51:02 -0300] "GET /cormun/servlet/solicitudotadjuntos?497aa1316d64393de7a15d088b874fcae4d3584a4eb6637cb53fd3bf3d15e1b29f1a723bf9edb1ea67fd07bfaa549109,gx-no-cache=1522673408943 HTTP/1.1" 200 30
186.103.159.188 - - [02/Apr/2018:09:51:02 -0300] "POST /cormun/servlet/solicitudotadjuntos?a60e586d1f87e091abdec4a9e70ae568,INS,2018,10956,,1,,gx-no-cache=1522673408981 HTTP/1.1" 200 3826
200.54.247.70 - - [02/Apr/2018:09:51:02 -0300] "GET /cormun/servlet/solicitudotadjuntos?564798ae7dafb78c06cc00f9b96b45e585161e65946abe9bc12376f1d37a75f899de0c1ea934311c0b7c64f8af4acd4e,gx-no-cache=1522673402668 HTTP/1.1" 200 30
200.54.247.70 - - [02/Apr/2018:09:51:02 -0300] "POST /cormun/servlet/solicitudotadjuntos?8ee00106f5ec25f8e7bc105bdfdc5c0f,INS,2018,10955,,1,,gx-no-cache=1522673402773 HTTP/1.1" 200 3979
192.168.10.89 - - [02/Apr/2018:09:51:03 -0300] "POST /cormun/servlet/solicitudgral2?252d2bd7e57b710d15fdeffe9ec069b9,UPD,2018,9398,,gx-no-cache=1522673291875 HTTP/1.1" 200 93
192.168.10.89 - - [02/Apr/2018:09:51:03 -0300] "GET /cormun/servlet/hpexe_return? HTTP/1.1" 200 1006
192.168.10.89 - - [02/Apr/2018:09:51:03 -0300] "GET /cormun/static/Resources/Spanish/PXTools.css?167811 HTTP/1.1" 304 -
192.168.10.89 - - [02/Apr/2018:09:51:03 -0300] "GET /cormun/static/gxcfg.js?2016101716175148 HTTP/1.1" 304 -
192.168.10.89 - - [02/Apr/2018:09:51:03 -0300] "GET /cormun/static/hpexe_return.js?2016101716175153 HTTP/1.1" 304 -
192.168.10.89 - - [02/Apr/2018:09:51:03 -0300] "GET /cormun/servlet/trsolicitudgral HTTP/1.1" 200 11141
186.103.159.188 - - [02/Apr/2018:09:51:04 -0300] "POST /cormun/servlet/solicitudotadjuntos?gx-no-cache=1522673411565 HTTP/1.1" 200 26
200.54.247.70 - - [02/Apr/2018:09:51:05 -0300] "POST /cormun/servlet/solicitudotadjuntos?gx-no-cache=1522673405763 HTTP/1.1" 200 26
186.103.159.188 - - [02/Apr/2018:09:51:09 -0300] "GET /cormun/servlet/solicitudotadjuntos?497aa1316d64393de7a15d088b874fca189b292bd5d1bf5ae1f58dab0a5d152c,gx-no-cache=1522673416117 HTTP/1.1" 200 30
186.103.159.188 - - [02/Apr/2018:09:51:09 -0300] "GET /cormun/servlet/solicitudotadjuntos?497aa1316d64393de7a15d088b874fca189b292bd5d1bf5ae1f58dab0a5d152c,gx-no-cache=1522673416178 HTTP/1.1" 200 30
186.103.159.188 - - [02/Apr/2018:09:51:12 -0300] "POST /cormun/servlet/solicitudotadjuntos?a60e586d1f87e091abdec4a9e70ae568,INS,2018,10956,,1, HTTP/1.1" 200 116
186.103.159.188 - - [02/Apr/2018:09:51:12 -0300] "GET /cormun/servlet/hpexe_return? HTTP/1.1" 200 1025
186.103.159.188 - - [02/Apr/2018:09:51:13 -0300] "GET /cormun/servlet/trsolicitudadjuntos?2018,10956, HTTP/1.1" 200 9566
186.103.159.188 - - [02/Apr/2018:09:51:13 -0300] "GET /cormun/servlet/trsolicitudadjuntos?2018,10956, HTTP/1.1" 200 9563
200.54.247.70 - - [02/Apr/2018:09:51:16 -0300] "GET /cormun/servlet/solicitudotadjuntos?564798ae7dafb78c06cc00f9b96b45e597eb69fd858890f1687534a2d72b8542,gx-no-cache=1522673416459 HTTP/1.1" 200 30
200.54.247.70 - - [02/Apr/2018:09:51:16 -0300] "GET /cormun/servlet/solicitudotadjuntos?564798ae7dafb78c06cc00f9b96b45e597eb69fd858890f1687534a2d72b8542,gx-no-cache=1522673416484 HTTP/1.1" 200 30
200.54.247.70 - - [02/Apr/2018:09:51:17 -0300] "POST /cormun/servlet/solicitudotadjuntos?8ee00106f5ec25f8e7bc105bdfdc5c0f,INS,2018,10955,,1, HTTP/1.1" 200 116
200.54.247.70 - - [02/Apr/2018:09:51:17 -0300] "GET /cormun/servlet/hpexe_return? HTTP/1.1" 200 1025
200.54.247.70 - - [02/Apr/2018:09:51:18 -0300] "GET /cormun/servlet/trsolicitudadjuntos?2018,10955, HTTP/1.1" 200 9377
186.103.159.188 - - [02/Apr/2018:09:51:18 -0300] "GET /cormun/servlet/trsolicitudot? HTTP/1.1" 200 8631
200.86.99.60 - - [02/Apr/2018:09:51:18 -0300] "POST /cormun/servlet/trsolicitudot?026ead6ed743e93b233b82845b5f03e4,,gx-no-cache=1522673425318 HTTP/1.1" 200 4486
186.103.159.188 - - [02/Apr/2018:09:51:18 -0300] "GET /cormun/servlet/trsolicitudot? HTTP/1.1" 200 8624
200.54.247.70 - - [02/Apr/2018:09:51:21 -0300] "GET /cormun/servlet/solicitudotadjuntos?INS,2018,10955,,1, HTTP/1.1" 200 6275
200.86.99.60 - - [02/Apr/2018:09:51:21 -0300] "POST /cormun/servlet/trsolicitudot?026ead6ed743e93b233b82845b5f03e4,,gx-no-cache=1522673428671 HTTP/1.1" 200 4487
190.161.236.41 - - [02/Apr/2018:09:51:25 -0300] "POST /cormun/servlet/trsolicitudot?a60e586d1f87e091abdec4a9e70ae568,,gx-no-cache=1522673432224 HTTP/1.1" 200 106
190.161.236.41 - - [02/Apr/2018:09:51:25 -0300] "GET /cormun/servlet/solicitudot?UPD,2018,10956, HTTP/1.1" 200 15152
190.161.236.41 - - [02/Apr/2018:09:51:26 -0300] "GET /cormun/servlet/solicitudot?UPD,2018,10956, HTTP/1.1" 200 15161
190.161.236.41 - - [02/Apr/2018:09:51:26 -0300] "POST /cormun/servlet/solicitudot?gx-no-cache=1522673433443 HTTP/1.1" 200 3420
190.161.236.41 - - [02/Apr/2018:09:51:26 -0300] "POST /cormun/servlet/solicitudot?a60e586d1f87e091abdec4a9e70ae568,UPD,2018,10956,,gx-no-cache=1522673433626 HTTP/1.1" 200 11538
190.161.236.41 - - [02/Apr/2018:09:51:27 -0300] "GET /cormun/servlet/solicitudot?497aa1316d64393de7a15d088b874fca433f84e2827dfb4cd093645fd2572b69b836904595632e1f7115101a0cdcef39,gx-no-cache=1522673433861 HTTP/1.1" 200 30
190.161.236.41 - - [02/Apr/2018:09:51:27 -0300] "GET /cormun/servlet/solicitudot?497aa1316d64393de7a15d088b874fca438c8c5fec69f907a7beb3732e577b2d151814690dbe5726a4571a8ad9c2e6aeb836904595632e1f7115101a0cdcef39,gx-no-cache=1522673433951 HTTP/1.1" 200 30
190.161.236.41 - - [02/Apr/2018:09:51:27 -0300] "GET /cormun/servlet/solicitudot?497aa1316d64393de7a15d088b874fcaf962dead94cb25b3f868f5f5ebfb0036df1fc9bed6a0c6e1e949fdc712215ee275381309b27e9b2985a639e032a9cbc1,gx-no-cache=1522673434037 HTTP/1.1" 200 53
200.86.99.60 - - [02/Apr/2018:09:51:27 -0300] "GET /cormun/servlet/solicitudot?INS,0,0, HTTP/1.1" 200 13584
190.161.236.41 - - [02/Apr/2018:09:51:27 -0300] "POST /cormun/servlet/solicitudot?gx-no-cache=1522673434128 HTTP/1.1" 200 240
190.161.236.41 - - [02/Apr/2018:09:51:27 -0300] "GET /cormun/servlet/solicitudot?497aa1316d64393de7a15d088b874fcadcf0d69a81c80d5db3c27e27f1a372bc2df89778436e4a71810867328d7685404317718cfff0cc4cba65a942c3e43304bb66b6e36a4f71d90e84d76f50e1ce313c5f66b7a172b93dcd3f223194f12c7b92fa29cc4b8dbbd9cc28d3e945cd728295722532d224661afdbf09c68c8599a8be6d8324fe4d2ace1e5b0629ac374e890e8867a18f6922d14000efd4b470625b9436914d49103a906de8962e56a61698d58a62c2b4305fd91041e3fea68905dff9a66604b306d75d20efc3ed076dee30359e38381c837aeb74ee5c1c18f46468e1988bf393156d15574a10aaf34f96475773f71c88f83d8a1d073c556eb0627735dd4807e898162beb2550b1b891733468fc890826e979aabea51be4d0c9d1022443a18f2d6f1f644c410e207ac7c8f27ac61272199bb36cfe9c11408eeb486422c58491b959235dfc8eff6f47a5eb3758da4fdab01edb3895e212f5d473834b38f70b9b6f1e44bc9b13ecdd7a07ad9a019815202cfbfc88ebcd76cc27161b70,gx-no-cache=1522673434213 HTTP/1.1" 200 30
200.86.99.60 - - [02/Apr/2018:09:51:27 -0300] "GET /cormun/static/gxcfg.js?201812313224582 HTTP/1.1" 200 953
200.86.99.60 - - [02/Apr/2018:09:51:27 -0300] "GET /cormun/static/Resources/prompt.gif HTTP/1.1" 200 902
190.161.236.41 - - [02/Apr/2018:09:51:27 -0300] "POST /cormun/servlet/solicitudot?gx-no-cache=1522673434285 HTTP/1.1" 200 30
190.161.236.41 - - [02/Apr/2018:09:51:27 -0300] "POST /cormun/servlet/solicitudot?gx-no-cache=1522673434385 HTTP/1.1" 200 1352
200.86.99.60 - - [02/Apr/2018:09:51:27 -0300] "GET /cormun/static/solicitudot.js?201812313224831 HTTP/1.1" 200 72336
190.161.236.41 - - [02/Apr/2018:09:51:27 -0300] "POST /cormun/servlet/solicitudot?gx-no-cache=1522673434533 HTTP/1.1" 200 41
200.86.99.60 - - [02/Apr/2018:09:51:28 -0300] "GET /cormun/servlet/solicitudot?INS,0,0, HTTP/1.1" 200 13589
190.161.236.41 - - [02/Apr/2018:09:51:32 -0300] "POST /cormun/servlet/solicitudot?a60e586d1f87e091abdec4a9e70ae568,UPD,2018,10956,,gx-no-cache=1522673439024 HTTP/1.1" 200 93
190.161.236.41 - - [02/Apr/2018:09:51:32 -0300] "GET /cormun/servlet/hpexe_return? HTTP/1.1" 200 1013
190.161.236.41 - - [02/Apr/2018:09:51:32 -0300] "GET /cormun/servlet/trsolicitudot HTTP/1.1" 200 8628
190.161.236.41 - - [02/Apr/2018:09:51:33 -0300] "GET /cormun/servlet/trsolicitudot HTTP/1.1" 200 8624
200.54.247.70 - - [02/Apr/2018:09:51:36 -0300] "HEAD /cormun/static/about:blank HTTP/1.1" 404 -
200.54.247.70 - - [02/Apr/2018:09:51:37 -0300] "GET /cormun/servlet/solicitudotadjuntos?564798ae7dafb78c06cc00f9b96b45e585161e65946abe9bc12376f1d37a75f899de0c1ea934311c0b7c64f8af4acd4e,gx-no-cache=1522673437601 HTTP/1.1" 200 30
200.54.247.70 - - [02/Apr/2018:09:51:37 -0300] "POST /cormun/servlet/solicitudotadjuntos?8ee00106f5ec25f8e7bc105bdfdc5c0f,INS,2018,10955,,1,,gx-no-cache=1522673437647 HTTP/1.1" 200 3979
200.86.99.60 - - [02/Apr/2018:09:51:40 -0300] "POST /cormun/servlet/solicitudot?gx-no-cache=1522673447095 HTTP/1.1" 200 3365
200.86.99.60 - - [02/Apr/2018:09:51:40 -0300] "GET /cormun/static/Shared/jqueryui/images/ui-bg_highlight-soft_100_c6c2c8_1x100.png HTTP/1.1" 404 1117
200.86.99.60 - - [02/Apr/2018:09:51:40 -0300] "GET /cormun/static/Shared/jqueryui/images/ui-icons_82798d_256x240.png HTTP/1.1" 404 1089
200.86.99.60 - - [02/Apr/2018:09:51:40 -0300] "GET /cormun/static/Shared/jqueryui/images/ui-bg_flat_55_994d53_40x100.png HTTP/1.1" 404 1097
200.86.99.60 - - [02/Apr/2018:09:51:40 -0300] "GET /cormun/static/Shared/jqueryui/images/ui-icons_ebccce_256x240.png HTTP/1.1" 404 1089
200.54.247.70 - - [02/Apr/2018:09:51:42 -0300] "POST /cormun/servlet/solicitudotadjuntos?gx-no-cache=1522673442116 HTTP/1.1" 200 26
200.86.99.60 - - [02/Apr/2018:09:51:43 -0300] "GET /cormun/servlet/solicitudot?854954bfceb6b274e25e998ffae7c6d38cb8c44e49db2789a214e3d45170886b92cdf770ca5abde8bddee353acef23f0,gx-no-cache=1522673450127 HTTP/1.1" 200 30
200.54.247.70 - - [02/Apr/2018:09:51:47 -0300] "GET /cormun/servlet/solicitudotadjuntos?564798ae7dafb78c06cc00f9b96b45e597eb69fd858890f1687534a2d72b8542,gx-no-cache=1522673447251 HTTP/1.1" 200 30
200.54.247.70 - - [02/Apr/2018:09:51:47 -0300] "GET /cormun/servlet/solicitudotadjuntos?564798ae7dafb78c06cc00f9b96b45e597eb69fd858890f1687534a2d72b8542,gx-no-cache=1522673447390 HTTP/1.1" 200 30
200.54.247.70 - - [02/Apr/2018:09:51:50 -0300] "POST /cormun/servlet/solicitudotadjuntos?8ee00106f5ec25f8e7bc105bdfdc5c0f,INS,2018,10955,,1, HTTP/1.1" 200 116
200.54.247.70 - - [02/Apr/2018:09:51:50 -0300] "GET /cormun/servlet/hpexe_return? HTTP/1.1" 200 1025
200.54.247.70 - - [02/Apr/2018:09:51:50 -0300] "GET /cormun/servlet/trsolicitudadjuntos?2018,10955, HTTP/1.1" 200 9590
200.54.247.70 - - [02/Apr/2018:09:51:54 -0300] "GET /cormun/servlet/solicitudotadjuntos?INS,2018,10955,,1, HTTP/1.1" 200 6275
200.54.247.70 - - [02/Apr/2018:09:51:54 -0300] "HEAD /cormun/static/about:blank HTTP/1.1" 404 -
200.54.247.70 - - [02/Apr/2018:09:51:55 -0300] "GET /cormun/servlet/solicitudotadjuntos?564798ae7dafb78c06cc00f9b96b45e585161e65946abe9bc12376f1d37a75f899de0c1ea934311c0b7c64f8af4acd4e,gx-no-cache=1522673455479 HTTP/1.1" 200 30
200.54.247.70 - - [02/Apr/2018:09:51:55 -0300] "POST /cormun/servlet/solicitudotadjuntos?8ee00106f5ec25f8e7bc105bdfdc5c0f,INS,2018,10955,,1,,gx-no-cache=1522673455549 HTTP/1.1" 200 3979
186.103.159.188 - - [02/Apr/2018:09:51:56 -0300] "GET /cormun/servlet/hlogin HTTP/1.1" 200 1727
200.54.247.70 - - [02/Apr/2018:09:51:59 -0300] "POST /cormun/servlet/solicitudotadjuntos?gx-no-cache=1522673459011 HTTP/1.1" 200 26
186.103.159.188 - - [02/Apr/2018:09:52:03 -0300] "POST /cormun/servlet/hlogin?2460238e5dd0694694593d6258584b0b,gx-no-cache=1522673470527 HTTP/1.1" 200 90
186.103.159.188 - - [02/Apr/2018:09:52:03 -0300] "GET /cormun/servlet/hpexe_link HTTP/1.1" 200 952
186.103.159.188 - - [02/Apr/2018:09:52:04 -0300] "GET /cormun/servlet/hhome HTTP/1.1" 200 3950
186.103.159.188 - - [02/Apr/2018:09:52:04 -0300] "GET /cormun/servlet/hhome HTTP/1.1" 200 3947
200.54.247.70 - - [02/Apr/2018:09:52:05 -0300] "GET /cormun/servlet/solicitudotadjuntos?564798ae7dafb78c06cc00f9b96b45e597eb69fd858890f1687534a2d72b8542,gx-no-cache=1522673465275 HTTP/1.1" 200 30
200.54.247.70 - - [02/Apr/2018:09:52:05 -0300] "GET /cormun/servlet/solicitudotadjuntos?564798ae7dafb78c06cc00f9b96b45e597eb69fd858890f1687534a2d72b8542,gx-no-cache=1522673465313 HTTP/1.1" 200 30
186.103.159.188 - - [02/Apr/2018:09:52:07 -0300] "GET /cormun/servlet/trsolicitudot? HTTP/1.1" 200 9583
186.103.159.188 - - [02/Apr/2018:09:52:07 -0300] "GET /cormun/servlet/trsolicitudot? HTTP/1.1" 200 9582
200.54.247.70 - - [02/Apr/2018:09:52:10 -0300] "POST /cormun/servlet/solicitudotadjuntos?8ee00106f5ec25f8e7bc105bdfdc5c0f,INS,2018,10955,,1, HTTP/1.1" 200 116
200.54.247.70 - - [02/Apr/2018:09:52:10 -0300] "GET /cormun/servlet/hpexe_return? HTTP/1.1" 200 1025
200.54.247.70 - - [02/Apr/2018:09:52:11 -0300] "GET /cormun/servlet/trsolicitudadjuntos?2018,10955, HTTP/1.1" 200 9862
192.168.10.89 - - [02/Apr/2018:09:52:11 -0300] "POST /cormun/servlet/trsolicitudgral?252d2bd7e57b710d15fdeffe9ec069b9,gx-no-cache=1522673360410 HTTP/1.1" 200 7624
200.54.247.70 - - [02/Apr/2018:09:52:17 -0300] "GET /cormun/servlet/trsolicitudot? HTTP/1.1" 200 8806
200.54.247.70 - - [02/Apr/2018:09:52:23 -0300] "POST /cormun/servlet/trsolicitudot?8ee00106f5ec25f8e7bc105bdfdc5c0f,,gx-no-cache=1522673482664 HTTP/1.1" 200 4685
200.54.247.70 - - [02/Apr/2018:09:52:23 -0300] "POST /cormun/servlet/trsolicitudot?8ee00106f5ec25f8e7bc105bdfdc5c0f,,gx-no-cache=1522673483576 HTTP/1.1" 200 4464
200.54.247.70 - - [02/Apr/2018:09:52:27 -0300] "GET /cormun/static/Shared/jqueryui/images/ui-icons_82798d_256x240.png HTTP/1.1" 404 1089
200.54.247.70 - - [02/Apr/2018:09:52:27 -0300] "GET /cormun/static/Shared/jqueryui/images/ui-icons_8d78a5_256x240.png HTTP/1.1" 404 1089
200.54.247.70 - - [02/Apr/2018:09:52:27 -0300] "GET /cormun/static/Shared/jqueryui/images/ui-bg_flat_55_fafafa_40x100.png HTTP/1.1" 404 1097
200.54.247.70 - - [02/Apr/2018:09:52:27 -0300] "GET /cormun/static/Shared/jqueryui/images/ui-bg_highlight-soft_100_c6c2c8_1x100.png HTTP/1.1" 404 1117
200.54.247.70 - - [02/Apr/2018:09:52:54 -0300] "GET /cormun/servlet/trautorizarsolicitud? HTTP/1.1" 200 8695
200.54.247.70 - - [02/Apr/2018:09:52:54 -0300] "GET /cormun/static/gxcfg.js?2017111423403364 HTTP/1.1" 304 -
200.54.247.70 - - [02/Apr/2018:09:53:01 -0300] "POST /cormun/servlet/trautorizarsolicitud?8ee00106f5ec25f8e7bc105bdfdc5c0f,,gx-no-cache=1522673521413 HTTP/1.1" 200 4606
200.54.247.70 - - [02/Apr/2018:09:53:06 -0300] "POST /cormun/servlet/trautorizarsolicitud?8ee00106f5ec25f8e7bc105bdfdc5c0f,,gx-no-cache=1522673525882 HTTP/1.1" 200 4386
192.168.10.89 - - [02/Apr/2018:09:53:10 -0300] "POST /cormun/servlet/trsolicitudgral?252d2bd7e57b710d15fdeffe9ec069b9,gx-no-cache=1522673419067 HTTP/1.1" 200 7297
200.54.247.70 - - [02/Apr/2018:09:53:10 -0300] "GET /cormun/static/Shared/jqueryui/images/ui-bg_highlight-soft_100_c6c2c8_1x100.png HTTP/1.1" 404 1117
200.54.247.70 - - [02/Apr/2018:09:53:10 -0300] "GET /cormun/static/Shared/jqueryui/images/ui-icons_82798d_256x240.png HTTP/1.1" 404 1089
200.54.247.70 - - [02/Apr/2018:09:53:10 -0300] "GET /cormun/static/Shared/jqueryui/images/ui-icons_8d78a5_256x240.png HTTP/1.1" 404 1089
200.54.247.70 - - [02/Apr/2018:09:53:10 -0300] "GET /cormun/static/Shared/jqueryui/images/ui-bg_flat_55_fafafa_40x100.png HTTP/1.1" 404 1097
200.54.247.70 - - [02/Apr/2018:09:53:20 -0300] "GET /cormun/servlet/trsolicitudot? HTTP/1.1" 200 7446
192.168.10.89 - - [02/Apr/2018:09:53:45 -0300] "POST /cormun/servlet/trsolicitudgral?252d2bd7e57b710d15fdeffe9ec069b9,gx-no-cache=1522673454226 HTTP/1.1" 200 7642
190.161.236.41 - - [02/Apr/2018:09:53:47 -0300] "POST /cormun/servlet/trsolicitudot?2460238e5dd0694694593d6258584b0b,,gx-no-cache=1522673574266 HTTP/1.1" 200 6271
190.161.236.41 - - [02/Apr/2018:09:53:47 -0300] "GET /cormun/static/Shared/jqueryui/images/ui-bg_highlight-soft_100_c6c2c8_1x100.png HTTP/1.1" 404 1117
190.161.236.41 - - [02/Apr/2018:09:53:47 -0300] "GET /cormun/static/Shared/jqueryui/images/ui-icons_82798d_256x240.png HTTP/1.1" 404 1089
190.161.236.41 - - [02/Apr/2018:09:53:47 -0300] "GET /cormun/static/Shared/jqueryui/images/ui-bg_flat_55_fafafa_40x100.png HTTP/1.1" 404 1097
190.161.236.41 - - [02/Apr/2018:09:53:47 -0300] "GET /cormun/static/Shared/jqueryui/images/ui-icons_8d78a5_256x240.png HTTP/1.1" 404 1089
186.103.159.188 - - [02/Apr/2018:09:53:48 -0300] "POST /cormun/servlet/trsolicitudot?2460238e5dd0694694593d6258584b0b,,gx-no-cache=1522673574678 HTTP/1.1" 200 6214
200.54.247.70 - - [02/Apr/2018:09:53:50 -0300] "GET /cormun/servlet/trsolicitudot? HTTP/1.1" 200 7446
186.103.159.188 - - [02/Apr/2018:09:53:52 -0300] "POST /cormun/servlet/trsolicitudot?2460238e5dd0694694593d6258584b0b,,gx-no-cache=1522673578814 HTTP/1.1" 200 5761
186.103.159.188 - - [02/Apr/2018:09:53:52 -0300] "POST /cormun/servlet/trsolicitudot?2460238e5dd0694694593d6258584b0b,,gx-no-cache=1522673579177 HTTP/1.1" 200 5704
186.103.159.188 - - [02/Apr/2018:09:53:55 -0300] "POST /cormun/servlet/trsolicitudot?2460238e5dd0694694593d6258584b0b,,gx-no-cache=1522673581438 HTTP/1.1" 200 4524
186.103.159.188 - - [02/Apr/2018:09:53:55 -0300] "POST /cormun/servlet/trsolicitudot?2460238e5dd0694694593d6258584b0b,,gx-no-cache=1522673582167 HTTP/1.1" 200 4258
200.54.247.70 - - [02/Apr/2018:09:53:58 -0300] "GET /cormun/servlet/trsolicitudot? HTTP/1.1" 200 7446
200.54.247.70 - - [02/Apr/2018:09:54:10 -0300] "POST /cormun/servlet/trsolicitudot?8ee00106f5ec25f8e7bc105bdfdc5c0f,,gx-no-cache=1522673590132 HTTP/1.1" 200 21822
192.168.10.89 - - [02/Apr/2018:09:54:29 -0300] "POST /cormun/servlet/trsolicitudgral?252d2bd7e57b710d15fdeffe9ec069b9,gx-no-cache=1522673498506 HTTP/1.1" 200 5927
200.86.99.60 - - [02/Apr/2018:09:54:52 -0300] "GET /cormun/servlet/solicitudot?854954bfceb6b274e25e998ffae7c6d3c850a3798500d88438a80759320b70a23ee69d581ea3f1f3f98cd0d3f1b125c70fc42215a1b21fec321e4f56ada4485b,gx-no-cache=1522673638882 HTTP/1.1" 200 30
200.86.99.60 - - [02/Apr/2018:09:54:52 -0300] "GET /cormun/servlet/solicitudot?854954bfceb6b274e25e998ffae7c6d3c3ba51351761310d9b83ec6777556dba,gx-no-cache=1522673639311 HTTP/1.1" 200 29
200.54.247.70 - - [02/Apr/2018:09:54:55 -0300] "POST /cormun/servlet/trsolicitudot?8ee00106f5ec25f8e7bc105bdfdc5c0f,,gx-no-cache=1522673633001 HTTP/1.1" 200 21797
200.86.99.60 - - [02/Apr/2018:09:54:57 -0300] "GET /cormun/servlet/solicitudot?854954bfceb6b274e25e998ffae7c6d335ba6b012220c636707ee57febe0e4eb4095535e9329f11942819db1b363bd44a3dc17e4e985b6d655a7a67aa4715a4537f388cc0287a6c23074b95df546a9ef8b436eb1fb4cc057bf9e134471429c7b0ab89a8b17897e5816f406883072cb1d9af1ad52660e3062f0538c002de6a7f86c52042c82798032b6bb26460333b07e86bc133df157b9b57d03dfa9aaf53f75cca881e77625132f0c00952f0fdb3196e1446d7041c2ceccab5d8675f20531107e4a764f8f3ec2710ab1d3737a0becadbfa1f3c28547291fed4a45d13b38da071d234e8f0f6b6d48afe09da4af6eea365c4f0470ec4f207c0273043bf7695d927b6db5c1af03756bd15f1d96888e1490bbac85a4111e24a86ffe42ef9a4d3907030523eb4e4f334ddc27a7cc2dad59316025a34c2182463861ef7c2dd79c99b2c85e9855d1210624eea0d528cfe993ba,gx-no-cache=1522673644236 HTTP/1.1" 200 297
200.86.99.60 - - [02/Apr/2018:09:55:03 -0300] "GET /cormun/servlet/solicitudot?854954bfceb6b274e25e998ffae7c6d3e2a908e871eb3994019482a764ece6329982984214a2af3f092a0e32bb161401b2b62f39af6b27afd4b2e8e74e2ef702e160dae8acf864d9b8a484ebbb8469e4b406dabd1a1a4432846dd7d10529c021cab8caa9042e45d043f19648f2b1011060c5b27dbdcb8aeed9883ac8c316fd8a72d7ea14ef00ee95b74a02279c382e5f3261898d03637ab87e708f8baaee7e2d17756b03e12601308fa606b8ae9c02add403ccdbf7d145cb1eb49151c13ba5423163cb1872e30e807e161b6e33af2e433e60b89e6524d19ae340cc111d5ef6956cfa1c47471de21da1c39c944728bc146b595dbf396583c8e65bbc4fb6a3bcfc3a229f7582c42948f1c372f156b0b2e3c097cbfa32682eab0b149f1aecef28f5414284340a84601379db2caa6cf63b5b1f83682fa7593721a6b2ac522a75445387ae4011f6b4ff7e595a5f59bd432e38cf6ffa9cf0cbee357846bb52efbc163a0748dfb4c3ef2a442b47de04633c9ece46989e2d99303f3e8701f5f1d93bb590161d3e72114d68c8623d862f923cf9a1,gx-no-cache=1522673650604 HTTP/1.1" 200 30
186.9.133.2 - - [02/Apr/2018:09:55:08 -0300] "GET /cormun/servlet/hlogin HTTP/1.1" 200 1726
186.9.133.2 - - [02/Apr/2018:09:55:08 -0300] "GET /cormun/static/Resources/Spanish/PXTools.css?11423723 HTTP/1.1" 200 89042
186.9.133.2 - - [02/Apr/2018:09:55:08 -0300] "GET /cormun/static/gxtimezone.js?85251 HTTP/1.1" 200 5781
186.9.133.2 - - [02/Apr/2018:09:55:08 -0300] "GET /cormun/static/gxcfg.js?20175251213516 HTTP/1.1" 200 953
186.9.133.2 - - [02/Apr/2018:09:55:09 -0300] "GET /cormun/static/messages.spa.js?85251 HTTP/1.1" 200 30736
186.9.133.2 - - [02/Apr/2018:09:55:09 -0300] "GET /cormun/static/gxgral.js?85251 HTTP/1.1" 200 384558
186.9.133.2 - - [02/Apr/2018:09:55:09 -0300] "GET /cormun/static/hlogin.js?20175251213537 HTTP/1.1" 200 2136
186.9.133.2 - - [02/Apr/2018:09:55:09 -0300] "GET /cormun/static/Resources/ComunLogin.png HTTP/1.1" 200 17326
186.9.133.2 - - [02/Apr/2018:09:55:09 -0300] "GET /cormun/static/Resources/PXToolsLoginBottom.png HTTP/1.1" 200 1389
186.9.133.2 - - [02/Apr/2018:09:55:09 -0300] "GET /cormun/static/Resources/PXToolsLoginBackground.png HTTP/1.1" 200 1164
186.9.133.2 - - [02/Apr/2018:09:55:09 -0300] "GET /cormun/static/Resources/PXToolsButtonLeft21.png HTTP/1.1" 200 1287
186.9.133.2 - - [02/Apr/2018:09:55:09 -0300] "GET /cormun/static/Resources/PXToolsButtonRight21.png HTTP/1.1" 200 1283
186.9.133.2 - - [02/Apr/2018:09:55:09 -0300] "GET /cormun/static/Resources/PXToolsButtonBackground2.png HTTP/1.1" 200 1181
186.9.133.2 - - [02/Apr/2018:09:55:10 -0300] "GET /cormun/static/Resources/PXToolsLoginTop.png HTTP/1.1" 200 1337
186.9.133.2 - - [02/Apr/2018:09:55:10 -0300] "GET /cormun/servlet/hlogin HTTP/1.1" 200 1729
186.9.133.2 - - [02/Apr/2018:09:55:10 -0300] "GET /cormun/static/Resources/indicator.gif HTTP/1.1" 200 1553
186.9.133.2 - - [02/Apr/2018:09:55:10 -0300] "GET /cormun/static/Resources/indicator.gif HTTP/1.1" 200 1553
186.9.133.2 - - [02/Apr/2018:09:55:10 -0300] "GET /favicon.ico HTTP/1.1" 200 21630
200.86.99.60 - - [02/Apr/2018:09:55:11 -0300] "POST /cormun/servlet/solicitudot?gx-no-cache=1522673658381 HTTP/1.1" 200 30
186.103.159.188 - - [02/Apr/2018:09:55:15 -0300] "GET /cormun/servlet/hlogin HTTP/1.1" 200 1724
186.103.159.188 - - [02/Apr/2018:09:55:15 -0300] "GET /cormun/static/gxcfg.js?20175251213516 HTTP/1.1" 304 -
186.103.159.188 - - [02/Apr/2018:09:55:15 -0300] "GET /cormun/static/gxtimezone.js?85251 HTTP/1.1" 304 -
186.103.159.188 - - [02/Apr/2018:09:55:15 -0300] "GET /cormun/static/messages.spa.js?85251 HTTP/1.1" 304 -
186.103.159.188 - - [02/Apr/2018:09:55:15 -0300] "GET /cormun/servlet/hlogin HTTP/1.1" 200 1727
200.86.99.60 - - [02/Apr/2018:09:55:23 -0300] "GET /cormun/servlet/prbanco?,MD,,gxPopupLevel%3D0%3B HTTP/1.1" 200 6572
200.86.99.60 - - [02/Apr/2018:09:55:23 -0300] "GET /cormun/static/Resources/resize.gif HTTP/1.1" 200 77
200.86.99.60 - - [02/Apr/2018:09:55:23 -0300] "GET /cormun/static/gxcfg.js?20181161016094 HTTP/1.1" 200 953
200.86.99.60 - - [02/Apr/2018:09:55:23 -0300] "GET /cormun/static/prbanco.js?2018116101633 HTTP/1.1" 200 10693
200.86.99.60 - - [02/Apr/2018:09:55:23 -0300] "GET /cormun/static/menusearch.js?201610171694467 HTTP/1.1" 200 1424
200.86.99.60 - - [02/Apr/2018:09:55:23 -0300] "GET /cormun/static/Resources/PXToolsMenuSearchCancel.png HTTP/1.1" 200 2972
200.86.99.60 - - [02/Apr/2018:09:55:23 -0300] "GET /cormun/static/Resources/PXToolsMenuSearch.png HTTP/1.1" 200 2914
200.86.99.60 - - [02/Apr/2018:09:55:23 -0300] "GET /cormun/static/hmpwkw011.js?20177612121862 HTTP/1.1" 200 1968
186.103.159.188 - - [02/Apr/2018:09:55:27 -0300] "POST /cormun/servlet/hlogin?95badbc27aa67ac9f835d8c6c6dfe5a1,gx-no-cache=1522673673852 HTTP/1.1" 200 90
186.103.159.188 - - [02/Apr/2018:09:55:27 -0300] "GET /cormun/servlet/hpexe_link HTTP/1.1" 200 949
186.103.159.188 - - [02/Apr/2018:09:55:27 -0300] "GET /cormun/static/gxcfg.js?20177612121792 HTTP/1.1" 304 -
186.103.159.188 - - [02/Apr/2018:09:55:27 -0300] "GET /cormun/servlet/hhome HTTP/1.1" 200 4142
186.103.159.188 - - [02/Apr/2018:09:55:27 -0300] "GET /cormun/static/gxcfg.js?20175251212442 HTTP/1.1" 304 -
186.103.159.188 - - [02/Apr/2018:09:55:27 -0300] "GET /cormun/servlet/hhome HTTP/1.1" 200 4138
200.86.99.60 - - [02/Apr/2018:09:55:33 -0300] "GET /cormun/servlet/solicitudot?854954bfceb6b274e25e998ffae7c6d31881b6c3bb05a6e13354c81d881cdd6b,gx-no-cache=1522673680918 HTTP/1.1" 200 53
200.86.99.60 - - [02/Apr/2018:09:55:34 -0300] "POST /cormun/servlet/solicitudot?gx-no-cache=1522673681050 HTTP/1.1" 200 1348
200.86.99.60 - - [02/Apr/2018:09:55:34 -0300] "POST /cormun/servlet/solicitudot?gx-no-cache=1522673681195 HTTP/1.1" 200 38
200.86.99.60 - - [02/Apr/2018:09:55:56 -0300] "GET /cormun/servlet/solicitudot?854954bfceb6b274e25e998ffae7c6d354a1a75665048732ca4f5bb20ab67d0c5c4f0470ec4f207c0273043bf7695d927b6db5c1af03756bd15f1d96888e1490c06c5041f582d89a6ebd2acafe210e25,gx-no-cache=1522673703591 HTTP/1.1" 200 29
200.86.99.60 - - [02/Apr/2018:09:55:56 -0300] "POST /cormun/servlet/solicitudot?gx-no-cache=1522673703724 HTTP/1.1" 200 1334
200.86.99.60 - - [02/Apr/2018:09:55:56 -0300] "POST /cormun/servlet/solicitudot?gx-no-cache=1522673703832 HTTP/1.1" 200 1228
186.9.133.2 - - [02/Apr/2018:09:55:58 -0300] "POST /cormun/servlet/hlogin?f2a3ac2b9cd585a5d9d5a1704a52739f,gx-no-cache=1522673709330 HTTP/1.1" 200 90
186.9.133.2 - - [02/Apr/2018:09:55:59 -0300] "GET /cormun/servlet/hpexe_link HTTP/1.1" 200 950
186.9.133.2 - - [02/Apr/2018:09:55:59 -0300] "GET /cormun/static/hpexe_link.js?20177612121795 HTTP/1.1" 200 625
186.9.133.2 - - [02/Apr/2018:09:55:59 -0300] "GET /cormun/static/Resources/Spanish/PXTools.css?1155365 HTTP/1.1" 200 89042
186.9.133.2 - - [02/Apr/2018:09:55:59 -0300] "GET /cormun/static/gxcfg.js?20177612121792 HTTP/1.1" 200 953
186.9.133.2 - - [02/Apr/2018:09:55:59 -0300] "GET /cormun/servlet/hhome HTTP/1.1" 200 4220
