192.168.10.96 - - [02/Apr/2018:10:52:04 -0300] "POST /cormun/servlet/trsolicitudgral?7213bd76f861f6f27d4c82ecd4a1aa1e,,gx-no-cache=1522676952416 HTTP/1.1" 200 24520
186.79.49.245 - - [02/Apr/2018:10:52:06 -0300] "POST /cormun/servlet/hlogin?096a770f039c28b6f94a608913290d11,gx-no-cache=1522677072897 HTTP/1.1" 200 90
186.79.49.245 - - [02/Apr/2018:10:52:06 -0300] "GET /cormun/servlet/hpexe_link HTTP/1.1" 200 951
186.79.49.245 - - [02/Apr/2018:10:52:06 -0300] "GET /cormun/servlet/hhome HTTP/1.1" 200 3932
186.79.49.245 - - [02/Apr/2018:10:52:07 -0300] "GET /cormun/servlet/hhome HTTP/1.1" 200 3932
186.67.164.142 - - [02/Apr/2018:10:52:07 -0300] "POST /cormun/servlet/trsolicitudot?e25201c5a94861f486d7cec71fd48d93,,gx-no-cache=1522677074713 HTTP/1.1" 200 4290
186.67.164.142 - - [02/Apr/2018:10:52:09 -0300] "POST /cormun/servlet/trsolicitudot?e25201c5a94861f486d7cec71fd48d93,,gx-no-cache=1522677076040 HTTP/1.1" 200 4290
192.168.10.96 - - [02/Apr/2018:10:52:10 -0300] "POST /cormun/servlet/trsolicitudgral?7213bd76f861f6f27d4c82ecd4a1aa1e,,gx-no-cache=1522676958717 HTTP/1.1" 200 8191
186.67.164.142 - - [02/Apr/2018:10:52:12 -0300] "POST /cormun/servlet/trsolicitudot?e25201c5a94861f486d7cec71fd48d93,,gx-no-cache=1522677078844 HTTP/1.1" 200 23601
186.79.49.245 - - [02/Apr/2018:10:52:14 -0300] "GET /cormun/servlet/trsolicitudot? HTTP/1.1" 200 7141
186.79.49.245 - - [02/Apr/2018:10:52:15 -0300] "GET /cormun/servlet/trsolicitudot? HTTP/1.1" 200 7140
200.54.18.125 - - [02/Apr/2018:10:52:21 -0300] "POST /cormun/servlet/trautorizarsolicitud?830833c06d137210783f0aee165e9996,,gx-no-cache=1522677077845 HTTP/1.1" 200 6159
186.79.49.245 - - [02/Apr/2018:10:52:24 -0300] "GET /cormun/servlet/solicitudot?INS,0,0, HTTP/1.1" 200 13382
186.79.49.245 - - [02/Apr/2018:10:52:25 -0300] "GET /cormun/servlet/solicitudot?INS,0,0, HTTP/1.1" 200 13387
200.54.18.125 - - [02/Apr/2018:10:52:29 -0300] "POST /cormun/servlet/trautorizarsolicitud?830833c06d137210783f0aee165e9996,,gx-no-cache=1522677085596 HTTP/1.1" 200 116
200.54.18.125 - - [02/Apr/2018:10:52:29 -0300] "GET /cormun/servlet/solicitudotlog?INS,2018,10857,0,REC, HTTP/1.1" 200 6007
200.54.18.125 - - [02/Apr/2018:10:52:29 -0300] "GET /cormun/static/gxcfg.js?2017761245646 HTTP/1.1" 200 953
200.54.18.125 - - [02/Apr/2018:10:52:29 -0300] "GET /cormun/static/solicitudotlog.js?2017761245655 HTTP/1.1" 200 8934
200.54.18.125 - - [02/Apr/2018:10:52:29 -0300] "GET /cormun/servlet/solicitudotlog?INS,2018,10857,0,REC, HTTP/1.1" 200 6008
200.54.18.125 - - [02/Apr/2018:10:52:30 -0300] "GET /cormun/servlet/solicitudotlog?b7bc9b5d80bd44d88ca106ac16a5b6905ff88ce77a23a5f31eaf0e74cc5adaa62967b7c8d9b8e467ab8639a148c279740dbe6bb3bf0ebd095788fa39ad69cb719be5df6f5b6d53a349e9781aa20d10c322fdb5f956b80d169e645e8541f880cdb01bf5280358eb35ea5657119deafc70c7ff6f7e9a67855d5d269f2492f8d0d75fde9cdffe56ee5e048407dbbf033e7cd09ac77fce71d8949c4a19ec30f011a4,gx-no-cache=1522677087203 HTTP/1.1" 200 94
186.79.49.245 - - [02/Apr/2018:10:52:43 -0300] "POST /cormun/servlet/solicitudot?gx-no-cache=1522677109619 HTTP/1.1" 200 3358
186.79.49.245 - - [02/Apr/2018:10:52:44 -0300] "GET /cormun/static/Shared/jqueryui/images/ui-bg_highlight-soft_100_c6c2c8_1x100.png HTTP/1.1" 404 1117
186.79.49.245 - - [02/Apr/2018:10:52:44 -0300] "GET /cormun/static/Shared/jqueryui/images/ui-icons_82798d_256x240.png HTTP/1.1" 404 1089
186.79.49.245 - - [02/Apr/2018:10:52:44 -0300] "GET /cormun/static/Shared/jqueryui/images/ui-bg_flat_55_994d53_40x100.png HTTP/1.1" 404 1097
186.79.49.245 - - [02/Apr/2018:10:52:44 -0300] "GET /cormun/static/Shared/jqueryui/images/ui-icons_ebccce_256x240.png HTTP/1.1" 404 1089
200.54.18.125 - - [02/Apr/2018:10:52:46 -0300] "POST /cormun/servlet/solicitudotlog?830833c06d137210783f0aee165e9996,INS,2018,10857,0,REC,,gx-no-cache=1522677103838 HTTP/1.1" 200 93
200.54.18.125 - - [02/Apr/2018:10:52:47 -0300] "GET /cormun/servlet/hpexe_return? HTTP/1.1" 200 1030
200.54.18.125 - - [02/Apr/2018:10:52:47 -0300] "GET /cormun/static/gxcfg.js?2016101716175148 HTTP/1.1" 304 -
200.54.18.125 - - [02/Apr/2018:10:52:47 -0300] "GET /cormun/servlet/trautorizarsolicitud? HTTP/1.1" 200 8668
200.54.18.125 - - [02/Apr/2018:10:52:47 -0300] "GET /cormun/servlet/trautorizarsolicitud? HTTP/1.1" 200 8664
186.103.196.90 - - [02/Apr/2018:10:52:52 -0300] "POST /cormun/servlet/trautorizarsolicitud?830833c06d137210783f0aee165e9996,,gx-no-cache=1522677109342 HTTP/1.1" 200 116
186.103.196.90 - - [02/Apr/2018:10:52:52 -0300] "GET /cormun/servlet/solicitudotlog?INS,2018,10467,0,REC, HTTP/1.1" 200 6006
186.103.196.90 - - [02/Apr/2018:10:52:53 -0300] "GET /cormun/servlet/solicitudotlog?INS,2018,10467,0,REC, HTTP/1.1" 200 6008
190.151.124.170 - - [02/Apr/2018:10:52:53 -0300] "GET /cormun/servlet/solicitudotlog?b7bc9b5d80bd44d88ca106ac16a5b690d55bd10bcda235318a89f95c38d86f382967b7c8d9b8e467ab8639a148c279740dbe6bb3bf0ebd095788fa39ad69cb719be5df6f5b6d53a349e9781aa20d10c322fdb5f956b80d169e645e8541f880cdb01bf5280358eb35ea5657119deafc70c7ff6f7e9a67855d5d269f2492f8d0d75fde9cdffe56ee5e048407dbbf033e7cd09ac77fce71d8949c4a19ec30f011a4,gx-no-cache=1522677110512 HTTP/1.1" 200 94
191.125.191.75 - - [02/Apr/2018:10:53:07 -0300] "POST /cormun/servlet/hlogin?ef27003c2cb7063cc16e0f1854029dcc,gx-no-cache=1522677342793 HTTP/1.1" 200 90
191.125.191.75 - - [02/Apr/2018:10:53:08 -0300] "GET /cormun/servlet/hpexe_link HTTP/1.1" 200 981
191.125.191.75 - - [02/Apr/2018:10:53:08 -0300] "GET /cormun/servlet/trsolicitudgral?gx-no-cache=1522676539330 HTTP/1.1" 200 10970
190.151.124.170 - - [02/Apr/2018:10:53:08 -0300] "POST /cormun/servlet/solicitudotlog?830833c06d137210783f0aee165e9996,INS,2018,10467,0,REC,,gx-no-cache=1522677124930 HTTP/1.1" 200 93
190.151.124.170 - - [02/Apr/2018:10:53:08 -0300] "GET /cormun/servlet/hpexe_return? HTTP/1.1" 200 1029
190.151.124.170 - - [02/Apr/2018:10:53:08 -0300] "GET /cormun/servlet/trautorizarsolicitud HTTP/1.1" 200 7316
190.151.124.170 - - [02/Apr/2018:10:53:09 -0300] "GET /cormun/servlet/trautorizarsolicitud HTTP/1.1" 200 7312
191.125.191.75 - - [02/Apr/2018:10:53:10 -0300] "GET /cormun/servlet/trsolicitudgral?gx-no-cache=1522676539330 HTTP/1.1" 200 10990
186.103.196.90 - - [02/Apr/2018:10:53:15 -0300] "POST /cormun/servlet/trautorizarsolicitud?830833c06d137210783f0aee165e9996,gx-no-cache=1522677131683 HTTP/1.1" 200 11031
186.103.196.90 - - [02/Apr/2018:10:53:22 -0300] "POST /cormun/servlet/trautorizarsolicitud?830833c06d137210783f0aee165e9996,gx-no-cache=1522677139172 HTTP/1.1" 200 4401
191.125.191.75 - - [02/Apr/2018:10:53:23 -0300] "GET /cormun/static/menuarrow.gif HTTP/1.1" 404 1015
186.103.196.90 - - [02/Apr/2018:10:53:29 -0300] "POST /cormun/servlet/trautorizarsolicitud?830833c06d137210783f0aee165e9996,gx-no-cache=1522677146138 HTTP/1.1" 200 4402
186.103.196.90 - - [02/Apr/2018:10:53:30 -0300] "POST /cormun/servlet/trautorizarsolicitud?830833c06d137210783f0aee165e9996,gx-no-cache=1522677147274 HTTP/1.1" 200 4401
191.125.191.75 - - [02/Apr/2018:10:53:30 -0300] "POST /cormun/servlet/trsolicitudgral?ef27003c2cb7063cc16e0f1854029dcc,gx-no-cache=1522676539330,gx-no-cache=1522677365523 HTTP/1.1" 200 8087
192.168.10.96 - - [02/Apr/2018:10:53:36 -0300] "POST /cormun/servlet/trsolicitudgral?7213bd76f861f6f27d4c82ecd4a1aa1e,,gx-no-cache=1522677044608 HTTP/1.1" 200 8066
192.168.10.96 - - [02/Apr/2018:10:53:49 -0300] "POST /cormun/servlet/trsolicitudgral?7213bd76f861f6f27d4c82ecd4a1aa1e,,gx-no-cache=1522677057630 HTTP/1.1" 200 7900
186.67.203.186 - - [02/Apr/2018:10:54:22 -0300] "POST /cormun/servlet/trsolicitudot?b4c57106b2dd148353a68d01afa3287e,,gx-no-cache=1522677214159 HTTP/1.1" 440 972
186.67.203.186 - - [02/Apr/2018:10:54:25 -0300] "GET /cormun/servlet/trsolicitudot? HTTP/1.1" 200 6393
186.67.203.186 - - [02/Apr/2018:10:54:25 -0300] "GET /cormun/static/calendar-system.css?85620 HTTP/1.1" 200 5572
200.72.197.82 - - [02/Apr/2018:10:54:25 -0300] "GET /cormun/static/gxui/gxui-all.css?120300 HTTP/1.1" 200 2179
186.67.203.186 - - [02/Apr/2018:10:54:25 -0300] "GET /cormun/static/Resources/Spanish/PXTools.css?1255365 HTTP/1.1" 200 89042
186.67.203.186 - - [02/Apr/2018:10:54:25 -0300] "GET /cormun/static/Shared/ext/resources/css/ext-all.css?215870 HTTP/1.1" 200 416045
186.67.203.186 - - [02/Apr/2018:10:54:26 -0300] "GET /cormun/servlet/hlogin HTTP/1.1" 200 1738
186.67.203.186 - - [02/Apr/2018:10:54:26 -0300] "GET /cormun/servlet/trsolicitudot? HTTP/1.1" 200 6393
186.103.161.206 - - [02/Apr/2018:10:54:36 -0300] "POST /cormun/servlet/hlogin?9c08001fd4b2c4cd11bb1cc7934b9677,gx-no-cache=1522677228214 HTTP/1.1" 200 90
186.103.161.206 - - [02/Apr/2018:10:54:37 -0300] "GET /cormun/servlet/hpexe_link HTTP/1.1" 200 959
200.111.122.170 - - [02/Apr/2018:10:54:37 -0300] "GET /cormun/static/gxcfg.js?20177612121792 HTTP/1.1" 200 953
186.67.203.186 - - [02/Apr/2018:10:54:37 -0300] "GET /cormun/static/hpexe_link.js?20177612121795 HTTP/1.1" 200 625
186.103.161.206 - - [02/Apr/2018:10:54:37 -0300] "GET /cormun/static/Resources/Spanish/PXTools.css?1155365 HTTP/1.1" 200 89042
186.103.161.206 - - [02/Apr/2018:10:54:37 -0300] "GET /cormun/servlet/trsolicitudot HTTP/1.1" 200 7122
186.103.161.206 - - [02/Apr/2018:10:54:38 -0300] "GET /cormun/servlet/trsolicitudot HTTP/1.1" 200 7121
186.79.49.245 - - [02/Apr/2018:10:54:52 -0300] "GET /cormun/servlet/hlogin HTTP/1.1" 200 1721
186.79.49.245 - - [02/Apr/2018:10:54:54 -0300] "POST /cormun/servlet/hlogin?09282efd7333e23a27d3ea314068d2a2,gx-no-cache=1522677241378 HTTP/1.1" 200 90
186.79.49.245 - - [02/Apr/2018:10:54:54 -0300] "GET /cormun/servlet/hpexe_link HTTP/1.1" 200 953
186.79.49.245 - - [02/Apr/2018:10:54:55 -0300] "GET /cormun/servlet/hhome HTTP/1.1" 200 3937
186.79.49.245 - - [02/Apr/2018:10:54:55 -0300] "GET /cormun/servlet/hhome HTTP/1.1" 200 3934
186.79.49.245 - - [02/Apr/2018:10:54:58 -0300] "GET /cormun/servlet/trsolicitudot? HTTP/1.1" 200 7143
186.79.49.245 - - [02/Apr/2018:10:54:58 -0300] "GET /cormun/servlet/trsolicitudot? HTTP/1.1" 200 7143
186.79.49.245 - - [02/Apr/2018:10:55:01 -0300] "GET /cormun/servlet/solicitudot?INS,0,0, HTTP/1.1" 200 13382
186.79.49.245 - - [02/Apr/2018:10:55:02 -0300] "GET /cormun/servlet/solicitudot?INS,0,0, HTTP/1.1" 200 13386
186.79.49.245 - - [02/Apr/2018:10:55:24 -0300] "POST /cormun/servlet/solicitudot?gx-no-cache=1522677270696 HTTP/1.1" 200 3284
186.79.49.245 - - [02/Apr/2018:10:55:25 -0300] "POST /cormun/servlet/solicitudot?09282efd7333e23a27d3ea314068d2a2,INS,0,0,,gx-no-cache=1522677271258 HTTP/1.1" 200 10249
186.79.49.245 - - [02/Apr/2018:10:55:32 -0300] "GET /cormun/servlet/solicitudot?b4ceeccde14f42f1307de01081682c308c6f2527eaef38d4dc7c4ab653ac5456bde039820f5243a5a8803055c1ca169c,gx-no-cache=1522677279265 HTTP/1.1" 200 30
192.168.10.96 - - [02/Apr/2018:10:56:38 -0300] "POST /cormun/servlet/trsolicitudgral?7213bd76f861f6f27d4c82ecd4a1aa1e,,gx-no-cache=1522677226784 HTTP/1.1" 200 8341
192.168.10.96 - - [02/Apr/2018:10:56:56 -0300] "POST /cormun/servlet/trsolicitudgral?7213bd76f861f6f27d4c82ecd4a1aa1e,,gx-no-cache=1522677245207 HTTP/1.1" 200 7898
191.125.191.75 - - [02/Apr/2018:10:57:17 -0300] "POST /cormun/servlet/trsolicitudgral?ef27003c2cb7063cc16e0f1854029dcc,gx-no-cache=1522676539330,gx-no-cache=1522677592115 HTTP/1.1" 200 7864
192.168.10.96 - - [02/Apr/2018:10:57:32 -0300] "POST /cormun/servlet/trsolicitudgral?7213bd76f861f6f27d4c82ecd4a1aa1e,,gx-no-cache=1522677280657 HTTP/1.1" 200 7649
200.112.233.47 - - [02/Apr/2018:10:57:43 -0300] "GET /cormun/servlet/trfichaempleado? HTTP/1.1" 200 12598
192.168.10.62 - - [02/Apr/2018:10:57:43 -0300] "POST /cormun/servlet/trsolicitudgral?ca4265678f12091fa3d42d5b4eeab09a,,gx-no-cache=1522677291591 HTTP/1.1" 200 14026
200.112.233.47 - - [02/Apr/2018:10:57:43 -0300] "GET /cormun/static/gxui/gxui-all.css?110300 HTTP/1.1" 200 2179
200.112.233.47 - - [02/Apr/2018:10:57:43 -0300] "GET /cormun/static/gxcfg.js?20177616262612 HTTP/1.1" 200 953
200.112.233.47 - - [02/Apr/2018:10:57:43 -0300] "GET /cormun/static/Resources/PXToolsDataSearch.png HTTP/1.1" 200 419
200.112.233.47 - - [02/Apr/2018:10:57:43 -0300] "GET /cormun/static/Resources/PXToolsGridFirstDisabled.gif HTTP/1.1" 200 100
200.112.233.47 - - [02/Apr/2018:10:57:43 -0300] "GET /cormun/static/Resources/PXToolsGridPreviousDisabled.gif HTTP/1.1" 200 90
200.112.233.47 - - [02/Apr/2018:10:57:43 -0300] "GET /cormun/static/Resources/PXToolsGridNextDisabled.gif HTTP/1.1" 200 90
200.112.233.47 - - [02/Apr/2018:10:57:43 -0300] "GET /cormun/static/Resources/PXToolsGridLastDisabled.gif HTTP/1.1" 200 98
200.112.233.47 - - [02/Apr/2018:10:57:43 -0300] "GET /cormun/static/Resources/PXToolsGridPage.gif HTTP/1.1" 200 725
200.112.233.47 - - [02/Apr/2018:10:57:44 -0300] "GET /cormun/static/gxdec.js?85251 HTTP/1.1" 200 19579
200.112.233.47 - - [02/Apr/2018:10:57:44 -0300] "GET /cormun/static/trfichaempleado.js?20177616262887 HTTP/1.1" 200 22815
192.168.10.62 - - [02/Apr/2018:10:57:45 -0300] "POST /cormun/servlet/trsolicitudgral?ca4265678f12091fa3d42d5b4eeab09a,,gx-no-cache=1522677293897 HTTP/1.1" 200 14026
192.168.10.62 - - [02/Apr/2018:10:57:47 -0300] "POST /cormun/servlet/trsolicitudgral?ca4265678f12091fa3d42d5b4eeab09a,,gx-no-cache=1522677295593 HTTP/1.1" 200 104
192.168.10.62 - - [02/Apr/2018:10:57:47 -0300] "GET /cormun/SolicitudGral-613.xls HTTP/1.1" 200 13312
192.168.10.96 - - [02/Apr/2018:10:58:02 -0300] "POST /cormun/servlet/trsolicitudgral?7213bd76f861f6f27d4c82ecd4a1aa1e,,gx-no-cache=1522677311360 HTTP/1.1" 200 7907
200.112.233.47 - - [02/Apr/2018:10:58:02 -0300] "GET /cormun/static/Shared/ext/resources/css/ext-all.css?205870 HTTP/1.1" 200 416045
200.112.233.47 - - [02/Apr/2018:10:58:09 -0300] "GET /cormun//static/Resources/PXToolsGridUpdate.png HTTP/1.1" 200 2984
200.112.233.47 - - [02/Apr/2018:10:58:09 -0300] "GET /cormun/static/Resources/asc.gif HTTP/1.1" 200 67
200.112.233.47 - - [02/Apr/2018:10:58:09 -0300] "GET /cormun/static/Resources/desc.gif HTTP/1.1" 200 65
200.112.233.47 - - [02/Apr/2018:10:58:09 -0300] "GET /cormun/static/Shared/ext/resources/themes/images/default/panel/bg-headersPanel.png HTTP/1.1" 200 255
200.112.233.47 - - [02/Apr/2018:10:58:09 -0300] "GET /cormun/static/Shared/ext/resources/themes/images/default/tools/tool-sprites.gif HTTP/1.1" 200 5434
186.79.49.245 - - [02/Apr/2018:10:58:41 -0300] "GET /cormun/servlet/solicitudot?b4ceeccde14f42f1307de01081682c30572b6f245f595a8a77f5638828195d61bdab3d8eee869e0beb89d8fadb6000ec4b68a6022dcc40f30ad657ec1586f05d,gx-no-cache=1522677468202 HTTP/1.1" 200 30
192.168.10.96 - - [02/Apr/2018:10:58:42 -0300] "POST /cormun/servlet/trsolicitudgral?7213bd76f861f6f27d4c82ecd4a1aa1e,,gx-no-cache=1522677351401 HTTP/1.1" 200 7906
192.168.10.96 - - [02/Apr/2018:10:58:43 -0300] "POST /cormun/servlet/trsolicitudgral?7213bd76f861f6f27d4c82ecd4a1aa1e,,gx-no-cache=1522677351688 HTTP/1.1" 200 7907
186.79.49.245 - - [02/Apr/2018:10:58:49 -0300] "GET /cormun/servlet/solicitudot?b4ceeccde14f42f1307de01081682c30e34bfcac986ea22f9587804e10993ecc,gx-no-cache=1522677476499 HTTP/1.1" 200 53
186.79.49.245 - - [02/Apr/2018:10:59:11 -0300] "POST /cormun/servlet/solicitudot?gx-no-cache=1522677498182 HTTP/1.1" 200 297
186.79.49.245 - - [02/Apr/2018:10:59:11 -0300] "GET /cormun/servlet/solicitudot?b4ceeccde14f42f1307de01081682c308beedea46150f1792dfda95e7746f4a9aa54c814361e941acb972d0d33c4eff7a9c611f3fa3eac435aa0a5f34459deb091961c48c97232656d8c17832d199e3e00fad51f0a5a5d6e7ee3876d462cb4bb3b5fe7143194eaf2bad9b446448dd27e883125317fe3810b0a1e63496decddb61d1f0c77d01ef04be2c90265328e9656f21afacfeb4fe4ebc13abe4d98421192c07013e6e52e534d8512dd48007761a83bc6d8247916818452b4c9fb408e14f547a8591cb5fe50e1a3b9eb82a7879b6dc5dc6621bd6de833bf18903bf08ef3a449ba9fbcca84bc716f420020dc2e2d144dac8310f5577d790aef8389c6119271547800805eb007c6dbfe9525da50e1fe1f765958b78873dcca57e934d4dbb450310e2a6dd6f49197efb9eb3edf3123112267a93034f2310f1e78541dc05a25ab19bc04e8606bf743d4bd8fe15fc50074625118268cdfb20429b0582b5955cd0870541a5a1a7f4f610dacb998fe31b97d72392ded170eee1e852f7fc4ffba5911cd13d3541144f5dcb03da452b9970520,gx-no-cache=1522677498590 HTTP/1.1" 200 30
186.79.49.245 - - [02/Apr/2018:10:59:15 -0300] "POST /cormun/servlet/solicitudot?gx-no-cache=1522677502225 HTTP/1.1" 200 30
186.79.49.245 - - [02/Apr/2018:10:59:23 -0300] "POST /cormun/servlet/solicitudot?gx-no-cache=1522677510350 HTTP/1.1" 200 30
186.79.49.245 - - [02/Apr/2018:10:59:28 -0300] "POST /cormun/servlet/solicitudot?gx-no-cache=1522677515748 HTTP/1.1" 200 1350
186.79.49.245 - - [02/Apr/2018:10:59:29 -0300] "POST /cormun/servlet/solicitudot?gx-no-cache=1522677515954 HTTP/1.1" 200 38
200.112.233.47 - - [02/Apr/2018:11:00:11 -0300] "GET /cormun/servlet/fichaempleado?UPD,10085873, HTTP/1.1" 200 6165
200.112.233.47 - - [02/Apr/2018:11:00:11 -0300] "GET /cormun/static/gxcfg.js?20176282043676 HTTP/1.1" 200 953
200.112.233.47 - - [02/Apr/2018:11:00:12 -0300] "GET /cormun/static/fichaempleado.js?2017628204374 HTTP/1.1" 200 17534
200.112.233.47 - - [02/Apr/2018:11:00:15 -0300] "GET /cormun/static/Resources/Spanish/PXTools.css?17315867 HTTP/1.1" 200 89042
200.112.233.47 - - [02/Apr/2018:11:00:16 -0300] "GET /cormun/servlet/fichaempleado?UPD,10085873, HTTP/1.1" 200 6166
200.112.233.47 - - [02/Apr/2018:11:01:30 -0300] "GET /cormun/servlet/hhome HTTP/1.1" 200 4222
200.112.233.47 - - [02/Apr/2018:11:01:33 -0300] "GET /cormun/servlet/hhome HTTP/1.1" 200 4218
200.112.233.47 - - [02/Apr/2018:11:02:01 -0300] "GET /cormun/servlet/trsolicitudot? HTTP/1.1" 200 15262
200.112.233.47 - - [02/Apr/2018:11:02:01 -0300] "GET /cormun/servlet/trsolicitudot? HTTP/1.1" 200 15262
200.112.233.47 - - [02/Apr/2018:11:02:01 -0300] "GET /cormun/static/gxui/gxui-all.css?120300 HTTP/1.1" 200 2179
200.112.233.47 - - [02/Apr/2018:11:02:01 -0300] "GET /cormun/static/calendar-system.css?85620 HTTP/1.1" 200 5572
200.112.233.47 - - [02/Apr/2018:11:02:01 -0300] "GET /cormun/static/gxcfg.js?2017111422585916 HTTP/1.1" 200 953
200.112.233.47 - - [02/Apr/2018:11:02:01 -0300] "GET /cormun/static/calendar-setup.js?85251 HTTP/1.1" 200 2588
200.112.233.47 - - [02/Apr/2018:11:02:01 -0300] "GET /cormun/static/calendar-es.js?85251 HTTP/1.1" 200 1901
200.112.233.47 - - [02/Apr/2018:11:02:01 -0300] "GET /cormun/static/calendar.js?85251 HTTP/1.1" 200 26246
200.112.233.47 - - [02/Apr/2018:11:02:01 -0300] "GET /cormun/static/Resources/Spanish/PXTools.css?1255365 HTTP/1.1" 200 89042
200.112.233.47 - - [02/Apr/2018:11:02:02 -0300] "GET /cormun/static/trsolicitudot.js?201711142259839 HTTP/1.1" 200 54041
200.112.233.47 - - [02/Apr/2018:11:02:02 -0300] "GET /cormun/static/Shared/ext/resources/css/ext-all.css?215870 HTTP/1.1" 200 416045
200.112.233.47 - - [02/Apr/2018:11:02:02 -0300] "GET /cormun/static/Resources/PXTools/calendar.png HTTP/1.1" 200 1306
200.112.233.47 - - [02/Apr/2018:11:02:02 -0300] "GET /cormun/static/Resources/PXToolsActionExcel.png HTTP/1.1" 200 3187
200.112.233.47 - - [02/Apr/2018:11:02:02 -0300] "GET /cormun/static/Resources/PXToolsGridNew.png HTTP/1.1" 200 2949
200.112.233.47 - - [02/Apr/2018:11:02:02 -0300] "GET /cormun//static/Resources/PXToolsActionView.png HTTP/1.1" 200 2995
200.112.233.47 - - [02/Apr/2018:11:02:02 -0300] "GET /cormun//static/Resources/PXToolsGridDelete.png HTTP/1.1" 200 357
200.112.233.47 - - [02/Apr/2018:11:02:02 -0300] "GET /cormun//static/Resources/PXToolsRemoveAllAction.png HTTP/1.1" 200 3558
200.112.233.47 - - [02/Apr/2018:11:02:02 -0300] "GET /cormun//static/Resources/PXTools/ActionInsert.png HTTP/1.1" 200 1482
200.112.233.47 - - [02/Apr/2018:11:02:03 -0300] "GET /cormun/servlet/trsolicitudot? HTTP/1.1" 200 15260
200.112.233.47 - - [02/Apr/2018:11:03:03 -0300] "POST /cormun/servlet/trsolicitudot?c64cdc4614f11ab95d42684cee6fc9f4,,gx-no-cache=1522677729843 HTTP/1.1" 200 4485
200.112.233.47 - - [02/Apr/2018:11:03:06 -0300] "GET /cormun/servlet/hhome HTTP/1.1" 200 4222
200.112.233.47 - - [02/Apr/2018:11:03:07 -0300] "GET /cormun/servlet/hhome HTTP/1.1" 200 4218
190.151.100.218 - - [02/Apr/2018:11:03:08 -0300] "GET /cormun/servlet/trpermisosadjuntos?14153113,20180402104023,P, HTTP/1.1" 200 6525
190.151.100.218 - - [02/Apr/2018:11:03:08 -0300] "GET /cormun/static/gxcfg.js?201762817193957 HTTP/1.1" 200 953
190.151.100.218 - - [02/Apr/2018:11:03:09 -0300] "GET /cormun/servlet/trpermisosadjuntos?14153113,20180402104023,P, HTTP/1.1" 200 6524
190.151.100.218 - - [02/Apr/2018:11:03:10 -0300] "GET /cormun/servlet/permisosadjuntos?INS,14153113,P,20180402104023,, HTTP/1.1" 200 5852
190.151.100.218 - - [02/Apr/2018:11:03:10 -0300] "GET /cormun/static/gxcfg.js?201762717441171 HTTP/1.1" 200 953
186.103.132.155 - - [02/Apr/2018:11:03:10 -0300] "GET /cormun/static/permisosadjuntos.js?201762717441184 HTTP/1.1" 200 8724
190.151.100.218 - - [02/Apr/2018:11:03:11 -0300] "GET /cormun/static/about:blank HTTP/1.1" 404 1011
190.151.100.218 - - [02/Apr/2018:11:03:11 -0300] "GET /cormun/servlet/permisosadjuntos?INS,14153113,P,20180402104023,, HTTP/1.1" 200 5841
186.103.159.187 - - [02/Apr/2018:11:04:03 -0300] "GET /cormun/servlet/hhome HTTP/1.1" 200 3397
186.103.159.187 - - [02/Apr/2018:11:04:05 -0300] "GET /cormun/servlet/hhome HTTP/1.1" 200 3405
186.103.159.187 - - [02/Apr/2018:11:04:05 -0300] "GET /cormun/servlet/hlogin HTTP/1.1" 200 1732
186.103.159.188 - - [02/Apr/2018:11:04:07 -0300] "GET /cormun/servlet/hlogin HTTP/1.1" 200 1728
186.103.159.187 - - [02/Apr/2018:11:04:13 -0300] "POST /cormun/servlet/hlogin?097a97f753d54bf169754f1a2edab4aa,gx-no-cache=1522681485520 HTTP/1.1" 200 90
186.103.159.187 - - [02/Apr/2018:11:04:13 -0300] "GET /cormun/servlet/hpexe_link HTTP/1.1" 200 949
186.103.159.187 - - [02/Apr/2018:11:04:13 -0300] "GET /cormun/servlet/hhome HTTP/1.1" 200 3929
186.103.159.188 - - [02/Apr/2018:11:04:13 -0300] "POST /cormun/servlet/hlogin?d17e43a7284d8c62cd40809f40a13897,gx-no-cache=1522677800364 HTTP/1.1" 200 90
186.103.159.188 - - [02/Apr/2018:11:04:13 -0300] "GET /cormun/servlet/hpexe_link HTTP/1.1" 200 954
186.103.159.188 - - [02/Apr/2018:11:04:13 -0300] "GET /cormun/servlet/hhome HTTP/1.1" 200 3949
186.103.159.187 - - [02/Apr/2018:11:04:14 -0300] "GET /cormun/servlet/hhome HTTP/1.1" 200 3926
186.103.159.188 - - [02/Apr/2018:11:04:14 -0300] "GET /cormun/servlet/hhome HTTP/1.1" 200 3945
186.103.159.188 - - [02/Apr/2018:11:04:16 -0300] "GET /cormun/servlet/trsolicitudot? HTTP/1.1" 200 7161
186.103.159.188 - - [02/Apr/2018:11:04:16 -0300] "GET /cormun/servlet/trsolicitudot? HTTP/1.1" 200 7160
186.103.159.187 - - [02/Apr/2018:11:04:17 -0300] "GET /cormun/servlet/trsolicitudot? HTTP/1.1" 200 7136
186.103.159.187 - - [02/Apr/2018:11:04:17 -0300] "GET /cormun/servlet/trsolicitudot? HTTP/1.1" 200 7136
186.103.159.188 - - [02/Apr/2018:11:04:19 -0300] "GET /cormun/servlet/solicitudot?INS,0,0, HTTP/1.1" 200 13399
186.103.159.188 - - [02/Apr/2018:11:04:20 -0300] "GET /cormun/servlet/solicitudot?INS,0,0, HTTP/1.1" 200 13404
186.103.159.187 - - [02/Apr/2018:11:04:20 -0300] "GET /cormun/servlet/solicitudot?INS,0,0, HTTP/1.1" 200 13383
186.103.159.187 - - [02/Apr/2018:11:04:21 -0300] "GET /cormun/servlet/solicitudot?INS,0,0, HTTP/1.1" 200 13388
190.151.100.218 - - [02/Apr/2018:11:04:23 -0300] "POST /cormun/servlet/permisosadjuntos?8b9c18b96712cba9f41879866075a324,INS,14153113,P,20180402104023,, HTTP/1.1" 200 116
190.151.100.218 - - [02/Apr/2018:11:04:23 -0300] "GET /cormun/servlet/hpexe_return? HTTP/1.1" 200 1036
190.151.100.218 - - [02/Apr/2018:11:04:24 -0300] "GET /cormun/servlet/trpermisosadjuntos?14153113,20180402104023,P, HTTP/1.1" 200 7011
190.151.100.218 - - [02/Apr/2018:11:04:24 -0300] "GET /cormun/servlet/trpermisosadjuntos?14153113,20180402104023,P, HTTP/1.1" 200 7008
190.161.236.41 - - [02/Apr/2018:11:04:25 -0300] "POST /cormun/servlet/solicitudot?gx-no-cache=1522677811687 HTTP/1.1" 200 3407
190.161.236.41 - - [02/Apr/2018:11:04:25 -0300] "POST /cormun/servlet/solicitudot?d17e43a7284d8c62cd40809f40a13897,INS,0,0,,gx-no-cache=1522677812139 HTTP/1.1" 200 10389
190.161.236.41 - - [02/Apr/2018:11:04:29 -0300] "GET /cormun/servlet/solicitudot?0b5537c90b8e5c01d5cdcc9e98a05e498c1dae37a958076a0c6f9dac8d91b97508636b07937f12faf2a6df31e09cee58,gx-no-cache=1522677816277 HTTP/1.1" 200 30
190.161.236.41 - - [02/Apr/2018:11:04:29 -0300] "GET /cormun/servlet/solicitudot?0b5537c90b8e5c01d5cdcc9e98a05e4998cb8f389bdcef029a02b9cd5249fce4cd9c09fa395a0c38d70cd99493ad98a1dad6fcf3f45c8fd0221cc5802f7dee9a,gx-no-cache=1522677816395 HTTP/1.1" 200 30
190.151.100.218 - - [02/Apr/2018:11:04:29 -0300] "POST /cormun/servlet/trpermisosadjuntos?8b9c18b96712cba9f41879866075a324,14153113,20180402104023,P,,gx-no-cache=1522677814696 HTTP/1.1" 200 90
190.161.236.41 - - [02/Apr/2018:11:04:29 -0300] "GET /cormun/servlet/solicitudot?0b5537c90b8e5c01d5cdcc9e98a05e49d98f78d7eac9aa597a09b10ce4274709,gx-no-cache=1522677816500 HTTP/1.1" 200 60
190.151.100.218 - - [02/Apr/2018:11:04:29 -0300] "GET /cormun/servlet/hpexe_link HTTP/1.1" 200 981
190.161.236.41 - - [02/Apr/2018:11:04:29 -0300] "POST /cormun/servlet/solicitudot?gx-no-cache=1522677816603 HTTP/1.1" 200 255
190.161.236.41 - - [02/Apr/2018:11:04:30 -0300] "GET /cormun/servlet/solicitudot?0b5537c90b8e5c01d5cdcc9e98a05e49eb1c7ae4532bfa9a97b6723365d7171ec0161b7d10e196110f239b2cdb5955e37de97463baf217da6332daecbafe221490b28117cd3eee4667f93595fa919cf8f981b29c865665f3b0f1b3128f629c6a8cac704adf834ec7a66cdb5fb5ff38874b51e06031e6e47b8a83d65119a23e92c708b3e1b1de1f4ac6ceb715cbcf48910446367fbb22e29fb4b93bd7c3bef108f3377c425a59706f06d4118e5bba8d6f9bbe85dc5558ceda497ce6f3eb177d67f21023ca3db28ab0e39a46b0a04b1fee6e105e91635138292b6bc63e5dd762cde7154b131265fd4caa2c7d6590a7aac61695ea559093c4b207a724cd7ff821f949c3c92cf849811b0206b4ae6999998064cefab443d1ec3a568d8596712c988f0261d7e23cd0c92a1b764ca3bd8294866943dcd0570562b943ffef40b0833ce971a7ad7f4d4ae75280107a5774cee8d4c569abad713aac6cff9ee267ee92db842b546198e74bc3ec0e70d5f870b63b84c08b9fcfc5422b33870c4b54f09e9dce,gx-no-cache=1522677816739 HTTP/1.1" 200 30
190.151.100.218 - - [02/Apr/2018:11:04:30 -0300] "GET /cormun/servlet/trpermisosgoce HTTP/1.1" 200 8572
190.151.100.218 - - [02/Apr/2018:11:04:30 -0300] "GET /cormun/servlet/trpermisosgoce HTTP/1.1" 200 8571
190.161.236.41 - - [02/Apr/2018:11:04:32 -0300] "POST /cormun/servlet/solicitudot?gx-no-cache=1522677819267 HTTP/1.1" 200 30
200.112.233.47 - - [02/Apr/2018:11:04:34 -0300] "GET /cormun/servlet/trfichaempleado? HTTP/1.1" 200 12596
200.112.233.47 - - [02/Apr/2018:11:04:36 -0300] "GET /cormun/servlet/trsolicitudot? HTTP/1.1" 200 7444
200.112.233.47 - - [02/Apr/2018:11:04:37 -0300] "GET /cormun/servlet/trsolicitudot? HTTP/1.1" 200 7444
190.161.236.41 - - [02/Apr/2018:11:04:37 -0300] "GET /cormun/servlet/prcontratosol?15102666,,,,,MD,,gxPopupLevel%3D0%3B HTTP/1.1" 200 8820
190.161.236.41 - - [02/Apr/2018:11:04:37 -0300] "GET /cormun/static/gxcfg.js?201761413223964 HTTP/1.1" 304 -
190.161.236.41 - - [02/Apr/2018:11:04:40 -0300] "POST /cormun/servlet/solicitudot?gx-no-cache=1522677827378 HTTP/1.1" 200 1353
190.161.236.41 - - [02/Apr/2018:11:04:40 -0300] "POST /cormun/servlet/solicitudot?gx-no-cache=1522677827516 HTTP/1.1" 200 38
190.161.236.41 - - [02/Apr/2018:11:04:40 -0300] "GET /cormun/servlet/solicitudot?0b5537c90b8e5c01d5cdcc9e98a05e49e27609e67ac548762dbb37691fabf670aff8ed8be80530b9f7614d00049d455abaadc1981a487c361d31f8ffbf9b983846fbb53f2edce391371b1ce84a7d3dd3231468d08575305df66763b3b2fda5a383e45bd9d06282e4f4927c7fcfa14e6eb8249a5e8b6e9f2f2154bd0c353699f22a33295ec103f44815283e4424c79195c22732b219732b1cd1979cb866f7003d,gx-no-cache=1522677827610 HTTP/1.1" 200 29
190.161.236.41 - - [02/Apr/2018:11:04:41 -0300] "POST /cormun/servlet/solicitudot?gx-no-cache=1522677827703 HTTP/1.1" 200 1335
190.161.236.41 - - [02/Apr/2018:11:04:41 -0300] "POST /cormun/servlet/solicitudot?gx-no-cache=1522677827811 HTTP/1.1" 200 1232
190.161.236.41 - - [02/Apr/2018:11:04:41 -0300] "GET /cormun/servlet/solicitudot?0b5537c90b8e5c01d5cdcc9e98a05e492853bbb0c799a615c3585cb78f8010de36bf0168fecc58c02a77129ebab2ea3f,gx-no-cache=1522677827924 HTTP/1.1" 200 134
190.161.236.41 - - [02/Apr/2018:11:04:41 -0300] "GET /cormun/static/Shared/jqueryui/images/ui-bg_highlight-soft_100_c6c2c8_1x100.png HTTP/1.1" 404 1117
186.103.159.188 - - [02/Apr/2018:11:04:41 -0300] "GET /cormun/static/Shared/jqueryui/images/ui-icons_82798d_256x240.png HTTP/1.1" 404 1089
190.161.236.41 - - [02/Apr/2018:11:04:41 -0300] "GET /cormun/static/Shared/jqueryui/images/ui-bg_flat_55_994d53_40x100.png HTTP/1.1" 404 1097
190.161.236.41 - - [02/Apr/2018:11:04:41 -0300] "GET /cormun/static/Shared/jqueryui/images/ui-icons_ebccce_256x240.png HTTP/1.1" 404 1089
200.72.197.82 - - [02/Apr/2018:11:04:55 -0300] "GET /cormun/servlet/trpermisosadjuntos?16179944,20180402104218,P, HTTP/1.1" 200 6531
186.103.161.206 - - [02/Apr/2018:11:04:55 -0300] "GET /cormun/servlet/trpermisosadjuntos?16179944,20180402104218,P, HTTP/1.1" 200 6531
186.103.161.206 - - [02/Apr/2018:11:04:55 -0300] "GET /cormun/servlet/trpermisosadjuntos?16179944,20180402104218,P, HTTP/1.1" 200 6531
186.103.161.206 - - [02/Apr/2018:11:04:58 -0300] "GET /cormun/servlet/permisosadjuntos?INS,16179944,P,20180402104218,, HTTP/1.1" 200 5864
186.103.161.206 - - [02/Apr/2018:11:04:58 -0300] "GET /cormun/static/about:blank HTTP/1.1" 404 1011
186.103.161.206 - - [02/Apr/2018:11:04:58 -0300] "GET /cormun/servlet/permisosadjuntos?INS,16179944,P,20180402104218,, HTTP/1.1" 200 5854
186.103.159.188 - - [02/Apr/2018:11:05:03 -0300] "POST /cormun/servlet/solicitudot?gx-no-cache=1522677850060 HTTP/1.1" 200 1336
186.103.159.188 - - [02/Apr/2018:11:05:03 -0300] "POST /cormun/servlet/solicitudot?gx-no-cache=1522677850170 HTTP/1.1" 200 1232
186.103.159.188 - - [02/Apr/2018:11:05:03 -0300] "GET /cormun/static/menuarrow.gif HTTP/1.1" 404 1015
186.103.159.188 - - [02/Apr/2018:11:05:05 -0300] "POST /cormun/servlet/solicitudot?gx-no-cache=1522677852666 HTTP/1.1" 200 1336
186.103.159.188 - - [02/Apr/2018:11:05:06 -0300] "POST /cormun/servlet/solicitudot?gx-no-cache=1522677852753 HTTP/1.1" 200 1232
186.103.159.188 - - [02/Apr/2018:11:05:10 -0300] "GET /cormun/servlet/solicitudot?0b5537c90b8e5c01d5cdcc9e98a05e49c4ad4636f98839adf5744f60a044137636bf0168fecc58c02a77129ebab2ea3f,gx-no-cache=1522677857106 HTTP/1.1" 200 30
186.103.159.188 - - [02/Apr/2018:11:05:10 -0300] "POST /cormun/servlet/solicitudot?gx-no-cache=1522677857243 HTTP/1.1" 200 33
186.103.159.188 - - [02/Apr/2018:11:05:11 -0300] "POST /cormun/servlet/solicitudot?d17e43a7284d8c62cd40809f40a13897,INS,0,0,,gx-no-cache=1522677857375 HTTP/1.1" 200 93
186.103.159.188 - - [02/Apr/2018:11:05:12 -0300] "GET /cormun/servlet/hpexe_return? HTTP/1.1" 200 1009
186.103.159.188 - - [02/Apr/2018:11:05:12 -0300] "GET /cormun/servlet/trsolicitudot HTTP/1.1" 200 8576
186.103.159.188 - - [02/Apr/2018:11:05:12 -0300] "GET /cormun/servlet/trsolicitudot HTTP/1.1" 200 8572
186.67.203.186 - - [02/Apr/2018:11:05:15 -0300] "POST /cormun/servlet/permisosadjuntos?8b9c18b96712cba9f41879866075a324,INS,16179944,P,20180402104218,, HTTP/1.1" 200 116
186.67.203.186 - - [02/Apr/2018:11:05:15 -0300] "GET /cormun/servlet/hpexe_return? HTTP/1.1" 200 1037
186.67.203.186 - - [02/Apr/2018:11:05:15 -0300] "GET /cormun/servlet/trpermisosadjuntos?16179944,20180402104218,P, HTTP/1.1" 200 7017
186.67.203.186 - - [02/Apr/2018:11:05:16 -0300] "GET /cormun/servlet/trpermisosadjuntos?16179944,20180402104218,P, HTTP/1.1" 200 7013
186.79.172.55 - - [02/Apr/2018:11:05:20 -0300] "GET /cormun/servlet/hpexe_return? HTTP/1.1" 200 984
186.79.172.55 - - [02/Apr/2018:11:05:20 -0300] "GET /cormun/static/gxtimezone.js?85251 HTTP/1.1" 200 5781
186.79.172.55 - - [02/Apr/2018:11:05:20 -0300] "GET /cormun/static/gxcfg.js?2016101716175148 HTTP/1.1" 200 953
186.79.172.55 - - [02/Apr/2018:11:05:20 -0300] "GET /cormun/static/Resources/Spanish/PXTools.css?167811 HTTP/1.1" 200 89042
186.79.172.55 - - [02/Apr/2018:11:05:20 -0300] "GET /cormun/static/RunJS/RunJS.js HTTP/1.1" 200 288
186.79.172.55 - - [02/Apr/2018:11:05:21 -0300] "GET /cormun/static/messages.spa.js?85251 HTTP/1.1" 200 30736
186.79.172.55 - - [02/Apr/2018:11:05:21 -0300] "GET /cormun/static/hpexe_return.js?2016101716175153 HTTP/1.1" 200 1633
200.111.122.170 - - [02/Apr/2018:11:05:21 -0300] "POST /cormun/servlet/trpermisosadjuntos?8b9c18b96712cba9f41879866075a324,16179944,20180402104218,P,,gx-no-cache=1522677865237 HTTP/1.1" 200 90
200.111.122.170 - - [02/Apr/2018:11:05:21 -0300] "GET /cormun/servlet/hpexe_link HTTP/1.1" 200 983
186.79.172.55 - - [02/Apr/2018:11:05:21 -0300] "GET /cormun/static/gxgral.js?85251 HTTP/1.1" 200 384558
200.111.122.170 - - [02/Apr/2018:11:05:21 -0300] "GET /cormun/servlet/trpermisosgoce HTTP/1.1" 200 8572
200.111.122.170 - - [02/Apr/2018:11:05:22 -0300] "GET /cormun/servlet/trpermisosgoce HTTP/1.1" 200 8571
186.79.172.55 - - [02/Apr/2018:11:05:22 -0300] "GET /cormun/servlet/hhome HTTP/1.1" 200 3405
200.112.233.47 - - [02/Apr/2018:11:05:22 -0300] "POST /cormun/servlet/trsolicitudot?c64cdc4614f11ab95d42684cee6fc9f4,,gx-no-cache=1522677867883 HTTP/1.1" 200 90
186.79.172.55 - - [02/Apr/2018:11:05:22 -0300] "GET /cormun/static/Resources/Spanish/PXTools.css?11423723 HTTP/1.1" 200 89042
186.79.172.55 - - [02/Apr/2018:11:05:22 -0300] "GET /cormun/static/Shared/jqueryui/jquery-ui.min.css?1245370 HTTP/1.1" 200 30288
186.79.172.55 - - [02/Apr/2018:11:05:22 -0300] "GET /cormun/static/SmoothNavMenu/resources/ddsmoothmenu.css?1012540 HTTP/1.1" 200 2223
186.79.172.55 - - [02/Apr/2018:11:05:22 -0300] "GET /cormun/static/SmoothNavMenu/resources/ddsmoothmenu-v.css?1012540 HTTP/1.1" 200 1188
186.79.172.55 - - [02/Apr/2018:11:05:22 -0300] "GET /cormun/static/scaMessage/css/jquery.pnotify.default.css?1716380 HTTP/1.1" 200 1707
200.112.233.47 - - [02/Apr/2018:11:05:22 -0300] "GET /cormun/servlet/hpexe_link HTTP/1.1" 200 964
186.79.172.55 - - [02/Apr/2018:11:05:22 -0300] "GET /cormun/static/gxtimezone.js?85251 HTTP/1.1" 200 5781
186.79.172.55 - - [02/Apr/2018:11:05:22 -0300] "GET /cormun/static/gxcfg.js?20175251212442 HTTP/1.1" 200 953
186.79.172.55 - - [02/Apr/2018:11:05:22 -0300] "GET /cormun/static/PXToolsJavascripts/pexe_autoreload.js HTTP/1.1" 200 1762
186.79.172.55 - - [02/Apr/2018:11:05:22 -0300] "GET /cormun/static/PXToolsJavascripts/pexe_cookies.js HTTP/1.1" 200 792
186.79.172.55 - - [02/Apr/2018:11:05:22 -0300] "GET /cormun/static/PXToolsJavascripts/pexe_windows.js HTTP/1.1" 200 15207
186.79.172.55 - - [02/Apr/2018:11:05:22 -0300] "GET /cormun/static/PXToolsJavascripts/pexe_grid.js HTTP/1.1" 200 7559
186.79.172.55 - - [02/Apr/2018:11:05:22 -0300] "GET /cormun/static/PXToolsJavascripts/pexe_griddivfix.js HTTP/1.1" 200 6644
186.79.172.55 - - [02/Apr/2018:11:05:23 -0300] "GET /cormun/static/PXToolsJavascripts/pexe_link.js HTTP/1.1" 200 5671
186.79.172.55 - - [02/Apr/2018:11:05:23 -0300] "GET /cormun/static/PXToolsJavascripts/pexe_menudivfix.js HTTP/1.1" 200 333
186.79.172.55 - - [02/Apr/2018:11:05:23 -0300] "GET /cormun/static/PXToolsJavascripts/pexe_menus.js HTTP/1.1" 200 1286
186.79.172.55 - - [02/Apr/2018:11:05:23 -0300] "GET /cormun/static/PXToolsJavascripts/pexe_layers.js HTTP/1.1" 200 4114
186.79.172.55 - - [02/Apr/2018:11:05:23 -0300] "GET /cormun/static/PXToolsJavascripts/pexe_oav.js HTTP/1.1" 200 645
186.79.172.55 - - [02/Apr/2018:11:05:23 -0300] "GET /cormun/static/PXToolsJavascripts/pexe_oavdivfix.js HTTP/1.1" 200 639
186.79.172.55 - - [02/Apr/2018:11:05:23 -0300] "GET /cormun/static/PXToolsJavascripts/pexe_picture.js HTTP/1.1" 200 689
186.79.172.55 - - [02/Apr/2018:11:05:23 -0300] "GET /cormun/static/PXToolsJavascripts/pexe_popup.js HTTP/1.1" 200 13458
186.79.172.55 - - [02/Apr/2018:11:05:23 -0300] "GET /cormun/static/PXToolsJavascripts/pexe_scrolldiv.js HTTP/1.1" 200 4138
186.79.172.55 - - [02/Apr/2018:11:05:23 -0300] "GET /cormun/static/PXToolsJavascripts/pexe_tabdivfix.js HTTP/1.1" 200 876
186.79.172.55 - - [02/Apr/2018:11:05:23 -0300] "GET /cormun/static/PXToolsJavascripts/pexe_tabs.js HTTP/1.1" 200 3748
186.79.172.55 - - [02/Apr/2018:11:05:23 -0300] "GET /cormun/static/PXToolsJavascripts/pexe_upload.js HTTP/1.1" 200 1423
186.79.172.55 - - [02/Apr/2018:11:05:23 -0300] "GET /cormun/static/gxgral.js?85251 HTTP/1.1" 200 384558
186.79.172.55 - - [02/Apr/2018:11:05:23 -0300] "GET /cormun/static/PXToolsJavascripts/PXToolsJavascriptsRender.js HTTP/1.1" 200 367
186.79.172.55 - - [02/Apr/2018:11:05:23 -0300] "GET /cormun/static/RunJS/RunJS.js HTTP/1.1" 200 288
186.79.172.55 - - [02/Apr/2018:11:05:23 -0300] "GET /cormun/static/Shared/ext/locale/ext-lang-en.js HTTP/1.1" 200 10940
186.79.172.55 - - [02/Apr/2018:11:05:23 -0300] "GET /cormun/static/messages.spa.js?85251 HTTP/1.1" 200 30736
186.79.172.55 - - [02/Apr/2018:11:05:23 -0300] "GET /cormun/static/hhome.js?20175251212450 HTTP/1.1" 200 777
186.79.172.55 - - [02/Apr/2018:11:05:23 -0300] "GET /cormun/static/hwchdr01.js?201752511465785 HTTP/1.1" 200 1183
186.79.172.55 - - [02/Apr/2018:11:05:23 -0300] "GET /cormun/static/gxui/gxui-all.js HTTP/1.1" 200 107772
186.79.172.55 - - [02/Apr/2018:11:05:24 -0300] "GET /cormun/static/hpexe_recentlink.js?20177611595044 HTTP/1.1" 200 2144
186.79.172.55 - - [02/Apr/2018:11:05:24 -0300] "GET /cormun/static/hpexe_scripts.js?201752511465715 HTTP/1.1" 200 1544
186.79.172.55 - - [02/Apr/2018:11:05:24 -0300] "GET /cormun/static/hpexe_messagecontroller.js?20177611595012 HTTP/1.1" 200 870
186.79.172.55 - - [02/Apr/2018:11:05:24 -0300] "GET /cormun/static/hpexe_messagepopupcomponent.js?20161017169425 HTTP/1.1" 200 605
186.79.172.55 - - [02/Apr/2018:11:05:24 -0300] "GET /cormun/static/hpexe_messagegenexuscomponent.js?201752511465344 HTTP/1.1" 200 587
186.79.172.55 - - [02/Apr/2018:11:05:24 -0300] "GET /cormun/static/cmcontrolpreferences.js?201752511465670 HTTP/1.1" 200 1375
186.79.172.55 - - [02/Apr/2018:11:05:24 -0300] "GET /cormun/static/SmoothNavMenu/resources/ddsmoothmenu.js HTTP/1.1" 200 12712
186.79.172.55 - - [02/Apr/2018:11:05:24 -0300] "GET /cormun/static/SmoothNavMenu/resources/SmoothNavMenuRender.js HTTP/1.1" 200 5951
186.79.172.55 - - [02/Apr/2018:11:05:24 -0300] "GET /cormun/static/scaMessage/js/jquery.pnotify.min.js HTTP/1.1" 200 13038
186.79.172.55 - - [02/Apr/2018:11:05:24 -0300] "GET /cormun/static/Shared/jquery/jquery-1.4.2.min.js HTTP/1.1" 200 72174
186.79.172.55 - - [02/Apr/2018:11:05:24 -0300] "GET /cormun/static/scaMessage/scaMessageRender.js HTTP/1.1" 200 11977
186.79.172.55 - - [02/Apr/2018:11:05:24 -0300] "GET /cormun/static/hmpwkw03.js?20177612122668 HTTP/1.1" 200 3965
186.79.172.55 - - [02/Apr/2018:11:05:24 -0300] "GET /cormun/static/Resources/logo4.png HTTP/1.1" 200 6582
186.79.172.55 - - [02/Apr/2018:11:05:25 -0300] "GET /cormun/static/Resources/PXToolsHeaderActionsLeft.png HTTP/1.1" 200 1118
186.79.172.55 - - [02/Apr/2018:11:05:25 -0300] "GET /cormun/static/Resources/PXToolsHeaderHome.png HTTP/1.1" 200 4147
186.79.172.55 - - [02/Apr/2018:11:05:25 -0300] "GET /cormun/static/Resources/PXToolsHeaderPreferences.png HTTP/1.1" 200 4189
186.79.172.55 - - [02/Apr/2018:11:05:25 -0300] "GET /cormun/static/Shared/jquery/jquery-1.10.2.min.js HTTP/1.1" 200 229376
186.79.172.55 - - [02/Apr/2018:11:05:25 -0300] "GET /cormun/static/Resources/PXToolsHeaderLogin.png HTTP/1.1" 200 4279
186.79.172.55 - - [02/Apr/2018:11:05:25 -0300] "GET /cormun/static/Resources/PXToolsHeaderBackground2.png HTTP/1.1" 200 1174
186.79.172.55 - - [02/Apr/2018:11:05:25 -0300] "GET /cormun/static/Resources/PXToolsFooterBackground2.png HTTP/1.1" 200 1172
186.79.172.55 - - [02/Apr/2018:11:05:25 -0300] "GET /cormun/static/Resources/PXToolsHeaderActionsBackground.png HTTP/1.1" 200 484
186.79.172.55 - - [02/Apr/2018:11:05:25 -0300] "GET /cormun/static/Shared/jqueryui/jquery-ui.min.js HTTP/1.1" 200 57344
186.79.172.55 - - [02/Apr/2018:11:05:25 -0300] "GET /cormun/static/Resources/PXToolsDataTitle.png HTTP/1.1" 200 1173
186.103.132.155 - - [02/Apr/2018:11:05:29 -0300] "POST /cormun/servlet/trpermisosgoce?8b9c18b96712cba9f41879866075a324,gx-no-cache=1522677873207 HTTP/1.1" 200 5739
186.103.132.155 - - [02/Apr/2018:11:05:29 -0300] "GET /cormun/static/Shared/jqueryui/images/ui-bg_highlight-soft_100_c6c2c8_1x100.png HTTP/1.1" 404 1117
190.151.100.218 - - [02/Apr/2018:11:05:29 -0300] "GET /cormun/static/Shared/jqueryui/images/ui-bg_flat_55_fafafa_40x100.png HTTP/1.1" 404 1097
186.103.132.155 - - [02/Apr/2018:11:05:29 -0300] "GET /cormun/static/Shared/jqueryui/images/ui-icons_8d78a5_256x240.png HTTP/1.1" 404 1089
200.72.197.82 - - [02/Apr/2018:11:05:29 -0300] "GET /cormun/static/Shared/jqueryui/images/ui-icons_82798d_256x240.png HTTP/1.1" 404 1089
200.72.197.82 - - [02/Apr/2018:11:05:33 -0300] "POST /cormun/servlet/trpermisosgoce?8b9c18b96712cba9f41879866075a324,gx-no-cache=1522677877696 HTTP/1.1" 200 5702
186.103.159.187 - - [02/Apr/2018:11:05:34 -0300] "GET /cormun/servlet/trsolicitudot? HTTP/1.1" 200 7137
186.103.159.187 - - [02/Apr/2018:11:05:35 -0300] "GET /cormun/servlet/trsolicitudot? HTTP/1.1" 200 7136
186.103.159.188 - - [02/Apr/2018:11:05:36 -0300] "POST /cormun/servlet/trsolicitudot?d17e43a7284d8c62cd40809f40a13897,gx-no-cache=1522677882769 HTTP/1.1" 200 4498
186.103.159.188 - - [02/Apr/2018:11:05:36 -0300] "GET /cormun/static/Shared/jqueryui/images/ui-bg_highlight-soft_100_c6c2c8_1x100.png HTTP/1.1" 404 1117
186.103.159.188 - - [02/Apr/2018:11:05:36 -0300] "GET /cormun/static/Shared/jqueryui/images/ui-bg_flat_55_fafafa_40x100.png HTTP/1.1" 404 1097
186.103.159.188 - - [02/Apr/2018:11:05:36 -0300] "GET /cormun/static/Shared/jqueryui/images/ui-icons_8d78a5_256x240.png HTTP/1.1" 404 1089
190.161.236.41 - - [02/Apr/2018:11:05:37 -0300] "GET /cormun/static/Shared/jqueryui/images/ui-icons_82798d_256x240.png HTTP/1.1" 404 1089
186.103.159.187 - - [02/Apr/2018:11:05:38 -0300] "GET /cormun/servlet/solicitudot?INS,0,0, HTTP/1.1" 200 13382
186.103.159.188 - - [02/Apr/2018:11:05:39 -0300] "POST /cormun/servlet/trsolicitudot?d17e43a7284d8c62cd40809f40a13897,gx-no-cache=1522677883327 HTTP/1.1" 200 4261
200.72.197.82 - - [02/Apr/2018:11:05:39 -0300] "GET /cormun/servlet/trautorizarpermisogoce? HTTP/1.1" 200 8152
200.72.197.82 - - [02/Apr/2018:11:05:39 -0300] "GET /cormun/static/gxcfg.js?20177612165975 HTTP/1.1" 200 953
186.103.159.187 - - [02/Apr/2018:11:05:39 -0300] "GET /cormun/servlet/solicitudot?INS,0,0, HTTP/1.1" 200 13387
186.67.203.186 - - [02/Apr/2018:11:05:39 -0300] "GET /cormun/static/trautorizarpermisogoce.js?2017761217384 HTTP/1.1" 200 34948
186.67.203.186 - - [02/Apr/2018:11:05:40 -0300] "GET /cormun/servlet/trautorizarpermisogoce? HTTP/1.1" 200 8152
200.111.122.170 - - [02/Apr/2018:11:05:44 -0300] "POST /cormun/servlet/trautorizarpermisogoce?8b9c18b96712cba9f41879866075a324,,gx-no-cache=1522677888832 HTTP/1.1" 200 5109
200.111.122.170 - - [02/Apr/2018:11:05:44 -0300] "GET /cormun/static/Shared/jqueryui/images/ui-bg_highlight-soft_100_c6c2c8_1x100.png HTTP/1.1" 404 1117
200.111.122.170 - - [02/Apr/2018:11:05:44 -0300] "GET /cormun/static/Shared/jqueryui/images/ui-icons_82798d_256x240.png HTTP/1.1" 404 1089
200.111.122.170 - - [02/Apr/2018:11:05:44 -0300] "GET /cormun/static/Shared/jqueryui/images/ui-icons_8d78a5_256x240.png HTTP/1.1" 404 1089
186.67.203.186 - - [02/Apr/2018:11:05:44 -0300] "GET /cormun/static/Shared/jqueryui/images/ui-bg_flat_55_fafafa_40x100.png HTTP/1.1" 404 1097
186.67.203.186 - - [02/Apr/2018:11:05:46 -0300] "POST /cormun/servlet/trautorizarpermisogoce?8b9c18b96712cba9f41879866075a324,,gx-no-cache=1522677890813 HTTP/1.1" 200 4353
186.67.164.142 - - [02/Apr/2018:11:05:55 -0300] "POST /cormun/servlet/trsolicitudot?e25201c5a94861f486d7cec71fd48d93,,gx-no-cache=1522677900492 HTTP/1.1" 200 23600
186.103.159.187 - - [02/Apr/2018:11:06:00 -0300] "POST /cormun/servlet/solicitudot?gx-no-cache=1522681591852 HTTP/1.1" 200 3412
186.103.159.187 - - [02/Apr/2018:11:06:00 -0300] "POST /cormun/servlet/solicitudot?097a97f753d54bf169754f1a2edab4aa,INS,0,0,,gx-no-cache=1522681592582 HTTP/1.1" 200 10365
186.103.159.187 - - [02/Apr/2018:11:06:05 -0300] "GET /cormun/servlet/solicitudot?f36dd2bf18bd6f557c6e53b9904e336550145550314d8308709ce160cb8befd5644f897de65bfb63c4be1a3097c37950,gx-no-cache=1522681598015 HTTP/1.1" 200 30
186.103.159.187 - - [02/Apr/2018:11:06:06 -0300] "GET /cormun/servlet/solicitudot?f36dd2bf18bd6f557c6e53b9904e3365862e481deed27edccc4aaa51c61a379ca6ddef6806b306a8eb871e210b1fbc66613dcb0a7aeba9c512eaafd67347d1c5,gx-no-cache=1522681598132 HTTP/1.1" 200 30
186.103.159.187 - - [02/Apr/2018:11:06:06 -0300] "GET /cormun/servlet/solicitudot?f36dd2bf18bd6f557c6e53b9904e336514dd1dab60467136bc19adefb9c2f81b,gx-no-cache=1522681598607 HTTP/1.1" 200 53
186.103.159.187 - - [02/Apr/2018:11:06:06 -0300] "POST /cormun/servlet/solicitudot?gx-no-cache=1522681598727 HTTP/1.1" 200 256
186.103.159.187 - - [02/Apr/2018:11:06:06 -0300] "GET /cormun/servlet/solicitudot?f36dd2bf18bd6f557c6e53b9904e3365679de4c203af773196f6cb57d6f8997f9557ab812232c4a362e75d0753b26906b04002eade7a62f7bc0d66c9bd686b8c429a2f10022e264c82a90683470cd83c7ecf6acbbf2c34513f6c90978a9231f678ebbc5b44fb94850cc6da0306e0f8d1ab52e12a72d5c4e27b496b2ba438adb8b93cce8a7b87399e11de3e9dd6da93d31ef2f439f041fe169e69b800b6a4ff75e322b26a3b20bc554ad0a19bf2a04ccbd8527e4c85d53584571b8bf079846b40377605eeeda066e6b4ad1f1f2a8034bd9c8573a8e38a0ccfee7835e5fb3d079b91c3feb73b7045489f06949c7dcfe86449b4b7a729ccc5f202da7ccb8ff07375974391c8b44ef5d18be44c2bdffb833d4bccd1049f6b7e44c03be1b1ce5de7ec25262a6eafb672f09a943b7c33e1abfece89bd90e5c438d23f6b894c792246a7dbff617d75f5faf09660763727593fedc599da8d1ea9b44ce765f46fe98277a258232fb3552573f832b42b5d34dce8152b259527ba4e52ccd787dbf214b9a978,gx-no-cache=1522681598873 HTTP/1.1" 200 30
192.168.10.96 - - [02/Apr/2018:11:06:17 -0300] "POST /cormun/servlet/trsolicitudgral?7213bd76f861f6f27d4c82ecd4a1aa1e,,gx-no-cache=1522677805707 HTTP/1.1" 200 10275
192.168.10.96 - - [02/Apr/2018:11:06:22 -0300] "POST /cormun/servlet/trsolicitudgral?7213bd76f861f6f27d4c82ecd4a1aa1e,,gx-no-cache=1522677810907 HTTP/1.1" 200 7316
186.79.172.55 - - [02/Apr/2018:11:06:26 -0300] "GET /cormun/servlet/hlogin HTTP/1.1" 200 1721
186.79.172.55 - - [02/Apr/2018:11:06:27 -0300] "GET /cormun/static/gxtimezone.js?85251 HTTP/1.1" 200 5781
186.79.172.55 - - [02/Apr/2018:11:06:27 -0300] "GET /cormun/static/gxcfg.js?20175251213516 HTTP/1.1" 200 953
186.79.172.55 - - [02/Apr/2018:11:06:27 -0300] "GET /cormun/static/Resources/ComunLogin.png HTTP/1.1" 200 17326
186.79.172.55 - - [02/Apr/2018:11:06:27 -0300] "GET /cormun/static/Resources/PXToolsLoginTop.png HTTP/1.1" 200 1337
186.79.172.55 - - [02/Apr/2018:11:06:27 -0300] "GET /cormun/static/Resources/PXToolsLoginBackground.png HTTP/1.1" 200 1164
186.79.172.55 - - [02/Apr/2018:11:06:27 -0300] "GET /cormun/static/Resources/PXToolsButtonLeft21.png HTTP/1.1" 200 1287
186.79.172.55 - - [02/Apr/2018:11:06:27 -0300] "GET /cormun/static/Resources/PXToolsLoginBottom.png HTTP/1.1" 200 1389
186.79.172.55 - - [02/Apr/2018:11:06:27 -0300] "GET /cormun/static/Resources/PXToolsButtonBackground2.png HTTP/1.1" 200 1181
186.79.172.55 - - [02/Apr/2018:11:06:28 -0300] "GET /cormun/static/messages.spa.js?85251 HTTP/1.1" 304 -
186.79.172.55 - - [02/Apr/2018:11:06:28 -0300] "GET /cormun/static/Resources/PXToolsButtonRight21.png HTTP/1.1" 200 1283
186.79.172.55 - - [02/Apr/2018:11:06:28 -0300] "GET /cormun/static/Resources/indicator.gif HTTP/1.1" 200 1553
192.168.10.96 - - [02/Apr/2018:11:06:34 -0300] "POST /cormun/servlet/trsolicitudgral?7213bd76f861f6f27d4c82ecd4a1aa1e,,gx-no-cache=1522677823506 HTTP/1.1" 200 8176
200.112.233.47 - - [02/Apr/2018:11:06:36 -0300] "GET /cormun/servlet/hlogin HTTP/1.1" 200 1726
186.79.172.55 - - [02/Apr/2018:11:06:40 -0300] "POST /cormun/servlet/hlogin?caf1cbaab07d25301557bd667a6674ee,gx-no-cache=1522677948190 HTTP/1.1" 200 429
186.103.159.187 - - [02/Apr/2018:11:06:47 -0300] "POST /cormun/servlet/solicitudot?gx-no-cache=1522681639434 HTTP/1.1" 200 30
186.79.172.55 - - [02/Apr/2018:11:06:49 -0300] "POST /cormun/servlet/hlogin?caf1cbaab07d25301557bd667a6674ee,gx-no-cache=1522677957052 HTTP/1.1" 200 429
186.103.159.187 - - [02/Apr/2018:11:06:51 -0300] "GET /cormun/servlet/prcontratosol?20026374,,,,,MD,,gxPopupLevel%3D0%3B HTTP/1.1" 200 7427
186.103.159.187 - - [02/Apr/2018:11:06:51 -0300] "GET /cormun/static/gxcfg.js?201761413223964 HTTP/1.1" 200 953
186.103.159.187 - - [02/Apr/2018:11:06:51 -0300] "GET /cormun/static/prcontratosol.js?201761413224174 HTTP/1.1" 200 15806
200.112.233.47 - - [02/Apr/2018:11:06:52 -0300] "POST /cormun/servlet/hlogin?c64cdc4614f11ab95d42684cee6fc9f4,gx-no-cache=1522677959512 HTTP/1.1" 200 90
200.112.233.47 - - [02/Apr/2018:11:06:52 -0300] "GET /cormun/servlet/hpexe_link HTTP/1.1" 200 959
186.103.159.187 - - [02/Apr/2018:11:06:57 -0300] "POST /cormun/servlet/solicitudot?gx-no-cache=1522681649730 HTTP/1.1" 200 1433
186.103.159.187 - - [02/Apr/2018:11:06:57 -0300] "GET /cormun/static/Shared/jqueryui/images/ui-bg_highlight-soft_100_c6c2c8_1x100.png HTTP/1.1" 404 1117
186.103.159.187 - - [02/Apr/2018:11:06:57 -0300] "GET /cormun/static/Shared/jqueryui/images/ui-bg_flat_55_994d53_40x100.png HTTP/1.1" 404 1097
186.103.159.187 - - [02/Apr/2018:11:06:57 -0300] "GET /cormun/static/Shared/jqueryui/images/ui-icons_ebccce_256x240.png HTTP/1.1" 404 1089
186.103.159.187 - - [02/Apr/2018:11:06:57 -0300] "POST /cormun/servlet/solicitudot?gx-no-cache=1522681649923 HTTP/1.1" 200 117
186.103.159.187 - - [02/Apr/2018:11:06:57 -0300] "GET /cormun/servlet/solicitudot?f36dd2bf18bd6f557c6e53b9904e3365be8957f5e9a076edb1516024d10bfd276e87ae8da11d13189cf0b472d986ae80c156f1782fae5a111cffae22ca2c1bbddd79c7b1468b0479d02ffeadca207e5da470e8970f5e7d959f101023ac63b3e38875fb73be532eb1bf9f1f9263953312,gx-no-cache=1522681650070 HTTP/1.1" 200 29
186.103.159.187 - - [02/Apr/2018:11:06:57 -0300] "GET /cormun/servlet/solicitudot?f36dd2bf18bd6f557c6e53b9904e33651a38ad61e5529b590c77ceae90ba8c19a7e37fb6551715645a0ab15533e2152a2b73d0807efa13522a09746953f32270b314eacd5eaad12cbbd0ecbdda6d9bfdc42a676c9a2eec3e441c4779a460edb35e6d5358ecb483eb77c14fb4c32d36a65dc713d3a22fcae32c1b4a055b6f47a20a291cf83abf82bd4d4f2833e55d5663bf657d75d366d4f77375672652b1921a2b613d3dbea42d347cc98e1412afb32271eca9d9a612adc421a8989df5e4e5df,gx-no-cache=1522681650228 HTTP/1.1" 200 62
192.168.10.96 - - [02/Apr/2018:11:06:57 -0300] "POST /cormun/servlet/trsolicitudgral?7213bd76f861f6f27d4c82ecd4a1aa1e,,gx-no-cache=1522677846267 HTTP/1.1" 200 10306
