186.79.172.55 - - [02/Apr/2018:13:40:57 -0300] "GET /cormun/servlet/hhome HTTP/1.1" 200 4214
192.168.10.96 - - [02/Apr/2018:13:41:00 -0300] "GET /cormun/servlet/trsolicitudgral? HTTP/1.1" 500 10
192.168.10.96 - - [02/Apr/2018:13:41:03 -0300] "GET /cormun/servlet/hlogin HTTP/1.1" 200 1718
192.168.10.96 - - [02/Apr/2018:13:41:03 -0300] "GET /cormun/servlet/hlogin HTTP/1.1" 200 1718
186.103.159.204 - - [02/Apr/2018:13:41:04 -0300] "POST /cormun/servlet/trsolicitudot?347d2c261d89de3ed1ab7a7d47838639,,gx-no-cache=1522687210514 HTTP/1.1" 200 4501
186.103.159.204 - - [02/Apr/2018:13:41:05 -0300] "POST /cormun/servlet/trsolicitudot?347d2c261d89de3ed1ab7a7d47838639,,gx-no-cache=1522687211682 HTTP/1.1" 200 4501
186.103.159.204 - - [02/Apr/2018:13:41:05 -0300] "POST /cormun/servlet/trsolicitudot?347d2c261d89de3ed1ab7a7d47838639,,gx-no-cache=1522687212046 HTTP/1.1" 200 4501
186.79.172.55 - - [02/Apr/2018:13:41:05 -0300] "GET /cormun/servlet/trsolicitudot? HTTP/1.1" 200 15248
186.103.159.204 - - [02/Apr/2018:13:41:05 -0300] "POST /cormun/servlet/trsolicitudot?347d2c261d89de3ed1ab7a7d47838639,,gx-no-cache=1522687212356 HTTP/1.1" 200 4501
186.103.159.204 - - [02/Apr/2018:13:41:06 -0300] "POST /cormun/servlet/trsolicitudot?347d2c261d89de3ed1ab7a7d47838639,,gx-no-cache=1522687212870 HTTP/1.1" 200 4501
186.79.172.55 - - [02/Apr/2018:13:41:06 -0300] "GET /cormun/servlet/trsolicitudot? HTTP/1.1" 200 15246
192.168.10.96 - - [02/Apr/2018:13:41:12 -0300] "POST /cormun/servlet/hlogin?6876ca974b908ce43bd18c1aebca485d,gx-no-cache=1522687101601 HTTP/1.1" 200 90
192.168.10.96 - - [02/Apr/2018:13:41:13 -0300] "GET /cormun/servlet/hpexe_link HTTP/1.1" 200 947
192.168.10.96 - - [02/Apr/2018:13:41:13 -0300] "GET /cormun/servlet/hhome HTTP/1.1" 200 4700
192.168.10.96 - - [02/Apr/2018:13:41:13 -0300] "GET /cormun/servlet/hhome HTTP/1.1" 200 4700
186.79.172.55 - - [02/Apr/2018:13:41:13 -0300] "GET /cormun/servlet/solicitudot?INS,0,0, HTTP/1.1" 200 13669
186.79.172.55 - - [02/Apr/2018:13:41:14 -0300] "GET /cormun/servlet/solicitudot?INS,0,0, HTTP/1.1" 200 13674
186.103.159.204 - - [02/Apr/2018:13:41:14 -0300] "POST /cormun/servlet/trsolicitudot?347d2c261d89de3ed1ab7a7d47838639,,gx-no-cache=1522687220720 HTTP/1.1" 200 4501
186.103.159.204 - - [02/Apr/2018:13:41:15 -0300] "POST /cormun/servlet/trsolicitudot?347d2c261d89de3ed1ab7a7d47838639,,gx-no-cache=1522687221486 HTTP/1.1" 200 4502
192.168.10.96 - - [02/Apr/2018:13:41:15 -0300] "GET /cormun/servlet/trsolicitudgral? HTTP/1.1" 200 29247
192.168.10.96 - - [02/Apr/2018:13:41:16 -0300] "GET /cormun/servlet/trsolicitudgral? HTTP/1.1" 200 29246
186.103.159.204 - - [02/Apr/2018:13:41:19 -0300] "GET /cormun/servlet/trcontratosolicitud? HTTP/1.1" 200 7306
186.103.159.204 - - [02/Apr/2018:13:41:19 -0300] "GET /cormun/static/Resources/Spanish/PXTools.css?1155365 HTTP/1.1" 200 40960
186.103.159.204 - - [02/Apr/2018:13:41:20 -0300] "GET /cormun/servlet/trcontratosolicitud? HTTP/1.1" 200 7305
192.168.10.62 - - [02/Apr/2018:13:41:25 -0300] "GET /cormun/servlet/trsolicitudgral? HTTP/1.1" 200 9015
192.168.10.62 - - [02/Apr/2018:13:41:25 -0300] "GET /cormun/servlet/trsolicitudgral? HTTP/1.1" 200 9003
186.103.159.204 - - [02/Apr/2018:13:41:25 -0300] "POST /cormun/servlet/trcontratosolicitud?347d2c261d89de3ed1ab7a7d47838639,,gx-no-cache=1522687232330 HTTP/1.1" 200 4741
192.168.10.62 - - [02/Apr/2018:13:41:27 -0300] "POST /cormun/servlet/trsolicitudgral?cebc87c641f2f81b1fb4839b52b4064c,,gx-no-cache=1522687116362 HTTP/1.1" 200 5937
186.67.172.234 - - [02/Apr/2018:13:41:28 -0300] "GET /cormun/servlet/trsolicitudot? HTTP/1.1" 200 8653
186.67.172.234 - - [02/Apr/2018:13:41:28 -0300] "GET /cormun/servlet/trsolicitudot? HTTP/1.1" 200 8652
192.168.10.62 - - [02/Apr/2018:13:41:34 -0300] "POST /cormun/servlet/trsolicitudgral?cebc87c641f2f81b1fb4839b52b4064c,,gx-no-cache=1522687122150 HTTP/1.1" 200 26698
192.168.10.96 - - [02/Apr/2018:13:41:34 -0300] "POST /cormun/servlet/trsolicitudgral?6876ca974b908ce43bd18c1aebca485d,,gx-no-cache=1522687123047 HTTP/1.1" 200 8520
186.103.159.204 - - [02/Apr/2018:13:41:39 -0300] "POST /cormun/servlet/trcontratosolicitud?347d2c261d89de3ed1ab7a7d47838639,,gx-no-cache=1522687245754 HTTP/1.1" 200 4697
186.67.172.234 - - [02/Apr/2018:13:41:42 -0300] "POST /cormun/servlet/trsolicitudot?602c354d27120d1f9790e55eb2a40d5e,,gx-no-cache=1522687249026 HTTP/1.1" 200 4397
186.67.172.234 - - [02/Apr/2018:13:41:42 -0300] "GET /cormun/static/Shared/jqueryui/images/ui-bg_highlight-soft_100_c6c2c8_1x100.png HTTP/1.1" 404 1117
186.67.172.234 - - [02/Apr/2018:13:41:42 -0300] "GET /cormun/static/Shared/jqueryui/images/ui-icons_82798d_256x240.png HTTP/1.1" 404 1089
186.67.172.234 - - [02/Apr/2018:13:41:42 -0300] "GET /cormun/static/Shared/jqueryui/images/ui-bg_flat_55_fafafa_40x100.png HTTP/1.1" 404 1097
186.67.172.234 - - [02/Apr/2018:13:41:42 -0300] "GET /cormun/static/Shared/jqueryui/images/ui-icons_8d78a5_256x240.png HTTP/1.1" 404 1089
186.67.172.234 - - [02/Apr/2018:13:41:42 -0300] "POST /cormun/servlet/trsolicitudot?602c354d27120d1f9790e55eb2a40d5e,,gx-no-cache=1522687249237 HTTP/1.1" 200 4184
186.67.172.234 - - [02/Apr/2018:13:41:47 -0300] "GET /cormun/servlet/trautorizarsolicitud? HTTP/1.1" 200 8675
186.67.172.234 - - [02/Apr/2018:13:41:48 -0300] "GET /cormun/servlet/trautorizarsolicitud? HTTP/1.1" 200 8674
186.79.172.55 - - [02/Apr/2018:13:41:50 -0300] "POST /cormun/servlet/solicitudot?gx-no-cache=1522687257043 HTTP/1.1" 200 3292
186.79.172.55 - - [02/Apr/2018:13:41:51 -0300] "POST /cormun/servlet/solicitudot?ea429a3d76e44784054e8e80d706bc9c,INS,0,0,,gx-no-cache=1522687257514 HTTP/1.1" 200 10448
192.168.10.96 - - [02/Apr/2018:13:41:52 -0300] "POST /cormun/servlet/trsolicitudgral?6876ca974b908ce43bd18c1aebca485d,,gx-no-cache=1522687140596 HTTP/1.1" 200 7608
192.168.10.96 - - [02/Apr/2018:13:41:55 -0300] "GET /cormun/servlet/vesolicitudgral?2018,10382,, HTTP/1.1" 200 9281
192.168.10.96 - - [02/Apr/2018:13:41:55 -0300] "GET /cormun/pexe_scrolldiv.js HTTP/1.1" 404 1009
192.168.10.96 - - [02/Apr/2018:13:41:55 -0300] "GET /cormun/pexe_scrolldiv.js HTTP/1.1" 404 1009
192.168.10.96 - - [02/Apr/2018:13:41:56 -0300] "GET /cormun/servlet/vesolicitudgral?2018,10382,, HTTP/1.1" 200 9281
192.168.10.96 - - [02/Apr/2018:13:41:58 -0300] "GET /cormun/servlet/vesolicitudgral?2018,10382,,SolicitudOTAdjuntos HTTP/1.1" 200 11797
192.168.10.96 - - [02/Apr/2018:13:41:58 -0300] "GET /cormun/pexe_scrolldiv.js HTTP/1.1" 404 1009
192.168.10.96 - - [02/Apr/2018:13:41:58 -0300] "GET /cormun/pexe_scrolldiv.js HTTP/1.1" 404 1009
192.168.10.96 - - [02/Apr/2018:13:42:00 -0300] "POST /cormun/servlet/acontrolpreferencessavestate?None,DZAMUDIO,true HTTP/1.1" 200 35
192.168.10.96 - - [02/Apr/2018:13:42:00 -0300] "GET /cormun/servlet/vesolicitudgral?2018,10382,,SolicitudOTAdjuntos HTTP/1.1" 200 11800
192.168.10.96 - - [02/Apr/2018:13:42:01 -0300] "GET /cormun/PublicTempStorage/victor_sepulveda_brito_a._regular_y_concentracion_de_notas8467101.pdf HTTP/1.1" 200 2262857
186.67.172.234 - - [02/Apr/2018:13:42:04 -0300] "POST /cormun/servlet/trautorizarsolicitud?602c354d27120d1f9790e55eb2a40d5e,,gx-no-cache=1522687271506 HTTP/1.1" 200 4600
186.67.172.234 - - [02/Apr/2018:13:42:04 -0300] "GET /cormun/static/Shared/jqueryui/images/ui-bg_highlight-soft_100_c6c2c8_1x100.png HTTP/1.1" 404 1117
186.67.172.234 - - [02/Apr/2018:13:42:04 -0300] "GET /cormun/static/Shared/jqueryui/images/ui-icons_82798d_256x240.png HTTP/1.1" 404 1089
186.67.172.234 - - [02/Apr/2018:13:42:04 -0300] "GET /cormun/static/Shared/jqueryui/images/ui-bg_flat_55_fafafa_40x100.png HTTP/1.1" 404 1097
186.67.172.234 - - [02/Apr/2018:13:42:04 -0300] "GET /cormun/static/Shared/jqueryui/images/ui-icons_8d78a5_256x240.png HTTP/1.1" 404 1089
186.67.172.234 - - [02/Apr/2018:13:42:04 -0300] "POST /cormun/servlet/trautorizarsolicitud?602c354d27120d1f9790e55eb2a40d5e,,gx-no-cache=1522687271710 HTTP/1.1" 200 4387
186.79.172.55 - - [02/Apr/2018:13:42:08 -0300] "GET /cormun/servlet/solicitudot?76cb72a5fdcd7b873639aa87019da2d074b517ce48fc6c211e4663caecce7e65f401301b365b600b5024b5cbd298589e,gx-no-cache=1522687274872 HTTP/1.1" 200 30
186.79.172.55 - - [02/Apr/2018:13:42:08 -0300] "GET /cormun/servlet/solicitudot?76cb72a5fdcd7b873639aa87019da2d09e0d8d863d0223cb1112359d7b842b68,gx-no-cache=1522687274952 HTTP/1.1" 200 94
186.79.172.55 - - [02/Apr/2018:13:42:08 -0300] "GET /cormun/static/Shared/jqueryui/images/ui-bg_highlight-soft_100_c6c2c8_1x100.png HTTP/1.1" 404 1117
186.79.172.55 - - [02/Apr/2018:13:42:08 -0300] "GET /cormun/servlet/solicitudot?76cb72a5fdcd7b873639aa87019da2d05fc34fdf445f106506339b754506aeaf,gx-no-cache=1522687275035 HTTP/1.1" 200 29
186.79.172.55 - - [02/Apr/2018:13:42:08 -0300] "GET /cormun/static/Shared/jqueryui/images/ui-icons_82798d_256x240.png HTTP/1.1" 404 1089
186.79.172.55 - - [02/Apr/2018:13:42:08 -0300] "GET /cormun/static/Shared/jqueryui/images/ui-bg_flat_55_994d53_40x100.png HTTP/1.1" 404 1097
186.79.172.55 - - [02/Apr/2018:13:42:08 -0300] "GET /cormun/static/Shared/jqueryui/images/ui-icons_ebccce_256x240.png HTTP/1.1" 404 1089
186.79.172.55 - - [02/Apr/2018:13:42:08 -0300] "POST /cormun/servlet/solicitudot?gx-no-cache=1522687275134 HTTP/1.1" 200 297
186.103.159.204 - - [02/Apr/2018:13:42:18 -0300] "POST /cormun/servlet/trcontratosolicitud?347d2c261d89de3ed1ab7a7d47838639,,gx-no-cache=1522687284810 HTTP/1.1" 200 12138
186.103.159.204 - - [02/Apr/2018:13:42:18 -0300] "GET /cormun/static/Resources/PXToolsGridNext.gif HTTP/1.1" 200 369
186.103.159.204 - - [02/Apr/2018:13:42:18 -0300] "GET /cormun/static/Resources/PXToolsGridLast.gif HTTP/1.1" 200 370
186.79.172.55 - - [02/Apr/2018:13:42:31 -0300] "GET /cormun/servlet/trsolicitudot? HTTP/1.1" 200 15251
186.79.172.55 - - [02/Apr/2018:13:42:31 -0300] "GET /cormun/servlet/trsolicitudot? HTTP/1.1" 200 15246
186.79.172.55 - - [02/Apr/2018:13:42:36 -0300] "GET /cormun/servlet/solicitudot?INS,0,0, HTTP/1.1" 200 13670
186.79.172.55 - - [02/Apr/2018:13:42:37 -0300] "GET /cormun/servlet/solicitudot?INS,0,0, HTTP/1.1" 200 13675
186.103.159.204 - - [02/Apr/2018:13:42:48 -0300] "GET /cormun/servlet/solicitudotcontratos?INS,2018,0,17521700,2,2,2018,1386,NADA,,24,B, HTTP/1.1" 200 9863
186.103.159.204 - - [02/Apr/2018:13:42:48 -0300] "GET /cormun/static/gxcfg.js?2018191138350 HTTP/1.1" 200 953
186.103.159.204 - - [02/Apr/2018:13:42:48 -0300] "GET /cormun/static/Resources/PXTools/calendar.png HTTP/1.1" 200 1306
186.103.159.204 - - [02/Apr/2018:13:42:48 -0300] "GET /cormun/static/Resources/prompt.gif HTTP/1.1" 200 902
186.103.159.204 - - [02/Apr/2018:13:42:48 -0300] "GET /cormun/static/solicitudotcontratos.js?20181911383611 HTTP/1.1" 200 43152
186.103.159.204 - - [02/Apr/2018:13:42:48 -0300] "GET /cormun/static/Resources/PXToolsButtonLeft21.png HTTP/1.1" 200 1287
186.103.159.204 - - [02/Apr/2018:13:42:48 -0300] "GET /cormun/static/Resources/PXToolsButtonRight21.png HTTP/1.1" 200 1283
186.103.159.204 - - [02/Apr/2018:13:42:48 -0300] "GET /cormun/servlet/solicitudotcontratos?INS,2018,0,17521700,2,2,2018,1386,NADA,,24,B, HTTP/1.1" 200 9889
186.103.159.204 - - [02/Apr/2018:13:42:49 -0300] "GET /cormun/servlet/solicitudotcontratos?d15655fcc41beaa9ebf31f847e4aceff8a12eb49d22c7e24086b973d55a9cdbaa2f480288d3105f5b0e5ab44e2e9c788,gx-no-cache=1522687315720 HTTP/1.1" 200 30
186.79.172.55 - - [02/Apr/2018:13:42:49 -0300] "POST /cormun/servlet/solicitudot?gx-no-cache=1522687315660 HTTP/1.1" 200 3292
186.103.159.204 - - [02/Apr/2018:13:42:49 -0300] "GET /cormun/servlet/solicitudotcontratos?d15655fcc41beaa9ebf31f847e4aceff4b86a8b88414ac18dbf572e17f2b588a7d928b8e77b17fb452dde608751b8cdd,gx-no-cache=1522687315768 HTTP/1.1" 200 30
186.103.159.204 - - [02/Apr/2018:13:42:49 -0300] "GET /cormun/servlet/solicitudotcontratos?d15655fcc41beaa9ebf31f847e4aceff356ee9957965eb8777305f75e1f0209036d275c81e5b7a4612ab6a1de89c088ba1bf9e45c25ff62cf19b049231c479dea68b39cade1a9320d6a3b6c6f80fc3de02a6bad6ba8155cc2d8c29f61971fd3547b69f3c56b938675b3622c5f5cb81e39163992fac4b40835e759de3bf5aa090,gx-no-cache=1522687315804 HTTP/1.1" 200 48
186.103.159.204 - - [02/Apr/2018:13:42:49 -0300] "GET /cormun/servlet/solicitudotcontratos?d15655fcc41beaa9ebf31f847e4aceffe25f3380f832788ee874fc40567f2775b84c4610db1e95b7cdc4c34a5b5fe6ed,gx-no-cache=1522687315838 HTTP/1.1" 200 30
186.103.159.204 - - [02/Apr/2018:13:42:49 -0300] "GET /cormun/servlet/solicitudotcontratos?d15655fcc41beaa9ebf31f847e4aceff04c49371fcab24a5ffd98bdd7432f75ebe88c78070b42fb4ff936d3bdd2030f756042eeafd31920673ae1ed0fbbd375cbee6fe766e1cb840246ae4bd408051e7aab5955d2810a2d872a1dfe01c886fc20a78c2c25531f2b1cac09e5935bcc947,gx-no-cache=1522687315882 HTTP/1.1" 200 30
186.103.159.204 - - [02/Apr/2018:13:42:49 -0300] "GET /cormun/servlet/solicitudotcontratos?d15655fcc41beaa9ebf31f847e4aceffc661fa59f0bcc814c0a33b6a58b307c3b8811727e51b7bd435aa247b01949ad28beedb60dc1fc8b8b936c50a4469149c2ccd30cc188890860c1424bda08ec4c7e6669dde5a21b3b25ca0f97ff47a873cfb5d61629917af775b5c6b4d5eb6f628b3840d4454fe5438391e1bdde9c1f19410f50b0d565f5c31aa80c02d6f7b3d613e7f9b4910c1f83bac9e985de388b4e40d748afd341c99d530fa434b629fd353bda00bee59aa340d63e4056b6f85eae5b21f1c79862bdb0fc734e4d0f84433e2e414267593ae0ca64211a5149133fa0b49deb95b9e5774d4bb8a52d1fea9a23404cc536e11d2a83dbed62a74868bd6d38c438ba389155dd37bf9807b0b703f315393518270634b5f50724fff517b3b0a888337ce4bc6a170ad30cbba8bb9112066600d729654bb16ea3f32dc4a2407c0a1ec503fea973b905e2f1d7ef2184538570fe395217933ce0bfac9012343e163ef61ccfbb629e3c7575f33649ae03aedc77a427b3d6ee039bc99f792b8d825182513d161d4c1297c2e1b4132beffeacbd8889476531b064c1e23e5a8516cc517ba76931e86bfa6088c8a31af90767baf,gx-no-cache=1522687315932 HTTP/1.1" 200 72
186.79.172.55 - - [02/Apr/2018:13:42:49 -0300] "POST /cormun/servlet/solicitudot?ea429a3d76e44784054e8e80d706bc9c,INS,0,0,,gx-no-cache=1522687316047 HTTP/1.1" 200 10449
186.79.172.55 - - [02/Apr/2018:13:42:55 -0300] "GET /cormun/servlet/prfichaempleado?,MD,,gxPopupLevel%3D0%3B HTTP/1.1" 200 9379
186.79.172.55 - - [02/Apr/2018:13:42:55 -0300] "GET /cormun/static/gxcfg.js?20177612134814 HTTP/1.1" 200 953
186.79.172.55 - - [02/Apr/2018:13:42:55 -0300] "GET /cormun/static/prfichaempleado.js?20177612134999 HTTP/1.1" 200 16006
192.168.10.96 - - [02/Apr/2018:13:42:58 -0300] "GET /cormun/servlet/vesolicitudgral?2018,10382,,SolicitudOTAdjuntos HTTP/1.1" 200 11797
186.103.159.204 - - [02/Apr/2018:13:42:58 -0300] "GET /cormun/servlet/solicitudotcontratos?d15655fcc41beaa9ebf31f847e4aceffacc19498cb9870617776e4cb15c5ff9d3c80786a1e5b10315fe048b938a5b386b8811727e51b7bd435aa247b01949ad23a6c83012e389275aa6722d1e03d61015ab1e191d84358318a2d14c38b3621f6bb8efaa0cd075c0ea563c150cabd533aceef1a8b61b6ac461c4e479467ff32445ccb81a0fc0c3af4a78619948616d2f45e3be9096bfb697bcec25eba39db9ff88d49feff892474a9e1a40eac4e58ffe1eee9099f343f4f03a767e2885aeb60c709b4071a6cb01c50eeea8e96dc509e79f8ff6b8d30902dc9326f94c4f007903653266ff4d4c59beec932cbba0fa017d705be7a75b97159471c00d61709527e06865028352cb099446afa281ff7d1aec10bbfea763260511a28154541aafc40870ade578d998b95ca1827e0598c096e9766600d729654bb16ea3f32dc4a2407c0a5940061c11bc44ffe482cb00e26b66eaace1bcd2e0e169827de317595440dfb8042c47daf9ef9c35ead44fbad32737710dba91ad4249128b5856a554a2f20260ade578d998b95ca1827e0598c096e979e288f85269463a4d1a9e3afeb4664b039269d6debd9381fd3379495dcf10c8054cd26f79fdfcdd4f602e1827883cfbbba36d2cbb9bf7d0ad1077d523393a9a18628947c68c6542e7db4124de39ce9bdb6254725568f01c3b8d47fc1e8fd5fe4,gx-no-cache=1522687325388 HTTP/1.1" 200 83
192.168.10.96 - - [02/Apr/2018:13:42:59 -0300] "POST /cormun/servlet/acontrolpreferencessavestate?None,DZAMUDIO,true HTTP/1.1" 200 35
192.168.10.96 - - [02/Apr/2018:13:43:00 -0300] "GET /cormun/servlet/vesolicitudgral?2018,10382,,SolicitudOTAdjuntos HTTP/1.1" 200 11799
192.168.10.96 - - [02/Apr/2018:13:43:01 -0300] "GET /cormun/PublicTempStorage/victor_sepulveda_brito__c._de_trabajo2851712.pdf HTTP/1.1" 200 561327
186.79.172.55 - - [02/Apr/2018:13:43:21 -0300] "POST /cormun/servlet/prfichaempleado?ea429a3d76e44784054e8e80d706bc9c,,MD,,gxPopupLevel%3D0%3B,gx-no-cache=1522687347365 HTTP/1.1" 200 6300
186.79.172.55 - - [02/Apr/2018:13:43:21 -0300] "GET /cormun/static/Resources/PXToolsGridNext.gif HTTP/1.1" 200 369
186.79.172.55 - - [02/Apr/2018:13:43:21 -0300] "GET /cormun/static/Resources/PXToolsGridLast.gif HTTP/1.1" 200 370
186.103.159.204 - - [02/Apr/2018:13:43:21 -0300] "GET /cormun/servlet/trsolicitudot? HTTP/1.1" 200 7393
186.103.159.204 - - [02/Apr/2018:13:43:21 -0300] "GET /cormun/static/gxcfg.js?2017111422585916 HTTP/1.1" 200 953
186.103.159.204 - - [02/Apr/2018:13:43:22 -0300] "GET /cormun/servlet/trsolicitudot? HTTP/1.1" 200 7360
186.79.172.55 - - [02/Apr/2018:13:44:12 -0300] "POST /cormun/servlet/solicitudot?gx-no-cache=1522687398905 HTTP/1.1" 200 3452
186.79.172.55 - - [02/Apr/2018:13:44:12 -0300] "GET /cormun/static/Shared/jqueryui/images/ui-bg_highlight-soft_100_c6c2c8_1x100.png HTTP/1.1" 404 1117
186.79.172.55 - - [02/Apr/2018:13:44:12 -0300] "GET /cormun/servlet/solicitudot?76cb72a5fdcd7b873639aa87019da2d047a6c5972763d9d931cc957019aa4ca4f401301b365b600b5024b5cbd298589e,gx-no-cache=1522687399362 HTTP/1.1" 200 111
186.79.172.55 - - [02/Apr/2018:13:44:12 -0300] "GET /cormun/static/Shared/jqueryui/images/ui-icons_82798d_256x240.png HTTP/1.1" 404 1089
186.79.172.55 - - [02/Apr/2018:13:44:12 -0300] "GET /cormun/static/Shared/jqueryui/images/ui-bg_flat_55_994d53_40x100.png HTTP/1.1" 404 1097
186.79.172.55 - - [02/Apr/2018:13:44:12 -0300] "GET /cormun/static/Shared/jqueryui/images/ui-icons_ebccce_256x240.png HTTP/1.1" 404 1089
186.79.172.55 - - [02/Apr/2018:13:44:12 -0300] "GET /cormun/servlet/solicitudot?76cb72a5fdcd7b873639aa87019da2d09e0d8d863d0223cb1112359d7b842b68,gx-no-cache=1522687399473 HTTP/1.1" 200 94
186.79.172.55 - - [02/Apr/2018:13:44:12 -0300] "GET /cormun/servlet/solicitudot?76cb72a5fdcd7b873639aa87019da2d05fc34fdf445f106506339b754506aeaf,gx-no-cache=1522687399556 HTTP/1.1" 200 29
186.79.172.55 - - [02/Apr/2018:13:44:12 -0300] "POST /cormun/servlet/solicitudot?gx-no-cache=1522687399627 HTTP/1.1" 200 297
186.79.172.55 - - [02/Apr/2018:13:44:13 -0300] "GET /cormun/servlet/solicitudot?76cb72a5fdcd7b873639aa87019da2d0f9a0317196a700c7faa4b87a500a128f153068ad560ea9506126615f79e4b9219db601e8891159353bc4da3ab6a3c581b92a970a508d757151a651e1dcdb3ba278e1e3252ac25c0338cb21d657d268f4febb335de137f4ce0d2f9f18ff099cabc0c58fb45ab560bcba776d8cdeddec056fedc11ecc1b6f50e5b3bc273fa285823f9de0cf80608da1d1425e9ad1f8e8e73ae8b24a3a04b22ceadcc0d49857671e2b0badb10fac362a2539496a944554180b6b5aab151f5518eaf98ffb0ccbe54f8f1d4750d0e28d7c3fa6c20c0ccdc049479f84695778f7212fd34e52c50ce3eba6d030ba628a33fce288babed54d6a7c0980eb9a38dc85779b094b0c59aef1b553648e410e8984167a39d05fb8e7f4e57a3ab571c0619fb0dc073ae6a8e1eeccaab47f0037efc50e87ff3bc5b6bc8d76fdb6bf9be61dcab7439089ffc05202a2d6f6560136aee574430bbe5319e13fb14536651b06c868eae1fc060694c4bb523ced97848b593ad74eb7eefb605bf9ddf0b6fb19b513bc531c985f3cb473de39,gx-no-cache=1522687399721 HTTP/1.1" 200 30
192.168.10.62 - - [02/Apr/2018:13:46:00 -0300] "POST /cormun/servlet/trsolicitudgral?cebc87c641f2f81b1fb4839b52b4064c,,gx-no-cache=1522687388201 HTTP/1.1" 200 26758
192.168.10.62 - - [02/Apr/2018:13:46:00 -0300] "GET /cormun/static/Shared/jqueryui/images/ui-bg_highlight-soft_100_c6c2c8_1x100.png HTTP/1.1" 404 1117
192.168.10.62 - - [02/Apr/2018:13:46:00 -0300] "GET /cormun/static/Shared/jqueryui/images/ui-icons_82798d_256x240.png HTTP/1.1" 404 1089
192.168.10.62 - - [02/Apr/2018:13:46:00 -0300] "GET /cormun/static/Shared/jqueryui/images/ui-icons_8d78a5_256x240.png HTTP/1.1" 404 1089
192.168.10.62 - - [02/Apr/2018:13:46:00 -0300] "GET /cormun/static/Shared/jqueryui/images/ui-bg_flat_55_fafafa_40x100.png HTTP/1.1" 404 1097
192.168.10.62 - - [02/Apr/2018:13:52:20 -0300] "POST /cormun/servlet/trsolicitudgral?cebc87c641f2f81b1fb4839b52b4064c,,gx-no-cache=1522687768483 HTTP/1.1" 200 26806
201.215.248.160 - - [02/Apr/2018:13:57:16 -0300] "GET /cormun/servlet/hlogin HTTP/1.1" 200 1732
201.215.248.160 - - [02/Apr/2018:13:57:16 -0300] "GET /cormun/static/gxtimezone.js?85251 HTTP/1.1" 200 5781
201.215.248.160 - - [02/Apr/2018:13:57:16 -0300] "GET /cormun/static/gxcfg.js?20175251213516 HTTP/1.1" 200 953
201.215.248.160 - - [02/Apr/2018:13:57:16 -0300] "GET /cormun/static/Resources/Spanish/PXTools.css?11423723 HTTP/1.1" 200 89042
201.215.248.160 - - [02/Apr/2018:13:57:16 -0300] "GET /cormun/static/messages.spa.js?85251 HTTP/1.1" 200 30736
201.215.248.160 - - [02/Apr/2018:13:57:16 -0300] "GET /cormun/static/hlogin.js?20175251213537 HTTP/1.1" 200 2136
201.215.248.160 - - [02/Apr/2018:13:57:16 -0300] "GET /cormun/static/gxgral.js?85251 HTTP/1.1" 200 384558
201.215.248.160 - - [02/Apr/2018:13:57:16 -0300] "GET /cormun/static/Resources/ComunLogin.png HTTP/1.1" 200 17326
201.215.248.160 - - [02/Apr/2018:13:57:16 -0300] "GET /cormun/static/Resources/PXToolsLoginBackground.png HTTP/1.1" 200 1164
201.215.248.160 - - [02/Apr/2018:13:57:17 -0300] "GET /cormun/static/Resources/PXToolsButtonRight21.png HTTP/1.1" 200 1283
201.215.248.160 - - [02/Apr/2018:13:57:17 -0300] "GET /cormun/static/Resources/PXToolsButtonLeft21.png HTTP/1.1" 200 1287
201.215.248.160 - - [02/Apr/2018:13:57:17 -0300] "GET /cormun/static/Resources/PXToolsLoginBottom.png HTTP/1.1" 200 1389
201.215.248.160 - - [02/Apr/2018:13:57:17 -0300] "GET /cormun/static/Resources/PXToolsButtonBackground2.png HTTP/1.1" 200 1181
201.215.248.160 - - [02/Apr/2018:13:57:17 -0300] "GET /cormun/static/Resources/PXToolsLoginTop.png HTTP/1.1" 200 1337
201.215.248.160 - - [02/Apr/2018:13:57:17 -0300] "GET /cormun/static/Resources/indicator.gif HTTP/1.1" 200 1553
201.215.248.160 - - [02/Apr/2018:13:57:17 -0300] "GET /cormun/servlet/hlogin HTTP/1.1" 200 1735
201.215.248.160 - - [02/Apr/2018:13:57:17 -0300] "GET /favicon.ico HTTP/1.1" 200 21630
192.168.10.56 - - [02/Apr/2018:13:57:34 -0300] "POST /cormun/servlet/hlogin?a4bde5aa5d9d9f9434f958df0da8a5e4,gx-no-cache=1522688083354 HTTP/1.1" 440 972
192.168.10.56 - - [02/Apr/2018:13:57:36 -0300] "GET /cormun/servlet/hlogin HTTP/1.1" 200 1726
186.67.172.234 - - [02/Apr/2018:13:58:25 -0300] "GET /cormun/servlet/trautorizarsolicitud? HTTP/1.1" 200 6279
186.67.172.234 - - [02/Apr/2018:13:58:26 -0300] "GET /cormun/servlet/hlogin HTTP/1.1" 200 1743
186.67.172.234 - - [02/Apr/2018:13:58:26 -0300] "GET /cormun/servlet/trautorizarsolicitud? HTTP/1.1" 200 6289
192.168.10.62 - - [02/Apr/2018:14:00:38 -0300] "POST /cormun/servlet/trsolicitudgral?cebc87c641f2f81b1fb4839b52b4064c,,gx-no-cache=1522688266700 HTTP/1.1" 200 8097
192.168.10.97 - - [02/Apr/2018:14:00:56 -0300] "GET /cormun/servlet/hlogin HTTP/1.1" 200 1726
192.168.10.97 - - [02/Apr/2018:14:00:59 -0300] "POST /cormun/servlet/hlogin?6bfc6561b292b97968fe464f6112df9e,gx-no-cache=1522688288649 HTTP/1.1" 200 90
192.168.10.97 - - [02/Apr/2018:14:00:59 -0300] "GET /cormun/servlet/hpexe_link HTTP/1.1" 200 953
192.168.10.97 - - [02/Apr/2018:14:00:59 -0300] "GET /cormun/servlet/hhome HTTP/1.1" 200 4584
192.168.10.62 - - [02/Apr/2018:14:01:00 -0300] "GET /cormun/servlet/vesolicitudgral?2018,10779,, HTTP/1.1" 200 9107
192.168.10.97 - - [02/Apr/2018:14:01:00 -0300] "GET /cormun/servlet/hhome HTTP/1.1" 200 4580
192.168.10.62 - - [02/Apr/2018:14:01:00 -0300] "GET /cormun/pexe_scrolldiv.js HTTP/1.1" 404 1009
192.168.10.62 - - [02/Apr/2018:14:01:00 -0300] "GET /cormun/pexe_scrolldiv.js HTTP/1.1" 404 1009
192.168.10.62 - - [02/Apr/2018:14:01:00 -0300] "GET /cormun/servlet/vesolicitudgral?2018,10779,, HTTP/1.1" 200 9103
192.168.10.62 - - [02/Apr/2018:14:01:07 -0300] "GET /cormun/servlet/vesolicitudgral?2018,10779,,SolicitudOTLog HTTP/1.1" 200 9612
192.168.10.62 - - [02/Apr/2018:14:01:07 -0300] "GET /cormun/pexe_scrolldiv.js HTTP/1.1" 404 1009
192.168.10.62 - - [02/Apr/2018:14:01:07 -0300] "GET /cormun/pexe_scrolldiv.js HTTP/1.1" 404 1009
192.168.10.62 - - [02/Apr/2018:14:01:08 -0300] "GET /cormun/servlet/vesolicitudgral?2018,10779,,SolicitudOTLog HTTP/1.1" 200 9612
192.168.10.62 - - [02/Apr/2018:14:01:08 -0300] "POST /cormun/servlet/acontrolpreferencessavestate?None,FGONZALEZ,true HTTP/1.1" 200 35
192.168.10.62 - - [02/Apr/2018:14:01:10 -0300] "POST /cormun/servlet/vesolicitudgral?cebc87c641f2f81b1fb4839b52b4064c,2018,10779,,SolicitudOTLog,gx-no-cache=1522688298960 HTTP/1.1" 200 90
192.168.10.62 - - [02/Apr/2018:14:01:10 -0300] "GET /cormun/servlet/hpexe_link HTTP/1.1" 200 979
192.168.10.62 - - [02/Apr/2018:14:01:10 -0300] "GET /cormun/servlet/trsolicitudgral? HTTP/1.1" 200 11150
192.168.10.62 - - [02/Apr/2018:14:01:10 -0300] "GET /cormun/servlet/trsolicitudgral? HTTP/1.1" 200 11149
192.168.10.62 - - [02/Apr/2018:14:01:13 -0300] "GET /cormun/servlet/vesolicitudgral?2018,10779,, HTTP/1.1" 200 9107
192.168.10.62 - - [02/Apr/2018:14:01:13 -0300] "GET /cormun/pexe_scrolldiv.js HTTP/1.1" 404 1009
192.168.10.62 - - [02/Apr/2018:14:01:13 -0300] "GET /cormun/pexe_scrolldiv.js HTTP/1.1" 404 1009
192.168.10.62 - - [02/Apr/2018:14:01:13 -0300] "GET /cormun/servlet/vesolicitudgral?2018,10779,, HTTP/1.1" 200 9103
192.168.10.97 - - [02/Apr/2018:14:01:16 -0300] "GET /cormun/servlet/trsolicitudgral? HTTP/1.1" 200 11208
192.168.10.97 - - [02/Apr/2018:14:01:17 -0300] "GET /cormun/servlet/trsolicitudgral? HTTP/1.1" 200 11205
192.168.10.62 - - [02/Apr/2018:14:01:26 -0300] "GET /cormun/servlet/trsolicitudgral? HTTP/1.1" 200 11149
192.168.10.62 - - [02/Apr/2018:14:01:26 -0300] "GET /cormun/servlet/trsolicitudgral? HTTP/1.1" 200 11149
192.168.10.62 - - [02/Apr/2018:14:01:31 -0300] "POST /cormun/servlet/trsolicitudgral?cebc87c641f2f81b1fb4839b52b4064c,,gx-no-cache=1522688319927 HTTP/1.1" 200 6155
192.168.10.62 - - [02/Apr/2018:14:01:31 -0300] "GET /cormun/static/Shared/jqueryui/images/ui-bg_highlight-soft_100_c6c2c8_1x100.png HTTP/1.1" 404 1117
192.168.10.62 - - [02/Apr/2018:14:01:31 -0300] "GET /cormun/static/Shared/jqueryui/images/ui-icons_82798d_256x240.png HTTP/1.1" 404 1089
192.168.10.62 - - [02/Apr/2018:14:01:31 -0300] "GET /cormun/static/Shared/jqueryui/images/ui-bg_flat_55_fafafa_40x100.png HTTP/1.1" 404 1097
192.168.10.62 - - [02/Apr/2018:14:01:31 -0300] "GET /cormun/static/Shared/jqueryui/images/ui-icons_8d78a5_256x240.png HTTP/1.1" 404 1089
192.168.10.97 - - [02/Apr/2018:14:01:37 -0300] "GET /cormun/static/menuarrow.gif HTTP/1.1" 404 1015
192.168.10.97 - - [02/Apr/2018:14:02:21 -0300] "POST /cormun/servlet/trsolicitudgral?6bfc6561b292b97968fe464f6112df9e,,gx-no-cache=1522688371175 HTTP/1.1" 200 5923
192.168.10.97 - - [02/Apr/2018:14:02:23 -0300] "POST /cormun/servlet/trsolicitudgral?6bfc6561b292b97968fe464f6112df9e,,gx-no-cache=1522688372939 HTTP/1.1" 200 5923
192.168.10.97 - - [02/Apr/2018:14:02:33 -0300] "POST /cormun/servlet/trsolicitudgral?6bfc6561b292b97968fe464f6112df9e,,gx-no-cache=1522688382787 HTTP/1.1" 200 5922
192.168.10.97 - - [02/Apr/2018:14:02:42 -0300] "POST /cormun/servlet/trsolicitudgral?6bfc6561b292b97968fe464f6112df9e,,gx-no-cache=1522688391268 HTTP/1.1" 200 5922
186.103.159.204 - - [02/Apr/2018:14:02:43 -0300] "GET /cormun/servlet/hlogin HTTP/1.1" 200 1726
186.103.159.204 - - [02/Apr/2018:14:02:43 -0300] "GET /cormun/static/gxtimezone.js?85251 HTTP/1.1" 304 -
186.103.159.204 - - [02/Apr/2018:14:02:43 -0300] "GET /cormun/static/gxcfg.js?20175251213516 HTTP/1.1" 304 -
186.103.159.204 - - [02/Apr/2018:14:02:43 -0300] "GET /cormun/static/messages.spa.js?85251 HTTP/1.1" 304 -
186.103.159.204 - - [02/Apr/2018:14:02:43 -0300] "GET /cormun/servlet/hlogin HTTP/1.1" 200 1730
192.168.10.97 - - [02/Apr/2018:14:02:51 -0300] "POST /cormun/servlet/trsolicitudgral?6bfc6561b292b97968fe464f6112df9e,,gx-no-cache=1522688400692 HTTP/1.1" 200 5923
186.103.159.204 - - [02/Apr/2018:14:02:54 -0300] "POST /cormun/servlet/hlogin?d7d4d6d0cf3c1007d02d4b6a8870d69f,gx-no-cache=1522688521337 HTTP/1.1" 200 449
192.168.10.97 - - [02/Apr/2018:14:02:59 -0300] "POST /cormun/servlet/trsolicitudgral?6bfc6561b292b97968fe464f6112df9e,,gx-no-cache=1522688408202 HTTP/1.1" 200 5921
186.103.159.204 - - [02/Apr/2018:14:03:00 -0300] "POST /cormun/servlet/hlogin?d7d4d6d0cf3c1007d02d4b6a8870d69f,gx-no-cache=1522688527286 HTTP/1.1" 200 90
186.103.159.204 - - [02/Apr/2018:14:03:00 -0300] "GET /cormun/servlet/hpexe_link HTTP/1.1" 200 952
186.103.159.204 - - [02/Apr/2018:14:03:00 -0300] "GET /cormun/static/gxcfg.js?20177612121792 HTTP/1.1" 304 -
186.103.159.204 - - [02/Apr/2018:14:03:00 -0300] "GET /cormun/servlet/hhome HTTP/1.1" 200 3878
186.103.159.204 - - [02/Apr/2018:14:03:01 -0300] "GET /cormun/static/gxcfg.js?20175251212442 HTTP/1.1" 304 -
186.103.159.204 - - [02/Apr/2018:14:03:01 -0300] "GET /cormun/servlet/hhome HTTP/1.1" 200 3875
192.168.10.97 - - [02/Apr/2018:14:03:06 -0300] "POST /cormun/servlet/trsolicitudgral?6bfc6561b292b97968fe464f6112df9e,,gx-no-cache=1522688415306 HTTP/1.1" 200 5918
186.103.159.204 - - [02/Apr/2018:14:03:07 -0300] "GET /cormun/servlet/trsolicitudot? HTTP/1.1" 200 7084
186.103.159.204 - - [02/Apr/2018:14:03:07 -0300] "GET /cormun/static/gxcfg.js?2017111422585916 HTTP/1.1" 304 -
186.103.159.204 - - [02/Apr/2018:14:03:07 -0300] "GET /cormun/static/calendar.js?85251 HTTP/1.1" 304 -
186.103.159.204 - - [02/Apr/2018:14:03:07 -0300] "GET /cormun/static/calendar-es.js?85251 HTTP/1.1" 304 -
186.103.159.204 - - [02/Apr/2018:14:03:07 -0300] "GET /cormun/static/calendar-setup.js?85251 HTTP/1.1" 304 -
186.103.159.204 - - [02/Apr/2018:14:03:07 -0300] "GET /cormun/static/gxdec.js?85251 HTTP/1.1" 304 -
186.103.159.204 - - [02/Apr/2018:14:03:07 -0300] "GET /cormun/servlet/trsolicitudot? HTTP/1.1" 200 7083
192.168.10.97 - - [02/Apr/2018:14:03:13 -0300] "POST /cormun/servlet/trsolicitudgral?6bfc6561b292b97968fe464f6112df9e,,gx-no-cache=1522688422378 HTTP/1.1" 200 5921
186.103.159.204 - - [02/Apr/2018:14:03:16 -0300] "POST /cormun/servlet/trsolicitudot?d7d4d6d0cf3c1007d02d4b6a8870d69f,,gx-no-cache=1522688543401 HTTP/1.1" 200 4275
192.168.10.97 - - [02/Apr/2018:14:03:19 -0300] "POST /cormun/servlet/trsolicitudgral?6bfc6561b292b97968fe464f6112df9e,,gx-no-cache=1522688428867 HTTP/1.1" 200 5920
186.103.159.204 - - [02/Apr/2018:14:03:22 -0300] "GET /cormun/static/menuarrow.gif HTTP/1.1" 404 1015
192.168.10.97 - - [02/Apr/2018:14:03:26 -0300] "POST /cormun/servlet/trsolicitudgral?6bfc6561b292b97968fe464f6112df9e,,gx-no-cache=1522688436095 HTTP/1.1" 200 5919
186.103.159.204 - - [02/Apr/2018:14:03:33 -0300] "POST /cormun/servlet/trsolicitudot?d7d4d6d0cf3c1007d02d4b6a8870d69f,,gx-no-cache=1522688559705 HTTP/1.1" 200 4278
186.103.159.204 - - [02/Apr/2018:14:03:35 -0300] "POST /cormun/servlet/trsolicitudot?d7d4d6d0cf3c1007d02d4b6a8870d69f,,gx-no-cache=1522688561950 HTTP/1.1" 200 4279
192.168.10.97 - - [02/Apr/2018:14:03:35 -0300] "POST /cormun/servlet/trsolicitudgral?6bfc6561b292b97968fe464f6112df9e,,gx-no-cache=1522688444887 HTTP/1.1" 200 7268
186.103.159.204 - - [02/Apr/2018:14:03:46 -0300] "POST /cormun/servlet/trsolicitudot?d7d4d6d0cf3c1007d02d4b6a8870d69f,,gx-no-cache=1522688573016 HTTP/1.1" 200 5656
192.168.10.97 - - [02/Apr/2018:14:03:52 -0300] "POST /cormun/servlet/trsolicitudgral?6bfc6561b292b97968fe464f6112df9e,,gx-no-cache=1522688461715 HTTP/1.1" 200 6108
192.168.10.97 - - [02/Apr/2018:14:03:52 -0300] "GET /cormun/static/Shared/jqueryui/images/ui-icons_82798d_256x240.png HTTP/1.1" 404 1089
192.168.10.97 - - [02/Apr/2018:14:03:52 -0300] "GET /cormun/static/Shared/jqueryui/images/ui-bg_flat_55_fafafa_40x100.png HTTP/1.1" 404 1097
192.168.10.97 - - [02/Apr/2018:14:03:52 -0300] "GET /cormun/static/Shared/jqueryui/images/ui-bg_highlight-soft_100_c6c2c8_1x100.png HTTP/1.1" 404 1117
192.168.10.97 - - [02/Apr/2018:14:03:52 -0300] "GET /cormun/static/Shared/jqueryui/images/ui-icons_8d78a5_256x240.png HTTP/1.1" 404 1089
192.168.10.97 - - [02/Apr/2018:14:04:00 -0300] "GET /cormun/servlet/trcoordinadores? HTTP/1.1" 200 7645
192.168.10.97 - - [02/Apr/2018:14:04:01 -0300] "GET /cormun/servlet/trcoordinadores? HTTP/1.1" 200 7644
192.168.10.62 - - [02/Apr/2018:14:04:16 -0300] "POST /cormun/servlet/trsolicitudgral?cebc87c641f2f81b1fb4839b52b4064c,,gx-no-cache=1522688484879 HTTP/1.1" 200 26765
192.168.10.62 - - [02/Apr/2018:14:04:29 -0300] "POST /cormun/servlet/trsolicitudgral?cebc87c641f2f81b1fb4839b52b4064c,,gx-no-cache=1522688498244 HTTP/1.1" 200 7303
192.168.10.62 - - [02/Apr/2018:14:04:37 -0300] "GET /cormun/servlet/vesolicitudgral?2018,10722,, HTTP/1.1" 200 9148
192.168.10.62 - - [02/Apr/2018:14:04:38 -0300] "GET /cormun/pexe_scrolldiv.js HTTP/1.1" 404 1009
192.168.10.62 - - [02/Apr/2018:14:04:38 -0300] "GET /cormun/pexe_scrolldiv.js HTTP/1.1" 404 1009
192.168.10.62 - - [02/Apr/2018:14:04:38 -0300] "GET /cormun/servlet/vesolicitudgral?2018,10722,, HTTP/1.1" 200 9147
192.168.10.62 - - [02/Apr/2018:14:04:41 -0300] "POST /cormun/servlet/vesolicitudgral?cebc87c641f2f81b1fb4839b52b4064c,2018,10722,,,gx-no-cache=1522688509692 HTTP/1.1" 200 107
192.168.10.62 - - [02/Apr/2018:14:04:41 -0300] "GET /cormun/servlet/solicitudgral?UPD,2018,10722, HTTP/1.1" 200 12999
192.168.10.62 - - [02/Apr/2018:14:04:41 -0300] "GET /cormun/servlet/solicitudgral?UPD,2018,10722, HTTP/1.1" 200 12999
192.168.10.62 - - [02/Apr/2018:14:04:42 -0300] "POST /cormun/servlet/solicitudgral?gx-no-cache=1522688510689 HTTP/1.1" 200 3903
192.168.10.62 - - [02/Apr/2018:14:04:42 -0300] "GET /cormun/servlet/solicitudgral?1bf0f23efe2ef3eca2a80a7efc5114282d571474b0b203b054db5a8df5527d6788908e657185c2538a3feb31829bd28e15b56f16587c49202f6836a858c28982ee6b21c099bdaff93d9bc14227701eca6f056e1f49da2f38c72cb07a1ad78659ebc67ec1cf7d0e02c5a1c4409dcb8d82f7b5aa77f4c49853c5351bce7442f26cfb682bf81191e0c3b3e40ba1c721c0abf20c71473a45dd579fd3babdc8ef50a098d1b79c281b54ebd8888ec834b78530f33e3a78a5b2d74917fd5d8a25a1e330e2c8bbf8621d706ba3054abb4f3efca91ed97aa4aa30cb0e66abe85277c963483ffddcf4922f8396d60deb42d0363cbd6f299bdfe3a6b3fa61041c4603a206c02ae678b5fc96cb5e5a8b04345c054b3e1608395ea83c95528f7245766af1b1b050a647a6477a9fce43dadfa64878fe7d5c3ad0f509d60983201342afcba91beb91fcfc05d9bd9902f7994dfdeaea1af2,gx-no-cache=1522688510819 HTTP/1.1" 200 255
192.168.10.62 - - [02/Apr/2018:14:04:42 -0300] "GET /cormun/servlet/solicitudgral?1bf0f23efe2ef3eca2a80a7efc51142862e1d8a5ff28a2d3a8060890604543ceae9d5aee27ff7ac5eec01fea754469b42ae678b5fc96cb5e5a8b04345c054b3e9f750589e384119f1c92ecf0e0689e50514140962daf12d2743710a55541517f4c53577629abf9dce87bee9bac06411bd0ba16dd22538fa9e1f152f0d3d196b06e35027f17189058b256c8947314d2258c9d7e945cecc5f7b47d07b40aca3b9427e5eabdfe8ebc8da3fb27a6e645c9af7c093393677de17a17b07425429c4c1df7c0a2b05072d6170f73911ea2ef7041b73b27f7487a5f399083a594989e56a9964619a346dcb9fcd38192854ff95d777d7e7d054278fffd6481eb5d650762f089763a1716a5392ef18181954ab1fc933d400e4b409a8f12498c5ec02f59e1db0b25e1045c5c7d8851c6ffd84d84727b3ed8e6abb4bbcad530640cd1f4afa60dd1327b021d9fcd7fb26d3f7fc2896807e678f09fa4e19c368e17c624c9e56d8789763a1716a5392ef18181954ab1fc937fe4b4123d55efd8d05d1ecc95e14824bf23daab9217ef9fe29aef20b5d9790388968c6c646722fbf72ba545a62da23d6dcde0934897c83dc68c507cdf9c6def,gx-no-cache=1522688511521 HTTP/1.1" 200 48
192.168.10.62 - - [02/Apr/2018:14:04:43 -0300] "POST /cormun/servlet/solicitudgral?cebc87c641f2f81b1fb4839b52b4064c,UPD,2018,10722,,gx-no-cache=1522688511602 HTTP/1.1" 200 11855
192.168.10.62 - - [02/Apr/2018:14:04:43 -0300] "GET /cormun/servlet/solicitudgral?1bf0f23efe2ef3eca2a80a7efc511428fe8d3b8f5d14b79285077dd93990fe78740ead59d7452d6f57704b9d8f498f6c1208a91bb9453919269da10003f5b61c1914af7880af19cf1bce1ac22e3d42d61494c657dc131dd1db08139dc0af24f23f75fc50195997ca48d3fcaba93cc07c308112efede5c33a5aac8337e28b20ab9acf3c46d1a9c5b663c6ff4f4bd17e9568c2c790a0c0c7721921f8fba95a4003,gx-no-cache=1522688511775 HTTP/1.1" 200 29
192.168.10.62 - - [02/Apr/2018:14:04:43 -0300] "POST /cormun/servlet/solicitudgral?gx-no-cache=1522688511789 HTTP/1.1" 200 1310
192.168.10.62 - - [02/Apr/2018:14:04:43 -0300] "POST /cormun/servlet/solicitudgral?gx-no-cache=1522688511816 HTTP/1.1" 200 1232
192.168.10.62 - - [02/Apr/2018:14:04:44 -0300] "GET /cormun/static/menuarrow.gif HTTP/1.1" 404 1015
192.168.10.62 - - [02/Apr/2018:14:05:05 -0300] "POST /cormun/servlet/solicitudgral?cebc87c641f2f81b1fb4839b52b4064c,UPD,2018,10722,,gx-no-cache=1522688533684 HTTP/1.1" 200 12066
192.168.10.62 - - [02/Apr/2018:14:05:05 -0300] "GET /cormun/static/Shared/jqueryui/images/ui-bg_highlight-soft_100_c6c2c8_1x100.png HTTP/1.1" 404 1117
192.168.10.62 - - [02/Apr/2018:14:05:05 -0300] "GET /cormun/static/Shared/jqueryui/images/ui-icons_82798d_256x240.png HTTP/1.1" 404 1089
192.168.10.62 - - [02/Apr/2018:14:05:05 -0300] "GET /cormun/static/Shared/jqueryui/images/ui-icons_ebccce_256x240.png HTTP/1.1" 404 1089
192.168.10.62 - - [02/Apr/2018:14:05:05 -0300] "GET /cormun/static/Shared/jqueryui/images/ui-bg_flat_55_994d53_40x100.png HTTP/1.1" 404 1097
192.168.10.62 - - [02/Apr/2018:14:05:22 -0300] "POST /cormun/servlet/solicitudgral?cebc87c641f2f81b1fb4839b52b4064c,UPD,2018,10722,,gx-no-cache=1522688551291 HTTP/1.1" 200 93
192.168.10.62 - - [02/Apr/2018:14:05:22 -0300] "GET /cormun/servlet/hpexe_return? HTTP/1.1" 200 1022
192.168.10.62 - - [02/Apr/2018:14:05:22 -0300] "GET /cormun/servlet/vesolicitudgral?2018,10722,, HTTP/1.1" 200 9153
192.168.10.62 - - [02/Apr/2018:14:05:22 -0300] "GET /cormun/pexe_scrolldiv.js HTTP/1.1" 404 1009
192.168.10.62 - - [02/Apr/2018:14:05:23 -0300] "GET /cormun/pexe_scrolldiv.js HTTP/1.1" 404 1009
192.168.10.62 - - [02/Apr/2018:14:05:23 -0300] "GET /cormun/servlet/vesolicitudgral?2018,10722,, HTTP/1.1" 200 9148
192.168.10.62 - - [02/Apr/2018:14:05:26 -0300] "POST /cormun/servlet/vesolicitudgral?cebc87c641f2f81b1fb4839b52b4064c,2018,10722,,,gx-no-cache=1522688555218 HTTP/1.1" 200 12051
192.168.10.62 - - [02/Apr/2018:14:05:26 -0300] "GET /cormun/static/Shared/jqueryui/images/ui-bg_highlight-soft_100_c6c2c8_1x100.png HTTP/1.1" 404 1117
192.168.10.62 - - [02/Apr/2018:14:05:26 -0300] "GET /cormun/static/Shared/jqueryui/images/ui-icons_82798d_256x240.png HTTP/1.1" 404 1089
192.168.10.62 - - [02/Apr/2018:14:05:26 -0300] "GET /cormun/static/Shared/jqueryui/images/ui-bg_flat_55_fafafa_40x100.png HTTP/1.1" 404 1097
192.168.10.62 - - [02/Apr/2018:14:05:26 -0300] "GET /cormun/static/Shared/jqueryui/images/ui-icons_8d78a5_256x240.png HTTP/1.1" 404 1089
192.168.10.62 - - [02/Apr/2018:14:05:26 -0300] "POST /cormun/servlet/vesolicitudgral?cebc87c641f2f81b1fb4839b52b4064c,2018,10722,,,gx-no-cache=1522688555488 HTTP/1.1" 200 11985
192.168.10.62 - - [02/Apr/2018:14:05:53 -0300] "POST /cormun/servlet/vesolicitudgral?cebc87c641f2f81b1fb4839b52b4064c,2018,10722,,,gx-no-cache=1522688581723 HTTP/1.1" 200 90
192.168.10.62 - - [02/Apr/2018:14:05:53 -0300] "GET /cormun/servlet/hpexe_link HTTP/1.1" 200 971
192.168.10.62 - - [02/Apr/2018:14:05:53 -0300] "GET /cormun/servlet/trsolicitudgral? HTTP/1.1" 200 9004
192.168.10.62 - - [02/Apr/2018:14:05:53 -0300] "GET /cormun/servlet/trsolicitudgral? HTTP/1.1" 200 9002
192.168.10.62 - - [02/Apr/2018:14:06:01 -0300] "POST /cormun/servlet/trsolicitudgral?cebc87c641f2f81b1fb4839b52b4064c,,gx-no-cache=1522688589845 HTTP/1.1" 200 5926
192.168.10.62 - - [02/Apr/2018:14:06:12 -0300] "POST /cormun/servlet/trsolicitudgral?cebc87c641f2f81b1fb4839b52b4064c,,gx-no-cache=1522688601036 HTTP/1.1" 200 26720
192.168.10.62 - - [02/Apr/2018:14:06:21 -0300] "GET /cormun/servlet/vesolicitudgral?2018,10966,, HTTP/1.1" 200 9065
192.168.10.62 - - [02/Apr/2018:14:06:21 -0300] "GET /cormun/pexe_scrolldiv.js HTTP/1.1" 404 1009
192.168.10.62 - - [02/Apr/2018:14:06:21 -0300] "GET /cormun/pexe_scrolldiv.js HTTP/1.1" 404 1009
192.168.10.62 - - [02/Apr/2018:14:06:21 -0300] "GET /cormun/servlet/vesolicitudgral?2018,10966,, HTTP/1.1" 200 9065
192.168.10.56 - - [02/Apr/2018:14:06:24 -0300] "POST /cormun/servlet/hlogin?e4a3e4294523f04e50ddaac5311a82c7,gx-no-cache=1522688612932 HTTP/1.1" 200 90
192.168.10.56 - - [02/Apr/2018:14:06:24 -0300] "GET /cormun/servlet/hpexe_link HTTP/1.1" 200 946
192.168.10.56 - - [02/Apr/2018:14:06:24 -0300] "GET /cormun/servlet/hhome HTTP/1.1" 200 4491
192.168.10.56 - - [02/Apr/2018:14:06:25 -0300] "GET /cormun/servlet/hhome HTTP/1.1" 200 4488
192.168.10.62 - - [02/Apr/2018:14:06:25 -0300] "POST /cormun/servlet/vesolicitudgral?cebc87c641f2f81b1fb4839b52b4064c,2018,10966,,,gx-no-cache=1522688614114 HTTP/1.1" 200 11980
192.168.10.62 - - [02/Apr/2018:14:06:25 -0300] "GET /cormun/static/Shared/jqueryui/images/ui-bg_highlight-soft_100_c6c2c8_1x100.png HTTP/1.1" 404 1117
192.168.10.62 - - [02/Apr/2018:14:06:25 -0300] "GET /cormun/static/Shared/jqueryui/images/ui-icons_82798d_256x240.png HTTP/1.1" 404 1089
192.168.10.62 - - [02/Apr/2018:14:06:25 -0300] "GET /cormun/static/Shared/jqueryui/images/ui-icons_8d78a5_256x240.png HTTP/1.1" 404 1089
192.168.10.62 - - [02/Apr/2018:14:06:25 -0300] "GET /cormun/static/Shared/jqueryui/images/ui-bg_flat_55_fafafa_40x100.png HTTP/1.1" 404 1097
192.168.10.62 - - [02/Apr/2018:14:06:25 -0300] "POST /cormun/servlet/vesolicitudgral?cebc87c641f2f81b1fb4839b52b4064c,2018,10966,,,gx-no-cache=1522688614360 HTTP/1.1" 200 11915
192.168.10.62 - - [02/Apr/2018:14:06:27 -0300] "POST /cormun/servlet/vesolicitudgral?cebc87c641f2f81b1fb4839b52b4064c,2018,10966,,,gx-no-cache=1522688615988 HTTP/1.1" 200 90
192.168.10.62 - - [02/Apr/2018:14:06:27 -0300] "GET /cormun/servlet/hpexe_link HTTP/1.1" 200 971
192.168.10.62 - - [02/Apr/2018:14:06:27 -0300] "GET /cormun/servlet/trsolicitudgral? HTTP/1.1" 200 29108
192.168.10.56 - - [02/Apr/2018:14:06:28 -0300] "GET /cormun/servlet/trsolicitudgral? HTTP/1.1" 200 29113
192.168.10.62 - - [02/Apr/2018:14:06:28 -0300] "GET /cormun/servlet/trsolicitudgral? HTTP/1.1" 200 29106
192.168.10.56 - - [02/Apr/2018:14:06:29 -0300] "GET /cormun/servlet/trsolicitudgral? HTTP/1.1" 200 29111
192.168.10.56 - - [02/Apr/2018:14:06:30 -0300] "GET /cormun/static/menuarrow.gif HTTP/1.1" 404 1015
192.168.10.56 - - [02/Apr/2018:14:06:41 -0300] "POST /cormun/servlet/trsolicitudgral?e4a3e4294523f04e50ddaac5311a82c7,,gx-no-cache=1522688629375 HTTP/1.1" 200 16875
192.168.10.56 - - [02/Apr/2018:14:10:25 -0300] "POST /cormun/servlet/trsolicitudgral?e4a3e4294523f04e50ddaac5311a82c7,,gx-no-cache=1522688853907 HTTP/1.1" 200 8905
192.168.10.56 - - [02/Apr/2018:14:10:34 -0300] "POST /cormun/servlet/trsolicitudgral?e4a3e4294523f04e50ddaac5311a82c7,,gx-no-cache=1522688863242 HTTP/1.1" 200 8156
192.168.10.56 - - [02/Apr/2018:14:10:34 -0300] "GET /cormun/static/Shared/jqueryui/images/ui-icons_82798d_256x240.png HTTP/1.1" 404 1089
192.168.10.56 - - [02/Apr/2018:14:10:34 -0300] "GET /cormun/static/Shared/jqueryui/images/ui-bg_highlight-soft_100_c6c2c8_1x100.png HTTP/1.1" 404 1117
192.168.10.56 - - [02/Apr/2018:14:10:34 -0300] "GET /cormun/static/Shared/jqueryui/images/ui-icons_8d78a5_256x240.png HTTP/1.1" 404 1089
192.168.10.56 - - [02/Apr/2018:14:10:34 -0300] "GET /cormun/static/Shared/jqueryui/images/ui-bg_flat_55_fafafa_40x100.png HTTP/1.1" 404 1097
192.168.10.56 - - [02/Apr/2018:14:10:41 -0300] "POST /cormun/servlet/trsolicitudgral?e4a3e4294523f04e50ddaac5311a82c7,,gx-no-cache=1522688870297 HTTP/1.1" 200 16875
200.112.233.47 - - [02/Apr/2018:14:11:27 -0300] "GET /cormun/servlet/hlogin HTTP/1.1" 200 1712
200.112.233.47 - - [02/Apr/2018:14:11:27 -0300] "GET /cormun/static/gxtimezone.js?85251 HTTP/1.1" 304 -
200.112.233.47 - - [02/Apr/2018:14:11:27 -0300] "GET /cormun/static/gxcfg.js?20175251213516 HTTP/1.1" 304 -
200.112.233.47 - - [02/Apr/2018:14:11:28 -0300] "GET /cormun/static/messages.spa.js?85251 HTTP/1.1" 304 -
192.168.10.56 - - [02/Apr/2018:14:11:49 -0300] "POST /cormun/servlet/trsolicitudgral?e4a3e4294523f04e50ddaac5311a82c7,,gx-no-cache=1522688937459 HTTP/1.1" 200 16562
192.168.10.56 - - [02/Apr/2018:14:12:20 -0300] "POST /cormun/servlet/trsolicitudgral?e4a3e4294523f04e50ddaac5311a82c7,,gx-no-cache=1522688969163 HTTP/1.1" 200 16062
192.168.10.56 - - [02/Apr/2018:14:12:35 -0300] "POST /cormun/servlet/trsolicitudgral?e4a3e4294523f04e50ddaac5311a82c7,,gx-no-cache=1522688983947 HTTP/1.1" 200 15639
192.168.10.56 - - [02/Apr/2018:14:12:40 -0300] "POST /cormun/servlet/trsolicitudgral?e4a3e4294523f04e50ddaac5311a82c7,,gx-no-cache=1522688988656 HTTP/1.1" 200 13960
192.168.10.56 - - [02/Apr/2018:14:12:47 -0300] "POST /cormun/servlet/trsolicitudgral?e4a3e4294523f04e50ddaac5311a82c7,,gx-no-cache=1522688995584 HTTP/1.1" 200 8554
192.168.10.56 - - [02/Apr/2018:14:13:18 -0300] "POST /cormun/servlet/trsolicitudgral?e4a3e4294523f04e50ddaac5311a82c7,,gx-no-cache=1522689026812 HTTP/1.1" 200 7791
192.168.10.56 - - [02/Apr/2018:14:13:37 -0300] "POST /cormun/servlet/trsolicitudgral?e4a3e4294523f04e50ddaac5311a82c7,,gx-no-cache=1522689046205 HTTP/1.1" 200 7328
192.168.10.56 - - [02/Apr/2018:14:13:48 -0300] "POST /cormun/servlet/trsolicitudgral?e4a3e4294523f04e50ddaac5311a82c7,,gx-no-cache=1522689057388 HTTP/1.1" 200 6128
192.168.10.56 - - [02/Apr/2018:14:13:52 -0300] "POST /cormun/servlet/trsolicitudgral?e4a3e4294523f04e50ddaac5311a82c7,,gx-no-cache=1522689061179 HTTP/1.1" 200 7352
192.168.10.56 - - [02/Apr/2018:14:14:32 -0300] "POST /cormun/servlet/trsolicitudgral?e4a3e4294523f04e50ddaac5311a82c7,,gx-no-cache=1522689100981 HTTP/1.1" 200 6160
192.168.10.56 - - [02/Apr/2018:14:14:53 -0300] "POST /cormun/servlet/trsolicitudgral?e4a3e4294523f04e50ddaac5311a82c7,,gx-no-cache=1522689121527 HTTP/1.1" 200 9882
192.168.10.56 - - [02/Apr/2018:14:15:01 -0300] "POST /cormun/servlet/trsolicitudgral?e4a3e4294523f04e50ddaac5311a82c7,,gx-no-cache=1522689129656 HTTP/1.1" 200 12186
192.168.10.56 - - [02/Apr/2018:14:15:29 -0300] "POST /cormun/servlet/trsolicitudgral?e4a3e4294523f04e50ddaac5311a82c7,,gx-no-cache=1522689158144 HTTP/1.1" 200 9491
139.162.111.98 - - [02/Apr/2018:14:16:45 -0300] "GET / HTTP/1.1" 200 11217
192.168.10.56 - - [02/Apr/2018:14:18:33 -0300] "GET /cormun/servlet/hlogin HTTP/1.1" 200 1733
192.168.10.56 - - [02/Apr/2018:14:18:41 -0300] "POST /cormun/servlet/hlogin?e4a3e4294523f04e50ddaac5311a82c7,gx-no-cache=1522689350457 HTTP/1.1" 200 90
192.168.10.56 - - [02/Apr/2018:14:18:41 -0300] "GET /cormun/servlet/hpexe_link HTTP/1.1" 200 946
192.168.10.56 - - [02/Apr/2018:14:18:41 -0300] "GET /cormun/servlet/hhome HTTP/1.1" 200 3829
192.168.10.56 - - [02/Apr/2018:14:18:42 -0300] "GET /cormun/servlet/hhome HTTP/1.1" 200 3825
192.168.10.56 - - [02/Apr/2018:14:18:45 -0300] "GET /cormun/servlet/trautorizarot? HTTP/1.1" 200 23756
192.168.10.56 - - [02/Apr/2018:14:18:46 -0300] "GET /cormun/servlet/trautorizarot? HTTP/1.1" 200 23754
192.168.10.56 - - [02/Apr/2018:14:18:47 -0300] "GET /cormun/static/menuarrow.gif HTTP/1.1" 404 1015
192.168.10.56 - - [02/Apr/2018:14:18:52 -0300] "POST /cormun/servlet/trautorizarot?e4a3e4294523f04e50ddaac5311a82c7,,gx-no-cache=1522689361055 HTTP/1.1" 200 23596
157.55.39.146 - - [02/Apr/2018:14:18:57 -0300] "GET /cormun/servlet/solicitudot?INS,0,0,_escaped_fragment_%3D HTTP/1.1" 200 12478
192.168.10.56 - - [02/Apr/2018:14:19:01 -0300] "POST /cormun/servlet/trautorizarot?e4a3e4294523f04e50ddaac5311a82c7,,gx-no-cache=1522689369685 HTTP/1.1" 200 5321
192.168.10.56 - - [02/Apr/2018:14:19:04 -0300] "GET /cormun/servlet/hlogin HTTP/1.1" 200 1731
192.168.10.62 - - [02/Apr/2018:14:23:40 -0300] "GET /cormun/servlet/vesolicitudgral?2018,10911,, HTTP/1.1" 200 9098
192.168.10.62 - - [02/Apr/2018:14:23:40 -0300] "GET /cormun/pexe_scrolldiv.js HTTP/1.1" 404 1009
192.168.10.62 - - [02/Apr/2018:14:23:40 -0300] "GET /cormun/pexe_scrolldiv.js HTTP/1.1" 404 1009
192.168.10.62 - - [02/Apr/2018:14:23:41 -0300] "GET /cormun/servlet/vesolicitudgral?2018,10911,, HTTP/1.1" 200 9097
192.168.10.62 - - [02/Apr/2018:14:23:42 -0300] "POST /cormun/servlet/vesolicitudgral?cebc87c641f2f81b1fb4839b52b4064c,2018,10911,,,gx-no-cache=1522689651017 HTTP/1.1" 200 106
192.168.10.62 - - [02/Apr/2018:14:23:42 -0300] "GET /cormun/servlet/solicitudgral?UPD,2018,10911, HTTP/1.1" 200 12965
192.168.10.62 - - [02/Apr/2018:14:23:42 -0300] "GET /cormun/servlet/solicitudgral?UPD,2018,10911, HTTP/1.1" 200 12965
192.168.10.62 - - [02/Apr/2018:14:23:43 -0300] "POST /cormun/servlet/solicitudgral?gx-no-cache=1522689651986 HTTP/1.1" 200 3893
192.168.10.62 - - [02/Apr/2018:14:23:43 -0300] "GET /cormun/servlet/solicitudgral?1bf0f23efe2ef3eca2a80a7efc5114282d571474b0b203b054db5a8df5527d672818ff333210d0815f09cb83d4e59db015b56f16587c49202f6836a858c28982ee6b21c099bdaff93d9bc14227701eca6f056e1f49da2f38c72cb07a1ad78659ebc67ec1cf7d0e02c5a1c4409dcb8d82f7b5aa77f4c49853c5351bce7442f26cfb682bf81191e0c3b3e40ba1c721c0abf20c71473a45dd579fd3babdc8ef50a098d1b79c281b54ebd8888ec834b78530f33e3a78a5b2d74917fd5d8a25a1e330e2c8bbf8621d706ba3054abb4f3efca91ed97aa4aa30cb0e66abe85277c963483ffddcf4922f8396d60deb42d0363cbd6f299bdfe3a6b3fa61041c4603a206c02ae678b5fc96cb5e5a8b04345c054b3e1608395ea83c95528f7245766af1b1b050a647a6477a9fce43dadfa64878fe7d5c3ad0f509d60983201342afcba91beb91fcfc05d9bd9902f7994dfdeaea1af2,gx-no-cache=1522689652130 HTTP/1.1" 200 256
192.168.10.62 - - [02/Apr/2018:14:23:45 -0300] "GET /cormun/servlet/solicitudgral?1bf0f23efe2ef3eca2a80a7efc51142862e1d8a5ff28a2d3a8060890604543ceae88369a85badb3d194f8f57731bb15b6e1a562127138198caeae362c813698e04723ee1d38640149bb1b65fdfab2b4e1995bfa086626b4a646dd462285b561dee72df1ae5e22e5f3454e747052ff7f2dcb636eb13a30f16bd6b92d52c37f69e22071960be3f7457842590d7f364117da4007fe7baaf2737ee2190be55b660e476b5938b9f7a501a9eea12592a2b721186c2cb9e666b18bc27aa6b1cd1570af98214f1022272eee345cced13695221ecb4273322d3f0e3ca40c91c91fad63e025629d15ffccfc656ab280ec9fdd8aca2c577c85aa17fceee4321e66fa44c7a27f95c5fbce489a47cfbbffba1bc14896a58a0a4a8c2efe9b29803fc7d11bebe755c9bc02fa170cc268497ed4c4e924999e89c9493e417db1bed1b242ffc38f40713fed590937a8e0b66bc8c9dcdfac0d35fc3e86a4ba4627aaea18b065209f7eea3b2b85fedf46872e780a04fd22aa3a435fef33be6e7395de057e551f7800fc2c21afe793b73e729be4ee3ad746358973fdbadea5b9cb69e18fa537d60388ac5dfaa25fcd0cdf8b33eaa3869be24651a,gx-no-cache=1522689654141 HTTP/1.1" 200 48
192.168.10.62 - - [02/Apr/2018:14:23:45 -0300] "POST /cormun/servlet/solicitudgral?cebc87c641f2f81b1fb4839b52b4064c,UPD,2018,10911,,gx-no-cache=1522689654171 HTTP/1.1" 200 11816
