186.103.159.204 - - [02/Apr/2018:13:30:11 -0300] "GET /cormun/static/gxcfg.js?20177612214014 HTTP/1.1" 200 953
186.103.159.204 - - [02/Apr/2018:13:30:11 -0300] "GET /cormun/static/Resources/Spanish/PXTools.css?1155365 HTTP/1.1" 200 57344
186.103.159.204 - - [02/Apr/2018:13:30:11 -0300] "GET /cormun/static/RunJS/RunJS.js HTTP/1.1" 200 288
186.103.159.204 - - [02/Apr/2018:13:30:11 -0300] "GET /cormun/static/PXToolsJavascripts/pexe_cookies.js HTTP/1.1" 200 792
186.103.159.204 - - [02/Apr/2018:13:30:11 -0300] "GET /cormun/static/PXToolsJavascripts/pexe_menudivfix.js HTTP/1.1" 200 333
186.103.159.204 - - [02/Apr/2018:13:30:11 -0300] "GET /cormun/static/PXToolsJavascripts/pexe_oav.js HTTP/1.1" 200 645
186.103.159.204 - - [02/Apr/2018:13:30:11 -0300] "GET /cormun/static/PXToolsJavascripts/pexe_oavdivfix.js HTTP/1.1" 200 639
186.103.159.204 - - [02/Apr/2018:13:30:11 -0300] "GET /cormun/static/PXToolsJavascripts/pexe_picture.js HTTP/1.1" 200 689
186.103.159.204 - - [02/Apr/2018:13:30:11 -0300] "GET /cormun/static/PXToolsJavascripts/pexe_tabdivfix.js HTTP/1.1" 200 876
186.103.159.204 - - [02/Apr/2018:13:30:11 -0300] "GET /cormun/static/PXToolsJavascripts/PXToolsJavascriptsRender.js HTTP/1.1" 200 367
186.103.159.204 - - [02/Apr/2018:13:30:11 -0300] "GET /cormun/static/hpexe_messagepopupcomponent.js?20161017169425 HTTP/1.1" 200 605
186.103.159.204 - - [02/Apr/2018:13:30:11 -0300] "GET /cormun/static/hpexe_messagecontroller.js?20177611595012 HTTP/1.1" 200 870
186.103.159.204 - - [02/Apr/2018:13:30:11 -0300] "GET /cormun/static/hpexe_messagegenexuscomponent.js?201752511465344 HTTP/1.1" 200 587
186.103.159.204 - - [02/Apr/2018:13:30:11 -0300] "GET /cormun/static/SmoothNavMenu/resources/ddsmoothmenu.js HTTP/1.1" 200 12712
186.103.159.204 - - [02/Apr/2018:13:30:12 -0300] "GET /cormun/servlet/hlogin HTTP/1.1" 200 1744
186.103.159.204 - - [02/Apr/2018:13:30:12 -0300] "GET /cormun/servlet/trcontratosolicitud? HTTP/1.1" 200 5747
186.103.159.204 - - [02/Apr/2018:13:30:12 -0300] "GET /cormun/static/gxcfg.js?20175251213516 HTTP/1.1" 200 953
186.103.159.204 - - [02/Apr/2018:13:30:12 -0300] "GET /cormun/static/Resources/ComunLogin.png HTTP/1.1" 200 17326
186.103.159.204 - - [02/Apr/2018:13:30:12 -0300] "GET /cormun/static/Resources/Spanish/PXTools.css?11423723 HTTP/1.1" 200 49152
186.103.159.204 - - [02/Apr/2018:13:30:12 -0300] "GET /cormun/static/Resources/PXToolsLoginTop.png HTTP/1.1" 200 1337
186.103.159.204 - - [02/Apr/2018:13:30:12 -0300] "GET /cormun/static/Resources/PXToolsLoginBackground.png HTTP/1.1" 200 1164
186.103.159.204 - - [02/Apr/2018:13:30:12 -0300] "GET /cormun/static/Resources/PXToolsButtonLeft21.png HTTP/1.1" 200 1287
186.103.159.204 - - [02/Apr/2018:13:30:12 -0300] "GET /cormun/static/Resources/PXToolsButtonRight21.png HTTP/1.1" 200 1283
186.103.159.204 - - [02/Apr/2018:13:30:12 -0300] "GET /cormun/static/Resources/PXToolsButtonBackground2.png HTTP/1.1" 200 1181
186.103.159.204 - - [02/Apr/2018:13:30:12 -0300] "GET /cormun/static/Resources/PXToolsLoginBottom.png HTTP/1.1" 200 1389
186.103.159.204 - - [02/Apr/2018:13:30:21 -0300] "POST /cormun/servlet/hlogin?347d2c261d89de3ed1ab7a7d47838639,gx-no-cache=1522686568068 HTTP/1.1" 200 90
186.103.159.204 - - [02/Apr/2018:13:30:21 -0300] "GET /cormun/servlet/hpexe_link HTTP/1.1" 200 963
186.103.159.204 - - [02/Apr/2018:13:30:21 -0300] "GET /cormun/static/Resources/Spanish/PXTools.css?1155365 HTTP/1.1" 200 16384
186.103.159.204 - - [02/Apr/2018:13:30:22 -0300] "GET /cormun/servlet/trcontratosolicitud HTTP/1.1" 200 14547
186.103.159.204 - - [02/Apr/2018:13:30:22 -0300] "GET /cormun/static/gxui/gxui-all.css?110300 HTTP/1.1" 200 2179
186.103.159.204 - - [02/Apr/2018:13:30:22 -0300] "GET /cormun/static/gxcfg.js?20177612214014 HTTP/1.1" 200 953
186.103.159.204 - - [02/Apr/2018:13:30:23 -0300] "GET /cormun/servlet/trcontratosolicitud HTTP/1.1" 200 14547
186.103.159.204 - - [02/Apr/2018:13:30:37 -0300] "POST /cormun/servlet/trcontratosolicitud?347d2c261d89de3ed1ab7a7d47838639,gx-no-cache=1522686583008 HTTP/1.1" 200 5086
186.103.159.204 - - [02/Apr/2018:13:30:58 -0300] "POST /cormun/servlet/trcontratosolicitud?347d2c261d89de3ed1ab7a7d47838639,gx-no-cache=1522686604308 HTTP/1.1" 200 4739
186.103.159.204 - - [02/Apr/2018:13:31:07 -0300] "GET /cormun/servlet/trvisualizadoreventos? HTTP/1.1" 200 6863
186.103.159.204 - - [02/Apr/2018:13:31:07 -0300] "GET /cormun/static/gxui/gxui-all.css?110300 HTTP/1.1" 200 2179
186.103.159.204 - - [02/Apr/2018:13:31:07 -0300] "GET /cormun/static/gxcfg.js?20175251251426 HTTP/1.1" 200 953
186.103.159.204 - - [02/Apr/2018:13:31:08 -0300] "GET /cormun/servlet/trvisualizadoreventos? HTTP/1.1" 200 6865
186.67.172.234 - - [02/Apr/2018:13:31:11 -0300] "GET /cormun/servlet/solicitudot?92387d714c7fd6471c3ee17b50e8a87f7e633568f177a31c6fe383546e508c29a69b2172c4db48b2bce4cc87cac1c092e1904ccbed6d0c10216babaf9649647a9ff59869e25674d29d51448a735aef117dd436d606d78369db1d5f50905fc6bfae267b41267c99cc8b068fb4b3fd2fb3,gx-no-cache=1522686618022 HTTP/1.1" 200 29
186.67.172.234 - - [02/Apr/2018:13:31:12 -0300] "POST /cormun/servlet/solicitudot?gx-no-cache=1522686618733 HTTP/1.1" 200 1335
186.67.172.234 - - [02/Apr/2018:13:31:12 -0300] "POST /cormun/servlet/solicitudot?gx-no-cache=1522686619200 HTTP/1.1" 200 1228
186.103.159.204 - - [02/Apr/2018:13:31:16 -0300] "POST /cormun/servlet/trvisualizadoreventos?347d2c261d89de3ed1ab7a7d47838639,,gx-no-cache=1522686622752 HTTP/1.1" 200 4144
192.168.10.62 - - [02/Apr/2018:13:31:19 -0300] "POST /cormun/servlet/vesolicitudgral?cebc87c641f2f81b1fb4839b52b4064c,2018,10912,,,gx-no-cache=1522686507994 HTTP/1.1" 200 93
192.168.10.62 - - [02/Apr/2018:13:31:19 -0300] "GET /cormun/servlet/hpexe_return? HTTP/1.1" 200 1017
192.168.10.62 - - [02/Apr/2018:13:31:19 -0300] "GET /cormun/servlet/trsolicitudgral? HTTP/1.1" 200 9005
192.168.10.62 - - [02/Apr/2018:13:31:19 -0300] "GET /cormun/servlet/trsolicitudgral? HTTP/1.1" 200 9002
186.103.159.204 - - [02/Apr/2018:13:31:22 -0300] "GET /cormun/servlet/trcontratosolicitud? HTTP/1.1" 200 7306
186.103.159.204 - - [02/Apr/2018:13:31:22 -0300] "GET /cormun/static/gxcfg.js?20177612214014 HTTP/1.1" 200 953
186.103.159.204 - - [02/Apr/2018:13:31:23 -0300] "GET /cormun/servlet/trcontratosolicitud? HTTP/1.1" 200 7305
192.168.10.62 - - [02/Apr/2018:13:31:28 -0300] "POST /cormun/servlet/trsolicitudgral?cebc87c641f2f81b1fb4839b52b4064c,,gx-no-cache=1522686517193 HTTP/1.1" 200 7302
192.168.10.62 - - [02/Apr/2018:13:31:41 -0300] "GET /cormun/servlet/vesolicitudgral?2018,10929,, HTTP/1.1" 200 9093
192.168.10.62 - - [02/Apr/2018:13:31:41 -0300] "GET /cormun/pexe_scrolldiv.js HTTP/1.1" 404 1009
192.168.10.62 - - [02/Apr/2018:13:31:41 -0300] "GET /cormun/pexe_scrolldiv.js HTTP/1.1" 404 1009
192.168.10.62 - - [02/Apr/2018:13:31:41 -0300] "GET /cormun/servlet/vesolicitudgral?2018,10929,, HTTP/1.1" 200 9093
186.103.159.204 - - [02/Apr/2018:13:31:41 -0300] "GET /cormun/servlet/trsolicitudot? HTTP/1.1" 200 7327
186.103.159.204 - - [02/Apr/2018:13:31:41 -0300] "GET /cormun/static/Shared/ext/resources/css/ext-all.css?215870 HTTP/1.1" 304 -
186.103.159.204 - - [02/Apr/2018:13:31:42 -0300] "GET /cormun/static/gxui/gxui-all.css?120300 HTTP/1.1" 304 -
186.103.159.204 - - [02/Apr/2018:13:31:42 -0300] "GET /cormun/static/calendar-system.css?85620 HTTP/1.1" 304 -
186.103.159.204 - - [02/Apr/2018:13:31:42 -0300] "GET /cormun/static/gxcfg.js?2017111422585916 HTTP/1.1" 304 -
186.103.159.204 - - [02/Apr/2018:13:31:42 -0300] "GET /cormun/servlet/trsolicitudot? HTTP/1.1" 200 7326
192.168.10.62 - - [02/Apr/2018:13:31:43 -0300] "POST /cormun/servlet/vesolicitudgral?cebc87c641f2f81b1fb4839b52b4064c,2018,10929,,,gx-no-cache=1522686532118 HTTP/1.1" 200 107
192.168.10.62 - - [02/Apr/2018:13:31:43 -0300] "GET /cormun/servlet/solicitudgral?UPD,2018,10929, HTTP/1.1" 200 12960
192.168.10.62 - - [02/Apr/2018:13:31:44 -0300] "GET /cormun/servlet/solicitudgral?UPD,2018,10929, HTTP/1.1" 200 12961
192.168.10.62 - - [02/Apr/2018:13:31:44 -0300] "POST /cormun/servlet/solicitudgral?gx-no-cache=1522686533162 HTTP/1.1" 200 3909
192.168.10.62 - - [02/Apr/2018:13:31:44 -0300] "GET /cormun/servlet/solicitudgral?1bf0f23efe2ef3eca2a80a7efc5114282d571474b0b203b054db5a8df5527d67dfa7b218746a9fd498b4042e006484e115b56f16587c49202f6836a858c28982ee6b21c099bdaff93d9bc14227701eca6f056e1f49da2f38c72cb07a1ad78659ebc67ec1cf7d0e02c5a1c4409dcb8d82f7b5aa77f4c49853c5351bce7442f26cfb682bf81191e0c3b3e40ba1c721c0abf20c71473a45dd579fd3babdc8ef50a098d1b79c281b54ebd8888ec834b78530f33e3a78a5b2d74917fd5d8a25a1e330e2c8bbf8621d706ba3054abb4f3efca91ed97aa4aa30cb0e66abe85277c963483ffddcf4922f8396d60deb42d0363cbd6f299bdfe3a6b3fa61041c4603a206c02ae678b5fc96cb5e5a8b04345c054b3e1608395ea83c95528f7245766af1b1b050a647a6477a9fce43dadfa64878fe7d5c3ad0f509d60983201342afcba91beb91fcfc05d9bd9902f7994dfdeaea1af2,gx-no-cache=1522686533295 HTTP/1.1" 200 297
192.168.10.62 - - [02/Apr/2018:13:31:46 -0300] "GET /cormun/servlet/solicitudgral?1bf0f23efe2ef3eca2a80a7efc51142862e1d8a5ff28a2d3a8060890604543ce16f9278f3bcbc927456800fb5df220e3aba030b481c9e46ac1e1bcd994f79b4f4d5e8889e7850a638c3e22b74b02ba0ca33b8922eaf983c10f7fccd59b57163f4f8b95c4d4e54c4d5c0ff52187ba3200882869dadda7a72d2a8fd97484c96cf0fcbcb226b361ef7c5528df762c5cdcf4f23799b77b43b0765559c39058156fa38110cba6a46ebd8ac25bf79f1986b66bcaefc7e53947104823cbb135ea4f6aab155f1da0bb90bddc59a76ebec16454612cf6db60a080c5578c259756feb9c2bbb0d551f9cdf81db76319bf57f991f5326462a4ea734d7fc3a29f80b33b393be0292d95886157fa6eddb7bb3432559e56a10e1c0383e55183ab1facbf8b4159822c8067f498907fded99ae3fbebecb7f90fb331d03280a8dd46b01682fb565ac2c9147eca0f7e280238653416956915bd46c7185373b33b33a870e629baa7627a5a9d27cbde5e6189b570f40a28c86a85c118fb0d7f1eb6656c3bf6b44dedcb04bc6217b509d09ef59d860426747b505028a14058b901626612ade16d9dec1588b98bb63552eaeb9bf78ddaa7c321b1d5,gx-no-cache=1522686535007 HTTP/1.1" 200 48
192.168.10.62 - - [02/Apr/2018:13:31:46 -0300] "POST /cormun/servlet/solicitudgral?cebc87c641f2f81b1fb4839b52b4064c,UPD,2018,10929,,gx-no-cache=1522686535025 HTTP/1.1" 200 11859
192.168.10.62 - - [02/Apr/2018:13:31:46 -0300] "GET /cormun/servlet/solicitudgral?1bf0f23efe2ef3eca2a80a7efc5114287d566faa28dc91641ab7fa5683816ec9740ead59d7452d6f57704b9d8f498f6c6735e48f3d87d7ef9bc56b4352d2f2f40d7d77b23e57a0c2660d2891910b469b8713b755a98cc28a629e6ed77dcf36af65a4f43bee3e1f6cf357e7b8e70fe4a4,gx-no-cache=1522686535194 HTTP/1.1" 200 29
192.168.10.62 - - [02/Apr/2018:13:31:46 -0300] "POST /cormun/servlet/solicitudgral?gx-no-cache=1522686535208 HTTP/1.1" 200 1311
192.168.10.62 - - [02/Apr/2018:13:31:46 -0300] "POST /cormun/servlet/solicitudgral?gx-no-cache=1522686535235 HTTP/1.1" 200 1231
192.168.10.62 - - [02/Apr/2018:13:31:46 -0300] "GET /cormun/static/menuarrow.gif HTTP/1.1" 404 1015
192.168.10.62 - - [02/Apr/2018:13:31:49 -0300] "GET /cormun/servlet/solicitudgral?1bf0f23efe2ef3eca2a80a7efc51142862e1d8a5ff28a2d3a8060890604543ce16f9278f3bcbc927456800fb5df220e3aba030b481c9e46ac1e1bcd994f79b4f4d5e8889e7850a638c3e22b74b02ba0ca33b8922eaf983c10f7fccd59b57163f4f8b95c4d4e54c4d5c0ff52187ba3200882869dadda7a72d2a8fd97484c96cf0fcbcb226b361ef7c5528df762c5cdcf4f23799b77b43b0765559c39058156fa38110cba6a46ebd8ac25bf79f1986b66bcaefc7e53947104823cbb135ea4f6aab155f1da0bb90bddc59a76ebec16454612cf6db60a080c5578c259756feb9c2bbb0d551f9cdf81db76319bf57f991f5326462a4ea734d7fc3a29f80b33b393be0292d95886157fa6eddb7bb3432559e56a10e1c0383e55183ab1facbf8b4159822c8067f498907fded99ae3fbebecb7f90fb331d03280a8dd46b01682fb565ac2c9147eca0f7e280238653416956915bd46c7185373b33b33a870e629baa7627a5a9d27cbde5e6189b570f40a28c86a85c118fb0d7f1eb6656c3bf6b44dedcb04bc6217b509d09ef59d860426747b505028a14058b901626612ade16d9dec1588781215476c833df773806e10f965349b710d2cc861c59e78a1efa9cc665c7bc0,gx-no-cache=1522686538575 HTTP/1.1" 200 48
192.168.10.62 - - [02/Apr/2018:13:31:50 -0300] "POST /cormun/servlet/solicitudgral?gx-no-cache=1522686538653 HTTP/1.1" 200 1311
192.168.10.62 - - [02/Apr/2018:13:31:50 -0300] "POST /cormun/servlet/solicitudgral?gx-no-cache=1522686538680 HTTP/1.1" 200 1231
192.168.10.62 - - [02/Apr/2018:13:31:54 -0300] "POST /cormun/servlet/solicitudgral?cebc87c641f2f81b1fb4839b52b4064c,UPD,2018,10929,,gx-no-cache=1522686543096 HTTP/1.1" 200 93
192.168.10.62 - - [02/Apr/2018:13:31:54 -0300] "GET /cormun/servlet/hpexe_return? HTTP/1.1" 200 1022
192.168.10.62 - - [02/Apr/2018:13:31:54 -0300] "GET /cormun/servlet/vesolicitudgral?2018,10929,, HTTP/1.1" 200 9091
192.168.10.62 - - [02/Apr/2018:13:31:54 -0300] "GET /cormun/pexe_scrolldiv.js HTTP/1.1" 404 1009
192.168.10.62 - - [02/Apr/2018:13:31:54 -0300] "GET /cormun/pexe_scrolldiv.js HTTP/1.1" 404 1009
192.168.10.62 - - [02/Apr/2018:13:31:55 -0300] "GET /cormun/servlet/vesolicitudgral?2018,10929,, HTTP/1.1" 200 9088
192.168.10.62 - - [02/Apr/2018:13:31:56 -0300] "POST /cormun/servlet/vesolicitudgral?cebc87c641f2f81b1fb4839b52b4064c,2018,10929,,,gx-no-cache=1522686545361 HTTP/1.1" 200 11986
192.168.10.62 - - [02/Apr/2018:13:31:56 -0300] "GET /cormun/static/Shared/jqueryui/images/ui-bg_highlight-soft_100_c6c2c8_1x100.png HTTP/1.1" 404 1117
192.168.10.62 - - [02/Apr/2018:13:31:56 -0300] "GET /cormun/static/Shared/jqueryui/images/ui-icons_82798d_256x240.png HTTP/1.1" 404 1089
192.168.10.62 - - [02/Apr/2018:13:31:56 -0300] "GET /cormun/static/Shared/jqueryui/images/ui-bg_flat_55_fafafa_40x100.png HTTP/1.1" 404 1097
192.168.10.62 - - [02/Apr/2018:13:31:56 -0300] "GET /cormun/static/Shared/jqueryui/images/ui-icons_8d78a5_256x240.png HTTP/1.1" 404 1089
192.168.10.62 - - [02/Apr/2018:13:31:57 -0300] "POST /cormun/servlet/vesolicitudgral?cebc87c641f2f81b1fb4839b52b4064c,2018,10929,,,gx-no-cache=1522686545625 HTTP/1.1" 200 11921
186.103.159.204 - - [02/Apr/2018:13:32:21 -0300] "POST /cormun/servlet/trsolicitudot?347d2c261d89de3ed1ab7a7d47838639,,gx-no-cache=1522686687704 HTTP/1.1" 200 4484
186.103.159.204 - - [02/Apr/2018:13:32:22 -0300] "POST /cormun/servlet/trsolicitudot?347d2c261d89de3ed1ab7a7d47838639,,gx-no-cache=1522686689356 HTTP/1.1" 200 4485
186.103.159.204 - - [02/Apr/2018:13:32:23 -0300] "POST /cormun/servlet/trsolicitudot?347d2c261d89de3ed1ab7a7d47838639,,gx-no-cache=1522686689688 HTTP/1.1" 200 4485
186.103.159.204 - - [02/Apr/2018:13:32:24 -0300] "POST /cormun/servlet/trsolicitudot?347d2c261d89de3ed1ab7a7d47838639,,gx-no-cache=1522686690020 HTTP/1.1" 200 4484
186.103.159.46 - - [02/Apr/2018:13:32:26 -0300] "GET /cormun/servlet/hlogin HTTP/1.1" 200 1719
186.103.159.204 - - [02/Apr/2018:13:32:26 -0300] "POST /cormun/servlet/trsolicitudot?347d2c261d89de3ed1ab7a7d47838639,,gx-no-cache=1522686692558 HTTP/1.1" 200 4485
186.103.159.204 - - [02/Apr/2018:13:32:36 -0300] "GET /cormun/servlet/trvisualizadoreventos? HTTP/1.1" 200 6880
186.103.159.204 - - [02/Apr/2018:13:32:36 -0300] "GET /cormun/static/gxui/gxui-all.css?110300 HTTP/1.1" 200 2179
186.103.159.204 - - [02/Apr/2018:13:32:36 -0300] "GET /cormun/static/gxcfg.js?20175251251426 HTTP/1.1" 200 953
186.103.159.204 - - [02/Apr/2018:13:32:36 -0300] "GET /cormun/servlet/trvisualizadoreventos? HTTP/1.1" 200 6879
186.103.159.46 - - [02/Apr/2018:13:32:36 -0300] "POST /cormun/servlet/hlogin?5aa471d220597e4a6e2af35f91a4e583,gx-no-cache=1522686703683 HTTP/1.1" 200 90
186.103.159.46 - - [02/Apr/2018:13:32:36 -0300] "GET /cormun/servlet/hpexe_link HTTP/1.1" 200 947
186.103.159.46 - - [02/Apr/2018:13:32:37 -0300] "GET /cormun/servlet/hhome HTTP/1.1" 200 3957
186.103.159.46 - - [02/Apr/2018:13:32:39 -0300] "GET /cormun/servlet/hhome HTTP/1.1" 200 3954
186.103.159.46 - - [02/Apr/2018:13:32:42 -0300] "GET /cormun/servlet/trlicencias? HTTP/1.1" 200 10032
186.103.159.46 - - [02/Apr/2018:13:32:44 -0300] "GET /cormun/servlet/trlicencias? HTTP/1.1" 200 10030
186.103.159.204 - - [02/Apr/2018:13:32:45 -0300] "POST /cormun/servlet/trvisualizadoreventos?347d2c261d89de3ed1ab7a7d47838639,,gx-no-cache=1522686711574 HTTP/1.1" 200 4154
186.103.159.204 - - [02/Apr/2018:13:32:47 -0300] "POST /cormun/servlet/trvisualizadoreventos?347d2c261d89de3ed1ab7a7d47838639,,gx-no-cache=1522686713598 HTTP/1.1" 200 4154
186.103.159.204 - - [02/Apr/2018:13:32:47 -0300] "POST /cormun/servlet/trvisualizadoreventos?347d2c261d89de3ed1ab7a7d47838639,,gx-no-cache=1522686713820 HTTP/1.1" 200 4154
186.103.159.204 - - [02/Apr/2018:13:32:48 -0300] "POST /cormun/servlet/trvisualizadoreventos?347d2c261d89de3ed1ab7a7d47838639,,gx-no-cache=1522686714164 HTTP/1.1" 200 4154
186.103.159.46 - - [02/Apr/2018:13:32:52 -0300] "GET /cormun/servlet/licenciaspermisos?DSP,12912142,L,20180402000000, HTTP/1.1" 200 7038
186.103.159.46 - - [02/Apr/2018:13:32:52 -0300] "GET /cormun/static/gxcfg.js?201762917281167 HTTP/1.1" 304 -
186.103.159.46 - - [02/Apr/2018:13:32:52 -0300] "GET /cormun/static/licenciaspermisos.js?201762917281260 HTTP/1.1" 304 -
186.103.159.46 - - [02/Apr/2018:13:32:53 -0300] "GET /cormun/servlet/licenciaspermisos?DSP,12912142,L,20180402000000, HTTP/1.1" 200 7038
186.103.159.204 - - [02/Apr/2018:13:32:55 -0300] "POST /cormun/servlet/trvisualizadoreventos?347d2c261d89de3ed1ab7a7d47838639,,gx-no-cache=1522686722012 HTTP/1.1" 200 6423
186.103.159.204 - - [02/Apr/2018:13:33:10 -0300] "GET /cormun/servlet/trcontratosolicitud? HTTP/1.1" 200 7306
186.103.159.204 - - [02/Apr/2018:13:33:10 -0300] "GET /cormun/static/gxcfg.js?20177612214014 HTTP/1.1" 200 953
186.103.159.204 - - [02/Apr/2018:13:33:10 -0300] "GET /cormun/servlet/trcontratosolicitud? HTTP/1.1" 200 7305
186.67.172.234 - - [02/Apr/2018:13:33:12 -0300] "GET /cormun/static/menuarrow.gif HTTP/1.1" 404 1015
186.67.172.234 - - [02/Apr/2018:13:33:16 -0300] "GET /cormun/servlet/solicitudot?92387d714c7fd6471c3ee17b50e8a87fa139fbc641419685725bacbf59df1b490b7e6c633dcb55bf12e9194cde0a55ec,gx-no-cache=1522686743189 HTTP/1.1" 200 30
186.67.172.234 - - [02/Apr/2018:13:33:26 -0300] "POST /cormun/servlet/solicitudot?gx-no-cache=1522686753454 HTTP/1.1" 200 30
186.103.159.46 - - [02/Apr/2018:13:33:33 -0300] "POST /cormun/servlet/licenciaspermisos?5aa471d220597e4a6e2af35f91a4e583,DSP,12912142,L,20180402000000,,gx-no-cache=1522686760290 HTTP/1.1" 200 93
186.103.159.46 - - [02/Apr/2018:13:33:33 -0300] "GET /cormun/servlet/hpexe_return? HTTP/1.1" 200 1025
186.103.159.46 - - [02/Apr/2018:13:33:33 -0300] "GET /cormun/static/gxcfg.js?2016101716175148 HTTP/1.1" 304 -
186.103.159.46 - - [02/Apr/2018:13:33:34 -0300] "GET /cormun/servlet/trlicencias HTTP/1.1" 200 10035
186.103.159.46 - - [02/Apr/2018:13:33:36 -0300] "GET /cormun/servlet/trlicencias HTTP/1.1" 200 10030
186.103.159.204 - - [02/Apr/2018:13:33:40 -0300] "GET /cormun/servlet/trcontratounov2? HTTP/1.1" 200 17566
186.103.159.204 - - [02/Apr/2018:13:33:40 -0300] "GET /cormun/static/gxcfg.js?201752512124396 HTTP/1.1" 200 953
186.103.159.204 - - [02/Apr/2018:13:33:40 -0300] "GET /cormun/static/Resources/PXToolsAddSelectedAction.png HTTP/1.1" 200 3660
186.103.159.204 - - [02/Apr/2018:13:33:41 -0300] "GET /cormun/servlet/trcontratounov2? HTTP/1.1" 200 17582
186.103.159.46 - - [02/Apr/2018:13:33:43 -0300] "GET /cormun/servlet/licenciaspermisos?DSP,9517647,L,20180323000000, HTTP/1.1" 200 7102
186.103.159.46 - - [02/Apr/2018:13:33:45 -0300] "GET /cormun/servlet/licenciaspermisos?DSP,9517647,L,20180323000000, HTTP/1.1" 200 7102
186.67.164.142 - - [02/Apr/2018:13:33:47 -0300] "GET /cormun/servlet/trsolicitudot? HTTP/1.1" 200 26122
186.67.172.234 - - [02/Apr/2018:13:33:49 -0300] "POST /cormun/servlet/solicitudot?602c354d27120d1f9790e55eb2a40d5e,INS,0,0,,gx-no-cache=1522686775737 HTTP/1.1" 200 93
186.67.172.234 - - [02/Apr/2018:13:33:49 -0300] "GET /cormun/servlet/hpexe_return? HTTP/1.1" 200 1005
186.67.172.234 - - [02/Apr/2018:13:33:49 -0300] "GET /cormun/servlet/trsolicitudot HTTP/1.1" 200 8656
186.67.164.142 - - [02/Apr/2018:13:33:49 -0300] "GET /cormun/servlet/trsolicitudot? HTTP/1.1" 200 26119
186.67.172.234 - - [02/Apr/2018:13:33:50 -0300] "GET /cormun/servlet/trsolicitudot HTTP/1.1" 200 8652
186.103.159.46 - - [02/Apr/2018:13:33:53 -0300] "GET /cormun/servlet/trlicencias HTTP/1.1" 200 10035
186.103.159.46 - - [02/Apr/2018:13:33:54 -0300] "GET /cormun/servlet/trlicencias HTTP/1.1" 200 10030
186.67.172.234 - - [02/Apr/2018:13:34:01 -0300] "POST /cormun/servlet/trsolicitudot?602c354d27120d1f9790e55eb2a40d5e,gx-no-cache=1522686788308 HTTP/1.1" 200 107
186.67.172.234 - - [02/Apr/2018:13:34:01 -0300] "GET /cormun/servlet/trsolicitudadjuntos?2018,10967, HTTP/1.1" 200 6320
186.67.172.234 - - [02/Apr/2018:13:34:01 -0300] "GET /cormun/static/gxcfg.js?20177612135366 HTTP/1.1" 304 -
186.67.172.234 - - [02/Apr/2018:13:34:02 -0300] "GET /cormun/servlet/trsolicitudadjuntos?2018,10967, HTTP/1.1" 200 6320
186.67.172.234 - - [02/Apr/2018:13:34:06 -0300] "GET /cormun/servlet/solicitudotadjuntos?INS,2018,10967,,1, HTTP/1.1" 200 6265
186.67.172.234 - - [02/Apr/2018:13:34:06 -0300] "GET /cormun/static/gxcfg.js?2017761244068 HTTP/1.1" 304 -
186.67.172.234 - - [02/Apr/2018:13:34:06 -0300] "GET /cormun/servlet/solicitudotadjuntos?INS,2018,10967,,1, HTTP/1.1" 200 6258
186.67.172.234 - - [02/Apr/2018:13:34:06 -0300] "GET /cormun/static/about:blank HTTP/1.1" 404 1011
186.67.172.234 - - [02/Apr/2018:13:34:06 -0300] "GET /cormun/servlet/solicitudotadjuntos?92387d714c7fd6471c3ee17b50e8a87f22e77c957723c8053c1ff31093ff0d5f0f0eaeaa94690cafcb0af6fd9be855b6,gx-no-cache=1522686793631 HTTP/1.1" 200 30
186.67.172.234 - - [02/Apr/2018:13:34:07 -0300] "POST /cormun/servlet/solicitudotadjuntos?602c354d27120d1f9790e55eb2a40d5e,INS,2018,10967,,1,,gx-no-cache=1522686793677 HTTP/1.1" 200 3983
186.103.159.204 - - [02/Apr/2018:13:34:09 -0300] "POST /cormun/servlet/trcontratounov2?347d2c261d89de3ed1ab7a7d47838639,,gx-no-cache=1522686795286 HTTP/1.1" 200 6166
186.67.172.234 - - [02/Apr/2018:13:34:12 -0300] "POST /cormun/servlet/solicitudotadjuntos?gx-no-cache=1522686799477 HTTP/1.1" 200 26
186.103.159.204 - - [02/Apr/2018:13:34:18 -0300] "POST /cormun/servlet/trcontratounov2?347d2c261d89de3ed1ab7a7d47838639,,gx-no-cache=1522686805064 HTTP/1.1" 200 5444
186.67.164.142 - - [02/Apr/2018:13:34:21 -0300] "GET /cormun/servlet/vesolicitudot?2018,10472,, HTTP/1.1" 200 8311
186.67.164.142 - - [02/Apr/2018:13:34:22 -0300] "GET /cormun/static/gxcfg.js?2017111422591385 HTTP/1.1" 200 953
186.67.164.142 - - [02/Apr/2018:13:34:22 -0300] "GET /cormun/static/vesolicitudot.js?2017111422591449 HTTP/1.1" 200 6091
186.67.164.142 - - [02/Apr/2018:13:34:22 -0300] "GET /cormun/pexe_scrolldiv.js HTTP/1.1" 404 1009
186.67.164.142 - - [02/Apr/2018:13:34:22 -0300] "GET /cormun/static/hpexe_tabsview.js?201610171694228 HTTP/1.1" 200 1661
186.67.164.142 - - [02/Apr/2018:13:34:22 -0300] "GET /cormun/static/hwcviewtabs.js?20177611594913 HTTP/1.1" 200 1074
186.67.164.142 - - [02/Apr/2018:13:34:22 -0300] "GET /cormun/static/Resources/PXToolsTabFirstSelected.png HTTP/1.1" 200 1259
186.67.164.142 - - [02/Apr/2018:13:34:22 -0300] "GET /cormun/static/Resources/PXToolsTabPrevious.gif HTTP/1.1" 200 172
186.67.164.142 - - [02/Apr/2018:13:34:22 -0300] "GET /cormun/static/Resources/PXToolsTabLastUnselected.png HTTP/1.1" 200 1291
186.67.164.142 - - [02/Apr/2018:13:34:22 -0300] "GET /cormun/static/tbsolicitudot01.js?2017111422581186 HTTP/1.1" 200 30566
186.67.164.142 - - [02/Apr/2018:13:34:22 -0300] "GET /cormun/static/Resources/PXToolsTabNext.gif HTTP/1.1" 200 168
186.67.164.142 - - [02/Apr/2018:13:34:22 -0300] "GET /cormun/static/calendar-system.css HTTP/1.1" 200 5572
186.67.164.142 - - [02/Apr/2018:13:34:22 -0300] "GET /cormun/static/Resources/PXToolsTabBackSelected.png HTTP/1.1" 200 1157
186.67.164.142 - - [02/Apr/2018:13:34:22 -0300] "GET /cormun/static/Resources/PXToolsTabSelectedUnselected.png HTTP/1.1" 200 1428
186.67.164.142 - - [02/Apr/2018:13:34:22 -0300] "GET /cormun/static/Resources/PXToolsTabUnselectedUnselected.png HTTP/1.1" 200 1459
186.67.164.142 - - [02/Apr/2018:13:34:22 -0300] "GET /cormun/static/Resources/PXToolsTabBackUnselected.png HTTP/1.1" 200 1175
186.67.164.142 - - [02/Apr/2018:13:34:22 -0300] "GET /cormun/servlet/vesolicitudot?2018,10472,, HTTP/1.1" 200 8311
186.67.172.234 - - [02/Apr/2018:13:34:24 -0300] "GET /cormun/servlet/solicitudotadjuntos?92387d714c7fd6471c3ee17b50e8a87f02cc3fbbe2ebaeeda27b17ca0744e2c7,gx-no-cache=1522686811302 HTTP/1.1" 200 30
186.67.172.234 - - [02/Apr/2018:13:34:24 -0300] "GET /cormun/servlet/solicitudotadjuntos?92387d714c7fd6471c3ee17b50e8a87f02cc3fbbe2ebaeeda27b17ca0744e2c7,gx-no-cache=1522686811314 HTTP/1.1" 200 30
186.67.172.234 - - [02/Apr/2018:13:34:25 -0300] "POST /cormun/servlet/solicitudotadjuntos?602c354d27120d1f9790e55eb2a40d5e,INS,2018,10967,,1, HTTP/1.1" 200 116
186.67.172.234 - - [02/Apr/2018:13:34:25 -0300] "GET /cormun/servlet/hpexe_return? HTTP/1.1" 200 1025
186.67.172.234 - - [02/Apr/2018:13:34:25 -0300] "GET /cormun/servlet/trsolicitudadjuntos?2018,10967, HTTP/1.1" 200 8797
186.67.172.234 - - [02/Apr/2018:13:34:26 -0300] "GET /cormun/servlet/trsolicitudadjuntos?2018,10967, HTTP/1.1" 200 8791
186.67.164.142 - - [02/Apr/2018:13:34:27 -0300] "GET /cormun/servlet/vesolicitudot?2018,10472,,SolicitudOTAdjuntos HTTP/1.1" 200 7304
186.67.164.142 - - [02/Apr/2018:13:34:27 -0300] "GET /cormun/pexe_scrolldiv.js HTTP/1.1" 404 1009
186.67.164.142 - - [02/Apr/2018:13:34:27 -0300] "GET /cormun/static/tbsolicitudot02.js?201711142258496 HTTP/1.1" 200 15626
186.67.164.142 - - [02/Apr/2018:13:34:27 -0300] "GET /cormun/pexe_scrolldiv.js HTTP/1.1" 404 1009
186.67.164.142 - - [02/Apr/2018:13:34:27 -0300] "GET /cormun/static/gxui/gxui-all.css HTTP/1.1" 200 2179
186.67.164.142 - - [02/Apr/2018:13:34:27 -0300] "GET /cormun/static/Resources/PXToolsTabFirstUnselected.png HTTP/1.1" 200 1264
186.67.164.142 - - [02/Apr/2018:13:34:27 -0300] "GET /cormun/static/Resources/PXToolsTabUnselectedSelected.png HTTP/1.1" 200 1444
186.67.164.142 - - [02/Apr/2018:13:34:27 -0300] "GET /cormun/servlet/vesolicitudot?2018,10472,,SolicitudOTAdjuntos HTTP/1.1" 200 7304
186.67.164.142 - - [02/Apr/2018:13:34:28 -0300] "GET /cormun/static/Shared/ext/resources/css/ext-all.css HTTP/1.1" 200 416045
186.67.172.234 - - [02/Apr/2018:13:34:28 -0300] "GET /cormun/servlet/solicitudotadjuntos?INS,2018,10967,,1, HTTP/1.1" 200 6265
186.67.164.142 - - [02/Apr/2018:13:34:28 -0300] "POST /cormun/servlet/acontrolpreferencessavestate?None,CD-33,true HTTP/1.1" 200 35
186.67.172.234 - - [02/Apr/2018:13:34:28 -0300] "GET /cormun/static/about:blank HTTP/1.1" 404 1011
186.67.172.234 - - [02/Apr/2018:13:34:29 -0300] "GET /cormun/servlet/solicitudotadjuntos?INS,2018,10967,,1, HTTP/1.1" 200 6258
186.67.172.234 - - [02/Apr/2018:13:34:29 -0300] "GET /cormun/servlet/solicitudotadjuntos?92387d714c7fd6471c3ee17b50e8a87f22e77c957723c8053c1ff31093ff0d5f0f0eaeaa94690cafcb0af6fd9be855b6,gx-no-cache=1522686816268 HTTP/1.1" 200 30
186.67.172.234 - - [02/Apr/2018:13:34:29 -0300] "POST /cormun/servlet/solicitudotadjuntos?602c354d27120d1f9790e55eb2a40d5e,INS,2018,10967,,1,,gx-no-cache=1522686816302 HTTP/1.1" 200 3983
186.67.164.142 - - [02/Apr/2018:13:34:38 -0300] "GET /cormun/servlet/vesolicitudot?2018,10472,,SolicitudOTLog HTTP/1.1" 200 9552
186.67.164.142 - - [02/Apr/2018:13:34:38 -0300] "GET /cormun/static/Resources/PXToolsTabLastSelected.png HTTP/1.1" 200 1262
186.67.164.142 - - [02/Apr/2018:13:34:38 -0300] "GET /cormun/pexe_scrolldiv.js HTTP/1.1" 404 1009
186.67.164.142 - - [02/Apr/2018:13:34:38 -0300] "GET /cormun/static/tbsolicitudot03.js?20177611592012 HTTP/1.1" 200 13332
186.67.164.142 - - [02/Apr/2018:13:34:39 -0300] "POST /cormun/servlet/acontrolpreferencessavestate?None,CD-33,true HTTP/1.1" 200 35
186.67.164.142 - - [02/Apr/2018:13:34:40 -0300] "GET /cormun/servlet/vesolicitudot?2018,10472,,SolicitudOTLog HTTP/1.1" 200 9555
186.103.159.204 - - [02/Apr/2018:13:34:41 -0300] "GET /cormun/servlet/trsolicitudot? HTTP/1.1" 200 7341
186.67.164.142 - - [02/Apr/2018:13:34:41 -0300] "GET /cormun/servlet/vesolicitudot?2018,10472,,SolicitudOTAdjuntos HTTP/1.1" 200 7307
186.67.164.142 - - [02/Apr/2018:13:34:41 -0300] "GET /cormun/pexe_scrolldiv.js HTTP/1.1" 404 1009
186.103.159.204 - - [02/Apr/2018:13:34:42 -0300] "GET /cormun/servlet/trsolicitudot? HTTP/1.1" 200 7341
186.67.164.142 - - [02/Apr/2018:13:34:42 -0300] "GET /cormun/servlet/vesolicitudot?2018,10472,,SolicitudOTAdjuntos HTTP/1.1" 200 7307
186.67.164.142 - - [02/Apr/2018:13:34:42 -0300] "POST /cormun/servlet/acontrolpreferencessavestate?None,CD-33,true HTTP/1.1" 200 35
186.67.164.142 - - [02/Apr/2018:13:34:45 -0300] "GET /cormun/servlet/vesolicitudot?2018,10472,,General HTTP/1.1" 200 8322
186.67.164.142 - - [02/Apr/2018:13:34:45 -0300] "GET /cormun/pexe_scrolldiv.js HTTP/1.1" 404 1009
186.67.164.142 - - [02/Apr/2018:13:34:46 -0300] "GET /cormun/servlet/vesolicitudot?2018,10472,,General HTTP/1.1" 200 8322
186.67.164.142 - - [02/Apr/2018:13:34:53 -0300] "GET /cormun/servlet/vesolicitudot?2018,10472,,SolicitudOTAdjuntos HTTP/1.1" 200 7307
186.67.164.142 - - [02/Apr/2018:13:34:53 -0300] "GET /cormun/pexe_scrolldiv.js HTTP/1.1" 404 1009
186.67.164.142 - - [02/Apr/2018:13:34:54 -0300] "GET /cormun/servlet/vesolicitudot?2018,10472,,SolicitudOTAdjuntos HTTP/1.1" 200 7307
186.67.164.142 - - [02/Apr/2018:13:34:55 -0300] "POST /cormun/servlet/acontrolpreferencessavestate?None,CD-33,true HTTP/1.1" 200 35
186.67.164.142 - - [02/Apr/2018:13:34:56 -0300] "POST /cormun/servlet/vesolicitudot?67ef4bc10dc2223104d75d23def2b4d4,2018,10472,,SolicitudOTAdjuntos,gx-no-cache=1522686843515 HTTP/1.1" 200 5253
186.67.164.142 - - [02/Apr/2018:13:34:56 -0300] "GET /cormun//static/Resources/PXToolsTabLastUnselected.png HTTP/1.1" 200 1291
186.103.159.204 - - [02/Apr/2018:13:34:57 -0300] "POST /cormun/servlet/trsolicitudot?347d2c261d89de3ed1ab7a7d47838639,,gx-no-cache=1522686843518 HTTP/1.1" 200 4501
186.103.159.204 - - [02/Apr/2018:13:34:58 -0300] "POST /cormun/servlet/trsolicitudot?347d2c261d89de3ed1ab7a7d47838639,,gx-no-cache=1522686844580 HTTP/1.1" 200 4501
186.103.159.204 - - [02/Apr/2018:13:34:58 -0300] "POST /cormun/servlet/trsolicitudot?347d2c261d89de3ed1ab7a7d47838639,,gx-no-cache=1522686845364 HTTP/1.1" 200 4502
186.103.159.204 - - [02/Apr/2018:13:34:59 -0300] "POST /cormun/servlet/trsolicitudot?347d2c261d89de3ed1ab7a7d47838639,,gx-no-cache=1522686845812 HTTP/1.1" 200 4501
186.103.159.204 - - [02/Apr/2018:13:34:59 -0300] "POST /cormun/servlet/trsolicitudot?347d2c261d89de3ed1ab7a7d47838639,,gx-no-cache=1522686846106 HTTP/1.1" 200 4502
186.103.159.204 - - [02/Apr/2018:13:35:00 -0300] "POST /cormun/servlet/trsolicitudot?347d2c261d89de3ed1ab7a7d47838639,,gx-no-cache=1522686846482 HTTP/1.1" 200 4502
186.103.159.204 - - [02/Apr/2018:13:35:08 -0300] "POST /cormun/servlet/trsolicitudot?347d2c261d89de3ed1ab7a7d47838639,,gx-no-cache=1522686854964 HTTP/1.1" 200 4503
186.103.159.204 - - [02/Apr/2018:13:35:09 -0300] "POST /cormun/servlet/trsolicitudot?347d2c261d89de3ed1ab7a7d47838639,,gx-no-cache=1522686855866 HTTP/1.1" 200 4503
186.103.159.204 - - [02/Apr/2018:13:35:09 -0300] "POST /cormun/servlet/trsolicitudot?347d2c261d89de3ed1ab7a7d47838639,,gx-no-cache=1522686856154 HTTP/1.1" 200 4503
186.67.164.142 - - [02/Apr/2018:13:35:11 -0300] "GET /cormun/servlet/vesolicitudot?2018,10472,,General HTTP/1.1" 200 8322
186.67.164.142 - - [02/Apr/2018:13:35:11 -0300] "GET /cormun/pexe_scrolldiv.js HTTP/1.1" 404 1009
186.67.164.142 - - [02/Apr/2018:13:35:11 -0300] "GET /cormun/servlet/vesolicitudot?2018,10472,,General HTTP/1.1" 200 8322
186.103.159.204 - - [02/Apr/2018:13:35:13 -0300] "POST /cormun/servlet/trsolicitudot?347d2c261d89de3ed1ab7a7d47838639,,gx-no-cache=1522686860292 HTTP/1.1" 200 4501
186.103.159.204 - - [02/Apr/2018:13:35:14 -0300] "POST /cormun/servlet/trsolicitudot?347d2c261d89de3ed1ab7a7d47838639,,gx-no-cache=1522686861028 HTTP/1.1" 200 4501
186.103.159.204 - - [02/Apr/2018:13:35:19 -0300] "POST /cormun/servlet/trsolicitudot?347d2c261d89de3ed1ab7a7d47838639,,gx-no-cache=1522686865962 HTTP/1.1" 200 4501
186.103.159.204 - - [02/Apr/2018:13:35:20 -0300] "POST /cormun/servlet/trsolicitudot?347d2c261d89de3ed1ab7a7d47838639,,gx-no-cache=1522686866728 HTTP/1.1" 200 4502
186.103.159.204 - - [02/Apr/2018:13:35:20 -0300] "POST /cormun/servlet/trsolicitudot?347d2c261d89de3ed1ab7a7d47838639,,gx-no-cache=1522686866968 HTTP/1.1" 200 4502
186.103.159.204 - - [02/Apr/2018:13:35:20 -0300] "POST /cormun/servlet/trsolicitudot?347d2c261d89de3ed1ab7a7d47838639,,gx-no-cache=1522686867280 HTTP/1.1" 200 4502
186.103.159.204 - - [02/Apr/2018:13:35:21 -0300] "POST /cormun/servlet/trsolicitudot?347d2c261d89de3ed1ab7a7d47838639,,gx-no-cache=1522686867600 HTTP/1.1" 200 4502
186.67.164.142 - - [02/Apr/2018:13:35:23 -0300] "GET /cormun/servlet/vesolicitudot?2018,10472,,SolicitudOTAdjuntos HTTP/1.1" 200 7307
186.67.164.142 - - [02/Apr/2018:13:35:24 -0300] "GET /cormun/servlet/vesolicitudot?2018,10472,,SolicitudOTAdjuntos HTTP/1.1" 200 7307
186.67.164.142 - - [02/Apr/2018:13:35:25 -0300] "POST /cormun/servlet/acontrolpreferencessavestate?None,CD-33,true HTTP/1.1" 200 35
186.67.172.234 - - [02/Apr/2018:13:35:27 -0300] "POST /cormun/servlet/solicitudotadjuntos?gx-no-cache=1522686873829 HTTP/1.1" 200 26
186.67.164.142 - - [02/Apr/2018:13:35:27 -0300] "GET /cormun/servlet/vesolicitudot?2018,10472,,General HTTP/1.1" 200 8322
186.67.164.142 - - [02/Apr/2018:13:35:27 -0300] "GET /cormun/servlet/vesolicitudot?2018,10472,,General HTTP/1.1" 200 8322
186.103.159.204 - - [02/Apr/2018:13:35:30 -0300] "POST /cormun/servlet/trsolicitudot?347d2c261d89de3ed1ab7a7d47838639,,gx-no-cache=1522686876978 HTTP/1.1" 200 5855
186.103.159.204 - - [02/Apr/2018:13:35:30 -0300] "GET /cormun//static/Resources/PXToolsGridUpdate.png HTTP/1.1" 304 -
186.103.159.204 - - [02/Apr/2018:13:35:30 -0300] "GET /cormun//static/Resources/PXToolsGridDelete.png HTTP/1.1" 304 -
186.103.159.204 - - [02/Apr/2018:13:35:30 -0300] "GET /cormun//static/Resources/PXToolsRemoveAllAction.png HTTP/1.1" 304 -
186.103.159.204 - - [02/Apr/2018:13:35:30 -0300] "GET /cormun//static/Resources/PXTools/ActionInsert.png HTTP/1.1" 304 -
186.103.159.204 - - [02/Apr/2018:13:35:30 -0300] "GET /cormun//static/Resources/PXToolsActionView.png HTTP/1.1" 304 -
186.67.164.142 - - [02/Apr/2018:13:35:31 -0300] "POST /cormun/servlet/vesolicitudot?67ef4bc10dc2223104d75d23def2b4d4,2018,10472,,General,gx-no-cache=1522686878751 HTTP/1.1" 200 93
186.67.164.142 - - [02/Apr/2018:13:35:32 -0300] "GET /cormun/servlet/hpexe_return? HTTP/1.1" 200 1011
186.67.164.142 - - [02/Apr/2018:13:35:33 -0300] "GET /cormun/servlet/trsolicitudot HTTP/1.1" 200 26127
186.67.172.234 - - [02/Apr/2018:13:35:35 -0300] "GET /cormun/servlet/solicitudotadjuntos?92387d714c7fd6471c3ee17b50e8a87f02cc3fbbe2ebaeeda27b17ca0744e2c7,gx-no-cache=1522686881821 HTTP/1.1" 200 30
186.67.164.142 - - [02/Apr/2018:13:35:35 -0300] "GET /cormun/servlet/trsolicitudot HTTP/1.1" 200 26123
186.67.172.234 - - [02/Apr/2018:13:35:35 -0300] "GET /cormun/servlet/solicitudotadjuntos?92387d714c7fd6471c3ee17b50e8a87f02cc3fbbe2ebaeeda27b17ca0744e2c7,gx-no-cache=1522686881885 HTTP/1.1" 200 30
186.67.172.234 - - [02/Apr/2018:13:35:42 -0300] "POST /cormun/servlet/solicitudotadjuntos?602c354d27120d1f9790e55eb2a40d5e,INS,2018,10967,,1, HTTP/1.1" 200 116
186.67.172.234 - - [02/Apr/2018:13:35:42 -0300] "GET /cormun/servlet/hpexe_return? HTTP/1.1" 200 1025
186.67.172.234 - - [02/Apr/2018:13:35:42 -0300] "GET /cormun/servlet/trsolicitudadjuntos?2018,10967, HTTP/1.1" 200 9026
186.67.172.234 - - [02/Apr/2018:13:35:43 -0300] "GET /cormun/servlet/trsolicitudadjuntos?2018,10967, HTTP/1.1" 200 9025
186.67.164.142 - - [02/Apr/2018:13:35:53 -0300] "GET /cormun/servlet/vesolicitudot?2018,10382,, HTTP/1.1" 200 8324
186.67.164.142 - - [02/Apr/2018:13:35:53 -0300] "GET /cormun/pexe_scrolldiv.js HTTP/1.1" 404 1009
186.67.164.142 - - [02/Apr/2018:13:35:53 -0300] "GET /cormun/pexe_scrolldiv.js HTTP/1.1" 404 1009
186.67.164.142 - - [02/Apr/2018:13:35:53 -0300] "GET /cormun/servlet/vesolicitudot?2018,10382,, HTTP/1.1" 200 8324
186.103.159.204 - - [02/Apr/2018:13:35:53 -0300] "POST /cormun/servlet/trsolicitudot?347d2c261d89de3ed1ab7a7d47838639,,gx-no-cache=1522686900388 HTTP/1.1" 200 4504
186.67.172.234 - - [02/Apr/2018:13:35:57 -0300] "GET /cormun/servlet/solicitudotadjuntos?INS,2018,10967,,1, HTTP/1.1" 200 6264
186.67.172.234 - - [02/Apr/2018:13:35:58 -0300] "GET /cormun/static/about:blank HTTP/1.1" 404 1011
186.67.172.234 - - [02/Apr/2018:13:35:58 -0300] "GET /cormun/servlet/solicitudotadjuntos?INS,2018,10967,,1, HTTP/1.1" 200 6258
186.103.159.204 - - [02/Apr/2018:13:35:58 -0300] "POST /cormun/servlet/trsolicitudot?347d2c261d89de3ed1ab7a7d47838639,,gx-no-cache=1522686905000 HTTP/1.1" 200 5853
186.67.172.234 - - [02/Apr/2018:13:35:58 -0300] "GET /cormun/servlet/solicitudotadjuntos?92387d714c7fd6471c3ee17b50e8a87f22e77c957723c8053c1ff31093ff0d5f0f0eaeaa94690cafcb0af6fd9be855b6,gx-no-cache=1522686905482 HTTP/1.1" 200 30
186.67.172.234 - - [02/Apr/2018:13:35:58 -0300] "POST /cormun/servlet/solicitudotadjuntos?602c354d27120d1f9790e55eb2a40d5e,INS,2018,10967,,1,,gx-no-cache=1522686905528 HTTP/1.1" 200 3983
186.103.159.204 - - [02/Apr/2018:13:35:59 -0300] "POST /cormun/servlet/trsolicitudot?347d2c261d89de3ed1ab7a7d47838639,,gx-no-cache=1522686906218 HTTP/1.1" 200 5853
186.67.172.234 - - [02/Apr/2018:13:36:01 -0300] "POST /cormun/servlet/solicitudotadjuntos?gx-no-cache=1522686907749 HTTP/1.1" 200 26
186.67.164.142 - - [02/Apr/2018:13:36:04 -0300] "GET /cormun/servlet/vesolicitudot?2018,10382,,SolicitudOTAdjuntos HTTP/1.1" 200 11387
186.67.164.142 - - [02/Apr/2018:13:36:04 -0300] "GET /cormun/servlet/vesolicitudot?2018,10382,,SolicitudOTAdjuntos HTTP/1.1" 200 11384
186.67.164.142 - - [02/Apr/2018:13:36:05 -0300] "GET /cormun/pexe_scrolldiv.js HTTP/1.1" 404 1009
186.67.172.234 - - [02/Apr/2018:13:36:05 -0300] "GET /cormun/servlet/solicitudotadjuntos?92387d714c7fd6471c3ee17b50e8a87f02cc3fbbe2ebaeeda27b17ca0744e2c7,gx-no-cache=1522686912221 HTTP/1.1" 200 30
186.67.172.234 - - [02/Apr/2018:13:36:05 -0300] "GET /cormun/servlet/solicitudotadjuntos?92387d714c7fd6471c3ee17b50e8a87f02cc3fbbe2ebaeeda27b17ca0744e2c7,gx-no-cache=1522686912281 HTTP/1.1" 200 30
186.67.172.234 - - [02/Apr/2018:13:36:07 -0300] "POST /cormun/servlet/solicitudotadjuntos?602c354d27120d1f9790e55eb2a40d5e,INS,2018,10967,,1, HTTP/1.1" 200 116
186.67.164.142 - - [02/Apr/2018:13:36:07 -0300] "POST /cormun/servlet/acontrolpreferencessavestate?None,CD-33,true HTTP/1.1" 200 35
186.67.172.234 - - [02/Apr/2018:13:36:07 -0300] "GET /cormun/servlet/hpexe_return? HTTP/1.1" 200 1025
186.67.164.142 - - [02/Apr/2018:13:36:07 -0300] "GET /cormun/servlet/vesolicitudot?2018,10382,,SolicitudOTAdjuntos HTTP/1.1" 200 11386
186.67.172.234 - - [02/Apr/2018:13:36:07 -0300] "GET /cormun/servlet/trsolicitudadjuntos?2018,10967, HTTP/1.1" 200 9198
186.67.172.234 - - [02/Apr/2018:13:36:08 -0300] "GET /cormun/servlet/trsolicitudadjuntos?2018,10967, HTTP/1.1" 200 9196
186.67.172.234 - - [02/Apr/2018:13:36:18 -0300] "GET /cormun/servlet/solicitudotadjuntos?INS,2018,10967,,1, HTTP/1.1" 200 6264
186.67.172.234 - - [02/Apr/2018:13:36:18 -0300] "GET /cormun/static/about:blank HTTP/1.1" 404 1011
186.67.172.234 - - [02/Apr/2018:13:36:18 -0300] "GET /cormun/servlet/solicitudotadjuntos?INS,2018,10967,,1, HTTP/1.1" 200 6258
186.67.172.234 - - [02/Apr/2018:13:36:18 -0300] "GET /cormun/servlet/solicitudotadjuntos?92387d714c7fd6471c3ee17b50e8a87f22e77c957723c8053c1ff31093ff0d5f0f0eaeaa94690cafcb0af6fd9be855b6,gx-no-cache=1522686925646 HTTP/1.1" 200 30
186.67.172.234 - - [02/Apr/2018:13:36:19 -0300] "POST /cormun/servlet/solicitudotadjuntos?602c354d27120d1f9790e55eb2a40d5e,INS,2018,10967,,1,,gx-no-cache=1522686925695 HTTP/1.1" 200 3983
186.67.172.234 - - [02/Apr/2018:13:36:21 -0300] "POST /cormun/servlet/solicitudotadjuntos?gx-no-cache=1522686928541 HTTP/1.1" 200 26
186.67.164.142 - - [02/Apr/2018:13:36:25 -0300] "GET /cormun/PublicTempStorage/victor_sepulveda_brito__c._de_trabajo2599113.pdf HTTP/1.1" 200 561327
186.67.172.234 - - [02/Apr/2018:13:36:30 -0300] "GET /cormun/servlet/solicitudotadjuntos?92387d714c7fd6471c3ee17b50e8a87f02cc3fbbe2ebaeeda27b17ca0744e2c7,gx-no-cache=1522686937174 HTTP/1.1" 200 30
186.67.172.234 - - [02/Apr/2018:13:36:30 -0300] "GET /cormun/servlet/solicitudotadjuntos?92387d714c7fd6471c3ee17b50e8a87f02cc3fbbe2ebaeeda27b17ca0744e2c7,gx-no-cache=1522686937514 HTTP/1.1" 200 30
186.67.172.234 - - [02/Apr/2018:13:36:31 -0300] "POST /cormun/servlet/solicitudotadjuntos?602c354d27120d1f9790e55eb2a40d5e,INS,2018,10967,,1, HTTP/1.1" 200 116
186.67.172.234 - - [02/Apr/2018:13:36:31 -0300] "GET /cormun/servlet/hpexe_return? HTTP/1.1" 200 1025
186.67.172.234 - - [02/Apr/2018:13:36:32 -0300] "GET /cormun/servlet/trsolicitudadjuntos?2018,10967, HTTP/1.1" 200 9424
186.67.172.234 - - [02/Apr/2018:13:36:32 -0300] "GET /cormun/servlet/trsolicitudadjuntos?2018,10967, HTTP/1.1" 200 9424
186.67.172.234 - - [02/Apr/2018:13:36:34 -0300] "GET /cormun/servlet/solicitudotadjuntos?INS,2018,10967,,1, HTTP/1.1" 200 6264
186.67.172.234 - - [02/Apr/2018:13:36:34 -0300] "GET /cormun/static/about:blank HTTP/1.1" 404 1011
186.67.172.234 - - [02/Apr/2018:13:36:34 -0300] "GET /cormun/servlet/solicitudotadjuntos?INS,2018,10967,,1, HTTP/1.1" 200 6258
186.67.172.234 - - [02/Apr/2018:13:36:35 -0300] "GET /cormun/servlet/solicitudotadjuntos?92387d714c7fd6471c3ee17b50e8a87f22e77c957723c8053c1ff31093ff0d5f0f0eaeaa94690cafcb0af6fd9be855b6,gx-no-cache=1522686941944 HTTP/1.1" 200 30
186.67.172.234 - - [02/Apr/2018:13:36:35 -0300] "POST /cormun/servlet/solicitudotadjuntos?602c354d27120d1f9790e55eb2a40d5e,INS,2018,10967,,1,,gx-no-cache=1522686941995 HTTP/1.1" 200 3983
186.67.172.234 - - [02/Apr/2018:13:36:37 -0300] "POST /cormun/servlet/solicitudotadjuntos?gx-no-cache=1522686944692 HTTP/1.1" 200 26
186.67.172.234 - - [02/Apr/2018:13:36:43 -0300] "GET /cormun/servlet/solicitudotadjuntos?92387d714c7fd6471c3ee17b50e8a87f02cc3fbbe2ebaeeda27b17ca0744e2c7,gx-no-cache=1522686950172 HTTP/1.1" 200 30
186.67.172.234 - - [02/Apr/2018:13:36:43 -0300] "GET /cormun/servlet/solicitudotadjuntos?92387d714c7fd6471c3ee17b50e8a87f02cc3fbbe2ebaeeda27b17ca0744e2c7,gx-no-cache=1522686950184 HTTP/1.1" 200 30
186.67.172.234 - - [02/Apr/2018:13:36:44 -0300] "POST /cormun/servlet/solicitudotadjuntos?602c354d27120d1f9790e55eb2a40d5e,INS,2018,10967,,1, HTTP/1.1" 200 116
186.67.172.234 - - [02/Apr/2018:13:36:44 -0300] "GET /cormun/servlet/hpexe_return? HTTP/1.1" 200 1025
186.67.172.234 - - [02/Apr/2018:13:36:44 -0300] "GET /cormun/servlet/trsolicitudadjuntos?2018,10967, HTTP/1.1" 200 9645
186.67.172.234 - - [02/Apr/2018:13:36:45 -0300] "GET /cormun/servlet/trsolicitudadjuntos?2018,10967, HTTP/1.1" 200 9641
186.67.172.234 - - [02/Apr/2018:13:36:48 -0300] "GET /cormun/servlet/solicitudotadjuntos?INS,2018,10967,,1, HTTP/1.1" 200 6264
186.67.172.234 - - [02/Apr/2018:13:36:48 -0300] "GET /cormun/static/about:blank HTTP/1.1" 404 1011
186.67.172.234 - - [02/Apr/2018:13:36:48 -0300] "GET /cormun/servlet/solicitudotadjuntos?INS,2018,10967,,1, HTTP/1.1" 200 6258
186.67.172.234 - - [02/Apr/2018:13:36:48 -0300] "GET /cormun/servlet/solicitudotadjuntos?92387d714c7fd6471c3ee17b50e8a87f22e77c957723c8053c1ff31093ff0d5f0f0eaeaa94690cafcb0af6fd9be855b6,gx-no-cache=1522686955675 HTTP/1.1" 200 30
186.67.172.234 - - [02/Apr/2018:13:36:49 -0300] "POST /cormun/servlet/solicitudotadjuntos?602c354d27120d1f9790e55eb2a40d5e,INS,2018,10967,,1,,gx-no-cache=1522686955756 HTTP/1.1" 200 3983
186.67.172.234 - - [02/Apr/2018:13:36:51 -0300] "POST /cormun/servlet/solicitudotadjuntos?gx-no-cache=1522686957829 HTTP/1.1" 200 26
186.67.172.234 - - [02/Apr/2018:13:36:57 -0300] "GET /cormun/servlet/solicitudotadjuntos?92387d714c7fd6471c3ee17b50e8a87f02cc3fbbe2ebaeeda27b17ca0744e2c7,gx-no-cache=1522686964157 HTTP/1.1" 200 30
186.67.172.234 - - [02/Apr/2018:13:36:57 -0300] "GET /cormun/servlet/solicitudotadjuntos?92387d714c7fd6471c3ee17b50e8a87f02cc3fbbe2ebaeeda27b17ca0744e2c7,gx-no-cache=1522686964187 HTTP/1.1" 200 30
186.67.172.234 - - [02/Apr/2018:13:36:58 -0300] "POST /cormun/servlet/solicitudotadjuntos?602c354d27120d1f9790e55eb2a40d5e,INS,2018,10967,,1, HTTP/1.1" 200 116
186.67.172.234 - - [02/Apr/2018:13:36:58 -0300] "GET /cormun/servlet/hpexe_return? HTTP/1.1" 200 1025
186.67.172.234 - - [02/Apr/2018:13:36:59 -0300] "GET /cormun/servlet/trsolicitudadjuntos?2018,10967, HTTP/1.1" 200 9900
186.67.172.234 - - [02/Apr/2018:13:37:00 -0300] "GET /cormun/servlet/trsolicitudadjuntos?2018,10967, HTTP/1.1" 200 9899
186.67.172.234 - - [02/Apr/2018:13:37:05 -0300] "GET /cormun/servlet/solicitudotadjuntos?INS,2018,10967,,2, HTTP/1.1" 200 6263
186.67.172.234 - - [02/Apr/2018:13:37:05 -0300] "GET /cormun/static/about:blank HTTP/1.1" 404 1011
186.67.172.234 - - [02/Apr/2018:13:37:05 -0300] "GET /cormun/servlet/solicitudotadjuntos?INS,2018,10967,,2, HTTP/1.1" 200 6256
186.67.172.234 - - [02/Apr/2018:13:37:05 -0300] "GET /cormun/servlet/solicitudotadjuntos?92387d714c7fd6471c3ee17b50e8a87f22e77c957723c8053c1ff31093ff0d5f0f0eaeaa94690cafcb0af6fd9be855b6,gx-no-cache=1522686972694 HTTP/1.1" 200 30
186.67.172.234 - - [02/Apr/2018:13:37:06 -0300] "POST /cormun/servlet/solicitudotadjuntos?602c354d27120d1f9790e55eb2a40d5e,INS,2018,10967,,2,,gx-no-cache=1522686972729 HTTP/1.1" 200 4200
186.67.172.234 - - [02/Apr/2018:13:37:33 -0300] "POST /cormun/servlet/solicitudotadjuntos?602c354d27120d1f9790e55eb2a40d5e,INS,2018,10967,,2,,gx-no-cache=1522687000366 HTTP/1.1" 200 93
186.67.172.234 - - [02/Apr/2018:13:37:33 -0300] "GET /cormun/servlet/hpexe_return? HTTP/1.1" 200 1025
186.67.172.234 - - [02/Apr/2018:13:37:34 -0300] "GET /cormun/servlet/trsolicitudadjuntos?2018,10967, HTTP/1.1" 200 9902
186.67.172.234 - - [02/Apr/2018:13:37:35 -0300] "GET /cormun/servlet/trsolicitudadjuntos?2018,10967, HTTP/1.1" 200 9901
186.67.172.234 - - [02/Apr/2018:13:37:52 -0300] "GET /cormun/servlet/trsolicitudot? HTTP/1.1" 200 8659
186.67.172.234 - - [02/Apr/2018:13:37:52 -0300] "GET /cormun/servlet/trsolicitudot? HTTP/1.1" 200 8652
186.67.172.234 - - [02/Apr/2018:13:37:58 -0300] "GET /cormun/servlet/solicitudot?INS,0,0, HTTP/1.1" 200 13661
186.67.172.234 - - [02/Apr/2018:13:37:59 -0300] "GET /cormun/servlet/solicitudot?INS,0,0, HTTP/1.1" 200 13666
186.67.172.234 - - [02/Apr/2018:13:39:29 -0300] "POST /cormun/servlet/solicitudot?gx-no-cache=1522687116193 HTTP/1.1" 200 3341
186.67.172.234 - - [02/Apr/2018:13:39:29 -0300] "GET /cormun/static/Shared/jqueryui/images/ui-bg_highlight-soft_100_c6c2c8_1x100.png HTTP/1.1" 404 1117
186.67.172.234 - - [02/Apr/2018:13:39:29 -0300] "GET /cormun/static/Shared/jqueryui/images/ui-icons_82798d_256x240.png HTTP/1.1" 404 1089
186.67.172.234 - - [02/Apr/2018:13:39:29 -0300] "GET /cormun/static/Shared/jqueryui/images/ui-icons_ebccce_256x240.png HTTP/1.1" 404 1089
186.67.172.234 - - [02/Apr/2018:13:39:29 -0300] "GET /cormun/static/Shared/jqueryui/images/ui-bg_flat_55_994d53_40x100.png HTTP/1.1" 404 1097
186.67.172.234 - - [02/Apr/2018:13:39:29 -0300] "GET /cormun/servlet/solicitudot?92387d714c7fd6471c3ee17b50e8a87f4d0cb78b672c1528828fe5bfd939637d,gx-no-cache=1522687116358 HTTP/1.1" 200 111
186.67.172.234 - - [02/Apr/2018:13:39:29 -0300] "GET /cormun/servlet/solicitudot?92387d714c7fd6471c3ee17b50e8a87f539eb447aafa646990ecaab18c86d281,gx-no-cache=1522687116434 HTTP/1.1" 200 94
186.67.172.234 - - [02/Apr/2018:13:39:29 -0300] "GET /cormun/servlet/solicitudot?92387d714c7fd6471c3ee17b50e8a87f6493466c3958d0d1d860641d526e585b,gx-no-cache=1522687116493 HTTP/1.1" 200 29
186.67.172.234 - - [02/Apr/2018:13:39:33 -0300] "GET /cormun/servlet/solicitudot?92387d714c7fd6471c3ee17b50e8a87ffc4823d0f6ad5bee49ba6f0ec87119f3ba068f1cad6eecf740d0d6635647977d87d2a57042ac16ec3360950cab28ba9739579b4f0e19d00898cc686b93bc3fafad3a1788f98947ba2fd19d545a2f2bc233a11059305cd257dd14c0037f184a29df3039d945f9a726924e1584762c190745e8eb9c6b1a2a98e55ca69fa0a17bed75bba7d291241e24ed3fc66c211626910120ebbfb5fc37c138f53131712dee07297e55dfd295b2c1dc678d9178c49f66c08041ca4cc1c4e331e35e161313e3b42b99a6a912a1c18cf87036c9358d1e42daab1ae0612d9bf44c73568e870f0714a69b2172c4db48b2bce4cc87cac1c0929ca53432d21a656f496b5e815af3469abfeea37ec49935cf70c4510aaba704e9c607f446547f5744e43e0d44537665d83a546fb58af1864e958bd3b070a77053a7ebe4a2f326c110784f218f99178fa6,gx-no-cache=1522687120550 HTTP/1.1" 200 240
186.67.172.234 - - [02/Apr/2018:13:39:44 -0300] "GET /cormun/servlet/solicitudot?92387d714c7fd6471c3ee17b50e8a87f7109b96f711430c9b198455edc105b3868c7b614c783468239505de94d26b0eb2de6ab9a1ba37fe1897ab2eae732f02fabeff88cb362c4e479024be466a42f3a27062820b75dca95cb2692cc7a096859791be8bef5f3a0e9ea1e81b5ea27dc3f65c28b41925917d98d7ebda0201168780bf94136ab2b7ce29e92b889f08c2466813f92350f1b4e6e8ef335e21b0bd322a835a7ae9a88de400237fef884dd1f2ec3ae527c08b9252c0dfa39dfeaa80d9e32e30afa7d59b7df16581be75b2ff98afba2d8ffedbdd408ffb60bbd0cc9e2a21d88b745acf80a9c19c924628d7a430f1c9b6f1960fad16f0f816a5155eccc9432fa23ee2e41cf0483413c4dfd79e1019a77a4875b55e766b74dde05f3a3efda91b25ebfb08d4736f27aea42fa14fb98fb25a1f741a8ce7b6d06b288009611971bede2b24bfd185b478832d31c8021422b37ba018248f45dad69b2b07ef6b992bbd56989fcda4c82dfe9e40ea10311d57b9c183f36af59f55ec0e6f8b5781eae,gx-no-cache=1522687131123 HTTP/1.1" 200 30
186.67.172.234 - - [02/Apr/2018:13:39:46 -0300] "POST /cormun/servlet/solicitudot?gx-no-cache=1522687132876 HTTP/1.1" 200 30
186.67.172.234 - - [02/Apr/2018:13:39:53 -0300] "POST /cormun/servlet/solicitudot?gx-no-cache=1522687140502 HTTP/1.1" 200 1427
186.67.172.234 - - [02/Apr/2018:13:39:58 -0300] "GET /cormun/servlet/prlicenciaspermisos?0,L,,MD,,gxPopupLevel%3D0%3B HTTP/1.1" 200 5232
186.67.172.234 - - [02/Apr/2018:13:39:58 -0300] "GET /cormun/static/gxcfg.js?20176272053834 HTTP/1.1" 200 953
186.67.172.234 - - [02/Apr/2018:13:39:58 -0300] "GET /cormun/static/Resources/Spanish/PXTools.css?17315867 HTTP/1.1" 200 89042
186.67.172.234 - - [02/Apr/2018:13:39:58 -0300] "GET /cormun/static/prlicenciaspermisos.js?20176272054050 HTTP/1.1" 200 13379
186.79.172.55 - - [02/Apr/2018:13:40:23 -0300] "GET /cormun/servlet/hlogin HTTP/1.1" 200 1720
186.79.172.55 - - [02/Apr/2018:13:40:56 -0300] "POST /cormun/servlet/hlogin?ea429a3d76e44784054e8e80d706bc9c,gx-no-cache=1522687202923 HTTP/1.1" 200 90
186.79.172.55 - - [02/Apr/2018:13:40:56 -0300] "GET /cormun/servlet/hpexe_link HTTP/1.1" 200 947
186.79.172.55 - - [02/Apr/2018:13:40:56 -0300] "GET /cormun/servlet/hhome HTTP/1.1" 200 4218
