186.103.132.155 - - [02/Apr/2018:15:24:35 -0300] "GET /cormun/servlet/trvisualizadoreventos? HTTP/1.1" 200 6718
186.103.132.155 - - [02/Apr/2018:15:24:35 -0300] "GET /cormun/servlet/trvisualizadoreventos? HTTP/1.1" 200 6718
200.111.122.170 - - [02/Apr/2018:15:24:41 -0300] "GET /cormun/servlet/trcontratoobservacion? HTTP/1.1" 200 8948
200.111.122.170 - - [02/Apr/2018:15:24:42 -0300] "GET /cormun/static/gxcfg.js?2017525126861 HTTP/1.1" 200 953
200.111.122.170 - - [02/Apr/2018:15:24:43 -0300] "GET /cormun/static/trcontratoobservacion.js?20175251261223 HTTP/1.1" 200 25148
200.111.122.170 - - [02/Apr/2018:15:24:43 -0300] "GET /cormun/servlet/trcontratoobservacion? HTTP/1.1" 200 8947
186.67.203.186 - - [02/Apr/2018:15:24:56 -0300] "POST /cormun/servlet/trcontratoobservacion?9efcbd8b3082f685bdf309eeebb95055,,gx-no-cache=1522693440464 HTTP/1.1" 200 110
186.67.203.186 - - [02/Apr/2018:15:24:56 -0300] "GET /cormun/ContratoObservacion-239.xls HTTP/1.1" 200 7680
190.100.93.40 - - [02/Apr/2018:15:25:25 -0300] "POST /cormun/servlet/trfichaempleado?2feb9884382fb837a19c0a63d80de21e,,gx-no-cache=1522693471651 HTTP/1.1" 440 972
190.100.93.40 - - [02/Apr/2018:15:25:27 -0300] "GET /cormun/servlet/trfichaempleado? HTTP/1.1" 200 5398
190.100.93.40 - - [02/Apr/2018:15:25:28 -0300] "GET /cormun/servlet/hlogin HTTP/1.1" 200 1742
190.100.93.40 - - [02/Apr/2018:15:25:28 -0300] "GET /cormun/servlet/trfichaempleado? HTTP/1.1" 200 5398
190.100.93.40 - - [02/Apr/2018:15:25:29 -0300] "POST /cormun/servlet/hlogin?65b35c7ce7ab295c94d24889bba53bd5,gx-no-cache=1522693475838 HTTP/1.1" 200 90
190.100.93.40 - - [02/Apr/2018:15:25:30 -0300] "GET /cormun/servlet/hpexe_link HTTP/1.1" 200 959
186.67.203.186 - - [02/Apr/2018:15:29:52 -0300] "GET /cormun/servlet/trfichaempleado? HTTP/1.1" 200 13561
200.72.197.82 - - [02/Apr/2018:15:31:06 -0300] "GET /cormun/servlet/trfichaempleado? HTTP/1.1" 200 13561
190.100.93.40 - - [02/Apr/2018:15:32:04 -0300] "GET /cormun/servlet/trfichaempleado HTTP/1.1" 200 15088
186.103.159.189 - - [02/Apr/2018:15:35:20 -0300] "GET /cormun/servlet/hlogin HTTP/1.1" 200 1716
186.103.159.189 - - [02/Apr/2018:15:35:43 -0300] "POST /cormun/servlet/hlogin?21c4bd54148d36ff4b58121b79302cdd,gx-no-cache=1522694089816 HTTP/1.1" 200 90
186.103.159.189 - - [02/Apr/2018:15:35:43 -0300] "GET /cormun/servlet/hpexe_link HTTP/1.1" 200 948
186.103.159.189 - - [02/Apr/2018:15:35:43 -0300] "GET /cormun/servlet/hhome HTTP/1.1" 200 3982
186.103.159.189 - - [02/Apr/2018:15:35:45 -0300] "GET /cormun/servlet/hhome HTTP/1.1" 200 3978
186.103.159.189 - - [02/Apr/2018:15:35:50 -0300] "GET /cormun/servlet/trsolicitudot? HTTP/1.1" 200 8568
186.103.159.189 - - [02/Apr/2018:15:35:51 -0300] "GET /cormun/static/gxcfg.js?2017111422585916 HTTP/1.1" 304 -
186.103.159.189 - - [02/Apr/2018:15:35:52 -0300] "GET /cormun/servlet/trsolicitudot? HTTP/1.1" 200 8565
190.100.93.40 - - [02/Apr/2018:15:35:59 -0300] "GET /cormun/servlet/trfichaempleado HTTP/1.1" 200 15086
186.103.159.189 - - [02/Apr/2018:15:36:00 -0300] "POST /cormun/servlet/trsolicitudot?21c4bd54148d36ff4b58121b79302cdd,,gx-no-cache=1522694106166 HTTP/1.1" 200 4468
186.103.159.189 - - [02/Apr/2018:15:36:00 -0300] "GET /cormun/static/Shared/jqueryui/images/ui-bg_highlight-soft_100_c6c2c8_1x100.png HTTP/1.1" 404 1117
186.103.159.189 - - [02/Apr/2018:15:36:00 -0300] "GET /cormun/static/Shared/jqueryui/images/ui-icons_82798d_256x240.png HTTP/1.1" 404 1089
186.103.159.189 - - [02/Apr/2018:15:36:00 -0300] "GET /cormun/static/Shared/jqueryui/images/ui-bg_flat_55_fafafa_40x100.png HTTP/1.1" 404 1097
186.103.159.189 - - [02/Apr/2018:15:36:00 -0300] "GET /cormun/static/Shared/jqueryui/images/ui-icons_8d78a5_256x240.png HTTP/1.1" 404 1089
186.103.159.189 - - [02/Apr/2018:15:36:01 -0300] "POST /cormun/servlet/trsolicitudot?21c4bd54148d36ff4b58121b79302cdd,,gx-no-cache=1522694107476 HTTP/1.1" 200 4247
186.103.159.189 - - [02/Apr/2018:15:36:11 -0300] "GET /cormun/servlet/hlogin HTTP/1.1" 200 1716
186.103.159.189 - - [02/Apr/2018:15:36:21 -0300] "POST /cormun/servlet/hlogin?21c4bd54148d36ff4b58121b79302cdd,gx-no-cache=1522694128276 HTTP/1.1" 200 90
186.103.159.189 - - [02/Apr/2018:15:36:22 -0300] "GET /cormun/servlet/hpexe_link HTTP/1.1" 200 948
186.103.159.189 - - [02/Apr/2018:15:36:22 -0300] "GET /cormun/servlet/hhome HTTP/1.1" 200 4169
186.103.159.189 - - [02/Apr/2018:15:36:23 -0300] "GET /cormun/servlet/hhome HTTP/1.1" 200 4165
186.103.159.189 - - [02/Apr/2018:15:36:35 -0300] "GET /cormun/servlet/trautorizarsolicitud? HTTP/1.1" 200 8640
186.103.159.189 - - [02/Apr/2018:15:36:36 -0300] "GET /cormun/static/gxcfg.js?2017111423403364 HTTP/1.1" 304 -
186.103.159.189 - - [02/Apr/2018:15:36:37 -0300] "GET /cormun/servlet/trautorizarsolicitud? HTTP/1.1" 200 8638
186.103.159.189 - - [02/Apr/2018:15:36:45 -0300] "POST /cormun/servlet/trautorizarsolicitud?21c4bd54148d36ff4b58121b79302cdd,,gx-no-cache=1522694152034 HTTP/1.1" 200 4593
186.103.159.189 - - [02/Apr/2018:15:36:45 -0300] "GET /cormun/static/Shared/jqueryui/images/ui-bg_highlight-soft_100_c6c2c8_1x100.png HTTP/1.1" 404 1117
186.103.159.189 - - [02/Apr/2018:15:36:45 -0300] "GET /cormun/static/Shared/jqueryui/images/ui-icons_82798d_256x240.png HTTP/1.1" 404 1089
186.103.159.189 - - [02/Apr/2018:15:36:45 -0300] "GET /cormun/static/Shared/jqueryui/images/ui-bg_flat_55_fafafa_40x100.png HTTP/1.1" 404 1097
186.103.159.189 - - [02/Apr/2018:15:36:45 -0300] "GET /cormun/static/Shared/jqueryui/images/ui-icons_8d78a5_256x240.png HTTP/1.1" 404 1089
186.103.159.189 - - [02/Apr/2018:15:36:46 -0300] "POST /cormun/servlet/trautorizarsolicitud?21c4bd54148d36ff4b58121b79302cdd,,gx-no-cache=1522694152492 HTTP/1.1" 200 4370
186.103.159.189 - - [02/Apr/2018:15:37:23 -0300] "GET /cormun/servlet/trvisualizadoreventos? HTTP/1.1" 200 6923
186.103.159.189 - - [02/Apr/2018:15:37:23 -0300] "GET /cormun/static/gxcfg.js?20175251251426 HTTP/1.1" 304 -
186.103.159.189 - - [02/Apr/2018:15:37:24 -0300] "GET /cormun/servlet/trvisualizadoreventos? HTTP/1.1" 200 6922
186.103.159.189 - - [02/Apr/2018:15:39:00 -0300] "GET /cormun/servlet/trvisualizadoreventos? HTTP/1.1" 200 6922
186.103.159.189 - - [02/Apr/2018:15:39:01 -0300] "GET /cormun/servlet/trvisualizadoreventos? HTTP/1.1" 200 6922
186.103.159.189 - - [02/Apr/2018:15:39:07 -0300] "POST /cormun/servlet/trvisualizadoreventos?21c4bd54148d36ff4b58121b79302cdd,,gx-no-cache=1522694293702 HTTP/1.1" 200 4122
186.103.159.189 - - [02/Apr/2018:15:39:09 -0300] "GET /cormun/static/menuarrow.gif HTTP/1.1" 404 1015
186.103.159.189 - - [02/Apr/2018:15:39:15 -0300] "POST /cormun/servlet/trvisualizadoreventos?21c4bd54148d36ff4b58121b79302cdd,,gx-no-cache=1522694302295 HTTP/1.1" 200 4129
186.103.159.189 - - [02/Apr/2018:15:39:17 -0300] "POST /cormun/servlet/trvisualizadoreventos?21c4bd54148d36ff4b58121b79302cdd,,gx-no-cache=1522694303527 HTTP/1.1" 200 4129
186.103.159.189 - - [02/Apr/2018:15:39:18 -0300] "POST /cormun/servlet/trvisualizadoreventos?21c4bd54148d36ff4b58121b79302cdd,,gx-no-cache=1522694305151 HTTP/1.1" 200 4129
186.103.159.189 - - [02/Apr/2018:15:39:27 -0300] "GET /cormun/servlet/trcontratosolicitud? HTTP/1.1" 200 14452
186.103.159.189 - - [02/Apr/2018:15:39:27 -0300] "GET /cormun/static/gxcfg.js?20177612214014 HTTP/1.1" 200 953
186.103.159.189 - - [02/Apr/2018:15:39:29 -0300] "GET /cormun/servlet/trcontratosolicitud? HTTP/1.1" 200 14468
186.103.159.189 - - [02/Apr/2018:15:39:29 -0300] "GET /cormun//static/Resources/PXToolsGridNew.png HTTP/1.1" 200 2949
186.103.159.189 - - [02/Apr/2018:15:39:36 -0300] "POST /cormun/servlet/trcontratosolicitud?21c4bd54148d36ff4b58121b79302cdd,,gx-no-cache=1522694322185 HTTP/1.1" 200 12163
186.103.159.189 - - [02/Apr/2018:15:39:37 -0300] "GET /cormun/static/Resources/PXToolsGridNext.gif HTTP/1.1" 200 369
186.103.159.189 - - [02/Apr/2018:15:39:37 -0300] "GET /cormun/static/Resources/PXToolsGridLast.gif HTTP/1.1" 200 370
186.103.159.189 - - [02/Apr/2018:15:39:40 -0300] "POST /cormun/servlet/trcontratosolicitud?21c4bd54148d36ff4b58121b79302cdd,,gx-no-cache=1522694325131 HTTP/1.1" 200 5957
186.103.159.189 - - [02/Apr/2018:15:39:40 -0300] "GET /cormun/static/Resources/PXToolsGridFirst.gif HTTP/1.1" 200 379
186.103.159.189 - - [02/Apr/2018:15:39:40 -0300] "GET /cormun/static/Resources/PXToolsGridPrevious.gif HTTP/1.1" 200 369
186.103.159.189 - - [02/Apr/2018:15:39:43 -0300] "POST /cormun/servlet/trcontratosolicitud?21c4bd54148d36ff4b58121b79302cdd,,gx-no-cache=1522694329152 HTTP/1.1" 200 12161
186.103.159.204 - - [02/Apr/2018:15:39:43 -0300] "GET /cormun/servlet/trautorizarsolicitud? HTTP/1.1" 200 6286
186.103.159.204 - - [02/Apr/2018:15:39:43 -0300] "GET /cormun/static/gxcfg.js?2017111423403364 HTTP/1.1" 200 953
186.103.159.204 - - [02/Apr/2018:15:39:43 -0300] "GET /cormun/static/trautorizarsolicitud.js?201711142340425 HTTP/1.1" 304 -
186.103.159.204 - - [02/Apr/2018:15:39:44 -0300] "GET /cormun/servlet/hlogin HTTP/1.1" 200 1734
186.103.159.204 - - [02/Apr/2018:15:39:44 -0300] "GET /cormun/servlet/trautorizarsolicitud? HTTP/1.1" 200 6282
186.103.159.204 - - [02/Apr/2018:15:39:44 -0300] "GET /cormun/static/gxcfg.js?20175251213516 HTTP/1.1" 200 953
186.103.159.189 - - [02/Apr/2018:15:39:50 -0300] "POST /cormun/servlet/trcontratosolicitud?21c4bd54148d36ff4b58121b79302cdd,,gx-no-cache=1522694336075 HTTP/1.1" 200 12342
186.67.164.142 - - [02/Apr/2018:15:40:01 -0300] "GET /cormun/servlet/hlogin HTTP/1.1" 200 1722
186.103.159.204 - - [02/Apr/2018:15:40:06 -0300] "POST /cormun/servlet/hlogin?7904ebaf4403283aa29b052c95383b60,gx-no-cache=1522694352486 HTTP/1.1" 200 90
186.67.164.142 - - [02/Apr/2018:15:40:06 -0300] "POST /cormun/servlet/hlogin?a4b1365c3e881a740f72fc02654f968c,gx-no-cache=1522694353096 HTTP/1.1" 200 90
186.103.159.204 - - [02/Apr/2018:15:40:06 -0300] "GET /cormun/servlet/hpexe_link HTTP/1.1" 200 954
186.67.164.142 - - [02/Apr/2018:15:40:06 -0300] "GET /cormun/servlet/hpexe_link HTTP/1.1" 200 951
186.103.159.204 - - [02/Apr/2018:15:40:06 -0300] "GET /cormun/static/gxcfg.js?20177612121792 HTTP/1.1" 200 953
186.67.164.142 - - [02/Apr/2018:15:40:06 -0300] "GET /cormun/servlet/hhome HTTP/1.1" 200 3977
186.103.159.204 - - [02/Apr/2018:15:40:06 -0300] "GET /cormun/servlet/trautorizarsolicitud HTTP/1.1" 200 8459
186.103.159.204 - - [02/Apr/2018:15:40:07 -0300] "GET /cormun/servlet/trautorizarsolicitud HTTP/1.1" 200 8458
186.67.164.142 - - [02/Apr/2018:15:40:07 -0300] "GET /cormun/servlet/hhome HTTP/1.1" 200 3973
186.103.159.189 - - [02/Apr/2018:15:40:13 -0300] "GET /cormun/servlet/trsolicitudot? HTTP/1.1" 200 7379
186.103.159.204 - - [02/Apr/2018:15:40:14 -0300] "POST /cormun/servlet/trautorizarsolicitud?7904ebaf4403283aa29b052c95383b60,gx-no-cache=1522694360968 HTTP/1.1" 200 4345
186.103.159.204 - - [02/Apr/2018:15:40:14 -0300] "GET /cormun/static/Shared/jqueryui/images/ui-bg_highlight-soft_100_c6c2c8_1x100.png HTTP/1.1" 404 1117
186.103.159.204 - - [02/Apr/2018:15:40:14 -0300] "GET /cormun/static/Shared/jqueryui/images/ui-icons_82798d_256x240.png HTTP/1.1" 404 1089
186.103.159.204 - - [02/Apr/2018:15:40:14 -0300] "GET /cormun/static/Shared/jqueryui/images/ui-bg_flat_55_fafafa_40x100.png HTTP/1.1" 404 1097
186.103.159.204 - - [02/Apr/2018:15:40:14 -0300] "GET /cormun/static/Shared/jqueryui/images/ui-icons_8d78a5_256x240.png HTTP/1.1" 404 1089
186.103.159.204 - - [02/Apr/2018:15:40:15 -0300] "POST /cormun/servlet/trautorizarsolicitud?7904ebaf4403283aa29b052c95383b60,gx-no-cache=1522694361254 HTTP/1.1" 200 4106
186.103.159.189 - - [02/Apr/2018:15:40:15 -0300] "GET /cormun/servlet/trsolicitudot? HTTP/1.1" 200 7379
186.103.159.189 - - [02/Apr/2018:15:40:17 -0300] "GET /cormun/servlet/solicitudot?INS,0,0, HTTP/1.1" 200 13612
186.103.159.189 - - [02/Apr/2018:15:40:17 -0300] "GET /cormun/static/gxcfg.js?201812313224582 HTTP/1.1" 304 -
186.103.159.189 - - [02/Apr/2018:15:40:17 -0300] "GET /cormun/static/solicitudot.js?201812313224831 HTTP/1.1" 304 -
186.103.159.189 - - [02/Apr/2018:15:40:18 -0300] "GET /cormun/servlet/solicitudot?INS,0,0, HTTP/1.1" 200 13617
186.103.159.189 - - [02/Apr/2018:15:40:21 -0300] "GET /cormun/servlet/prfichaempleado?,MD,,gxPopupLevel%3D0%3B HTTP/1.1" 200 9314
186.103.159.189 - - [02/Apr/2018:15:40:34 -0300] "POST /cormun/servlet/prfichaempleado?21c4bd54148d36ff4b58121b79302cdd,,MD,,gxPopupLevel%3D0%3B,gx-no-cache=1522694381040 HTTP/1.1" 200 3420
186.103.159.189 - - [02/Apr/2018:15:40:40 -0300] "POST /cormun/servlet/solicitudot?gx-no-cache=1522694386368 HTTP/1.1" 200 3409
186.103.159.189 - - [02/Apr/2018:15:40:40 -0300] "POST /cormun/servlet/solicitudot?21c4bd54148d36ff4b58121b79302cdd,INS,0,0,,gx-no-cache=1522694386641 HTTP/1.1" 200 10573
186.103.159.204 - - [02/Apr/2018:15:40:40 -0300] "POST /cormun/servlet/trautorizarsolicitud?7904ebaf4403283aa29b052c95383b60,gx-no-cache=1522694383732 HTTP/1.1" 200 4124
186.103.159.189 - - [02/Apr/2018:15:40:42 -0300] "GET /cormun/servlet/solicitudot?cfc9d4d075226939537008e9b01509cb5fa2829043824603673e271c820ad4834c9186f9afeb44f01cdde8ee0228657b,gx-no-cache=1522694388748 HTTP/1.1" 200 30
186.103.159.189 - - [02/Apr/2018:15:40:42 -0300] "GET /cormun/servlet/solicitudot?cfc9d4d075226939537008e9b01509cb971520d65b1f2ce8d6f9534f2d23f5071bc9c423d37a1ffbbb0deeeedc9dddbe5b6f2577c43b3f54eecf65c797993443,gx-no-cache=1522694388890 HTTP/1.1" 200 30
186.103.159.189 - - [02/Apr/2018:15:40:42 -0300] "GET /cormun/servlet/solicitudot?cfc9d4d075226939537008e9b01509cb1a1d74c65335a1936893529dcccbfa38,gx-no-cache=1522694388927 HTTP/1.1" 200 51
186.103.159.189 - - [02/Apr/2018:15:40:42 -0300] "POST /cormun/servlet/solicitudot?gx-no-cache=1522694388977 HTTP/1.1" 200 255
186.103.159.189 - - [02/Apr/2018:15:40:42 -0300] "GET /cormun/servlet/solicitudot?cfc9d4d075226939537008e9b01509cb02b0fdfed48806d6a515ec799d119047b372a54311364bb5e6edfbf0a793b31ac30e046e0eb1671c639d1853adf6c024626c2029687ebf74ab0e63921ecb4dfe2de618c74435a9c453af16e688025ca7fa13514e5a0665e028116aacd33b0716d6ad1e04001640ef7db2b6be0e79646bba06e844b89a2405458545707e98ca5982a40a8e4f345ff6ccb6d6d813e374218ffd33a006167c95c0fad8dd5b17ffa2241d393a088ecf236a07e932f55a8ccdd939e4785ee7eb5510fe475593696ce913fd17574b30485de3f157680ac9516084d54901148f3f43390174ca0ec188f0c9014c0bd8f5942f4670984ffb03732e61caf52657f93bd0d3d769dfa318f8ff57ee79497e67f80222aa77a5859e32c6fcbdbf88189fc2aa9bdca4a598cdb280aafbed89bf728b326354b590cf8a12ff5b5c19e2c8e52501b646049c3223c1e93de25007625af831a63b3149a6213c226d4d187724f6f3adf0e387464b22bab73d959720ebf3338dc1c5303dd5474d6b,gx-no-cache=1522694389090 HTTP/1.1" 200 30
186.103.159.189 - - [02/Apr/2018:15:40:46 -0300] "POST /cormun/servlet/solicitudot?gx-no-cache=1522694392930 HTTP/1.1" 200 30
186.103.159.189 - - [02/Apr/2018:15:40:49 -0300] "GET /cormun/servlet/prcontratosol?12911771,,,,,MD,,gxPopupLevel%3D0%3B HTTP/1.1" 200 8965
186.103.159.189 - - [02/Apr/2018:15:40:49 -0300] "GET /cormun/static/gxcfg.js?201761413223964 HTTP/1.1" 304 -
186.103.159.189 - - [02/Apr/2018:15:40:49 -0300] "GET /cormun/static/prcontratosol.js?201761413224174 HTTP/1.1" 304 -
186.103.159.189 - - [02/Apr/2018:15:40:59 -0300] "POST /cormun/servlet/solicitudot?gx-no-cache=1522694406178 HTTP/1.1" 200 1353
186.103.159.189 - - [02/Apr/2018:15:40:59 -0300] "POST /cormun/servlet/solicitudot?gx-no-cache=1522694406279 HTTP/1.1" 200 38
186.103.159.189 - - [02/Apr/2018:15:40:59 -0300] "GET /cormun/servlet/solicitudot?cfc9d4d075226939537008e9b01509cbbfda2987803b8c6e65dc3fde2ec2c2355b8f13a6d846e5272415fee9ef582cf1cdc01fa162bf2cb9509a51ba4434fd19fa848502b35ab4bb1e7f091e389ba678b0835bec4d7a94cdbb5cb72268ad89fb12ff4ef9eb7a9bc40042402ee2b2cc40155150443c0176ad7e15636d2cba9861c46442e4dd93bc00c67fb2df3bddcc14bf11d82b797b5343dc1b3a37adf5c5d2,gx-no-cache=1522694406320 HTTP/1.1" 200 29
186.103.159.189 - - [02/Apr/2018:15:40:59 -0300] "POST /cormun/servlet/solicitudot?gx-no-cache=1522694406355 HTTP/1.1" 200 1335
186.103.159.189 - - [02/Apr/2018:15:41:00 -0300] "POST /cormun/servlet/solicitudot?gx-no-cache=1522694406427 HTTP/1.1" 200 1231
186.103.159.189 - - [02/Apr/2018:15:41:00 -0300] "GET /cormun/servlet/solicitudot?cfc9d4d075226939537008e9b01509cb1114aeba357b8f1b4237be86e6396dd38ea696e6f9d32038b0de4c5ea08c5d80,gx-no-cache=1522694406481 HTTP/1.1" 200 134
186.103.159.189 - - [02/Apr/2018:15:41:00 -0300] "GET /cormun/static/Shared/jqueryui/images/ui-bg_highlight-soft_100_c6c2c8_1x100.png HTTP/1.1" 404 1117
186.103.159.189 - - [02/Apr/2018:15:41:00 -0300] "GET /cormun/static/Shared/jqueryui/images/ui-icons_82798d_256x240.png HTTP/1.1" 404 1089
186.103.159.189 - - [02/Apr/2018:15:41:00 -0300] "GET /cormun/static/Shared/jqueryui/images/ui-icons_ebccce_256x240.png HTTP/1.1" 404 1089
186.103.159.189 - - [02/Apr/2018:15:41:00 -0300] "GET /cormun/static/Shared/jqueryui/images/ui-bg_flat_55_994d53_40x100.png HTTP/1.1" 404 1097
186.103.159.189 - - [02/Apr/2018:15:41:10 -0300] "POST /cormun/servlet/solicitudot?gx-no-cache=1522694416618 HTTP/1.1" 200 1334
186.103.159.189 - - [02/Apr/2018:15:41:10 -0300] "POST /cormun/servlet/solicitudot?gx-no-cache=1522694416697 HTTP/1.1" 200 1231
186.103.159.189 - - [02/Apr/2018:15:41:10 -0300] "GET /cormun/servlet/solicitudot?cfc9d4d075226939537008e9b01509cb1114aeba357b8f1b4237be86e6396dd38ea696e6f9d32038b0de4c5ea08c5d80,gx-no-cache=1522694416800 HTTP/1.1" 200 134
186.103.159.189 - - [02/Apr/2018:15:41:10 -0300] "POST /cormun/servlet/solicitudot?gx-no-cache=1522694416929 HTTP/1.1" 200 33
186.103.159.189 - - [02/Apr/2018:15:41:25 -0300] "GET /cormun/static/menuarrow.gif HTTP/1.1" 404 1015
186.103.159.189 - - [02/Apr/2018:15:41:35 -0300] "GET /cormun/servlet/solicitudot?cfc9d4d075226939537008e9b01509cb1114aeba357b8f1b4237be86e6396dd38ea696e6f9d32038b0de4c5ea08c5d80,gx-no-cache=1522694441707 HTTP/1.1" 200 134
186.103.159.189 - - [02/Apr/2018:15:42:04 -0300] "GET /cormun/servlet/solicitudot?cfc9d4d075226939537008e9b01509cb1114aeba357b8f1b4237be86e6396dd38ea696e6f9d32038b0de4c5ea08c5d80,gx-no-cache=1522694471293 HTTP/1.1" 200 134
186.103.159.189 - - [02/Apr/2018:15:42:05 -0300] "POST /cormun/servlet/solicitudot?21c4bd54148d36ff4b58121b79302cdd,INS,0,0,,gx-no-cache=1522694471454 HTTP/1.1" 200 12030
186.103.159.189 - - [02/Apr/2018:15:42:17 -0300] "POST /cormun/servlet/solicitudot?21c4bd54148d36ff4b58121b79302cdd,INS,0,0,,gx-no-cache=1522694483462 HTTP/1.1" 200 90
186.103.159.189 - - [02/Apr/2018:15:42:17 -0300] "GET /cormun/servlet/hpexe_link HTTP/1.1" 200 958
186.103.159.189 - - [02/Apr/2018:15:42:17 -0300] "GET /cormun/servlet/trsolicitudot HTTP/1.1" 200 7380
186.103.159.189 - - [02/Apr/2018:15:42:18 -0300] "GET /cormun/servlet/trsolicitudot HTTP/1.1" 200 7379
186.103.159.189 - - [02/Apr/2018:15:42:38 -0300] "GET /cormun/servlet/hlogin HTTP/1.1" 200 1716
186.103.159.189 - - [02/Apr/2018:15:42:50 -0300] "POST /cormun/servlet/hlogin?21c4bd54148d36ff4b58121b79302cdd,gx-no-cache=1522694516414 HTTP/1.1" 200 423
186.103.159.189 - - [02/Apr/2018:15:42:53 -0300] "POST /cormun/servlet/hlogin?21c4bd54148d36ff4b58121b79302cdd,gx-no-cache=1522694520311 HTTP/1.1" 200 423
186.103.159.189 - - [02/Apr/2018:15:43:01 -0300] "POST /cormun/servlet/hlogin?21c4bd54148d36ff4b58121b79302cdd,gx-no-cache=1522694527782 HTTP/1.1" 200 90
186.103.159.189 - - [02/Apr/2018:15:43:01 -0300] "GET /cormun/servlet/hpexe_link HTTP/1.1" 200 948
186.103.159.189 - - [02/Apr/2018:15:43:01 -0300] "GET /cormun/servlet/hhome HTTP/1.1" 200 3982
186.103.159.189 - - [02/Apr/2018:15:43:03 -0300] "GET /cormun/servlet/hhome HTTP/1.1" 200 3978
186.103.159.189 - - [02/Apr/2018:15:43:18 -0300] "GET /cormun/servlet/trsolicitudot? HTTP/1.1" 200 7188
186.103.159.189 - - [02/Apr/2018:15:43:19 -0300] "GET /cormun/servlet/trsolicitudot? HTTP/1.1" 200 7187
186.103.159.189 - - [02/Apr/2018:15:43:25 -0300] "POST /cormun/servlet/trsolicitudot?21c4bd54148d36ff4b58121b79302cdd,,gx-no-cache=1522694550931 HTTP/1.1" 200 18938
186.67.164.142 - - [02/Apr/2018:15:45:15 -0300] "GET /cormun/servlet/trsolicitudot? HTTP/1.1" 200 7186
186.67.164.142 - - [02/Apr/2018:15:45:16 -0300] "GET /cormun/servlet/trsolicitudot? HTTP/1.1" 200 7186
186.67.164.142 - - [02/Apr/2018:15:45:18 -0300] "GET /cormun/static/menuarrow.gif HTTP/1.1" 404 1015
186.67.164.142 - - [02/Apr/2018:15:45:29 -0300] "POST /cormun/servlet/trsolicitudot?a4b1365c3e881a740f72fc02654f968c,,gx-no-cache=1522694675811 HTTP/1.1" 200 23594
186.67.164.142 - - [02/Apr/2018:15:52:07 -0300] "POST /cormun/servlet/trsolicitudot?a4b1365c3e881a740f72fc02654f968c,,gx-no-cache=1522695073463 HTTP/1.1" 200 23595
192.168.10.96 - - [02/Apr/2018:15:52:46 -0300] "GET /cormun/servlet/hlogin HTTP/1.1" 200 1714
192.168.10.96 - - [02/Apr/2018:15:52:46 -0300] "GET /cormun/servlet/hlogin HTTP/1.1" 200 1714
192.168.10.96 - - [02/Apr/2018:15:52:53 -0300] "POST /cormun/servlet/hlogin?269e8f61224f95ca14960eaffd5018c4,gx-no-cache=1522695002284 HTTP/1.1" 200 90
192.168.10.96 - - [02/Apr/2018:15:52:53 -0300] "GET /cormun/servlet/hpexe_link HTTP/1.1" 200 945
192.168.10.96 - - [02/Apr/2018:15:52:53 -0300] "GET /cormun/servlet/hhome HTTP/1.1" 200 4699
192.168.10.96 - - [02/Apr/2018:15:52:53 -0300] "GET /cormun/static/Resources/Spanish/PXTools.css?11423723 HTTP/1.1" 200 89042
192.168.10.96 - - [02/Apr/2018:15:52:54 -0300] "GET /cormun/servlet/hhome HTTP/1.1" 200 4696
192.168.10.96 - - [02/Apr/2018:15:53:03 -0300] "GET /cormun/servlet/trsolicitudgral? HTTP/1.1" 200 24486
192.168.10.96 - - [02/Apr/2018:15:53:03 -0300] "GET /cormun/servlet/trsolicitudgral? HTTP/1.1" 200 24484
192.168.10.96 - - [02/Apr/2018:15:53:14 -0300] "POST /cormun/servlet/trsolicitudgral?269e8f61224f95ca14960eaffd5018c4,,gx-no-cache=1522695022864 HTTP/1.1" 200 5916
192.168.10.96 - - [02/Apr/2018:15:53:15 -0300] "POST /cormun/servlet/trsolicitudgral?269e8f61224f95ca14960eaffd5018c4,,gx-no-cache=1522695023634 HTTP/1.1" 200 5917
192.168.10.96 - - [02/Apr/2018:15:53:15 -0300] "POST /cormun/servlet/trsolicitudgral?269e8f61224f95ca14960eaffd5018c4,,gx-no-cache=1522695023805 HTTP/1.1" 200 5916
192.168.10.96 - - [02/Apr/2018:15:53:19 -0300] "POST /cormun/servlet/trsolicitudgral?269e8f61224f95ca14960eaffd5018c4,,gx-no-cache=1522695027891 HTTP/1.1" 200 7882
46.174.191.29 - - [02/Apr/2018:15:53:38 -0300] "GET / HTTP/1.0" 200 11197
192.168.10.96 - - [02/Apr/2018:15:53:51 -0300] "GET /cormun/servlet/vesolicitudgral?2018,8795,, HTTP/1.1" 200 9346
192.168.10.96 - - [02/Apr/2018:15:53:51 -0300] "GET /cormun/pexe_scrolldiv.js HTTP/1.1" 404 1009
192.168.10.96 - - [02/Apr/2018:15:53:51 -0300] "GET /cormun/pexe_scrolldiv.js HTTP/1.1" 404 1009
192.168.10.96 - - [02/Apr/2018:15:53:51 -0300] "GET /cormun/servlet/vesolicitudgral?2018,8795,, HTTP/1.1" 200 9344
192.168.10.96 - - [02/Apr/2018:15:53:52 -0300] "GET /cormun/servlet/vesolicitudgral?2018,8795,,SolicitudOTAdjuntos HTTP/1.1" 200 7956
192.168.10.96 - - [02/Apr/2018:15:53:53 -0300] "GET /cormun/pexe_scrolldiv.js HTTP/1.1" 404 1009
192.168.10.96 - - [02/Apr/2018:15:53:53 -0300] "GET /cormun/pexe_scrolldiv.js HTTP/1.1" 404 1009
192.168.10.96 - - [02/Apr/2018:15:53:53 -0300] "GET /cormun/servlet/vesolicitudgral?2018,8795,,SolicitudOTAdjuntos HTTP/1.1" 200 7957
192.168.10.96 - - [02/Apr/2018:15:53:54 -0300] "POST /cormun/servlet/acontrolpreferencessavestate?None,DZAMUDIO,true HTTP/1.1" 200 35
192.168.10.96 - - [02/Apr/2018:15:53:54 -0300] "GET /cormun/servlet/vesolicitudgral?2018,8795,,SolicitudOTLog HTTP/1.1" 200 10198
192.168.10.96 - - [02/Apr/2018:15:53:54 -0300] "GET /cormun/pexe_scrolldiv.js HTTP/1.1" 404 1009
192.168.10.96 - - [02/Apr/2018:15:53:54 -0300] "GET /cormun/pexe_scrolldiv.js HTTP/1.1" 404 1009
192.168.10.96 - - [02/Apr/2018:15:53:55 -0300] "GET /cormun/servlet/vesolicitudgral?2018,8795,,SolicitudOTLog HTTP/1.1" 200 10198
192.168.10.96 - - [02/Apr/2018:15:53:56 -0300] "POST /cormun/servlet/acontrolpreferencessavestate?None,DZAMUDIO,true HTTP/1.1" 200 35
192.168.10.96 - - [02/Apr/2018:15:54:24 -0300] "POST /cormun/servlet/vesolicitudgral?269e8f61224f95ca14960eaffd5018c4,2018,8795,,SolicitudOTLog,gx-no-cache=1522695093096 HTTP/1.1" 200 90
192.168.10.96 - - [02/Apr/2018:15:54:24 -0300] "GET /cormun/servlet/hpexe_link HTTP/1.1" 200 968
192.168.10.96 - - [02/Apr/2018:15:54:24 -0300] "GET /cormun/servlet/trsolicitudgral? HTTP/1.1" 200 11134
192.168.10.96 - - [02/Apr/2018:15:54:25 -0300] "GET /cormun/servlet/trsolicitudgral? HTTP/1.1" 200 11133
192.168.10.96 - - [02/Apr/2018:15:54:30 -0300] "GET /cormun/servlet/vesolicitudgral?2018,8794,, HTTP/1.1" 200 9345
192.168.10.96 - - [02/Apr/2018:15:54:30 -0300] "GET /cormun/pexe_scrolldiv.js HTTP/1.1" 404 1009
192.168.10.96 - - [02/Apr/2018:15:54:30 -0300] "GET /cormun/pexe_scrolldiv.js HTTP/1.1" 404 1009
192.168.10.96 - - [02/Apr/2018:15:54:30 -0300] "GET /cormun/servlet/vesolicitudgral?2018,8794,, HTTP/1.1" 200 9344
192.168.10.96 - - [02/Apr/2018:15:54:32 -0300] "GET /cormun/servlet/vesolicitudgral?2018,8794,,SolicitudOTLog HTTP/1.1" 200 10171
192.168.10.96 - - [02/Apr/2018:15:54:32 -0300] "GET /cormun/pexe_scrolldiv.js HTTP/1.1" 404 1009
192.168.10.96 - - [02/Apr/2018:15:54:32 -0300] "GET /cormun/pexe_scrolldiv.js HTTP/1.1" 404 1009
192.168.10.96 - - [02/Apr/2018:15:54:32 -0300] "GET /cormun/servlet/vesolicitudgral?2018,8794,,SolicitudOTLog HTTP/1.1" 200 10171
192.168.10.96 - - [02/Apr/2018:15:54:33 -0300] "POST /cormun/servlet/acontrolpreferencessavestate?None,DZAMUDIO,true HTTP/1.1" 200 35
192.168.10.96 - - [02/Apr/2018:15:54:49 -0300] "POST /cormun/servlet/vesolicitudgral?269e8f61224f95ca14960eaffd5018c4,2018,8794,,SolicitudOTLog,gx-no-cache=1522695118158 HTTP/1.1" 200 90
192.168.10.96 - - [02/Apr/2018:15:54:49 -0300] "GET /cormun/servlet/hpexe_link HTTP/1.1" 200 968
192.168.10.96 - - [02/Apr/2018:15:54:49 -0300] "GET /cormun/servlet/trsolicitudgral HTTP/1.1" 200 11134
192.168.10.96 - - [02/Apr/2018:15:54:50 -0300] "GET /cormun/servlet/trsolicitudgral HTTP/1.1" 200 11133
192.168.10.96 - - [02/Apr/2018:15:55:05 -0300] "GET /cormun/servlet/vesolicitudgral?2018,8793,, HTTP/1.1" 200 9316
192.168.10.96 - - [02/Apr/2018:15:55:06 -0300] "GET /cormun/pexe_scrolldiv.js HTTP/1.1" 404 1009
192.168.10.96 - - [02/Apr/2018:15:55:06 -0300] "GET /cormun/pexe_scrolldiv.js HTTP/1.1" 404 1009
192.168.10.96 - - [02/Apr/2018:15:55:06 -0300] "GET /cormun/servlet/vesolicitudgral?2018,8793,, HTTP/1.1" 200 9316
192.168.10.96 - - [02/Apr/2018:15:55:08 -0300] "GET /cormun/servlet/vesolicitudgral?2018,8793,,SolicitudOTLog HTTP/1.1" 200 9997
192.168.10.96 - - [02/Apr/2018:15:55:08 -0300] "GET /cormun/pexe_scrolldiv.js HTTP/1.1" 404 1009
192.168.10.96 - - [02/Apr/2018:15:55:08 -0300] "GET /cormun/pexe_scrolldiv.js HTTP/1.1" 404 1009
192.168.10.96 - - [02/Apr/2018:15:55:08 -0300] "GET /cormun/servlet/vesolicitudgral?2018,8793,,SolicitudOTLog HTTP/1.1" 200 9998
192.168.10.96 - - [02/Apr/2018:15:55:09 -0300] "POST /cormun/servlet/acontrolpreferencessavestate?None,DZAMUDIO,true HTTP/1.1" 200 35
192.168.10.96 - - [02/Apr/2018:15:55:14 -0300] "POST /cormun/servlet/vesolicitudgral?269e8f61224f95ca14960eaffd5018c4,2018,8793,,SolicitudOTLog,gx-no-cache=1522695143405 HTTP/1.1" 200 90
192.168.10.96 - - [02/Apr/2018:15:55:14 -0300] "GET /cormun/servlet/hpexe_link HTTP/1.1" 200 968
192.168.10.96 - - [02/Apr/2018:15:55:15 -0300] "GET /cormun/servlet/trsolicitudgral HTTP/1.1" 200 11134
192.168.10.96 - - [02/Apr/2018:15:55:15 -0300] "GET /cormun/servlet/trsolicitudgral HTTP/1.1" 200 11133
192.168.10.96 - - [02/Apr/2018:15:57:00 -0300] "POST /cormun/servlet/trsolicitudgral?269e8f61224f95ca14960eaffd5018c4,gx-no-cache=1522695248637 HTTP/1.1" 200 7278
186.67.164.142 - - [02/Apr/2018:15:57:10 -0300] "POST /cormun/servlet/trsolicitudot?a4b1365c3e881a740f72fc02654f968c,,gx-no-cache=1522695376853 HTTP/1.1" 200 9283
186.67.164.142 - - [02/Apr/2018:15:57:22 -0300] "POST /cormun/servlet/trsolicitudot?a4b1365c3e881a740f72fc02654f968c,,gx-no-cache=1522695389672 HTTP/1.1" 200 106
186.67.164.142 - - [02/Apr/2018:15:57:22 -0300] "GET /cormun/servlet/solicitudot?UPD,2018,8795, HTTP/1.1" 200 15248
186.67.164.142 - - [02/Apr/2018:15:57:22 -0300] "GET /cormun/static/solicitudot.js?201812313224831 HTTP/1.1" 304 -
186.67.164.142 - - [02/Apr/2018:15:57:23 -0300] "GET /cormun/servlet/solicitudot?UPD,2018,8795, HTTP/1.1" 200 15258
186.67.164.142 - - [02/Apr/2018:15:57:24 -0300] "POST /cormun/servlet/solicitudot?gx-no-cache=1522695391347 HTTP/1.1" 200 3431
186.67.164.142 - - [02/Apr/2018:15:57:24 -0300] "POST /cormun/servlet/solicitudot?a4b1365c3e881a740f72fc02654f968c,UPD,2018,8795,,gx-no-cache=1522695391533 HTTP/1.1" 200 11599
186.67.164.142 - - [02/Apr/2018:15:57:25 -0300] "GET /cormun/servlet/solicitudot?83387e64f2269c04586bf1a87bf5e47d6464d9b127643ba50cb86b34d68db6d187f634f4705477a69986d73465362b95,gx-no-cache=1522695392106 HTTP/1.1" 200 30
186.67.164.142 - - [02/Apr/2018:15:57:25 -0300] "GET /cormun/servlet/solicitudot?83387e64f2269c04586bf1a87bf5e47d8b4e3699eba03d618a084d086ca1da5499155e8874ffe876fc21a5dd3d5d85f1193d0ccc5ff4fe38e585ebb4d0947f66,gx-no-cache=1522695392198 HTTP/1.1" 200 30
186.67.164.142 - - [02/Apr/2018:15:57:25 -0300] "GET /cormun/servlet/solicitudot?83387e64f2269c04586bf1a87bf5e47d37d09901469860eb9598ab13f25db6aa6ca33721ae2b409b212ca0242e5bbf31e50f01ac542e86f549f673095265037b15cf4c09d314cab3b0c73c47a2bd9c42,gx-no-cache=1522695392228 HTTP/1.1" 200 60
186.67.164.142 - - [02/Apr/2018:15:57:25 -0300] "POST /cormun/servlet/solicitudot?gx-no-cache=1522695392290 HTTP/1.1" 200 256
186.67.164.142 - - [02/Apr/2018:15:57:25 -0300] "GET /cormun/servlet/solicitudot?83387e64f2269c04586bf1a87bf5e47ddb9af73f9a3270e532f7dd635afe038c2c1832c93464230700c6b5b7ec9ba083ddb2b51b8d241ebe77a78c2cee92f033f53b64d5f4646abcde9f9a5d08e803a060375444e14e317d51b5c6be4ff5561b83f46932242142c22f6ad61f08e0780cb88fa10b1281d0dc9a390ab29b125d0884948dfbcda8dd0997940516cbc2e4eb145f88599ca0a264124505b08b4b21441eae2c20068a1e1e48ddb979733033fbdba82112640cab6ca35aa78095ec3f116f32935f2f0dfda4ff8bdfecc913d02a3e27be5338a46b32bdca800ac6e6d4aa3e81fbb06df0202f7ff31bbdd8712b64a45b71c8f7156316ae04aad445674889ed6bca4b39b4a178cbf62f394049d6998e9ecd722dc0b8ed74f6f234a9951f86fa48b7ce881e247fd80d01b831ce4b7492d8e6f19678e4570ca344d09396dc7cb165d97c67ceca06f873dbe74776e178a786fe4adea837d66133c568dcd5d7f04d3a30b562a37e1cebe2ec061d2503a5820c155d752f627706d80d040de051a4,gx-no-cache=1522695392367 HTTP/1.1" 200 30
186.67.164.142 - - [02/Apr/2018:15:57:25 -0300] "POST /cormun/servlet/solicitudot?gx-no-cache=1522695392439 HTTP/1.1" 200 30
186.67.164.142 - - [02/Apr/2018:15:57:25 -0300] "POST /cormun/servlet/solicitudot?gx-no-cache=1522695392485 HTTP/1.1" 200 1351
186.67.164.142 - - [02/Apr/2018:15:57:25 -0300] "POST /cormun/servlet/solicitudot?gx-no-cache=1522695392572 HTTP/1.1" 200 41
186.67.164.142 - - [02/Apr/2018:15:57:26 -0300] "GET /cormun/servlet/solicitudot?83387e64f2269c04586bf1a87bf5e47d78565d6fc0a892243b1054a887ef426038c7a5ce15e3c1445cc65a435c54f2328d68a75770cecfd5ef7ea3fbdccfb8123e1a3df7f3d734418a3fbe547995515261bbc331889704d9d303b6c100d4dc071123a7b58fce524d4efd131e188f6ba4536a108f88065c90983726830d32479fc3319f23291593be718a8557c7ae5852647c3152cf167cc229d7a28fe839da4035ad3c314e4da106897ae385683d8154bfab8a543a314077f0d57d2c0ad6fb50d2a6a20dd196d1618a89f5f809d80abc,gx-no-cache=1522695393687 HTTP/1.1" 200 29
186.67.164.142 - - [02/Apr/2018:15:57:26 -0300] "POST /cormun/servlet/solicitudot?gx-no-cache=1522695393768 HTTP/1.1" 200 1334
186.67.164.142 - - [02/Apr/2018:15:57:26 -0300] "POST /cormun/servlet/solicitudot?gx-no-cache=1522695393858 HTTP/1.1" 200 1231
186.67.164.142 - - [02/Apr/2018:15:58:07 -0300] "GET /cormun/servlet/solicitudot?83387e64f2269c04586bf1a87bf5e47dcfdae77752d4cb0682fecfe915ef6e9cb9bacba59229e86a396f87aa42e9e94d,gx-no-cache=1522695434260 HTTP/1.1" 200 134
186.67.164.142 - - [02/Apr/2018:15:58:07 -0300] "GET /cormun/static/Shared/jqueryui/images/ui-bg_highlight-soft_100_c6c2c8_1x100.png HTTP/1.1" 404 1117
186.67.164.142 - - [02/Apr/2018:15:58:07 -0300] "GET /cormun/static/Shared/jqueryui/images/ui-icons_82798d_256x240.png HTTP/1.1" 404 1089
186.67.164.142 - - [02/Apr/2018:15:58:07 -0300] "GET /cormun/static/Shared/jqueryui/images/ui-bg_flat_55_994d53_40x100.png HTTP/1.1" 404 1097
186.67.164.142 - - [02/Apr/2018:15:58:07 -0300] "GET /cormun/static/Shared/jqueryui/images/ui-icons_ebccce_256x240.png HTTP/1.1" 404 1089
186.67.164.142 - - [02/Apr/2018:15:58:07 -0300] "POST /cormun/servlet/solicitudot?gx-no-cache=1522695434415 HTTP/1.1" 200 33
192.168.10.96 - - [02/Apr/2018:15:58:17 -0300] "POST /cormun/servlet/trsolicitudgral?269e8f61224f95ca14960eaffd5018c4,gx-no-cache=1522695325738 HTTP/1.1" 200 7279
186.67.164.142 - - [02/Apr/2018:15:58:25 -0300] "GET /cormun/static/menuarrow.gif HTTP/1.1" 404 1015
186.67.164.142 - - [02/Apr/2018:15:58:30 -0300] "GET /cormun/servlet/solicitudot?83387e64f2269c04586bf1a87bf5e47d4e385c63da38bc12bda21b514e02554712d4996178cff2b3c1765235a75a3202,gx-no-cache=1522695457435 HTTP/1.1" 200 30
186.67.164.142 - - [02/Apr/2018:15:58:30 -0300] "POST /cormun/servlet/solicitudot?gx-no-cache=1522695457508 HTTP/1.1" 200 33
192.168.10.96 - - [02/Apr/2018:15:59:08 -0300] "POST /cormun/servlet/trsolicitudgral?269e8f61224f95ca14960eaffd5018c4,gx-no-cache=1522695377268 HTTP/1.1" 200 7279
186.67.164.142 - - [02/Apr/2018:15:59:13 -0300] "POST /cormun/servlet/solicitudot?a4b1365c3e881a740f72fc02654f968c,UPD,2018,8795,,gx-no-cache=1522695500676 HTTP/1.1" 200 93
186.67.164.142 - - [02/Apr/2018:15:59:14 -0300] "GET /cormun/servlet/hpexe_return? HTTP/1.1" 200 1014
186.67.164.142 - - [02/Apr/2018:15:59:14 -0300] "GET /cormun/servlet/trsolicitudot? HTTP/1.1" 200 12256
186.67.164.142 - - [02/Apr/2018:15:59:14 -0300] "GET /cormun/servlet/trsolicitudot? HTTP/1.1" 200 12252
186.67.164.142 - - [02/Apr/2018:15:59:19 -0300] "POST /cormun/servlet/trsolicitudot?a4b1365c3e881a740f72fc02654f968c,,gx-no-cache=1522695506777 HTTP/1.1" 200 106
186.67.164.142 - - [02/Apr/2018:15:59:19 -0300] "GET /cormun/servlet/solicitudot?UPD,2018,8795, HTTP/1.1" 200 15261
192.168.10.96 - - [02/Apr/2018:15:59:20 -0300] "POST /cormun/servlet/trsolicitudgral?269e8f61224f95ca14960eaffd5018c4,gx-no-cache=1522695388948 HTTP/1.1" 200 7280
186.67.164.142 - - [02/Apr/2018:15:59:20 -0300] "GET /cormun/servlet/solicitudot?UPD,2018,8795, HTTP/1.1" 200 15270
192.168.10.96 - - [02/Apr/2018:15:59:20 -0300] "POST /cormun/servlet/trsolicitudgral?269e8f61224f95ca14960eaffd5018c4,gx-no-cache=1522695389204 HTTP/1.1" 200 7279
186.67.164.142 - - [02/Apr/2018:15:59:21 -0300] "POST /cormun/servlet/solicitudot?gx-no-cache=1522695508025 HTTP/1.1" 200 3431
186.67.164.142 - - [02/Apr/2018:15:59:21 -0300] "POST /cormun/servlet/solicitudot?a4b1365c3e881a740f72fc02654f968c,UPD,2018,8795,,gx-no-cache=1522695508585 HTTP/1.1" 200 11618
186.67.164.142 - - [02/Apr/2018:15:59:21 -0300] "GET /cormun/servlet/solicitudot?83387e64f2269c04586bf1a87bf5e47d6464d9b127643ba50cb86b34d68db6d187f634f4705477a69986d73465362b95,gx-no-cache=1522695508858 HTTP/1.1" 200 30
186.67.164.142 - - [02/Apr/2018:15:59:21 -0300] "GET /cormun/servlet/solicitudot?83387e64f2269c04586bf1a87bf5e47d8b4e3699eba03d618a084d086ca1da5499155e8874ffe876fc21a5dd3d5d85f1193d0ccc5ff4fe38e585ebb4d0947f66,gx-no-cache=1522695508903 HTTP/1.1" 200 30
186.67.164.142 - - [02/Apr/2018:15:59:21 -0300] "GET /cormun/servlet/solicitudot?83387e64f2269c04586bf1a87bf5e47d37d09901469860eb9598ab13f25db6aa6ca33721ae2b409b212ca0242e5bbf31e50f01ac542e86f549f673095265037b15cf4c09d314cab3b0c73c47a2bd9c42,gx-no-cache=1522695508948 HTTP/1.1" 200 60
186.67.164.142 - - [02/Apr/2018:15:59:21 -0300] "POST /cormun/servlet/solicitudot?gx-no-cache=1522695508996 HTTP/1.1" 200 256
186.67.164.142 - - [02/Apr/2018:15:59:22 -0300] "GET /cormun/servlet/solicitudot?83387e64f2269c04586bf1a87bf5e47ddb9af73f9a3270e532f7dd635afe038c2c1832c93464230700c6b5b7ec9ba083ddb2b51b8d241ebe77a78c2cee92f033f53b64d5f4646abcde9f9a5d08e803a060375444e14e317d51b5c6be4ff5561b83f46932242142c22f6ad61f08e0780cb88fa10b1281d0dc9a390ab29b125d0884948dfbcda8dd0997940516cbc2e4eb145f88599ca0a264124505b08b4b21441eae2c20068a1e1e48ddb979733033fbdba82112640cab6ca35aa78095ec3f116f32935f2f0dfda4ff8bdfecc913d02a3e27be5338a46b32bdca800ac6e6d4aa3e81fbb06df0202f7ff31bbdd8712b64a45b71c8f7156316ae04aad445674889ed6bca4b39b4a178cbf62f394049d6998e9ecd722dc0b8ed74f6f234a9951f86fa48b7ce881e247fd80d01b831ce4b7492d8e6f19678e4570ca344d09396dc7cb165d97c67ceca06f873dbe74776e178a786fe4adea837d66133c568dcd5d7f04d3a30b562a37e1cebe2ec061d2503a5820c155d752f627706d80d040de051a4,gx-no-cache=1522695509059 HTTP/1.1" 200 30
186.67.164.142 - - [02/Apr/2018:15:59:22 -0300] "POST /cormun/servlet/solicitudot?gx-no-cache=1522695509107 HTTP/1.1" 200 30
186.67.164.142 - - [02/Apr/2018:15:59:22 -0300] "POST /cormun/servlet/solicitudot?gx-no-cache=1522695509180 HTTP/1.1" 200 1351
186.67.164.142 - - [02/Apr/2018:15:59:22 -0300] "POST /cormun/servlet/solicitudot?gx-no-cache=1522695509284 HTTP/1.1" 200 41
186.67.164.142 - - [02/Apr/2018:15:59:32 -0300] "GET /cormun/servlet/solicitudot?83387e64f2269c04586bf1a87bf5e47d78565d6fc0a892243b1054a887ef426038c7a5ce15e3c1445cc65a435c54f2328d68a75770cecfd5ef7ea3fbdccfb8123e1a3df7f3d734418a3fbe547995515261bbc331889704d9d303b6c100d4dc071123a7b58fce524d4efd131e188f6ba4536a108f88065c90983726830d32479fc3319f23291593be718a8557c7ae5852647c3152cf167cc229d7a28fe839da4035ad3c314e4da106897ae385683d8154bfab8a543a314077f0d57d2c0ad6fb50d2a6a20dd196d1618a89f5f809d80abc,gx-no-cache=1522695519686 HTTP/1.1" 200 29
186.67.164.142 - - [02/Apr/2018:15:59:32 -0300] "POST /cormun/servlet/solicitudot?gx-no-cache=1522695519808 HTTP/1.1" 200 1334
186.67.164.142 - - [02/Apr/2018:15:59:33 -0300] "POST /cormun/servlet/solicitudot?gx-no-cache=1522695519963 HTTP/1.1" 200 1231
186.67.164.142 - - [02/Apr/2018:15:59:33 -0300] "GET /cormun/servlet/solicitudot?83387e64f2269c04586bf1a87bf5e47d4e385c63da38bc12bda21b514e0255478e4df40ca85c3fca61940b90cfad47c0,gx-no-cache=1522695520477 HTTP/1.1" 200 30
186.67.164.142 - - [02/Apr/2018:15:59:33 -0300] "POST /cormun/servlet/solicitudot?gx-no-cache=1522695520535 HTTP/1.1" 200 33
186.67.164.142 - - [02/Apr/2018:15:59:33 -0300] "POST /cormun/servlet/solicitudot?a4b1365c3e881a740f72fc02654f968c,UPD,2018,8795,,gx-no-cache=1522695520641 HTTP/1.1" 200 93
192.168.10.96 - - [02/Apr/2018:15:59:34 -0300] "POST /cormun/servlet/trsolicitudgral?269e8f61224f95ca14960eaffd5018c4,gx-no-cache=1522695402605 HTTP/1.1" 200 7279
186.67.164.142 - - [02/Apr/2018:15:59:34 -0300] "GET /cormun/servlet/hpexe_return? HTTP/1.1" 200 1014
186.67.164.142 - - [02/Apr/2018:15:59:34 -0300] "GET /cormun/servlet/trsolicitudot HTTP/1.1" 200 12256
192.168.10.96 - - [02/Apr/2018:15:59:34 -0300] "POST /cormun/servlet/trsolicitudgral?269e8f61224f95ca14960eaffd5018c4,gx-no-cache=1522695403283 HTTP/1.1" 200 7279
186.67.164.142 - - [02/Apr/2018:15:59:35 -0300] "GET /cormun/servlet/trsolicitudot HTTP/1.1" 200 12251
192.168.10.96 - - [02/Apr/2018:15:59:40 -0300] "POST /cormun/servlet/trsolicitudgral?269e8f61224f95ca14960eaffd5018c4,gx-no-cache=1522695408916 HTTP/1.1" 200 5917
192.168.10.96 - - [02/Apr/2018:15:59:41 -0300] "POST /cormun/servlet/trsolicitudgral?269e8f61224f95ca14960eaffd5018c4,gx-no-cache=1522695409603 HTTP/1.1" 200 5917
192.168.10.96 - - [02/Apr/2018:15:59:41 -0300] "POST /cormun/servlet/trsolicitudgral?269e8f61224f95ca14960eaffd5018c4,gx-no-cache=1522695409787 HTTP/1.1" 200 5917
192.168.10.96 - - [02/Apr/2018:15:59:45 -0300] "POST /cormun/servlet/trsolicitudgral?269e8f61224f95ca14960eaffd5018c4,gx-no-cache=1522695414173 HTTP/1.1" 200 5917
192.168.10.96 - - [02/Apr/2018:15:59:46 -0300] "POST /cormun/servlet/trsolicitudgral?269e8f61224f95ca14960eaffd5018c4,gx-no-cache=1522695414684 HTTP/1.1" 200 5917
192.168.10.96 - - [02/Apr/2018:15:59:48 -0300] "POST /cormun/servlet/trsolicitudgral?269e8f61224f95ca14960eaffd5018c4,gx-no-cache=1522695417101 HTTP/1.1" 200 7279
186.67.164.142 - - [02/Apr/2018:15:59:48 -0300] "POST /cormun/servlet/trsolicitudot?a4b1365c3e881a740f72fc02654f968c,gx-no-cache=1522695535500 HTTP/1.1" 200 8887
186.67.164.142 - - [02/Apr/2018:15:59:48 -0300] "GET /cormun/static/Shared/jqueryui/images/ui-bg_highlight-soft_100_c6c2c8_1x100.png HTTP/1.1" 404 1117
186.67.164.142 - - [02/Apr/2018:15:59:48 -0300] "GET /cormun/static/Shared/jqueryui/images/ui-icons_82798d_256x240.png HTTP/1.1" 404 1089
186.67.164.142 - - [02/Apr/2018:15:59:48 -0300] "GET /cormun/static/Shared/jqueryui/images/ui-bg_flat_55_fafafa_40x100.png HTTP/1.1" 404 1097
192.168.10.96 - - [02/Apr/2018:15:59:49 -0300] "POST /cormun/servlet/trsolicitudgral?269e8f61224f95ca14960eaffd5018c4,gx-no-cache=1522695417563 HTTP/1.1" 200 5915
186.67.164.142 - - [02/Apr/2018:15:59:49 -0300] "GET /cormun/static/Shared/jqueryui/images/ui-icons_8d78a5_256x240.png HTTP/1.1" 404 1089
192.168.10.96 - - [02/Apr/2018:15:59:49 -0300] "POST /cormun/servlet/trsolicitudgral?269e8f61224f95ca14960eaffd5018c4,gx-no-cache=1522695417797 HTTP/1.1" 200 5915
192.168.10.96 - - [02/Apr/2018:15:59:49 -0300] "POST /cormun/servlet/trsolicitudgral?269e8f61224f95ca14960eaffd5018c4,gx-no-cache=1522695418123 HTTP/1.1" 200 5915
186.67.164.142 - - [02/Apr/2018:15:59:49 -0300] "POST /cormun/servlet/trsolicitudot?a4b1365c3e881a740f72fc02654f968c,gx-no-cache=1522695536030 HTTP/1.1" 200 8829
192.168.10.96 - - [02/Apr/2018:15:59:49 -0300] "POST /cormun/servlet/trsolicitudgral?269e8f61224f95ca14960eaffd5018c4,gx-no-cache=1522695418382 HTTP/1.1" 200 5915
192.168.10.96 - - [02/Apr/2018:15:59:50 -0300] "POST /cormun/servlet/trsolicitudgral?269e8f61224f95ca14960eaffd5018c4,gx-no-cache=1522695418691 HTTP/1.1" 200 5915
192.168.10.96 - - [02/Apr/2018:15:59:53 -0300] "POST /cormun/servlet/trsolicitudgral?269e8f61224f95ca14960eaffd5018c4,gx-no-cache=1522695421829 HTTP/1.1" 200 7284
192.168.10.96 - - [02/Apr/2018:16:00:17 -0300] "POST /cormun/servlet/trsolicitudgral?269e8f61224f95ca14960eaffd5018c4,gx-no-cache=1522695446018 HTTP/1.1" 200 23255
192.168.10.96 - - [02/Apr/2018:16:00:26 -0300] "POST /cormun/servlet/trsolicitudgral?269e8f61224f95ca14960eaffd5018c4,gx-no-cache=1522695454189 HTTP/1.1" 200 26218
192.168.10.96 - - [02/Apr/2018:16:00:33 -0300] "POST /cormun/servlet/trsolicitudgral?269e8f61224f95ca14960eaffd5018c4,gx-no-cache=1522695461541 HTTP/1.1" 200 23256
186.67.164.142 - - [02/Apr/2018:16:00:35 -0300] "GET /cormun/servlet/trcontratosolicitud HTTP/1.1" 200 5738
186.67.164.142 - - [02/Apr/2018:16:00:35 -0300] "GET /cormun/static/gxcfg.js?20177612214014 HTTP/1.1" 304 -
186.67.164.142 - - [02/Apr/2018:16:00:36 -0300] "GET /cormun/servlet/trcontratosolicitud HTTP/1.1" 200 5749
186.67.164.142 - - [02/Apr/2018:16:00:37 -0300] "GET /cormun/servlet/hlogin HTTP/1.1" 200 1742
192.168.10.96 - - [02/Apr/2018:16:00:42 -0300] "POST /cormun/servlet/trsolicitudgral?269e8f61224f95ca14960eaffd5018c4,gx-no-cache=1522695470589 HTTP/1.1" 200 5916
186.67.164.142 - - [02/Apr/2018:16:00:46 -0300] "POST /cormun/servlet/hlogin?87fac6afae28981e4c78464207788ff4,gx-no-cache=1522695593380 HTTP/1.1" 200 90
186.67.164.142 - - [02/Apr/2018:16:00:46 -0300] "GET /cormun/servlet/hpexe_link HTTP/1.1" 200 962
186.67.164.142 - - [02/Apr/2018:16:00:47 -0300] "GET /cormun/servlet/trcontratosolicitud HTTP/1.1" 200 14419
192.168.10.96 - - [02/Apr/2018:16:00:47 -0300] "POST /cormun/servlet/trsolicitudgral?269e8f61224f95ca14960eaffd5018c4,gx-no-cache=1522695476018 HTTP/1.1" 200 5916
186.67.164.142 - - [02/Apr/2018:16:00:48 -0300] "GET /cormun/servlet/trcontratosolicitud HTTP/1.1" 200 14396
192.168.10.96 - - [02/Apr/2018:16:00:48 -0300] "POST /cormun/servlet/trsolicitudgral?269e8f61224f95ca14960eaffd5018c4,gx-no-cache=1522695476985 HTTP/1.1" 200 5919
192.168.10.96 - - [02/Apr/2018:16:00:48 -0300] "POST /cormun/servlet/trsolicitudgral?269e8f61224f95ca14960eaffd5018c4,gx-no-cache=1522695477248 HTTP/1.1" 200 5917
192.168.10.96 - - [02/Apr/2018:16:00:48 -0300] "POST /cormun/servlet/trsolicitudgral?269e8f61224f95ca14960eaffd5018c4,gx-no-cache=1522695477460 HTTP/1.1" 200 5917
192.168.10.96 - - [02/Apr/2018:16:00:49 -0300] "POST /cormun/servlet/trsolicitudgral?269e8f61224f95ca14960eaffd5018c4,gx-no-cache=1522695477665 HTTP/1.1" 200 5918
201.219.236.21 - - [02/Apr/2018:16:00:51 -0300] "GET /cormun/servlet/hlogin HTTP/1.1" 200 1723
201.219.236.21 - - [02/Apr/2018:16:00:51 -0300] "GET /cormun/static/gxtimezone.js?85251 HTTP/1.1" 200 5781
201.219.236.21 - - [02/Apr/2018:16:00:51 -0300] "GET /cormun/static/gxcfg.js?20175251213516 HTTP/1.1" 200 953
201.219.236.21 - - [02/Apr/2018:16:00:52 -0300] "GET /cormun/static/Resources/Spanish/PXTools.css?11423723 HTTP/1.1" 200 89042
201.219.236.21 - - [02/Apr/2018:16:00:52 -0300] "GET /cormun/static/messages.spa.js?85251 HTTP/1.1" 200 30736
192.168.10.96 - - [02/Apr/2018:16:00:52 -0300] "POST /cormun/servlet/trsolicitudgral?269e8f61224f95ca14960eaffd5018c4,gx-no-cache=1522695480745 HTTP/1.1" 200 5918
192.168.10.96 - - [02/Apr/2018:16:00:52 -0300] "POST /cormun/servlet/trsolicitudgral?269e8f61224f95ca14960eaffd5018c4,gx-no-cache=1522695481020 HTTP/1.1" 200 5918
192.168.10.96 - - [02/Apr/2018:16:00:52 -0300] "POST /cormun/servlet/trsolicitudgral?269e8f61224f95ca14960eaffd5018c4,gx-no-cache=1522695481322 HTTP/1.1" 200 5919
186.67.164.142 - - [02/Apr/2018:16:00:52 -0300] "GET /cormun/servlet/trautorizarsolicitud? HTTP/1.1" 200 8664
192.168.10.96 - - [02/Apr/2018:16:00:52 -0300] "POST /cormun/servlet/trsolicitudgral?269e8f61224f95ca14960eaffd5018c4,gx-no-cache=1522695481530 HTTP/1.1" 200 5918
201.219.236.21 - - [02/Apr/2018:16:00:53 -0300] "GET /cormun/static/gxgral.js?85251 HTTP/1.1" 200 384558
192.168.10.96 - - [02/Apr/2018:16:00:53 -0300] "POST /cormun/servlet/trsolicitudgral?269e8f61224f95ca14960eaffd5018c4,gx-no-cache=1522695481787 HTTP/1.1" 200 5918
201.219.236.21 - - [02/Apr/2018:16:00:53 -0300] "GET /cormun/static/hlogin.js?20175251213537 HTTP/1.1" 200 2136
201.219.236.21 - - [02/Apr/2018:16:00:53 -0300] "GET /cormun/static/Resources/ComunLogin.png HTTP/1.1" 200 17326
201.219.236.21 - - [02/Apr/2018:16:00:53 -0300] "GET /cormun/static/Resources/PXToolsLoginBottom.png HTTP/1.1" 200 1389
201.219.236.21 - - [02/Apr/2018:16:00:53 -0300] "GET /cormun/static/Resources/PXToolsLoginBackground.png HTTP/1.1" 200 1164
201.219.236.21 - - [02/Apr/2018:16:00:53 -0300] "GET /cormun/static/Resources/PXToolsButtonLeft21.png HTTP/1.1" 200 1287
201.219.236.21 - - [02/Apr/2018:16:00:53 -0300] "GET /cormun/static/Resources/PXToolsButtonRight21.png HTTP/1.1" 200 1283
186.67.164.142 - - [02/Apr/2018:16:00:53 -0300] "GET /cormun/servlet/trautorizarsolicitud? HTTP/1.1" 200 8663
192.168.10.96 - - [02/Apr/2018:16:00:53 -0300] "POST /cormun/servlet/trsolicitudgral?269e8f61224f95ca14960eaffd5018c4,gx-no-cache=1522695482025 HTTP/1.1" 200 5917
201.219.236.21 - - [02/Apr/2018:16:00:53 -0300] "GET /cormun/static/Resources/indicator.gif HTTP/1.1" 200 1553
192.168.10.96 - - [02/Apr/2018:16:00:53 -0300] "POST /cormun/servlet/trsolicitudgral?269e8f61224f95ca14960eaffd5018c4,gx-no-cache=1522695482220 HTTP/1.1" 200 5916
201.219.236.21 - - [02/Apr/2018:16:00:53 -0300] "GET /cormun/servlet/hlogin HTTP/1.1" 200 1731
201.219.236.21 - - [02/Apr/2018:16:00:53 -0300] "GET /cormun/static/Resources/PXToolsLoginTop.png HTTP/1.1" 200 1337
201.219.236.21 - - [02/Apr/2018:16:00:53 -0300] "GET /cormun/static/Resources/PXToolsButtonBackground2.png HTTP/1.1" 200 1181
201.219.236.21 - - [02/Apr/2018:16:00:54 -0300] "GET /cormun/static/Resources/PXToolsButtonBackground2.png HTTP/1.1" 200 1181
201.219.236.21 - - [02/Apr/2018:16:00:54 -0300] "GET /cormun/static/Resources/PXToolsLoginTop.png HTTP/1.1" 200 1337
201.219.236.21 - - [02/Apr/2018:16:00:54 -0300] "GET /favicon.ico HTTP/1.1" 200 21630
192.168.10.96 - - [02/Apr/2018:16:00:55 -0300] "POST /cormun/servlet/trsolicitudgral?269e8f61224f95ca14960eaffd5018c4,gx-no-cache=1522695483753 HTTP/1.1" 200 5916
192.168.10.96 - - [02/Apr/2018:16:00:55 -0300] "POST /cormun/servlet/trsolicitudgral?269e8f61224f95ca14960eaffd5018c4,gx-no-cache=1522695483975 HTTP/1.1" 200 5919
192.168.10.96 - - [02/Apr/2018:16:00:55 -0300] "POST /cormun/servlet/trsolicitudgral?269e8f61224f95ca14960eaffd5018c4,gx-no-cache=1522695484219 HTTP/1.1" 200 5918
186.67.164.142 - - [02/Apr/2018:16:00:59 -0300] "GET /cormun/servlet/trautorizarsolicitud? HTTP/1.1" 200 8663
186.67.164.142 - - [02/Apr/2018:16:01:00 -0300] "GET /cormun/servlet/trautorizarsolicitud? HTTP/1.1" 200 8663
186.67.164.142 - - [02/Apr/2018:16:01:05 -0300] "GET /cormun/static/menuarrow.gif HTTP/1.1" 404 1015
186.67.164.142 - - [02/Apr/2018:16:01:11 -0300] "POST /cormun/servlet/trautorizarsolicitud?87fac6afae28981e4c78464207788ff4,,gx-no-cache=1522695617600 HTTP/1.1" 200 8241
186.67.164.142 - - [02/Apr/2018:16:01:26 -0300] "POST /cormun/servlet/trautorizarsolicitud?87fac6afae28981e4c78464207788ff4,,gx-no-cache=1522695632777 HTTP/1.1" 200 7871
186.67.164.142 - - [02/Apr/2018:16:01:26 -0300] "GET /cormun/static/Shared/jqueryui/images/ui-bg_highlight-soft_100_c6c2c8_1x100.png HTTP/1.1" 404 1117
186.67.164.142 - - [02/Apr/2018:16:01:26 -0300] "GET /cormun/static/Shared/jqueryui/images/ui-icons_82798d_256x240.png HTTP/1.1" 404 1089
186.67.164.142 - - [02/Apr/2018:16:01:26 -0300] "GET /cormun/static/Shared/jqueryui/images/ui-icons_8d78a5_256x240.png HTTP/1.1" 404 1089
186.67.164.142 - - [02/Apr/2018:16:01:26 -0300] "GET /cormun/static/Shared/jqueryui/images/ui-bg_flat_55_fafafa_40x100.png HTTP/1.1" 404 1097
186.67.164.142 - - [02/Apr/2018:16:01:26 -0300] "POST /cormun/servlet/trautorizarsolicitud?87fac6afae28981e4c78464207788ff4,,gx-no-cache=1522695633169 HTTP/1.1" 200 7817
192.168.10.96 - - [02/Apr/2018:16:02:13 -0300] "POST /cormun/servlet/trsolicitudgral?269e8f61224f95ca14960eaffd5018c4,gx-no-cache=1522695562034 HTTP/1.1" 200 23706
192.168.10.96 - - [02/Apr/2018:16:02:20 -0300] "POST /cormun/servlet/trsolicitudgral?269e8f61224f95ca14960eaffd5018c4,gx-no-cache=1522695568581 HTTP/1.1" 200 7287
192.168.10.96 - - [02/Apr/2018:16:02:37 -0300] "POST /cormun/servlet/trsolicitudgral?269e8f61224f95ca14960eaffd5018c4,gx-no-cache=1522695586501 HTTP/1.1" 200 115
192.168.10.96 - - [02/Apr/2018:16:02:37 -0300] "GET /cormun/servlet/solicitudotlog?INS,2018,8795,0,REC, HTTP/1.1" 200 6498
192.168.10.96 - - [02/Apr/2018:16:02:38 -0300] "GET /cormun/static/gxcfg.js?2017761245646 HTTP/1.1" 304 -
192.168.10.96 - - [02/Apr/2018:16:02:38 -0300] "GET /cormun/servlet/solicitudotlog?INS,2018,8795,0,REC, HTTP/1.1" 200 6498
