186.103.159.187 - - [02/Apr/2018:11:06:58 -0300] "GET /cormun/servlet/solicitudot?e4e1224b8871935485e5a07f16bae99f7507324aaff33336a24ca25dde9ada374364f2f09bd75d9c836f623bf5325a0537d7bb5b12ddca03c69a27e13bea3c18108a3d3c8db4d51b063dfa58acfddb25,gx-no-cache=1522681650331 HTTP/1.1" 200 55
186.103.159.187 - - [02/Apr/2018:11:06:58 -0300] "GET /cormun/servlet/solicitudot?f36dd2bf18bd6f557c6e53b9904e33656828cf31dfdf80aa5742a8b166a44c6dd58938b0bcb3cb73714ef67f26060f7c,gx-no-cache=1522681650796 HTTP/1.1" 200 134
186.103.159.187 - - [02/Apr/2018:11:07:00 -0300] "GET /cormun/static/Shared/jqueryui/images/ui-icons_82798d_256x240.png HTTP/1.1" 404 1089
192.168.10.96 - - [02/Apr/2018:11:07:03 -0300] "POST /cormun/servlet/trsolicitudgral?7213bd76f861f6f27d4c82ecd4a1aa1e,,gx-no-cache=1522677851499 HTTP/1.1" 200 8176
186.79.172.55 - - [02/Apr/2018:11:07:06 -0300] "POST /cormun/servlet/hlogin?caf1cbaab07d25301557bd667a6674ee,gx-no-cache=1522677973760 HTTP/1.1" 200 429
186.79.172.55 - - [02/Apr/2018:11:07:12 -0300] "POST /cormun/servlet/hlogin?caf1cbaab07d25301557bd667a6674ee,gx-no-cache=1522677980422 HTTP/1.1" 200 429
186.103.159.187 - - [02/Apr/2018:11:07:20 -0300] "POST /cormun/servlet/solicitudot?gx-no-cache=1522681668514 HTTP/1.1" 200 1487
186.103.159.187 - - [02/Apr/2018:11:07:24 -0300] "GET /cormun/servlet/prlicenciaspermisos?19851115,L,,MD,,gxPopupLevel%3D0%3B HTTP/1.1" 200 5143
186.103.159.187 - - [02/Apr/2018:11:07:24 -0300] "GET /cormun/static/gxcfg.js?20176272053834 HTTP/1.1" 200 953
186.103.159.187 - - [02/Apr/2018:11:07:24 -0300] "GET /cormun/static/prlicenciaspermisos.js?20176272054050 HTTP/1.1" 200 13379
186.103.159.187 - - [02/Apr/2018:11:07:58 -0300] "POST /cormun/servlet/solicitudot?097a97f753d54bf169754f1a2edab4aa,INS,0,0,,gx-no-cache=1522681710232 HTTP/1.1" 200 93
186.103.159.187 - - [02/Apr/2018:11:07:58 -0300] "GET /cormun/servlet/hpexe_return? HTTP/1.1" 200 1006
186.103.159.187 - - [02/Apr/2018:11:07:59 -0300] "GET /cormun/static/gxcfg.js?2016101716175148 HTTP/1.1" 304 -
186.103.159.187 - - [02/Apr/2018:11:07:59 -0300] "GET /cormun/servlet/trsolicitudot HTTP/1.1" 200 7139
186.103.159.187 - - [02/Apr/2018:11:08:00 -0300] "GET /cormun/servlet/trsolicitudot HTTP/1.1" 200 7136
186.103.159.187 - - [02/Apr/2018:11:08:04 -0300] "GET /cormun/servlet/trsolicitudot? HTTP/1.1" 200 7136
186.103.159.187 - - [02/Apr/2018:11:08:05 -0300] "GET /cormun/servlet/trsolicitudot? HTTP/1.1" 200 7136
186.103.159.187 - - [02/Apr/2018:11:08:07 -0300] "GET /cormun/servlet/solicitudot?INS,0,0, HTTP/1.1" 200 13383
186.103.159.187 - - [02/Apr/2018:11:08:08 -0300] "GET /cormun/servlet/solicitudot?INS,0,0, HTTP/1.1" 200 13388
186.103.159.187 - - [02/Apr/2018:11:08:22 -0300] "POST /cormun/servlet/solicitudot?gx-no-cache=1522681734672 HTTP/1.1" 200 3284
186.103.159.187 - - [02/Apr/2018:11:08:23 -0300] "POST /cormun/servlet/solicitudot?097a97f753d54bf169754f1a2edab4aa,INS,0,0,,gx-no-cache=1522681735393 HTTP/1.1" 200 10248
186.79.172.55 - - [02/Apr/2018:11:08:23 -0300] "POST /cormun/servlet/hlogin?caf1cbaab07d25301557bd667a6674ee,gx-no-cache=1522678050876 HTTP/1.1" 200 429
186.103.159.187 - - [02/Apr/2018:11:08:29 -0300] "GET /cormun/servlet/solicitudot?f36dd2bf18bd6f557c6e53b9904e336557afcc08c172a8fc47b31f4d96bacb94644f897de65bfb63c4be1a3097c37950,gx-no-cache=1522681741651 HTTP/1.1" 200 111
186.103.159.187 - - [02/Apr/2018:11:08:29 -0300] "GET /cormun/static/Shared/jqueryui/images/ui-bg_highlight-soft_100_c6c2c8_1x100.png HTTP/1.1" 404 1117
186.103.159.187 - - [02/Apr/2018:11:08:29 -0300] "GET /cormun/static/Shared/jqueryui/images/ui-icons_82798d_256x240.png HTTP/1.1" 404 1089
186.103.159.187 - - [02/Apr/2018:11:08:29 -0300] "GET /cormun/static/Shared/jqueryui/images/ui-bg_flat_55_994d53_40x100.png HTTP/1.1" 404 1097
186.103.159.187 - - [02/Apr/2018:11:08:29 -0300] "GET /cormun/static/Shared/jqueryui/images/ui-icons_ebccce_256x240.png HTTP/1.1" 404 1089
190.100.93.40 - - [02/Apr/2018:11:09:27 -0300] "GET /cormun/servlet/trfichaempleado? HTTP/1.1" 200 5405
190.100.93.40 - - [02/Apr/2018:11:09:28 -0300] "GET /cormun/servlet/hlogin HTTP/1.1" 200 1740
190.100.93.40 - - [02/Apr/2018:11:09:28 -0300] "GET /cormun/servlet/trfichaempleado? HTTP/1.1" 200 5396
190.100.93.40 - - [02/Apr/2018:11:09:31 -0300] "POST /cormun/servlet/hlogin?ff69025038bbf6dd3eb9dd969d2cbc52,gx-no-cache=1522678117521 HTTP/1.1" 200 90
190.100.93.40 - - [02/Apr/2018:11:09:31 -0300] "GET /cormun/servlet/hpexe_link HTTP/1.1" 200 958
192.168.10.96 - - [02/Apr/2018:11:09:47 -0300] "POST /cormun/servlet/trsolicitudgral?7213bd76f861f6f27d4c82ecd4a1aa1e,,gx-no-cache=1522678015789 HTTP/1.1" 200 7322
192.168.10.96 - - [02/Apr/2018:11:09:54 -0300] "GET /cormun/servlet/vesolicitudgral?2018,10946,, HTTP/1.1" 200 9303
192.168.10.96 - - [02/Apr/2018:11:09:54 -0300] "GET /cormun/pexe_scrolldiv.js HTTP/1.1" 404 1009
192.168.10.96 - - [02/Apr/2018:11:09:54 -0300] "GET /cormun/pexe_scrolldiv.js HTTP/1.1" 404 1009
192.168.10.96 - - [02/Apr/2018:11:09:54 -0300] "GET /cormun/servlet/vesolicitudgral?2018,10946,, HTTP/1.1" 200 9302
186.103.159.187 - - [02/Apr/2018:11:09:55 -0300] "GET /cormun/servlet/solicitudot?f36dd2bf18bd6f557c6e53b9904e3365a8e312f438d0b29224d1ba134129ead6,gx-no-cache=1522681827837 HTTP/1.1" 200 94
192.168.10.96 - - [02/Apr/2018:11:09:56 -0300] "GET /cormun/servlet/vesolicitudgral?2018,10946,,SolicitudOTLog HTTP/1.1" 200 10177
192.168.10.96 - - [02/Apr/2018:11:09:56 -0300] "GET /cormun/pexe_scrolldiv.js HTTP/1.1" 404 1009
192.168.10.96 - - [02/Apr/2018:11:09:56 -0300] "GET /cormun/pexe_scrolldiv.js HTTP/1.1" 404 1009
192.168.10.96 - - [02/Apr/2018:11:09:56 -0300] "GET /cormun/servlet/vesolicitudgral?2018,10946,,SolicitudOTLog HTTP/1.1" 200 10178
192.168.10.96 - - [02/Apr/2018:11:09:57 -0300] "POST /cormun/servlet/acontrolpreferencessavestate?None,DZAMUDIO,true HTTP/1.1" 200 35
186.67.164.142 - - [02/Apr/2018:11:09:57 -0300] "POST /cormun/servlet/trsolicitudot?e25201c5a94861f486d7cec71fd48d93,,gx-no-cache=1522678141294 HTTP/1.1" 200 23602
192.168.10.96 - - [02/Apr/2018:11:10:02 -0300] "POST /cormun/servlet/vesolicitudgral?7213bd76f861f6f27d4c82ecd4a1aa1e,2018,10946,,SolicitudOTLog,gx-no-cache=1522678031561 HTTP/1.1" 200 90
192.168.10.96 - - [02/Apr/2018:11:10:02 -0300] "GET /cormun/servlet/hpexe_link HTTP/1.1" 200 978
192.168.10.96 - - [02/Apr/2018:11:10:03 -0300] "GET /cormun/servlet/trsolicitudgral? HTTP/1.1" 200 10594
192.168.10.96 - - [02/Apr/2018:11:10:03 -0300] "GET /cormun/servlet/trsolicitudgral? HTTP/1.1" 200 10593
186.103.159.187 - - [02/Apr/2018:11:10:05 -0300] "GET /cormun/servlet/solicitudot?f36dd2bf18bd6f557c6e53b9904e3365f02d6818a4bd0df437a74811ec7a1bea,gx-no-cache=1522681838194 HTTP/1.1" 200 29
186.103.159.187 - - [02/Apr/2018:11:10:05 -0300] "POST /cormun/servlet/solicitudot?gx-no-cache=1522681838323 HTTP/1.1" 200 297
186.103.159.187 - - [02/Apr/2018:11:10:06 -0300] "GET /cormun/servlet/solicitudot?f36dd2bf18bd6f557c6e53b9904e3365679de4c203af773196f6cb57d6f8997f9a8b04860898c75443442a8598a52304b04002eade7a62f7bc0d66c9bd686b8c429a2f10022e264c82a90683470cd83c7ecf6acbbf2c34513f6c90978a9231f678ebbc5b44fb94850cc6da0306e0f8d1ab52e12a72d5c4e27b496b2ba438adb8b93cce8a7b87399e11de3e9dd6da93d31ef2f439f041fe169e69b800b6a4ff75e322b26a3b20bc554ad0a19bf2a04ccbd8527e4c85d53584571b8bf079846b40377605eeeda066e6b4ad1f1f2a8034bd9c8573a8e38a0ccfee7835e5fb3d079b91c3feb73b7045489f06949c7dcfe86449b4b7a729ccc5f202da7ccb8ff07375974391c8b44ef5d18be44c2bdffb833d4bccd1049f6b7e44c03be1b1ce5de7ec25262a6eafb672f09a943b7c33e1abfece89bd90e5c438d23f6b894c792246a7c77968336ea895545c2828c19aa8110bea18ab193f899f8033410cf39b732a2d560a179f7ba6f655dc8464c618d9c0293ef77b1bb12afdaefdab9078a0b7aa7f108a3d3c8db4d51b063dfa58acfddb25,gx-no-cache=1522681838417 HTTP/1.1" 200 30
200.72.197.82 - - [02/Apr/2018:11:10:08 -0300] "GET /cormun/servlet/hlogin HTTP/1.1" 200 1715
186.103.132.155 - - [02/Apr/2018:11:10:09 -0300] "GET /cormun/static/gxcfg.js?20175251213516 HTTP/1.1" 304 -
200.72.197.82 - - [02/Apr/2018:11:10:09 -0300] "GET /cormun/static/gxtimezone.js?85251 HTTP/1.1" 304 -
186.103.132.155 - - [02/Apr/2018:11:10:09 -0300] "GET /cormun/static/messages.spa.js?85251 HTTP/1.1" 304 -
186.103.132.155 - - [02/Apr/2018:11:10:09 -0300] "GET /cormun/servlet/hlogin HTTP/1.1" 200 1725
186.79.49.245 - - [02/Apr/2018:11:10:11 -0300] "GET /cormun/servlet/solicitudot?b4ceeccde14f42f1307de01081682c30b261f89c820093288a1524a58359a7b1bec93194665cb40f7f42e921c84995b889355e65a854fbdd10dc2a15aacc7e8cfb940cd0e6465a29b04547949f3c3d14425192819d9a17bccc4a4aa7e7aaa9a50d7b1288a571d6c14997c40949a1b1c8,gx-no-cache=1522678158380 HTTP/1.1" 200 29
186.79.49.245 - - [02/Apr/2018:11:10:12 -0300] "POST /cormun/servlet/solicitudot?gx-no-cache=1522678158913 HTTP/1.1" 200 1335
186.79.49.245 - - [02/Apr/2018:11:10:12 -0300] "POST /cormun/servlet/solicitudot?gx-no-cache=1522678159368 HTTP/1.1" 200 1228
186.103.159.187 - - [02/Apr/2018:11:10:13 -0300] "POST /cormun/servlet/solicitudot?gx-no-cache=1522681846094 HTTP/1.1" 200 30
186.103.132.155 - - [02/Apr/2018:11:10:23 -0300] "POST /cormun/servlet/hlogin?32bb1c4f98ee68d809d02cd0c9b56354,gx-no-cache=1522678170189 HTTP/1.1" 200 90
186.103.132.155 - - [02/Apr/2018:11:10:23 -0300] "GET /cormun/servlet/hpexe_link HTTP/1.1" 200 946
186.103.132.155 - - [02/Apr/2018:11:10:23 -0300] "GET /cormun/static/gxcfg.js?20177612121792 HTTP/1.1" 304 -
186.103.132.155 - - [02/Apr/2018:11:10:23 -0300] "GET /cormun/servlet/hhome HTTP/1.1" 200 4195
186.103.132.155 - - [02/Apr/2018:11:10:24 -0300] "GET /cormun/static/gxcfg.js?20175251212442 HTTP/1.1" 304 -
186.103.132.155 - - [02/Apr/2018:11:10:25 -0300] "GET /cormun/servlet/hhome HTTP/1.1" 200 4191
186.103.161.206 - - [02/Apr/2018:11:10:30 -0300] "GET /cormun/servlet/trlicencias? HTTP/1.1" 200 8936
186.103.132.155 - - [02/Apr/2018:11:10:31 -0300] "GET /cormun/static/calendar-es.js?85251 HTTP/1.1" 304 -
186.67.203.186 - - [02/Apr/2018:11:10:31 -0300] "GET /cormun/static/calendar.js?85251 HTTP/1.1" 304 -
200.72.197.82 - - [02/Apr/2018:11:10:31 -0300] "GET /cormun/static/calendar-setup.js?85251 HTTP/1.1" 304 -
200.112.233.47 - - [02/Apr/2018:11:10:31 -0300] "GET /cormun/servlet/hhome HTTP/1.1" 200 3405
186.103.161.206 - - [02/Apr/2018:11:10:32 -0300] "GET /cormun/static/gxdec.js?85251 HTTP/1.1" 304 -
186.103.161.206 - - [02/Apr/2018:11:10:32 -0300] "GET /cormun/servlet/trlicencias? HTTP/1.1" 200 8934
186.103.159.187 - - [02/Apr/2018:11:10:32 -0300] "GET /cormun/servlet/prfichaempleado?,MD,,gxPopupLevel%3D0%3B HTTP/1.1" 200 9272
200.112.233.47 - - [02/Apr/2018:11:10:33 -0300] "GET /cormun/servlet/hhome HTTP/1.1" 200 3404
186.103.159.187 - - [02/Apr/2018:11:10:33 -0300] "GET /cormun/static/gxcfg.js?20177612134814 HTTP/1.1" 304 -
200.112.233.47 - - [02/Apr/2018:11:10:33 -0300] "GET /cormun/servlet/hlogin HTTP/1.1" 200 1732
186.79.49.245 - - [02/Apr/2018:11:10:40 -0300] "GET /cormun/servlet/solicitudot?b4ceeccde14f42f1307de01081682c3066cf24de46e12347e0d99b0b9c72a75e086f972afcaf0ab84a01c2bd82f0eb00,gx-no-cache=1522678187332 HTTP/1.1" 200 30
186.103.159.187 - - [02/Apr/2018:11:10:40 -0300] "POST /cormun/servlet/solicitudot?gx-no-cache=1522681872723 HTTP/1.1" 200 1352
186.103.159.187 - - [02/Apr/2018:11:10:45 -0300] "GET /cormun/servlet/prlicenciaspermisos?20026374,L,,MD,,gxPopupLevel%3D0%3B HTTP/1.1" 200 5671
186.79.49.245 - - [02/Apr/2018:11:10:50 -0300] "POST /cormun/servlet/solicitudot?gx-no-cache=1522678197520 HTTP/1.1" 200 30
186.103.159.187 - - [02/Apr/2018:11:11:02 -0300] "POST /cormun/servlet/solicitudot?gx-no-cache=1522681894807 HTTP/1.1" 200 41
200.54.247.70 - - [02/Apr/2018:11:11:23 -0300] "GET /cormun/servlet/trcontratosolicitud? HTTP/1.1" 200 5749
200.54.247.70 - - [02/Apr/2018:11:11:24 -0300] "GET /cormun/servlet/hlogin HTTP/1.1" 200 1746
200.54.247.70 - - [02/Apr/2018:11:11:25 -0300] "GET /cormun/servlet/trcontratosolicitud? HTTP/1.1" 200 5749
192.168.10.96 - - [02/Apr/2018:11:11:33 -0300] "GET /cormun/servlet/trsolicitudot? HTTP/1.1" 200 7922
200.54.247.70 - - [02/Apr/2018:11:11:33 -0300] "POST /cormun/servlet/hlogin?e94769aa1700c991bdbfa91291be59b8,gx-no-cache=1522678244236 HTTP/1.1" 200 90
200.54.247.70 - - [02/Apr/2018:11:11:33 -0300] "GET /cormun/servlet/hpexe_link HTTP/1.1" 200 964
192.168.10.96 - - [02/Apr/2018:11:11:33 -0300] "GET /cormun/servlet/trsolicitudot? HTTP/1.1" 200 7921
200.54.247.70 - - [02/Apr/2018:11:11:33 -0300] "GET /cormun/servlet/trcontratosolicitud HTTP/1.1" 200 14490
200.54.247.70 - - [02/Apr/2018:11:11:35 -0300] "GET /cormun/servlet/trcontratosolicitud HTTP/1.1" 200 14487
192.168.10.96 - - [02/Apr/2018:11:11:35 -0300] "GET /cormun/servlet/solicitudot?INS,0,0, HTTP/1.1" 200 14156
192.168.10.96 - - [02/Apr/2018:11:11:35 -0300] "GET /cormun/static/gxcfg.js?201812313224582 HTTP/1.1" 304 -
192.168.10.96 - - [02/Apr/2018:11:11:35 -0300] "GET /cormun/static/solicitudot.js?201812313224831 HTTP/1.1" 304 -
192.168.10.96 - - [02/Apr/2018:11:11:36 -0300] "GET /cormun/servlet/solicitudot?INS,0,0, HTTP/1.1" 200 14161
186.79.49.245 - - [02/Apr/2018:11:11:36 -0300] "POST /cormun/servlet/solicitudot?09282efd7333e23a27d3ea314068d2a2,INS,0,0,,gx-no-cache=1522678242482 HTTP/1.1" 200 93
186.79.49.245 - - [02/Apr/2018:11:11:36 -0300] "GET /cormun/servlet/hpexe_return? HTTP/1.1" 200 1010
186.79.49.245 - - [02/Apr/2018:11:11:36 -0300] "GET /cormun/static/gxcfg.js?2016101716175148 HTTP/1.1" 304 -
186.79.49.245 - - [02/Apr/2018:11:11:37 -0300] "GET /cormun/servlet/trsolicitudot HTTP/1.1" 200 8532
186.79.49.245 - - [02/Apr/2018:11:11:38 -0300] "GET /cormun/servlet/trsolicitudot HTTP/1.1" 200 8528
200.54.247.70 - - [02/Apr/2018:11:11:39 -0300] "GET /cormun/servlet/trcontratosolicitud? HTTP/1.1" 200 14496
200.54.247.70 - - [02/Apr/2018:11:11:40 -0300] "GET /cormun/servlet/trcontratosolicitud? HTTP/1.1" 200 14476
186.79.49.245 - - [02/Apr/2018:11:11:42 -0300] "POST /cormun/servlet/trsolicitudot?09282efd7333e23a27d3ea314068d2a2,gx-no-cache=1522678249046 HTTP/1.1" 200 107
186.79.49.245 - - [02/Apr/2018:11:11:42 -0300] "GET /cormun/servlet/trsolicitudadjuntos?2018,10960, HTTP/1.1" 200 6032
186.79.49.245 - - [02/Apr/2018:11:11:43 -0300] "GET /cormun/static/gxcfg.js?20177612135366 HTTP/1.1" 304 -
192.168.10.96 - - [02/Apr/2018:11:11:43 -0300] "POST /cormun/servlet/solicitudot?gx-no-cache=1522678131557 HTTP/1.1" 200 3492
192.168.10.96 - - [02/Apr/2018:11:11:43 -0300] "GET /cormun/static/Shared/jqueryui/images/ui-bg_flat_55_994d53_40x100.png HTTP/1.1" 404 1097
192.168.10.96 - - [02/Apr/2018:11:11:43 -0300] "GET /cormun/static/Shared/jqueryui/images/ui-icons_ebccce_256x240.png HTTP/1.1" 404 1089
192.168.10.96 - - [02/Apr/2018:11:11:43 -0300] "GET /cormun/static/Shared/jqueryui/images/ui-icons_82798d_256x240.png HTTP/1.1" 404 1089
192.168.10.96 - - [02/Apr/2018:11:11:43 -0300] "GET /cormun/static/Shared/jqueryui/images/ui-bg_highlight-soft_100_c6c2c8_1x100.png HTTP/1.1" 404 1117
186.79.49.245 - - [02/Apr/2018:11:11:43 -0300] "GET /cormun/servlet/trsolicitudadjuntos?2018,10960, HTTP/1.1" 200 6032
200.54.247.70 - - [02/Apr/2018:11:11:44 -0300] "POST /cormun/servlet/trcontratosolicitud?e94769aa1700c991bdbfa91291be59b8,,gx-no-cache=1522678254665 HTTP/1.1" 200 4740
186.79.49.245 - - [02/Apr/2018:11:11:48 -0300] "GET /cormun/servlet/solicitudotadjuntos?INS,2018,10960,,1, HTTP/1.1" 200 5977
186.79.49.245 - - [02/Apr/2018:11:11:48 -0300] "GET /cormun/static/gxcfg.js?2017761244068 HTTP/1.1" 304 -
186.79.49.245 - - [02/Apr/2018:11:11:49 -0300] "GET /cormun/static/about:blank HTTP/1.1" 404 1011
186.79.49.245 - - [02/Apr/2018:11:11:49 -0300] "GET /cormun/servlet/solicitudotadjuntos?INS,2018,10960,,1, HTTP/1.1" 200 5970
186.79.49.245 - - [02/Apr/2018:11:11:50 -0300] "GET /cormun/servlet/solicitudotadjuntos?b4ceeccde14f42f1307de01081682c305abdc3c721497385d5f3bf9dcb399ed3555ac90e28aac23ee359ccbeb8c33d85,gx-no-cache=1522678256904 HTTP/1.1" 200 30
186.103.159.187 - - [02/Apr/2018:11:11:50 -0300] "GET /cormun/servlet/solicitudot?f36dd2bf18bd6f557c6e53b9904e3365be8957f5e9a076edb1516024d10bfd276e87ae8da11d13189cf0b472d986ae80c156f1782fae5a111cffae22ca2c1bbddd79c7b1468b0479d02ffeadca207e5da470e8970f5e7d959f101023ac63b3e38875fb73be532eb1bf9f1f9263953312,gx-no-cache=1522681942479 HTTP/1.1" 200 29
186.103.159.187 - - [02/Apr/2018:11:11:50 -0300] "POST /cormun/servlet/solicitudot?gx-no-cache=1522681942568 HTTP/1.1" 200 1335
186.103.159.187 - - [02/Apr/2018:11:11:50 -0300] "POST /cormun/servlet/solicitudot?gx-no-cache=1522681942673 HTTP/1.1" 200 1231
186.103.159.187 - - [02/Apr/2018:11:11:50 -0300] "GET /cormun/static/menuarrow.gif HTTP/1.1" 404 1015
186.79.49.245 - - [02/Apr/2018:11:11:50 -0300] "POST /cormun/servlet/solicitudotadjuntos?09282efd7333e23a27d3ea314068d2a2,INS,2018,10960,,1,,gx-no-cache=1522678257127 HTTP/1.1" 200 3796
186.103.159.187 - - [02/Apr/2018:11:11:52 -0300] "POST /cormun/servlet/solicitudot?gx-no-cache=1522681944390 HTTP/1.1" 200 1335
186.103.159.187 - - [02/Apr/2018:11:11:52 -0300] "POST /cormun/servlet/solicitudot?gx-no-cache=1522681944500 HTTP/1.1" 200 1231
192.168.10.96 - - [02/Apr/2018:11:11:52 -0300] "GET /cormun/servlet/hlogin HTTP/1.1" 200 1746
186.79.49.245 - - [02/Apr/2018:11:11:53 -0300] "POST /cormun/servlet/solicitudotadjuntos?gx-no-cache=1522678260275 HTTP/1.1" 200 26
186.103.159.187 - - [02/Apr/2018:11:11:57 -0300] "GET /cormun/servlet/solicitudot?f36dd2bf18bd6f557c6e53b9904e3365d414fc5c26a55c81280839a2503677311c7159bc34326a9d45c82d62ee6b2b56,gx-no-cache=1522681949664 HTTP/1.1" 200 30
186.103.159.187 - - [02/Apr/2018:11:11:57 -0300] "POST /cormun/servlet/solicitudot?gx-no-cache=1522681949756 HTTP/1.1" 200 34
186.103.156.24 - - [02/Apr/2018:11:11:58 -0300] "GET /cormun/servlet/hlogin HTTP/1.1" 200 1719
186.103.156.24 - - [02/Apr/2018:11:11:58 -0300] "GET /cormun/static/gxcfg.js?20175251213516 HTTP/1.1" 200 953
186.103.156.24 - - [02/Apr/2018:11:11:58 -0300] "GET /cormun/static/gxtimezone.js?85251 HTTP/1.1" 304 -
186.103.156.24 - - [02/Apr/2018:11:11:58 -0300] "GET /cormun/static/Resources/Spanish/PXTools.css?11423723 HTTP/1.1" 200 89042
186.103.156.24 - - [02/Apr/2018:11:11:58 -0300] "GET /cormun/static/Resources/ComunLogin.png HTTP/1.1" 200 17326
186.103.156.24 - - [02/Apr/2018:11:11:58 -0300] "GET /cormun/static/Resources/PXToolsLoginBottom.png HTTP/1.1" 200 1389
186.103.156.24 - - [02/Apr/2018:11:11:58 -0300] "GET /cormun/static/Resources/PXToolsLoginBackground.png HTTP/1.1" 200 1164
186.103.156.24 - - [02/Apr/2018:11:11:58 -0300] "GET /cormun/static/Resources/PXToolsButtonBackground2.png HTTP/1.1" 200 1181
186.103.156.24 - - [02/Apr/2018:11:11:59 -0300] "GET /cormun/static/Resources/PXToolsLoginTop.png HTTP/1.1" 200 1337
186.103.156.24 - - [02/Apr/2018:11:11:59 -0300] "GET /cormun/static/messages.spa.js?85251 HTTP/1.1" 304 -
186.103.156.24 - - [02/Apr/2018:11:11:59 -0300] "GET /cormun/static/Resources/PXToolsButtonRight21.png HTTP/1.1" 200 1283
186.103.156.24 - - [02/Apr/2018:11:11:59 -0300] "GET /cormun/static/Resources/PXToolsButtonLeft21.png HTTP/1.1" 200 1287
186.103.156.24 - - [02/Apr/2018:11:11:59 -0300] "GET /cormun/servlet/hlogin HTTP/1.1" 200 1729
186.103.156.24 - - [02/Apr/2018:11:11:59 -0300] "GET /favicon.ico HTTP/1.1" 200 21630
186.103.156.24 - - [02/Apr/2018:11:12:18 -0300] "POST /cormun/servlet/hlogin?d8d1d32ed46633311574b1934c1b6ba9,gx-no-cache=1522678285143 HTTP/1.1" 200 90
186.103.156.24 - - [02/Apr/2018:11:12:18 -0300] "GET /cormun/servlet/hpexe_link HTTP/1.1" 200 949
186.103.156.24 - - [02/Apr/2018:11:12:18 -0300] "GET /cormun/servlet/hhome HTTP/1.1" 200 4227
186.103.156.24 - - [02/Apr/2018:11:12:18 -0300] "GET /cormun/static/PXToolsJavascripts/pexe_cookies.js HTTP/1.1" 200 792
186.103.156.24 - - [02/Apr/2018:11:12:18 -0300] "GET /cormun/static/PXToolsJavascripts/pexe_menudivfix.js HTTP/1.1" 200 333
186.103.156.24 - - [02/Apr/2018:11:12:18 -0300] "GET /cormun/static/gxcfg.js?20175251212442 HTTP/1.1" 200 953
186.103.156.24 - - [02/Apr/2018:11:12:18 -0300] "GET /cormun/static/PXToolsJavascripts/pexe_oav.js HTTP/1.1" 200 645
186.103.156.24 - - [02/Apr/2018:11:12:19 -0300] "GET /cormun/static/PXToolsJavascripts/pexe_oavdivfix.js HTTP/1.1" 200 639
186.103.156.24 - - [02/Apr/2018:11:12:19 -0300] "GET /cormun/static/PXToolsJavascripts/PXToolsJavascriptsRender.js HTTP/1.1" 200 367
186.103.156.24 - - [02/Apr/2018:11:12:19 -0300] "GET /cormun/static/PXToolsJavascripts/pexe_tabdivfix.js HTTP/1.1" 200 876
186.103.156.24 - - [02/Apr/2018:11:12:19 -0300] "GET /cormun/static/PXToolsJavascripts/pexe_picture.js HTTP/1.1" 200 689
186.103.156.24 - - [02/Apr/2018:11:12:19 -0300] "GET /cormun/static/RunJS/RunJS.js HTTP/1.1" 200 288
186.103.156.24 - - [02/Apr/2018:11:12:19 -0300] "GET /cormun/static/hhome.js?20175251212450 HTTP/1.1" 200 777
186.103.156.24 - - [02/Apr/2018:11:12:19 -0300] "GET /cormun/static/Resources/logo4.png HTTP/1.1" 200 6582
186.103.156.24 - - [02/Apr/2018:11:12:19 -0300] "GET /cormun/static/Resources/PXToolsHeaderSecurity.png HTTP/1.1" 200 4166
186.103.156.24 - - [02/Apr/2018:11:12:19 -0300] "GET /cormun/static/Resources/PXToolsHeaderActionsLeft.png HTTP/1.1" 200 1118
186.103.156.24 - - [02/Apr/2018:11:12:19 -0300] "GET /cormun/static/Resources/PXToolsHeaderBackground2.png HTTP/1.1" 200 1174
186.103.156.24 - - [02/Apr/2018:11:12:19 -0300] "GET /cormun/static/Resources/PXToolsDataTitle.png HTTP/1.1" 200 1173
186.103.156.24 - - [02/Apr/2018:11:12:19 -0300] "GET /cormun/static/Resources/PXToolsHeaderActionsRight.png HTTP/1.1" 200 1201
186.103.156.24 - - [02/Apr/2018:11:12:19 -0300] "GET /cormun/static/Resources/PXToolsHeaderHome.png HTTP/1.1" 200 4147
186.103.156.24 - - [02/Apr/2018:11:12:19 -0300] "GET /cormun/static/Resources/PXToolsHeaderPreferences.png HTTP/1.1" 200 4189
186.103.156.24 - - [02/Apr/2018:11:12:19 -0300] "GET /cormun/static/Resources/PXToolsHeaderLogin.png HTTP/1.1" 200 4279
186.103.156.24 - - [02/Apr/2018:11:12:19 -0300] "GET /cormun/servlet/hhome HTTP/1.1" 200 4223
186.103.156.24 - - [02/Apr/2018:11:12:23 -0300] "GET /cormun/servlet/trlicencias? HTTP/1.1" 200 10697
186.103.156.24 - - [02/Apr/2018:11:12:23 -0300] "GET /cormun/static/gxcfg.js?20176272054169 HTTP/1.1" 200 953
186.103.156.24 - - [02/Apr/2018:11:12:23 -0300] "GET /cormun/static/calendar.js?85251 HTTP/1.1" 304 -
186.103.156.24 - - [02/Apr/2018:11:12:23 -0300] "GET /cormun/static/calendar-setup.js?85251 HTTP/1.1" 304 -
186.103.156.24 - - [02/Apr/2018:11:12:23 -0300] "GET /cormun/static/calendar-es.js?85251 HTTP/1.1" 304 -
186.103.156.24 - - [02/Apr/2018:11:12:23 -0300] "GET /cormun/static/Resources/PXTools/calendar.png HTTP/1.1" 200 1306
186.103.159.187 - - [02/Apr/2018:11:12:24 -0300] "POST /cormun/servlet/solicitudot?097a97f753d54bf169754f1a2edab4aa,INS,0,0,,gx-no-cache=1522681976050 HTTP/1.1" 200 11760
186.103.156.24 - - [02/Apr/2018:11:12:24 -0300] "GET /cormun/static/gxdec.js?85251 HTTP/1.1" 304 -
186.103.156.24 - - [02/Apr/2018:11:12:25 -0300] "GET /cormun//static/Resources/PXToolsGridDisplay.png HTTP/1.1" 200 362
186.103.156.24 - - [02/Apr/2018:11:12:25 -0300] "GET /cormun//static/Resources/PXToolsActionDisabled.gif HTTP/1.1" 200 53
186.103.156.24 - - [02/Apr/2018:11:12:25 -0300] "GET /cormun//static/Resources/PXToolsActionPrint.png HTTP/1.1" 200 3317
186.103.156.24 - - [02/Apr/2018:11:12:25 -0300] "GET /cormun//static/Resources/PXToolsHeaderFavorites.png HTTP/1.1" 200 2744
186.103.156.24 - - [02/Apr/2018:11:12:25 -0300] "GET /cormun//static/Resources/PXToolsHeaderHelp.png HTTP/1.1" 200 4055
186.103.156.24 - - [02/Apr/2018:11:12:25 -0300] "GET /cormun/servlet/trlicencias? HTTP/1.1" 200 10671
186.103.156.24 - - [02/Apr/2018:11:12:38 -0300] "GET /cormun/servlet/licenciaspermisos?INS,0,,, HTTP/1.1" 200 7758
186.103.156.24 - - [02/Apr/2018:11:12:38 -0300] "GET /cormun/static/licenciaspermisos.js?201762917281260 HTTP/1.1" 200 37491
186.103.156.24 - - [02/Apr/2018:11:12:38 -0300] "GET /cormun/static/Resources/prompt.gif HTTP/1.1" 200 902
186.103.156.24 - - [02/Apr/2018:11:12:38 -0300] "GET /cormun/static/gxcfg.js?201762917281167 HTTP/1.1" 200 953
186.103.156.24 - - [02/Apr/2018:11:12:39 -0300] "GET /cormun/servlet/licenciaspermisos?INS,0,,, HTTP/1.1" 200 7766
192.168.10.89 - - [02/Apr/2018:11:12:44 -0300] "POST /cormun/servlet/trsolicitudgral?252d2bd7e57b710d15fdeffe9ec069b9,gx-no-cache=1522674907040,gx-no-cache=1522678192941 HTTP/1.1" 440 972
192.168.10.89 - - [02/Apr/2018:11:12:45 -0300] "GET /cormun/servlet/trsolicitudgral?gx-no-cache=1522674907040 HTTP/1.1" 500 10
186.103.156.24 - - [02/Apr/2018:11:12:51 -0300] "GET /cormun/servlet/licenciaspermisos?283fbaaf2062796c9f405dc8250b6c3c366e56c4c89d8b6f49c1ebb362242481168ad44f6ebb023a0ceb216da9dc23e9,gx-no-cache=1522678318552 HTTP/1.1" 200 96
186.103.156.24 - - [02/Apr/2018:11:12:51 -0300] "POST /cormun/servlet/licenciaspermisos?d8d1d32ed46633311574b1934c1b6ba9,INS,0,,,,gx-no-cache=1522678318670 HTTP/1.1" 200 4880
192.168.10.89 - - [02/Apr/2018:11:12:54 -0300] "GET /cormun/servlet/hlogin HTTP/1.1" 200 1717
192.168.10.89 - - [02/Apr/2018:11:12:54 -0300] "GET /cormun/static/gxtimezone.js?85251 HTTP/1.1" 304 -
192.168.10.89 - - [02/Apr/2018:11:12:59 -0300] "POST /cormun/servlet/hlogin?53ac724731a120f9d474bc68e2292937,gx-no-cache=1522678208463 HTTP/1.1" 200 90
192.168.10.89 - - [02/Apr/2018:11:12:59 -0300] "GET /cormun/servlet/hpexe_link HTTP/1.1" 200 947
192.168.10.89 - - [02/Apr/2018:11:13:00 -0300] "GET /cormun/servlet/hhome HTTP/1.1" 200 4918
192.168.10.89 - - [02/Apr/2018:11:13:03 -0300] "GET /cormun/servlet/trsolicitudgral? HTTP/1.1" 200 29596
192.168.10.89 - - [02/Apr/2018:11:13:03 -0300] "GET /cormun/static/calendar.js?85251 HTTP/1.1" 304 -
192.168.10.89 - - [02/Apr/2018:11:13:03 -0300] "GET /cormun/static/calendar-setup.js?85251 HTTP/1.1" 304 -
192.168.10.89 - - [02/Apr/2018:11:13:03 -0300] "GET /cormun/static/calendar-es.js?85251 HTTP/1.1" 304 -
192.168.10.89 - - [02/Apr/2018:11:13:03 -0300] "GET /cormun/static/gxdec.js?85251 HTTP/1.1" 304 -
192.168.10.96 - - [02/Apr/2018:11:13:07 -0300] "POST /cormun/servlet/hlogin?7213bd76f861f6f27d4c82ecd4a1aa1e,gx-no-cache=1522678216038 HTTP/1.1" 200 90
192.168.10.96 - - [02/Apr/2018:11:13:07 -0300] "GET /cormun/servlet/hpexe_link HTTP/1.1" 200 964
192.168.10.96 - - [02/Apr/2018:11:13:07 -0300] "GET /cormun/servlet/solicitudot?INS,0,0, HTTP/1.1" 200 14157
192.168.10.96 - - [02/Apr/2018:11:13:08 -0300] "GET /cormun/servlet/solicitudot?INS,0,0, HTTP/1.1" 200 14161
192.168.10.96 - - [02/Apr/2018:11:13:11 -0300] "GET /cormun/servlet/trsolicitudgral? HTTP/1.1" 200 10598
192.168.10.96 - - [02/Apr/2018:11:13:11 -0300] "GET /cormun/servlet/trsolicitudgral? HTTP/1.1" 200 10593
192.168.10.89 - - [02/Apr/2018:11:13:18 -0300] "POST /cormun/servlet/trsolicitudgral?53ac724731a120f9d474bc68e2292937,,gx-no-cache=1522678227014 HTTP/1.1" 200 7276
186.103.159.187 - - [02/Apr/2018:11:13:24 -0300] "GET /cormun/servlet/solicitudot?f36dd2bf18bd6f557c6e53b9904e3365d1881f22deede5bf1c3395c8b1ea35c746f293fd6f44f98c8d5d2e15fff8bc90b579a65dba2ae299052f024a388c338c,gx-no-cache=1522682036587 HTTP/1.1" 200 30
186.103.159.187 - - [02/Apr/2018:11:13:25 -0300] "GET /cormun/servlet/solicitudot?f36dd2bf18bd6f557c6e53b9904e3365679de4c203af773196f6cb57d6f8997f9a8b04860898c75443442a8598a52304b04002eade7a62f7bc0d66c9bd686b8c429a2f10022e264c82a90683470cd83c7ecf6acbbf2c34513f6c90978a9231f678ebbc5b44fb94850cc6da0306e0f8d1ab52e12a72d5c4e27b496b2ba438adb8b93cce8a7b87399e11de3e9dd6da93d31ef2f439f041fe169e69b800b6a4ff75e322b26a3b20bc554ad0a19bf2a04ccbd8527e4c85d53584571b8bf079846b40377605eeeda066e6b4ad1f1f2a8034bd9c8573a8e38a0ccfee7835e5fb3d079b91c3feb73b7045489f06949c7dcfe86449b4b7a729ccc5f202da7ccb8ff07375974391c8b44ef5d18be44c2bdffb833d4bccd1049f6b7e44c03be1b1ce5de7ec25262a6eafb672f09a943b7c33e1abfece89bd90e5c438d23f6b894c792246a7c77968336ea895545c2828c19aa8110bea18ab193f899f8033410cf39b732a2d560a179f7ba6f655dc8464c618d9c029c5e1845dc110beb9f6935f53f0d811aa108a3d3c8db4d51b063dfa58acfddb25,gx-no-cache=1522682036757 HTTP/1.1" 200 30
186.103.159.187 - - [02/Apr/2018:11:13:25 -0300] "POST /cormun/servlet/solicitudot?gx-no-cache=1522682037731 HTTP/1.1" 200 30
186.103.159.187 - - [02/Apr/2018:11:13:25 -0300] "POST /cormun/servlet/solicitudot?gx-no-cache=1522682037840 HTTP/1.1" 200 1352
186.103.159.187 - - [02/Apr/2018:11:13:25 -0300] "POST /cormun/servlet/solicitudot?gx-no-cache=1522682038322 HTTP/1.1" 200 41
186.103.159.187 - - [02/Apr/2018:11:13:26 -0300] "POST /cormun/servlet/solicitudot?gx-no-cache=1522682038431 HTTP/1.1" 200 1335
186.103.159.187 - - [02/Apr/2018:11:13:26 -0300] "POST /cormun/servlet/solicitudot?gx-no-cache=1522682038563 HTTP/1.1" 200 1231
186.103.159.187 - - [02/Apr/2018:11:13:26 -0300] "GET /cormun/servlet/solicitudot?f36dd2bf18bd6f557c6e53b9904e3365d414fc5c26a55c81280839a2503677311c7159bc34326a9d45c82d62ee6b2b56,gx-no-cache=1522682038765 HTTP/1.1" 200 30
186.103.159.187 - - [02/Apr/2018:11:13:26 -0300] "POST /cormun/servlet/solicitudot?gx-no-cache=1522682038901 HTTP/1.1" 200 34
186.79.49.245 - - [02/Apr/2018:11:13:27 -0300] "GET /cormun/servlet/solicitudotadjuntos?b4ceeccde14f42f1307de01081682c30a9b84efcc391960368104c259cec20d1,gx-no-cache=1522678353782 HTTP/1.1" 200 30
186.103.159.187 - - [02/Apr/2018:11:13:27 -0300] "POST /cormun/servlet/solicitudot?097a97f753d54bf169754f1a2edab4aa,INS,0,0,,gx-no-cache=1522682038965 HTTP/1.1" 200 11818
186.79.49.245 - - [02/Apr/2018:11:13:27 -0300] "GET /cormun/servlet/solicitudotadjuntos?b4ceeccde14f42f1307de01081682c30a9b84efcc391960368104c259cec20d1,gx-no-cache=1522678354167 HTTP/1.1" 200 30
186.67.164.142 - - [02/Apr/2018:11:13:29 -0300] "POST /cormun/servlet/trsolicitudot?e25201c5a94861f486d7cec71fd48d93,,gx-no-cache=1522678352053 HTTP/1.1" 200 23603
186.103.156.24 - - [02/Apr/2018:11:13:31 -0300] "GET /cormun/static/menuarrow.gif HTTP/1.1" 404 1015
186.79.49.245 - - [02/Apr/2018:11:13:41 -0300] "POST /cormun/servlet/solicitudotadjuntos?09282efd7333e23a27d3ea314068d2a2,INS,2018,10960,,1, HTTP/1.1" 200 116
186.79.49.245 - - [02/Apr/2018:11:13:41 -0300] "GET /cormun/servlet/hpexe_return? HTTP/1.1" 200 1028
186.79.49.245 - - [02/Apr/2018:11:13:41 -0300] "GET /cormun/servlet/trsolicitudadjuntos?2018,10960, HTTP/1.1" 200 8440
186.79.49.245 - - [02/Apr/2018:11:13:42 -0300] "GET /cormun/servlet/trsolicitudadjuntos?2018,10960, HTTP/1.1" 200 8436
192.168.10.89 - - [02/Apr/2018:11:13:45 -0300] "GET /cormun/servlet/solicitudgral?UPD,2018,10744, HTTP/1.1" 200 13387
192.168.10.89 - - [02/Apr/2018:11:13:45 -0300] "GET /cormun/static/gxcfg.js?20181911354237 HTTP/1.1" 304 -
192.168.10.89 - - [02/Apr/2018:11:13:45 -0300] "GET /cormun/static/solicitudgral.js?20181911354326 HTTP/1.1" 304 -
192.168.10.89 - - [02/Apr/2018:11:13:46 -0300] "POST /cormun/servlet/solicitudgral?gx-no-cache=1522678254756 HTTP/1.1" 200 3912
192.168.10.89 - - [02/Apr/2018:11:13:46 -0300] "GET /cormun/servlet/solicitudgral?6705b726d769a449d2dadcdd4c95844e0fb685d8ebad28d0163c642b33c059fffaaa5650ab9c38e317a1d150085fee98e8e87f3c55d76f5573fb84d23ebaac48d1aa30421bddecca9b46eae7dc40ec66631e76655087298a82991e69b191a24916a1e49ef9d9b961f65c8d3ba2b15c7dc621d7648ed1ad0888670a6057e3b6ce3a6ebb3eb9f66300eebada599206cfa486cb31a80e8a3869df476f7227c0436add7cf5db9488b0b24e39004dc1c7f8e60c97de0f427c6b1bebee49f02096dc16d2f97e4f021fd42565a2c60d8458c5a189fd2896f4600bfca666632a98e9bb17968fc06161477d88e315bc2beadc8eaebe5dd6c73c67afa95cc663d15d1abb803bdeb3275367526b50569b55bb6db1d0e94f9c9659904d88a5428ed554714bf5b93692b29b50edd7dabdd41c410084afc9180e95d3cd782d3fe5a260a2a7e1d57f930c2eed35ae18af7d2bef48c82725,gx-no-cache=1522678255155 HTTP/1.1" 200 297
192.168.10.89 - - [02/Apr/2018:11:13:47 -0300] "GET /cormun/servlet/solicitudgral?6705b726d769a449d2dadcdd4c95844eed63486a893c69fc541b6717b16f58aef2089f50d4f2abf5f16256e019b9f0919604cea481ea7f311dfe17485da0fb9993f6eeca8a6452e0b920f1ed26f57877cd3a8b4d72328e2a685bf269007c89f464bbc98e59c517e6c85b020e3dfa21b01ad14b60c623513e7e6a05a77e477591cf91e2e32ab7280896bac33149a8ade220771bf82810771efc53e76745587526af1adabee6a7eebbd6884cd000075d53ebd97fffece1afdd5213975f4b5d90b0592d536b135c79a46d8bf694274afbe43424e4db14c2cda495ce8d77ae4048deb3bcbd51e9989d9e5cc4d8b0e865b6bf01d071d7f950148bda88e8253ebd75e95da4c8a5d071eee3f661da2052efa6ec17b9497a2c8294ab5b12783f2a3b3a816d1ff9eada9916a705dbc943f15d0559db8b04332628074aa0c28613e481371cc7fef8a36507717b660e69c65fc1e4f6146f27d0e3aba2acc3e0993ec7e6218aef6a3f7fc645c2d0d33cab67973d39295cc640731ba9c644a9fdcf327f73b484de869990dc02b91b61358c887aa47711814bf0765d4aca7b2b37b51683ed38a941ea7ad7e440428c459eb23641707dfe,gx-no-cache=1522678256604 HTTP/1.1" 200 48
192.168.10.89 - - [02/Apr/2018:11:13:48 -0300] "POST /cormun/servlet/solicitudgral?53ac724731a120f9d474bc68e2292937,UPD,2018,10744,,gx-no-cache=1522678257062 HTTP/1.1" 200 11853
192.168.10.89 - - [02/Apr/2018:11:13:48 -0300] "GET /cormun/servlet/solicitudgral?6705b726d769a449d2dadcdd4c95844eeb3f268abfcf659a54dd3c34cd82615054b4d60852e4f22ae4da22844942bc469c703faa989e58a4a463315722d43563edf6d796ef4eec873898a862f25b8d660b1430b6030f03d7d8e405a75611b0977ffc5ce5b50ea2b4fd0391f74453e2e3,gx-no-cache=1522678257474 HTTP/1.1" 200 29
192.168.10.89 - - [02/Apr/2018:11:13:48 -0300] "POST /cormun/servlet/solicitudgral?gx-no-cache=1522678257524 HTTP/1.1" 200 1311
192.168.10.89 - - [02/Apr/2018:11:13:48 -0300] "POST /cormun/servlet/solicitudgral?gx-no-cache=1522678257571 HTTP/1.1" 200 1231
186.79.49.245 - - [02/Apr/2018:11:13:51 -0300] "GET /cormun/servlet/solicitudotadjuntos?INS,2018,10960,,1, HTTP/1.1" 200 5977
186.79.49.245 - - [02/Apr/2018:11:13:52 -0300] "GET /cormun/static/about:blank HTTP/1.1" 404 1011
186.79.49.245 - - [02/Apr/2018:11:13:53 -0300] "GET /cormun/servlet/solicitudotadjuntos?INS,2018,10960,,1, HTTP/1.1" 200 5970
186.79.49.245 - - [02/Apr/2018:11:13:53 -0300] "GET /cormun/servlet/solicitudotadjuntos?b4ceeccde14f42f1307de01081682c305abdc3c721497385d5f3bf9dcb399ed3555ac90e28aac23ee359ccbeb8c33d85,gx-no-cache=1522678380768 HTTP/1.1" 200 30
192.168.10.89 - - [02/Apr/2018:11:13:54 -0300] "POST /cormun/servlet/solicitudgral?53ac724731a120f9d474bc68e2292937,UPD,2018,10744,,gx-no-cache=1522678262783 HTTP/1.1" 200 93
192.168.10.89 - - [02/Apr/2018:11:13:54 -0300] "GET /cormun/servlet/hpexe_return? HTTP/1.1" 200 1009
186.79.49.245 - - [02/Apr/2018:11:13:54 -0300] "POST /cormun/servlet/solicitudotadjuntos?09282efd7333e23a27d3ea314068d2a2,INS,2018,10960,,1,,gx-no-cache=1522678381132 HTTP/1.1" 200 3796
192.168.10.89 - - [02/Apr/2018:11:13:54 -0300] "GET /cormun/servlet/trsolicitudgral? HTTP/1.1" 200 10769
200.72.197.82 - - [02/Apr/2018:11:13:55 -0300] "GET /cormun/servlet/trsolicitudot? HTTP/1.1" 200 24896
200.72.197.82 - - [02/Apr/2018:11:13:57 -0300] "GET /cormun/servlet/trsolicitudot? HTTP/1.1" 200 24896
186.79.49.245 - - [02/Apr/2018:11:14:01 -0300] "POST /cormun/servlet/solicitudotadjuntos?gx-no-cache=1522678387943 HTTP/1.1" 200 26
186.67.164.142 - - [02/Apr/2018:11:14:01 -0300] "GET /cormun/servlet/solicitudot?INS,0,0, HTTP/1.1" 200 13419
186.67.164.142 - - [02/Apr/2018:11:14:02 -0300] "GET /cormun/static/gxcfg.js?201812313224582 HTTP/1.1" 304 -
186.67.164.142 - - [02/Apr/2018:11:14:02 -0300] "GET /cormun/servlet/solicitudot?INS,0,0, HTTP/1.1" 200 13424
186.103.159.187 - - [02/Apr/2018:11:14:07 -0300] "GET /cormun/servlet/solicitudot?f36dd2bf18bd6f557c6e53b9904e3365390bfbca31bed319d9a0a15b531ed72b644f897de65bfb63c4be1a3097c37950,gx-no-cache=1522682080105 HTTP/1.1" 200 111
186.103.159.187 - - [02/Apr/2018:11:14:07 -0300] "GET /cormun/servlet/solicitudot?f36dd2bf18bd6f557c6e53b9904e3365679de4c203af773196f6cb57d6f8997f9a8b04860898c75443442a8598a52304b04002eade7a62f7bc0d66c9bd686b8c429a2f10022e264c82a90683470cd83c7ecf6acbbf2c34513f6c90978a9231f678ebbc5b44fb94850cc6da0306e0f8d1ab52e12a72d5c4e27b496b2ba438adb8b93cce8a7b87399e11de3e9dd6da93d31ef2f439f041fe169e69b800b6a4ff75e322b26a3b20bc554ad0a19bf2a04ccbd8527e4c85d53584571b8bf079846b40377605eeeda066e6b4ad1f1f2a8034bd9c8573a8e38a0ccfee7835e5fb3d079b91c3feb73b7045489f06949c7dcfe86449b4b7a729ccc5f202da7ccb8ff07375974391c8b44ef5d18be44c2bdffb833d4bccd1049f6b7e44c03be1b1ce5de7ec25262a6eafb672f09a943b7c33e1abfece89bd90e5c438d23f6b894c792246a7c77968336ea895545c2828c19aa8110bea18ab193f899f8033410cf39b732a2d560a179f7ba6f655dc8464c618d9c029c5e1845dc110beb9f6935f53f0d811aa108a3d3c8db4d51b063dfa58acfddb25,gx-no-cache=1522682080207 HTTP/1.1" 200 30
186.103.159.187 - - [02/Apr/2018:11:14:07 -0300] "POST /cormun/servlet/solicitudot?gx-no-cache=1522682080269 HTTP/1.1" 200 30
186.103.159.187 - - [02/Apr/2018:11:14:08 -0300] "POST /cormun/servlet/solicitudot?gx-no-cache=1522682080362 HTTP/1.1" 200 1352
186.103.159.187 - - [02/Apr/2018:11:14:08 -0300] "POST /cormun/servlet/solicitudot?gx-no-cache=1522682080692 HTTP/1.1" 200 41
186.103.159.187 - - [02/Apr/2018:11:14:08 -0300] "POST /cormun/servlet/solicitudot?gx-no-cache=1522682080783 HTTP/1.1" 200 1335
186.103.159.187 - - [02/Apr/2018:11:14:08 -0300] "POST /cormun/servlet/solicitudot?gx-no-cache=1522682080966 HTTP/1.1" 200 1231
186.103.159.187 - - [02/Apr/2018:11:14:08 -0300] "GET /cormun/servlet/solicitudot?f36dd2bf18bd6f557c6e53b9904e3365d414fc5c26a55c81280839a2503677311c7159bc34326a9d45c82d62ee6b2b56,gx-no-cache=1522682081058 HTTP/1.1" 200 30
186.103.159.187 - - [02/Apr/2018:11:14:08 -0300] "POST /cormun/servlet/solicitudot?gx-no-cache=1522682081153 HTTP/1.1" 200 34
186.103.159.187 - - [02/Apr/2018:11:14:09 -0300] "POST /cormun/servlet/solicitudot?097a97f753d54bf169754f1a2edab4aa,INS,0,0,,gx-no-cache=1522682081266 HTTP/1.1" 200 11860
200.112.233.47 - - [02/Apr/2018:11:14:13 -0300] "GET /cormun/servlet/trfichaempleado? HTTP/1.1" 200 12598
186.79.49.245 - - [02/Apr/2018:11:14:25 -0300] "GET /cormun/servlet/solicitudotadjuntos?b4ceeccde14f42f1307de01081682c30a9b84efcc391960368104c259cec20d1,gx-no-cache=1522678412593 HTTP/1.1" 200 30
186.79.49.245 - - [02/Apr/2018:11:14:26 -0300] "GET /cormun/servlet/solicitudotadjuntos?b4ceeccde14f42f1307de01081682c30a9b84efcc391960368104c259cec20d1,gx-no-cache=1522678413734 HTTP/1.1" 200 30
186.103.159.187 - - [02/Apr/2018:11:14:34 -0300] "GET /cormun/servlet/prfichaempleado?,MD,,gxPopupLevel%3D0%3B HTTP/1.1" 200 9272
186.67.164.142 - - [02/Apr/2018:11:14:37 -0300] "POST /cormun/servlet/solicitudot?gx-no-cache=1522678423649 HTTP/1.1" 200 3391
186.67.164.142 - - [02/Apr/2018:11:14:37 -0300] "POST /cormun/servlet/solicitudot?e25201c5a94861f486d7cec71fd48d93,INS,0,0,,gx-no-cache=1522678424149 HTTP/1.1" 200 10376
186.67.164.142 - - [02/Apr/2018:11:14:40 -0300] "GET /cormun/servlet/solicitudot?02430b725109ec45d37d6c1dd307b54c40f4375e90045adb76e312b782067e1f7a89fc43b7ebaba8ee9fa282d162b8c1,gx-no-cache=1522678427360 HTTP/1.1" 200 30
186.67.164.142 - - [02/Apr/2018:11:14:40 -0300] "GET /cormun/servlet/solicitudot?02430b725109ec45d37d6c1dd307b54c96a1cc755782bc53c4b6a3e0e380ba27e5c22730ac70be54fe8cd2c5658e2137,gx-no-cache=1522678427445 HTTP/1.1" 200 30
186.67.164.142 - - [02/Apr/2018:11:14:40 -0300] "GET /cormun/servlet/solicitudot?02430b725109ec45d37d6c1dd307b54ca7de30337ca1ac09b03891b7ce2ed84d,gx-no-cache=1522678427554 HTTP/1.1" 200 70
186.67.164.142 - - [02/Apr/2018:11:14:41 -0300] "POST /cormun/servlet/solicitudot?gx-no-cache=1522678427953 HTTP/1.1" 200 255
186.67.164.142 - - [02/Apr/2018:11:14:41 -0300] "GET /cormun/servlet/solicitudot?02430b725109ec45d37d6c1dd307b54c414e22d60faff7de5226803d86b183dd04834a7b4c782ca6e80a9c9fba0f78a10399b6d9c8fef3d2112465e5366558333de3de579b40f42a8067a6dc81ef01756c5db2608161cd4bd5dee484547bf024ce2a1de6df7e2a14e8b9b96f0a5311157f55c1927713cc7f86b7a0f8996abd772f7d53e135884ce56ab7c07f2ae0f1acedbd4c4e6c73d1cb95a90a4764cccee6003f87f1799189f3484b3dbcfdc2f6de22cd036a06150f320dc285dba811c0496f5fda65e71c2abd3e13deca42569b47a8d7dd5e2ac21d127d2c5e55bba4a52da73f0976f64e2ee3aac99f7f50711fcbcf637d56b017ce1677d450c946faba8e7312bcc2bd589863eecee0b05bae9045e065e8f18e589cb2b2518215ee4e7fe9732a921fcf09e58b8f23323769e5fac9df484420edc1256ad417e43c10af37cf36102c950ff8ed440a5f0cec97b3e7b24cea173a4464a7c956d5ff09a4dab45b24495d6fbb9ed9b71f02511495109a4faece5af22ba652feb08961b66c3fa657,gx-no-cache=1522678428062 HTTP/1.1" 200 30
186.67.164.142 - - [02/Apr/2018:11:14:43 -0300] "POST /cormun/servlet/solicitudot?gx-no-cache=1522678429914 HTTP/1.1" 200 30
186.67.164.142 - - [02/Apr/2018:11:14:44 -0300] "GET /cormun/servlet/prcontratosol?4637040,,,,,MD,,gxPopupLevel%3D0%3B HTTP/1.1" 200 7808
186.67.164.142 - - [02/Apr/2018:11:14:44 -0300] "GET /cormun/static/gxcfg.js?201761413223964 HTTP/1.1" 304 -
186.67.164.142 - - [02/Apr/2018:11:14:47 -0300] "POST /cormun/servlet/solicitudot?gx-no-cache=1522678434449 HTTP/1.1" 200 1351
186.67.164.142 - - [02/Apr/2018:11:14:47 -0300] "POST /cormun/servlet/solicitudot?gx-no-cache=1522678434570 HTTP/1.1" 200 38
186.67.164.142 - - [02/Apr/2018:11:14:47 -0300] "GET /cormun/servlet/solicitudot?02430b725109ec45d37d6c1dd307b54c8ff0fcc772c5689c906524edeea416a6c221c84f7121a4dbe464d723397e694757cbdffa53a4e1f1f943b08ca73e60ed5c49feebb05730e7d2989553320d26fe05f8f6b3d7601dd536be59dcbbd8ee07f889b3e2accb6479ee35ffaa15649ae53143086a1d2b583b3636672e156838c7512b93a29fec3aa17482c0b192328a1dcc193d46f2541de7670e944d2e276d952b6431d01a1350faac91a86e1ef3b9873142cb34d1b04d13d30bda793e4d2f96289812d92fc4c5b91bed71558f9e6886,gx-no-cache=1522678434666 HTTP/1.1" 200 29
186.67.164.142 - - [02/Apr/2018:11:14:47 -0300] "POST /cormun/servlet/solicitudot?gx-no-cache=1522678434785 HTTP/1.1" 200 1335
186.67.164.142 - - [02/Apr/2018:11:14:47 -0300] "POST /cormun/servlet/solicitudot?gx-no-cache=1522678434901 HTTP/1.1" 200 1231
186.67.164.142 - - [02/Apr/2018:11:14:48 -0300] "GET /cormun/servlet/solicitudot?02430b725109ec45d37d6c1dd307b54c5884823cae53e6b6a801061184348aef2241281cee31881beb6a7c68b591e7b6,gx-no-cache=1522678434968 HTTP/1.1" 200 134
186.67.164.142 - - [02/Apr/2018:11:14:48 -0300] "GET /cormun/static/Shared/jqueryui/images/ui-bg_highlight-soft_100_c6c2c8_1x100.png HTTP/1.1" 404 1117
186.67.164.142 - - [02/Apr/2018:11:14:48 -0300] "GET /cormun/static/Shared/jqueryui/images/ui-icons_82798d_256x240.png HTTP/1.1" 404 1089
186.67.164.142 - - [02/Apr/2018:11:14:48 -0300] "GET /cormun/static/Shared/jqueryui/images/ui-bg_flat_55_994d53_40x100.png HTTP/1.1" 404 1097
186.67.164.142 - - [02/Apr/2018:11:14:48 -0300] "GET /cormun/static/Shared/jqueryui/images/ui-icons_ebccce_256x240.png HTTP/1.1" 404 1089
186.79.49.245 - - [02/Apr/2018:11:14:54 -0300] "POST /cormun/servlet/solicitudotadjuntos?09282efd7333e23a27d3ea314068d2a2,INS,2018,10960,,1, HTTP/1.1" 200 116
186.79.49.245 - - [02/Apr/2018:11:14:54 -0300] "GET /cormun/servlet/hpexe_return? HTTP/1.1" 200 1028
186.79.49.245 - - [02/Apr/2018:11:14:55 -0300] "GET /cormun/servlet/trsolicitudadjuntos?2018,10960, HTTP/1.1" 200 8686
186.79.49.245 - - [02/Apr/2018:11:14:57 -0300] "GET /cormun/servlet/trsolicitudadjuntos?2018,10960, HTTP/1.1" 200 8684
186.67.164.142 - - [02/Apr/2018:11:14:58 -0300] "GET /cormun/servlet/solicitudot?02430b725109ec45d37d6c1dd307b54c8ff0fcc772c5689c906524edeea416a6c221c84f7121a4dbe464d723397e694752045334e221287021db3ea8cbbde20e5c49feebb05730e7d2989553320d26fe05f8f6b3d7601dd536be59dcbbd8ee07f889b3e2accb6479ee35ffaa15649ae53143086a1d2b583b3636672e156838c7512b93a29fec3aa17482c0b192328a1dcc193d46f2541de7670e944d2e276d952b6431d01a1350faac91a86e1ef3b9873142cb34d1b04d13d30bda793e4d2f96289812d92fc4c5b91bed71558f9e6886,gx-no-cache=1522678444964 HTTP/1.1" 200 29
186.79.49.245 - - [02/Apr/2018:11:14:59 -0300] "GET /cormun/servlet/solicitudotadjuntos?INS,2018,10960,,1, HTTP/1.1" 200 5976
186.103.159.187 - - [02/Apr/2018:11:15:00 -0300] "POST /cormun/servlet/solicitudot?gx-no-cache=1522682132196 HTTP/1.1" 200 3353
186.79.49.245 - - [02/Apr/2018:11:15:01 -0300] "GET /cormun/static/about:blank HTTP/1.1" 404 1011
186.79.49.245 - - [02/Apr/2018:11:15:01 -0300] "GET /cormun/servlet/solicitudotadjuntos?INS,2018,10960,,1, HTTP/1.1" 200 5969
186.103.159.187 - - [02/Apr/2018:11:15:01 -0300] "POST /cormun/servlet/solicitudot?097a97f753d54bf169754f1a2edab4aa,INS,0,0,,gx-no-cache=1522682133344 HTTP/1.1" 200 11651
186.79.49.245 - - [02/Apr/2018:11:15:01 -0300] "GET /cormun/servlet/solicitudotadjuntos?b4ceeccde14f42f1307de01081682c305abdc3c721497385d5f3bf9dcb399ed3555ac90e28aac23ee359ccbeb8c33d85,gx-no-cache=1522678448755 HTTP/1.1" 200 30
186.103.159.187 - - [02/Apr/2018:11:15:01 -0300] "GET /cormun/servlet/solicitudot?f36dd2bf18bd6f557c6e53b9904e3365390bfbca31bed319d9a0a15b531ed72b644f897de65bfb63c4be1a3097c37950,gx-no-cache=1522682134199 HTTP/1.1" 200 111
186.103.159.187 - - [02/Apr/2018:11:15:01 -0300] "GET /cormun/servlet/solicitudot?f36dd2bf18bd6f557c6e53b9904e3365d1881f22deede5bf1c3395c8b1ea35c746f293fd6f44f98c8d5d2e15fff8bc90eda4a25b3fd388a596d4eb2207732938,gx-no-cache=1522682134294 HTTP/1.1" 200 30
186.79.49.245 - - [02/Apr/2018:11:15:03 -0300] "POST /cormun/servlet/solicitudotadjuntos?09282efd7333e23a27d3ea314068d2a2,INS,2018,10960,,1,,gx-no-cache=1522678448969 HTTP/1.1" 200 3796
186.79.49.245 - - [02/Apr/2018:11:15:08 -0300] "POST /cormun/servlet/solicitudotadjuntos?gx-no-cache=1522678455139 HTTP/1.1" 200 26
186.67.164.142 - - [02/Apr/2018:11:15:11 -0300] "POST /cormun/servlet/solicitudot?gx-no-cache=1522678458208 HTTP/1.1" 200 1335
186.67.164.142 - - [02/Apr/2018:11:15:11 -0300] "POST /cormun/servlet/solicitudot?gx-no-cache=1522678458380 HTTP/1.1" 200 1231
186.67.164.142 - - [02/Apr/2018:11:15:11 -0300] "GET /cormun/static/menuarrow.gif HTTP/1.1" 404 1015
186.79.49.245 - - [02/Apr/2018:11:15:14 -0300] "GET /cormun/servlet/solicitudotadjuntos?b4ceeccde14f42f1307de01081682c30a9b84efcc391960368104c259cec20d1,gx-no-cache=1522678461453 HTTP/1.1" 200 30
186.79.49.245 - - [02/Apr/2018:11:15:14 -0300] "GET /cormun/servlet/solicitudotadjuntos?b4ceeccde14f42f1307de01081682c30a9b84efcc391960368104c259cec20d1,gx-no-cache=1522678461785 HTTP/1.1" 200 30
186.67.164.142 - - [02/Apr/2018:11:15:16 -0300] "POST /cormun/servlet/solicitudot?gx-no-cache=1522678463304 HTTP/1.1" 200 1335
186.67.164.142 - - [02/Apr/2018:11:15:16 -0300] "POST /cormun/servlet/solicitudot?gx-no-cache=1522678463420 HTTP/1.1" 200 1231
186.103.159.187 - - [02/Apr/2018:11:15:19 -0300] "GET /cormun/servlet/solicitudot?f36dd2bf18bd6f557c6e53b9904e3365390bfbca31bed319d9a0a15b531ed72b644f897de65bfb63c4be1a3097c37950,gx-no-cache=1522682151537 HTTP/1.1" 200 111
186.79.49.245 - - [02/Apr/2018:11:15:24 -0300] "POST /cormun/servlet/solicitudotadjuntos?09282efd7333e23a27d3ea314068d2a2,INS,2018,10960,,1, HTTP/1.1" 200 116
186.79.49.245 - - [02/Apr/2018:11:15:24 -0300] "GET /cormun/servlet/hpexe_return? HTTP/1.1" 200 1028
186.79.49.245 - - [02/Apr/2018:11:15:24 -0300] "GET /cormun/servlet/trsolicitudadjuntos?2018,10960, HTTP/1.1" 200 8872
186.79.49.245 - - [02/Apr/2018:11:15:25 -0300] "GET /cormun/servlet/trsolicitudadjuntos?2018,10960, HTTP/1.1" 200 8869
186.79.49.245 - - [02/Apr/2018:11:15:28 -0300] "GET /cormun/servlet/solicitudotadjuntos?INS,2018,10960,,1, HTTP/1.1" 200 5976
186.79.49.245 - - [02/Apr/2018:11:15:28 -0300] "GET /cormun/static/about:blank HTTP/1.1" 404 1011
186.79.49.245 - - [02/Apr/2018:11:15:29 -0300] "GET /cormun/servlet/solicitudotadjuntos?INS,2018,10960,,1, HTTP/1.1" 200 5969
186.79.49.245 - - [02/Apr/2018:11:15:30 -0300] "GET /cormun/servlet/solicitudotadjuntos?b4ceeccde14f42f1307de01081682c305abdc3c721497385d5f3bf9dcb399ed3555ac90e28aac23ee359ccbeb8c33d85,gx-no-cache=1522678477129 HTTP/1.1" 200 30
186.79.49.245 - - [02/Apr/2018:11:15:31 -0300] "POST /cormun/servlet/solicitudotadjuntos?09282efd7333e23a27d3ea314068d2a2,INS,2018,10960,,1,,gx-no-cache=1522678477546 HTTP/1.1" 200 3796
186.79.49.245 - - [02/Apr/2018:11:15:34 -0300] "POST /cormun/servlet/solicitudotadjuntos?gx-no-cache=1522678481659 HTTP/1.1" 200 26
186.79.49.245 - - [02/Apr/2018:11:15:41 -0300] "GET /cormun/servlet/solicitudotadjuntos?b4ceeccde14f42f1307de01081682c30a9b84efcc391960368104c259cec20d1,gx-no-cache=1522678488485 HTTP/1.1" 200 30
186.79.49.245 - - [02/Apr/2018:11:15:41 -0300] "GET /cormun/servlet/solicitudotadjuntos?b4ceeccde14f42f1307de01081682c30a9b84efcc391960368104c259cec20d1,gx-no-cache=1522678488866 HTTP/1.1" 200 30
186.103.159.187 - - [02/Apr/2018:11:15:45 -0300] "POST /cormun/servlet/solicitudot?097a97f753d54bf169754f1a2edab4aa,INS,0,0,,gx-no-cache=1522682177854 HTTP/1.1" 200 93
186.103.159.187 - - [02/Apr/2018:11:15:45 -0300] "GET /cormun/servlet/hpexe_return? HTTP/1.1" 200 1006
186.103.159.187 - - [02/Apr/2018:11:15:46 -0300] "GET /cormun/servlet/trsolicitudot HTTP/1.1" 200 7139
186.103.159.187 - - [02/Apr/2018:11:15:47 -0300] "GET /cormun/servlet/trsolicitudot HTTP/1.1" 200 7136
186.79.49.245 - - [02/Apr/2018:11:15:49 -0300] "POST /cormun/servlet/solicitudotadjuntos?09282efd7333e23a27d3ea314068d2a2,INS,2018,10960,,1, HTTP/1.1" 200 116
186.103.159.187 - - [02/Apr/2018:11:15:49 -0300] "GET /cormun/servlet/solicitudot?INS,0,0, HTTP/1.1" 200 13382
186.79.49.245 - - [02/Apr/2018:11:15:50 -0300] "GET /cormun/servlet/hpexe_return? HTTP/1.1" 200 1028
186.103.159.187 - - [02/Apr/2018:11:15:50 -0300] "GET /cormun/servlet/solicitudot?INS,0,0, HTTP/1.1" 200 13387
186.79.49.245 - - [02/Apr/2018:11:15:51 -0300] "GET /cormun/servlet/trsolicitudadjuntos?2018,10960, HTTP/1.1" 200 9037
186.79.49.245 - - [02/Apr/2018:11:15:52 -0300] "GET /cormun/servlet/trsolicitudadjuntos?2018,10960, HTTP/1.1" 200 9033
186.79.49.245 - - [02/Apr/2018:11:15:56 -0300] "GET /cormun/servlet/solicitudotadjuntos?INS,2018,10960,,1, HTTP/1.1" 200 5977
186.79.49.245 - - [02/Apr/2018:11:15:58 -0300] "GET /cormun/static/about:blank HTTP/1.1" 404 1011
186.79.49.245 - - [02/Apr/2018:11:15:59 -0300] "GET /cormun/servlet/solicitudotadjuntos?INS,2018,10960,,1, HTTP/1.1" 200 5970
186.79.49.245 - - [02/Apr/2018:11:15:59 -0300] "GET /cormun/servlet/solicitudotadjuntos?b4ceeccde14f42f1307de01081682c305abdc3c721497385d5f3bf9dcb399ed3555ac90e28aac23ee359ccbeb8c33d85,gx-no-cache=1522678506637 HTTP/1.1" 200 30
186.79.49.245 - - [02/Apr/2018:11:16:00 -0300] "POST /cormun/servlet/solicitudotadjuntos?09282efd7333e23a27d3ea314068d2a2,INS,2018,10960,,1,,gx-no-cache=1522678506800 HTTP/1.1" 200 3797
186.67.164.142 - - [02/Apr/2018:11:16:06 -0300] "GET /cormun/servlet/solicitudot?02430b725109ec45d37d6c1dd307b54cf0faa794b117e4d3572071989bdc5216936dfbdda6d98a1fe05f59e0e9c9c309,gx-no-cache=1522678513348 HTTP/1.1" 200 134
