186.103.159.188 - - [02/Apr/2018:10:05:50 -0300] "GET /cormun/servlet/trsolicitudadjuntos?2018,10957, HTTP/1.1" 200 8699
186.103.159.188 - - [02/Apr/2018:10:05:51 -0300] "GET /cormun/servlet/trsolicitudadjuntos?2018,10957, HTTP/1.1" 200 8697
190.161.236.41 - - [02/Apr/2018:10:05:54 -0300] "GET /cormun/servlet/solicitudotadjuntos?INS,2018,10957,,1, HTTP/1.1" 200 5997
190.161.236.41 - - [02/Apr/2018:10:05:54 -0300] "GET /cormun/static/about:blank HTTP/1.1" 404 1011
186.103.159.188 - - [02/Apr/2018:10:05:54 -0300] "GET /cormun/servlet/solicitudotadjuntos?INS,2018,10957,,1, HTTP/1.1" 200 5989
186.103.159.188 - - [02/Apr/2018:10:05:55 -0300] "GET /cormun/servlet/solicitudotadjuntos?d0ca4cc9b06f3039afad19244c2da147c4294280a337683b62ffd3cb559cb80498815dc784c208fb4c25a56f17eab3aa,gx-no-cache=1522674301667 HTTP/1.1" 200 30
186.103.159.188 - - [02/Apr/2018:10:05:56 -0300] "POST /cormun/servlet/solicitudotadjuntos?2460238e5dd0694694593d6258584b0b,INS,2018,10957,,1,,gx-no-cache=1522674302381 HTTP/1.1" 200 3800
186.103.159.204 - - [02/Apr/2018:10:05:56 -0300] "GET /cormun/servlet/trvisualizadoreventos? HTTP/1.1" 200 5965
186.103.159.204 - - [02/Apr/2018:10:05:56 -0300] "GET /cormun/static/gxcfg.js?20175251251426 HTTP/1.1" 200 953
186.103.159.204 - - [02/Apr/2018:10:05:57 -0300] "GET /cormun/servlet/hlogin HTTP/1.1" 200 1741
186.103.159.204 - - [02/Apr/2018:10:05:57 -0300] "GET /cormun/static/gxcfg.js?20175251213516 HTTP/1.1" 200 953
186.103.159.204 - - [02/Apr/2018:10:05:57 -0300] "GET /cormun/servlet/trvisualizadoreventos? HTTP/1.1" 200 5957
186.103.159.188 - - [02/Apr/2018:10:05:59 -0300] "POST /cormun/servlet/solicitudotadjuntos?gx-no-cache=1522674306411 HTTP/1.1" 200 26
186.103.159.188 - - [02/Apr/2018:10:06:05 -0300] "GET /cormun/servlet/solicitudotadjuntos?d0ca4cc9b06f3039afad19244c2da1471f902daae8d2d525c10f1a730ab386f2,gx-no-cache=1522674311475 HTTP/1.1" 200 30
186.103.159.188 - - [02/Apr/2018:10:06:05 -0300] "GET /cormun/servlet/solicitudotadjuntos?d0ca4cc9b06f3039afad19244c2da1471f902daae8d2d525c10f1a730ab386f2,gx-no-cache=1522674311936 HTTP/1.1" 200 30
186.103.159.204 - - [02/Apr/2018:10:06:07 -0300] "POST /cormun/servlet/hlogin?2546d65b0ed40d8afa0042fa05e50bd2,gx-no-cache=1522674314456 HTTP/1.1" 200 90
186.103.159.204 - - [02/Apr/2018:10:06:08 -0300] "GET /cormun/servlet/hpexe_link HTTP/1.1" 200 962
186.103.159.204 - - [02/Apr/2018:10:06:08 -0300] "GET /cormun/static/gxcfg.js?20177612121792 HTTP/1.1" 200 953
186.103.159.204 - - [02/Apr/2018:10:06:08 -0300] "GET /cormun/static/hpexe_link.js?20177612121795 HTTP/1.1" 200 625
186.103.159.204 - - [02/Apr/2018:10:06:08 -0300] "GET /cormun/servlet/trvisualizadoreventos HTTP/1.1" 200 6674
186.103.159.204 - - [02/Apr/2018:10:06:08 -0300] "GET /cormun/servlet/trvisualizadoreventos HTTP/1.1" 200 6673
201.214.54.200 - - [02/Apr/2018:10:06:11 -0300] "POST /cormun/servlet/trsolicitudot?5b0110625939df945d701897aea51634,gx-no-cache=1522674337148 HTTP/1.1" 200 5844
201.214.54.200 - - [02/Apr/2018:10:06:11 -0300] "GET /cormun/static/Shared/jqueryui/images/ui-icons_82798d_256x240.png HTTP/1.1" 404 1089
201.214.54.200 - - [02/Apr/2018:10:06:11 -0300] "GET /cormun/static/Shared/jqueryui/images/ui-bg_flat_55_fafafa_40x100.png HTTP/1.1" 404 1097
201.214.54.200 - - [02/Apr/2018:10:06:11 -0300] "GET /cormun/static/Shared/jqueryui/images/ui-icons_8d78a5_256x240.png HTTP/1.1" 404 1089
201.214.54.200 - - [02/Apr/2018:10:06:12 -0300] "GET /cormun/static/Shared/jqueryui/images/ui-bg_highlight-soft_100_c6c2c8_1x100.png HTTP/1.1" 404 1117
186.79.150.154 - - [02/Apr/2018:10:06:12 -0300] "POST /cormun/servlet/trsolicitudot?5b0110625939df945d701897aea51634,gx-no-cache=1522674338033 HTTP/1.1" 200 5785
186.103.159.188 - - [02/Apr/2018:10:06:13 -0300] "POST /cormun/servlet/solicitudotadjuntos?2460238e5dd0694694593d6258584b0b,INS,2018,10957,,1, HTTP/1.1" 200 116
186.103.159.188 - - [02/Apr/2018:10:06:13 -0300] "GET /cormun/servlet/hpexe_return? HTTP/1.1" 200 1029
186.103.159.188 - - [02/Apr/2018:10:06:13 -0300] "GET /cormun/servlet/trsolicitudadjuntos?2018,10957, HTTP/1.1" 200 8886
186.103.159.188 - - [02/Apr/2018:10:06:14 -0300] "GET /cormun/servlet/trsolicitudadjuntos?2018,10957, HTTP/1.1" 200 8884
186.79.150.154 - - [02/Apr/2018:10:06:15 -0300] "GET /cormun/servlet/vesolicitudot?2018,10958,, HTTP/1.1" 200 8612
201.214.54.200 - - [02/Apr/2018:10:06:15 -0300] "GET /cormun/pexe_scrolldiv.js HTTP/1.1" 404 1009
201.214.54.200 - - [02/Apr/2018:10:06:15 -0300] "GET /cormun/static/vesolicitudot.js?2017111422591449 HTTP/1.1" 304 -
201.214.54.200 - - [02/Apr/2018:10:06:15 -0300] "GET /cormun/static/hwcviewtabs.js?20177611594913 HTTP/1.1" 304 -
201.214.54.200 - - [02/Apr/2018:10:06:15 -0300] "GET /cormun/static/hpexe_tabsview.js?201610171694228 HTTP/1.1" 304 -
201.214.54.200 - - [02/Apr/2018:10:06:15 -0300] "GET /cormun/static/tbsolicitudot01.js?2017111422581186 HTTP/1.1" 304 -
186.79.150.154 - - [02/Apr/2018:10:06:15 -0300] "GET /cormun/static/gxcfg.js?2017111422591385 HTTP/1.1" 304 -
186.79.150.154 - - [02/Apr/2018:10:06:16 -0300] "GET /cormun/pexe_scrolldiv.js HTTP/1.1" 404 1009
186.103.159.188 - - [02/Apr/2018:10:06:17 -0300] "GET /cormun/servlet/solicitudotadjuntos?INS,2018,10957,,1, HTTP/1.1" 200 5997
186.79.150.154 - - [02/Apr/2018:10:06:17 -0300] "GET /cormun/servlet/vesolicitudot?2018,10958,, HTTP/1.1" 200 8611
186.103.159.188 - - [02/Apr/2018:10:06:18 -0300] "GET /cormun/static/about:blank HTTP/1.1" 404 1011
186.103.159.188 - - [02/Apr/2018:10:06:18 -0300] "GET /cormun/servlet/solicitudotadjuntos?INS,2018,10957,,1, HTTP/1.1" 200 5989
186.103.159.188 - - [02/Apr/2018:10:06:18 -0300] "GET /cormun/servlet/solicitudotadjuntos?d0ca4cc9b06f3039afad19244c2da147c4294280a337683b62ffd3cb559cb80498815dc784c208fb4c25a56f17eab3aa,gx-no-cache=1522674325270 HTTP/1.1" 200 30
186.103.159.188 - - [02/Apr/2018:10:06:19 -0300] "POST /cormun/servlet/solicitudotadjuntos?2460238e5dd0694694593d6258584b0b,INS,2018,10957,,1,,gx-no-cache=1522674325357 HTTP/1.1" 200 3800
186.103.159.204 - - [02/Apr/2018:10:06:20 -0300] "POST /cormun/servlet/trvisualizadoreventos?2546d65b0ed40d8afa0042fa05e50bd2,gx-no-cache=1522674326786 HTTP/1.1" 200 3874
186.103.159.204 - - [02/Apr/2018:10:06:22 -0300] "POST /cormun/servlet/trvisualizadoreventos?2546d65b0ed40d8afa0042fa05e50bd2,gx-no-cache=1522674328892 HTTP/1.1" 200 3874
186.103.159.204 - - [02/Apr/2018:10:06:26 -0300] "POST /cormun/servlet/trvisualizadoreventos?2546d65b0ed40d8afa0042fa05e50bd2,gx-no-cache=1522674329984 HTTP/1.1" 200 3874
186.103.159.204 - - [02/Apr/2018:10:06:43 -0300] "GET /cormun/servlet/trautorizarsolicitud? HTTP/1.1" 200 8601
186.103.159.204 - - [02/Apr/2018:10:06:43 -0300] "GET /cormun/static/Resources/Spanish/PXTools.css?1255365 HTTP/1.1" 304 -
186.103.159.204 - - [02/Apr/2018:10:06:43 -0300] "GET /cormun/static/gxcfg.js?2017111423403364 HTTP/1.1" 304 -
186.103.159.204 - - [02/Apr/2018:10:06:44 -0300] "GET /cormun//static/Resources/PXToolsRemoveAllAction.png HTTP/1.1" 200 3558
186.103.159.204 - - [02/Apr/2018:10:06:44 -0300] "GET /cormun//static/Resources/PXToolsGridDelete.png HTTP/1.1" 200 357
186.103.159.204 - - [02/Apr/2018:10:06:44 -0300] "GET /cormun//static/Resources/PXToolsGridUpdate.png HTTP/1.1" 200 2984
186.103.159.204 - - [02/Apr/2018:10:06:44 -0300] "GET /cormun//static/Resources/PXTools/ActionInsert.png HTTP/1.1" 200 1482
186.103.159.204 - - [02/Apr/2018:10:06:44 -0300] "GET /cormun//static/Resources/PXToolsActionView.png HTTP/1.1" 200 2995
186.103.159.204 - - [02/Apr/2018:10:06:44 -0300] "GET /cormun/servlet/trautorizarsolicitud? HTTP/1.1" 200 8601
186.103.159.188 - - [02/Apr/2018:10:06:46 -0300] "POST /cormun/servlet/solicitudotadjuntos?gx-no-cache=1522674329603 HTTP/1.1" 500 4102
186.103.159.188 - - [02/Apr/2018:10:06:46 -0300] "GET /cormun/servlet/solicitudotadjuntos?d0ca4cc9b06f3039afad19244c2da1471f902daae8d2d525c10f1a730ab386f2,gx-no-cache=1522674353279 HTTP/1.1" 200 30
186.103.159.188 - - [02/Apr/2018:10:06:46 -0300] "GET /cormun/servlet/solicitudotadjuntos?d0ca4cc9b06f3039afad19244c2da1471f902daae8d2d525c10f1a730ab386f2,gx-no-cache=1522674353396 HTTP/1.1" 200 30
186.103.159.188 - - [02/Apr/2018:10:06:46 -0300] "POST /cormun/servlet/solicitudotadjuntos?2460238e5dd0694694593d6258584b0b,INS,2018,10957,,1,,gx-no-cache=1522674353491 HTTP/1.1" 200 93
186.103.159.188 - - [02/Apr/2018:10:06:46 -0300] "GET /cormun/servlet/hpexe_return? HTTP/1.1" 200 1029
186.103.159.188 - - [02/Apr/2018:10:06:47 -0300] "GET /cormun/servlet/trsolicitudadjuntos?2018,10957, HTTP/1.1" 200 9005
186.103.159.188 - - [02/Apr/2018:10:06:47 -0300] "GET /cormun/servlet/trsolicitudadjuntos?2018,10957, HTTP/1.1" 200 8999
186.103.159.188 - - [02/Apr/2018:10:06:53 -0300] "GET /cormun/servlet/solicitudotadjuntos?DLT,2018,10957,CERTIF4,0, HTTP/1.1" 200 5872
186.103.159.188 - - [02/Apr/2018:10:06:53 -0300] "GET /cormun/static/about:blank HTTP/1.1" 404 1011
186.103.159.188 - - [02/Apr/2018:10:06:53 -0300] "GET /cormun/static/Shared/jqueryui/images/ui-bg_highlight-soft_100_c6c2c8_1x100.png HTTP/1.1" 404 1117
186.103.159.188 - - [02/Apr/2018:10:06:53 -0300] "GET /cormun/static/Shared/jqueryui/images/ui-icons_82798d_256x240.png HTTP/1.1" 404 1089
190.161.236.41 - - [02/Apr/2018:10:06:53 -0300] "GET /cormun/static/Shared/jqueryui/images/ui-bg_flat_55_fafafa_40x100.png HTTP/1.1" 404 1097
190.161.236.41 - - [02/Apr/2018:10:06:53 -0300] "GET /cormun/static/Shared/jqueryui/images/ui-icons_8d78a5_256x240.png HTTP/1.1" 404 1089
186.103.159.188 - - [02/Apr/2018:10:06:53 -0300] "GET /cormun/servlet/solicitudotadjuntos?DLT,2018,10957,CERTIF4,0, HTTP/1.1" 200 5866
186.103.159.188 - - [02/Apr/2018:10:06:55 -0300] "POST /cormun/servlet/solicitudotadjuntos?2460238e5dd0694694593d6258584b0b,DLT,2018,10957,CERTIF4,0,,gx-no-cache=1522674361613 HTTP/1.1" 200 93
186.103.159.188 - - [02/Apr/2018:10:06:55 -0300] "GET /cormun/servlet/hpexe_return? HTTP/1.1" 200 1036
186.103.159.188 - - [02/Apr/2018:10:06:55 -0300] "GET /cormun/servlet/trsolicitudadjuntos?2018,10957, HTTP/1.1" 200 8885
186.103.159.188 - - [02/Apr/2018:10:06:56 -0300] "GET /cormun/servlet/trsolicitudadjuntos?2018,10957, HTTP/1.1" 200 8885
186.103.159.188 - - [02/Apr/2018:10:06:58 -0300] "GET /cormun/servlet/solicitudotadjuntos?INS,2018,10957,,1, HTTP/1.1" 200 5997
186.103.159.188 - - [02/Apr/2018:10:06:58 -0300] "GET /cormun/static/about:blank HTTP/1.1" 404 1011
190.161.236.41 - - [02/Apr/2018:10:06:58 -0300] "GET /cormun/servlet/solicitudotadjuntos?INS,2018,10957,,1, HTTP/1.1" 200 5989
190.161.236.41 - - [02/Apr/2018:10:06:59 -0300] "GET /cormun/servlet/solicitudotadjuntos?d0ca4cc9b06f3039afad19244c2da147c4294280a337683b62ffd3cb559cb80498815dc784c208fb4c25a56f17eab3aa,gx-no-cache=1522674365937 HTTP/1.1" 200 30
190.161.236.41 - - [02/Apr/2018:10:06:59 -0300] "POST /cormun/servlet/solicitudotadjuntos?2460238e5dd0694694593d6258584b0b,INS,2018,10957,,1,,gx-no-cache=1522674366018 HTTP/1.1" 200 3800
186.103.159.204 - - [02/Apr/2018:10:06:59 -0300] "POST /cormun/servlet/trautorizarsolicitud?2546d65b0ed40d8afa0042fa05e50bd2,,gx-no-cache=1522674366294 HTTP/1.1" 200 5772
190.161.236.41 - - [02/Apr/2018:10:07:02 -0300] "POST /cormun/servlet/solicitudotadjuntos?gx-no-cache=1522674368818 HTTP/1.1" 200 26
190.161.236.41 - - [02/Apr/2018:10:07:06 -0300] "GET /cormun/servlet/solicitudotadjuntos?d0ca4cc9b06f3039afad19244c2da1471f902daae8d2d525c10f1a730ab386f2,gx-no-cache=1522674372835 HTTP/1.1" 200 30
190.161.236.41 - - [02/Apr/2018:10:07:06 -0300] "GET /cormun/servlet/solicitudotadjuntos?d0ca4cc9b06f3039afad19244c2da1471f902daae8d2d525c10f1a730ab386f2,gx-no-cache=1522674372958 HTTP/1.1" 200 30
190.161.236.41 - - [02/Apr/2018:10:07:07 -0300] "POST /cormun/servlet/solicitudotadjuntos?2460238e5dd0694694593d6258584b0b,INS,2018,10957,,1, HTTP/1.1" 200 116
190.161.236.41 - - [02/Apr/2018:10:07:07 -0300] "GET /cormun/servlet/hpexe_return? HTTP/1.1" 200 1029
190.161.236.41 - - [02/Apr/2018:10:07:08 -0300] "GET /cormun/servlet/trsolicitudadjuntos?2018,10957, HTTP/1.1" 200 9063
186.103.159.204 - - [02/Apr/2018:10:07:08 -0300] "POST /cormun/servlet/trautorizarsolicitud?2546d65b0ed40d8afa0042fa05e50bd2,,gx-no-cache=1522674374158 HTTP/1.1" 200 4399
190.161.236.41 - - [02/Apr/2018:10:07:08 -0300] "GET /cormun/servlet/trsolicitudadjuntos?2018,10957, HTTP/1.1" 200 9061
190.161.236.41 - - [02/Apr/2018:10:07:11 -0300] "GET /cormun/servlet/solicitudotadjuntos?INS,2018,10957,,1, HTTP/1.1" 200 5997
190.161.236.41 - - [02/Apr/2018:10:07:11 -0300] "GET /cormun/static/about:blank HTTP/1.1" 404 1011
186.103.159.188 - - [02/Apr/2018:10:07:12 -0300] "GET /cormun/servlet/solicitudotadjuntos?INS,2018,10957,,1, HTTP/1.1" 200 5989
186.103.159.188 - - [02/Apr/2018:10:07:12 -0300] "GET /cormun/servlet/solicitudotadjuntos?d0ca4cc9b06f3039afad19244c2da147c4294280a337683b62ffd3cb559cb80498815dc784c208fb4c25a56f17eab3aa,gx-no-cache=1522674379228 HTTP/1.1" 200 30
186.103.159.188 - - [02/Apr/2018:10:07:12 -0300] "POST /cormun/servlet/solicitudotadjuntos?2460238e5dd0694694593d6258584b0b,INS,2018,10957,,1,,gx-no-cache=1522674379283 HTTP/1.1" 200 3800
186.103.159.188 - - [02/Apr/2018:10:07:15 -0300] "POST /cormun/servlet/solicitudotadjuntos?gx-no-cache=1522674382603 HTTP/1.1" 200 26
186.79.150.154 - - [02/Apr/2018:10:07:16 -0300] "POST /cormun/servlet/vesolicitudot?5b0110625939df945d701897aea51634,2018,10958,,,gx-no-cache=1522674401631 HTTP/1.1" 200 90
186.79.150.154 - - [02/Apr/2018:10:07:16 -0300] "GET /cormun/servlet/hpexe_link HTTP/1.1" 200 992
186.79.150.154 - - [02/Apr/2018:10:07:16 -0300] "GET /cormun/servlet/trsolicitudot?gx-no-cache=1522674338033 HTTP/1.1" 200 8783
186.79.150.154 - - [02/Apr/2018:10:07:18 -0300] "GET /cormun/servlet/trsolicitudot?gx-no-cache=1522674338033 HTTP/1.1" 200 8801
186.103.159.188 - - [02/Apr/2018:10:07:20 -0300] "GET /cormun/servlet/solicitudotadjuntos?d0ca4cc9b06f3039afad19244c2da1471f902daae8d2d525c10f1a730ab386f2,gx-no-cache=1522674387722 HTTP/1.1" 200 30
186.103.159.188 - - [02/Apr/2018:10:07:21 -0300] "GET /cormun/servlet/solicitudotadjuntos?d0ca4cc9b06f3039afad19244c2da1471f902daae8d2d525c10f1a730ab386f2,gx-no-cache=1522674387769 HTTP/1.1" 200 30
186.79.150.154 - - [02/Apr/2018:10:07:21 -0300] "GET /cormun/servlet/trautorizarsolicitud? HTTP/1.1" 200 8708
186.79.150.154 - - [02/Apr/2018:10:07:21 -0300] "GET /cormun/static/gxcfg.js?2017111423403364 HTTP/1.1" 200 953
186.79.150.154 - - [02/Apr/2018:10:07:22 -0300] "GET /cormun/servlet/trautorizarsolicitud? HTTP/1.1" 200 8688
186.103.159.188 - - [02/Apr/2018:10:07:23 -0300] "POST /cormun/servlet/solicitudotadjuntos?2460238e5dd0694694593d6258584b0b,INS,2018,10957,,1, HTTP/1.1" 200 116
186.103.159.188 - - [02/Apr/2018:10:07:23 -0300] "GET /cormun/servlet/hpexe_return? HTTP/1.1" 200 1029
186.103.159.188 - - [02/Apr/2018:10:07:23 -0300] "GET /cormun/servlet/trsolicitudadjuntos?2018,10957, HTTP/1.1" 200 9319
186.103.159.188 - - [02/Apr/2018:10:07:24 -0300] "GET /cormun/servlet/trsolicitudadjuntos?2018,10957, HTTP/1.1" 200 9319
186.103.159.188 - - [02/Apr/2018:10:07:26 -0300] "GET /cormun/servlet/solicitudotadjuntos?INS,2018,10957,,1, HTTP/1.1" 200 5997
186.103.159.188 - - [02/Apr/2018:10:07:27 -0300] "GET /cormun/static/about:blank HTTP/1.1" 404 1011
190.161.236.41 - - [02/Apr/2018:10:07:27 -0300] "GET /cormun/servlet/solicitudotadjuntos?INS,2018,10957,,1, HTTP/1.1" 200 5989
190.161.236.41 - - [02/Apr/2018:10:07:27 -0300] "GET /cormun/servlet/solicitudotadjuntos?d0ca4cc9b06f3039afad19244c2da147c4294280a337683b62ffd3cb559cb80498815dc784c208fb4c25a56f17eab3aa,gx-no-cache=1522674394348 HTTP/1.1" 200 30
190.161.236.41 - - [02/Apr/2018:10:07:27 -0300] "POST /cormun/servlet/solicitudotadjuntos?2460238e5dd0694694593d6258584b0b,INS,2018,10957,,1,,gx-no-cache=1522674394435 HTTP/1.1" 200 3800
186.79.150.154 - - [02/Apr/2018:10:07:29 -0300] "GET /cormun/servlet/trsolicitudot? HTTP/1.1" 200 8782
190.161.236.41 - - [02/Apr/2018:10:07:30 -0300] "POST /cormun/servlet/solicitudotadjuntos?gx-no-cache=1522674397586 HTTP/1.1" 200 26
186.79.150.154 - - [02/Apr/2018:10:07:31 -0300] "GET /cormun/servlet/trsolicitudot? HTTP/1.1" 200 8782
186.79.150.154 - - [02/Apr/2018:10:07:34 -0300] "POST /cormun/servlet/trsolicitudot?5b0110625939df945d701897aea51634,,gx-no-cache=1522674420187 HTTP/1.1" 200 107
186.79.150.154 - - [02/Apr/2018:10:07:35 -0300] "GET /cormun/servlet/trsolicitudadjuntos?2018,10958, HTTP/1.1" 200 6332
186.79.150.154 - - [02/Apr/2018:10:07:35 -0300] "GET /cormun/static/gxcfg.js?20177612135366 HTTP/1.1" 200 953
190.161.236.41 - - [02/Apr/2018:10:07:36 -0300] "GET /cormun/servlet/solicitudotadjuntos?d0ca4cc9b06f3039afad19244c2da1471f902daae8d2d525c10f1a730ab386f2,gx-no-cache=1522674403010 HTTP/1.1" 200 30
190.161.236.41 - - [02/Apr/2018:10:07:36 -0300] "GET /cormun/servlet/solicitudotadjuntos?d0ca4cc9b06f3039afad19244c2da1471f902daae8d2d525c10f1a730ab386f2,gx-no-cache=1522674403101 HTTP/1.1" 200 30
186.79.150.154 - - [02/Apr/2018:10:07:36 -0300] "GET /cormun/static/trsolicitudadjuntos.js?20177612135632 HTTP/1.1" 200 17922
186.79.150.154 - - [02/Apr/2018:10:07:36 -0300] "GET /cormun/servlet/trsolicitudadjuntos?2018,10958, HTTP/1.1" 200 6332
186.79.150.154 - - [02/Apr/2018:10:07:38 -0300] "GET /cormun/servlet/solicitudotadjuntos?INS,2018,10958,,1, HTTP/1.1" 200 6277
186.79.150.154 - - [02/Apr/2018:10:07:38 -0300] "GET /cormun/static/gxcfg.js?2017761244068 HTTP/1.1" 304 -
186.79.150.154 - - [02/Apr/2018:10:07:38 -0300] "GET /cormun/static/solicitudotadjuntos.js?2017761244086 HTTP/1.1" 304 -
190.161.236.41 - - [02/Apr/2018:10:07:38 -0300] "POST /cormun/servlet/solicitudotadjuntos?2460238e5dd0694694593d6258584b0b,INS,2018,10957,,1, HTTP/1.1" 200 116
190.161.236.41 - - [02/Apr/2018:10:07:38 -0300] "GET /cormun/servlet/hpexe_return? HTTP/1.1" 200 1029
190.161.236.41 - - [02/Apr/2018:10:07:39 -0300] "GET /cormun/servlet/trsolicitudadjuntos?2018,10957, HTTP/1.1" 200 9581
186.79.150.154 - - [02/Apr/2018:10:07:39 -0300] "GET /cormun/static/about:blank HTTP/1.1" 404 1011
190.161.236.41 - - [02/Apr/2018:10:07:39 -0300] "GET /cormun/servlet/trsolicitudadjuntos?2018,10957, HTTP/1.1" 200 9577
186.79.150.154 - - [02/Apr/2018:10:07:40 -0300] "GET /cormun/servlet/solicitudotadjuntos?INS,2018,10958,,1, HTTP/1.1" 200 6271
186.79.150.154 - - [02/Apr/2018:10:07:40 -0300] "GET /cormun/servlet/solicitudotadjuntos?d6238cedcac2d174864ead5636f72fd6b15fb10681894f16dcd28a26e3b9e2fdcada76c87dc376bce08382f6549fcf09,gx-no-cache=1522674426940 HTTP/1.1" 200 30
186.79.150.154 - - [02/Apr/2018:10:07:41 -0300] "POST /cormun/servlet/solicitudotadjuntos?5b0110625939df945d701897aea51634,INS,2018,10958,,1,,gx-no-cache=1522674427103 HTTP/1.1" 200 3992
186.79.150.154 - - [02/Apr/2018:10:07:44 -0300] "POST /cormun/servlet/solicitudotadjuntos?gx-no-cache=1522674430723 HTTP/1.1" 200 26
186.103.159.188 - - [02/Apr/2018:10:07:44 -0300] "GET /cormun/servlet/trsolicitudot? HTTP/1.1" 200 8525
186.103.159.188 - - [02/Apr/2018:10:07:45 -0300] "GET /cormun/servlet/trsolicitudot? HTTP/1.1" 200 8519
186.103.159.188 - - [02/Apr/2018:10:07:57 -0300] "POST /cormun/servlet/trsolicitudot?2460238e5dd0694694593d6258584b0b,,gx-no-cache=1522674423767 HTTP/1.1" 200 4497
186.103.159.188 - - [02/Apr/2018:10:07:57 -0300] "GET /cormun/static/Shared/jqueryui/images/ui-bg_highlight-soft_100_c6c2c8_1x100.png HTTP/1.1" 404 1117
190.161.236.41 - - [02/Apr/2018:10:07:57 -0300] "GET /cormun/static/Shared/jqueryui/images/ui-icons_82798d_256x240.png HTTP/1.1" 404 1089
190.161.236.41 - - [02/Apr/2018:10:07:57 -0300] "GET /cormun/static/Shared/jqueryui/images/ui-icons_8d78a5_256x240.png HTTP/1.1" 404 1089
186.103.159.188 - - [02/Apr/2018:10:07:57 -0300] "GET /cormun/static/Shared/jqueryui/images/ui-bg_flat_55_fafafa_40x100.png HTTP/1.1" 404 1097
186.79.150.154 - - [02/Apr/2018:10:07:57 -0300] "GET /cormun/servlet/solicitudotadjuntos?d6238cedcac2d174864ead5636f72fd69cbc848aa1c027580796123b913b6d9f,gx-no-cache=1522674443886 HTTP/1.1" 200 30
186.79.150.154 - - [02/Apr/2018:10:07:57 -0300] "GET /cormun/servlet/solicitudotadjuntos?d6238cedcac2d174864ead5636f72fd69cbc848aa1c027580796123b913b6d9f,gx-no-cache=1522674444070 HTTP/1.1" 200 30
186.103.159.188 - - [02/Apr/2018:10:07:58 -0300] "POST /cormun/servlet/trsolicitudot?2460238e5dd0694694593d6258584b0b,,gx-no-cache=1522674424086 HTTP/1.1" 200 4275
186.79.150.154 - - [02/Apr/2018:10:08:04 -0300] "POST /cormun/servlet/solicitudotadjuntos?5b0110625939df945d701897aea51634,INS,2018,10958,,1, HTTP/1.1" 200 116
186.79.150.154 - - [02/Apr/2018:10:08:04 -0300] "GET /cormun/servlet/hpexe_return? HTTP/1.1" 200 1031
186.79.150.154 - - [02/Apr/2018:10:08:05 -0300] "GET /cormun/servlet/trsolicitudadjuntos?2018,10958, HTTP/1.1" 200 8776
186.79.150.154 - - [02/Apr/2018:10:08:06 -0300] "GET /cormun/servlet/trsolicitudadjuntos?2018,10958, HTTP/1.1" 200 8774
201.214.54.200 - - [02/Apr/2018:10:08:08 -0300] "GET /cormun/servlet/solicitudotadjuntos?INS,2018,10958,,1, HTTP/1.1" 200 6277
201.214.54.200 - - [02/Apr/2018:10:08:08 -0300] "GET /cormun/static/about:blank HTTP/1.1" 404 1011
201.214.54.200 - - [02/Apr/2018:10:08:09 -0300] "GET /cormun/servlet/solicitudotadjuntos?INS,2018,10958,,1, HTTP/1.1" 200 6271
201.214.54.200 - - [02/Apr/2018:10:08:10 -0300] "GET /cormun/servlet/solicitudotadjuntos?d6238cedcac2d174864ead5636f72fd6b15fb10681894f16dcd28a26e3b9e2fdcada76c87dc376bce08382f6549fcf09,gx-no-cache=1522674456352 HTTP/1.1" 200 30
201.214.54.200 - - [02/Apr/2018:10:08:10 -0300] "POST /cormun/servlet/solicitudotadjuntos?5b0110625939df945d701897aea51634,INS,2018,10958,,1,,gx-no-cache=1522674456456 HTTP/1.1" 200 3992
201.214.54.200 - - [02/Apr/2018:10:08:13 -0300] "POST /cormun/servlet/solicitudotadjuntos?gx-no-cache=1522674459148 HTTP/1.1" 200 26
201.214.54.200 - - [02/Apr/2018:10:08:18 -0300] "GET /cormun/servlet/solicitudotadjuntos?d6238cedcac2d174864ead5636f72fd69cbc848aa1c027580796123b913b6d9f,gx-no-cache=1522674464238 HTTP/1.1" 200 30
201.214.54.200 - - [02/Apr/2018:10:08:18 -0300] "GET /cormun/servlet/solicitudotadjuntos?d6238cedcac2d174864ead5636f72fd69cbc848aa1c027580796123b913b6d9f,gx-no-cache=1522674464320 HTTP/1.1" 200 30
201.214.54.200 - - [02/Apr/2018:10:08:20 -0300] "POST /cormun/servlet/solicitudotadjuntos?5b0110625939df945d701897aea51634,INS,2018,10958,,1, HTTP/1.1" 200 116
201.214.54.200 - - [02/Apr/2018:10:08:20 -0300] "GET /cormun/servlet/hpexe_return? HTTP/1.1" 200 1031
201.214.54.200 - - [02/Apr/2018:10:08:20 -0300] "GET /cormun/servlet/trsolicitudadjuntos?2018,10958, HTTP/1.1" 200 8991
201.214.54.200 - - [02/Apr/2018:10:08:22 -0300] "GET /cormun/servlet/trsolicitudadjuntos?2018,10958, HTTP/1.1" 200 8990
201.214.54.200 - - [02/Apr/2018:10:08:23 -0300] "GET /cormun/servlet/solicitudotadjuntos?INS,2018,10958,,1, HTTP/1.1" 200 6277
201.214.54.200 - - [02/Apr/2018:10:08:24 -0300] "GET /cormun/static/about:blank HTTP/1.1" 404 1011
201.214.54.200 - - [02/Apr/2018:10:08:25 -0300] "GET /cormun/servlet/solicitudotadjuntos?d6238cedcac2d174864ead5636f72fd6b15fb10681894f16dcd28a26e3b9e2fdcada76c87dc376bce08382f6549fcf09,gx-no-cache=1522674471324 HTTP/1.1" 200 30
201.214.54.200 - - [02/Apr/2018:10:08:25 -0300] "POST /cormun/servlet/solicitudotadjuntos?5b0110625939df945d701897aea51634,INS,2018,10958,,1,,gx-no-cache=1522674471428 HTTP/1.1" 200 3992
186.79.150.154 - - [02/Apr/2018:10:08:25 -0300] "GET /cormun/servlet/solicitudotadjuntos?INS,2018,10958,,1, HTTP/1.1" 200 6271
186.79.150.154 - - [02/Apr/2018:10:08:28 -0300] "POST /cormun/servlet/solicitudotadjuntos?gx-no-cache=1522674474380 HTTP/1.1" 200 26
186.79.150.154 - - [02/Apr/2018:10:08:34 -0300] "GET /cormun/servlet/solicitudotadjuntos?d6238cedcac2d174864ead5636f72fd69cbc848aa1c027580796123b913b6d9f,gx-no-cache=1522674481022 HTTP/1.1" 200 30
186.79.150.154 - - [02/Apr/2018:10:08:35 -0300] "GET /cormun/servlet/solicitudotadjuntos?d6238cedcac2d174864ead5636f72fd69cbc848aa1c027580796123b913b6d9f,gx-no-cache=1522674481234 HTTP/1.1" 200 30
186.79.150.154 - - [02/Apr/2018:10:08:49 -0300] "POST /cormun/servlet/solicitudotadjuntos?5b0110625939df945d701897aea51634,INS,2018,10958,,1, HTTP/1.1" 200 116
186.79.150.154 - - [02/Apr/2018:10:08:50 -0300] "GET /cormun/servlet/hpexe_return? HTTP/1.1" 200 1031
186.79.150.154 - - [02/Apr/2018:10:08:52 -0300] "GET /cormun/servlet/trsolicitudadjuntos?2018,10958, HTTP/1.1" 200 9152
186.79.150.154 - - [02/Apr/2018:10:08:54 -0300] "GET /cormun/servlet/trsolicitudadjuntos?2018,10958, HTTP/1.1" 200 9151
186.79.150.154 - - [02/Apr/2018:10:08:56 -0300] "GET /cormun/servlet/solicitudotadjuntos?INS,2018,10958,,1, HTTP/1.1" 200 6277
201.214.54.200 - - [02/Apr/2018:10:08:58 -0300] "GET /cormun/servlet/solicitudotadjuntos?INS,2018,10958,,1, HTTP/1.1" 200 6271
186.79.150.154 - - [02/Apr/2018:10:08:58 -0300] "GET /cormun/static/about:blank HTTP/1.1" 404 1011
186.79.150.154 - - [02/Apr/2018:10:08:58 -0300] "GET /cormun/servlet/solicitudotadjuntos?d6238cedcac2d174864ead5636f72fd6b15fb10681894f16dcd28a26e3b9e2fdcada76c87dc376bce08382f6549fcf09,gx-no-cache=1522674504616 HTTP/1.1" 200 30
186.79.150.154 - - [02/Apr/2018:10:08:59 -0300] "POST /cormun/servlet/solicitudotadjuntos?5b0110625939df945d701897aea51634,INS,2018,10958,,1,,gx-no-cache=1522674504864 HTTP/1.1" 200 3992
186.79.150.154 - - [02/Apr/2018:10:09:02 -0300] "POST /cormun/servlet/solicitudotadjuntos?gx-no-cache=1522674508693 HTTP/1.1" 200 26
186.79.150.154 - - [02/Apr/2018:10:09:12 -0300] "GET /cormun/servlet/solicitudotadjuntos?d6238cedcac2d174864ead5636f72fd69cbc848aa1c027580796123b913b6d9f,gx-no-cache=1522674518470 HTTP/1.1" 200 30
186.79.150.154 - - [02/Apr/2018:10:09:12 -0300] "GET /cormun/servlet/solicitudotadjuntos?d6238cedcac2d174864ead5636f72fd69cbc848aa1c027580796123b913b6d9f,gx-no-cache=1522674518663 HTTP/1.1" 200 30
186.79.150.154 - - [02/Apr/2018:10:09:20 -0300] "POST /cormun/servlet/solicitudotadjuntos?5b0110625939df945d701897aea51634,INS,2018,10958,,1, HTTP/1.1" 200 116
186.79.150.154 - - [02/Apr/2018:10:09:21 -0300] "GET /cormun/servlet/hpexe_return? HTTP/1.1" 200 1031
186.79.150.154 - - [02/Apr/2018:10:09:21 -0300] "GET /cormun/servlet/trsolicitudadjuntos?2018,10958, HTTP/1.1" 200 9386
186.79.150.154 - - [02/Apr/2018:10:09:23 -0300] "GET /cormun/servlet/trsolicitudadjuntos?2018,10958, HTTP/1.1" 200 9383
186.79.150.154 - - [02/Apr/2018:10:09:31 -0300] "GET /cormun/servlet/solicitudotadjuntos?INS,2018,10958,,1, HTTP/1.1" 200 6277
201.214.54.200 - - [02/Apr/2018:10:09:33 -0300] "GET /cormun/static/about:blank HTTP/1.1" 404 1011
186.79.150.154 - - [02/Apr/2018:10:09:33 -0300] "GET /cormun/servlet/solicitudotadjuntos?INS,2018,10958,,1, HTTP/1.1" 200 6271
201.214.54.200 - - [02/Apr/2018:10:09:34 -0300] "GET /cormun/servlet/solicitudotadjuntos?d6238cedcac2d174864ead5636f72fd6b15fb10681894f16dcd28a26e3b9e2fdcada76c87dc376bce08382f6549fcf09,gx-no-cache=1522674540621 HTTP/1.1" 200 30
201.214.54.200 - - [02/Apr/2018:10:09:34 -0300] "POST /cormun/servlet/solicitudotadjuntos?5b0110625939df945d701897aea51634,INS,2018,10958,,1,,gx-no-cache=1522674540709 HTTP/1.1" 200 3992
190.100.93.40 - - [02/Apr/2018:10:09:37 -0300] "GET /cormun/servlet/hlogin HTTP/1.1" 200 1722
190.100.93.40 - - [02/Apr/2018:10:09:37 -0300] "GET /cormun/static/gxtimezone.js?85251 HTTP/1.1" 304 -
190.100.93.40 - - [02/Apr/2018:10:09:37 -0300] "GET /cormun/static/gxcfg.js?20175251213516 HTTP/1.1" 304 -
190.100.93.40 - - [02/Apr/2018:10:09:37 -0300] "GET /cormun/static/messages.spa.js?85251 HTTP/1.1" 304 -
190.100.93.40 - - [02/Apr/2018:10:09:37 -0300] "GET /cormun/servlet/hlogin HTTP/1.1" 200 1732
190.100.93.40 - - [02/Apr/2018:10:09:37 -0300] "GET /favicon.ico HTTP/1.1" 200 21630
201.214.54.200 - - [02/Apr/2018:10:09:38 -0300] "POST /cormun/servlet/solicitudotadjuntos?gx-no-cache=1522674545013 HTTP/1.1" 200 26
201.214.54.200 - - [02/Apr/2018:10:09:44 -0300] "GET /cormun/servlet/solicitudotadjuntos?d6238cedcac2d174864ead5636f72fd69cbc848aa1c027580796123b913b6d9f,gx-no-cache=1522674550894 HTTP/1.1" 200 30
201.214.54.200 - - [02/Apr/2018:10:09:44 -0300] "GET /cormun/servlet/solicitudotadjuntos?d6238cedcac2d174864ead5636f72fd69cbc848aa1c027580796123b913b6d9f,gx-no-cache=1522674550973 HTTP/1.1" 200 30
201.214.54.200 - - [02/Apr/2018:10:09:50 -0300] "POST /cormun/servlet/solicitudotadjuntos?5b0110625939df945d701897aea51634,INS,2018,10958,,1, HTTP/1.1" 200 116
201.214.54.200 - - [02/Apr/2018:10:09:50 -0300] "GET /cormun/servlet/hpexe_return? HTTP/1.1" 200 1031
201.214.54.200 - - [02/Apr/2018:10:09:51 -0300] "GET /cormun/servlet/trsolicitudadjuntos?2018,10958, HTTP/1.1" 200 9591
201.214.54.200 - - [02/Apr/2018:10:09:52 -0300] "GET /cormun/servlet/trsolicitudadjuntos?2018,10958, HTTP/1.1" 200 9588
190.100.93.40 - - [02/Apr/2018:10:09:53 -0300] "POST /cormun/servlet/hlogin?b1dcbbbe64168a3ca75912b33ecbd466,gx-no-cache=1522674540974 HTTP/1.1" 200 90
190.100.93.40 - - [02/Apr/2018:10:09:53 -0300] "GET /cormun/servlet/hpexe_link HTTP/1.1" 200 954
190.100.93.40 - - [02/Apr/2018:10:09:53 -0300] "GET /cormun/static/gxcfg.js?20177612121792 HTTP/1.1" 304 -
190.100.93.40 - - [02/Apr/2018:10:09:54 -0300] "GET /cormun/servlet/hhome HTTP/1.1" 200 4341
190.100.93.40 - - [02/Apr/2018:10:09:54 -0300] "GET /cormun/static/gxcfg.js?20175251212442 HTTP/1.1" 304 -
201.214.54.200 - - [02/Apr/2018:10:09:54 -0300] "GET /cormun/servlet/solicitudotadjuntos?INS,2018,10958,,1, HTTP/1.1" 200 6277
190.100.93.40 - - [02/Apr/2018:10:09:54 -0300] "GET /cormun/servlet/hhome HTTP/1.1" 200 4337
201.214.54.200 - - [02/Apr/2018:10:09:55 -0300] "GET /cormun/static/about:blank HTTP/1.1" 404 1011
201.214.54.200 - - [02/Apr/2018:10:09:55 -0300] "GET /cormun/servlet/solicitudotadjuntos?INS,2018,10958,,1, HTTP/1.1" 200 6271
201.214.54.200 - - [02/Apr/2018:10:09:55 -0300] "GET /cormun/servlet/solicitudotadjuntos?d6238cedcac2d174864ead5636f72fd6b15fb10681894f16dcd28a26e3b9e2fdcada76c87dc376bce08382f6549fcf09,gx-no-cache=1522674562046 HTTP/1.1" 200 30
201.214.54.200 - - [02/Apr/2018:10:09:56 -0300] "POST /cormun/servlet/solicitudotadjuntos?5b0110625939df945d701897aea51634,INS,2018,10958,,1,,gx-no-cache=1522674562529 HTTP/1.1" 200 3992
201.214.54.200 - - [02/Apr/2018:10:09:59 -0300] "POST /cormun/servlet/solicitudotadjuntos?gx-no-cache=1522674565300 HTTP/1.1" 200 26
201.214.54.200 - - [02/Apr/2018:10:10:04 -0300] "GET /cormun/servlet/solicitudotadjuntos?d6238cedcac2d174864ead5636f72fd69cbc848aa1c027580796123b913b6d9f,gx-no-cache=1522674570797 HTTP/1.1" 200 30
201.214.54.200 - - [02/Apr/2018:10:10:04 -0300] "GET /cormun/servlet/solicitudotadjuntos?d6238cedcac2d174864ead5636f72fd69cbc848aa1c027580796123b913b6d9f,gx-no-cache=1522674570886 HTTP/1.1" 200 30
190.100.93.40 - - [02/Apr/2018:10:10:06 -0300] "GET /cormun/servlet/trsolicitudot? HTTP/1.1" 200 7555
190.100.93.40 - - [02/Apr/2018:10:10:06 -0300] "GET /cormun/static/gxcfg.js?2017111422585916 HTTP/1.1" 304 -
190.100.93.40 - - [02/Apr/2018:10:10:06 -0300] "GET /cormun/static/calendar-es.js?85251 HTTP/1.1" 304 -
190.100.93.40 - - [02/Apr/2018:10:10:06 -0300] "GET /cormun/static/calendar-setup.js?85251 HTTP/1.1" 304 -
190.100.93.40 - - [02/Apr/2018:10:10:06 -0300] "GET /cormun/static/gxdec.js?85251 HTTP/1.1" 304 -
190.100.93.40 - - [02/Apr/2018:10:10:06 -0300] "GET /cormun/static/calendar.js?85251 HTTP/1.1" 304 -
190.100.93.40 - - [02/Apr/2018:10:10:07 -0300] "GET /cormun/servlet/trsolicitudot? HTTP/1.1" 200 7553
190.100.93.40 - - [02/Apr/2018:10:10:09 -0300] "GET /cormun/servlet/solicitudot?INS,0,0, HTTP/1.1" 200 13795
190.100.93.40 - - [02/Apr/2018:10:10:09 -0300] "GET /cormun/static/gxcfg.js?201812313224582 HTTP/1.1" 304 -
190.100.93.40 - - [02/Apr/2018:10:10:09 -0300] "GET /cormun/static/solicitudot.js?201812313224831 HTTP/1.1" 304 -
190.100.93.40 - - [02/Apr/2018:10:10:10 -0300] "GET /cormun/servlet/solicitudot?INS,0,0, HTTP/1.1" 200 13800
201.214.54.200 - - [02/Apr/2018:10:10:12 -0300] "POST /cormun/servlet/solicitudotadjuntos?5b0110625939df945d701897aea51634,INS,2018,10958,,1, HTTP/1.1" 200 116
201.214.54.200 - - [02/Apr/2018:10:10:12 -0300] "GET /cormun/servlet/hpexe_return? HTTP/1.1" 200 1031
201.214.54.200 - - [02/Apr/2018:10:10:12 -0300] "GET /cormun/servlet/trsolicitudadjuntos?2018,10958, HTTP/1.1" 200 9853
201.214.54.200 - - [02/Apr/2018:10:10:14 -0300] "GET /cormun/servlet/trsolicitudadjuntos?2018,10958, HTTP/1.1" 200 9850
201.214.54.200 - - [02/Apr/2018:10:10:18 -0300] "POST /cormun/servlet/trsolicitudadjuntos?5b0110625939df945d701897aea51634,2018,10958,,gx-no-cache=1522674584081 HTTP/1.1" 200 90
201.214.54.200 - - [02/Apr/2018:10:10:18 -0300] "GET /cormun/servlet/hpexe_link HTTP/1.1" 200 973
201.214.54.200 - - [02/Apr/2018:10:10:18 -0300] "GET /cormun/servlet/trsolicitudot HTTP/1.1" 200 8783
201.214.54.200 - - [02/Apr/2018:10:10:21 -0300] "GET /cormun/servlet/trsolicitudot HTTP/1.1" 200 8782
190.100.93.40 - - [02/Apr/2018:10:10:21 -0300] "POST /cormun/servlet/solicitudot?gx-no-cache=1522674567826 HTTP/1.1" 200 3417
190.100.93.40 - - [02/Apr/2018:10:10:21 -0300] "POST /cormun/servlet/solicitudot?b1dcbbbe64168a3ca75912b33ecbd466,INS,0,0,,gx-no-cache=1522674568633 HTTP/1.1" 200 10585
190.100.93.40 - - [02/Apr/2018:10:10:25 -0300] "GET /cormun/servlet/solicitudot?15a862ef5acda5313a92ba68071ffe961a39c155081328ed9879a15618c7b840b3c388feb817fd2b9f7555de5216a2b1,gx-no-cache=1522674572903 HTTP/1.1" 200 30
190.100.93.40 - - [02/Apr/2018:10:10:25 -0300] "GET /cormun/servlet/solicitudot?15a862ef5acda5313a92ba68071ffe96edc76cb25147fcfc5098b28d0c7b4e4d4338acf919f8d8e204b80a7745d3c19c2a92254a38fb4ad95eee6f8286d99d79,gx-no-cache=1522674573014 HTTP/1.1" 200 30
190.100.93.40 - - [02/Apr/2018:10:10:25 -0300] "GET /cormun/servlet/solicitudot?15a862ef5acda5313a92ba68071ffe960d1d38fc923c6187b87c4d98e69a8057,gx-no-cache=1522674573105 HTTP/1.1" 200 53
190.100.93.40 - - [02/Apr/2018:10:10:26 -0300] "POST /cormun/servlet/solicitudot?gx-no-cache=1522674573199 HTTP/1.1" 200 297
190.100.93.40 - - [02/Apr/2018:10:10:26 -0300] "GET /cormun/servlet/solicitudot?15a862ef5acda5313a92ba68071ffe9635849647cdbdda50a3469951e3ff0e2ee59105aa689621ce64162eefd8a2e057579ff51e8c87d3228348b686f5e224222caca5287389fde33b20b5124c0e113fa984796cbf884565adb6ae90caab435fee06a37af036082ce4819629c087f8aa8d94e322308b37ce19ed9eae6d4b530f918e6789fc0294ec11260f75c58775b8d9500038ffcf2ea8162d8454d52d8ecc7de5e91a3ff40b8679cb0e67b1a7527f4f060848c9a50fd5377b4520eb69f6401fe853deda9cf56c846465ba04208240faa5989181d34ba6a4146283c8a741fa0197493f926528025f15f95bae9b7f860125b946c1f9ae2d477ed0f34f9f448f8aa712a21fe6e7096a978d0cfa37b0fbe04a314e6acb7ed98c5edcfb456371c1b36826086cf76d07932a91764f1f92c632346b0873a464ebf491f189fb50df80614a44252b4ff1ccc2c3067cb50fb4f603781faa692e1941ee8da930aff7e6be39b4c5e4f80f2588ac7b4aafd7a432fe04bc112a75802093e24f749a74d2c3efbf77ea7a74a1965f54fd924890f85306,gx-no-cache=1522674573306 HTTP/1.1" 200 30
201.214.54.200 - - [02/Apr/2018:10:10:26 -0300] "POST /cormun/servlet/trsolicitudot?5b0110625939df945d701897aea51634,gx-no-cache=1522674591848 HTTP/1.1" 200 107
201.214.54.200 - - [02/Apr/2018:10:10:26 -0300] "GET /cormun/servlet/trsolicitudadjuntos?2018,10958, HTTP/1.1" 200 9845
201.214.54.200 - - [02/Apr/2018:10:10:28 -0300] "GET /cormun/servlet/trsolicitudadjuntos?2018,10958, HTTP/1.1" 200 9850
190.100.93.40 - - [02/Apr/2018:10:10:29 -0300] "POST /cormun/servlet/solicitudot?gx-no-cache=1522674576002 HTTP/1.1" 200 30
201.214.54.200 - - [02/Apr/2018:10:10:30 -0300] "GET /cormun/servlet/solicitudotadjuntos?INS,2018,10958,,2, HTTP/1.1" 200 6277
201.214.54.200 - - [02/Apr/2018:10:10:31 -0300] "GET /cormun/static/about:blank HTTP/1.1" 404 1011
201.214.54.200 - - [02/Apr/2018:10:10:31 -0300] "GET /cormun/servlet/solicitudotadjuntos?INS,2018,10958,,2, HTTP/1.1" 200 6270
201.214.54.200 - - [02/Apr/2018:10:10:31 -0300] "GET /cormun/servlet/solicitudotadjuntos?d6238cedcac2d174864ead5636f72fd6b15fb10681894f16dcd28a26e3b9e2fdcada76c87dc376bce08382f6549fcf09,gx-no-cache=1522674597814 HTTP/1.1" 200 30
201.214.54.200 - - [02/Apr/2018:10:10:31 -0300] "POST /cormun/servlet/solicitudotadjuntos?5b0110625939df945d701897aea51634,INS,2018,10958,,2,,gx-no-cache=1522674597904 HTTP/1.1" 200 4205
186.103.159.188 - - [02/Apr/2018:10:10:39 -0300] "GET /cormun/servlet/trautorizarsolicitud? HTTP/1.1" 200 8588
186.103.159.188 - - [02/Apr/2018:10:10:39 -0300] "GET /cormun/servlet/trautorizarsolicitud? HTTP/1.1" 200 8588
190.161.236.41 - - [02/Apr/2018:10:10:43 -0300] "POST /cormun/servlet/trautorizarsolicitud?95badbc27aa67ac9f835d8c6c6dfe5a1,,gx-no-cache=1522674589856 HTTP/1.1" 200 4608
190.161.236.41 - - [02/Apr/2018:10:10:43 -0300] "GET /cormun/static/Shared/jqueryui/images/ui-bg_highlight-soft_100_c6c2c8_1x100.png HTTP/1.1" 404 1117
186.103.159.188 - - [02/Apr/2018:10:10:43 -0300] "GET /cormun/static/Shared/jqueryui/images/ui-icons_82798d_256x240.png HTTP/1.1" 404 1089
190.161.236.41 - - [02/Apr/2018:10:10:43 -0300] "GET /cormun/static/Shared/jqueryui/images/ui-bg_flat_55_fafafa_40x100.png HTTP/1.1" 404 1097
190.161.236.41 - - [02/Apr/2018:10:10:43 -0300] "GET /cormun/static/Shared/jqueryui/images/ui-icons_8d78a5_256x240.png HTTP/1.1" 404 1089
190.100.93.40 - - [02/Apr/2018:10:10:44 -0300] "POST /cormun/servlet/solicitudot?gx-no-cache=1522674591158 HTTP/1.1" 200 1353
186.103.159.188 - - [02/Apr/2018:10:10:44 -0300] "POST /cormun/servlet/trautorizarsolicitud?95badbc27aa67ac9f835d8c6c6dfe5a1,,gx-no-cache=1522674590410 HTTP/1.1" 200 4379
190.100.93.40 - - [02/Apr/2018:10:10:44 -0300] "POST /cormun/servlet/solicitudot?gx-no-cache=1522674591307 HTTP/1.1" 200 38
201.214.54.200 - - [02/Apr/2018:10:10:44 -0300] "POST /cormun/servlet/solicitudotadjuntos?5b0110625939df945d701897aea51634,INS,2018,10958,,2,,gx-no-cache=1522674609443 HTTP/1.1" 200 90
201.214.54.200 - - [02/Apr/2018:10:10:44 -0300] "GET /cormun/servlet/hpexe_link HTTP/1.1" 200 985
201.214.54.200 - - [02/Apr/2018:10:10:45 -0300] "GET /cormun/servlet/trsolicitudadjuntos?2018,10958, HTTP/1.1" 200 9850
201.214.54.200 - - [02/Apr/2018:10:10:46 -0300] "GET /cormun/servlet/trsolicitudadjuntos?2018,10958, HTTP/1.1" 200 9851
201.214.54.200 - - [02/Apr/2018:10:10:49 -0300] "POST /cormun/servlet/trsolicitudadjuntos?5b0110625939df945d701897aea51634,2018,10958,,gx-no-cache=1522674615367 HTTP/1.1" 200 90
201.214.54.200 - - [02/Apr/2018:10:10:50 -0300] "GET /cormun/servlet/hpexe_link HTTP/1.1" 200 973
201.214.54.200 - - [02/Apr/2018:10:10:50 -0300] "GET /cormun/servlet/trsolicitudot HTTP/1.1" 200 8783
190.100.93.40 - - [02/Apr/2018:10:10:50 -0300] "GET /cormun/servlet/solicitudot?15a862ef5acda5313a92ba68071ffe9676f3848f74fb023f9466f5b7fd6c0639445d8df3eb58e091a5fc0d7765fb53773fc6d424acfe69526496bdc017e730e770a1c4d415b68d48a0f13601388091da2f7d3ad86ba07e0cf9bade661771c4ae311c940699174da2789fd224d4efd7eb,gx-no-cache=1522674598082 HTTP/1.1" 200 29
190.100.93.40 - - [02/Apr/2018:10:10:51 -0300] "POST /cormun/servlet/solicitudot?gx-no-cache=1522674598175 HTTP/1.1" 200 1335
190.100.93.40 - - [02/Apr/2018:10:10:51 -0300] "POST /cormun/servlet/solicitudot?gx-no-cache=1522674598401 HTTP/1.1" 200 1231
190.100.93.40 - - [02/Apr/2018:10:10:51 -0300] "GET /cormun/static/menuarrow.gif HTTP/1.1" 404 1015
201.214.54.200 - - [02/Apr/2018:10:10:52 -0300] "GET /cormun/servlet/trsolicitudot HTTP/1.1" 200 8782
190.100.93.40 - - [02/Apr/2018:10:10:53 -0300] "POST /cormun/servlet/solicitudot?gx-no-cache=1522674599918 HTTP/1.1" 200 1335
190.100.93.40 - - [02/Apr/2018:10:10:53 -0300] "POST /cormun/servlet/solicitudot?gx-no-cache=1522674600441 HTTP/1.1" 200 1231
190.100.93.40 - - [02/Apr/2018:10:10:59 -0300] "GET /cormun/servlet/solicitudot?15a862ef5acda5313a92ba68071ffe96c5d108a62180f5f3de455b2d8f785899ea6047bfd93715321a9471631e7dcf10,gx-no-cache=1522674606629 HTTP/1.1" 200 134
190.100.93.40 - - [02/Apr/2018:10:10:59 -0300] "GET /cormun/static/Shared/jqueryui/images/ui-bg_highlight-soft_100_c6c2c8_1x100.png HTTP/1.1" 404 1117
190.100.93.40 - - [02/Apr/2018:10:10:59 -0300] "GET /cormun/static/Shared/jqueryui/images/ui-icons_82798d_256x240.png HTTP/1.1" 404 1089
190.100.93.40 - - [02/Apr/2018:10:10:59 -0300] "GET /cormun/static/Shared/jqueryui/images/ui-bg_flat_55_994d53_40x100.png HTTP/1.1" 404 1097
190.100.93.40 - - [02/Apr/2018:10:10:59 -0300] "GET /cormun/static/Shared/jqueryui/images/ui-icons_ebccce_256x240.png HTTP/1.1" 404 1089
201.214.54.200 - - [02/Apr/2018:10:11:00 -0300] "POST /cormun/servlet/trsolicitudot?5b0110625939df945d701897aea51634,gx-no-cache=1522674626284 HTTP/1.1" 200 4672
201.214.54.200 - - [02/Apr/2018:10:11:01 -0300] "GET /cormun/static/Shared/jqueryui/images/ui-bg_highlight-soft_100_c6c2c8_1x100.png HTTP/1.1" 404 1117
201.214.54.200 - - [02/Apr/2018:10:11:01 -0300] "GET /cormun/static/Shared/jqueryui/images/ui-bg_flat_55_fafafa_40x100.png HTTP/1.1" 404 1097
201.214.54.200 - - [02/Apr/2018:10:11:01 -0300] "GET /cormun/static/Shared/jqueryui/images/ui-icons_82798d_256x240.png HTTP/1.1" 404 1089
201.214.54.200 - - [02/Apr/2018:10:11:01 -0300] "GET /cormun/static/Shared/jqueryui/images/ui-icons_8d78a5_256x240.png HTTP/1.1" 404 1089
201.214.54.200 - - [02/Apr/2018:10:11:01 -0300] "POST /cormun/servlet/trsolicitudot?5b0110625939df945d701897aea51634,gx-no-cache=1522674627277 HTTP/1.1" 200 4453
201.214.54.200 - - [02/Apr/2018:10:11:28 -0300] "GET /cormun/servlet/hlogin HTTP/1.1" 200 1739
186.103.159.188 - - [02/Apr/2018:10:15:44 -0300] "GET /cormun/servlet/hlogin HTTP/1.1" 200 1716
186.103.159.188 - - [02/Apr/2018:10:15:52 -0300] "POST /cormun/servlet/hlogin?f0c0614b1918d3ac961323abbc2328b9,gx-no-cache=1522674898244 HTTP/1.1" 200 90
186.103.159.188 - - [02/Apr/2018:10:15:52 -0300] "GET /cormun/servlet/hpexe_link HTTP/1.1" 200 944
186.103.159.188 - - [02/Apr/2018:10:15:52 -0300] "GET /cormun/servlet/hhome HTTP/1.1" 200 3940
200.112.233.47 - - [02/Apr/2018:10:15:52 -0300] "GET /cormun/servlet/hlogin HTTP/1.1" 200 1726
186.103.159.188 - - [02/Apr/2018:10:15:53 -0300] "GET /cormun/servlet/hhome HTTP/1.1" 200 3937
200.112.233.47 - - [02/Apr/2018:10:15:53 -0300] "GET /cormun/static/gxtimezone.js?85251 HTTP/1.1" 200 5781
186.103.159.188 - - [02/Apr/2018:10:15:55 -0300] "GET /cormun/servlet/trpermisosgoce? HTTP/1.1" 200 6822
186.103.159.188 - - [02/Apr/2018:10:15:55 -0300] "GET /cormun/static/gxcfg.js?20177612163875 HTTP/1.1" 304 -
200.112.233.47 - - [02/Apr/2018:10:15:55 -0300] "GET /cormun/static/gxcfg.js?20175251213516 HTTP/1.1" 200 953
186.103.159.188 - - [02/Apr/2018:10:15:56 -0300] "GET /cormun/servlet/trpermisosgoce? HTTP/1.1" 200 6822
186.103.159.188 - - [02/Apr/2018:10:16:15 -0300] "GET /cormun/servlet/permisogoce?INS,0,,, HTTP/1.1" 200 6773
186.103.159.188 - - [02/Apr/2018:10:16:15 -0300] "GET /cormun/static/gxcfg.js?201776126440 HTTP/1.1" 200 953
186.103.159.188 - - [02/Apr/2018:10:16:17 -0300] "GET /cormun/servlet/permisogoce?INS,0,,, HTTP/1.1" 200 6773
186.103.159.188 - - [02/Apr/2018:10:16:25 -0300] "GET /cormun/servlet/permisogoce?b3fd8beb261add82c023ed05a80c7eac24a55028324155202c52f21496a41fa883a29de1169a3f26b01c4b084beccf14e7860f0f5f42a7d05d857f3698a45bac,gx-no-cache=1522674932078 HTTP/1.1" 200 89
186.103.159.188 - - [02/Apr/2018:10:16:30 -0300] "GET /cormun/static/menuarrow.gif HTTP/1.1" 404 1015
186.103.159.188 - - [02/Apr/2018:10:16:37 -0300] "GET /cormun/servlet/permisogoce?b3fd8beb261add82c023ed05a80c7eacd4cada3e88c611e57576f6036cb799c55d668279bb4e8efc7d44ccb0d148654c1be9f60f2b4b2a3de107db540e8b2711,gx-no-cache=1522674943795 HTTP/1.1" 200 46
186.103.159.188 - - [02/Apr/2018:10:16:41 -0300] "POST /cormun/servlet/permisogoce?f0c0614b1918d3ac961323abbc2328b9,INS,0,,,,gx-no-cache=1522674947758 HTTP/1.1" 200 93
186.103.159.188 - - [02/Apr/2018:10:16:41 -0300] "GET /cormun/servlet/hpexe_return? HTTP/1.1" 200 1002
186.103.159.188 - - [02/Apr/2018:10:16:41 -0300] "GET /cormun/servlet/trpermisosgoce HTTP/1.1" 200 7731
186.103.159.188 - - [02/Apr/2018:10:16:42 -0300] "GET /cormun/servlet/trpermisosgoce HTTP/1.1" 200 7727
186.103.159.188 - - [02/Apr/2018:10:16:48 -0300] "GET /cormun/servlet/permisogoce?INS,0,,, HTTP/1.1" 200 6773
186.103.159.188 - - [02/Apr/2018:10:16:48 -0300] "GET /cormun/servlet/permisogoce?INS,0,,, HTTP/1.1" 200 6773
192.168.10.54 - - [02/Apr/2018:10:16:48 -0300] "GET /cormun/servlet/vesolicitudgral?2018,8698,, HTTP/1.1" 200 7905
192.168.10.54 - - [02/Apr/2018:10:16:48 -0300] "GET /cormun/pexe_scrolldiv.js HTTP/1.1" 404 1009
192.168.10.54 - - [02/Apr/2018:10:16:48 -0300] "GET /cormun/static/gxcfg.js?201711151294153 HTTP/1.1" 304 -
192.168.10.54 - - [02/Apr/2018:10:16:48 -0300] "GET /cormun/static/vesolicitudgral.js?201711151294244 HTTP/1.1" 304 -
192.168.10.54 - - [02/Apr/2018:10:16:48 -0300] "GET /cormun/static/tbsolicitudgral01.js?201813119422078 HTTP/1.1" 304 -
192.168.10.54 - - [02/Apr/2018:10:16:48 -0300] "GET /cormun/pexe_scrolldiv.js HTTP/1.1" 404 1009
192.168.10.54 - - [02/Apr/2018:10:16:49 -0300] "GET /cormun/servlet/hlogin HTTP/1.1" 200 1747
192.168.10.54 - - [02/Apr/2018:10:16:49 -0300] "GET /cormun/servlet/vesolicitudgral?2018,8698,, HTTP/1.1" 200 7902
186.103.159.188 - - [02/Apr/2018:10:16:56 -0300] "GET /cormun/servlet/permisogoce?b3fd8beb261add82c023ed05a80c7eac5f48f4d769a3b025156eddb3cc6991c383a29de1169a3f26b01c4b084beccf14e7860f0f5f42a7d05d857f3698a45bac,gx-no-cache=1522674963109 HTTP/1.1" 200 226
186.103.159.188 - - [02/Apr/2018:10:16:56 -0300] "GET /cormun/static/Shared/jqueryui/images/ui-bg_flat_55_994d53_40x100.png HTTP/1.1" 404 1097
190.161.236.41 - - [02/Apr/2018:10:16:56 -0300] "GET /cormun/static/Shared/jqueryui/images/ui-icons_ebccce_256x240.png HTTP/1.1" 404 1089
186.103.159.188 - - [02/Apr/2018:10:16:56 -0300] "GET /cormun/static/Shared/jqueryui/images/ui-icons_82798d_256x240.png HTTP/1.1" 404 1089
186.103.159.188 - - [02/Apr/2018:10:16:57 -0300] "GET /cormun/static/Shared/jqueryui/images/ui-bg_highlight-soft_100_c6c2c8_1x100.png HTTP/1.1" 404 1117
192.168.10.54 - - [02/Apr/2018:10:17:01 -0300] "POST /cormun/servlet/hlogin?ab8b0ce52b785e991c126254fa1c7ef5,gx-no-cache=1522674850530 HTTP/1.1" 200 463
186.103.159.188 - - [02/Apr/2018:10:17:07 -0300] "GET /cormun/servlet/permisogoce?b3fd8beb261add82c023ed05a80c7eac43600d19b83e7521287cd5c6b78359e8a784e3e14894d23171ea2575acb2fa92,gx-no-cache=1522674971434 HTTP/1.1" 200 74
192.168.10.54 - - [02/Apr/2018:10:17:08 -0300] "POST /cormun/servlet/hlogin?ab8b0ce52b785e991c126254fa1c7ef5,gx-no-cache=1522674856944 HTTP/1.1" 200 90
192.168.10.54 - - [02/Apr/2018:10:17:08 -0300] "GET /cormun/servlet/hpexe_link HTTP/1.1" 200 949
192.168.10.54 - - [02/Apr/2018:10:17:08 -0300] "GET /cormun/servlet/hhome HTTP/1.1" 200 4485
192.168.10.54 - - [02/Apr/2018:10:17:08 -0300] "GET /cormun/static/SmoothNavMenu/resources/images/right.gif HTTP/1.1" 200 860
192.168.10.54 - - [02/Apr/2018:10:17:08 -0300] "GET /cormun/servlet/hhome HTTP/1.1" 200 4481
192.168.10.54 - - [02/Apr/2018:10:17:11 -0300] "GET /cormun/servlet/trsolicitudgral? HTTP/1.1" 200 29018
186.103.159.188 - - [02/Apr/2018:10:17:12 -0300] "GET /cormun/static/menuarrow.gif HTTP/1.1" 404 1015
192.168.10.54 - - [02/Apr/2018:10:17:12 -0300] "GET /cormun/servlet/trsolicitudgral? HTTP/1.1" 200 29015
186.103.159.188 - - [02/Apr/2018:10:17:17 -0300] "GET /cormun/servlet/permisogoce?b3fd8beb261add82c023ed05a80c7eacfb5e51c39f45ee6e7b8f088e19e25bbc48ca25909c0a01f61f0c67023acfba9145ddbdc79aaf2308c210a68460f3a340,gx-no-cache=1522674984701 HTTP/1.1" 200 46
186.103.159.188 - - [02/Apr/2018:10:17:21 -0300] "POST /cormun/servlet/permisogoce?f0c0614b1918d3ac961323abbc2328b9,INS,0,,,,gx-no-cache=1522674986933 HTTP/1.1" 200 93
186.103.159.188 - - [02/Apr/2018:10:17:21 -0300] "GET /cormun/servlet/hpexe_return? HTTP/1.1" 200 1002
186.103.159.188 - - [02/Apr/2018:10:17:21 -0300] "GET /cormun/servlet/trpermisosgoce HTTP/1.1" 200 7993
186.103.159.188 - - [02/Apr/2018:10:17:22 -0300] "GET /cormun/servlet/trpermisosgoce HTTP/1.1" 200 7990
190.161.236.41 - - [02/Apr/2018:10:17:29 -0300] "GET /cormun/servlet/permisogoce?INS,0,,, HTTP/1.1" 200 6773
190.161.236.41 - - [02/Apr/2018:10:17:29 -0300] "GET /cormun/servlet/permisogoce?INS,0,,, HTTP/1.1" 200 6773
192.168.10.54 - - [02/Apr/2018:10:17:34 -0300] "POST /cormun/servlet/trsolicitudgral?ab8b0ce52b785e991c126254fa1c7ef5,,gx-no-cache=1522674882569 HTTP/1.1" 200 24084
190.161.236.41 - - [02/Apr/2018:10:17:36 -0300] "GET /cormun/servlet/permisogoce?b3fd8beb261add82c023ed05a80c7eac7ab34890f3d8bc184f30a2a218b3b29f83a29de1169a3f26b01c4b084beccf14e7860f0f5f42a7d05d857f3698a45bac,gx-no-cache=1522675002892 HTTP/1.1" 200 79
192.168.10.54 - - [02/Apr/2018:10:17:39 -0300] "GET /cormun/servlet/vesolicitudgral?2018,8698,, HTTP/1.1" 200 9135
192.168.10.54 - - [02/Apr/2018:10:17:39 -0300] "GET /cormun/pexe_scrolldiv.js HTTP/1.1" 404 1009
192.168.10.54 - - [02/Apr/2018:10:17:39 -0300] "GET /cormun/pexe_scrolldiv.js HTTP/1.1" 404 1009
192.168.10.54 - - [02/Apr/2018:10:17:39 -0300] "GET /cormun/servlet/vesolicitudgral?2018,8698,, HTTP/1.1" 200 9134
190.161.236.41 - - [02/Apr/2018:10:17:41 -0300] "GET /cormun/static/menuarrow.gif HTTP/1.1" 404 1015
190.161.236.41 - - [02/Apr/2018:10:17:50 -0300] "GET /cormun/servlet/permisogoce?b3fd8beb261add82c023ed05a80c7eac1fe937ca0de8d94aff07ace4dbb94e7b6354f19fe6ff429def1dbf9a7802e31b1be9f60f2b4b2a3de107db540e8b2711,gx-no-cache=1522675017057 HTTP/1.1" 200 47
190.161.236.41 - - [02/Apr/2018:10:17:53 -0300] "POST /cormun/servlet/permisogoce?f0c0614b1918d3ac961323abbc2328b9,INS,0,,,,gx-no-cache=1522675019716 HTTP/1.1" 200 93
190.161.236.41 - - [02/Apr/2018:10:17:53 -0300] "GET /cormun/servlet/hpexe_return? HTTP/1.1" 200 1002
190.161.236.41 - - [02/Apr/2018:10:17:53 -0300] "GET /cormun/servlet/trpermisosgoce HTTP/1.1" 200 8258
190.161.236.41 - - [02/Apr/2018:10:17:54 -0300] "GET /cormun/servlet/trpermisosgoce HTTP/1.1" 200 8254
190.161.236.41 - - [02/Apr/2018:10:17:56 -0300] "GET /cormun/servlet/permisogoce?INS,0,,, HTTP/1.1" 200 6773
190.161.236.41 - - [02/Apr/2018:10:17:57 -0300] "GET /cormun/servlet/permisogoce?INS,0,,, HTTP/1.1" 200 6773
192.168.10.89 - - [02/Apr/2018:10:17:58 -0300] "POST /cormun/servlet/trsolicitudgral?252d2bd7e57b710d15fdeffe9ec069b9,gx-no-cache=1522674907040 HTTP/1.1" 200 7291
190.161.236.41 - - [02/Apr/2018:10:18:03 -0300] "GET /cormun/servlet/permisogoce?b3fd8beb261add82c023ed05a80c7eac6fdd03a69be60a5cba85e299519e9831a784e3e14894d23171ea2575acb2fa92,gx-no-cache=1522675029849 HTTP/1.1" 200 79
