190.161.236.41 - - [02/Apr/2018:10:18:07 -0300] "GET /cormun/static/menuarrow.gif HTTP/1.1" 404 1015
190.161.236.41 - - [02/Apr/2018:10:18:12 -0300] "GET /cormun/servlet/permisogoce?b3fd8beb261add82c023ed05a80c7eacddbc323fac13ae5b36ca6d9fe2d1cf86863bad1b40dfd34f23f3879b2a76be7e45ddbdc79aaf2308c210a68460f3a340,gx-no-cache=1522675039147 HTTP/1.1" 200 47
190.161.236.41 - - [02/Apr/2018:10:18:14 -0300] "POST /cormun/servlet/permisogoce?f0c0614b1918d3ac961323abbc2328b9,INS,0,,,,gx-no-cache=1522675041099 HTTP/1.1" 200 93
190.161.236.41 - - [02/Apr/2018:10:18:14 -0300] "GET /cormun/servlet/hpexe_return? HTTP/1.1" 200 1002
190.161.236.41 - - [02/Apr/2018:10:18:15 -0300] "GET /cormun/servlet/trpermisosgoce HTTP/1.1" 200 8470
190.161.236.41 - - [02/Apr/2018:10:18:15 -0300] "GET /cormun/servlet/trpermisosgoce HTTP/1.1" 200 8465
190.161.236.41 - - [02/Apr/2018:10:18:19 -0300] "GET /cormun/servlet/permisogoce?INS,0,,, HTTP/1.1" 200 6773
190.161.236.41 - - [02/Apr/2018:10:18:19 -0300] "GET /cormun/servlet/permisogoce?INS,0,,, HTTP/1.1" 200 6773
190.161.236.41 - - [02/Apr/2018:10:19:47 -0300] "GET /cormun/static/menuarrow.gif HTTP/1.1" 404 1015
186.103.159.188 - - [02/Apr/2018:10:19:47 -0300] "GET /cormun/servlet/permisogoce?INS,0,,, HTTP/1.1" 200 6773
186.103.159.188 - - [02/Apr/2018:10:19:47 -0300] "GET /cormun/servlet/permisogoce?INS,0,,, HTTP/1.1" 200 6772
186.103.159.188 - - [02/Apr/2018:10:19:55 -0300] "GET /cormun/servlet/permisogoce?b3fd8beb261add82c023ed05a80c7eac357de8ef9c18b0913ec1e65ecf382ebd83a29de1169a3f26b01c4b084beccf14e7860f0f5f42a7d05d857f3698a45bac,gx-no-cache=1522675142036 HTTP/1.1" 200 73
186.103.159.188 - - [02/Apr/2018:10:20:00 -0300] "GET /cormun/static/menuarrow.gif HTTP/1.1" 404 1015
192.168.10.89 - - [02/Apr/2018:10:20:01 -0300] "GET /cormun/servlet/vesolicitudgral?2018,10498,, HTTP/1.1" 200 9442
192.168.10.89 - - [02/Apr/2018:10:20:01 -0300] "GET /cormun/pexe_scrolldiv.js HTTP/1.1" 404 1009
192.168.10.89 - - [02/Apr/2018:10:20:03 -0300] "GET /cormun/servlet/vesolicitudgral?2018,10498,,SolicitudOTLog HTTP/1.1" 200 10586
192.168.10.89 - - [02/Apr/2018:10:20:03 -0300] "GET /cormun/pexe_scrolldiv.js HTTP/1.1" 404 1009
192.168.10.89 - - [02/Apr/2018:10:20:05 -0300] "POST /cormun/servlet/acontrolpreferencessavestate?None,CDROGUETT,true HTTP/1.1" 200 35
186.103.159.188 - - [02/Apr/2018:10:20:10 -0300] "GET /cormun/servlet/permisogoce?b3fd8beb261add82c023ed05a80c7eaccf040b3af1938a324ad23db8ef9a0e4d062b66067231b803463cc7d25463508d02eac71ef9e958168eb3a8799305dbfe,gx-no-cache=1522675157386 HTTP/1.1" 200 47
186.103.159.188 - - [02/Apr/2018:10:20:15 -0300] "POST /cormun/servlet/permisogoce?f0c0614b1918d3ac961323abbc2328b9,INS,0,,,,gx-no-cache=1522675161532 HTTP/1.1" 200 93
186.103.159.188 - - [02/Apr/2018:10:20:15 -0300] "GET /cormun/servlet/hpexe_return? HTTP/1.1" 200 1002
186.103.159.188 - - [02/Apr/2018:10:20:15 -0300] "GET /cormun/servlet/trpermisosgoce HTTP/1.1" 200 8701
186.103.159.188 - - [02/Apr/2018:10:20:15 -0300] "GET /cormun/servlet/trpermisosgoce HTTP/1.1" 200 8695
186.103.159.188 - - [02/Apr/2018:10:20:19 -0300] "GET /cormun/servlet/apermisogoceprn?15125831,P,20180402101655,PU HTTP/1.1" 200 1645
192.168.10.89 - - [02/Apr/2018:10:20:23 -0300] "GET /cormun/servlet/vesolicitudgral?2018,10498,,SolicitudOTAdjuntos HTTP/1.1" 200 11811
192.168.10.89 - - [02/Apr/2018:10:20:23 -0300] "GET /cormun/pexe_scrolldiv.js HTTP/1.1" 404 1009
192.168.10.89 - - [02/Apr/2018:10:20:25 -0300] "POST /cormun/servlet/acontrolpreferencessavestate?None,CDROGUETT,true HTTP/1.1" 200 35
192.168.10.89 - - [02/Apr/2018:10:20:26 -0300] "GET /cormun/servlet/vesolicitudgral?2018,10498,,General HTTP/1.1" 200 9446
192.168.10.89 - - [02/Apr/2018:10:20:26 -0300] "GET /cormun/pexe_scrolldiv.js HTTP/1.1" 404 1009
192.168.10.89 - - [02/Apr/2018:10:20:30 -0300] "POST /cormun/servlet/vesolicitudgral?252d2bd7e57b710d15fdeffe9ec069b9,2018,10498,,General,gx-no-cache=1522675058799 HTTP/1.1" 200 90
192.168.10.89 - - [02/Apr/2018:10:20:30 -0300] "GET /cormun/servlet/hpexe_link HTTP/1.1" 200 985
192.168.10.89 - - [02/Apr/2018:10:20:30 -0300] "GET /cormun/servlet/trsolicitudgral?gx-no-cache=1522674907040 HTTP/1.1" 200 10791
186.103.159.188 - - [02/Apr/2018:10:20:36 -0300] "GET /cormun/servlet/apermisogoceprn?13947002,P,20180402101437,PU HTTP/1.1" 200 1654
186.103.159.188 - - [02/Apr/2018:10:20:47 -0300] "GET /cormun/servlet/apermisogoceprn?16846409,P,20180402101324,PU HTTP/1.1" 200 1664
186.103.159.188 - - [02/Apr/2018:10:21:01 -0300] "GET /cormun/servlet/apermisogoceprn?9306371,P,20180402101357,PU HTTP/1.1" 200 1647
186.103.159.188 - - [02/Apr/2018:10:21:09 -0300] "GET /cormun/servlet/apermisogoceprn?7677020,P,20180402101505,PU HTTP/1.1" 200 1650
192.168.10.54 - - [02/Apr/2018:10:22:48 -0300] "GET /cormun/servlet/hlogin HTTP/1.1" 200 1747
186.9.133.2 - - [02/Apr/2018:10:23:26 -0300] "GET /cormun/servlet/hlogin HTTP/1.1" 200 1727
186.9.133.2 - - [02/Apr/2018:10:24:42 -0300] "GET /cormun/servlet/hlogin HTTP/1.1" 200 1718
186.9.133.2 - - [02/Apr/2018:10:25:33 -0300] "POST /cormun/servlet/hlogin?c3ad7b026ad7f22a1dfd6e553fe44df1,gx-no-cache=1522675484064 HTTP/1.1" 200 90
186.9.133.2 - - [02/Apr/2018:10:25:33 -0300] "GET /cormun/servlet/hpexe_link HTTP/1.1" 200 946
186.9.133.2 - - [02/Apr/2018:10:25:33 -0300] "GET /cormun/servlet/hhome HTTP/1.1" 200 4213
186.9.133.2 - - [02/Apr/2018:10:25:36 -0300] "GET /cormun/servlet/hhome HTTP/1.1" 200 4209
200.112.233.47 - - [02/Apr/2018:10:26:59 -0300] "GET /cormun/static/Resources/Spanish/PXTools.css?11423723 HTTP/1.1" 200 57344
186.79.49.245 - - [02/Apr/2018:10:28:38 -0300] "GET /cormun/servlet/hlogin HTTP/1.1" 200 1721
186.79.49.245 - - [02/Apr/2018:10:28:40 -0300] "POST /cormun/servlet/hlogin?8cd8a2955b4169ef8296c9cb94f15bc1,gx-no-cache=1522675667208 HTTP/1.1" 200 90
186.79.49.245 - - [02/Apr/2018:10:28:40 -0300] "GET /cormun/servlet/hpexe_link HTTP/1.1" 200 953
186.79.49.245 - - [02/Apr/2018:10:28:40 -0300] "GET /cormun/servlet/hhome HTTP/1.1" 200 3935
186.79.49.245 - - [02/Apr/2018:10:28:41 -0300] "GET /cormun/servlet/hhome HTTP/1.1" 200 3933
186.103.159.230 - - [02/Apr/2018:10:28:42 -0300] "GET /cormun/servlet/hlogin HTTP/1.1" 200 1723
186.103.159.230 - - [02/Apr/2018:10:28:43 -0300] "GET /cormun/static/gxcfg.js?20175251213516 HTTP/1.1" 304 -
186.103.159.230 - - [02/Apr/2018:10:28:43 -0300] "GET /cormun/static/gxtimezone.js?85251 HTTP/1.1" 304 -
186.103.159.230 - - [02/Apr/2018:10:28:43 -0300] "GET /cormun/static/messages.spa.js?85251 HTTP/1.1" 304 -
186.103.159.230 - - [02/Apr/2018:10:28:43 -0300] "GET /cormun/static/Resources/PXToolsButtonLeft21.png HTTP/1.1" 304 -
186.103.159.230 - - [02/Apr/2018:10:28:43 -0300] "GET /cormun/static/Resources/PXToolsButtonRight21.png HTTP/1.1" 304 -
186.103.159.230 - - [02/Apr/2018:10:28:43 -0300] "GET /cormun/static/Resources/PXToolsButtonBackground2.png HTTP/1.1" 304 -
186.103.159.230 - - [02/Apr/2018:10:28:43 -0300] "GET /cormun/servlet/hlogin HTTP/1.1" 200 1733
186.79.49.245 - - [02/Apr/2018:10:28:47 -0300] "GET /cormun/servlet/trsolicitudot? HTTP/1.1" 200 7143
186.79.49.245 - - [02/Apr/2018:10:28:48 -0300] "GET /cormun/servlet/trsolicitudot? HTTP/1.1" 200 7145
186.79.49.245 - - [02/Apr/2018:10:28:50 -0300] "GET /cormun/servlet/solicitudot?INS,0,0, HTTP/1.1" 200 13384
186.79.49.245 - - [02/Apr/2018:10:28:51 -0300] "GET /cormun/servlet/solicitudot?INS,0,0, HTTP/1.1" 200 13389
186.103.159.230 - - [02/Apr/2018:10:28:56 -0300] "POST /cormun/servlet/hlogin?ff24c9a8fc0912d5f137ca0dd1a9d523,gx-no-cache=1522675683057 HTTP/1.1" 200 450
186.79.49.245 - - [02/Apr/2018:10:28:58 -0300] "POST /cormun/servlet/solicitudot?8cd8a2955b4169ef8296c9cb94f15bc1,INS,0,0,,gx-no-cache=1522675683773 HTTP/1.1" 200 10541
186.79.49.245 - - [02/Apr/2018:10:28:58 -0300] "GET /cormun/static/Shared/jqueryui/images/ui-bg_highlight-soft_100_c6c2c8_1x100.png HTTP/1.1" 404 1117
186.79.49.245 - - [02/Apr/2018:10:28:58 -0300] "GET /cormun/static/Shared/jqueryui/images/ui-icons_82798d_256x240.png HTTP/1.1" 404 1089
186.79.49.245 - - [02/Apr/2018:10:28:58 -0300] "GET /cormun/static/Shared/jqueryui/images/ui-bg_flat_55_994d53_40x100.png HTTP/1.1" 404 1097
186.79.49.245 - - [02/Apr/2018:10:28:58 -0300] "GET /cormun/static/Shared/jqueryui/images/ui-icons_ebccce_256x240.png HTTP/1.1" 404 1089
186.79.49.245 - - [02/Apr/2018:10:29:03 -0300] "POST /cormun/servlet/solicitudot?gx-no-cache=1522675689082 HTTP/1.1" 200 3341
186.79.49.245 - - [02/Apr/2018:10:29:03 -0300] "GET /cormun/servlet/solicitudot?fa3a95f2c1f9b072873dd7d36770887d09b1ff7f77fc6dfba0cf6fbb72b5f4af,gx-no-cache=1522675690651 HTTP/1.1" 200 111
186.103.159.230 - - [02/Apr/2018:10:29:05 -0300] "POST /cormun/servlet/hlogin?ff24c9a8fc0912d5f137ca0dd1a9d523,gx-no-cache=1522675691660 HTTP/1.1" 200 90
186.103.159.230 - - [02/Apr/2018:10:29:05 -0300] "GET /cormun/servlet/hpexe_link HTTP/1.1" 200 954
186.103.159.230 - - [02/Apr/2018:10:29:05 -0300] "GET /cormun/static/gxcfg.js?20177612121792 HTTP/1.1" 304 -
186.103.159.230 - - [02/Apr/2018:10:29:05 -0300] "GET /cormun/servlet/hhome HTTP/1.1" 200 4165
186.103.159.230 - - [02/Apr/2018:10:29:05 -0300] "GET /cormun/static/Shared/jqueryui/jquery-ui.min.css?1245370 HTTP/1.1" 304 -
186.103.159.230 - - [02/Apr/2018:10:29:05 -0300] "GET /cormun/static/gxcfg.js?20175251212442 HTTP/1.1" 304 -
186.103.159.230 - - [02/Apr/2018:10:29:06 -0300] "GET /cormun/static/Resources/logo4.png HTTP/1.1" 304 -
186.103.159.230 - - [02/Apr/2018:10:29:06 -0300] "GET /cormun/static/Resources/PXToolsHeaderBackground2.png HTTP/1.1" 304 -
186.103.159.230 - - [02/Apr/2018:10:29:06 -0300] "GET /cormun/static/Resources/PXToolsFooterBackground2.png HTTP/1.1" 304 -
186.103.159.230 - - [02/Apr/2018:10:29:06 -0300] "GET /cormun/servlet/hhome HTTP/1.1" 200 4161
186.79.49.245 - - [02/Apr/2018:10:29:19 -0300] "POST /cormun/servlet/solicitudot?gx-no-cache=1522675706125 HTTP/1.1" 200 3358
192.168.10.96 - - [02/Apr/2018:10:29:38 -0300] "GET /cormun/servlet/trsolicitudgral? HTTP/1.1" 500 10
192.168.10.96 - - [02/Apr/2018:10:29:41 -0300] "GET /cormun/servlet/hlogin HTTP/1.1" 200 1723
192.168.10.96 - - [02/Apr/2018:10:29:41 -0300] "GET /cormun/servlet/hlogin HTTP/1.1" 200 1723
186.9.133.2 - - [02/Apr/2018:10:29:45 -0300] "GET /cormun/servlet/trfichaempleado? HTTP/1.1" 200 12587
192.168.10.96 - - [02/Apr/2018:10:29:46 -0300] "POST /cormun/servlet/hlogin?7213bd76f861f6f27d4c82ecd4a1aa1e,gx-no-cache=1522675614948 HTTP/1.1" 200 90
192.168.10.96 - - [02/Apr/2018:10:29:46 -0300] "GET /cormun/servlet/hpexe_link HTTP/1.1" 200 952
192.168.10.96 - - [02/Apr/2018:10:29:46 -0300] "GET /cormun/servlet/hhome HTTP/1.1" 200 4706
192.168.10.96 - - [02/Apr/2018:10:29:46 -0300] "GET /cormun/servlet/hhome HTTP/1.1" 200 4705
192.168.10.96 - - [02/Apr/2018:10:29:48 -0300] "GET /cormun/servlet/trsolicitudgral? HTTP/1.1" 200 29236
192.168.10.96 - - [02/Apr/2018:10:29:49 -0300] "GET /cormun/servlet/trsolicitudgral? HTTP/1.1" 200 29233
192.168.10.96 - - [02/Apr/2018:10:29:56 -0300] "POST /cormun/servlet/trsolicitudgral?7213bd76f861f6f27d4c82ecd4a1aa1e,,gx-no-cache=1522675624359 HTTP/1.1" 200 26707
192.168.10.96 - - [02/Apr/2018:10:30:02 -0300] "POST /cormun/servlet/trsolicitudgral?7213bd76f861f6f27d4c82ecd4a1aa1e,,gx-no-cache=1522675630912 HTTP/1.1" 200 5924
192.168.10.96 - - [02/Apr/2018:10:30:10 -0300] "POST /cormun/servlet/trsolicitudgral?7213bd76f861f6f27d4c82ecd4a1aa1e,,gx-no-cache=1522675639218 HTTP/1.1" 200 5923
192.168.10.96 - - [02/Apr/2018:10:30:14 -0300] "POST /cormun/servlet/trsolicitudgral?7213bd76f861f6f27d4c82ecd4a1aa1e,,gx-no-cache=1522675642963 HTTP/1.1" 200 5926
192.168.10.96 - - [02/Apr/2018:10:30:17 -0300] "POST /cormun/servlet/trsolicitudgral?7213bd76f861f6f27d4c82ecd4a1aa1e,,gx-no-cache=1522675645890 HTTP/1.1" 200 5924
192.168.10.96 - - [02/Apr/2018:10:30:26 -0300] "POST /cormun/servlet/trsolicitudgral?7213bd76f861f6f27d4c82ecd4a1aa1e,,gx-no-cache=1522675654906 HTTP/1.1" 200 5934
192.168.10.96 - - [02/Apr/2018:10:30:26 -0300] "POST /cormun/servlet/trsolicitudgral?7213bd76f861f6f27d4c82ecd4a1aa1e,,gx-no-cache=1522675655545 HTTP/1.1" 200 5934
192.168.10.96 - - [02/Apr/2018:10:30:27 -0300] "POST /cormun/servlet/trsolicitudgral?7213bd76f861f6f27d4c82ecd4a1aa1e,,gx-no-cache=1522675655707 HTTP/1.1" 200 5933
192.168.10.96 - - [02/Apr/2018:10:30:27 -0300] "POST /cormun/servlet/trsolicitudgral?7213bd76f861f6f27d4c82ecd4a1aa1e,,gx-no-cache=1522675655874 HTTP/1.1" 200 5934
192.168.10.96 - - [02/Apr/2018:10:30:27 -0300] "POST /cormun/servlet/trsolicitudgral?7213bd76f861f6f27d4c82ecd4a1aa1e,,gx-no-cache=1522675656051 HTTP/1.1" 200 5931
192.168.10.96 - - [02/Apr/2018:10:30:27 -0300] "POST /cormun/servlet/trsolicitudgral?7213bd76f861f6f27d4c82ecd4a1aa1e,,gx-no-cache=1522675656313 HTTP/1.1" 200 5934
192.168.10.96 - - [02/Apr/2018:10:30:27 -0300] "POST /cormun/servlet/trsolicitudgral?7213bd76f861f6f27d4c82ecd4a1aa1e,,gx-no-cache=1522675656641 HTTP/1.1" 200 5933
192.168.10.96 - - [02/Apr/2018:10:30:30 -0300] "POST /cormun/servlet/trsolicitudgral?7213bd76f861f6f27d4c82ecd4a1aa1e,,gx-no-cache=1522675659483 HTTP/1.1" 200 5933
192.168.10.96 - - [02/Apr/2018:10:30:31 -0300] "POST /cormun/servlet/trsolicitudgral?7213bd76f861f6f27d4c82ecd4a1aa1e,,gx-no-cache=1522675660466 HTTP/1.1" 200 5933
192.168.10.96 - - [02/Apr/2018:10:30:31 -0300] "POST /cormun/servlet/trsolicitudgral?7213bd76f861f6f27d4c82ecd4a1aa1e,,gx-no-cache=1522675660641 HTTP/1.1" 200 5932
192.168.10.96 - - [02/Apr/2018:10:30:32 -0300] "POST /cormun/servlet/trsolicitudgral?7213bd76f861f6f27d4c82ecd4a1aa1e,,gx-no-cache=1522675660804 HTTP/1.1" 200 5931
192.168.10.96 - - [02/Apr/2018:10:30:42 -0300] "POST /cormun/servlet/trsolicitudgral?7213bd76f861f6f27d4c82ecd4a1aa1e,,gx-no-cache=1522675671193 HTTP/1.1" 200 7312
192.168.10.96 - - [02/Apr/2018:10:30:42 -0300] "POST /cormun/servlet/trsolicitudgral?7213bd76f861f6f27d4c82ecd4a1aa1e,,gx-no-cache=1522675671400 HTTP/1.1" 200 7313
186.103.159.230 - - [02/Apr/2018:10:30:43 -0300] "GET /cormun/servlet/trsolicitudot? HTTP/1.1" 200 7377
186.103.159.230 - - [02/Apr/2018:10:30:43 -0300] "GET /cormun/static/gxcfg.js?2017111422585916 HTTP/1.1" 304 -
186.103.159.230 - - [02/Apr/2018:10:30:43 -0300] "GET /cormun/static/calendar.js?85251 HTTP/1.1" 304 -
186.103.159.230 - - [02/Apr/2018:10:30:43 -0300] "GET /cormun/static/calendar-setup.js?85251 HTTP/1.1" 304 -
186.103.159.230 - - [02/Apr/2018:10:30:43 -0300] "GET /cormun/static/calendar-es.js?85251 HTTP/1.1" 304 -
186.103.159.230 - - [02/Apr/2018:10:30:43 -0300] "GET /cormun/static/Resources/Spanish/PXTools.css?1255365 HTTP/1.1" 304 -
186.103.159.230 - - [02/Apr/2018:10:30:44 -0300] "GET /cormun/static/gxdec.js?85251 HTTP/1.1" 304 -
186.103.159.230 - - [02/Apr/2018:10:30:44 -0300] "GET /cormun/static/Resources/PXTools/calendar.png HTTP/1.1" 304 -
186.103.159.230 - - [02/Apr/2018:10:30:44 -0300] "GET /cormun/static/trsolicitudot.js?201711142259839 HTTP/1.1" 304 -
186.103.159.230 - - [02/Apr/2018:10:30:44 -0300] "GET /cormun/servlet/trsolicitudot? HTTP/1.1" 200 7376
191.125.191.75 - - [02/Apr/2018:10:30:46 -0300] "GET /cormun/servlet/hlogin HTTP/1.1" 200 1725
186.103.159.230 - - [02/Apr/2018:10:30:47 -0300] "GET /cormun/servlet/solicitudot?INS,0,0, HTTP/1.1" 200 13607
191.125.191.75 - - [02/Apr/2018:10:30:47 -0300] "GET /cormun/static/Resources/Spanish/PXTools.css?11423723 HTTP/1.1" 200 89042
186.103.159.230 - - [02/Apr/2018:10:30:47 -0300] "GET /cormun/static/solicitudot.js?201812313224831 HTTP/1.1" 304 -
186.103.159.230 - - [02/Apr/2018:10:30:47 -0300] "GET /cormun/static/gxcfg.js?201812313224582 HTTP/1.1" 304 -
191.125.191.75 - - [02/Apr/2018:10:30:47 -0300] "GET /cormun/static/gxtimezone.js?85251 HTTP/1.1" 200 5781
191.125.191.75 - - [02/Apr/2018:10:30:47 -0300] "GET /cormun/static/gxcfg.js?20175251213516 HTTP/1.1" 200 953
186.103.159.230 - - [02/Apr/2018:10:30:48 -0300] "GET /cormun/servlet/solicitudot?INS,0,0, HTTP/1.1" 200 13612
191.125.191.75 - - [02/Apr/2018:10:30:48 -0300] "GET /cormun/static/messages.spa.js?85251 HTTP/1.1" 200 30736
191.125.191.75 - - [02/Apr/2018:10:30:49 -0300] "GET /cormun/static/hlogin.js?20175251213537 HTTP/1.1" 200 2136
191.125.191.75 - - [02/Apr/2018:10:30:49 -0300] "GET /cormun/static/gxgral.js?85251 HTTP/1.1" 200 384558
191.125.191.75 - - [02/Apr/2018:10:30:50 -0300] "GET /cormun/static/Resources/ComunLogin.png HTTP/1.1" 200 17326
191.125.191.75 - - [02/Apr/2018:10:30:51 -0300] "GET /cormun/static/Resources/PXToolsLoginBottom.png HTTP/1.1" 200 1389
191.125.191.75 - - [02/Apr/2018:10:30:51 -0300] "GET /cormun/static/Resources/PXToolsLoginBackground.png HTTP/1.1" 200 1164
191.125.191.75 - - [02/Apr/2018:10:30:51 -0300] "GET /cormun/static/Resources/PXToolsButtonLeft21.png HTTP/1.1" 200 1287
191.125.191.75 - - [02/Apr/2018:10:30:51 -0300] "GET /cormun/static/Resources/PXToolsButtonRight21.png HTTP/1.1" 200 1283
191.125.191.75 - - [02/Apr/2018:10:30:51 -0300] "GET /cormun/static/Resources/PXToolsButtonBackground2.png HTTP/1.1" 200 1181
191.125.191.75 - - [02/Apr/2018:10:30:51 -0300] "GET /cormun/static/Resources/PXToolsLoginTop.png HTTP/1.1" 200 1337
191.125.191.75 - - [02/Apr/2018:10:30:51 -0300] "GET /cormun/static/Resources/indicator.gif HTTP/1.1" 200 1553
191.125.191.75 - - [02/Apr/2018:10:30:51 -0300] "GET /cormun/servlet/hlogin HTTP/1.1" 200 1734
191.125.191.75 - - [02/Apr/2018:10:30:53 -0300] "GET /cormun/static/Resources/indicator.gif HTTP/1.1" 206 1
191.125.191.75 - - [02/Apr/2018:10:30:53 -0300] "GET /cormun/static/Resources/indicator.gif HTTP/1.1" 206 381
192.168.10.96 - - [02/Apr/2018:10:31:04 -0300] "GET /cormun/servlet/vesolicitudgral?2018,10481,, HTTP/1.1" 200 9288
192.168.10.96 - - [02/Apr/2018:10:31:04 -0300] "GET /cormun/pexe_scrolldiv.js HTTP/1.1" 404 1009
192.168.10.96 - - [02/Apr/2018:10:31:04 -0300] "GET /cormun/pexe_scrolldiv.js HTTP/1.1" 404 1009
192.168.10.96 - - [02/Apr/2018:10:31:04 -0300] "GET /cormun/servlet/vesolicitudgral?2018,10481,, HTTP/1.1" 200 9287
192.168.10.96 - - [02/Apr/2018:10:31:05 -0300] "GET /cormun/servlet/vesolicitudgral?2018,10481,,SolicitudOTLog HTTP/1.1" 200 9671
192.168.10.96 - - [02/Apr/2018:10:31:05 -0300] "GET /cormun/pexe_scrolldiv.js HTTP/1.1" 404 1009
192.168.10.96 - - [02/Apr/2018:10:31:06 -0300] "GET /cormun/pexe_scrolldiv.js HTTP/1.1" 404 1009
192.168.10.96 - - [02/Apr/2018:10:31:06 -0300] "GET /cormun/servlet/vesolicitudgral?2018,10481,,SolicitudOTLog HTTP/1.1" 200 9671
192.168.10.96 - - [02/Apr/2018:10:31:07 -0300] "POST /cormun/servlet/acontrolpreferencessavestate?None,DZAMUDIO,true HTTP/1.1" 200 35
200.54.18.125 - - [02/Apr/2018:10:31:09 -0300] "GET /cormun/servlet/hlogin HTTP/1.1" 200 1723
191.125.191.75 - - [02/Apr/2018:10:31:09 -0300] "GET /favicon.ico HTTP/1.1" 200 21630
191.125.191.75 - - [02/Apr/2018:10:31:10 -0300] "POST /cormun/servlet/hlogin?ef27003c2cb7063cc16e0f1854029dcc,gx-no-cache=1522676025077 HTTP/1.1" 200 90
200.54.18.125 - - [02/Apr/2018:10:31:10 -0300] "GET /cormun/static/gxcfg.js?20175251213516 HTTP/1.1" 304 -
191.125.191.75 - - [02/Apr/2018:10:31:10 -0300] "GET /cormun/servlet/hpexe_link HTTP/1.1" 200 955
191.125.191.75 - - [02/Apr/2018:10:31:10 -0300] "GET /cormun/static/gxcfg.js?20177612121792 HTTP/1.1" 200 953
191.125.191.75 - - [02/Apr/2018:10:31:10 -0300] "GET /cormun/static/hpexe_link.js?20177612121795 HTTP/1.1" 200 625
191.125.191.75 - - [02/Apr/2018:10:31:10 -0300] "GET /cormun/static/Resources/Spanish/PXTools.css?1155365 HTTP/1.1" 200 89042
186.103.159.230 - - [02/Apr/2018:10:31:11 -0300] "POST /cormun/servlet/solicitudot?gx-no-cache=1522675817164 HTTP/1.1" 200 3492
200.54.18.125 - - [02/Apr/2018:10:31:11 -0300] "GET /cormun/servlet/hlogin HTTP/1.1" 200 1731
191.125.191.75 - - [02/Apr/2018:10:31:11 -0300] "GET /cormun/servlet/hhome HTTP/1.1" 200 4500
186.103.159.230 - - [02/Apr/2018:10:31:11 -0300] "GET /cormun/static/Shared/jqueryui/images/ui-bg_highlight-soft_100_c6c2c8_1x100.png HTTP/1.1" 404 1117
186.103.159.230 - - [02/Apr/2018:10:31:11 -0300] "GET /cormun/static/Shared/jqueryui/images/ui-icons_82798d_256x240.png HTTP/1.1" 404 1089
191.125.191.75 - - [02/Apr/2018:10:31:11 -0300] "GET /cormun/static/SmoothNavMenu/resources/ddsmoothmenu-v.css?1012540 HTTP/1.1" 200 1188
191.125.191.75 - - [02/Apr/2018:10:31:11 -0300] "GET /cormun/static/gxcfg.js?20175251212442 HTTP/1.1" 200 953
191.125.191.75 - - [02/Apr/2018:10:31:11 -0300] "GET /cormun/static/PXToolsJavascripts/pexe_autoreload.js HTTP/1.1" 200 1762
191.125.191.75 - - [02/Apr/2018:10:31:11 -0300] "GET /cormun/static/scaMessage/css/jquery.pnotify.default.css?1716380 HTTP/1.1" 200 1707
191.125.191.75 - - [02/Apr/2018:10:31:11 -0300] "GET /cormun/static/PXToolsJavascripts/pexe_cookies.js HTTP/1.1" 200 792
191.125.191.75 - - [02/Apr/2018:10:31:11 -0300] "GET /cormun/static/PXToolsJavascripts/pexe_windows.js HTTP/1.1" 200 15207
191.125.191.75 - - [02/Apr/2018:10:31:11 -0300] "GET /cormun/static/PXToolsJavascripts/pexe_grid.js HTTP/1.1" 200 7559
191.125.191.75 - - [02/Apr/2018:10:31:11 -0300] "GET /cormun/static/PXToolsJavascripts/pexe_griddivfix.js HTTP/1.1" 200 6644
191.125.191.75 - - [02/Apr/2018:10:31:11 -0300] "GET /cormun/static/PXToolsJavascripts/pexe_link.js HTTP/1.1" 200 5671
191.125.191.75 - - [02/Apr/2018:10:31:11 -0300] "GET /cormun/static/SmoothNavMenu/resources/ddsmoothmenu.css?1012540 HTTP/1.1" 200 2223
191.125.191.75 - - [02/Apr/2018:10:31:11 -0300] "GET /cormun/static/PXToolsJavascripts/pexe_menudivfix.js HTTP/1.1" 200 333
191.125.191.75 - - [02/Apr/2018:10:31:11 -0300] "GET /cormun/static/Shared/jqueryui/jquery-ui.min.css?1245370 HTTP/1.1" 200 30288
191.125.191.75 - - [02/Apr/2018:10:31:11 -0300] "GET /cormun/static/PXToolsJavascripts/pexe_menus.js HTTP/1.1" 200 1286
191.125.191.75 - - [02/Apr/2018:10:31:11 -0300] "GET /cormun/static/PXToolsJavascripts/pexe_layers.js HTTP/1.1" 200 4114
186.103.159.230 - - [02/Apr/2018:10:31:11 -0300] "GET /cormun/static/Shared/jqueryui/images/ui-icons_ebccce_256x240.png HTTP/1.1" 404 1089
191.125.191.75 - - [02/Apr/2018:10:31:11 -0300] "GET /cormun/static/PXToolsJavascripts/pexe_oav.js HTTP/1.1" 200 645
191.125.191.75 - - [02/Apr/2018:10:31:11 -0300] "GET /cormun/static/PXToolsJavascripts/pexe_oavdivfix.js HTTP/1.1" 200 639
191.125.191.75 - - [02/Apr/2018:10:31:11 -0300] "GET /cormun/static/PXToolsJavascripts/pexe_scrolldiv.js HTTP/1.1" 200 4138
191.125.191.75 - - [02/Apr/2018:10:31:11 -0300] "GET /cormun/static/PXToolsJavascripts/pexe_tabdivfix.js HTTP/1.1" 200 876
191.125.191.75 - - [02/Apr/2018:10:31:11 -0300] "GET /cormun/static/PXToolsJavascripts/pexe_tabs.js HTTP/1.1" 200 3748
191.125.191.75 - - [02/Apr/2018:10:31:11 -0300] "GET /cormun/static/PXToolsJavascripts/PXToolsJavascriptsRender.js HTTP/1.1" 200 367
186.103.159.230 - - [02/Apr/2018:10:31:11 -0300] "GET /cormun/static/Shared/jqueryui/images/ui-bg_flat_55_994d53_40x100.png HTTP/1.1" 404 1097
191.125.191.75 - - [02/Apr/2018:10:31:11 -0300] "GET /cormun/static/PXToolsJavascripts/pexe_upload.js HTTP/1.1" 200 1423
191.125.191.75 - - [02/Apr/2018:10:31:12 -0300] "GET /cormun/static/PXToolsJavascripts/pexe_popup.js HTTP/1.1" 200 13458
191.125.191.75 - - [02/Apr/2018:10:31:12 -0300] "GET /cormun/static/PXToolsJavascripts/pexe_picture.js HTTP/1.1" 200 689
200.54.18.125 - - [02/Apr/2018:10:31:12 -0300] "POST /cormun/servlet/hlogin?830833c06d137210783f0aee165e9996,gx-no-cache=1522675808795 HTTP/1.1" 200 90
191.125.191.75 - - [02/Apr/2018:10:31:12 -0300] "GET /cormun/static/RunJS/RunJS.js HTTP/1.1" 200 288
191.125.191.75 - - [02/Apr/2018:10:31:12 -0300] "GET /cormun/static/hhome.js?20175251212450 HTTP/1.1" 200 777
191.125.191.75 - - [02/Apr/2018:10:31:12 -0300] "GET /cormun/static/Shared/ext/locale/ext-lang-en.js HTTP/1.1" 200 10940
191.125.191.75 - - [02/Apr/2018:10:31:12 -0300] "GET /cormun/static/gxui/gxui-all.js HTTP/1.1" 200 107772
191.125.191.75 - - [02/Apr/2018:10:31:12 -0300] "GET /cormun/static/Resources/PXToolsHeaderHome.png HTTP/1.1" 200 4147
191.125.191.75 - - [02/Apr/2018:10:31:12 -0300] "GET /cormun/static/Resources/PXToolsHeaderActionsRight.png HTTP/1.1" 200 1201
191.125.191.75 - - [02/Apr/2018:10:31:12 -0300] "GET /cormun/static/Resources/PXToolsHeaderBackground2.png HTTP/1.1" 200 1174
191.125.191.75 - - [02/Apr/2018:10:31:12 -0300] "GET /cormun/static/Resources/PXToolsFooterBackground2.png HTTP/1.1" 200 1172
186.103.159.230 - - [02/Apr/2018:10:31:12 -0300] "GET /cormun/servlet/solicitudot?4a9054c41be9c49ae0007bb23305121eb088f163bbe7e129073301bdf3d23fe6d1a9c82cf694e85fb3b835cbad06fede,gx-no-cache=1522675819337 HTTP/1.1" 200 111
200.54.18.125 - - [02/Apr/2018:10:31:12 -0300] "GET /cormun/servlet/hpexe_link HTTP/1.1" 200 951
200.54.18.125 - - [02/Apr/2018:10:31:13 -0300] "GET /cormun/static/gxcfg.js?20177612121792 HTTP/1.1" 304 -
191.125.191.75 - - [02/Apr/2018:10:31:13 -0300] "GET /cormun/static/Resources/PXToolsDataTitle.png HTTP/1.1" 200 1173
191.125.191.75 - - [02/Apr/2018:10:31:13 -0300] "GET /cormun/static/Resources/PXToolsHeaderLogin.png HTTP/1.1" 200 4279
191.125.191.75 - - [02/Apr/2018:10:31:13 -0300] "GET /cormun/static/Resources/PXToolsHeaderActionsBackground.png HTTP/1.1" 200 484
191.125.191.75 - - [02/Apr/2018:10:31:14 -0300] "GET /cormun/static/Resources/PXToolsHeaderSecurity.png HTTP/1.1" 200 4166
191.125.191.75 - - [02/Apr/2018:10:31:14 -0300] "GET /cormun/static/Resources/PXToolsHeaderPreferences.png HTTP/1.1" 200 4189
191.125.191.75 - - [02/Apr/2018:10:31:14 -0300] "GET /cormun/static/Resources/logo4.png HTTP/1.1" 200 6582
191.125.191.75 - - [02/Apr/2018:10:31:14 -0300] "GET /cormun/static/Resources/PXToolsHeaderActionsLeft.png HTTP/1.1" 200 1118
200.54.18.125 - - [02/Apr/2018:10:31:15 -0300] "GET /cormun/servlet/hhome HTTP/1.1" 200 4204
191.125.191.75 - - [02/Apr/2018:10:31:16 -0300] "GET /cormun/static/hpexe_recentlink.js?20177611595044 HTTP/1.1" 200 2144
191.125.191.75 - - [02/Apr/2018:10:31:16 -0300] "GET /cormun/static/hpexe_scripts.js?201752511465715 HTTP/1.1" 200 1544
190.151.99.26 - - [02/Apr/2018:10:31:16 -0300] "GET /cormun/static/gxcfg.js?20175251212442 HTTP/1.1" 304 -
191.125.191.75 - - [02/Apr/2018:10:31:16 -0300] "GET /cormun/static/hwchdr01.js?201752511465785 HTTP/1.1" 200 1183
191.125.191.75 - - [02/Apr/2018:10:31:17 -0300] "GET /cormun/static/hpexe_messagecontroller.js?20177611595012 HTTP/1.1" 200 870
191.125.191.75 - - [02/Apr/2018:10:31:17 -0300] "GET /cormun/static/hpexe_messagepopupcomponent.js?20161017169425 HTTP/1.1" 200 605
200.54.18.125 - - [02/Apr/2018:10:31:17 -0300] "GET /cormun/servlet/hhome HTTP/1.1" 200 4200
191.125.191.75 - - [02/Apr/2018:10:31:17 -0300] "GET /cormun/static/hpexe_messagegenexuscomponent.js?201752511465344 HTTP/1.1" 200 587
191.125.191.75 - - [02/Apr/2018:10:31:17 -0300] "GET /cormun/static/cmcontrolpreferences.js?201752511465670 HTTP/1.1" 200 1375
191.125.191.75 - - [02/Apr/2018:10:31:17 -0300] "GET /cormun/static/SmoothNavMenu/resources/ddsmoothmenu.js HTTP/1.1" 200 12712
191.125.191.75 - - [02/Apr/2018:10:31:17 -0300] "GET /cormun/static/SmoothNavMenu/resources/SmoothNavMenuRender.js HTTP/1.1" 200 5951
191.125.191.75 - - [02/Apr/2018:10:31:17 -0300] "GET /cormun/static/scaMessage/js/jquery.pnotify.min.js HTTP/1.1" 200 13038
191.125.191.75 - - [02/Apr/2018:10:31:18 -0300] "GET /cormun/static/hmpwkw03.js?20177612122668 HTTP/1.1" 200 3965
191.125.191.75 - - [02/Apr/2018:10:31:18 -0300] "GET /cormun/static/scaMessage/scaMessageRender.js HTTP/1.1" 200 11977
186.103.159.230 - - [02/Apr/2018:10:31:18 -0300] "GET /cormun/servlet/solicitudot?4a9054c41be9c49ae0007bb23305121e29bb7d43eec2344eec50713b310859cda91d88b73d1a3b9a6852351fb56f4a49,gx-no-cache=1522675824935 HTTP/1.1" 200 30
191.125.191.75 - - [02/Apr/2018:10:31:18 -0300] "GET /cormun/static/Shared/ext/ext-all.js HTTP/1.1" 200 1289687
191.125.191.75 - - [02/Apr/2018:10:31:18 -0300] "GET /cormun/static/Shared/jqueryui/jquery-ui.min.js HTTP/1.1" 200 240427
191.125.191.75 - - [02/Apr/2018:10:31:18 -0300] "GET /cormun/static/Shared/jquery/jquery-1.10.2.min.js HTTP/1.1" 200 273199
191.125.191.75 - - [02/Apr/2018:10:31:19 -0300] "GET /cormun/static/Shared/jquery/jquery-1.4.2.min.js HTTP/1.1" 200 72174
191.125.191.75 - - [02/Apr/2018:10:31:20 -0300] "GET /cormun/servlet/hhome HTTP/1.1" 200 4497
190.151.99.26 - - [02/Apr/2018:10:31:20 -0300] "GET /cormun/servlet/trautorizarsolicitud? HTTP/1.1" 200 14156
191.125.191.75 - - [02/Apr/2018:10:31:20 -0300] "GET /cormun/static/SmoothNavMenu/resources/images/right.gif HTTP/1.1" 200 860
191.125.191.75 - - [02/Apr/2018:10:31:20 -0300] "GET /cormun/static/SmoothNavMenu/resources/images/down.gif HTTP/1.1" 200 854
192.168.10.96 - - [02/Apr/2018:10:31:20 -0300] "POST /cormun/servlet/vesolicitudgral?7213bd76f861f6f27d4c82ecd4a1aa1e,2018,10481,,SolicitudOTLog,gx-no-cache=1522675709166 HTTP/1.1" 200 90
192.168.10.96 - - [02/Apr/2018:10:31:20 -0300] "GET /cormun/servlet/hpexe_link HTTP/1.1" 200 977
192.168.10.96 - - [02/Apr/2018:10:31:20 -0300] "GET /cormun/servlet/trsolicitudgral? HTTP/1.1" 200 10596
192.168.10.96 - - [02/Apr/2018:10:31:21 -0300] "GET /cormun/servlet/trsolicitudgral? HTTP/1.1" 200 10594
190.151.99.26 - - [02/Apr/2018:10:31:22 -0300] "GET /cormun/servlet/trautorizarsolicitud? HTTP/1.1" 200 14154
192.168.10.96 - - [02/Apr/2018:10:31:31 -0300] "POST /cormun/servlet/trsolicitudgral?7213bd76f861f6f27d4c82ecd4a1aa1e,,gx-no-cache=1522675720483 HTTP/1.1" 200 5933
192.168.10.96 - - [02/Apr/2018:10:31:32 -0300] "POST /cormun/servlet/trsolicitudgral?7213bd76f861f6f27d4c82ecd4a1aa1e,,gx-no-cache=1522675721146 HTTP/1.1" 200 5933
192.168.10.96 - - [02/Apr/2018:10:31:32 -0300] "POST /cormun/servlet/trsolicitudgral?7213bd76f861f6f27d4c82ecd4a1aa1e,,gx-no-cache=1522675721330 HTTP/1.1" 200 5933
192.168.10.96 - - [02/Apr/2018:10:31:37 -0300] "POST /cormun/servlet/trsolicitudgral?7213bd76f861f6f27d4c82ecd4a1aa1e,,gx-no-cache=1522675726493 HTTP/1.1" 200 5933
192.168.10.96 - - [02/Apr/2018:10:31:38 -0300] "POST /cormun/servlet/trsolicitudgral?7213bd76f861f6f27d4c82ecd4a1aa1e,,gx-no-cache=1522675726643 HTTP/1.1" 200 5932
192.168.10.96 - - [02/Apr/2018:10:31:38 -0300] "POST /cormun/servlet/trsolicitudgral?7213bd76f861f6f27d4c82ecd4a1aa1e,,gx-no-cache=1522675726837 HTTP/1.1" 200 5932
192.168.10.96 - - [02/Apr/2018:10:31:38 -0300] "POST /cormun/servlet/trsolicitudgral?7213bd76f861f6f27d4c82ecd4a1aa1e,,gx-no-cache=1522675726971 HTTP/1.1" 200 5933
192.168.10.96 - - [02/Apr/2018:10:31:38 -0300] "POST /cormun/servlet/trsolicitudgral?7213bd76f861f6f27d4c82ecd4a1aa1e,,gx-no-cache=1522675727155 HTTP/1.1" 200 5933
192.168.10.96 - - [02/Apr/2018:10:31:38 -0300] "POST /cormun/servlet/trsolicitudgral?7213bd76f861f6f27d4c82ecd4a1aa1e,,gx-no-cache=1522675727348 HTTP/1.1" 200 5933
192.168.10.96 - - [02/Apr/2018:10:31:38 -0300] "POST /cormun/servlet/trsolicitudgral?7213bd76f861f6f27d4c82ecd4a1aa1e,,gx-no-cache=1522675727518 HTTP/1.1" 200 5932
192.168.10.96 - - [02/Apr/2018:10:31:39 -0300] "POST /cormun/servlet/trsolicitudgral?7213bd76f861f6f27d4c82ecd4a1aa1e,,gx-no-cache=1522675727691 HTTP/1.1" 200 5933
192.168.10.96 - - [02/Apr/2018:10:31:39 -0300] "POST /cormun/servlet/trsolicitudgral?7213bd76f861f6f27d4c82ecd4a1aa1e,,gx-no-cache=1522675727859 HTTP/1.1" 200 5933
192.168.10.96 - - [02/Apr/2018:10:31:39 -0300] "POST /cormun/servlet/trsolicitudgral?7213bd76f861f6f27d4c82ecd4a1aa1e,,gx-no-cache=1522675728035 HTTP/1.1" 200 5934
192.168.10.96 - - [02/Apr/2018:10:31:49 -0300] "POST /cormun/servlet/trsolicitudgral?7213bd76f861f6f27d4c82ecd4a1aa1e,,gx-no-cache=1522675738260 HTTP/1.1" 200 5933
192.168.10.96 - - [02/Apr/2018:10:31:50 -0300] "POST /cormun/servlet/trsolicitudgral?7213bd76f861f6f27d4c82ecd4a1aa1e,,gx-no-cache=1522675738923 HTTP/1.1" 200 5934
192.168.10.96 - - [02/Apr/2018:10:31:50 -0300] "POST /cormun/servlet/trsolicitudgral?7213bd76f861f6f27d4c82ecd4a1aa1e,,gx-no-cache=1522675739101 HTTP/1.1" 200 5933
192.168.10.96 - - [02/Apr/2018:10:32:00 -0300] "POST /cormun/servlet/trsolicitudgral?7213bd76f861f6f27d4c82ecd4a1aa1e,,gx-no-cache=1522675748900 HTTP/1.1" 200 7337
192.168.10.96 - - [02/Apr/2018:10:32:14 -0300] "POST /cormun/servlet/trsolicitudgral?7213bd76f861f6f27d4c82ecd4a1aa1e,,gx-no-cache=1522675762788 HTTP/1.1" 200 12664
152.231.70.146 - - [02/Apr/2018:10:32:40 -0300] "POST /cormun/servlet/trautorizarsolicitud?830833c06d137210783f0aee165e9996,,gx-no-cache=1522675894222 HTTP/1.1" 200 10906
152.231.70.146 - - [02/Apr/2018:10:32:41 -0300] "GET /cormun/static/Shared/jqueryui/images/ui-bg_highlight-soft_100_c6c2c8_1x100.png HTTP/1.1" 404 1117
186.103.196.90 - - [02/Apr/2018:10:32:41 -0300] "GET /cormun/static/Shared/jqueryui/images/ui-icons_82798d_256x240.png HTTP/1.1" 404 1089
152.231.70.146 - - [02/Apr/2018:10:32:43 -0300] "POST /cormun/servlet/trautorizarsolicitud?830833c06d137210783f0aee165e9996,,gx-no-cache=1522675898101 HTTP/1.1" 200 10847
152.231.70.146 - - [02/Apr/2018:10:32:44 -0300] "GET /cormun/static/Shared/jqueryui/images/ui-icons_8d78a5_256x240.png HTTP/1.1" 404 1089
186.103.196.90 - - [02/Apr/2018:10:32:51 -0300] "GET /cormun/static/Shared/jqueryui/images/ui-bg_flat_55_fafafa_40x100.png HTTP/1.1" 404 1097
192.168.10.61 - - [02/Apr/2018:10:33:05 -0300] "GET /cormun/servlet/hlogin HTTP/1.1" 200 1724
192.168.10.61 - - [02/Apr/2018:10:33:05 -0300] "GET /cormun/static/gxcfg.js?20175251213516 HTTP/1.1" 304 -
192.168.10.61 - - [02/Apr/2018:10:33:05 -0300] "GET /cormun/static/Resources/Spanish/PXTools.css?11423723 HTTP/1.1" 304 -
192.168.10.61 - - [02/Apr/2018:10:33:05 -0300] "GET /cormun/static/gxtimezone.js?85251 HTTP/1.1" 304 -
192.168.10.61 - - [02/Apr/2018:10:33:05 -0300] "GET /cormun/static/messages.spa.js?85251 HTTP/1.1" 304 -
192.168.10.61 - - [02/Apr/2018:10:33:05 -0300] "GET /cormun/static/hlogin.js?20175251213537 HTTP/1.1" 304 -
192.168.10.61 - - [02/Apr/2018:10:33:06 -0300] "GET /cormun/servlet/hlogin HTTP/1.1" 200 1735
192.168.10.96 - - [02/Apr/2018:10:33:13 -0300] "POST /cormun/servlet/trsolicitudgral?7213bd76f861f6f27d4c82ecd4a1aa1e,,gx-no-cache=1522675821710 HTTP/1.1" 200 5934
192.168.10.96 - - [02/Apr/2018:10:33:13 -0300] "POST /cormun/servlet/trsolicitudgral?7213bd76f861f6f27d4c82ecd4a1aa1e,,gx-no-cache=1522675822413 HTTP/1.1" 200 5934
192.168.10.96 - - [02/Apr/2018:10:33:13 -0300] "POST /cormun/servlet/trsolicitudgral?7213bd76f861f6f27d4c82ecd4a1aa1e,,gx-no-cache=1522675822605 HTTP/1.1" 200 5931
192.168.10.96 - - [02/Apr/2018:10:33:14 -0300] "POST /cormun/servlet/trsolicitudgral?7213bd76f861f6f27d4c82ecd4a1aa1e,,gx-no-cache=1522675822776 HTTP/1.1" 200 5933
192.168.10.61 - - [02/Apr/2018:10:33:15 -0300] "POST /cormun/servlet/hlogin?62335d672cc5ee40922ac4e114bb3972,gx-no-cache=1522675823849 HTTP/1.1" 200 90
192.168.10.61 - - [02/Apr/2018:10:33:15 -0300] "GET /cormun/servlet/hpexe_link HTTP/1.1" 200 953
192.168.10.61 - - [02/Apr/2018:10:33:15 -0300] "GET /cormun/static/gxcfg.js?20177612121792 HTTP/1.1" 304 -
192.168.10.61 - - [02/Apr/2018:10:33:15 -0300] "GET /cormun/static/Resources/Spanish/PXTools.css?1155365 HTTP/1.1" 304 -
192.168.10.61 - - [02/Apr/2018:10:33:15 -0300] "GET /cormun/static/hpexe_link.js?20177612121795 HTTP/1.1" 304 -
192.168.10.61 - - [02/Apr/2018:10:33:15 -0300] "GET /cormun/servlet/hhome HTTP/1.1" 200 4478
192.168.10.61 - - [02/Apr/2018:10:33:15 -0300] "GET /cormun/static/gxcfg.js?20175251212442 HTTP/1.1" 304 -
192.168.10.61 - - [02/Apr/2018:10:33:15 -0300] "GET /cormun/static/hpexe_recentlink.js?20177611595044 HTTP/1.1" 304 -
192.168.10.61 - - [02/Apr/2018:10:33:15 -0300] "GET /cormun/static/hhome.js?20175251212450 HTTP/1.1" 304 -
192.168.10.61 - - [02/Apr/2018:10:33:15 -0300] "GET /cormun/static/hpexe_scripts.js?201752511465715 HTTP/1.1" 304 -
192.168.10.61 - - [02/Apr/2018:10:33:15 -0300] "GET /cormun/static/hwchdr01.js?201752511465785 HTTP/1.1" 304 -
192.168.10.61 - - [02/Apr/2018:10:33:15 -0300] "GET /cormun/static/hpexe_messagecontroller.js?20177611595012 HTTP/1.1" 304 -
192.168.10.61 - - [02/Apr/2018:10:33:15 -0300] "GET /cormun/static/hpexe_messagegenexuscomponent.js?201752511465344 HTTP/1.1" 304 -
192.168.10.61 - - [02/Apr/2018:10:33:15 -0300] "GET /cormun/static/hpexe_messagepopupcomponent.js?20161017169425 HTTP/1.1" 304 -
192.168.10.61 - - [02/Apr/2018:10:33:15 -0300] "GET /cormun/static/cmcontrolpreferences.js?201752511465670 HTTP/1.1" 304 -
192.168.10.61 - - [02/Apr/2018:10:33:15 -0300] "GET /cormun/static/hmpwkw03.js?20177612122668 HTTP/1.1" 304 -
192.168.10.61 - - [02/Apr/2018:10:33:16 -0300] "GET /cormun/servlet/hhome HTTP/1.1" 200 4474
192.168.10.96 - - [02/Apr/2018:10:33:17 -0300] "POST /cormun/servlet/trsolicitudgral?7213bd76f861f6f27d4c82ecd4a1aa1e,,gx-no-cache=1522675825582 HTTP/1.1" 200 12140
192.168.10.96 - - [02/Apr/2018:10:33:17 -0300] "POST /cormun/servlet/trsolicitudgral?7213bd76f861f6f27d4c82ecd4a1aa1e,,gx-no-cache=1522675826070 HTTP/1.1" 200 12141
192.168.10.61 - - [02/Apr/2018:10:33:18 -0300] "GET /cormun/servlet/trsolicitudgral? HTTP/1.1" 200 17979
192.168.10.61 - - [02/Apr/2018:10:33:18 -0300] "GET /cormun/static/Resources/Spanish/PXTools.css?1255365 HTTP/1.1" 304 -
192.168.10.61 - - [02/Apr/2018:10:33:18 -0300] "GET /cormun/static/gxcfg.js?201813119461163 HTTP/1.1" 304 -
192.168.10.61 - - [02/Apr/2018:10:33:18 -0300] "GET /cormun/static/calendar-es.js?85251 HTTP/1.1" 304 -
192.168.10.61 - - [02/Apr/2018:10:33:19 -0300] "GET /cormun/static/calendar-setup.js?85251 HTTP/1.1" 304 -
192.168.10.61 - - [02/Apr/2018:10:33:19 -0300] "GET /cormun/static/calendar.js?85251 HTTP/1.1" 304 -
192.168.10.61 - - [02/Apr/2018:10:33:19 -0300] "GET /cormun/static/gxdec.js?85251 HTTP/1.1" 304 -
192.168.10.61 - - [02/Apr/2018:10:33:19 -0300] "GET /cormun/static/trsolicitudgral.js?201813119462015 HTTP/1.1" 304 -
192.168.10.61 - - [02/Apr/2018:10:33:19 -0300] "GET /cormun/servlet/trsolicitudgral? HTTP/1.1" 200 17977
190.151.99.26 - - [02/Apr/2018:10:33:19 -0300] "POST /cormun/servlet/trautorizarsolicitud?830833c06d137210783f0aee165e9996,,gx-no-cache=1522675908667 HTTP/1.1" 200 10366
192.168.10.96 - - [02/Apr/2018:10:33:23 -0300] "GET /cormun/servlet/hlogin HTTP/1.1" 200 1743
190.151.99.26 - - [02/Apr/2018:10:33:26 -0300] "POST /cormun/servlet/trautorizarsolicitud?830833c06d137210783f0aee165e9996,,gx-no-cache=1522675937422 HTTP/1.1" 200 10309
192.168.10.61 - - [02/Apr/2018:10:33:30 -0300] "POST /cormun/servlet/trsolicitudgral?62335d672cc5ee40922ac4e114bb3972,,gx-no-cache=1522675839491 HTTP/1.1" 200 5850
192.168.10.96 - - [02/Apr/2018:10:33:38 -0300] "POST /cormun/servlet/hlogin?7213bd76f861f6f27d4c82ecd4a1aa1e,gx-no-cache=1522675846863 HTTP/1.1" 200 457
192.168.10.61 - - [02/Apr/2018:10:33:38 -0300] "POST /cormun/servlet/trsolicitudgral?62335d672cc5ee40922ac4e114bb3972,,gx-no-cache=1522675847153 HTTP/1.1" 200 5850
192.168.10.61 - - [02/Apr/2018:10:33:39 -0300] "POST /cormun/servlet/trsolicitudgral?62335d672cc5ee40922ac4e114bb3972,,gx-no-cache=1522675848088 HTTP/1.1" 200 5849
192.168.10.96 - - [02/Apr/2018:10:33:40 -0300] "POST /cormun/servlet/hlogin?7213bd76f861f6f27d4c82ecd4a1aa1e,gx-no-cache=1522675849620 HTTP/1.1" 200 457
192.168.10.96 - - [02/Apr/2018:10:33:45 -0300] "POST /cormun/servlet/hlogin?7213bd76f861f6f27d4c82ecd4a1aa1e,gx-no-cache=1522675853851 HTTP/1.1" 200 457
152.231.70.146 - - [02/Apr/2018:10:33:56 -0300] "POST /cormun/servlet/trautorizarsolicitud?830833c06d137210783f0aee165e9996,,gx-no-cache=1522675963692 HTTP/1.1" 200 10022
152.231.70.146 - - [02/Apr/2018:10:34:02 -0300] "POST /cormun/servlet/trautorizarsolicitud?830833c06d137210783f0aee165e9996,,gx-no-cache=1522675974346 HTTP/1.1" 200 9966
192.168.10.96 - - [02/Apr/2018:10:34:04 -0300] "POST /cormun/servlet/hlogin?7213bd76f861f6f27d4c82ecd4a1aa1e,gx-no-cache=1522675872764 HTTP/1.1" 200 457
192.168.10.96 - - [02/Apr/2018:10:34:11 -0300] "POST /cormun/servlet/hlogin?7213bd76f861f6f27d4c82ecd4a1aa1e,gx-no-cache=1522675880092 HTTP/1.1" 200 90
192.168.10.96 - - [02/Apr/2018:10:34:11 -0300] "GET /cormun/servlet/hpexe_link HTTP/1.1" 200 960
192.168.10.96 - - [02/Apr/2018:10:34:11 -0300] "GET /cormun/servlet/trsolicitudgral? HTTP/1.1" 200 14647
192.168.10.96 - - [02/Apr/2018:10:34:12 -0300] "GET /cormun/servlet/trsolicitudgral? HTTP/1.1" 200 14646
192.168.10.96 - - [02/Apr/2018:10:34:14 -0300] "GET /cormun/servlet/trsecurityuser01? HTTP/1.1" 200 12166
192.168.10.96 - - [02/Apr/2018:10:34:14 -0300] "GET /cormun/static/gxcfg.js?201762721181157 HTTP/1.1" 304 -
192.168.10.96 - - [02/Apr/2018:10:34:14 -0300] "GET /cormun/static/trsecurityuser01.js?201762721181494 HTTP/1.1" 304 -
192.168.10.96 - - [02/Apr/2018:10:34:15 -0300] "GET /cormun/servlet/trsecurityuser01? HTTP/1.1" 200 12166
191.125.191.75 - - [02/Apr/2018:10:34:18 -0300] "GET /cormun/servlet/trsolicitudgral? HTTP/1.1" 200 29041
191.125.191.75 - - [02/Apr/2018:10:34:19 -0300] "GET /cormun/static/gxui/gxui-all.css?120300 HTTP/1.1" 200 2179
191.125.191.75 - - [02/Apr/2018:10:34:19 -0300] "GET /cormun/static/calendar-system.css?85620 HTTP/1.1" 200 5572
191.125.191.75 - - [02/Apr/2018:10:34:19 -0300] "GET /cormun/static/gxcfg.js?201813119461163 HTTP/1.1" 200 953
191.125.191.75 - - [02/Apr/2018:10:34:19 -0300] "GET /cormun/static/calendar.js?85251 HTTP/1.1" 200 26246
191.125.191.75 - - [02/Apr/2018:10:34:19 -0300] "GET /cormun/static/Resources/Spanish/PXTools.css?1255365 HTTP/1.1" 200 89042
191.125.191.75 - - [02/Apr/2018:10:34:19 -0300] "GET /cormun/static/calendar-setup.js?85251 HTTP/1.1" 200 2588
191.125.191.75 - - [02/Apr/2018:10:34:19 -0300] "GET /cormun/static/calendar-es.js?85251 HTTP/1.1" 200 1901
191.125.191.75 - - [02/Apr/2018:10:34:19 -0300] "GET /cormun/static/gxdec.js?85251 HTTP/1.1" 200 19579
191.125.191.75 - - [02/Apr/2018:10:34:19 -0300] "GET /cormun/static/trsolicitudgral.js?201813119462015 HTTP/1.1" 200 55173
191.125.191.75 - - [02/Apr/2018:10:34:20 -0300] "GET /cormun/static/Resources/PXTools/calendar.png HTTP/1.1" 200 1306
191.125.191.75 - - [02/Apr/2018:10:34:20 -0300] "GET /cormun/static/Resources/PXToolsDataSearch.png HTTP/1.1" 200 419
191.125.191.75 - - [02/Apr/2018:10:34:20 -0300] "GET /cormun/static/Shared/ext/resources/css/ext-all.css?215870 HTTP/1.1" 200 416045
191.125.191.75 - - [02/Apr/2018:10:34:20 -0300] "GET /cormun/static/Resources/PXToolsGridFirstDisabled.gif HTTP/1.1" 200 100
191.125.191.75 - - [02/Apr/2018:10:34:20 -0300] "GET /cormun/static/Resources/PXToolsGridPreviousDisabled.gif HTTP/1.1" 200 90
191.125.191.75 - - [02/Apr/2018:10:34:20 -0300] "GET /cormun/static/Resources/PXToolsGridNextDisabled.gif HTTP/1.1" 200 90
191.125.191.75 - - [02/Apr/2018:10:34:20 -0300] "GET /cormun/static/Resources/PXToolsGridLastDisabled.gif HTTP/1.1" 200 98
191.125.191.75 - - [02/Apr/2018:10:34:21 -0300] "GET /cormun/static/Resources/PXToolsGridPage.gif HTTP/1.1" 200 725
191.125.191.75 - - [02/Apr/2018:10:34:21 -0300] "GET /cormun/static/Resources/PXToolsActionExcel.png HTTP/1.1" 200 3187
191.125.191.75 - - [02/Apr/2018:10:34:21 -0300] "GET /cormun/static/Resources/PXToolsAddAllStandardAction.png HTTP/1.1" 200 628
191.125.191.75 - - [02/Apr/2018:10:34:21 -0300] "GET /cormun/static/Resources/PXToolsRemoveAllStandardAction.png HTTP/1.1" 200 495
192.168.10.96 - - [02/Apr/2018:10:34:23 -0300] "POST /cormun/servlet/trsecurityuser01?7213bd76f861f6f27d4c82ecd4a1aa1e,,gx-no-cache=1522675892304 HTTP/1.1" 200 4446
191.125.191.75 - - [02/Apr/2018:10:34:26 -0300] "GET /cormun//static/Resources/PXToolsGridDelete.png HTTP/1.1" 200 357
191.125.191.75 - - [02/Apr/2018:10:34:26 -0300] "GET /cormun/servlet/trsolicitudgral? HTTP/1.1" 200 29039
191.125.191.75 - - [02/Apr/2018:10:34:26 -0300] "GET /cormun/static/Resources/asc.gif HTTP/1.1" 200 67
191.125.191.75 - - [02/Apr/2018:10:34:26 -0300] "GET /cormun/static/Resources/desc.gif HTTP/1.1" 200 65
191.125.191.75 - - [02/Apr/2018:10:34:26 -0300] "GET /cormun/static/Shared/ext/resources/themes/images/default/panel/bg-headersPanel.png HTTP/1.1" 200 255
191.125.191.75 - - [02/Apr/2018:10:34:27 -0300] "GET /cormun/static/Shared/ext/resources/themes/images/default/tools/tool-sprites.gif HTTP/1.1" 200 5434
191.125.191.75 - - [02/Apr/2018:10:34:29 -0300] "GET /cormun//static/Resources/PXToolsGridUpdate.png HTTP/1.1" 200 2984
186.103.196.84 - - [02/Apr/2018:10:34:31 -0300] "POST /cormun/servlet/trautorizarsolicitud?830833c06d137210783f0aee165e9996,,gx-no-cache=1522676000109 HTTP/1.1" 200 9616
192.168.10.96 - - [02/Apr/2018:10:34:35 -0300] "POST /cormun/servlet/trsecurityuser01?7213bd76f861f6f27d4c82ecd4a1aa1e,,gx-no-cache=1522675903845 HTTP/1.1" 200 4451
192.168.10.96 - - [02/Apr/2018:10:34:35 -0300] "POST /cormun/servlet/trsecurityuser01?7213bd76f861f6f27d4c82ecd4a1aa1e,,gx-no-cache=1522675904404 HTTP/1.1" 200 4450
192.168.10.96 - - [02/Apr/2018:10:34:39 -0300] "POST /cormun/servlet/trsecurityuser01?7213bd76f861f6f27d4c82ecd4a1aa1e,,gx-no-cache=1522675907711 HTTP/1.1" 200 10026
191.125.191.75 - - [02/Apr/2018:10:34:44 -0300] "GET /cormun/static/menuarrow.gif HTTP/1.1" 404 1015
192.168.10.96 - - [02/Apr/2018:10:34:50 -0300] "POST /cormun/servlet/trsecurityuser01?7213bd76f861f6f27d4c82ecd4a1aa1e,,gx-no-cache=1522675918621 HTTP/1.1" 200 10424
191.125.191.75 - - [02/Apr/2018:10:34:53 -0300] "POST /cormun/servlet/trsolicitudgral?ef27003c2cb7063cc16e0f1854029dcc,,gx-no-cache=1522676246362 HTTP/1.1" 200 26710
191.125.191.75 - - [02/Apr/2018:10:34:55 -0300] "GET /cormun/static/Resources/PXToolsGridNext.gif HTTP/1.1" 200 369
191.125.191.75 - - [02/Apr/2018:10:34:55 -0300] "GET /cormun/static/Resources/PXToolsGridLast.gif HTTP/1.1" 200 370
186.103.196.84 - - [02/Apr/2018:10:34:55 -0300] "POST /cormun/servlet/trautorizarsolicitud?830833c06d137210783f0aee165e9996,,gx-no-cache=1522676008686 HTTP/1.1" 200 9563
192.168.10.96 - - [02/Apr/2018:10:34:56 -0300] "GET /cormun/servlet/securityusers?UPD,37, HTTP/1.1" 200 7767
192.168.10.96 - - [02/Apr/2018:10:34:57 -0300] "GET /cormun/static/securityusers.js?20176272118873 HTTP/1.1" 304 -
192.168.10.96 - - [02/Apr/2018:10:34:57 -0300] "GET /cormun/static/gxcfg.js?20176272118832 HTTP/1.1" 304 -
192.168.10.96 - - [02/Apr/2018:10:34:57 -0300] "GET /cormun/servlet/securityusers?UPD,37, HTTP/1.1" 200 7767
192.168.10.96 - - [02/Apr/2018:10:35:02 -0300] "GET /cormun/servlet/hlogin HTTP/1.1" 200 1747
186.103.196.84 - - [02/Apr/2018:10:35:04 -0300] "POST /cormun/servlet/trautorizarsolicitud?830833c06d137210783f0aee165e9996,,gx-no-cache=1522676035893 HTTP/1.1" 200 9105
186.103.196.84 - - [02/Apr/2018:10:35:08 -0300] "POST /cormun/servlet/trautorizarsolicitud?830833c06d137210783f0aee165e9996,,gx-no-cache=1522676042466 HTTP/1.1" 200 9050
192.168.10.96 - - [02/Apr/2018:10:35:11 -0300] "POST /cormun/servlet/hlogin?7213bd76f861f6f27d4c82ecd4a1aa1e,gx-no-cache=1522675940132 HTTP/1.1" 200 90
192.168.10.96 - - [02/Apr/2018:10:35:11 -0300] "GET /cormun/servlet/hpexe_link HTTP/1.1" 200 952
192.168.10.96 - - [02/Apr/2018:10:35:11 -0300] "GET /cormun/servlet/hhome HTTP/1.1" 200 4207
192.168.10.96 - - [02/Apr/2018:10:35:11 -0300] "GET /cormun/servlet/hhome HTTP/1.1" 200 4204
192.168.10.96 - - [02/Apr/2018:10:35:13 -0300] "GET /cormun/servlet/trautorizarsolicitud? HTTP/1.1" 200 11955
192.168.10.96 - - [02/Apr/2018:10:35:13 -0300] "GET /cormun/static/gxcfg.js?2017111423403364 HTTP/1.1" 304 -
192.168.10.96 - - [02/Apr/2018:10:35:13 -0300] "GET /cormun/servlet/trautorizarsolicitud? HTTP/1.1" 200 11953
192.168.10.96 - - [02/Apr/2018:10:35:20 -0300] "POST /cormun/servlet/trautorizarsolicitud?7213bd76f861f6f27d4c82ecd4a1aa1e,,gx-no-cache=1522675949454 HTTP/1.1" 200 9077
186.103.196.84 - - [02/Apr/2018:10:35:22 -0300] "POST /cormun/servlet/trautorizarsolicitud?830833c06d137210783f0aee165e9996,,gx-no-cache=1522676055006 HTTP/1.1" 200 8683
186.103.196.84 - - [02/Apr/2018:10:35:28 -0300] "POST /cormun/servlet/trautorizarsolicitud?830833c06d137210783f0aee165e9996,,gx-no-cache=1522676059659 HTTP/1.1" 200 8625
186.103.196.84 - - [02/Apr/2018:10:35:33 -0300] "POST /cormun/servlet/trautorizarsolicitud?830833c06d137210783f0aee165e9996,,gx-no-cache=1522676069283 HTTP/1.1" 200 8394
191.125.191.75 - - [02/Apr/2018:10:35:34 -0300] "POST /cormun/servlet/trsolicitudgral?ef27003c2cb7063cc16e0f1854029dcc,,gx-no-cache=1522676288668 HTTP/1.1" 200 8144
186.103.196.84 - - [02/Apr/2018:10:35:35 -0300] "POST /cormun/servlet/trautorizarsolicitud?830833c06d137210783f0aee165e9996,,gx-no-cache=1522676071172 HTTP/1.1" 200 8339
186.103.196.84 - - [02/Apr/2018:10:35:41 -0300] "POST /cormun/servlet/trautorizarsolicitud?830833c06d137210783f0aee165e9996,,gx-no-cache=1522676076148 HTTP/1.1" 200 7990
186.103.196.84 - - [02/Apr/2018:10:35:44 -0300] "POST /cormun/servlet/trautorizarsolicitud?830833c06d137210783f0aee165e9996,,gx-no-cache=1522676078932 HTTP/1.1" 200 7934
186.103.196.84 - - [02/Apr/2018:10:35:48 -0300] "POST /cormun/servlet/trautorizarsolicitud?830833c06d137210783f0aee165e9996,,gx-no-cache=1522676084082 HTTP/1.1" 200 7534
192.168.10.96 - - [02/Apr/2018:10:35:50 -0300] "POST /cormun/servlet/trautorizarsolicitud?7213bd76f861f6f27d4c82ecd4a1aa1e,,gx-no-cache=1522675978702 HTTP/1.1" 200 6622
186.103.196.84 - - [02/Apr/2018:10:35:50 -0300] "POST /cormun/servlet/trautorizarsolicitud?830833c06d137210783f0aee165e9996,,gx-no-cache=1522676086410 HTTP/1.1" 200 7477
186.103.196.84 - - [02/Apr/2018:10:35:57 -0300] "POST /cormun/servlet/trautorizarsolicitud?830833c06d137210783f0aee165e9996,,gx-no-cache=1522676090499 HTTP/1.1" 200 7063
192.168.10.96 - - [02/Apr/2018:10:36:00 -0300] "POST /cormun/servlet/trautorizarsolicitud?7213bd76f861f6f27d4c82ecd4a1aa1e,,gx-no-cache=1522675989027 HTTP/1.1" 200 10137
186.103.196.84 - - [02/Apr/2018:10:36:01 -0300] "POST /cormun/servlet/trautorizarsolicitud?830833c06d137210783f0aee165e9996,,gx-no-cache=1522676094978 HTTP/1.1" 200 7008
186.103.196.84 - - [02/Apr/2018:10:36:04 -0300] "POST /cormun/servlet/trautorizarsolicitud?830833c06d137210783f0aee165e9996,,gx-no-cache=1522676100451 HTTP/1.1" 200 6607
186.103.196.84 - - [02/Apr/2018:10:36:06 -0300] "POST /cormun/servlet/trautorizarsolicitud?830833c06d137210783f0aee165e9996,,gx-no-cache=1522676101873 HTTP/1.1" 200 6552
191.125.191.75 - - [02/Apr/2018:10:36:11 -0300] "POST /cormun/servlet/trsolicitudgral?ef27003c2cb7063cc16e0f1854029dcc,,gx-no-cache=1522676325877 HTTP/1.1" 200 8143
192.168.10.96 - - [02/Apr/2018:10:36:11 -0300] "POST /cormun/servlet/trautorizarsolicitud?7213bd76f861f6f27d4c82ecd4a1aa1e,,gx-no-cache=1522675999995 HTTP/1.1" 200 6578
