190.161.236.41 - - [02/Apr/2018:09:03:20 -0300] "GET /cormun/servlet/solicitudot?497aa1316d64393de7a15d088b874fcaf962dead94cb25b3f868f5f5ebfb0036df1fc9bed6a0c6e1e949fdc712215ee22355fbec6c5938d9e137f548f46b8f8452037b0ac7df719bbb3802b0a65dadb9a6f421cc9f658015d4e7df894d3457ed9d00f6b205d5e787d4cfdcb5abb0475d,gx-no-cache=1522670546963 HTTP/1.1" 200 53
190.161.236.41 - - [02/Apr/2018:09:03:20 -0300] "POST /cormun/servlet/solicitudot?gx-no-cache=1522670547095 HTTP/1.1" 200 255
190.161.236.41 - - [02/Apr/2018:09:03:20 -0300] "GET /cormun/servlet/solicitudot?497aa1316d64393de7a15d088b874fcadcf0d69a81c80d5db3c27e27f1a372bcdd05a0b488ddaa00bcf263d2da8983a94317718cfff0cc4cba65a942c3e43304bb66b6e36a4f71d90e84d76f50e1ce313c5f66b7a172b93dcd3f223194f12c7b92fa29cc4b8dbbd9cc28d3e945cd728295722532d224661afdbf09c68c8599a8be6d8324fe4d2ace1e5b0629ac374e890e8867a18f6922d14000efd4b470625b9436914d49103a906de8962e56a61698d58a62c2b4305fd91041e3fea68905dff9a66604b306d75d20efc3ed076dee30359e38381c837aeb74ee5c1c18f46468e1988bf393156d15574a10aaf34f96475773f71c88f83d8a1d073c556eb0627735dd4807e898162beb2550b1b89173348f0f673848e7687bf39f96381a3cc18bc596dfdcc3e69cd65df491507eae7b7581dbfe4293514039d7f06433c8b394c087711052e9834b556e9fab83d11559be73c8dc77e57f3569e5145d2a7b2d84f0933445857fe9a10995f5a6fb7feb74a19fef809383f9578949ec82fa72d37fcc,gx-no-cache=1522670547183 HTTP/1.1" 200 30
192.168.10.97 - - [02/Apr/2018:09:03:21 -0300] "POST /cormun/servlet/hlogin?78f0864e4ef353b8c1beb2f30bc62bbd,gx-no-cache=1522670430507 HTTP/1.1" 200 90
192.168.10.97 - - [02/Apr/2018:09:03:21 -0300] "GET /cormun/servlet/hpexe_link HTTP/1.1" 200 956
192.168.10.97 - - [02/Apr/2018:09:03:21 -0300] "GET /cormun/static/gxcfg.js?20177612121792 HTTP/1.1" 304 -
192.168.10.97 - - [02/Apr/2018:09:03:22 -0300] "GET /cormun/servlet/hhome HTTP/1.1" 200 4576
192.168.10.97 - - [02/Apr/2018:09:03:22 -0300] "GET /cormun/static/gxcfg.js?20175251212442 HTTP/1.1" 304 -
192.168.10.97 - - [02/Apr/2018:09:03:22 -0300] "GET /cormun/servlet/hhome HTTP/1.1" 200 4572
192.168.10.97 - - [02/Apr/2018:09:03:26 -0300] "GET /cormun/servlet/trsolicitudgral? HTTP/1.1" 200 11200
192.168.10.97 - - [02/Apr/2018:09:03:26 -0300] "GET /cormun/static/calendar.js?85251 HTTP/1.1" 304 -
192.168.10.97 - - [02/Apr/2018:09:03:26 -0300] "GET /cormun/static/calendar-setup.js?85251 HTTP/1.1" 304 -
192.168.10.97 - - [02/Apr/2018:09:03:26 -0300] "GET /cormun/static/calendar-es.js?85251 HTTP/1.1" 304 -
192.168.10.97 - - [02/Apr/2018:09:03:26 -0300] "GET /cormun/static/gxcfg.js?201813119461163 HTTP/1.1" 304 -
192.168.10.97 - - [02/Apr/2018:09:03:26 -0300] "GET /cormun/static/gxdec.js?85251 HTTP/1.1" 304 -
192.168.10.97 - - [02/Apr/2018:09:03:26 -0300] "GET /cormun/static/trsolicitudgral.js?201813119462015 HTTP/1.1" 304 -
192.168.10.97 - - [02/Apr/2018:09:03:26 -0300] "GET /cormun/servlet/trsolicitudgral? HTTP/1.1" 200 11198
192.168.10.97 - - [02/Apr/2018:09:03:46 -0300] "POST /cormun/servlet/trsolicitudgral?78f0864e4ef353b8c1beb2f30bc62bbd,,gx-no-cache=1522670455181 HTTP/1.1" 200 5925
190.100.93.40 - - [02/Apr/2018:09:03:52 -0300] "GET /cormun/servlet/fichaempleado?UPD,17287037, HTTP/1.1" 200 6291
190.100.93.40 - - [02/Apr/2018:09:03:52 -0300] "GET /cormun/static/gxcfg.js?20176282043676 HTTP/1.1" 200 953
190.100.93.40 - - [02/Apr/2018:09:03:53 -0300] "GET /cormun/static/fichaempleado.js?2017628204374 HTTP/1.1" 200 17534
190.161.236.41 - - [02/Apr/2018:09:03:53 -0300] "POST /cormun/servlet/solicitudot?gx-no-cache=1522670579776 HTTP/1.1" 200 30
190.100.93.40 - - [02/Apr/2018:09:03:53 -0300] "GET /cormun/servlet/fichaempleado?UPD,17287037, HTTP/1.1" 200 6291
190.100.93.40 - - [02/Apr/2018:09:03:58 -0300] "POST /cormun/servlet/fichaempleado?d2c8eae9374e3b4197d185a658ed6a12,UPD,17287037,,gx-no-cache=1522670585686 HTTP/1.1" 200 93
190.100.93.40 - - [02/Apr/2018:09:03:59 -0300] "GET /cormun/servlet/hpexe_return? HTTP/1.1" 200 1011
186.103.159.188 - - [02/Apr/2018:09:04:27 -0300] "POST /cormun/servlet/solicitudot?gx-no-cache=1522670614094 HTTP/1.1" 200 1352
186.103.159.188 - - [02/Apr/2018:09:04:27 -0300] "POST /cormun/servlet/solicitudot?gx-no-cache=1522670614497 HTTP/1.1" 200 41
186.103.159.188 - - [02/Apr/2018:09:04:27 -0300] "GET /cormun/servlet/solicitudot?497aa1316d64393de7a15d088b874fca218999260275c250a596c5f401d3a655e0e1a623ea162aae169c17310885fa38b934d521d7acde9fed89fd81971a9e0b9004c4bb822d6d0a04b1b87ea94dac638fcedd3df37305bd92d98a26c584878e1bdc07a0760665b79660d5aaed67acc9083dd4a95ee5797f2729f92dce726c34383c6d08e09725a2e4162533de46101017a1e02b42ec3d8812159079cd19d38b,gx-no-cache=1522670614598 HTTP/1.1" 200 29
186.103.159.188 - - [02/Apr/2018:09:04:28 -0300] "POST /cormun/servlet/solicitudot?gx-no-cache=1522670614667 HTTP/1.1" 200 1334
186.103.159.188 - - [02/Apr/2018:09:04:28 -0300] "POST /cormun/servlet/solicitudot?gx-no-cache=1522670614965 HTTP/1.1" 200 1231
186.103.159.188 - - [02/Apr/2018:09:04:28 -0300] "GET /cormun/servlet/solicitudot?497aa1316d64393de7a15d088b874fca2027c160f486585f712a82ab3698dd54561cee45636e0aa345ebef7298806c60,gx-no-cache=1522670615185 HTTP/1.1" 200 30
186.103.159.188 - - [02/Apr/2018:09:04:28 -0300] "POST /cormun/servlet/solicitudot?gx-no-cache=1522670615274 HTTP/1.1" 200 34
186.103.159.188 - - [02/Apr/2018:09:04:29 -0300] "POST /cormun/servlet/solicitudot?a60e586d1f87e091abdec4a9e70ae568,UPD,2018,10950,,gx-no-cache=1522670615363 HTTP/1.1" 200 11951
190.100.93.40 - - [02/Apr/2018:09:04:36 -0300] "GET /cormun/servlet/hlogin HTTP/1.1" 200 1717
186.103.159.188 - - [02/Apr/2018:09:04:36 -0300] "POST /cormun/servlet/solicitudot?gx-no-cache=1522670622373 HTTP/1.1" 200 3361
186.103.159.188 - - [02/Apr/2018:09:04:36 -0300] "POST /cormun/servlet/solicitudot?a60e586d1f87e091abdec4a9e70ae568,UPD,2018,10950,,gx-no-cache=1522670623095 HTTP/1.1" 200 11785
186.103.159.188 - - [02/Apr/2018:09:04:37 -0300] "GET /cormun/servlet/solicitudot?497aa1316d64393de7a15d088b874fcaacae3ffc715717ce091e0d47d9c8204cb836904595632e1f7115101a0cdcef39,gx-no-cache=1522670623639 HTTP/1.1" 200 30
186.103.159.188 - - [02/Apr/2018:09:04:37 -0300] "GET /cormun/servlet/solicitudot?497aa1316d64393de7a15d088b874fca48fe6330e31a6cde19d4a72e2260a3fc0b0fdf100ab8d7a377b6bf4dfef6d57b1505d291dfe6c516e1c8ae67e7f2f3dc,gx-no-cache=1522670623907 HTTP/1.1" 200 30
186.103.159.188 - - [02/Apr/2018:09:04:37 -0300] "GET /cormun/servlet/solicitudot?497aa1316d64393de7a15d088b874fcaf962dead94cb25b3f868f5f5ebfb0036df1fc9bed6a0c6e1e949fdc712215ee22355fbec6c5938d9e137f548f46b8f8452037b0ac7df719bbb3802b0a65dadb9a6f421cc9f658015d4e7df894d3457ed9d00f6b205d5e787d4cfdcb5abb0475d,gx-no-cache=1522670623971 HTTP/1.1" 200 53
186.103.159.188 - - [02/Apr/2018:09:04:37 -0300] "POST /cormun/servlet/solicitudot?gx-no-cache=1522670624042 HTTP/1.1" 200 255
186.103.159.188 - - [02/Apr/2018:09:04:37 -0300] "GET /cormun/servlet/solicitudot?497aa1316d64393de7a15d088b874fcadcf0d69a81c80d5db3c27e27f1a372bcdd05a0b488ddaa00bcf263d2da8983a94317718cfff0cc4cba65a942c3e43304bb66b6e36a4f71d90e84d76f50e1ce313c5f66b7a172b93dcd3f223194f12c7b92fa29cc4b8dbbd9cc28d3e945cd728295722532d224661afdbf09c68c8599a8be6d8324fe4d2ace1e5b0629ac374e890e8867a18f6922d14000efd4b470625b9436914d49103a906de8962e56a61698d58a62c2b4305fd91041e3fea68905dff9a66604b306d75d20efc3ed076dee30359e38381c837aeb74ee5c1c18f46468e1988bf393156d15574a10aaf34f96475773f71c88f83d8a1d073c556eb0627735dd4807e898162beb2550b1b89173348f0f673848e7687bf39f96381a3cc18bc596dfdcc3e69cd65df491507eae7b7581dbfe4293514039d7f06433c8b394c087711052e9834b556e9fab83d11559be73c8dc77e57f3569e5145d2a7b2d84f0933445857fe9a10995f5a6fb7feb74a19fef809383f9578949ec82fa72d37fcc,gx-no-cache=1522670624124 HTTP/1.1" 200 30
190.100.93.40 - - [02/Apr/2018:09:04:38 -0300] "POST /cormun/servlet/hlogin?d2c8eae9374e3b4197d185a658ed6a12,gx-no-cache=1522670625073 HTTP/1.1" 200 90
190.100.93.40 - - [02/Apr/2018:09:04:38 -0300] "GET /cormun/servlet/hpexe_link HTTP/1.1" 200 955
190.100.93.40 - - [02/Apr/2018:09:04:46 -0300] "GET /cormun/servlet/hlogin HTTP/1.1" 200 1717
190.100.93.40 - - [02/Apr/2018:09:04:48 -0300] "POST /cormun/servlet/hlogin?d2c8eae9374e3b4197d185a658ed6a12,gx-no-cache=1522670635722 HTTP/1.1" 200 90
190.100.93.40 - - [02/Apr/2018:09:04:49 -0300] "GET /cormun/servlet/hpexe_link HTTP/1.1" 200 955
192.168.10.96 - - [02/Apr/2018:09:05:01 -0300] "GET /cormun/servlet/trsolicitudgral? HTTP/1.1" 200 10571
192.168.10.96 - - [02/Apr/2018:09:05:02 -0300] "GET /cormun/servlet/trsolicitudgral? HTTP/1.1" 200 10571
192.168.10.96 - - [02/Apr/2018:09:05:16 -0300] "POST /cormun/servlet/trsolicitudgral?a96981735265ae56f1da52c4771fed72,,gx-no-cache=1522670544883 HTTP/1.1" 200 7298
186.103.159.188 - - [02/Apr/2018:09:05:21 -0300] "POST /cormun/servlet/solicitudot?gx-no-cache=1522670668036 HTTP/1.1" 200 240
192.168.10.96 - - [02/Apr/2018:09:05:21 -0300] "POST /cormun/servlet/trsolicitudgral?a96981735265ae56f1da52c4771fed72,,gx-no-cache=1522670548523 HTTP/1.1" 200 24936
186.103.159.188 - - [02/Apr/2018:09:05:23 -0300] "GET /cormun/servlet/solicitudot?497aa1316d64393de7a15d088b874fcadcf0d69a81c80d5db3c27e27f1a372bc2df89778436e4a71810867328d7685404317718cfff0cc4cba65a942c3e43304bb66b6e36a4f71d90e84d76f50e1ce313c5f66b7a172b93dcd3f223194f12c7b92fa29cc4b8dbbd9cc28d3e945cd728295722532d224661afdbf09c68c8599a8be6d8324fe4d2ace1e5b0629ac374e890e8867a18f6922d14000efd4b470625b9436914d49103a906de8962e56a61698d58a62c2b4305fd91041e3fea68905dff9a66604b306d75d20efc3ed076dee30359e38381c837aeb74ee5c1c18f46468e1988bf393156d15574a10aaf34f96475773f71c88f83d8a1d073c556eb0627735dd4807e898162beb2550b1b891733468fc890826e979aabea51be4d0c9d1022443a18f2d6f1f644c410e207ac7c8f27ac61272199bb36cfe9c11408eeb486422c58491b959235dfc8eff6f47a5eb3758da4fdab01edb3895e212f5d473834b38f70b9b6f1e44bc9b13ecdd7a07ad9a019815202cfbfc88ebcd76cc27161b70,gx-no-cache=1522670670395 HTTP/1.1" 200 30
186.103.159.188 - - [02/Apr/2018:09:05:27 -0300] "POST /cormun/servlet/solicitudot?gx-no-cache=1522670674635 HTTP/1.1" 200 30
186.103.159.188 - - [02/Apr/2018:09:05:33 -0300] "POST /cormun/servlet/solicitudot?gx-no-cache=1522670680135 HTTP/1.1" 200 1352
186.103.159.188 - - [02/Apr/2018:09:05:33 -0300] "POST /cormun/servlet/solicitudot?gx-no-cache=1522670680407 HTTP/1.1" 200 41
186.103.159.188 - - [02/Apr/2018:09:05:33 -0300] "POST /cormun/servlet/solicitudot?gx-no-cache=1522670680467 HTTP/1.1" 200 1334
186.103.159.188 - - [02/Apr/2018:09:05:33 -0300] "POST /cormun/servlet/solicitudot?gx-no-cache=1522670680620 HTTP/1.1" 200 1231
186.103.159.188 - - [02/Apr/2018:09:05:33 -0300] "GET /cormun/static/menuarrow.gif HTTP/1.1" 404 1015
186.103.159.188 - - [02/Apr/2018:09:05:37 -0300] "POST /cormun/servlet/solicitudot?gx-no-cache=1522670684432 HTTP/1.1" 200 30
186.103.159.188 - - [02/Apr/2018:09:05:37 -0300] "POST /cormun/servlet/solicitudot?gx-no-cache=1522670684509 HTTP/1.1" 200 1352
186.103.159.188 - - [02/Apr/2018:09:05:38 -0300] "POST /cormun/servlet/solicitudot?gx-no-cache=1522670684721 HTTP/1.1" 200 41
186.103.159.188 - - [02/Apr/2018:09:05:38 -0300] "POST /cormun/servlet/solicitudot?gx-no-cache=1522670684819 HTTP/1.1" 200 1334
186.103.159.188 - - [02/Apr/2018:09:05:38 -0300] "POST /cormun/servlet/solicitudot?gx-no-cache=1522670684896 HTTP/1.1" 200 1231
186.103.159.188 - - [02/Apr/2018:09:05:44 -0300] "GET /cormun/servlet/solicitudot?497aa1316d64393de7a15d088b874fca593ef06563ef32ac288c6a5ada52dc7c988ff63eaf40233efaae83aab1236946,gx-no-cache=1522670691187 HTTP/1.1" 200 134
186.103.159.188 - - [02/Apr/2018:09:05:44 -0300] "POST /cormun/servlet/solicitudot?gx-no-cache=1522670691267 HTTP/1.1" 200 34
186.103.159.188 - - [02/Apr/2018:09:05:45 -0300] "POST /cormun/servlet/solicitudot?a60e586d1f87e091abdec4a9e70ae568,UPD,2018,10950,,gx-no-cache=1522670691333 HTTP/1.1" 200 12118
186.103.159.188 - - [02/Apr/2018:09:05:50 -0300] "POST /cormun/servlet/solicitudot?gx-no-cache=1522670696999 HTTP/1.1" 200 3368
186.103.159.188 - - [02/Apr/2018:09:05:51 -0300] "POST /cormun/servlet/solicitudot?a60e586d1f87e091abdec4a9e70ae568,UPD,2018,10950,,gx-no-cache=1522670697833 HTTP/1.1" 200 11902
186.103.159.188 - - [02/Apr/2018:09:05:51 -0300] "GET /cormun/servlet/solicitudot?497aa1316d64393de7a15d088b874fcaacae3ffc715717ce091e0d47d9c8204cb836904595632e1f7115101a0cdcef39,gx-no-cache=1522670698724 HTTP/1.1" 200 30
186.103.159.188 - - [02/Apr/2018:09:05:52 -0300] "GET /cormun/servlet/solicitudot?497aa1316d64393de7a15d088b874fca48fe6330e31a6cde19d4a72e2260a3fc0b0fdf100ab8d7a377b6bf4dfef6d57b1505d291dfe6c516e1c8ae67e7f2f3dc,gx-no-cache=1522670698765 HTTP/1.1" 200 30
186.103.159.188 - - [02/Apr/2018:09:05:52 -0300] "GET /cormun/servlet/solicitudot?497aa1316d64393de7a15d088b874fcaf962dead94cb25b3f868f5f5ebfb0036df1fc9bed6a0c6e1e949fdc712215ee22355fbec6c5938d9e137f548f46b8f8452037b0ac7df719bbb3802b0a65dadb9a6f421cc9f658015d4e7df894d3457ed9d00f6b205d5e787d4cfdcb5abb0475d,gx-no-cache=1522670698813 HTTP/1.1" 200 53
186.103.159.188 - - [02/Apr/2018:09:05:52 -0300] "POST /cormun/servlet/solicitudot?gx-no-cache=1522670698877 HTTP/1.1" 200 240
186.103.159.188 - - [02/Apr/2018:09:05:52 -0300] "GET /cormun/servlet/solicitudot?497aa1316d64393de7a15d088b874fcadcf0d69a81c80d5db3c27e27f1a372bc2df89778436e4a71810867328d7685404317718cfff0cc4cba65a942c3e43304bb66b6e36a4f71d90e84d76f50e1ce313c5f66b7a172b93dcd3f223194f12c7b92fa29cc4b8dbbd9cc28d3e945cd728295722532d224661afdbf09c68c8599a8be6d8324fe4d2ace1e5b0629ac374e890e8867a18f6922d14000efd4b470625b9436914d49103a906de8962e56a61698d58a62c2b4305fd91041e3fea68905dff9a66604b306d75d20efc3ed076dee30359e38381c837aeb74ee5c1c18f46468e1988bf393156d15574a10aaf34f96475773f71c88f83d8a1d073c556eb0627735dd4807e898162beb2550b1b891733468fc890826e979aabea51be4d0c9d1022443a18f2d6f1f644c410e207ac7c8f27ac61272199bb36cfe9c11408eeb486422c58491b959235dfc8eff6f47a5eb3758da4fdab01edb3895e212f5d473834b38f70b9b6f1e44bc9b13ecdd7a07ad9a019815202cfbfc88ebcd76cc27161b70,gx-no-cache=1522670698997 HTTP/1.1" 200 30
186.103.159.188 - - [02/Apr/2018:09:05:52 -0300] "POST /cormun/servlet/solicitudot?gx-no-cache=1522670699218 HTTP/1.1" 200 30
186.103.159.188 - - [02/Apr/2018:09:05:52 -0300] "POST /cormun/servlet/solicitudot?gx-no-cache=1522670699306 HTTP/1.1" 200 1352
186.103.159.188 - - [02/Apr/2018:09:05:52 -0300] "POST /cormun/servlet/solicitudot?gx-no-cache=1522670699624 HTTP/1.1" 200 41
186.103.159.188 - - [02/Apr/2018:09:05:52 -0300] "POST /cormun/servlet/solicitudot?gx-no-cache=1522670699691 HTTP/1.1" 200 1334
186.103.159.188 - - [02/Apr/2018:09:05:53 -0300] "POST /cormun/servlet/solicitudot?gx-no-cache=1522670699798 HTTP/1.1" 200 1231
186.103.159.188 - - [02/Apr/2018:09:05:57 -0300] "POST /cormun/servlet/solicitudot?gx-no-cache=1522670703247 HTTP/1.1" 200 3368
186.103.159.188 - - [02/Apr/2018:09:05:57 -0300] "POST /cormun/servlet/solicitudot?a60e586d1f87e091abdec4a9e70ae568,UPD,2018,10950,,gx-no-cache=1522670703871 HTTP/1.1" 200 11954
186.103.159.188 - - [02/Apr/2018:09:05:58 -0300] "GET /cormun/servlet/solicitudot?497aa1316d64393de7a15d088b874fcaacae3ffc715717ce091e0d47d9c8204cb836904595632e1f7115101a0cdcef39,gx-no-cache=1522670704448 HTTP/1.1" 200 30
186.103.159.188 - - [02/Apr/2018:09:05:58 -0300] "GET /cormun/servlet/solicitudot?497aa1316d64393de7a15d088b874fca48fe6330e31a6cde19d4a72e2260a3fc0b0fdf100ab8d7a377b6bf4dfef6d57b1505d291dfe6c516e1c8ae67e7f2f3dc,gx-no-cache=1522670704897 HTTP/1.1" 200 30
186.103.159.188 - - [02/Apr/2018:09:05:58 -0300] "GET /cormun/servlet/solicitudot?497aa1316d64393de7a15d088b874fcaf962dead94cb25b3f868f5f5ebfb0036df1fc9bed6a0c6e1e949fdc712215ee275381309b27e9b2985a639e032a9cbc1,gx-no-cache=1522670704956 HTTP/1.1" 200 53
186.103.159.188 - - [02/Apr/2018:09:05:58 -0300] "POST /cormun/servlet/solicitudot?gx-no-cache=1522670705068 HTTP/1.1" 200 240
186.103.159.188 - - [02/Apr/2018:09:05:58 -0300] "GET /cormun/servlet/solicitudot?497aa1316d64393de7a15d088b874fcadcf0d69a81c80d5db3c27e27f1a372bc2df89778436e4a71810867328d7685404317718cfff0cc4cba65a942c3e43304bb66b6e36a4f71d90e84d76f50e1ce313c5f66b7a172b93dcd3f223194f12c7b92fa29cc4b8dbbd9cc28d3e945cd728295722532d224661afdbf09c68c8599a8be6d8324fe4d2ace1e5b0629ac374e890e8867a18f6922d14000efd4b470625b9436914d49103a906de8962e56a61698d58a62c2b4305fd91041e3fea68905dff9a66604b306d75d20efc3ed076dee30359e38381c837aeb74ee5c1c18f46468e1988bf393156d15574a10aaf34f96475773f71c88f83d8a1d073c556eb0627735dd4807e898162beb2550b1b891733468fc890826e979aabea51be4d0c9d1022443a18f2d6f1f644c410e207ac7c8f27ac61272199bb36cfe9c11408eeb486422c58491b959235dfc8eff6f47a5eb3758da4fdab01edb3895e212f5d473834b38f70b9b6f1e44bc9b13ecdd7a07ad9a019815202cfbfc88ebcd76cc27161b70,gx-no-cache=1522670705172 HTTP/1.1" 200 30
186.103.159.188 - - [02/Apr/2018:09:05:58 -0300] "POST /cormun/servlet/solicitudot?gx-no-cache=1522670705263 HTTP/1.1" 200 30
186.103.159.188 - - [02/Apr/2018:09:05:59 -0300] "POST /cormun/servlet/solicitudot?gx-no-cache=1522670705386 HTTP/1.1" 200 1352
186.103.159.188 - - [02/Apr/2018:09:05:59 -0300] "POST /cormun/servlet/solicitudot?gx-no-cache=1522670706208 HTTP/1.1" 200 41
186.103.159.188 - - [02/Apr/2018:09:05:59 -0300] "POST /cormun/servlet/solicitudot?gx-no-cache=1522670706312 HTTP/1.1" 200 1334
186.103.159.188 - - [02/Apr/2018:09:06:00 -0300] "POST /cormun/servlet/solicitudot?gx-no-cache=1522670706513 HTTP/1.1" 200 1231
186.103.159.188 - - [02/Apr/2018:09:06:08 -0300] "GET /cormun/servlet/solicitudot?497aa1316d64393de7a15d088b874fca2027c160f486585f712a82ab3698dd54561cee45636e0aa345ebef7298806c60,gx-no-cache=1522670715643 HTTP/1.1" 200 30
186.103.159.188 - - [02/Apr/2018:09:06:09 -0300] "POST /cormun/servlet/solicitudot?gx-no-cache=1522670715754 HTTP/1.1" 200 34
186.103.159.188 - - [02/Apr/2018:09:06:09 -0300] "POST /cormun/servlet/solicitudot?a60e586d1f87e091abdec4a9e70ae568,UPD,2018,10950,,gx-no-cache=1522670715838 HTTP/1.1" 200 93
186.103.159.188 - - [02/Apr/2018:09:06:09 -0300] "GET /cormun/servlet/hpexe_return? HTTP/1.1" 200 1013
186.103.159.188 - - [02/Apr/2018:09:06:10 -0300] "GET /cormun/servlet/trsolicitudot HTTP/1.1" 200 8619
186.103.159.188 - - [02/Apr/2018:09:06:10 -0300] "GET /cormun/servlet/trsolicitudot HTTP/1.1" 200 8615
192.168.10.97 - - [02/Apr/2018:09:07:50 -0300] "POST /cormun/servlet/trsolicitudgral?78f0864e4ef353b8c1beb2f30bc62bbd,,gx-no-cache=1522670699392 HTTP/1.1" 200 5924
192.168.10.97 - - [02/Apr/2018:09:08:11 -0300] "POST /cormun/servlet/trsolicitudgral?78f0864e4ef353b8c1beb2f30bc62bbd,,gx-no-cache=1522670719999 HTTP/1.1" 200 5923
192.168.10.97 - - [02/Apr/2018:09:08:15 -0300] "POST /cormun/servlet/trsolicitudgral?78f0864e4ef353b8c1beb2f30bc62bbd,,gx-no-cache=1522670724400 HTTP/1.1" 200 5924
192.168.10.97 - - [02/Apr/2018:09:08:25 -0300] "POST /cormun/servlet/trsolicitudgral?78f0864e4ef353b8c1beb2f30bc62bbd,,gx-no-cache=1522670733726 HTTP/1.1" 200 5925
192.168.10.97 - - [02/Apr/2018:09:08:35 -0300] "POST /cormun/servlet/trsolicitudgral?78f0864e4ef353b8c1beb2f30bc62bbd,,gx-no-cache=1522670743847 HTTP/1.1" 200 5927
192.168.10.97 - - [02/Apr/2018:09:08:42 -0300] "POST /cormun/servlet/trsolicitudgral?78f0864e4ef353b8c1beb2f30bc62bbd,,gx-no-cache=1522670750639 HTTP/1.1" 200 5924
192.168.10.97 - - [02/Apr/2018:09:08:49 -0300] "POST /cormun/servlet/trsolicitudgral?78f0864e4ef353b8c1beb2f30bc62bbd,,gx-no-cache=1522670757574 HTTP/1.1" 200 5920
192.168.10.97 - - [02/Apr/2018:09:08:54 -0300] "POST /cormun/servlet/trsolicitudgral?78f0864e4ef353b8c1beb2f30bc62bbd,,gx-no-cache=1522670763256 HTTP/1.1" 200 5923
192.168.10.97 - - [02/Apr/2018:09:09:00 -0300] "POST /cormun/servlet/trsolicitudgral?78f0864e4ef353b8c1beb2f30bc62bbd,,gx-no-cache=1522670769337 HTTP/1.1" 200 7270
192.168.10.97 - - [02/Apr/2018:09:09:22 -0300] "POST /cormun/servlet/trsolicitudgral?78f0864e4ef353b8c1beb2f30bc62bbd,,gx-no-cache=1522670790737 HTTP/1.1" 200 7272
192.168.10.97 - - [02/Apr/2018:09:09:27 -0300] "GET /cormun/servlet/solicitudgral2?UPD,2018,10932, HTTP/1.1" 200 13071
192.168.10.97 - - [02/Apr/2018:09:09:27 -0300] "GET /cormun/static/gxcfg.js?20181911361990 HTTP/1.1" 304 -
192.168.10.97 - - [02/Apr/2018:09:09:27 -0300] "GET /cormun/servlet/solicitudgral2?UPD,2018,10932, HTTP/1.1" 200 13081
192.168.10.97 - - [02/Apr/2018:09:09:28 -0300] "POST /cormun/servlet/solicitudgral2?gx-no-cache=1522670796828 HTTP/1.1" 200 3875
192.168.10.97 - - [02/Apr/2018:09:09:28 -0300] "GET /cormun/servlet/solicitudgral2?379daa985e4348b55a059242368952a0aa4462799bbd03ab861bfdabb080220795b51c020cfc867a92c608dadad4461d52443823afb41de5dc219ce3b44213c0d63da75223319e3b8ad35600d2efa2fd27571c100600ef65f7c5eddf1631e0df0826da6953240e585bddd96bdfc8a60a7adc3d017666b65c089f22636367007b21a8ed69e5c177e0a1ceef6554e1abaaed050d3ac2a532203af7dfee09b042848940c1122aa63fff5ea833d7fd693461d02a87ad2c065ccf6e8c7befb0c5aec0925dd6e1cab3a760e0eadbb669fe1c4caab9207f98e8aa6d2dd3cc865c8eb51652b39c879a5074adc637a1d15c4c7fcdf80e63daee7631d31600f36a46303c2314e65c6f0ade30efae8304e2b98d8f7c4e3bb8fd35a883009ee0efd27afd8b6c449ba4d593227253da8f13e5f48805b5ef89ae8bda51445a6854feaf3c7ea501daee48a6dfc3b505f8cede57704323cc,gx-no-cache=1522670797102 HTTP/1.1" 200 297
192.168.10.97 - - [02/Apr/2018:09:09:28 -0300] "POST /cormun/servlet/solicitudgral2?gx-no-cache=1522670797180 HTTP/1.1" 200 1413
192.168.10.97 - - [02/Apr/2018:09:09:28 -0300] "GET /cormun/servlet/solicitudgral2?379daa985e4348b55a059242368952a037871ce601212e6fc1efe9ffe40d03791bed4dc9926a5b05dae5fd076ada13f70582d9f26eee8b356ca5638ee29880bb171790dac8faf33a087e6f10eeb1b86abfb2eb576203d999cb5e8bea541ef3d3738d15e045dc130a8f2897fe3e2dbfcd,gx-no-cache=1522670797238 HTTP/1.1" 200 41
192.168.10.97 - - [02/Apr/2018:09:09:45 -0300] "POST /cormun/servlet/solicitudgral2?78f0864e4ef353b8c1beb2f30bc62bbd,UPD,2018,10932,,gx-no-cache=1522670814300 HTTP/1.1" 200 11861
192.168.10.97 - - [02/Apr/2018:09:09:45 -0300] "GET /cormun/servlet/solicitudgral2?379daa985e4348b55a059242368952a089f67b24f7851cae1e42a53bf9a55151444378f92d7b1b5c5395e17c552b4e2ab5c04c6391c5c0398ec4dd5df88a1b1b01c6b649a7d0c57a35b13c0b93aaa47977d68b2f4ced48a7cc388d1a88885b349d2c71ba27f92e0f6206a27e3cf99c25,gx-no-cache=1522670814503 HTTP/1.1" 200 29
192.168.10.97 - - [02/Apr/2018:09:09:45 -0300] "POST /cormun/servlet/solicitudgral2?gx-no-cache=1522670814551 HTTP/1.1" 200 1310
192.168.10.97 - - [02/Apr/2018:09:09:45 -0300] "POST /cormun/servlet/solicitudgral2?gx-no-cache=1522670814614 HTTP/1.1" 200 1231
192.168.10.56 - - [02/Apr/2018:09:09:49 -0300] "GET /cormun/servlet/hlogin HTTP/1.1" 200 1739
192.168.10.56 - - [02/Apr/2018:09:09:53 -0300] "POST /cormun/servlet/hlogin?a4bde5aa5d9d9f9434f958df0da8a5e4,gx-no-cache=1522670821938 HTTP/1.1" 200 90
192.168.10.56 - - [02/Apr/2018:09:09:53 -0300] "GET /cormun/servlet/hpexe_link HTTP/1.1" 200 952
192.168.10.56 - - [02/Apr/2018:09:09:53 -0300] "GET /cormun/servlet/hhome HTTP/1.1" 200 3836
192.168.10.56 - - [02/Apr/2018:09:09:53 -0300] "GET /cormun/servlet/hhome HTTP/1.1" 200 3832
192.168.10.56 - - [02/Apr/2018:09:09:58 -0300] "GET /cormun/servlet/trautorizarot? HTTP/1.1" 200 19044
192.168.10.56 - - [02/Apr/2018:09:09:58 -0300] "GET /cormun/static/gxcfg.js?201711151294486 HTTP/1.1" 304 -
192.168.10.56 - - [02/Apr/2018:09:09:58 -0300] "GET /cormun/servlet/trautorizarot? HTTP/1.1" 200 19042
192.168.10.97 - - [02/Apr/2018:09:10:00 -0300] "POST /cormun/servlet/solicitudgral2?gx-no-cache=1522670829121 HTTP/1.1" 200 1311
192.168.10.97 - - [02/Apr/2018:09:10:00 -0300] "POST /cormun/servlet/solicitudgral2?gx-no-cache=1522670829165 HTTP/1.1" 200 1231
192.168.10.97 - - [02/Apr/2018:09:10:00 -0300] "GET /cormun/servlet/solicitudgral2?379daa985e4348b55a059242368952a0127294c235f165ee2caf86d3a0bbb67652f0640611c6d7ab508cd575636ea1c4810ae5167d1ba65c433d25cc68e232afa2a02ec1820e95ebf8a4fb5fefea8a969edec9e16c05b9b6b0dc8c15507b5c598fe424b0ff8fd41504b506fa06fffd5485f8c399de0c4e976f237b57f8b00265,gx-no-cache=1522670829193 HTTP/1.1" 200 30
192.168.10.97 - - [02/Apr/2018:09:10:00 -0300] "POST /cormun/servlet/solicitudgral2?78f0864e4ef353b8c1beb2f30bc62bbd,UPD,2018,10932,,gx-no-cache=1522670829216 HTTP/1.1" 200 93
192.168.10.97 - - [02/Apr/2018:09:10:00 -0300] "GET /cormun/servlet/hpexe_return? HTTP/1.1" 200 1021
192.168.10.97 - - [02/Apr/2018:09:10:00 -0300] "GET /cormun/static/gxcfg.js?2016101716175148 HTTP/1.1" 304 -
192.168.10.97 - - [02/Apr/2018:09:10:01 -0300] "GET /cormun/servlet/trsolicitudgral? HTTP/1.1" 200 9081
192.168.10.97 - - [02/Apr/2018:09:10:01 -0300] "GET /cormun/servlet/trsolicitudgral? HTTP/1.1" 200 9077
192.168.10.56 - - [02/Apr/2018:09:10:04 -0300] "POST /cormun/servlet/trautorizarot?a4bde5aa5d9d9f9434f958df0da8a5e4,,gx-no-cache=1522670832733 HTTP/1.1" 200 5328
192.168.10.56 - - [02/Apr/2018:09:10:05 -0300] "GET /cormun/static/menuarrow.gif HTTP/1.1" 404 1015
186.67.172.234 - - [02/Apr/2018:09:10:08 -0300] "GET /cormun/servlet/hlogin HTTP/1.1" 200 1714
186.67.172.234 - - [02/Apr/2018:09:10:08 -0300] "GET /cormun/static/gxtimezone.js?85251 HTTP/1.1" 304 -
186.67.172.234 - - [02/Apr/2018:09:10:08 -0300] "GET /cormun/static/messages.spa.js?85251 HTTP/1.1" 304 -
186.67.172.234 - - [02/Apr/2018:09:10:09 -0300] "GET /cormun/servlet/hlogin HTTP/1.1" 200 1725
192.168.10.56 - - [02/Apr/2018:09:10:10 -0300] "POST /cormun/servlet/trautorizarot?a4bde5aa5d9d9f9434f958df0da8a5e4,,gx-no-cache=1522670838962 HTTP/1.1" 200 5163
192.168.10.97 - - [02/Apr/2018:09:10:10 -0300] "POST /cormun/servlet/trsolicitudgral?78f0864e4ef353b8c1beb2f30bc62bbd,,gx-no-cache=1522670839549 HTTP/1.1" 200 5926
192.168.10.56 - - [02/Apr/2018:09:10:11 -0300] "GET /cormun/servlet/hlogin HTTP/1.1" 200 1739
186.67.172.234 - - [02/Apr/2018:09:10:17 -0300] "POST /cormun/servlet/hlogin?b6318930d3c303d79bbaf995454e98a8,gx-no-cache=1522670961540 HTTP/1.1" 200 90
186.67.172.234 - - [02/Apr/2018:09:10:17 -0300] "GET /cormun/servlet/hpexe_link HTTP/1.1" 200 944
186.67.172.234 - - [02/Apr/2018:09:10:18 -0300] "GET /cormun/servlet/hhome HTTP/1.1" 200 4220
192.168.10.97 - - [02/Apr/2018:09:10:19 -0300] "POST /cormun/servlet/trsolicitudgral?78f0864e4ef353b8c1beb2f30bc62bbd,,gx-no-cache=1522670848386 HTTP/1.1" 200 5926
186.67.172.234 - - [02/Apr/2018:09:10:23 -0300] "GET /cormun/servlet/hhome HTTP/1.1" 200 4216
192.168.10.97 - - [02/Apr/2018:09:10:29 -0300] "POST /cormun/servlet/trsolicitudgral?78f0864e4ef353b8c1beb2f30bc62bbd,,gx-no-cache=1522670858290 HTTP/1.1" 200 11761
186.67.172.234 - - [02/Apr/2018:09:10:36 -0300] "GET /cormun/servlet/trsolicitudot? HTTP/1.1" 200 7431
186.67.172.234 - - [02/Apr/2018:09:10:36 -0300] "GET /cormun/static/gxcfg.js?2017111422585916 HTTP/1.1" 304 -
186.67.172.234 - - [02/Apr/2018:09:10:36 -0300] "GET /cormun/static/calendar.js?85251 HTTP/1.1" 304 -
186.67.172.234 - - [02/Apr/2018:09:10:36 -0300] "GET /cormun/static/calendar-setup.js?85251 HTTP/1.1" 304 -
186.67.172.234 - - [02/Apr/2018:09:10:36 -0300] "GET /cormun/static/calendar-es.js?85251 HTTP/1.1" 304 -
186.67.172.234 - - [02/Apr/2018:09:10:36 -0300] "GET /cormun/static/gxdec.js?85251 HTTP/1.1" 304 -
186.67.172.234 - - [02/Apr/2018:09:10:36 -0300] "GET /cormun/servlet/trsolicitudot? HTTP/1.1" 200 7430
192.168.10.97 - - [02/Apr/2018:09:10:41 -0300] "POST /cormun/servlet/trsolicitudgral?78f0864e4ef353b8c1beb2f30bc62bbd,,gx-no-cache=1522670869885 HTTP/1.1" 200 5927
192.168.10.97 - - [02/Apr/2018:09:10:48 -0300] "GET /cormun/servlet/trcoordinadores? HTTP/1.1" 200 7576
192.168.10.97 - - [02/Apr/2018:09:10:48 -0300] "GET /cormun/static/gxcfg.js?20182817343370 HTTP/1.1" 304 -
192.168.10.97 - - [02/Apr/2018:09:10:48 -0300] "GET /cormun/static/trcoordinadores.js?20182817343662 HTTP/1.1" 304 -
192.168.10.97 - - [02/Apr/2018:09:10:50 -0300] "GET /cormun/servlet/trcoordinadores? HTTP/1.1" 200 7576
186.67.172.234 - - [02/Apr/2018:09:11:02 -0300] "GET /cormun/servlet/solicitudot?INS,0,0, HTTP/1.1" 200 13654
186.67.172.234 - - [02/Apr/2018:09:11:02 -0300] "GET /cormun/static/gxcfg.js?201812313224582 HTTP/1.1" 304 -
186.67.172.234 - - [02/Apr/2018:09:11:02 -0300] "GET /cormun/static/solicitudot.js?201812313224831 HTTP/1.1" 304 -
186.67.172.234 - - [02/Apr/2018:09:11:02 -0300] "GET /cormun/servlet/solicitudot?INS,0,0, HTTP/1.1" 200 13659
186.67.172.234 - - [02/Apr/2018:09:11:16 -0300] "POST /cormun/servlet/solicitudot?gx-no-cache=1522671020407 HTTP/1.1" 200 3407
186.67.172.234 - - [02/Apr/2018:09:11:16 -0300] "POST /cormun/servlet/solicitudot?b6318930d3c303d79bbaf995454e98a8,INS,0,0,,gx-no-cache=1522671020692 HTTP/1.1" 200 10544
186.103.156.24 - - [02/Apr/2018:09:11:31 -0300] "GET /cormun/servlet/hlogin HTTP/1.1" 200 1713
186.103.156.24 - - [02/Apr/2018:09:11:31 -0300] "GET /cormun/static/gxcfg.js?20175251213516 HTTP/1.1" 304 -
186.103.156.24 - - [02/Apr/2018:09:11:32 -0300] "GET /cormun/servlet/hlogin HTTP/1.1" 200 1724
186.67.172.234 - - [02/Apr/2018:09:11:43 -0300] "GET /cormun/servlet/prbanco?,MD,,gxPopupLevel%3D0%3B HTTP/1.1" 200 6653
186.103.156.24 - - [02/Apr/2018:09:11:44 -0300] "POST /cormun/servlet/hlogin?72d2926ac645fd5d7a74ba7cd962d245,gx-no-cache=1522671055977 HTTP/1.1" 200 440
186.103.156.24 - - [02/Apr/2018:09:11:54 -0300] "POST /cormun/servlet/hlogin?72d2926ac645fd5d7a74ba7cd962d245,gx-no-cache=1522671065759 HTTP/1.1" 200 90
186.103.156.24 - - [02/Apr/2018:09:11:54 -0300] "GET /cormun/servlet/hpexe_link HTTP/1.1" 200 943
186.103.156.24 - - [02/Apr/2018:09:11:54 -0300] "GET /cormun/static/gxcfg.js?20177612121792 HTTP/1.1" 304 -
186.103.156.24 - - [02/Apr/2018:09:11:54 -0300] "GET /cormun/servlet/hhome HTTP/1.1" 200 4220
186.103.156.24 - - [02/Apr/2018:09:11:55 -0300] "GET /cormun/static/gxcfg.js?20175251212442 HTTP/1.1" 304 -
186.103.156.24 - - [02/Apr/2018:09:11:55 -0300] "GET /cormun/servlet/hhome HTTP/1.1" 200 4216
186.67.172.234 - - [02/Apr/2018:09:11:57 -0300] "GET /cormun/servlet/solicitudot?a135273d82c7ed4ce31703da99831a17f3d0296fb235d65719288da4eec58e0768c82c8633a5cef43f2d93a0b1378984,gx-no-cache=1522671061535 HTTP/1.1" 200 30
186.67.172.234 - - [02/Apr/2018:09:11:57 -0300] "GET /cormun/servlet/solicitudot?a135273d82c7ed4ce31703da99831a17833395bf37058ae8bbf89bb2a5bcd02ac131b7f01eac8e80331fb28bb13b867968c82c8633a5cef43f2d93a0b1378984,gx-no-cache=1522671061653 HTTP/1.1" 200 103
186.67.172.234 - - [02/Apr/2018:09:11:57 -0300] "GET /cormun/static/Shared/jqueryui/images/ui-bg_flat_55_994d53_40x100.png HTTP/1.1" 404 1097
186.67.172.234 - - [02/Apr/2018:09:11:57 -0300] "GET /cormun/static/Shared/jqueryui/images/ui-icons_82798d_256x240.png HTTP/1.1" 404 1089
186.67.172.234 - - [02/Apr/2018:09:11:57 -0300] "GET /cormun/static/Shared/jqueryui/images/ui-icons_ebccce_256x240.png HTTP/1.1" 404 1089
186.67.172.234 - - [02/Apr/2018:09:11:57 -0300] "GET /cormun/static/Shared/jqueryui/images/ui-bg_highlight-soft_100_c6c2c8_1x100.png HTTP/1.1" 404 1117
186.67.172.234 - - [02/Apr/2018:09:12:05 -0300] "GET /cormun/servlet/solicitudot?a135273d82c7ed4ce31703da99831a1759adec8c53bccbcd7ace7b8c5308ee98,gx-no-cache=1522671069986 HTTP/1.1" 200 53
186.103.159.46 - - [02/Apr/2018:09:12:38 -0300] "GET /cormun/servlet/hlogin HTTP/1.1" 200 1722
186.103.159.46 - - [02/Apr/2018:09:12:38 -0300] "GET /cormun/static/gxtimezone.js?85251 HTTP/1.1" 304 -
186.103.159.46 - - [02/Apr/2018:09:12:38 -0300] "GET /cormun/static/gxcfg.js?20175251213516 HTTP/1.1" 304 -
186.103.159.46 - - [02/Apr/2018:09:12:38 -0300] "GET /cormun/static/messages.spa.js?85251 HTTP/1.1" 304 -
186.103.159.46 - - [02/Apr/2018:09:12:38 -0300] "GET /cormun/servlet/hlogin HTTP/1.1" 200 1730
186.103.159.46 - - [02/Apr/2018:09:13:21 -0300] "POST /cormun/servlet/hlogin?c0cd9cebbbdc8552f8ee2abdcffb5b7c,gx-no-cache=1522671148645 HTTP/1.1" 200 444
186.103.159.46 - - [02/Apr/2018:09:13:35 -0300] "POST /cormun/servlet/hlogin?c0cd9cebbbdc8552f8ee2abdcffb5b7c,gx-no-cache=1522671162202 HTTP/1.1" 200 90
186.103.159.46 - - [02/Apr/2018:09:13:35 -0300] "GET /cormun/servlet/hpexe_link HTTP/1.1" 200 950
186.103.159.46 - - [02/Apr/2018:09:13:35 -0300] "GET /cormun/static/gxcfg.js?20177612121792 HTTP/1.1" 304 -
186.103.159.46 - - [02/Apr/2018:09:13:35 -0300] "GET /cormun/servlet/hhome HTTP/1.1" 200 4119
186.103.159.46 - - [02/Apr/2018:09:13:35 -0300] "GET /cormun/static/gxcfg.js?20175251212442 HTTP/1.1" 304 -
186.103.159.46 - - [02/Apr/2018:09:13:36 -0300] "GET /cormun/servlet/hhome HTTP/1.1" 200 4115
186.103.159.46 - - [02/Apr/2018:09:13:53 -0300] "GET /cormun/servlet/trlicencias? HTTP/1.1" 200 10228
186.103.159.46 - - [02/Apr/2018:09:13:53 -0300] "GET /cormun/static/gxcfg.js?20176272054169 HTTP/1.1" 304 -
186.103.159.46 - - [02/Apr/2018:09:13:53 -0300] "GET /cormun/static/calendar.js?85251 HTTP/1.1" 304 -
186.103.159.46 - - [02/Apr/2018:09:13:53 -0300] "GET /cormun/static/calendar-setup.js?85251 HTTP/1.1" 304 -
186.103.159.46 - - [02/Apr/2018:09:13:53 -0300] "GET /cormun/static/calendar-es.js?85251 HTTP/1.1" 304 -
186.103.159.46 - - [02/Apr/2018:09:13:53 -0300] "GET /cormun/static/gxdec.js?85251 HTTP/1.1" 304 -
186.103.159.46 - - [02/Apr/2018:09:13:54 -0300] "GET /cormun/servlet/trlicencias? HTTP/1.1" 200 10225
190.100.93.40 - - [02/Apr/2018:09:14:49 -0300] "GET /cormun/servlet/trfichaempleado HTTP/1.1" 200 15251
186.103.159.204 - - [02/Apr/2018:09:15:04 -0300] "GET /cormun/servlet/trvisualizadoreventos? HTTP/1.1" 200 6855
186.103.159.204 - - [02/Apr/2018:09:15:05 -0300] "GET /cormun/static/gxcfg.js?20175251251426 HTTP/1.1" 200 953
186.103.159.204 - - [02/Apr/2018:09:15:05 -0300] "GET /cormun/servlet/trvisualizadoreventos? HTTP/1.1" 200 6866
190.100.93.40 - - [02/Apr/2018:09:15:17 -0300] "GET /cormun/servlet/hlogin HTTP/1.1" 200 1717
190.100.93.40 - - [02/Apr/2018:09:15:19 -0300] "POST /cormun/servlet/hlogin?d2c8eae9374e3b4197d185a658ed6a12,gx-no-cache=1522671265943 HTTP/1.1" 200 90
190.100.93.40 - - [02/Apr/2018:09:15:19 -0300] "GET /cormun/servlet/hpexe_link HTTP/1.1" 200 955
192.168.10.56 - - [02/Apr/2018:09:15:25 -0300] "POST /cormun/servlet/hlogin?a4bde5aa5d9d9f9434f958df0da8a5e4,gx-no-cache=1522671154160 HTTP/1.1" 200 90
192.168.10.56 - - [02/Apr/2018:09:15:25 -0300] "GET /cormun/servlet/hpexe_link HTTP/1.1" 200 952
192.168.10.56 - - [02/Apr/2018:09:15:25 -0300] "GET /cormun/servlet/hhome HTTP/1.1" 200 4498
192.168.10.56 - - [02/Apr/2018:09:15:26 -0300] "GET /cormun/servlet/hhome HTTP/1.1" 200 4494
192.168.10.56 - - [02/Apr/2018:09:15:30 -0300] "GET /cormun/servlet/trsolicitudgral? HTTP/1.1" 200 17584
192.168.10.56 - - [02/Apr/2018:09:15:30 -0300] "GET /cormun/servlet/trsolicitudgral? HTTP/1.1" 200 17582
192.168.10.56 - - [02/Apr/2018:09:15:40 -0300] "POST /cormun/servlet/trsolicitudgral?a4bde5aa5d9d9f9434f958df0da8a5e4,,gx-no-cache=1522671169252 HTTP/1.1" 200 13588
186.67.172.234 - - [02/Apr/2018:09:15:43 -0300] "POST /cormun/servlet/solicitudot?b6318930d3c303d79bbaf995454e98a8,INS,0,0,,gx-no-cache=1522671287380 HTTP/1.1" 200 93
186.67.172.234 - - [02/Apr/2018:09:15:43 -0300] "GET /cormun/servlet/hpexe_return? HTTP/1.1" 200 1000
186.67.172.234 - - [02/Apr/2018:09:15:43 -0300] "GET /cormun/static/gxcfg.js?2016101716175148 HTTP/1.1" 304 -
186.67.172.234 - - [02/Apr/2018:09:15:44 -0300] "GET /cormun/servlet/trsolicitudot HTTP/1.1" 200 7434
186.67.172.234 - - [02/Apr/2018:09:15:44 -0300] "GET /cormun/servlet/trsolicitudot HTTP/1.1" 200 7430
186.67.172.234 - - [02/Apr/2018:09:15:46 -0300] "GET /cormun/servlet/solicitudot?INS,0,0, HTTP/1.1" 200 13655
186.67.172.234 - - [02/Apr/2018:09:15:47 -0300] "GET /cormun/servlet/solicitudot?INS,0,0, HTTP/1.1" 200 13660
192.168.10.56 - - [02/Apr/2018:09:15:52 -0300] "GET /cormun/servlet/hlogin HTTP/1.1" 200 1740
186.67.172.234 - - [02/Apr/2018:09:15:59 -0300] "POST /cormun/servlet/solicitudot?gx-no-cache=1522671303216 HTTP/1.1" 200 3397
186.67.172.234 - - [02/Apr/2018:09:15:59 -0300] "POST /cormun/servlet/solicitudot?b6318930d3c303d79bbaf995454e98a8,INS,0,0,,gx-no-cache=1522671303795 HTTP/1.1" 200 10558
186.67.172.234 - - [02/Apr/2018:09:16:05 -0300] "GET /cormun/servlet/prbanco?,MD,,gxPopupLevel%3D0%3B HTTP/1.1" 200 6653
186.67.172.234 - - [02/Apr/2018:09:16:14 -0300] "GET /cormun/servlet/solicitudot?a135273d82c7ed4ce31703da99831a17f3d0296fb235d65719288da4eec58e0768c82c8633a5cef43f2d93a0b1378984,gx-no-cache=1522671319268 HTTP/1.1" 200 30
186.67.172.234 - - [02/Apr/2018:09:16:14 -0300] "GET /cormun/servlet/solicitudot?a135273d82c7ed4ce31703da99831a17833395bf37058ae8bbf89bb2a5bcd02ac131b7f01eac8e80331fb28bb13b867968c82c8633a5cef43f2d93a0b1378984,gx-no-cache=1522671319303 HTTP/1.1" 200 103
186.67.172.234 - - [02/Apr/2018:09:16:14 -0300] "GET /cormun/static/Shared/jqueryui/images/ui-bg_highlight-soft_100_c6c2c8_1x100.png HTTP/1.1" 404 1117
186.67.172.234 - - [02/Apr/2018:09:16:14 -0300] "GET /cormun/static/Shared/jqueryui/images/ui-icons_82798d_256x240.png HTTP/1.1" 404 1089
186.67.172.234 - - [02/Apr/2018:09:16:14 -0300] "GET /cormun/static/Shared/jqueryui/images/ui-icons_ebccce_256x240.png HTTP/1.1" 404 1089
186.67.172.234 - - [02/Apr/2018:09:16:14 -0300] "GET /cormun/static/Shared/jqueryui/images/ui-bg_flat_55_994d53_40x100.png HTTP/1.1" 404 1097
186.67.172.234 - - [02/Apr/2018:09:16:18 -0300] "GET /cormun/servlet/solicitudot?a135273d82c7ed4ce31703da99831a1759adec8c53bccbcd7ace7b8c5308ee98,gx-no-cache=1522671322526 HTTP/1.1" 200 53
190.100.93.40 - - [02/Apr/2018:09:16:21 -0300] "GET /cormun/servlet/trfichaempleado HTTP/1.1" 200 15247
190.100.93.40 - - [02/Apr/2018:09:16:26 -0300] "GET /cormun/servlet/trfichaempleado HTTP/1.1" 200 15247
186.67.172.234 - - [02/Apr/2018:09:16:34 -0300] "POST /cormun/servlet/solicitudot?gx-no-cache=1522671338753 HTTP/1.1" 200 255
186.67.172.234 - - [02/Apr/2018:09:16:34 -0300] "GET /cormun/servlet/solicitudot?a135273d82c7ed4ce31703da99831a17d507acb8454f8b216ac6588263fe589341d495f948e3cbbaba70d9b46093ff6afbd0a2644423d7c3ef02971b35e56f6991605a359fdbd7499aa2b4e27e31410541d434a4a296776e9f9001cb8c2000ebf6873bc3fb8ad7f30c5c07031b96f4ad49cfd3da388689473ee0fef2eb1fe802460575f40da7af6fa4280c9eb5927ed80aea3df85eb41257652ca5efe401558b64b98360be2023f642c6f6120ac941a54291ce01d0fabc8ed75db5c9a6c1e119730f057fc8dabc56e1df589d0af13a59ff241fa53a49158277b4f07909aa1781d97b26fa6f10e39bd20f0739bc6e1a0c98839e615c8befa741fadb8b2138b6a9ea81fab0d3e070716fd88241203e72a3d0c99ea6447e71d42f8e679e060c1d93f334f09e9f2b84edaa605057fbe7c77a8d0a4fa9d8b97054913feece63484c45b879eb8dbb9de33465c5ec2ec7484a809d4922d1eb4574e919535bd32c9684c79271b1fdf137640e6666164f7f7c02422e3eab20522a5586f9485388d0835180,gx-no-cache=1522671338831 HTTP/1.1" 200 30
192.168.10.97 - - [02/Apr/2018:09:16:37 -0300] "GET /cormun/servlet/hlogin HTTP/1.1" 200 1725
192.168.10.97 - - [02/Apr/2018:09:16:39 -0300] "POST /cormun/servlet/hlogin?4cfcece82fcc0ceaa4ab2ae7c28d685e,gx-no-cache=1522671228152 HTTP/1.1" 200 90
192.168.10.97 - - [02/Apr/2018:09:16:39 -0300] "GET /cormun/servlet/hpexe_link HTTP/1.1" 200 952
192.168.10.97 - - [02/Apr/2018:09:16:39 -0300] "GET /cormun/servlet/hhome HTTP/1.1" 200 4571
192.168.10.97 - - [02/Apr/2018:09:16:40 -0300] "GET /cormun/servlet/hhome HTTP/1.1" 200 4567
192.168.10.97 - - [02/Apr/2018:09:16:42 -0300] "GET /cormun/servlet/trsolicitudgral? HTTP/1.1" 200 11196
192.168.10.97 - - [02/Apr/2018:09:16:43 -0300] "GET /cormun/servlet/trsolicitudgral? HTTP/1.1" 200 11194
190.100.93.40 - - [02/Apr/2018:09:17:01 -0300] "GET /cormun/servlet/hlogin HTTP/1.1" 200 1717
192.168.10.97 - - [02/Apr/2018:09:17:04 -0300] "POST /cormun/servlet/trsolicitudgral?4cfcece82fcc0ceaa4ab2ae7c28d685e,,gx-no-cache=1522671252872 HTTP/1.1" 200 5921
190.100.93.40 - - [02/Apr/2018:09:17:06 -0300] "POST /cormun/servlet/hlogin?d2c8eae9374e3b4197d185a658ed6a12,gx-no-cache=1522671373732 HTTP/1.1" 200 417
190.100.93.40 - - [02/Apr/2018:09:17:07 -0300] "POST /cormun/servlet/hlogin?d2c8eae9374e3b4197d185a658ed6a12,gx-no-cache=1522671374244 HTTP/1.1" 200 417
190.100.93.40 - - [02/Apr/2018:09:17:08 -0300] "GET /cormun/servlet/hlogin HTTP/1.1" 200 1717
190.100.93.40 - - [02/Apr/2018:09:17:10 -0300] "POST /cormun/servlet/hlogin?d2c8eae9374e3b4197d185a658ed6a12,gx-no-cache=1522671376834 HTTP/1.1" 200 90
190.100.93.40 - - [02/Apr/2018:09:17:10 -0300] "GET /cormun/servlet/hpexe_link HTTP/1.1" 200 955
192.168.10.97 - - [02/Apr/2018:09:17:12 -0300] "POST /cormun/servlet/trsolicitudgral?4cfcece82fcc0ceaa4ab2ae7c28d685e,,gx-no-cache=1522671261359 HTTP/1.1" 200 5920
192.168.10.97 - - [02/Apr/2018:09:17:21 -0300] "POST /cormun/servlet/trsolicitudgral?4cfcece82fcc0ceaa4ab2ae7c28d685e,,gx-no-cache=1522671270193 HTTP/1.1" 200 7269
192.168.10.97 - - [02/Apr/2018:09:17:32 -0300] "POST /cormun/servlet/trsolicitudgral?4cfcece82fcc0ceaa4ab2ae7c28d685e,,gx-no-cache=1522671281139 HTTP/1.1" 200 6110
192.168.10.97 - - [02/Apr/2018:09:17:32 -0300] "GET /cormun/static/Shared/jqueryui/images/ui-icons_82798d_256x240.png HTTP/1.1" 404 1089
192.168.10.97 - - [02/Apr/2018:09:17:32 -0300] "GET /cormun/static/Shared/jqueryui/images/ui-icons_8d78a5_256x240.png HTTP/1.1" 404 1089
192.168.10.97 - - [02/Apr/2018:09:17:32 -0300] "GET /cormun/static/Shared/jqueryui/images/ui-bg_highlight-soft_100_c6c2c8_1x100.png HTTP/1.1" 404 1117
192.168.10.97 - - [02/Apr/2018:09:17:32 -0300] "GET /cormun/static/Shared/jqueryui/images/ui-bg_flat_55_fafafa_40x100.png HTTP/1.1" 404 1097
192.168.10.97 - - [02/Apr/2018:09:17:47 -0300] "POST /cormun/servlet/trsolicitudgral?4cfcece82fcc0ceaa4ab2ae7c28d685e,,gx-no-cache=1522671296550 HTTP/1.1" 200 5921
192.168.10.97 - - [02/Apr/2018:09:17:59 -0300] "POST /cormun/servlet/trsolicitudgral?4cfcece82fcc0ceaa4ab2ae7c28d685e,,gx-no-cache=1522671308158 HTTP/1.1" 200 5919
192.168.10.97 - - [02/Apr/2018:09:18:05 -0300] "POST /cormun/servlet/trsolicitudgral?4cfcece82fcc0ceaa4ab2ae7c28d685e,,gx-no-cache=1522671314543 HTTP/1.1" 200 5916
192.168.10.97 - - [02/Apr/2018:09:18:11 -0300] "POST /cormun/servlet/trsolicitudgral?4cfcece82fcc0ceaa4ab2ae7c28d685e,,gx-no-cache=1522671320223 HTTP/1.1" 200 5918
192.168.10.97 - - [02/Apr/2018:09:18:20 -0300] "POST /cormun/servlet/trsolicitudgral?4cfcece82fcc0ceaa4ab2ae7c28d685e,,gx-no-cache=1522671329267 HTTP/1.1" 200 5916
192.168.10.97 - - [02/Apr/2018:09:18:28 -0300] "POST /cormun/servlet/trsolicitudgral?4cfcece82fcc0ceaa4ab2ae7c28d685e,,gx-no-cache=1522671337043 HTTP/1.1" 200 5918
192.168.10.97 - - [02/Apr/2018:09:19:05 -0300] "GET /cormun/static/menuarrow.gif HTTP/1.1" 404 1015
192.168.10.62 - - [02/Apr/2018:09:19:16 -0300] "GET /cormun/servlet/trsolicitudgral? HTTP/1.1" 200 28916
192.168.10.97 - - [02/Apr/2018:09:19:16 -0300] "POST /cormun/servlet/trsolicitudgral?4cfcece82fcc0ceaa4ab2ae7c28d685e,,gx-no-cache=1522671385151 HTTP/1.1" 200 7727
192.168.10.62 - - [02/Apr/2018:09:19:17 -0300] "GET /cormun/servlet/trsolicitudgral? HTTP/1.1" 200 28916
192.168.10.62 - - [02/Apr/2018:09:19:22 -0300] "POST /cormun/servlet/trsolicitudgral?e16cab0fa2a50c622fa221ebd9007e62,,gx-no-cache=1522671391201 HTTP/1.1" 200 8120
192.168.10.97 - - [02/Apr/2018:09:19:26 -0300] "POST /cormun/servlet/trsolicitudgral?4cfcece82fcc0ceaa4ab2ae7c28d685e,,gx-no-cache=1522671395334 HTTP/1.1" 200 8083
192.168.10.62 - - [02/Apr/2018:09:19:30 -0300] "POST /cormun/servlet/trsolicitudgral?e16cab0fa2a50c622fa221ebd9007e62,,gx-no-cache=1522671398664 HTTP/1.1" 200 23799
192.168.10.62 - - [02/Apr/2018:09:19:33 -0300] "POST /cormun/servlet/trsolicitudgral?e16cab0fa2a50c622fa221ebd9007e62,,gx-no-cache=1522671401251 HTTP/1.1" 200 105
192.168.10.62 - - [02/Apr/2018:09:19:33 -0300] "GET /cormun/SolicitudGral-6550.xls HTTP/1.1" 200 31744
192.168.10.97 - - [02/Apr/2018:09:20:51 -0300] "POST /cormun/servlet/trsolicitudgral?4cfcece82fcc0ceaa4ab2ae7c28d685e,,gx-no-cache=1522671479568 HTTP/1.1" 200 8083
192.168.10.97 - - [02/Apr/2018:09:21:07 -0300] "POST /cormun/servlet/trsolicitudgral?4cfcece82fcc0ceaa4ab2ae7c28d685e,,gx-no-cache=1522671496505 HTTP/1.1" 200 6125
192.168.10.97 - - [02/Apr/2018:09:21:23 -0300] "POST /cormun/servlet/trsolicitudgral?4cfcece82fcc0ceaa4ab2ae7c28d685e,,gx-no-cache=1522671511686 HTTP/1.1" 200 7728
192.168.10.97 - - [02/Apr/2018:09:21:30 -0300] "POST /cormun/servlet/trsolicitudgral?4cfcece82fcc0ceaa4ab2ae7c28d685e,,gx-no-cache=1522671519094 HTTP/1.1" 200 6131
192.168.10.97 - - [02/Apr/2018:09:21:49 -0300] "GET /cormun/servlet/wbconsulta? HTTP/1.1" 200 5457
192.168.10.97 - - [02/Apr/2018:09:21:49 -0300] "GET /cormun/static/gxcfg.js?201711151340179 HTTP/1.1" 200 953
192.168.10.97 - - [02/Apr/2018:09:21:49 -0300] "GET /cormun/static/wbconsulta.js?201711151340215 HTTP/1.1" 200 4330
192.168.10.97 - - [02/Apr/2018:09:21:49 -0300] "GET /cormun/servlet/wbconsulta? HTTP/1.1" 200 5456
186.103.159.188 - - [02/Apr/2018:09:21:51 -0300] "GET /cormun/servlet/solicitudot?INS,0,0, HTTP/1.1" 200 13395
186.103.159.188 - - [02/Apr/2018:09:21:52 -0300] "GET /cormun/servlet/solicitudot?INS,0,0, HTTP/1.1" 200 13400
186.103.159.188 - - [02/Apr/2018:09:22:01 -0300] "POST /cormun/servlet/solicitudot?gx-no-cache=1522671667466 HTTP/1.1" 200 3284
186.103.159.188 - - [02/Apr/2018:09:22:01 -0300] "POST /cormun/servlet/solicitudot?a60e586d1f87e091abdec4a9e70ae568,INS,0,0,,gx-no-cache=1522671668192 HTTP/1.1" 200 10245
192.168.10.97 - - [02/Apr/2018:09:22:03 -0300] "GET /cormun/servlet/trcontratoobservaciongral? HTTP/1.1" 200 18145
186.103.159.188 - - [02/Apr/2018:09:22:05 -0300] "GET /cormun/servlet/solicitudot?497aa1316d64393de7a15d088b874fca154f4acf9efa2743854acf2f0734b36f42fb4b64c4de0ef587355cdf7e3be525,gx-no-cache=1522671671781 HTTP/1.1" 200 30
192.168.10.97 - - [02/Apr/2018:09:22:05 -0300] "GET /cormun/servlet/trcontratoobservaciongral? HTTP/1.1" 200 18145
192.168.10.97 - - [02/Apr/2018:09:22:05 -0300] "GET /cormun/static/gxcfg.js?2017761216251 HTTP/1.1" 200 953
192.168.10.97 - - [02/Apr/2018:09:22:05 -0300] "GET /cormun/static/trcontratoobservaciongral.js?2017761216635 HTTP/1.1" 200 29864
192.168.10.97 - - [02/Apr/2018:09:22:05 -0300] "GET /cormun/static/Resources/PXToolsActionPrint.png HTTP/1.1" 200 3317
192.168.10.97 - - [02/Apr/2018:09:22:05 -0300] "GET /cormun//static/Resources/PXToolsHeaderFavorites.png HTTP/1.1" 200 2744
192.168.10.97 - - [02/Apr/2018:09:22:07 -0300] "GET /cormun/servlet/trcontratoobservaciongral? HTTP/1.1" 200 18145
192.168.10.97 - - [02/Apr/2018:09:22:29 -0300] "GET /cormun/servlet/trestablecimiento? HTTP/1.1" 200 6924
192.168.10.97 - - [02/Apr/2018:09:22:29 -0300] "GET /cormun/static/gxcfg.js?20181312016440 HTTP/1.1" 200 953
192.168.10.97 - - [02/Apr/2018:09:22:29 -0300] "GET /cormun/static/trestablecimiento.js?20181312016683 HTTP/1.1" 200 13165
192.168.10.97 - - [02/Apr/2018:09:22:29 -0300] "GET /cormun/servlet/trestablecimiento? HTTP/1.1" 200 6923
192.168.10.97 - - [02/Apr/2018:09:22:46 -0300] "GET /cormun/servlet/trestablecimiento? HTTP/1.1" 200 6923
192.168.10.97 - - [02/Apr/2018:09:22:46 -0300] "GET /cormun/servlet/trestablecimiento? HTTP/1.1" 200 6923
192.168.10.97 - - [02/Apr/2018:09:22:55 -0300] "GET /cormun/servlet/trestablecimientocargahoraria?ADM, HTTP/1.1" 200 7035
192.168.10.97 - - [02/Apr/2018:09:22:55 -0300] "GET /cormun/static/gxcfg.js?20181312024626 HTTP/1.1" 200 953
192.168.10.97 - - [02/Apr/2018:09:22:55 -0300] "GET /cormun/static/trestablecimientocargahoraria.js?20181312024964 HTTP/1.1" 200 21479
192.168.10.97 - - [02/Apr/2018:09:22:55 -0300] "GET /cormun/servlet/trestablecimientocargahoraria?ADM, HTTP/1.1" 200 7051
192.168.10.97 - - [02/Apr/2018:09:23:10 -0300] "GET /cormun/servlet/trcargahorariagral? HTTP/1.1" 200 10424
192.168.10.97 - - [02/Apr/2018:09:23:10 -0300] "GET /cormun/static/gxcfg.js?20182614244957 HTTP/1.1" 200 953
192.168.10.97 - - [02/Apr/2018:09:23:10 -0300] "GET /cormun/static/trcargahorariagral.js?20182614245252 HTTP/1.1" 200 19897
192.168.10.97 - - [02/Apr/2018:09:23:10 -0300] "GET /cormun/servlet/trcargahorariagral? HTTP/1.1" 200 10415
190.100.93.40 - - [02/Apr/2018:09:23:28 -0300] "GET /cormun/servlet/trfichaempleado HTTP/1.1" 200 15196
192.168.10.97 - - [02/Apr/2018:09:23:48 -0300] "GET /cormun/servlet/trvisualizargeneral? HTTP/1.1" 200 8145
192.168.10.97 - - [02/Apr/2018:09:23:48 -0300] "GET /cormun/static/gxcfg.js?201791313391558 HTTP/1.1" 200 953
192.168.10.97 - - [02/Apr/2018:09:23:49 -0300] "GET /cormun/servlet/trvisualizargeneral? HTTP/1.1" 200 8144
192.168.10.97 - - [02/Apr/2018:09:23:53 -0300] "GET /cormun/servlet/trautorizarsolicitud? HTTP/1.1" 200 7681
192.168.10.97 - - [02/Apr/2018:09:23:53 -0300] "GET /cormun/static/gxcfg.js?2017111423403364 HTTP/1.1" 304 -
186.67.172.234 - - [02/Apr/2018:09:23:53 -0300] "POST /cormun/servlet/solicitudot?gx-no-cache=1522671776774 HTTP/1.1" 200 30
192.168.10.97 - - [02/Apr/2018:09:23:53 -0300] "GET /cormun/servlet/trautorizarsolicitud? HTTP/1.1" 200 7680
186.67.172.234 - - [02/Apr/2018:09:23:56 -0300] "POST /cormun/servlet/solicitudot?gx-no-cache=1522671781058 HTTP/1.1" 200 1354
186.67.172.234 - - [02/Apr/2018:09:23:56 -0300] "POST /cormun/servlet/solicitudot?gx-no-cache=1522671781210 HTTP/1.1" 200 38
192.168.10.97 - - [02/Apr/2018:09:23:57 -0300] "GET /cormun/servlet/trsolicitudot? HTTP/1.1" 200 9155
192.168.10.97 - - [02/Apr/2018:09:23:57 -0300] "GET /cormun/static/trsolicitudot.js?201711142259839 HTTP/1.1" 304 -
192.168.10.97 - - [02/Apr/2018:09:23:57 -0300] "GET /cormun/static/gxcfg.js?2017111422585916 HTTP/1.1" 304 -
192.168.10.97 - - [02/Apr/2018:09:23:57 -0300] "GET /cormun/servlet/trsolicitudot? HTTP/1.1" 200 9154
186.67.172.234 - - [02/Apr/2018:09:24:06 -0300] "GET /cormun/servlet/solicitudot?a135273d82c7ed4ce31703da99831a17699e2409243534fda97e606579a0af259e6bb669db1125de356702ab931412c238c6ff59aa0e4516ec330c1c12118c1f7b8c9a90bf88f14a1ce5b7f1dcc99e7179b0b79c23c21c75ef63176a22b52782094e706f3fc6915b7d69f1b86c5a465e3e63b263af0a99b294efa44a9da73385aaea9cb5564eeac04e0da36687dc3dcdc98a40c1e1754de60f8e182950f4f4fdf5d3c92c87e57a990e1c7274bc1ac9a6a2468ad50a6cb2135ee658c8123fd17d16398680a111928434a679ec9b91b38b,gx-no-cache=1522671791334 HTTP/1.1" 200 29
186.67.172.234 - - [02/Apr/2018:09:24:09 -0300] "POST /cormun/servlet/solicitudot?gx-no-cache=1522671793728 HTTP/1.1" 200 1336
186.67.172.234 - - [02/Apr/2018:09:24:09 -0300] "POST /cormun/servlet/solicitudot?gx-no-cache=1522671793879 HTTP/1.1" 200 1232
186.67.172.234 - - [02/Apr/2018:09:24:09 -0300] "GET /cormun/static/menuarrow.gif HTTP/1.1" 404 1015
186.67.172.234 - - [02/Apr/2018:09:24:11 -0300] "POST /cormun/servlet/solicitudot?gx-no-cache=1522671795201 HTTP/1.1" 200 1336
186.67.172.234 - - [02/Apr/2018:09:24:11 -0300] "POST /cormun/servlet/solicitudot?gx-no-cache=1522671796347 HTTP/1.1" 200 1232
