186.103.158.250 - - [29/Mar/2018:09:42:46 -0300] "GET /cormun/servlet/solicitudot?128a5770dd2c5462935b2849f7c7dc34efa0dac21e2f14f83d6c5ab76a600879a4a3883b7b41dc3b49cb1212f92fa62efb07976dcc3195c50c81c05ac858a4fddd88e22f06a7dfbe6d4e35ed3b69e1fb4ead5081d77851c5b81b004265b0ffff270d11afd4c6932486f63a894da4db1f,gx-no-cache=1522327312213 HTTP/1.1" 200 29
192.168.10.62 - - [29/Mar/2018:09:42:46 -0300] "GET /cormun/servlet/solicitudotlog?INS,2018,10698,0,REC, HTTP/1.1" 200 6299
186.103.158.250 - - [29/Mar/2018:09:42:46 -0300] "POST /cormun/servlet/solicitudot?gx-no-cache=1522327312338 HTTP/1.1" 200 1334
186.103.158.250 - - [29/Mar/2018:09:42:46 -0300] "POST /cormun/servlet/solicitudot?gx-no-cache=1522327312427 HTTP/1.1" 200 1228
192.168.10.62 - - [29/Mar/2018:09:42:46 -0300] "GET /cormun/servlet/solicitudotlog?1258dcf80e1ce60f21c2380f5fb41d8b81b79b291eca5007e0029983651f62ccf7940ea18d636b186b7942ed14dbc4c3901639b4c211fd15da53a85f5eece7bc8d8f39649015d9ab7de58931c5d9900c6b5665cd3e03865c4e53e4218b163f610b83c9f3d3467b6bfd4e6055acb60b4d656a727779f9132fdf7d6ea0cddc4c611e2d33d8beffb2eb3bde7f7e9ea728e595b8213fb3fd13516d6fbfb84f8db237,gx-no-cache=1522327197077 HTTP/1.1" 200 94
192.168.10.62 - - [29/Mar/2018:09:42:49 -0300] "POST /cormun/servlet/solicitudotlog?ef0aa898074cdf0558740bcc8854f01d,INS,2018,10698,0,REC,,gx-no-cache=1522327200203 HTTP/1.1" 200 93
192.168.10.62 - - [29/Mar/2018:09:42:49 -0300] "GET /cormun/servlet/hpexe_return? HTTP/1.1" 200 1022
192.168.10.62 - - [29/Mar/2018:09:42:50 -0300] "GET /cormun/servlet/vesolicitudgral?2018,10698,, HTTP/1.1" 200 9055
192.168.10.62 - - [29/Mar/2018:09:42:50 -0300] "GET /cormun/pexe_scrolldiv.js HTTP/1.1" 404 1009
192.168.10.62 - - [29/Mar/2018:09:42:50 -0300] "GET /cormun/pexe_scrolldiv.js HTTP/1.1" 404 1009
192.168.10.62 - - [29/Mar/2018:09:42:50 -0300] "GET /cormun/servlet/vesolicitudgral?2018,10698,, HTTP/1.1" 200 9051
186.103.159.183 - - [29/Mar/2018:09:43:00 -0300] "GET /cormun/servlet/permisogoce?41e702278515d68bd4d96d6dbdc01fd28a6b68159ebd393e939b8746c238a3aa08ea67388526592499a64cd97d779e260777c2012f08d0cdbb334fcd04c1bbf2,gx-no-cache=1522327329948 HTTP/1.1" 200 46
192.168.10.96 - - [29/Mar/2018:09:43:01 -0300] "POST /cormun/servlet/trsolicitudgral?590ac2a480cc5e7456482656fa3541c5,,gx-no-cache=1522327211317 HTTP/1.1" 200 5950
192.168.10.96 - - [29/Mar/2018:09:43:01 -0300] "POST /cormun/servlet/trsolicitudgral?590ac2a480cc5e7456482656fa3541c5,,gx-no-cache=1522327211940 HTTP/1.1" 200 5950
192.168.10.96 - - [29/Mar/2018:09:43:01 -0300] "POST /cormun/servlet/trsolicitudgral?590ac2a480cc5e7456482656fa3541c5,,gx-no-cache=1522327212118 HTTP/1.1" 200 5949
192.168.10.96 - - [29/Mar/2018:09:43:02 -0300] "POST /cormun/servlet/trsolicitudgral?590ac2a480cc5e7456482656fa3541c5,,gx-no-cache=1522327212275 HTTP/1.1" 200 5951
192.168.10.96 - - [29/Mar/2018:09:43:02 -0300] "POST /cormun/servlet/trsolicitudgral?590ac2a480cc5e7456482656fa3541c5,,gx-no-cache=1522327212438 HTTP/1.1" 200 5950
192.168.10.96 - - [29/Mar/2018:09:43:02 -0300] "POST /cormun/servlet/trsolicitudgral?590ac2a480cc5e7456482656fa3541c5,,gx-no-cache=1522327212614 HTTP/1.1" 200 5950
192.168.10.96 - - [29/Mar/2018:09:43:02 -0300] "POST /cormun/servlet/trsolicitudgral?590ac2a480cc5e7456482656fa3541c5,,gx-no-cache=1522327212775 HTTP/1.1" 200 5952
192.168.10.96 - - [29/Mar/2018:09:43:02 -0300] "POST /cormun/servlet/trsolicitudgral?590ac2a480cc5e7456482656fa3541c5,,gx-no-cache=1522327212955 HTTP/1.1" 200 5951
192.168.10.96 - - [29/Mar/2018:09:43:02 -0300] "POST /cormun/servlet/trsolicitudgral?590ac2a480cc5e7456482656fa3541c5,,gx-no-cache=1522327213118 HTTP/1.1" 200 5949
192.168.10.96 - - [29/Mar/2018:09:43:03 -0300] "POST /cormun/servlet/trsolicitudgral?590ac2a480cc5e7456482656fa3541c5,,gx-no-cache=1522327213363 HTTP/1.1" 200 5950
192.168.10.96 - - [29/Mar/2018:09:43:03 -0300] "POST /cormun/servlet/trsolicitudgral?590ac2a480cc5e7456482656fa3541c5,,gx-no-cache=1522327213588 HTTP/1.1" 200 5950
186.103.158.250 - - [29/Mar/2018:09:43:03 -0300] "GET /cormun/static/menuarrow.gif HTTP/1.1" 404 1015
192.168.10.96 - - [29/Mar/2018:09:43:03 -0300] "POST /cormun/servlet/trsolicitudgral?590ac2a480cc5e7456482656fa3541c5,,gx-no-cache=1522327213859 HTTP/1.1" 200 5950
192.168.10.96 - - [29/Mar/2018:09:43:03 -0300] "POST /cormun/servlet/trsolicitudgral?590ac2a480cc5e7456482656fa3541c5,,gx-no-cache=1522327214124 HTTP/1.1" 200 5950
186.103.158.250 - - [29/Mar/2018:09:43:10 -0300] "GET /cormun/servlet/solicitudot?128a5770dd2c5462935b2849f7c7dc3457b8f381acc1a479dc0dd62b13d8498f2c4e69c42244cec6c3370e2b745a1075,gx-no-cache=1522327336081 HTTP/1.1" 200 30
186.103.159.44 - - [29/Mar/2018:09:43:17 -0300] "GET /cormun/servlet/hlogin HTTP/1.1" 200 1716
186.103.159.44 - - [29/Mar/2018:09:43:17 -0300] "GET /cormun/static/gxgral.js?85251 HTTP/1.1" 200 384558
186.103.159.44 - - [29/Mar/2018:09:43:17 -0300] "GET /cormun/servlet/hlogin HTTP/1.1" 200 1726
186.103.159.44 - - [29/Mar/2018:09:43:17 -0300] "GET /cormun/static/gxgral.js?85251 HTTP/1.1" 200 384558
186.103.158.250 - - [29/Mar/2018:09:43:20 -0300] "POST /cormun/servlet/solicitudot?gx-no-cache=1522327346728 HTTP/1.1" 200 30
186.103.159.44 - - [29/Mar/2018:09:43:31 -0300] "POST /cormun/servlet/hlogin?45a1163d8f05014ad17577e616111ec7,gx-no-cache=1522327359508 HTTP/1.1" 200 90
186.103.159.44 - - [29/Mar/2018:09:43:31 -0300] "GET /cormun/servlet/hpexe_link HTTP/1.1" 200 947
186.103.159.44 - - [29/Mar/2018:09:43:31 -0300] "GET /cormun/static/Resources/Spanish/PXTools.css?1155365 HTTP/1.1" 200 89042
186.103.159.44 - - [29/Mar/2018:09:43:31 -0300] "GET /cormun/static/gxcfg.js?20177612121792 HTTP/1.1" 200 953
186.103.159.44 - - [29/Mar/2018:09:43:31 -0300] "GET /cormun/static/hpexe_link.js?20177612121795 HTTP/1.1" 200 625
186.103.159.44 - - [29/Mar/2018:09:43:32 -0300] "GET /cormun/static/gxgral.js?85251 HTTP/1.1" 200 384558
186.103.159.44 - - [29/Mar/2018:09:43:32 -0300] "GET /cormun/servlet/hhome HTTP/1.1" 200 4147
186.103.159.44 - - [29/Mar/2018:09:43:32 -0300] "GET /cormun/static/Shared/jqueryui/jquery-ui.min.css?1245370 HTTP/1.1" 200 30288
186.103.159.44 - - [29/Mar/2018:09:43:32 -0300] "GET /cormun/static/SmoothNavMenu/resources/ddsmoothmenu.css?1012540 HTTP/1.1" 200 2223
186.103.159.44 - - [29/Mar/2018:09:43:32 -0300] "GET /cormun/static/SmoothNavMenu/resources/ddsmoothmenu-v.css?1012540 HTTP/1.1" 200 1188
186.103.159.44 - - [29/Mar/2018:09:43:32 -0300] "GET /cormun/static/scaMessage/css/jquery.pnotify.default.css?1716380 HTTP/1.1" 200 1707
186.103.159.44 - - [29/Mar/2018:09:43:32 -0300] "GET /cormun/static/gxcfg.js?20175251212442 HTTP/1.1" 200 953
186.103.159.44 - - [29/Mar/2018:09:43:32 -0300] "GET /cormun/static/PXToolsJavascripts/pexe_autoreload.js HTTP/1.1" 200 1762
186.103.159.44 - - [29/Mar/2018:09:43:32 -0300] "GET /cormun/static/PXToolsJavascripts/pexe_cookies.js HTTP/1.1" 200 792
186.103.159.44 - - [29/Mar/2018:09:43:32 -0300] "GET /cormun/static/PXToolsJavascripts/pexe_windows.js HTTP/1.1" 200 15207
186.103.159.44 - - [29/Mar/2018:09:43:32 -0300] "GET /cormun/static/PXToolsJavascripts/pexe_grid.js HTTP/1.1" 200 7559
186.103.159.44 - - [29/Mar/2018:09:43:32 -0300] "GET /cormun/static/PXToolsJavascripts/pexe_griddivfix.js HTTP/1.1" 200 6644
186.103.159.44 - - [29/Mar/2018:09:43:32 -0300] "GET /cormun/static/PXToolsJavascripts/pexe_link.js HTTP/1.1" 200 5671
186.103.159.44 - - [29/Mar/2018:09:43:32 -0300] "GET /cormun/static/PXToolsJavascripts/pexe_menudivfix.js HTTP/1.1" 200 333
186.103.159.44 - - [29/Mar/2018:09:43:32 -0300] "GET /cormun/static/PXToolsJavascripts/pexe_menus.js HTTP/1.1" 200 1286
186.103.159.44 - - [29/Mar/2018:09:43:32 -0300] "GET /cormun/static/PXToolsJavascripts/pexe_layers.js HTTP/1.1" 200 4114
186.103.159.44 - - [29/Mar/2018:09:43:32 -0300] "GET /cormun/static/PXToolsJavascripts/pexe_oav.js HTTP/1.1" 200 645
186.103.159.44 - - [29/Mar/2018:09:43:32 -0300] "GET /cormun/static/PXToolsJavascripts/pexe_oavdivfix.js HTTP/1.1" 200 639
186.103.159.44 - - [29/Mar/2018:09:43:32 -0300] "GET /cormun/static/PXToolsJavascripts/pexe_picture.js HTTP/1.1" 200 689
186.103.159.44 - - [29/Mar/2018:09:43:32 -0300] "GET /cormun/static/PXToolsJavascripts/pexe_popup.js HTTP/1.1" 200 13458
186.103.159.44 - - [29/Mar/2018:09:43:32 -0300] "GET /cormun/static/PXToolsJavascripts/pexe_scrolldiv.js HTTP/1.1" 200 4138
186.103.159.44 - - [29/Mar/2018:09:43:32 -0300] "GET /cormun/static/PXToolsJavascripts/pexe_tabs.js HTTP/1.1" 200 3748
186.103.159.44 - - [29/Mar/2018:09:43:32 -0300] "GET /cormun/static/PXToolsJavascripts/pexe_tabdivfix.js HTTP/1.1" 200 876
186.103.159.44 - - [29/Mar/2018:09:43:32 -0300] "GET /cormun/static/PXToolsJavascripts/pexe_upload.js HTTP/1.1" 200 1423
186.103.159.44 - - [29/Mar/2018:09:43:32 -0300] "GET /cormun/static/PXToolsJavascripts/PXToolsJavascriptsRender.js HTTP/1.1" 200 367
186.103.159.44 - - [29/Mar/2018:09:43:32 -0300] "GET /cormun/static/RunJS/RunJS.js HTTP/1.1" 200 288
186.103.159.44 - - [29/Mar/2018:09:43:32 -0300] "GET /cormun/static/Shared/ext/locale/ext-lang-en.js HTTP/1.1" 200 10940
186.103.159.44 - - [29/Mar/2018:09:43:32 -0300] "GET /cormun/static/hhome.js?20175251212450 HTTP/1.1" 200 777
186.103.159.44 - - [29/Mar/2018:09:43:32 -0300] "GET /cormun/static/hwchdr01.js?201752511465785 HTTP/1.1" 200 1183
186.103.159.44 - - [29/Mar/2018:09:43:32 -0300] "GET /cormun/static/hpexe_recentlink.js?20177611595044 HTTP/1.1" 200 2144
186.103.159.44 - - [29/Mar/2018:09:43:32 -0300] "GET /cormun/static/hpexe_scripts.js?201752511465715 HTTP/1.1" 200 1544
186.103.159.44 - - [29/Mar/2018:09:43:32 -0300] "GET /cormun/static/hpexe_messagecontroller.js?20177611595012 HTTP/1.1" 200 870
186.103.159.44 - - [29/Mar/2018:09:43:32 -0300] "GET /cormun/static/gxgral.js?85251 HTTP/1.1" 200 384558
186.103.159.44 - - [29/Mar/2018:09:43:32 -0300] "GET /cormun/static/hpexe_messagepopupcomponent.js?20161017169425 HTTP/1.1" 200 605
186.103.159.44 - - [29/Mar/2018:09:43:32 -0300] "GET /cormun/static/hpexe_messagegenexuscomponent.js?201752511465344 HTTP/1.1" 200 587
186.103.159.44 - - [29/Mar/2018:09:43:32 -0300] "GET /cormun/static/cmcontrolpreferences.js?201752511465670 HTTP/1.1" 200 1375
186.103.159.44 - - [29/Mar/2018:09:43:32 -0300] "GET /cormun/static/Shared/jquery/jquery-1.4.2.min.js HTTP/1.1" 200 72174
186.103.159.44 - - [29/Mar/2018:09:43:33 -0300] "GET /cormun/static/SmoothNavMenu/resources/ddsmoothmenu.js HTTP/1.1" 200 12712
186.103.159.44 - - [29/Mar/2018:09:43:33 -0300] "GET /cormun/static/SmoothNavMenu/resources/SmoothNavMenuRender.js HTTP/1.1" 200 5951
186.103.159.44 - - [29/Mar/2018:09:43:33 -0300] "GET /cormun/static/scaMessage/js/jquery.pnotify.min.js HTTP/1.1" 200 13038
186.103.159.44 - - [29/Mar/2018:09:43:33 -0300] "GET /cormun/static/scaMessage/scaMessageRender.js HTTP/1.1" 200 11977
186.103.159.44 - - [29/Mar/2018:09:43:33 -0300] "GET /cormun/static/Shared/jqueryui/jquery-ui.min.js HTTP/1.1" 200 240427
186.103.159.44 - - [29/Mar/2018:09:43:33 -0300] "GET /cormun/static/hmpwkw03.js?20177612122668 HTTP/1.1" 200 3965
186.103.159.44 - - [29/Mar/2018:09:43:33 -0300] "GET /cormun/static/gxui/gxui-all.js HTTP/1.1" 200 107772
186.103.159.44 - - [29/Mar/2018:09:43:33 -0300] "GET /cormun/static/Resources/logo4.png HTTP/1.1" 200 6582
186.103.159.44 - - [29/Mar/2018:09:43:33 -0300] "GET /cormun/static/Resources/PXToolsHeaderBackground2.png HTTP/1.1" 200 1174
186.103.159.44 - - [29/Mar/2018:09:43:33 -0300] "GET /cormun/static/Resources/PXToolsDataTitle.png HTTP/1.1" 200 1173
186.103.159.44 - - [29/Mar/2018:09:43:33 -0300] "GET /cormun/static/Resources/PXToolsHeaderActionsBackground.png HTTP/1.1" 200 484
186.103.159.44 - - [29/Mar/2018:09:43:33 -0300] "GET /cormun/static/Resources/PXToolsFooterBackground2.png HTTP/1.1" 200 1172
186.103.159.44 - - [29/Mar/2018:09:43:33 -0300] "GET /cormun/static/Resources/PXToolsHeaderActionsLeft.png HTTP/1.1" 200 1118
186.103.159.44 - - [29/Mar/2018:09:43:33 -0300] "GET /cormun/static/Resources/PXToolsHeaderHome.png HTTP/1.1" 200 4147
186.103.159.44 - - [29/Mar/2018:09:43:33 -0300] "GET /cormun/static/Resources/PXToolsHeaderLogin.png HTTP/1.1" 200 4279
186.103.159.44 - - [29/Mar/2018:09:43:33 -0300] "GET /cormun/static/Resources/PXToolsHeaderPreferences.png HTTP/1.1" 200 4189
186.103.159.44 - - [29/Mar/2018:09:43:33 -0300] "GET /cormun/static/Resources/PXToolsHeaderSecurity.png HTTP/1.1" 200 4166
186.103.159.44 - - [29/Mar/2018:09:43:33 -0300] "GET /cormun/static/Resources/PXToolsHeaderActionsRight.png HTTP/1.1" 200 1201
186.103.159.44 - - [29/Mar/2018:09:43:33 -0300] "GET /cormun/static/Shared/jquery/jquery-1.10.2.min.js HTTP/1.1" 200 273199
186.103.158.250 - - [29/Mar/2018:09:43:33 -0300] "POST /cormun/servlet/solicitudot?bdb50a8ceaf6471e2db0b7bd72112bb0,INS,0,0,,gx-no-cache=1522327359579 HTTP/1.1" 200 93
186.103.158.250 - - [29/Mar/2018:09:43:33 -0300] "GET /cormun/servlet/hpexe_return? HTTP/1.1" 200 1005
186.103.159.44 - - [29/Mar/2018:09:43:34 -0300] "GET /cormun/static/Shared/ext/ext-all.js HTTP/1.1" 200 1289687
186.103.158.250 - - [29/Mar/2018:09:43:34 -0300] "GET /cormun/static/Resources/Spanish/PXTools.css?167811 HTTP/1.1" 304 -
186.103.158.250 - - [29/Mar/2018:09:43:34 -0300] "GET /cormun/static/gxcfg.js?2016101716175148 HTTP/1.1" 304 -
186.103.158.250 - - [29/Mar/2018:09:43:34 -0300] "GET /cormun/static/hpexe_return.js?2016101716175153 HTTP/1.1" 304 -
186.103.158.250 - - [29/Mar/2018:09:43:34 -0300] "GET /cormun/servlet/trsolicitudot? HTTP/1.1" 200 19862
186.103.159.44 - - [29/Mar/2018:09:43:34 -0300] "GET /cormun/static/SmoothNavMenu/resources/images/down.gif HTTP/1.1" 200 854
186.103.159.44 - - [29/Mar/2018:09:43:34 -0300] "GET /cormun/static/SmoothNavMenu/resources/images/right.gif HTTP/1.1" 200 860
186.103.158.250 - - [29/Mar/2018:09:43:37 -0300] "GET /cormun/servlet/trsolicitudot? HTTP/1.1" 200 19858
186.103.159.44 - - [29/Mar/2018:09:43:37 -0300] "GET /cormun/servlet/trlicencias? HTTP/1.1" 200 10652
186.103.159.44 - - [29/Mar/2018:09:43:37 -0300] "GET /cormun/static/gxui/gxui-all.css?110300 HTTP/1.1" 200 2179
186.103.159.44 - - [29/Mar/2018:09:43:37 -0300] "GET /cormun/static/calendar-system.css?75620 HTTP/1.1" 200 5572
186.103.159.44 - - [29/Mar/2018:09:43:37 -0300] "GET /cormun/static/gxcfg.js?20176272054169 HTTP/1.1" 200 953
186.103.159.44 - - [29/Mar/2018:09:43:37 -0300] "GET /cormun/static/calendar.js?85251 HTTP/1.1" 200 26246
186.103.159.44 - - [29/Mar/2018:09:43:37 -0300] "GET /cormun/static/calendar-setup.js?85251 HTTP/1.1" 200 2588
186.103.159.44 - - [29/Mar/2018:09:43:37 -0300] "GET /cormun/static/calendar-es.js?85251 HTTP/1.1" 200 1901
186.103.159.44 - - [29/Mar/2018:09:43:37 -0300] "GET /cormun/static/Resources/Spanish/PXTools.css?17315867 HTTP/1.1" 200 89042
186.103.159.44 - - [29/Mar/2018:09:43:37 -0300] "GET /cormun/static/Resources/PXTools/calendar.png HTTP/1.1" 200 1306
186.103.159.44 - - [29/Mar/2018:09:43:37 -0300] "GET /cormun/static/Resources/PXToolsDataSearch.png HTTP/1.1" 200 419
186.103.159.44 - - [29/Mar/2018:09:43:37 -0300] "GET /cormun/static/gxdec.js?85251 HTTP/1.1" 200 19579
186.103.159.44 - - [29/Mar/2018:09:43:37 -0300] "GET /cormun/static/Resources/PXToolsGridFirstDisabled.gif HTTP/1.1" 200 100
186.103.159.44 - - [29/Mar/2018:09:43:37 -0300] "GET /cormun/static/Resources/PXToolsGridPreviousDisabled.gif HTTP/1.1" 200 90
186.103.159.183 - - [29/Mar/2018:09:43:37 -0300] "POST /cormun/servlet/permisogoce?71f579e5a4dc9f47c03c9c142d0b8d63,INS,0,,,,gx-no-cache=1522327366290 HTTP/1.1" 200 93
186.103.159.44 - - [29/Mar/2018:09:43:37 -0300] "GET /cormun/static/trlicencias.js?20176272054837 HTTP/1.1" 200 41883
186.103.159.44 - - [29/Mar/2018:09:43:37 -0300] "GET /cormun/static/Resources/PXToolsGridNextDisabled.gif HTTP/1.1" 200 90
186.103.159.44 - - [29/Mar/2018:09:43:37 -0300] "GET /cormun/static/Resources/PXToolsGridLastDisabled.gif HTTP/1.1" 200 98
186.103.159.44 - - [29/Mar/2018:09:43:37 -0300] "GET /cormun/static/Resources/PXToolsGridPage.gif HTTP/1.1" 200 725
186.103.159.44 - - [29/Mar/2018:09:43:37 -0300] "GET /cormun/static/Resources/PXToolsActionExcel.png HTTP/1.1" 200 3187
186.103.159.44 - - [29/Mar/2018:09:43:37 -0300] "GET /cormun/static/Resources/PXToolsGridNew.png HTTP/1.1" 200 2949
186.103.159.183 - - [29/Mar/2018:09:43:37 -0300] "GET /cormun/servlet/hpexe_return? HTTP/1.1" 200 1014
186.103.159.44 - - [29/Mar/2018:09:43:37 -0300] "GET /cormun/static/Shared/ext/resources/css/ext-all.css?205870 HTTP/1.1" 200 416045
186.103.159.44 - - [29/Mar/2018:09:43:37 -0300] "GET /cormun/static/gxgral.js?85251 HTTP/1.1" 200 384558
186.103.159.183 - - [29/Mar/2018:09:43:37 -0300] "GET /cormun/static/gxcfg.js?2016101716175148 HTTP/1.1" 200 953
186.103.159.183 - - [29/Mar/2018:09:43:37 -0300] "GET /cormun/static/hpexe_return.js?2016101716175153 HTTP/1.1" 200 1633
186.103.159.183 - - [29/Mar/2018:09:43:38 -0300] "GET /cormun/static/Resources/Spanish/PXTools.css?167811 HTTP/1.1" 200 89042
186.103.159.183 - - [29/Mar/2018:09:43:38 -0300] "GET /cormun/servlet/trpermisosgoce HTTP/1.1" 200 8006
186.103.159.44 - - [29/Mar/2018:09:43:38 -0300] "GET /cormun/static/Resources/desc.gif HTTP/1.1" 200 65
186.103.159.44 - - [29/Mar/2018:09:43:38 -0300] "GET /cormun/static/Resources/asc.gif HTTP/1.1" 200 67
186.103.159.44 - - [29/Mar/2018:09:43:38 -0300] "GET /cormun//static/Resources/PXTools/ActionInsert.png HTTP/1.1" 200 1482
186.103.159.44 - - [29/Mar/2018:09:43:38 -0300] "GET /cormun//static/Resources/PXToolsGridDisplay.png HTTP/1.1" 200 362
186.103.159.44 - - [29/Mar/2018:09:43:38 -0300] "GET /cormun//static/Resources/PXToolsActionPrint.png HTTP/1.1" 200 3317
186.103.159.44 - - [29/Mar/2018:09:43:38 -0300] "GET /cormun//static/Resources/PXToolsActionDisabled.gif HTTP/1.1" 200 53
186.103.159.44 - - [29/Mar/2018:09:43:38 -0300] "GET /cormun//static/Resources/PXToolsHeaderHelp.png HTTP/1.1" 200 4055
186.103.159.44 - - [29/Mar/2018:09:43:38 -0300] "GET /cormun//static/Resources/PXToolsHeaderFavorites.png HTTP/1.1" 200 2744
186.103.159.44 - - [29/Mar/2018:09:43:39 -0300] "GET /cormun/static/Shared/ext/resources/themes/images/default/panel/bg-headersPanel.png HTTP/1.1" 200 255
186.103.159.44 - - [29/Mar/2018:09:43:39 -0300] "GET /cormun/static/Shared/ext/resources/themes/images/default/tools/tool-sprites.gif HTTP/1.1" 200 5434
186.103.159.183 - - [29/Mar/2018:09:43:39 -0300] "GET /cormun/static/Shared/ext/ext-all.js HTTP/1.1" 200 1289687
186.103.159.183 - - [29/Mar/2018:09:43:40 -0300] "GET /cormun//static/Resources/PXToolsGridUpdate.png HTTP/1.1" 200 2984
186.103.159.183 - - [29/Mar/2018:09:43:40 -0300] "GET /cormun/servlet/trpermisosgoce HTTP/1.1" 200 8002
186.103.158.250 - - [29/Mar/2018:09:43:45 -0300] "GET /cormun/servlet/trsolicitudot? HTTP/1.1" 200 19858
186.103.159.44 - - [29/Mar/2018:09:43:47 -0300] "GET /cormun/servlet/licenciaspermisos?DSP,14070981,L,20180302000000, HTTP/1.1" 200 7253
186.103.158.250 - - [29/Mar/2018:09:43:47 -0300] "GET /cormun/servlet/trsolicitudot? HTTP/1.1" 200 19858
186.103.159.44 - - [29/Mar/2018:09:43:47 -0300] "GET /cormun/static/gxcfg.js?201762917281167 HTTP/1.1" 200 953
186.103.159.44 - - [29/Mar/2018:09:43:47 -0300] "GET /cormun/static/Resources/prompt.gif HTTP/1.1" 200 902
186.103.159.44 - - [29/Mar/2018:09:43:47 -0300] "GET /cormun/static/licenciaspermisos.js?201762917281260 HTTP/1.1" 200 37491
186.103.159.44 - - [29/Mar/2018:09:43:47 -0300] "GET /cormun/static/gxgral.js?85251 HTTP/1.1" 200 384558
186.103.159.183 - - [29/Mar/2018:09:43:48 -0300] "GET /cormun/servlet/apermisogoceprn?12211398,P,20180323092514,PU HTTP/1.1" 200 1662
186.103.158.250 - - [29/Mar/2018:09:43:52 -0300] "GET /cormun/servlet/trautorizarsolicitud? HTTP/1.1" 200 7313
186.103.158.250 - - [29/Mar/2018:09:43:54 -0300] "GET /cormun/servlet/trautorizarsolicitud? HTTP/1.1" 200 7313
186.103.158.250 - - [29/Mar/2018:09:43:58 -0300] "GET /cormun/servlet/trsolicitudot? HTTP/1.1" 200 19858
186.103.158.250 - - [29/Mar/2018:09:44:00 -0300] "GET /cormun/servlet/trsolicitudot? HTTP/1.1" 200 19858
186.103.159.44 - - [29/Mar/2018:09:44:15 -0300] "POST /cormun/servlet/licenciaspermisos?45a1163d8f05014ad17577e616111ec7,DSP,14070981,L,20180302000000,,gx-no-cache=1522327402693 HTTP/1.1" 200 93
186.103.159.44 - - [29/Mar/2018:09:44:15 -0300] "GET /cormun/servlet/hpexe_return? HTTP/1.1" 200 1025
186.103.159.44 - - [29/Mar/2018:09:44:15 -0300] "GET /cormun/static/gxcfg.js?2016101716175148 HTTP/1.1" 200 953
186.103.159.44 - - [29/Mar/2018:09:44:15 -0300] "GET /cormun/static/hpexe_return.js?2016101716175153 HTTP/1.1" 200 1633
186.103.159.44 - - [29/Mar/2018:09:44:15 -0300] "GET /cormun/static/Resources/Spanish/PXTools.css?167811 HTTP/1.1" 200 89042
186.103.159.44 - - [29/Mar/2018:09:44:15 -0300] "GET /cormun/static/gxgral.js?85251 HTTP/1.1" 200 384558
186.103.159.44 - - [29/Mar/2018:09:44:15 -0300] "GET /cormun/servlet/trlicencias HTTP/1.1" 200 10655
186.103.159.44 - - [29/Mar/2018:09:44:16 -0300] "GET /cormun/static/gxgral.js?85251 HTTP/1.1" 200 384558
186.103.159.44 - - [29/Mar/2018:09:44:19 -0300] "GET /cormun/servlet/licenciaspermisos?INS,0,,, HTTP/1.1" 200 7680
186.103.159.44 - - [29/Mar/2018:09:44:19 -0300] "GET /cormun/static/gxgral.js?85251 HTTP/1.1" 200 384558
186.103.158.250 - - [29/Mar/2018:09:44:24 -0300] "POST /cormun/servlet/trsolicitudot?bdb50a8ceaf6471e2db0b7bd72112bb0,,gx-no-cache=1522327410527 HTTP/1.1" 200 106
186.103.158.250 - - [29/Mar/2018:09:44:24 -0300] "GET /cormun/servlet/solicitudot?UPD,2018,10928, HTTP/1.1" 200 15443
186.103.158.250 - - [29/Mar/2018:09:44:26 -0300] "GET /cormun/servlet/solicitudot?UPD,2018,10928, HTTP/1.1" 200 15453
186.103.158.250 - - [29/Mar/2018:09:44:27 -0300] "POST /cormun/servlet/solicitudot?gx-no-cache=1522327413002 HTTP/1.1" 200 3355
186.103.159.44 - - [29/Mar/2018:09:44:27 -0300] "GET /cormun/servlet/licenciaspermisos?38a41d529972f644f285bea525bb8e92a7d3c11e9ab51b4f6fb0972b014862b64e7289530c2b8e03c63aa45e1e3e9518,gx-no-cache=1522327415026 HTTP/1.1" 200 100
186.103.158.250 - - [29/Mar/2018:09:44:27 -0300] "POST /cormun/servlet/solicitudot?bdb50a8ceaf6471e2db0b7bd72112bb0,UPD,2018,10928,,gx-no-cache=1522327413230 HTTP/1.1" 200 11711
186.103.159.44 - - [29/Mar/2018:09:44:27 -0300] "POST /cormun/servlet/licenciaspermisos?45a1163d8f05014ad17577e616111ec7,INS,0,,,,gx-no-cache=1522327415085 HTTP/1.1" 200 4884
186.103.158.250 - - [29/Mar/2018:09:44:27 -0300] "GET /cormun/servlet/solicitudot?128a5770dd2c5462935b2849f7c7dc340f2132f45f00b3f5500df5519d75243961a2a4b133ef5862b94240814080e387,gx-no-cache=1522327413644 HTTP/1.1" 200 30
186.103.158.250 - - [29/Mar/2018:09:44:27 -0300] "GET /cormun/servlet/solicitudot?128a5770dd2c5462935b2849f7c7dc347e9210ffc70ff347cdc8d125e6962d9a9c2ed76a999f3cbfc186ca01fc619b191390c020c11f0534d9ba520185d552ae,gx-no-cache=1522327413705 HTTP/1.1" 200 30
186.103.158.250 - - [29/Mar/2018:09:44:27 -0300] "GET /cormun/servlet/solicitudot?128a5770dd2c5462935b2849f7c7dc34d1cb1ce828279deb55fcf2f3f866ae1191243ba2e4faa0401812010080b73b0425914c01885c5ea24a3790ddf9489a5b4e8f1cdd25b4070ae8cc82e7a92ec482,gx-no-cache=1522327413798 HTTP/1.1" 200 60
186.103.158.250 - - [29/Mar/2018:09:44:27 -0300] "POST /cormun/servlet/solicitudot?gx-no-cache=1522327413863 HTTP/1.1" 200 254
186.103.158.250 - - [29/Mar/2018:09:44:28 -0300] "GET /cormun/servlet/solicitudot?128a5770dd2c5462935b2849f7c7dc342e24a4141be37756bcf63b7c3c06350f793296f1cfc0fd897d4020055368e0826c3240495e8fc8cc42bce4e4d708670389a31b6705b997e8875ac1b6bf43c938916b2a1b3974bbece7228b38b4468a5a44c266815ab48e5b5a70b711432ab9eac7fcc391db3b689444acad69189baa1a4f35d533c3306b032d9e62143b3d821db1074a261844a45d83f6e4bdb0a98384576476f64fac950910b195c517ef8956dfd3ff536765c2d4250301ee8839f7ff3c732c7e1cba9c39ad3227818dfbafa66da107affbbbde5cfafe0ba12f3bc7d36dfc922d3307bd1b0d74f2f9b27d1f985c0f6ca489b6024bb80c3005d2e0b66f6184ebb4538eef288048452247f848e1e10a495759e794d3550159617dd3f2fd4855b46f9368c15b69fe672ff35ad1d7f043a583880aab5c0a48c7411aa308b3b46b7c0347f08f62f230824b518e3e858b33dc85943be03d2fee1aa6aec3f257853134997505fb7165d6b5ad0c05cce817d7cc05b810ff851bbb2bd42038abda,gx-no-cache=1522327413913 HTTP/1.1" 200 30
186.103.158.250 - - [29/Mar/2018:09:44:28 -0300] "POST /cormun/servlet/solicitudot?gx-no-cache=1522327414264 HTTP/1.1" 200 30
186.103.158.250 - - [29/Mar/2018:09:44:28 -0300] "POST /cormun/servlet/solicitudot?gx-no-cache=1522327414339 HTTP/1.1" 200 1349
186.103.158.250 - - [29/Mar/2018:09:44:28 -0300] "POST /cormun/servlet/solicitudot?gx-no-cache=1522327414456 HTTP/1.1" 200 41
186.103.158.250 - - [29/Mar/2018:09:44:44 -0300] "POST /cormun/servlet/solicitudot?gx-no-cache=1522327430465 HTTP/1.1" 200 30
186.103.158.250 - - [29/Mar/2018:09:44:44 -0300] "POST /cormun/servlet/solicitudot?gx-no-cache=1522327430522 HTTP/1.1" 200 1349
186.103.158.250 - - [29/Mar/2018:09:44:44 -0300] "POST /cormun/servlet/solicitudot?gx-no-cache=1522327430603 HTTP/1.1" 200 41
186.103.158.250 - - [29/Mar/2018:09:44:44 -0300] "GET /cormun/servlet/solicitudot?128a5770dd2c5462935b2849f7c7dc34db6942192cd41a7c5a89a37d1e075a7a657e7dca0959e455a7a7b02b7888a65ff2b7f5967a48757aefca1613845009f6d7ee5744f8ac81009fed630726fab3025b4dd776e286711a27e3e61e4bd1c6cae1d0243697da7e9a0d781269b3c807f95ce12665fc513d1ab96fe73dc8387ffcb904dcfb027fb167be37d7a268e555ed1008e03c71c24215029e03f59d5bfc0c,gx-no-cache=1522327430750 HTTP/1.1" 200 29
186.103.158.250 - - [29/Mar/2018:09:44:44 -0300] "POST /cormun/servlet/solicitudot?gx-no-cache=1522327430792 HTTP/1.1" 200 1334
186.103.158.250 - - [29/Mar/2018:09:44:44 -0300] "POST /cormun/servlet/solicitudot?gx-no-cache=1522327430876 HTTP/1.1" 200 1231
186.103.158.250 - - [29/Mar/2018:09:44:45 -0300] "GET /cormun/servlet/solicitudot?128a5770dd2c5462935b2849f7c7dc3457b8f381acc1a479dc0dd62b13d8498f2c4e69c42244cec6c3370e2b745a1075,gx-no-cache=1522327430968 HTTP/1.1" 200 30
186.103.158.250 - - [29/Mar/2018:09:44:45 -0300] "POST /cormun/servlet/solicitudot?gx-no-cache=1522327431044 HTTP/1.1" 200 30
186.103.158.250 - - [29/Mar/2018:09:44:45 -0300] "POST /cormun/servlet/solicitudot?bdb50a8ceaf6471e2db0b7bd72112bb0,UPD,2018,10928,,gx-no-cache=1522327431138 HTTP/1.1" 200 93
186.103.158.250 - - [29/Mar/2018:09:44:45 -0300] "GET /cormun/servlet/hpexe_return? HTTP/1.1" 200 1013
186.103.158.250 - - [29/Mar/2018:09:44:45 -0300] "GET /cormun/servlet/trsolicitudot HTTP/1.1" 200 19896
186.103.158.250 - - [29/Mar/2018:09:44:47 -0300] "GET /cormun/servlet/trsolicitudot HTTP/1.1" 200 19892
186.103.159.44 - - [29/Mar/2018:09:44:52 -0300] "GET /cormun/servlet/licenciaspermisos?38a41d529972f644f285bea525bb8e92ceee65dda60470d80c8c8bbc08247b7f3fd4c12a7f7ad8c974a682954affc919c094b07eb9fc8e429b87be9c51bfa0ae74b2f6216c02f6ac3c42fa0a06a35cc881d7bbc29ad027c03dab08030cb298ac5191527be2fc55f08552c4bde3cd82e5a0a97483d6d362901ce777f1c224b5e8,gx-no-cache=1522327440319 HTTP/1.1" 200 96
186.103.159.44 - - [29/Mar/2018:09:44:53 -0300] "POST /cormun/servlet/licenciaspermisos?45a1163d8f05014ad17577e616111ec7,INS,0,,,,gx-no-cache=1522327440684 HTTP/1.1" 200 4880
186.103.158.250 - - [29/Mar/2018:09:45:10 -0300] "GET /cormun/servlet/treventos?2018,10928, HTTP/1.1" 200 6255
186.103.158.250 - - [29/Mar/2018:09:45:10 -0300] "GET /cormun/static/gxcfg.js?2016101716195975 HTTP/1.1" 200 953
186.103.158.250 - - [29/Mar/2018:09:45:10 -0300] "GET /cormun/static/treventos.js?201610171620222 HTTP/1.1" 200 16064
186.103.158.250 - - [29/Mar/2018:09:45:11 -0300] "GET /cormun/servlet/treventos?2018,10928, HTTP/1.1" 200 6255
186.103.159.183 - - [29/Mar/2018:09:45:20 -0300] "GET /cormun/servlet/apermisogoceprn?17507861,P,20180329093935,PU HTTP/1.1" 200 1655
186.103.158.250 - - [29/Mar/2018:09:45:22 -0300] "GET /cormun/servlet/trsolicitudot? HTTP/1.1" 200 19892
186.103.158.250 - - [29/Mar/2018:09:45:24 -0300] "GET /cormun/servlet/trsolicitudot? HTTP/1.1" 200 19892
186.103.158.250 - - [29/Mar/2018:09:45:30 -0300] "POST /cormun/servlet/trsolicitudot?bdb50a8ceaf6471e2db0b7bd72112bb0,,gx-no-cache=1522327474763 HTTP/1.1" 200 106
186.103.158.250 - - [29/Mar/2018:09:45:30 -0300] "GET /cormun/servlet/solicitudot?UPD,2018,10928, HTTP/1.1" 200 15477
192.168.10.97 - - [29/Mar/2018:09:45:31 -0300] "POST /cormun/servlet/trsolicitudgral?2d250beadb18af17f4ef6faa0ed47b79,,gx-no-cache=1522327361587 HTTP/1.1" 440 972
186.103.158.250 - - [29/Mar/2018:09:45:32 -0300] "GET /cormun/servlet/solicitudot?UPD,2018,10928, HTTP/1.1" 200 15487
186.103.158.250 - - [29/Mar/2018:09:45:34 -0300] "POST /cormun/servlet/solicitudot?gx-no-cache=1522327478942 HTTP/1.1" 200 3368
186.103.158.250 - - [29/Mar/2018:09:45:37 -0300] "POST /cormun/servlet/solicitudot?bdb50a8ceaf6471e2db0b7bd72112bb0,UPD,2018,10928,,gx-no-cache=1522327480866 HTTP/1.1" 200 11727
186.103.158.250 - - [29/Mar/2018:09:45:37 -0300] "GET /cormun/servlet/solicitudot?128a5770dd2c5462935b2849f7c7dc340f2132f45f00b3f5500df5519d75243961a2a4b133ef5862b94240814080e387,gx-no-cache=1522327483479 HTTP/1.1" 200 30
186.103.158.250 - - [29/Mar/2018:09:45:37 -0300] "GET /cormun/servlet/solicitudot?128a5770dd2c5462935b2849f7c7dc347e9210ffc70ff347cdc8d125e6962d9a9c2ed76a999f3cbfc186ca01fc619b191390c020c11f0534d9ba520185d552ae,gx-no-cache=1522327483591 HTTP/1.1" 200 30
186.103.158.250 - - [29/Mar/2018:09:45:37 -0300] "GET /cormun/servlet/solicitudot?128a5770dd2c5462935b2849f7c7dc34d1cb1ce828279deb55fcf2f3f866ae1191243ba2e4faa0401812010080b73b0425914c01885c5ea24a3790ddf9489a5b4e8f1cdd25b4070ae8cc82e7a92ec482,gx-no-cache=1522327483691 HTTP/1.1" 200 60
192.168.10.97 - - [29/Mar/2018:09:45:37 -0300] "GET /cormun/servlet/trsolicitudgral? HTTP/1.1" 500 10
186.103.158.250 - - [29/Mar/2018:09:45:38 -0300] "POST /cormun/servlet/solicitudot?gx-no-cache=1522327483820 HTTP/1.1" 200 254
186.103.158.250 - - [29/Mar/2018:09:45:38 -0300] "GET /cormun/servlet/solicitudot?128a5770dd2c5462935b2849f7c7dc342e24a4141be37756bcf63b7c3c06350f793296f1cfc0fd897d4020055368e0826c3240495e8fc8cc42bce4e4d708670389a31b6705b997e8875ac1b6bf43c938916b2a1b3974bbece7228b38b4468a5a44c266815ab48e5b5a70b711432ab9eac7fcc391db3b689444acad69189baa1a4f35d533c3306b032d9e62143b3d821db1074a261844a45d83f6e4bdb0a98384576476f64fac950910b195c517ef8956dfd3ff536765c2d4250301ee8839f7ff3c732c7e1cba9c39ad3227818dfbafa66da107affbbbde5cfafe0ba12f3bc7d36dfc922d3307bd1b0d74f2f9b27d1f985c0f6ca489b6024bb80c3005d2e0b66f6184ebb4538eef288048452247f848e1e10a495759e794d3550159617dd3f2fd4855b46f9368c15b69fe672ff35ad1d7f043a583880aab5c0a48c7411aa308b3b46b7c0347f08f62f230824b518e3e858b33dc85943be03d2fee1aa6aec3f257853134997505fb7165d6b5ad0c05cce817d7cc05b810ff851bbb2bd42038abda,gx-no-cache=1522327484590 HTTP/1.1" 200 30
186.103.158.250 - - [29/Mar/2018:09:45:39 -0300] "POST /cormun/servlet/solicitudot?gx-no-cache=1522327484985 HTTP/1.1" 200 30
186.103.158.250 - - [29/Mar/2018:09:45:39 -0300] "POST /cormun/servlet/solicitudot?gx-no-cache=1522327485521 HTTP/1.1" 200 1349
186.103.158.250 - - [29/Mar/2018:09:45:40 -0300] "POST /cormun/servlet/solicitudot?gx-no-cache=1522327486023 HTTP/1.1" 200 41
192.168.10.97 - - [29/Mar/2018:09:45:45 -0300] "GET /cormun/servlet/trsolicitudgral? HTTP/1.1" 500 10
186.103.158.250 - - [29/Mar/2018:09:45:55 -0300] "POST /cormun/servlet/solicitudot?gx-no-cache=1522327501927 HTTP/1.1" 200 30
186.103.158.250 - - [29/Mar/2018:09:45:56 -0300] "POST /cormun/servlet/solicitudot?gx-no-cache=1522327502023 HTTP/1.1" 200 1349
186.103.158.250 - - [29/Mar/2018:09:45:56 -0300] "POST /cormun/servlet/solicitudot?gx-no-cache=1522327502191 HTTP/1.1" 200 41
186.103.158.250 - - [29/Mar/2018:09:45:56 -0300] "GET /cormun/servlet/solicitudot?128a5770dd2c5462935b2849f7c7dc34db6942192cd41a7c5a89a37d1e075a7a657e7dca0959e455a7a7b02b7888a65ff2b7f5967a48757aefca1613845009f6d7ee5744f8ac81009fed630726fab3025b4dd776e286711a27e3e61e4bd1c6cae1d0243697da7e9a0d781269b3c807f95ce12665fc513d1ab96fe73dc8387ffcb904dcfb027fb167be37d7a268e555ed1008e03c71c24215029e03f59d5bfc0c,gx-no-cache=1522327502283 HTTP/1.1" 200 29
186.103.158.250 - - [29/Mar/2018:09:45:56 -0300] "POST /cormun/servlet/solicitudot?gx-no-cache=1522327502357 HTTP/1.1" 200 1334
186.103.158.250 - - [29/Mar/2018:09:45:56 -0300] "POST /cormun/servlet/solicitudot?gx-no-cache=1522327502446 HTTP/1.1" 200 1231
186.103.158.250 - - [29/Mar/2018:09:45:56 -0300] "GET /cormun/servlet/solicitudot?128a5770dd2c5462935b2849f7c7dc3457b8f381acc1a479dc0dd62b13d8498f2c4e69c42244cec6c3370e2b745a1075,gx-no-cache=1522327502585 HTTP/1.1" 200 30
186.103.158.250 - - [29/Mar/2018:09:45:56 -0300] "POST /cormun/servlet/solicitudot?gx-no-cache=1522327502648 HTTP/1.1" 200 30
186.103.158.250 - - [29/Mar/2018:09:45:57 -0300] "POST /cormun/servlet/solicitudot?bdb50a8ceaf6471e2db0b7bd72112bb0,UPD,2018,10928,,gx-no-cache=1522327502729 HTTP/1.1" 200 93
186.103.158.250 - - [29/Mar/2018:09:45:57 -0300] "GET /cormun/servlet/hpexe_return? HTTP/1.1" 200 1013
186.103.158.250 - - [29/Mar/2018:09:45:57 -0300] "GET /cormun/servlet/trsolicitudot HTTP/1.1" 200 19862
186.103.158.250 - - [29/Mar/2018:09:45:59 -0300] "GET /cormun/servlet/trsolicitudot HTTP/1.1" 200 19858
186.103.158.250 - - [29/Mar/2018:09:46:06 -0300] "POST /cormun/servlet/trsolicitudot?bdb50a8ceaf6471e2db0b7bd72112bb0,gx-no-cache=1522327511831 HTTP/1.1" 200 106
186.103.158.250 - - [29/Mar/2018:09:46:06 -0300] "GET /cormun/servlet/trsolicitudadjuntos?2018,10928, HTTP/1.1" 200 6291
186.103.158.250 - - [29/Mar/2018:09:46:06 -0300] "GET /cormun/static/gxcfg.js?20177612135366 HTTP/1.1" 304 -
186.103.158.250 - - [29/Mar/2018:09:46:06 -0300] "GET /cormun/static/trsolicitudadjuntos.js?20177612135632 HTTP/1.1" 304 -
186.103.158.250 - - [29/Mar/2018:09:46:08 -0300] "GET /cormun/servlet/trsolicitudadjuntos?2018,10928, HTTP/1.1" 200 6291
186.103.158.250 - - [29/Mar/2018:09:46:10 -0300] "GET /cormun/servlet/solicitudotadjuntos?INS,2018,10928,,1, HTTP/1.1" 200 6240
186.103.158.250 - - [29/Mar/2018:09:46:11 -0300] "GET /cormun/static/gxcfg.js?2017761244068 HTTP/1.1" 304 -
186.103.158.250 - - [29/Mar/2018:09:46:11 -0300] "GET /cormun/static/solicitudotadjuntos.js?2017761244086 HTTP/1.1" 304 -
186.103.158.250 - - [29/Mar/2018:09:46:11 -0300] "GET /cormun/static/about:blank HTTP/1.1" 404 1011
186.103.158.250 - - [29/Mar/2018:09:46:12 -0300] "GET /cormun/servlet/solicitudotadjuntos?INS,2018,10928,,1, HTTP/1.1" 200 6234
186.103.158.250 - - [29/Mar/2018:09:46:12 -0300] "GET /cormun/servlet/solicitudotadjuntos?128a5770dd2c5462935b2849f7c7dc3498ea5513ee09708378f675276045a28caa2958321957c9fb544afb7ffa5d356b,gx-no-cache=1522327518570 HTTP/1.1" 200 30
186.103.158.250 - - [29/Mar/2018:09:46:12 -0300] "POST /cormun/servlet/solicitudotadjuntos?bdb50a8ceaf6471e2db0b7bd72112bb0,INS,2018,10928,,1,,gx-no-cache=1522327518617 HTTP/1.1" 200 4017
186.103.158.250 - - [29/Mar/2018:09:46:14 -0300] "POST /cormun/servlet/solicitudotadjuntos?gx-no-cache=1522327520304 HTTP/1.1" 200 26
192.168.10.97 - - [29/Mar/2018:09:46:17 -0300] "GET /cormun/servlet/trsolicitudgral? HTTP/1.1" 500 10
186.103.158.250 - - [29/Mar/2018:09:46:33 -0300] "GET /cormun/servlet/solicitudotadjuntos?128a5770dd2c5462935b2849f7c7dc34a83febc59f263fb3e6b986608b8c130a,gx-no-cache=1522327538992 HTTP/1.1" 200 30
186.103.158.250 - - [29/Mar/2018:09:46:33 -0300] "GET /cormun/servlet/solicitudotadjuntos?128a5770dd2c5462935b2849f7c7dc34a83febc59f263fb3e6b986608b8c130a,gx-no-cache=1522327539030 HTTP/1.1" 200 30
186.103.158.250 - - [29/Mar/2018:09:46:33 -0300] "POST /cormun/servlet/solicitudotadjuntos?bdb50a8ceaf6471e2db0b7bd72112bb0,INS,2018,10928,,1, HTTP/1.1" 200 116
186.103.158.250 - - [29/Mar/2018:09:46:33 -0300] "GET /cormun/servlet/hpexe_return? HTTP/1.1" 200 1025
186.103.158.250 - - [29/Mar/2018:09:46:34 -0300] "GET /cormun/servlet/trsolicitudadjuntos?2018,10928, HTTP/1.1" 200 8752
186.103.158.250 - - [29/Mar/2018:09:46:35 -0300] "GET /cormun/servlet/trsolicitudadjuntos?2018,10928, HTTP/1.1" 200 8744
192.168.10.62 - - [29/Mar/2018:09:46:36 -0300] "POST /cormun/servlet/vesolicitudgral?ef0aa898074cdf0558740bcc8854f01d,2018,10698,,,gx-no-cache=1522327426309 HTTP/1.1" 200 93
192.168.10.62 - - [29/Mar/2018:09:46:36 -0300] "GET /cormun/servlet/hpexe_return? HTTP/1.1" 200 1006
192.168.10.62 - - [29/Mar/2018:09:46:36 -0300] "GET /cormun/servlet/trsolicitudgral HTTP/1.1" 200 21458
192.168.10.62 - - [29/Mar/2018:09:46:37 -0300] "GET /cormun/servlet/trsolicitudgral HTTP/1.1" 200 21453
186.103.158.250 - - [29/Mar/2018:09:46:37 -0300] "GET /cormun/servlet/solicitudotadjuntos?INS,2018,10928,,1, HTTP/1.1" 200 6240
186.103.158.250 - - [29/Mar/2018:09:46:37 -0300] "GET /cormun/static/about:blank HTTP/1.1" 404 1011
186.103.158.250 - - [29/Mar/2018:09:46:38 -0300] "GET /cormun/servlet/solicitudotadjuntos?INS,2018,10928,,1, HTTP/1.1" 200 6234
186.103.158.250 - - [29/Mar/2018:09:46:39 -0300] "GET /cormun/servlet/solicitudotadjuntos?128a5770dd2c5462935b2849f7c7dc3498ea5513ee09708378f675276045a28caa2958321957c9fb544afb7ffa5d356b,gx-no-cache=1522327545230 HTTP/1.1" 200 30
186.103.158.250 - - [29/Mar/2018:09:46:39 -0300] "POST /cormun/servlet/solicitudotadjuntos?bdb50a8ceaf6471e2db0b7bd72112bb0,INS,2018,10928,,1,,gx-no-cache=1522327545320 HTTP/1.1" 200 4017
186.103.158.250 - - [29/Mar/2018:09:46:43 -0300] "POST /cormun/servlet/solicitudotadjuntos?gx-no-cache=1522327549075 HTTP/1.1" 200 26
186.103.158.250 - - [29/Mar/2018:09:46:44 -0300] "GET /cormun/servlet/solicitudotadjuntos?128a5770dd2c5462935b2849f7c7dc34a83febc59f263fb3e6b986608b8c130a,gx-no-cache=1522327550101 HTTP/1.1" 200 30
186.103.158.250 - - [29/Mar/2018:09:46:44 -0300] "GET /cormun/servlet/solicitudotadjuntos?128a5770dd2c5462935b2849f7c7dc34a83febc59f263fb3e6b986608b8c130a,gx-no-cache=1522327550135 HTTP/1.1" 200 30
186.103.158.250 - - [29/Mar/2018:09:46:44 -0300] "POST /cormun/servlet/solicitudotadjuntos?bdb50a8ceaf6471e2db0b7bd72112bb0,INS,2018,10928,,1,,gx-no-cache=1522327550164 HTTP/1.1" 200 93
186.103.158.250 - - [29/Mar/2018:09:46:44 -0300] "GET /cormun/servlet/hpexe_return? HTTP/1.1" 200 1025
186.103.158.250 - - [29/Mar/2018:09:46:44 -0300] "GET /cormun/servlet/trsolicitudadjuntos?2018,10928, HTTP/1.1" 200 8903
186.103.158.250 - - [29/Mar/2018:09:46:45 -0300] "GET /cormun/servlet/trsolicitudadjuntos?2018,10928, HTTP/1.1" 200 8903
186.103.158.250 - - [29/Mar/2018:09:46:49 -0300] "GET /cormun/servlet/solicitudotadjuntos?DLT,2018,10928,CERTIF3,0, HTTP/1.1" 200 6121
186.103.158.250 - - [29/Mar/2018:09:46:50 -0300] "GET /cormun/static/about:blank HTTP/1.1" 404 1011
186.103.158.250 - - [29/Mar/2018:09:46:50 -0300] "GET /cormun/static/Shared/jqueryui/images/ui-bg_highlight-soft_100_c6c2c8_1x100.png HTTP/1.1" 404 1117
186.103.158.250 - - [29/Mar/2018:09:46:50 -0300] "GET /cormun/static/Shared/jqueryui/images/ui-icons_82798d_256x240.png HTTP/1.1" 404 1089
186.103.158.250 - - [29/Mar/2018:09:46:50 -0300] "GET /cormun/static/Shared/jqueryui/images/ui-bg_flat_55_fafafa_40x100.png HTTP/1.1" 404 1097
186.103.158.250 - - [29/Mar/2018:09:46:50 -0300] "GET /cormun/static/Shared/jqueryui/images/ui-icons_8d78a5_256x240.png HTTP/1.1" 404 1089
186.103.158.250 - - [29/Mar/2018:09:46:50 -0300] "GET /cormun/servlet/solicitudotadjuntos?DLT,2018,10928,CERTIF3,0, HTTP/1.1" 200 6114
192.168.10.62 - - [29/Mar/2018:09:46:52 -0300] "GET /cormun/servlet/vesolicitudgral?2018,10692,, HTTP/1.1" 200 9047
192.168.10.62 - - [29/Mar/2018:09:46:52 -0300] "GET /cormun/pexe_scrolldiv.js HTTP/1.1" 404 1009
192.168.10.62 - - [29/Mar/2018:09:46:52 -0300] "GET /cormun/pexe_scrolldiv.js HTTP/1.1" 404 1009
192.168.10.62 - - [29/Mar/2018:09:46:52 -0300] "GET /cormun/servlet/vesolicitudgral?2018,10692,, HTTP/1.1" 200 9046
186.103.158.250 - - [29/Mar/2018:09:46:55 -0300] "POST /cormun/servlet/solicitudotadjuntos?bdb50a8ceaf6471e2db0b7bd72112bb0,DLT,2018,10928,CERTIF3,0,,gx-no-cache=1522327561051 HTTP/1.1" 200 93
186.103.158.250 - - [29/Mar/2018:09:46:55 -0300] "GET /cormun/servlet/hpexe_return? HTTP/1.1" 200 1031
186.103.158.250 - - [29/Mar/2018:09:46:55 -0300] "GET /cormun/servlet/trsolicitudadjuntos?2018,10928, HTTP/1.1" 200 8751
186.103.158.250 - - [29/Mar/2018:09:46:56 -0300] "GET /cormun/servlet/trsolicitudadjuntos?2018,10928, HTTP/1.1" 200 8745
186.103.158.250 - - [29/Mar/2018:09:46:58 -0300] "GET /cormun/servlet/solicitudotadjuntos?INS,2018,10928,,1, HTTP/1.1" 200 6240
186.103.158.250 - - [29/Mar/2018:09:46:59 -0300] "GET /cormun/static/about:blank HTTP/1.1" 404 1011
186.103.158.250 - - [29/Mar/2018:09:47:00 -0300] "GET /cormun/servlet/solicitudotadjuntos?INS,2018,10928,,1, HTTP/1.1" 200 6234
186.103.158.250 - - [29/Mar/2018:09:47:00 -0300] "GET /cormun/servlet/solicitudotadjuntos?128a5770dd2c5462935b2849f7c7dc3498ea5513ee09708378f675276045a28caa2958321957c9fb544afb7ffa5d356b,gx-no-cache=1522327566572 HTTP/1.1" 200 30
186.103.158.250 - - [29/Mar/2018:09:47:00 -0300] "POST /cormun/servlet/solicitudotadjuntos?bdb50a8ceaf6471e2db0b7bd72112bb0,INS,2018,10928,,1,,gx-no-cache=1522327566611 HTTP/1.1" 200 4018
186.103.158.250 - - [29/Mar/2018:09:47:03 -0300] "POST /cormun/servlet/solicitudotadjuntos?gx-no-cache=1522327569877 HTTP/1.1" 200 26
192.168.10.96 - - [29/Mar/2018:09:47:06 -0300] "POST /cormun/servlet/trsolicitudgral?590ac2a480cc5e7456482656fa3541c5,,gx-no-cache=1522327456160 HTTP/1.1" 200 24414
192.168.10.96 - - [29/Mar/2018:09:47:12 -0300] "POST /cormun/servlet/trsolicitudgral?590ac2a480cc5e7456482656fa3541c5,,gx-no-cache=1522327462403 HTTP/1.1" 200 5952
192.168.10.96 - - [29/Mar/2018:09:47:13 -0300] "POST /cormun/servlet/trsolicitudgral?590ac2a480cc5e7456482656fa3541c5,,gx-no-cache=1522327463383 HTTP/1.1" 200 5950
192.168.10.96 - - [29/Mar/2018:09:47:13 -0300] "POST /cormun/servlet/trsolicitudgral?590ac2a480cc5e7456482656fa3541c5,,gx-no-cache=1522327463552 HTTP/1.1" 200 5952
186.103.158.250 - - [29/Mar/2018:09:47:19 -0300] "GET /cormun/servlet/solicitudotadjuntos?128a5770dd2c5462935b2849f7c7dc34a83febc59f263fb3e6b986608b8c130a,gx-no-cache=1522327585827 HTTP/1.1" 200 30
186.103.158.250 - - [29/Mar/2018:09:47:19 -0300] "GET /cormun/servlet/solicitudotadjuntos?128a5770dd2c5462935b2849f7c7dc34a83febc59f263fb3e6b986608b8c130a,gx-no-cache=1522327585859 HTTP/1.1" 200 30
192.168.10.96 - - [29/Mar/2018:09:47:20 -0300] "POST /cormun/servlet/trsolicitudgral?590ac2a480cc5e7456482656fa3541c5,,gx-no-cache=1522327470505 HTTP/1.1" 200 5949
192.168.10.96 - - [29/Mar/2018:09:47:20 -0300] "POST /cormun/servlet/trsolicitudgral?590ac2a480cc5e7456482656fa3541c5,,gx-no-cache=1522327471176 HTTP/1.1" 200 5950
186.103.158.250 - - [29/Mar/2018:09:47:23 -0300] "POST /cormun/servlet/solicitudotadjuntos?bdb50a8ceaf6471e2db0b7bd72112bb0,INS,2018,10928,,1, HTTP/1.1" 200 116
186.103.158.250 - - [29/Mar/2018:09:47:23 -0300] "GET /cormun/servlet/hpexe_return? HTTP/1.1" 200 1025
186.103.158.250 - - [29/Mar/2018:09:47:24 -0300] "GET /cormun/servlet/trsolicitudadjuntos?2018,10928, HTTP/1.1" 200 8998
186.103.158.250 - - [29/Mar/2018:09:47:25 -0300] "GET /cormun/servlet/trsolicitudadjuntos?2018,10928, HTTP/1.1" 200 8997
192.168.10.96 - - [29/Mar/2018:09:47:35 -0300] "POST /cormun/servlet/trsolicitudgral?590ac2a480cc5e7456482656fa3541c5,,gx-no-cache=1522327485784 HTTP/1.1" 200 5953
192.168.10.96 - - [29/Mar/2018:09:47:36 -0300] "POST /cormun/servlet/trsolicitudgral?590ac2a480cc5e7456482656fa3541c5,,gx-no-cache=1522327486464 HTTP/1.1" 200 5952
192.168.10.96 - - [29/Mar/2018:09:47:36 -0300] "POST /cormun/servlet/trsolicitudgral?590ac2a480cc5e7456482656fa3541c5,,gx-no-cache=1522327486663 HTTP/1.1" 200 5952
192.168.10.96 - - [29/Mar/2018:09:47:36 -0300] "POST /cormun/servlet/trsolicitudgral?590ac2a480cc5e7456482656fa3541c5,,gx-no-cache=1522327486838 HTTP/1.1" 200 5953
192.168.10.96 - - [29/Mar/2018:09:47:36 -0300] "POST /cormun/servlet/trsolicitudgral?590ac2a480cc5e7456482656fa3541c5,,gx-no-cache=1522327487080 HTTP/1.1" 200 5953
192.168.10.96 - - [29/Mar/2018:09:47:37 -0300] "POST /cormun/servlet/trsolicitudgral?590ac2a480cc5e7456482656fa3541c5,,gx-no-cache=1522327487269 HTTP/1.1" 200 5952
192.168.10.96 - - [29/Mar/2018:09:47:37 -0300] "POST /cormun/servlet/trsolicitudgral?590ac2a480cc5e7456482656fa3541c5,,gx-no-cache=1522327487463 HTTP/1.1" 200 5952
192.168.10.97 - - [29/Mar/2018:09:47:42 -0300] "GET /cormun/servlet/hlogin HTTP/1.1" 200 1721
192.168.10.97 - - [29/Mar/2018:09:47:44 -0300] "POST /cormun/servlet/hlogin?7d98b5872ddbeb0e5f206b3fef582d80,gx-no-cache=1522327494875 HTTP/1.1" 200 90
192.168.10.97 - - [29/Mar/2018:09:47:44 -0300] "GET /cormun/servlet/hpexe_link HTTP/1.1" 200 946
192.168.10.97 - - [29/Mar/2018:09:47:44 -0300] "GET /cormun/servlet/hhome HTTP/1.1" 200 4567
192.168.10.97 - - [29/Mar/2018:09:47:45 -0300] "GET /cormun/servlet/hhome HTTP/1.1" 200 4564
192.168.10.97 - - [29/Mar/2018:09:47:52 -0300] "GET /cormun/servlet/trsolicitudgral? HTTP/1.1" 200 10436
192.168.10.97 - - [29/Mar/2018:09:47:52 -0300] "GET /cormun/servlet/trsolicitudgral? HTTP/1.1" 200 10434
192.168.10.96 - - [29/Mar/2018:09:47:53 -0300] "POST /cormun/servlet/trsolicitudgral?590ac2a480cc5e7456482656fa3541c5,,gx-no-cache=1522327503705 HTTP/1.1" 200 7649
192.168.10.96 - - [29/Mar/2018:09:47:56 -0300] "GET /cormun/servlet/vesolicitudgral?2018,8668,, HTTP/1.1" 200 9279
157.55.39.159 - - [29/Mar/2018:09:47:56 -0300] "GET /cormun/servlet/trsolicitudot HTTP/1.1" 200 6380
192.168.10.96 - - [29/Mar/2018:09:47:56 -0300] "GET /cormun/pexe_scrolldiv.js HTTP/1.1" 404 1009
192.168.10.96 - - [29/Mar/2018:09:47:56 -0300] "GET /cormun/pexe_scrolldiv.js HTTP/1.1" 404 1009
192.168.10.96 - - [29/Mar/2018:09:47:57 -0300] "GET /cormun/servlet/vesolicitudgral?2018,8668,, HTTP/1.1" 200 9278
192.168.10.96 - - [29/Mar/2018:09:47:59 -0300] "GET /cormun/servlet/vesolicitudgral?2018,8668,,SolicitudOTAdjuntos HTTP/1.1" 200 11546
192.168.10.96 - - [29/Mar/2018:09:47:59 -0300] "GET /cormun/pexe_scrolldiv.js HTTP/1.1" 404 1009
192.168.10.96 - - [29/Mar/2018:09:47:59 -0300] "GET /cormun/pexe_scrolldiv.js HTTP/1.1" 404 1009
192.168.10.96 - - [29/Mar/2018:09:48:00 -0300] "GET /cormun/servlet/vesolicitudgral?2018,8668,,SolicitudOTAdjuntos HTTP/1.1" 200 11547
192.168.10.96 - - [29/Mar/2018:09:48:00 -0300] "POST /cormun/servlet/acontrolpreferencessavestate?None,DZAMUDIO,true HTTP/1.1" 200 35
192.168.10.96 - - [29/Mar/2018:09:48:05 -0300] "GET /cormun/servlet/vesolicitudgral?2018,8668,,SolicitudOTLog HTTP/1.1" 200 10993
192.168.10.96 - - [29/Mar/2018:09:48:05 -0300] "GET /cormun/pexe_scrolldiv.js HTTP/1.1" 404 1009
192.168.10.96 - - [29/Mar/2018:09:48:05 -0300] "GET /cormun/pexe_scrolldiv.js HTTP/1.1" 404 1009
192.168.10.96 - - [29/Mar/2018:09:48:05 -0300] "GET /cormun/servlet/vesolicitudgral?2018,8668,,SolicitudOTLog HTTP/1.1" 200 10989
192.168.10.96 - - [29/Mar/2018:09:48:06 -0300] "POST /cormun/servlet/acontrolpreferencessavestate?None,DZAMUDIO,true HTTP/1.1" 200 35
157.55.39.159 - - [29/Mar/2018:09:48:07 -0300] "GET /cormun/static/Resources/Spanish/PXTools.css?1255365 HTTP/1.1" 200 89042
157.55.39.138 - - [29/Mar/2018:09:48:10 -0300] "GET /cormun/static/gxcfg.js?2017111422585916 HTTP/1.1" 200 953
157.55.39.138 - - [29/Mar/2018:09:48:10 -0300] "GET /cormun/static/trsolicitudot.js?201711142259839 HTTP/1.1" 200 54041
157.55.39.159 - - [29/Mar/2018:09:48:12 -0300] "GET /cormun/static/Resources/PXToolsDataSearch.png HTTP/1.1" 200 419
192.168.10.97 - - [29/Mar/2018:09:48:15 -0300] "POST /cormun/servlet/trsolicitudgral?7d98b5872ddbeb0e5f206b3fef582d80,,gx-no-cache=1522327525269 HTTP/1.1" 200 5912
186.67.172.234 - - [29/Mar/2018:09:48:33 -0300] "GET /cormun/servlet/trautorizarsolicitud? HTTP/1.1" 200 6283
186.67.172.234 - - [29/Mar/2018:09:48:33 -0300] "GET /cormun/static/Resources/Spanish/PXTools.css?1255365 HTTP/1.1" 304 -
186.67.172.234 - - [29/Mar/2018:09:48:33 -0300] "GET /cormun/static/calendar.js?85251 HTTP/1.1" 304 -
186.67.172.234 - - [29/Mar/2018:09:48:33 -0300] "GET /cormun/static/calendar-setup.js?85251 HTTP/1.1" 304 -
186.67.172.234 - - [29/Mar/2018:09:48:33 -0300] "GET /cormun/static/gxcfg.js?2017111423403364 HTTP/1.1" 304 -
186.67.172.234 - - [29/Mar/2018:09:48:33 -0300] "GET /cormun/static/gxtimezone.js?85251 HTTP/1.1" 304 -
186.67.172.234 - - [29/Mar/2018:09:48:33 -0300] "GET /cormun/static/calendar-es.js?85251 HTTP/1.1" 304 -
186.67.172.234 - - [29/Mar/2018:09:48:33 -0300] "GET /cormun/static/messages.spa.js?85251 HTTP/1.1" 304 -
186.67.172.234 - - [29/Mar/2018:09:48:33 -0300] "GET /cormun/static/gxdec.js?85251 HTTP/1.1" 304 -
186.67.172.234 - - [29/Mar/2018:09:48:33 -0300] "GET /cormun/static/trautorizarsolicitud.js?201711142340425 HTTP/1.1" 304 -
186.67.172.234 - - [29/Mar/2018:09:48:33 -0300] "GET /cormun/static/hwchdr01.js?201752511465785 HTTP/1.1" 304 -
186.67.172.234 - - [29/Mar/2018:09:48:33 -0300] "GET /cormun/static/hpexe_recentlink.js?20177611595044 HTTP/1.1" 304 -
186.67.172.234 - - [29/Mar/2018:09:48:33 -0300] "GET /cormun/static/hpexe_scripts.js?201752511465715 HTTP/1.1" 304 -
186.67.172.234 - - [29/Mar/2018:09:48:33 -0300] "GET /cormun/static/hpexe_messagecontroller.js?20177611595012 HTTP/1.1" 304 -
186.67.172.234 - - [29/Mar/2018:09:48:34 -0300] "GET /cormun/static/hpexe_messagepopupcomponent.js?20161017169425 HTTP/1.1" 304 -
186.67.172.234 - - [29/Mar/2018:09:48:34 -0300] "GET /cormun/static/hpexe_messagegenexuscomponent.js?201752511465344 HTTP/1.1" 304 -
186.67.172.234 - - [29/Mar/2018:09:48:34 -0300] "GET /cormun/static/cmcontrolpreferences.js?201752511465670 HTTP/1.1" 304 -
186.67.172.234 - - [29/Mar/2018:09:48:34 -0300] "GET /cormun/static/hmpwkw03.js?20177612122668 HTTP/1.1" 304 -
186.67.172.234 - - [29/Mar/2018:09:48:34 -0300] "GET /cormun/servlet/hlogin HTTP/1.1" 200 1745
186.67.172.234 - - [29/Mar/2018:09:48:34 -0300] "GET /cormun/servlet/trautorizarsolicitud? HTTP/1.1" 200 6294
186.67.172.234 - - [29/Mar/2018:09:48:34 -0300] "GET /cormun/static/gxcfg.js?20175251213516 HTTP/1.1" 304 -
186.67.172.234 - - [29/Mar/2018:09:48:34 -0300] "GET /cormun/static/Resources/Spanish/PXTools.css?11423723 HTTP/1.1" 304 -
186.67.172.234 - - [29/Mar/2018:09:48:34 -0300] "GET /cormun/static/hlogin.js?20175251213537 HTTP/1.1" 304 -
186.67.172.234 - - [29/Mar/2018:09:48:37 -0300] "GET /cormun/servlet/trautorizarsolicitud? HTTP/1.1" 200 6283
186.67.172.234 - - [29/Mar/2018:09:48:37 -0300] "GET /cormun/servlet/hlogin HTTP/1.1" 200 1745
186.67.172.234 - - [29/Mar/2018:09:48:37 -0300] "GET /cormun/servlet/trautorizarsolicitud? HTTP/1.1" 200 6294
