186.67.164.142 - - [29/Mar/2018:16:14:54 -0300] "GET /cormun/servlet/solicitudot?72df45569000e6019b362e3b9a5790049f2b87118c6e5252622655136d941e1a8a75f2fed72b77843921e77c2e4d4362,gx-no-cache=1522350842042 HTTP/1.1" 200 30
186.67.164.142 - - [29/Mar/2018:16:14:54 -0300] "POST /cormun/servlet/solicitudot?gx-no-cache=1522350842092 HTTP/1.1" 200 256
186.67.164.142 - - [29/Mar/2018:16:14:54 -0300] "GET /cormun/servlet/solicitudot?72df45569000e6019b362e3b9a579004f5dfec2ad4b0b5f4b85077b1a52a70f6405729ecfb6402cd291e9d50a326d15c8be11cca670db79dea2df34080ba6e52b86ad98a5f75f6104d5efd5a1d7844003f34fadbcae6da065d0f232a0bcf63d440bc3b8b793a5c01889b91d05a645e63fd590d83d1d4cafe53b9fa98a991c979f4ed4935b9b8dd0d9cf88284be50cf36994db3ae086961838d7e564fe0743cccb1b00297e8686684d3ea8218ccf3c8ce175898d3cc6ce16059a866347902790117d9f3e3b4adebdf4af0597eccc7ed1f6f7be29ab3a823812da5d3873f0c297d9305c2ee64d0bc9038043d89a1c00450bdb3246c695d3c2263c78cd214385b539052b5dd8fd22926a15674a8be2b63b20ddb1d6a0941a9ab869c1911d724de347545431148f1377749bf2107b56c1253760e118905b71fbe5c5aab4e8f35451763c23ad7d6aa6cf3da0f0cda0939b62d72808004cff2daaf6e36b73e469d0e5eaced034ee07a486f92391d5cf1c5e6fe6acb84ac3b5351d9774bb7ec37eda225,gx-no-cache=1522350842152 HTTP/1.1" 200 30
186.67.164.142 - - [29/Mar/2018:16:14:54 -0300] "POST /cormun/servlet/solicitudot?gx-no-cache=1522350842190 HTTP/1.1" 200 30
186.67.164.142 - - [29/Mar/2018:16:14:54 -0300] "POST /cormun/servlet/solicitudot?gx-no-cache=1522350842229 HTTP/1.1" 200 1352
186.67.164.142 - - [29/Mar/2018:16:14:54 -0300] "POST /cormun/servlet/solicitudot?gx-no-cache=1522350842282 HTTP/1.1" 200 41
186.67.164.142 - - [29/Mar/2018:16:14:54 -0300] "POST /cormun/servlet/solicitudot?gx-no-cache=1522350842337 HTTP/1.1" 200 1334
186.67.164.142 - - [29/Mar/2018:16:14:54 -0300] "POST /cormun/servlet/solicitudot?gx-no-cache=1522350842410 HTTP/1.1" 200 1232
186.67.164.142 - - [29/Mar/2018:16:14:54 -0300] "GET /cormun/servlet/solicitudot?72df45569000e6019b362e3b9a579004a3c6203cb0a699796caa240fbeada3890a334dad030da115809b8044deb823a0,gx-no-cache=1522350842463 HTTP/1.1" 200 30
186.67.164.142 - - [29/Mar/2018:16:14:54 -0300] "POST /cormun/servlet/solicitudot?gx-no-cache=1522350842489 HTTP/1.1" 200 33
186.67.164.142 - - [29/Mar/2018:16:14:55 -0300] "POST /cormun/servlet/solicitudot?5421c8f586fbe222365819273523900a,INS,0,0,,gx-no-cache=1522350842560 HTTP/1.1" 200 11886
192.168.10.56 - - [29/Mar/2018:16:17:00 -0300] "GET /cormun/servlet/hlogin HTTP/1.1" 200 1740
192.168.10.56 - - [29/Mar/2018:16:17:06 -0300] "POST /cormun/servlet/hlogin?70196d7408fe2c2ca4113d4bbc3c19e3,gx-no-cache=1522350857122 HTTP/1.1" 200 90
192.168.10.56 - - [29/Mar/2018:16:17:07 -0300] "GET /cormun/servlet/hpexe_link HTTP/1.1" 200 951
192.168.10.56 - - [29/Mar/2018:16:17:07 -0300] "GET /cormun/servlet/hhome HTTP/1.1" 200 3836
192.168.10.56 - - [29/Mar/2018:16:17:07 -0300] "GET /cormun/servlet/hhome HTTP/1.1" 200 3836
192.168.10.56 - - [29/Mar/2018:16:17:13 -0300] "GET /cormun/servlet/trsolicitudgral? HTTP/1.1" 200 27771
192.168.10.56 - - [29/Mar/2018:16:17:14 -0300] "GET /cormun/servlet/trsolicitudgral? HTTP/1.1" 200 27769
192.168.10.56 - - [29/Mar/2018:16:17:17 -0300] "GET /cormun/static/menuarrow.gif HTTP/1.1" 404 1015
186.67.164.142 - - [29/Mar/2018:16:17:18 -0300] "GET /cormun/servlet/solicitudot?72df45569000e6019b362e3b9a57900490483d8c03b2ebcd89fac7044700d226344699f74e46a6a5f4885ee531d42efc53e9ce20642278688ddee4ad3c67715b,gx-no-cache=1522350986001 HTTP/1.1" 200 30
186.67.164.142 - - [29/Mar/2018:16:17:18 -0300] "POST /cormun/servlet/solicitudot?gx-no-cache=1522350986140 HTTP/1.1" 200 256
186.67.164.142 - - [29/Mar/2018:16:17:18 -0300] "GET /cormun/servlet/solicitudot?72df45569000e6019b362e3b9a579004f5dfec2ad4b0b5f4b85077b1a52a70f6405729ecfb6402cd291e9d50a326d15c8be11cca670db79dea2df34080ba6e52b86ad98a5f75f6104d5efd5a1d7844003f34fadbcae6da065d0f232a0bcf63d440bc3b8b793a5c01889b91d05a645e63fd590d83d1d4cafe53b9fa98a991c979f4ed4935b9b8dd0d9cf88284be50cf36994db3ae086961838d7e564fe0743cccb1b00297e8686684d3ea8218ccf3c8ce175898d3cc6ce16059a866347902790117d9f3e3b4adebdf4af0597eccc7ed1f6f7be29ab3a823812da5d3873f0c297d9305c2ee64d0bc9038043d89a1c00450bdb3246c695d3c2263c78cd214385b539052b5dd8fd22926a15674a8be2b63b20ddb1d6a0941a9ab869c1911d724de347545431148f1377749bf2107b56c1253760e118905b71fbe5c5aab4e8f35451763c23ad7d6aa6cf3da0f0cda0939b62d72808004cff2daaf6e36b73e469d0e5eaced034ee07a486f92391d5cf1c5e6fe6acb84ac3b5351d9774bb7ec37eda225,gx-no-cache=1522350986180 HTTP/1.1" 200 30
186.67.164.142 - - [29/Mar/2018:16:17:18 -0300] "POST /cormun/servlet/solicitudot?gx-no-cache=1522350986208 HTTP/1.1" 200 30
186.67.164.142 - - [29/Mar/2018:16:17:18 -0300] "POST /cormun/servlet/solicitudot?gx-no-cache=1522350986240 HTTP/1.1" 200 1352
186.67.164.142 - - [29/Mar/2018:16:17:18 -0300] "POST /cormun/servlet/solicitudot?gx-no-cache=1522350986294 HTTP/1.1" 200 41
186.67.164.142 - - [29/Mar/2018:16:17:18 -0300] "POST /cormun/servlet/solicitudot?gx-no-cache=1522350986326 HTTP/1.1" 200 1334
186.67.164.142 - - [29/Mar/2018:16:17:18 -0300] "POST /cormun/servlet/solicitudot?gx-no-cache=1522350986371 HTTP/1.1" 200 1232
186.67.164.142 - - [29/Mar/2018:16:17:18 -0300] "GET /cormun/servlet/solicitudot?72df45569000e6019b362e3b9a579004a3c6203cb0a699796caa240fbeada3890a334dad030da115809b8044deb823a0,gx-no-cache=1522350986418 HTTP/1.1" 200 30
186.67.164.142 - - [29/Mar/2018:16:17:18 -0300] "POST /cormun/servlet/solicitudot?gx-no-cache=1522350986453 HTTP/1.1" 200 33
186.67.164.142 - - [29/Mar/2018:16:17:18 -0300] "POST /cormun/servlet/solicitudot?5421c8f586fbe222365819273523900a,INS,0,0,,gx-no-cache=1522350986513 HTTP/1.1" 200 11927
192.168.10.56 - - [29/Mar/2018:16:17:22 -0300] "POST /cormun/servlet/trsolicitudgral?70196d7408fe2c2ca4113d4bbc3c19e3,,gx-no-cache=1522350872447 HTTP/1.1" 200 25419
186.67.164.142 - - [29/Mar/2018:16:17:38 -0300] "GET /cormun/servlet/solicitudot?72df45569000e6019b362e3b9a57900490483d8c03b2ebcd89fac7044700d2268d208d39d4024bd902ca574392ef757087474e6eec373eea8565d2a74b9513fe,gx-no-cache=1522351006196 HTTP/1.1" 200 30
186.67.164.142 - - [29/Mar/2018:16:17:38 -0300] "POST /cormun/servlet/solicitudot?gx-no-cache=1522351006259 HTTP/1.1" 200 256
186.67.164.142 - - [29/Mar/2018:16:17:38 -0300] "GET /cormun/servlet/solicitudot?72df45569000e6019b362e3b9a579004f5dfec2ad4b0b5f4b85077b1a52a70f6405729ecfb6402cd291e9d50a326d15c8be11cca670db79dea2df34080ba6e52b86ad98a5f75f6104d5efd5a1d7844003f34fadbcae6da065d0f232a0bcf63d440bc3b8b793a5c01889b91d05a645e63fd590d83d1d4cafe53b9fa98a991c979f4ed4935b9b8dd0d9cf88284be50cf36994db3ae086961838d7e564fe0743cccb1b00297e8686684d3ea8218ccf3c8ce175898d3cc6ce16059a866347902790117d9f3e3b4adebdf4af0597eccc7ed1f6f7be29ab3a823812da5d3873f0c297d9305c2ee64d0bc9038043d89a1c00450bdb3246c695d3c2263c78cd214385b539052b5dd8fd22926a15674a8be2b63b20ddb1d6a0941a9ab869c1911d724de347545431148f1377749bf2107b56c1253760e118905b71fbe5c5aab4e8f35451763c23ad7d6aa6cf3da0f0cda0939b62d72808004cff2daaf6e36b73e469d0e5eaced034ee07a486f92391d5cf1c5e6fe6acb84ac3b5351d9774bb7ec37eda225,gx-no-cache=1522351006323 HTTP/1.1" 200 30
192.168.10.56 - - [29/Mar/2018:16:17:38 -0300] "GET /cormun/servlet/vesolicitudgral?2018,10937,, HTTP/1.1" 200 8398
186.67.164.142 - - [29/Mar/2018:16:17:38 -0300] "POST /cormun/servlet/solicitudot?gx-no-cache=1522351006402 HTTP/1.1" 200 30
192.168.10.56 - - [29/Mar/2018:16:17:38 -0300] "GET /cormun/pexe_scrolldiv.js HTTP/1.1" 404 1009
192.168.10.56 - - [29/Mar/2018:16:17:38 -0300] "GET /cormun/pexe_scrolldiv.js HTTP/1.1" 404 1009
186.67.164.142 - - [29/Mar/2018:16:17:38 -0300] "POST /cormun/servlet/solicitudot?gx-no-cache=1522351006477 HTTP/1.1" 200 1352
186.67.164.142 - - [29/Mar/2018:16:17:38 -0300] "POST /cormun/servlet/solicitudot?gx-no-cache=1522351006567 HTTP/1.1" 200 41
186.67.164.142 - - [29/Mar/2018:16:17:38 -0300] "POST /cormun/servlet/solicitudot?gx-no-cache=1522351006611 HTTP/1.1" 200 1334
186.67.164.142 - - [29/Mar/2018:16:17:38 -0300] "POST /cormun/servlet/solicitudot?gx-no-cache=1522351006682 HTTP/1.1" 200 1232
186.67.164.142 - - [29/Mar/2018:16:17:39 -0300] "GET /cormun/servlet/solicitudot?72df45569000e6019b362e3b9a579004a3c6203cb0a699796caa240fbeada3890a334dad030da115809b8044deb823a0,gx-no-cache=1522351006746 HTTP/1.1" 200 30
186.67.164.142 - - [29/Mar/2018:16:17:39 -0300] "POST /cormun/servlet/solicitudot?gx-no-cache=1522351006807 HTTP/1.1" 200 33
192.168.10.56 - - [29/Mar/2018:16:17:39 -0300] "GET /cormun/servlet/vesolicitudgral?2018,10937,, HTTP/1.1" 200 8398
186.67.164.142 - - [29/Mar/2018:16:17:39 -0300] "POST /cormun/servlet/solicitudot?5421c8f586fbe222365819273523900a,INS,0,0,,gx-no-cache=1522351006890 HTTP/1.1" 200 12019
192.168.10.56 - - [29/Mar/2018:16:17:41 -0300] "GET /cormun/servlet/vesolicitudgral?2018,10937,,SolicitudOTLog HTTP/1.1" 200 8920
192.168.10.56 - - [29/Mar/2018:16:17:41 -0300] "GET /cormun/pexe_scrolldiv.js HTTP/1.1" 404 1009
192.168.10.56 - - [29/Mar/2018:16:17:41 -0300] "GET /cormun/pexe_scrolldiv.js HTTP/1.1" 404 1009
192.168.10.56 - - [29/Mar/2018:16:17:41 -0300] "GET /cormun/servlet/vesolicitudgral?2018,10937,,SolicitudOTLog HTTP/1.1" 200 8921
192.168.10.56 - - [29/Mar/2018:16:17:42 -0300] "POST /cormun/servlet/acontrolpreferencessavestate?None,PESCOBAR,true HTTP/1.1" 200 35
192.168.10.56 - - [29/Mar/2018:16:17:48 -0300] "GET /cormun/servlet/vesolicitudgral?2018,10937,,General HTTP/1.1" 200 8403
192.168.10.56 - - [29/Mar/2018:16:17:48 -0300] "GET /cormun/pexe_scrolldiv.js HTTP/1.1" 404 1009
192.168.10.56 - - [29/Mar/2018:16:17:48 -0300] "GET /cormun/pexe_scrolldiv.js HTTP/1.1" 404 1009
192.168.10.56 - - [29/Mar/2018:16:17:48 -0300] "GET /cormun/servlet/vesolicitudgral?2018,10937,,General HTTP/1.1" 200 8403
192.168.10.56 - - [29/Mar/2018:16:17:50 -0300] "POST /cormun/servlet/vesolicitudgral?70196d7408fe2c2ca4113d4bbc3c19e3,2018,10937,,General,gx-no-cache=1522350900205 HTTP/1.1" 200 93
192.168.10.56 - - [29/Mar/2018:16:17:50 -0300] "GET /cormun/servlet/hpexe_return? HTTP/1.1" 200 1018
192.168.10.56 - - [29/Mar/2018:16:17:50 -0300] "GET /cormun/servlet/trsolicitudgral? HTTP/1.1" 200 27775
192.168.10.56 - - [29/Mar/2018:16:17:51 -0300] "GET /cormun/servlet/trsolicitudgral? HTTP/1.1" 200 27770
192.168.10.56 - - [29/Mar/2018:16:17:59 -0300] "GET /cormun/servlet/vesolicitudgral?2018,10929,, HTTP/1.1" 200 8440
192.168.10.56 - - [29/Mar/2018:16:17:59 -0300] "GET /cormun/pexe_scrolldiv.js HTTP/1.1" 404 1009
192.168.10.56 - - [29/Mar/2018:16:17:59 -0300] "GET /cormun/pexe_scrolldiv.js HTTP/1.1" 404 1009
192.168.10.56 - - [29/Mar/2018:16:17:59 -0300] "GET /cormun/servlet/vesolicitudgral?2018,10929,, HTTP/1.1" 200 8439
192.168.10.56 - - [29/Mar/2018:16:18:02 -0300] "GET /cormun/servlet/vesolicitudgral?2018,10929,,SolicitudOTLog HTTP/1.1" 200 8921
192.168.10.56 - - [29/Mar/2018:16:18:02 -0300] "GET /cormun/pexe_scrolldiv.js HTTP/1.1" 404 1009
192.168.10.56 - - [29/Mar/2018:16:18:02 -0300] "GET /cormun/pexe_scrolldiv.js HTTP/1.1" 404 1009
192.168.10.56 - - [29/Mar/2018:16:18:02 -0300] "GET /cormun/servlet/vesolicitudgral?2018,10929,,SolicitudOTLog HTTP/1.1" 200 8921
186.79.155.76 - - [29/Mar/2018:16:18:02 -0300] "GET /cormun/servlet/trsolicitudot? HTTP/1.1" 200 13370
192.168.10.56 - - [29/Mar/2018:16:18:03 -0300] "POST /cormun/servlet/acontrolpreferencessavestate?None,PESCOBAR,true HTTP/1.1" 200 35
186.79.155.76 - - [29/Mar/2018:16:18:03 -0300] "GET /cormun/servlet/trsolicitudot? HTTP/1.1" 200 13364
192.168.10.56 - - [29/Mar/2018:16:18:08 -0300] "GET /cormun/servlet/vesolicitudgral?2018,10929,,General HTTP/1.1" 200 8442
192.168.10.56 - - [29/Mar/2018:16:18:08 -0300] "GET /cormun/pexe_scrolldiv.js HTTP/1.1" 404 1009
192.168.10.56 - - [29/Mar/2018:16:18:08 -0300] "GET /cormun/pexe_scrolldiv.js HTTP/1.1" 404 1009
192.168.10.56 - - [29/Mar/2018:16:18:08 -0300] "GET /cormun/servlet/vesolicitudgral?2018,10929,,General HTTP/1.1" 200 8442
192.168.10.56 - - [29/Mar/2018:16:18:10 -0300] "POST /cormun/servlet/vesolicitudgral?70196d7408fe2c2ca4113d4bbc3c19e3,2018,10929,,General,gx-no-cache=1522350920227 HTTP/1.1" 200 93
192.168.10.56 - - [29/Mar/2018:16:18:10 -0300] "GET /cormun/servlet/hpexe_return? HTTP/1.1" 200 1018
192.168.10.56 - - [29/Mar/2018:16:18:10 -0300] "GET /cormun/servlet/trsolicitudgral HTTP/1.1" 200 27775
192.168.10.56 - - [29/Mar/2018:16:18:11 -0300] "GET /cormun/servlet/trsolicitudgral HTTP/1.1" 200 27770
186.79.155.76 - - [29/Mar/2018:16:18:14 -0300] "GET /cormun/servlet/treventos?2018,10692, HTTP/1.1" 200 8301
186.79.155.76 - - [29/Mar/2018:16:18:14 -0300] "GET /cormun/servlet/treventos?2018,10692, HTTP/1.1" 200 8308
186.79.155.76 - - [29/Mar/2018:16:18:17 -0300] "GET /cormun/servlet/trsolicitudot? HTTP/1.1" 200 13370
186.79.155.76 - - [29/Mar/2018:16:18:18 -0300] "GET /cormun/servlet/trsolicitudot? HTTP/1.1" 200 13364
192.168.10.56 - - [29/Mar/2018:16:18:18 -0300] "GET /cormun/servlet/trautorizarot? HTTP/1.1" 200 19477
192.168.10.56 - - [29/Mar/2018:16:18:19 -0300] "GET /cormun/servlet/trautorizarot? HTTP/1.1" 200 19476
192.168.10.56 - - [29/Mar/2018:16:18:20 -0300] "GET /cormun/static/menuarrow.gif HTTP/1.1" 404 1015
192.168.10.56 - - [29/Mar/2018:16:18:24 -0300] "POST /cormun/servlet/trautorizarot?70196d7408fe2c2ca4113d4bbc3c19e3,,gx-no-cache=1522350934693 HTTP/1.1" 200 16913
186.79.155.76 - - [29/Mar/2018:16:18:24 -0300] "POST /cormun/servlet/trsolicitudot?64bdcb19a4bf137068f34a85333eab6b,,gx-no-cache=1522351050253 HTTP/1.1" 200 10332
186.79.155.76 - - [29/Mar/2018:16:18:26 -0300] "POST /cormun/servlet/trsolicitudot?64bdcb19a4bf137068f34a85333eab6b,,gx-no-cache=1522351052667 HTTP/1.1" 200 10332
186.79.155.76 - - [29/Mar/2018:16:18:29 -0300] "POST /cormun/servlet/trsolicitudot?64bdcb19a4bf137068f34a85333eab6b,,gx-no-cache=1522351055945 HTTP/1.1" 200 10368
192.168.10.56 - - [29/Mar/2018:16:18:35 -0300] "POST /cormun/servlet/trautorizarot?70196d7408fe2c2ca4113d4bbc3c19e3,,gx-no-cache=1522350945676 HTTP/1.1" 200 5334
192.168.10.56 - - [29/Mar/2018:16:18:37 -0300] "GET /cormun/servlet/hlogin HTTP/1.1" 200 1740
192.168.10.97 - - [29/Mar/2018:16:18:58 -0300] "GET /cormun/servlet/hlogin HTTP/1.1" 200 1728
192.168.10.97 - - [29/Mar/2018:16:18:58 -0300] "GET /cormun/servlet/hlogin HTTP/1.1" 200 1732
192.168.10.97 - - [29/Mar/2018:16:19:00 -0300] "POST /cormun/servlet/hlogin?6735dfcb0bbdfb23b4412bcfbae77a13,gx-no-cache=1522350970792 HTTP/1.1" 200 90
192.168.10.97 - - [29/Mar/2018:16:19:00 -0300] "GET /cormun/servlet/hpexe_link HTTP/1.1" 200 954
192.168.10.97 - - [29/Mar/2018:16:19:00 -0300] "GET /cormun/servlet/hhome HTTP/1.1" 200 4572
192.168.10.97 - - [29/Mar/2018:16:19:01 -0300] "GET /cormun/servlet/hhome HTTP/1.1" 200 4569
200.111.191.210 - - [29/Mar/2018:16:19:08 -0300] "GET /cormun/servlet/hlogin HTTP/1.1" 200 1718
200.111.191.210 - - [29/Mar/2018:16:19:12 -0300] "POST /cormun/servlet/hlogin?47e4be39e5373a9cbb16b75846a03c10,gx-no-cache=1522351108216 HTTP/1.1" 200 90
200.111.191.210 - - [29/Mar/2018:16:19:12 -0300] "GET /cormun/servlet/hpexe_link HTTP/1.1" 200 950
200.111.191.210 - - [29/Mar/2018:16:19:12 -0300] "GET /cormun/servlet/hhome HTTP/1.1" 200 3957
200.111.191.210 - - [29/Mar/2018:16:19:13 -0300] "GET /cormun/servlet/hhome HTTP/1.1" 200 3954
192.168.10.97 - - [29/Mar/2018:16:19:13 -0300] "GET /cormun/servlet/trsolicitudgral? HTTP/1.1" 200 10442
186.79.155.76 - - [29/Mar/2018:16:19:13 -0300] "POST /cormun/servlet/trsolicitudot?64bdcb19a4bf137068f34a85333eab6b,,gx-no-cache=1522351099842 HTTP/1.1" 200 4643
192.168.10.97 - - [29/Mar/2018:16:19:13 -0300] "GET /cormun/servlet/trsolicitudgral? HTTP/1.1" 200 10440
186.79.155.76 - - [29/Mar/2018:16:19:17 -0300] "GET /cormun/servlet/vesolicitudot?2018,10692,,General HTTP/1.1" 200 8561
186.79.155.76 - - [29/Mar/2018:16:19:17 -0300] "GET /cormun/servlet/vesolicitudot?2018,10692,,General HTTP/1.1" 200 8560
200.111.191.210 - - [29/Mar/2018:16:19:17 -0300] "GET /cormun/servlet/trlicencias? HTTP/1.1" 200 10949
200.111.191.210 - - [29/Mar/2018:16:19:18 -0300] "GET /cormun/servlet/trlicencias? HTTP/1.1" 200 10946
200.111.191.210 - - [29/Mar/2018:16:19:20 -0300] "GET /cormun/servlet/trlicenciaspermisosadjuntos?10180683,20180329000000,L, HTTP/1.1" 200 6302
200.111.191.210 - - [29/Mar/2018:16:19:20 -0300] "GET /cormun/static/gxcfg.js?20177612163414 HTTP/1.1" 200 953
200.111.191.210 - - [29/Mar/2018:16:19:20 -0300] "GET /cormun/static/trlicenciaspermisosadjuntos.js?20177612163719 HTTP/1.1" 200 21036
200.111.191.210 - - [29/Mar/2018:16:19:20 -0300] "GET /cormun/servlet/trlicenciaspermisosadjuntos?10180683,20180329000000,L, HTTP/1.1" 200 6303
200.111.191.210 - - [29/Mar/2018:16:19:22 -0300] "GET /cormun/servlet/licenciaspermisosadjuntos?INS,10180683,L,20180329000000,, HTTP/1.1" 200 5599
200.111.191.210 - - [29/Mar/2018:16:19:22 -0300] "GET /cormun/static/gxcfg.js?2017761263592 HTTP/1.1" 200 953
200.111.191.210 - - [29/Mar/2018:16:19:22 -0300] "GET /cormun/static/licenciaspermisosadjuntos.js?201776126362 HTTP/1.1" 200 8760
200.111.191.210 - - [29/Mar/2018:16:19:22 -0300] "GET /cormun/static/about:blank HTTP/1.1" 404 1011
200.111.191.210 - - [29/Mar/2018:16:19:22 -0300] "GET /cormun/servlet/licenciaspermisosadjuntos?INS,10180683,L,20180329000000,, HTTP/1.1" 200 5589
200.111.191.210 - - [29/Mar/2018:16:19:29 -0300] "POST /cormun/servlet/licenciaspermisosadjuntos?47e4be39e5373a9cbb16b75846a03c10,INS,10180683,L,20180329000000,, HTTP/1.1" 200 116
200.111.191.210 - - [29/Mar/2018:16:19:29 -0300] "GET /cormun/servlet/hpexe_return? HTTP/1.1" 200 1040
200.111.191.210 - - [29/Mar/2018:16:19:29 -0300] "GET /cormun/servlet/trlicenciaspermisosadjuntos?10180683,20180329000000,L, HTTP/1.1" 200 6769
200.111.191.210 - - [29/Mar/2018:16:19:29 -0300] "GET /cormun/servlet/trlicenciaspermisosadjuntos?10180683,20180329000000,L, HTTP/1.1" 200 6765
200.111.191.210 - - [29/Mar/2018:16:19:32 -0300] "GET /cormun/PublicTempStorage/1308291251704.PDF HTTP/1.1" 200 699003
186.79.155.76 - - [29/Mar/2018:16:19:33 -0300] "GET /cormun/servlet/vesolicitudot?2018,10692,,SolicitudOTAdjuntos HTTP/1.1" 200 7602
186.79.155.76 - - [29/Mar/2018:16:19:33 -0300] "GET /cormun/pexe_scrolldiv.js HTTP/1.1" 404 1009
186.79.155.76 - - [29/Mar/2018:16:19:33 -0300] "GET /cormun/servlet/vesolicitudot?2018,10692,,SolicitudOTAdjuntos HTTP/1.1" 200 7602
200.111.191.210 - - [29/Mar/2018:16:19:34 -0300] "GET /cormun/servlet/trlicenciaspermisosadjuntos?10180683,20180329000000,L, HTTP/1.1" 200 6768
186.79.155.76 - - [29/Mar/2018:16:19:34 -0300] "POST /cormun/servlet/acontrolpreferencessavestate?None,JPARRAGUEZ,true HTTP/1.1" 200 35
200.111.191.210 - - [29/Mar/2018:16:19:34 -0300] "GET /cormun/servlet/trlicenciaspermisosadjuntos?10180683,20180329000000,L, HTTP/1.1" 200 6765
200.111.191.210 - - [29/Mar/2018:16:19:39 -0300] "GET /cormun/servlet/trlicencias? HTTP/1.1" 200 10948
200.111.191.210 - - [29/Mar/2018:16:19:39 -0300] "GET /cormun/servlet/trlicencias? HTTP/1.1" 200 10946
200.111.191.210 - - [29/Mar/2018:16:19:45 -0300] "POST /cormun/servlet/trlicencias?47e4be39e5373a9cbb16b75846a03c10,,gx-no-cache=1522351140995 HTTP/1.1" 200 8313
200.111.191.210 - - [29/Mar/2018:16:19:45 -0300] "GET /cormun/static/Shared/jqueryui/images/ui-bg_highlight-soft_100_c6c2c8_1x100.png HTTP/1.1" 404 1117
200.111.191.210 - - [29/Mar/2018:16:19:45 -0300] "GET /cormun/static/Shared/jqueryui/images/ui-icons_82798d_256x240.png HTTP/1.1" 404 1089
200.111.191.210 - - [29/Mar/2018:16:19:45 -0300] "GET /cormun/static/Shared/jqueryui/images/ui-icons_8d78a5_256x240.png HTTP/1.1" 404 1089
200.111.191.210 - - [29/Mar/2018:16:19:45 -0300] "GET /cormun/static/Shared/jqueryui/images/ui-bg_flat_55_fafafa_40x100.png HTTP/1.1" 404 1097
186.79.155.76 - - [29/Mar/2018:16:20:05 -0300] "GET /cormun/servlet/vesolicitudot?2018,10692,,General HTTP/1.1" 200 8560
186.79.155.76 - - [29/Mar/2018:16:20:05 -0300] "GET /cormun/pexe_scrolldiv.js HTTP/1.1" 404 1009
186.79.155.76 - - [29/Mar/2018:16:20:05 -0300] "GET /cormun/servlet/vesolicitudot?2018,10692,,General HTTP/1.1" 200 8560
192.168.10.97 - - [29/Mar/2018:16:20:09 -0300] "POST /cormun/servlet/trsolicitudgral?6735dfcb0bbdfb23b4412bcfbae77a13,,gx-no-cache=1522351039234 HTTP/1.1" 200 8164
200.111.191.210 - - [29/Mar/2018:16:20:27 -0300] "GET /cormun/servlet/hlogin HTTP/1.1" 200 1735
192.168.10.97 - - [29/Mar/2018:16:20:43 -0300] "POST /cormun/servlet/trsolicitudgral?6735dfcb0bbdfb23b4412bcfbae77a13,,gx-no-cache=1522351074063 HTTP/1.1" 200 7727
200.111.191.210 - - [29/Mar/2018:16:21:55 -0300] "GET /cormun/servlet/hlogin HTTP/1.1" 200 1718
200.111.191.210 - - [29/Mar/2018:16:21:59 -0300] "POST /cormun/servlet/hlogin?47e4be39e5373a9cbb16b75846a03c10,gx-no-cache=1522351275065 HTTP/1.1" 200 90
200.111.191.210 - - [29/Mar/2018:16:21:59 -0300] "GET /cormun/servlet/hpexe_link HTTP/1.1" 200 956
200.111.191.210 - - [29/Mar/2018:16:21:59 -0300] "GET /cormun/servlet/trlicencias? HTTP/1.1" 200 10835
200.111.191.210 - - [29/Mar/2018:16:22:00 -0300] "GET /cormun/servlet/trlicencias? HTTP/1.1" 200 10833
200.111.191.210 - - [29/Mar/2018:16:22:02 -0300] "GET /cormun/servlet/trpermisosgoce? HTTP/1.1" 200 10640
200.111.191.210 - - [29/Mar/2018:16:22:02 -0300] "GET /cormun/servlet/trpermisosgoce? HTTP/1.1" 200 10639
200.111.191.210 - - [29/Mar/2018:16:22:05 -0300] "GET /cormun/servlet/trpermisosadjuntos?11736748,20180327114514,P, HTTP/1.1" 200 6270
200.111.191.210 - - [29/Mar/2018:16:22:05 -0300] "GET /cormun/static/gxcfg.js?201762817193957 HTTP/1.1" 200 953
200.111.191.210 - - [29/Mar/2018:16:22:05 -0300] "GET /cormun/static/trpermisosadjuntos.js?201762817194366 HTTP/1.1" 200 20158
200.111.191.210 - - [29/Mar/2018:16:22:05 -0300] "GET /cormun/servlet/trpermisosadjuntos?11736748,20180327114514,P, HTTP/1.1" 200 6271
200.111.191.210 - - [29/Mar/2018:16:22:07 -0300] "GET /cormun/servlet/permisosadjuntos?INS,11736748,P,20180327114514,, HTTP/1.1" 200 5599
200.111.191.210 - - [29/Mar/2018:16:22:07 -0300] "GET /cormun/static/gxcfg.js?201762717441171 HTTP/1.1" 200 953
200.111.191.210 - - [29/Mar/2018:16:22:07 -0300] "GET /cormun/static/permisosadjuntos.js?201762717441184 HTTP/1.1" 200 8724
200.111.191.210 - - [29/Mar/2018:16:22:07 -0300] "GET /cormun/static/about:blank HTTP/1.1" 404 1011
200.111.191.210 - - [29/Mar/2018:16:22:07 -0300] "GET /cormun/servlet/permisosadjuntos?INS,11736748,P,20180327114514,, HTTP/1.1" 200 5589
200.111.191.210 - - [29/Mar/2018:16:22:12 -0300] "POST /cormun/servlet/permisosadjuntos?47e4be39e5373a9cbb16b75846a03c10,INS,11736748,P,20180327114514,, HTTP/1.1" 200 116
200.111.191.210 - - [29/Mar/2018:16:22:12 -0300] "GET /cormun/servlet/hpexe_return? HTTP/1.1" 200 1037
200.111.191.210 - - [29/Mar/2018:16:22:12 -0300] "GET /cormun/servlet/trpermisosadjuntos?11736748,20180327114514,P, HTTP/1.1" 200 6729
200.111.191.210 - - [29/Mar/2018:16:22:12 -0300] "GET /cormun/servlet/trpermisosadjuntos?11736748,20180327114514,P, HTTP/1.1" 200 6726
200.111.191.210 - - [29/Mar/2018:16:22:15 -0300] "GET /cormun/servlet/trpermisosgoce? HTTP/1.1" 200 10639
200.111.191.210 - - [29/Mar/2018:16:22:15 -0300] "GET /cormun/servlet/trpermisosgoce? HTTP/1.1" 200 10639
200.111.191.210 - - [29/Mar/2018:16:22:17 -0300] "POST /cormun/servlet/trpermisosgoce?47e4be39e5373a9cbb16b75846a03c10,,gx-no-cache=1522351292950 HTTP/1.1" 200 7912
200.111.191.210 - - [29/Mar/2018:16:22:17 -0300] "GET /cormun/static/Shared/jqueryui/images/ui-bg_highlight-soft_100_c6c2c8_1x100.png HTTP/1.1" 404 1117
200.111.191.210 - - [29/Mar/2018:16:22:17 -0300] "GET /cormun/static/Shared/jqueryui/images/ui-icons_82798d_256x240.png HTTP/1.1" 404 1089
200.111.191.210 - - [29/Mar/2018:16:22:17 -0300] "GET /cormun/static/Shared/jqueryui/images/ui-bg_flat_55_fafafa_40x100.png HTTP/1.1" 404 1097
200.111.191.210 - - [29/Mar/2018:16:22:17 -0300] "GET /cormun/static/Shared/jqueryui/images/ui-icons_8d78a5_256x240.png HTTP/1.1" 404 1089
200.111.191.210 - - [29/Mar/2018:16:22:20 -0300] "GET /cormun/servlet/trpermisosadjuntos?15523885,20180327161815,P, HTTP/1.1" 200 6274
200.111.191.210 - - [29/Mar/2018:16:22:20 -0300] "GET /cormun/servlet/trpermisosadjuntos?15523885,20180327161815,P, HTTP/1.1" 200 6274
200.111.191.210 - - [29/Mar/2018:16:22:21 -0300] "GET /cormun/servlet/permisosadjuntos?INS,15523885,P,20180327161815,, HTTP/1.1" 200 5601
200.111.191.210 - - [29/Mar/2018:16:22:21 -0300] "GET /cormun/static/about:blank HTTP/1.1" 404 1011
200.111.191.210 - - [29/Mar/2018:16:22:22 -0300] "GET /cormun/servlet/permisosadjuntos?INS,15523885,P,20180327161815,, HTTP/1.1" 200 5591
200.111.122.170 - - [29/Mar/2018:16:22:25 -0300] "GET /cormun/servlet/hlogin HTTP/1.1" 200 1724
200.111.191.210 - - [29/Mar/2018:16:22:27 -0300] "POST /cormun/servlet/permisosadjuntos?47e4be39e5373a9cbb16b75846a03c10,INS,15523885,P,20180327161815,, HTTP/1.1" 200 116
200.111.191.210 - - [29/Mar/2018:16:22:27 -0300] "GET /cormun/servlet/hpexe_return? HTTP/1.1" 200 1036
200.111.191.210 - - [29/Mar/2018:16:22:28 -0300] "GET /cormun/servlet/trpermisosadjuntos?15523885,20180327161815,P, HTTP/1.1" 200 6730
200.111.191.210 - - [29/Mar/2018:16:22:28 -0300] "GET /cormun/servlet/trpermisosadjuntos?15523885,20180327161815,P, HTTP/1.1" 200 6725
200.111.191.210 - - [29/Mar/2018:16:22:29 -0300] "GET /cormun/servlet/trpermisosgoce? HTTP/1.1" 200 10639
200.111.191.210 - - [29/Mar/2018:16:22:29 -0300] "GET /cormun/servlet/trpermisosgoce? HTTP/1.1" 200 10639
200.111.191.210 - - [29/Mar/2018:16:22:32 -0300] "POST /cormun/servlet/trpermisosgoce?47e4be39e5373a9cbb16b75846a03c10,,gx-no-cache=1522351307875 HTTP/1.1" 200 7908
200.111.191.210 - - [29/Mar/2018:16:22:32 -0300] "GET /cormun/static/Shared/jqueryui/images/ui-bg_highlight-soft_100_c6c2c8_1x100.png HTTP/1.1" 404 1117
200.111.191.210 - - [29/Mar/2018:16:22:32 -0300] "GET /cormun/static/Shared/jqueryui/images/ui-icons_82798d_256x240.png HTTP/1.1" 404 1089
200.111.191.210 - - [29/Mar/2018:16:22:32 -0300] "GET /cormun/static/Shared/jqueryui/images/ui-bg_flat_55_fafafa_40x100.png HTTP/1.1" 404 1097
200.111.191.210 - - [29/Mar/2018:16:22:32 -0300] "GET /cormun/static/Shared/jqueryui/images/ui-icons_8d78a5_256x240.png HTTP/1.1" 404 1089
200.111.191.210 - - [29/Mar/2018:16:22:34 -0300] "GET /cormun/servlet/trpermisosadjuntos?7496875,20180326091042,P, HTTP/1.1" 200 6270
200.111.191.210 - - [29/Mar/2018:16:22:34 -0300] "GET /cormun/servlet/trpermisosadjuntos?7496875,20180326091042,P, HTTP/1.1" 200 6271
200.111.191.210 - - [29/Mar/2018:16:22:36 -0300] "GET /cormun/servlet/permisosadjuntos?INS,7496875,P,20180326091042,, HTTP/1.1" 200 5598
200.111.191.210 - - [29/Mar/2018:16:22:36 -0300] "GET /cormun/static/about:blank HTTP/1.1" 404 1011
200.111.191.210 - - [29/Mar/2018:16:22:36 -0300] "GET /cormun/servlet/permisosadjuntos?INS,7496875,P,20180326091042,, HTTP/1.1" 200 5588
186.103.132.155 - - [29/Mar/2018:16:22:39 -0300] "POST /cormun/servlet/hlogin?0de96be3b279d6d85aa82fce2f6057dc,gx-no-cache=1522351306248 HTTP/1.1" 200 90
186.103.132.155 - - [29/Mar/2018:16:22:39 -0300] "GET /cormun/servlet/hpexe_link HTTP/1.1" 200 950
186.103.132.155 - - [29/Mar/2018:16:22:39 -0300] "GET /cormun/servlet/hhome HTTP/1.1" 200 4214
186.103.132.155 - - [29/Mar/2018:16:22:40 -0300] "GET /cormun/servlet/hhome HTTP/1.1" 200 4210
200.111.191.210 - - [29/Mar/2018:16:22:42 -0300] "POST /cormun/servlet/permisosadjuntos?47e4be39e5373a9cbb16b75846a03c10,INS,7496875,P,20180326091042,, HTTP/1.1" 200 116
200.111.191.210 - - [29/Mar/2018:16:22:42 -0300] "GET /cormun/servlet/hpexe_return? HTTP/1.1" 200 1037
200.111.191.210 - - [29/Mar/2018:16:22:42 -0300] "GET /cormun/servlet/trpermisosadjuntos?7496875,20180326091042,P, HTTP/1.1" 200 6727
200.111.191.210 - - [29/Mar/2018:16:22:42 -0300] "GET /cormun/servlet/trpermisosadjuntos?7496875,20180326091042,P, HTTP/1.1" 200 6722
200.111.191.210 - - [29/Mar/2018:16:22:45 -0300] "GET /cormun/servlet/trpermisosgoce? HTTP/1.1" 200 10629
200.111.191.210 - - [29/Mar/2018:16:22:46 -0300] "GET /cormun/servlet/trpermisosgoce? HTTP/1.1" 200 10626
200.111.122.170 - - [29/Mar/2018:16:22:49 -0300] "GET /cormun/servlet/trsolicitudot? HTTP/1.1" 200 8792
200.111.191.210 - - [29/Mar/2018:16:22:49 -0300] "POST /cormun/servlet/trpermisosgoce?47e4be39e5373a9cbb16b75846a03c10,,gx-no-cache=1522351324490 HTTP/1.1" 200 7898
200.111.191.210 - - [29/Mar/2018:16:22:50 -0300] "GET /cormun/static/Shared/jqueryui/images/ui-icons_82798d_256x240.png HTTP/1.1" 404 1089
200.111.191.210 - - [29/Mar/2018:16:22:50 -0300] "GET /cormun/static/Shared/jqueryui/images/ui-bg_highlight-soft_100_c6c2c8_1x100.png HTTP/1.1" 404 1117
200.111.191.210 - - [29/Mar/2018:16:22:50 -0300] "GET /cormun/static/Shared/jqueryui/images/ui-icons_8d78a5_256x240.png HTTP/1.1" 404 1089
200.111.191.210 - - [29/Mar/2018:16:22:50 -0300] "GET /cormun/static/Shared/jqueryui/images/ui-bg_flat_55_fafafa_40x100.png HTTP/1.1" 404 1097
200.111.122.170 - - [29/Mar/2018:16:22:50 -0300] "GET /cormun/servlet/trsolicitudot? HTTP/1.1" 200 8789
200.111.191.210 - - [29/Mar/2018:16:22:51 -0300] "GET /cormun/servlet/trpermisosadjuntos?18645771,20180326101635,P, HTTP/1.1" 200 6267
200.111.191.210 - - [29/Mar/2018:16:22:51 -0300] "GET /cormun/servlet/trpermisosadjuntos?18645771,20180326101635,P, HTTP/1.1" 200 6266
200.111.122.170 - - [29/Mar/2018:16:22:52 -0300] "GET /cormun/static/menuarrow.gif HTTP/1.1" 404 1015
200.111.191.210 - - [29/Mar/2018:16:22:53 -0300] "GET /cormun/servlet/permisosadjuntos?INS,18645771,P,20180326101635,, HTTP/1.1" 200 5594
200.111.191.210 - - [29/Mar/2018:16:22:53 -0300] "GET /cormun/static/about:blank HTTP/1.1" 404 1011
200.111.191.210 - - [29/Mar/2018:16:22:53 -0300] "GET /cormun/servlet/permisosadjuntos?INS,18645771,P,20180326101635,, HTTP/1.1" 200 5584
186.79.155.76 - - [29/Mar/2018:16:22:55 -0300] "GET /cormun/servlet/hlogin HTTP/1.1" 200 1754
200.111.191.210 - - [29/Mar/2018:16:22:58 -0300] "POST /cormun/servlet/permisosadjuntos?47e4be39e5373a9cbb16b75846a03c10,INS,18645771,P,20180326101635,, HTTP/1.1" 200 116
200.111.191.210 - - [29/Mar/2018:16:22:58 -0300] "GET /cormun/servlet/hpexe_return? HTTP/1.1" 200 1037
200.111.191.210 - - [29/Mar/2018:16:22:58 -0300] "GET /cormun/servlet/trpermisosadjuntos?18645771,20180326101635,P, HTTP/1.1" 200 6725
200.111.191.210 - - [29/Mar/2018:16:22:59 -0300] "GET /cormun/servlet/trpermisosadjuntos?18645771,20180326101635,P, HTTP/1.1" 200 6721
192.168.10.97 - - [29/Mar/2018:16:22:59 -0300] "POST /cormun/servlet/trsolicitudgral?6735dfcb0bbdfb23b4412bcfbae77a13,,gx-no-cache=1522351208990 HTTP/1.1" 200 25075
192.168.10.97 - - [29/Mar/2018:16:22:59 -0300] "GET /cormun/static/Resources/PXToolsGridNext.gif HTTP/1.1" 200 369
192.168.10.97 - - [29/Mar/2018:16:22:59 -0300] "GET /cormun/static/Resources/PXToolsGridLast.gif HTTP/1.1" 200 370
200.111.191.210 - - [29/Mar/2018:16:23:01 -0300] "GET /cormun/servlet/trpermisosgoce? HTTP/1.1" 200 10617
200.111.191.210 - - [29/Mar/2018:16:23:01 -0300] "GET /cormun/servlet/trpermisosgoce? HTTP/1.1" 200 10616
200.111.191.210 - - [29/Mar/2018:16:23:03 -0300] "POST /cormun/servlet/trpermisosgoce?47e4be39e5373a9cbb16b75846a03c10,,gx-no-cache=1522351338847 HTTP/1.1" 200 7864
200.111.191.210 - - [29/Mar/2018:16:23:03 -0300] "GET /cormun/static/Shared/jqueryui/images/ui-bg_highlight-soft_100_c6c2c8_1x100.png HTTP/1.1" 404 1117
200.111.191.210 - - [29/Mar/2018:16:23:03 -0300] "GET /cormun/static/Shared/jqueryui/images/ui-bg_flat_55_fafafa_40x100.png HTTP/1.1" 404 1097
200.111.191.210 - - [29/Mar/2018:16:23:03 -0300] "GET /cormun/static/Shared/jqueryui/images/ui-icons_8d78a5_256x240.png HTTP/1.1" 404 1089
200.111.191.210 - - [29/Mar/2018:16:23:03 -0300] "GET /cormun/static/Shared/jqueryui/images/ui-icons_82798d_256x240.png HTTP/1.1" 404 1089
192.168.10.89 - - [29/Mar/2018:16:23:04 -0300] "POST /cormun/servlet/trsolicitudgral?9722ba0abd61e5b6db3209767a4300c3,,gx-no-cache=1522351213496 HTTP/1.1" 200 24516
186.103.132.155 - - [29/Mar/2018:16:23:04 -0300] "POST /cormun/servlet/trsolicitudot?0de96be3b279d6d85aa82fce2f6057dc,,gx-no-cache=1522351330777 HTTP/1.1" 200 22269
200.111.191.210 - - [29/Mar/2018:16:23:06 -0300] "GET /cormun/servlet/trpermisosgoce? HTTP/1.1" 200 10573
200.111.191.210 - - [29/Mar/2018:16:23:06 -0300] "GET /cormun/servlet/trpermisosgoce? HTTP/1.1" 200 10573
200.111.191.210 - - [29/Mar/2018:16:23:07 -0300] "GET /cormun/servlet/hlogin HTTP/1.1" 200 1736
200.111.191.210 - - [29/Mar/2018:16:23:11 -0300] "POST /cormun/servlet/hlogin?47e4be39e5373a9cbb16b75846a03c10,gx-no-cache=1522351347039 HTTP/1.1" 200 90
200.111.191.210 - - [29/Mar/2018:16:23:11 -0300] "GET /cormun/servlet/hpexe_link HTTP/1.1" 200 950
200.111.191.210 - - [29/Mar/2018:16:23:11 -0300] "GET /cormun/servlet/hhome HTTP/1.1" 200 4192
200.111.191.210 - - [29/Mar/2018:16:23:11 -0300] "GET /cormun/servlet/hhome HTTP/1.1" 200 4188
192.168.10.89 - - [29/Mar/2018:16:23:13 -0300] "POST /cormun/servlet/trsolicitudgral?9722ba0abd61e5b6db3209767a4300c3,,gx-no-cache=1522351223108 HTTP/1.1" 200 11272
200.111.191.210 - - [29/Mar/2018:16:23:14 -0300] "GET /cormun/servlet/trautorizarpermisogoce? HTTP/1.1" 200 8675
200.111.191.210 - - [29/Mar/2018:16:23:14 -0300] "GET /cormun/static/gxcfg.js?20177612165975 HTTP/1.1" 200 953
200.111.191.210 - - [29/Mar/2018:16:23:14 -0300] "GET /cormun/static/trautorizarpermisogoce.js?2017761217384 HTTP/1.1" 200 34948
200.111.191.210 - - [29/Mar/2018:16:23:14 -0300] "GET /cormun/servlet/trautorizarpermisogoce? HTTP/1.1" 200 8673
200.111.191.210 - - [29/Mar/2018:16:23:16 -0300] "POST /cormun/servlet/trautorizarpermisogoce?47e4be39e5373a9cbb16b75846a03c10,,gx-no-cache=1522351352153 HTTP/1.1" 200 5655
200.111.191.210 - - [29/Mar/2018:16:23:16 -0300] "GET /cormun/static/Shared/jqueryui/images/ui-bg_highlight-soft_100_c6c2c8_1x100.png HTTP/1.1" 404 1117
200.111.191.210 - - [29/Mar/2018:16:23:16 -0300] "GET /cormun/static/Shared/jqueryui/images/ui-icons_82798d_256x240.png HTTP/1.1" 404 1089
200.111.191.210 - - [29/Mar/2018:16:23:16 -0300] "GET /cormun/static/Shared/jqueryui/images/ui-icons_8d78a5_256x240.png HTTP/1.1" 404 1089
200.111.191.210 - - [29/Mar/2018:16:23:16 -0300] "GET /cormun/static/Shared/jqueryui/images/ui-bg_flat_55_fafafa_40x100.png HTTP/1.1" 404 1097
200.111.191.210 - - [29/Mar/2018:16:23:17 -0300] "POST /cormun/servlet/trautorizarpermisogoce?47e4be39e5373a9cbb16b75846a03c10,,gx-no-cache=1522351352944 HTTP/1.1" 200 5416
200.111.191.210 - - [29/Mar/2018:16:23:18 -0300] "POST /cormun/servlet/trautorizarpermisogoce?47e4be39e5373a9cbb16b75846a03c10,,gx-no-cache=1522351353699 HTTP/1.1" 200 5112
200.111.191.210 - - [29/Mar/2018:16:23:19 -0300] "POST /cormun/servlet/trautorizarpermisogoce?47e4be39e5373a9cbb16b75846a03c10,,gx-no-cache=1522351354380 HTTP/1.1" 200 4352
200.111.191.210 - - [29/Mar/2018:16:23:21 -0300] "GET /cormun/servlet/trsolicitudot? HTTP/1.1" 200 7415
200.111.191.210 - - [29/Mar/2018:16:23:21 -0300] "GET /cormun/servlet/trsolicitudot? HTTP/1.1" 200 7414
186.79.155.76 - - [29/Mar/2018:16:23:41 -0300] "GET /cormun/servlet/trfichaempleado? HTTP/1.1" 200 11484
200.111.122.170 - - [29/Mar/2018:16:23:51 -0300] "GET /cormun/servlet/treventos?2018,10792, HTTP/1.1" 200 8622
200.111.122.170 - - [29/Mar/2018:16:23:52 -0300] "GET /cormun/servlet/treventos?2018,10792, HTTP/1.1" 200 8627
192.168.10.97 - - [29/Mar/2018:16:24:19 -0300] "POST /cormun/servlet/trsolicitudgral?6735dfcb0bbdfb23b4412bcfbae77a13,,gx-no-cache=1522351289866 HTTP/1.1" 200 7728
192.168.10.97 - - [29/Mar/2018:16:24:41 -0300] "POST /cormun/servlet/trsolicitudgral?6735dfcb0bbdfb23b4412bcfbae77a13,,gx-no-cache=1522351311193 HTTP/1.1" 200 7742
192.168.10.89 - - [29/Mar/2018:16:24:49 -0300] "POST /cormun/servlet/trsolicitudgral?9722ba0abd61e5b6db3209767a4300c3,,gx-no-cache=1522351319306 HTTP/1.1" 200 7983
192.168.10.97 - - [29/Mar/2018:16:25:00 -0300] "POST /cormun/servlet/trsolicitudgral?6735dfcb0bbdfb23b4412bcfbae77a13,,gx-no-cache=1522351330303 HTTP/1.1" 200 5919
192.168.10.97 - - [29/Mar/2018:16:25:13 -0300] "POST /cormun/servlet/trsolicitudgral?6735dfcb0bbdfb23b4412bcfbae77a13,,gx-no-cache=1522351343828 HTTP/1.1" 200 8245
192.168.10.97 - - [29/Mar/2018:16:25:30 -0300] "POST /cormun/servlet/trsolicitudgral?6735dfcb0bbdfb23b4412bcfbae77a13,,gx-no-cache=1522351360541 HTTP/1.1" 200 5919
192.168.10.97 - - [29/Mar/2018:16:25:38 -0300] "POST /cormun/servlet/trsolicitudgral?6735dfcb0bbdfb23b4412bcfbae77a13,,gx-no-cache=1522351368749 HTTP/1.1" 200 5920
192.168.10.97 - - [29/Mar/2018:16:25:40 -0300] "POST /cormun/servlet/trsolicitudgral?6735dfcb0bbdfb23b4412bcfbae77a13,,gx-no-cache=1522351370620 HTTP/1.1" 200 5920
192.168.10.97 - - [29/Mar/2018:16:25:50 -0300] "POST /cormun/servlet/trsolicitudgral?6735dfcb0bbdfb23b4412bcfbae77a13,,gx-no-cache=1522351380845 HTTP/1.1" 200 7852
192.168.10.97 - - [29/Mar/2018:16:26:06 -0300] "POST /cormun/servlet/trsolicitudgral?6735dfcb0bbdfb23b4412bcfbae77a13,,gx-no-cache=1522351396476 HTTP/1.1" 200 5917
192.168.10.97 - - [29/Mar/2018:16:26:08 -0300] "POST /cormun/servlet/trsolicitudgral?6735dfcb0bbdfb23b4412bcfbae77a13,,gx-no-cache=1522351398795 HTTP/1.1" 200 5918
192.168.10.97 - - [29/Mar/2018:16:26:16 -0300] "POST /cormun/servlet/trsolicitudgral?6735dfcb0bbdfb23b4412bcfbae77a13,,gx-no-cache=1522351406948 HTTP/1.1" 200 7727
192.168.10.97 - - [29/Mar/2018:16:26:59 -0300] "POST /cormun/servlet/trsolicitudgral?6735dfcb0bbdfb23b4412bcfbae77a13,,gx-no-cache=1522351449468 HTTP/1.1" 200 8164
192.168.10.97 - - [29/Mar/2018:16:27:36 -0300] "POST /cormun/servlet/trsolicitudgral?6735dfcb0bbdfb23b4412bcfbae77a13,,gx-no-cache=1522351487099 HTTP/1.1" 200 5923
192.168.10.97 - - [29/Mar/2018:16:27:38 -0300] "POST /cormun/servlet/trsolicitudgral?6735dfcb0bbdfb23b4412bcfbae77a13,,gx-no-cache=1522351488683 HTTP/1.1" 200 5923
192.168.10.97 - - [29/Mar/2018:16:27:48 -0300] "POST /cormun/servlet/trsolicitudgral?6735dfcb0bbdfb23b4412bcfbae77a13,,gx-no-cache=1522351498259 HTTP/1.1" 200 7352
192.168.10.97 - - [29/Mar/2018:16:28:02 -0300] "POST /cormun/servlet/trsolicitudgral?6735dfcb0bbdfb23b4412bcfbae77a13,,gx-no-cache=1522351511963 HTTP/1.1" 200 25455
192.168.10.97 - - [29/Mar/2018:16:29:13 -0300] "POST /cormun/servlet/trsolicitudgral?6735dfcb0bbdfb23b4412bcfbae77a13,,gx-no-cache=1522351583297 HTTP/1.1" 200 12649
186.67.203.186 - - [29/Mar/2018:16:30:18 -0300] "GET /cormun/servlet/trsolicitudot? HTTP/1.1" 200 24896
186.67.203.186 - - [29/Mar/2018:16:30:20 -0300] "GET /cormun/servlet/trsolicitudot? HTTP/1.1" 200 24892
186.67.203.186 - - [29/Mar/2018:16:30:23 -0300] "GET /cormun/servlet/treventos?2018,10917, HTTP/1.1" 200 8122
186.67.203.186 - - [29/Mar/2018:16:30:23 -0300] "GET /cormun/servlet/treventos?2018,10917, HTTP/1.1" 200 8128
192.168.10.97 - - [29/Mar/2018:16:31:04 -0300] "POST /cormun/servlet/trsolicitudgral?6735dfcb0bbdfb23b4412bcfbae77a13,,gx-no-cache=1522351694547 HTTP/1.1" 200 5936
192.168.10.97 - - [29/Mar/2018:16:31:08 -0300] "POST /cormun/servlet/trsolicitudgral?6735dfcb0bbdfb23b4412bcfbae77a13,,gx-no-cache=1522351698529 HTTP/1.1" 200 5936
192.168.10.97 - - [29/Mar/2018:16:31:22 -0300] "POST /cormun/servlet/trsolicitudgral?6735dfcb0bbdfb23b4412bcfbae77a13,,gx-no-cache=1522351712515 HTTP/1.1" 200 5936
192.168.10.89 - - [29/Mar/2018:16:31:26 -0300] "POST /cormun/servlet/trsolicitudgral?9722ba0abd61e5b6db3209767a4300c3,,gx-no-cache=1522351716913 HTTP/1.1" 200 5928
192.168.10.89 - - [29/Mar/2018:16:31:38 -0300] "POST /cormun/servlet/trsolicitudgral?9722ba0abd61e5b6db3209767a4300c3,,gx-no-cache=1522351728602 HTTP/1.1" 200 7305
192.168.10.97 - - [29/Mar/2018:16:31:50 -0300] "POST /cormun/servlet/trsolicitudgral?6735dfcb0bbdfb23b4412bcfbae77a13,,gx-no-cache=1522351740052 HTTP/1.1" 200 25456
192.168.10.89 - - [29/Mar/2018:16:31:51 -0300] "GET /cormun/servlet/vesolicitudgral?2018,8166,, HTTP/1.1" 200 9489
192.168.10.89 - - [29/Mar/2018:16:31:51 -0300] "GET /cormun/pexe_scrolldiv.js HTTP/1.1" 404 1009
192.168.10.89 - - [29/Mar/2018:16:31:53 -0300] "GET /cormun/servlet/vesolicitudgral?2018,8166,,SolicitudOTAdjuntos HTTP/1.1" 200 8182
192.168.10.89 - - [29/Mar/2018:16:31:53 -0300] "GET /cormun/pexe_scrolldiv.js HTTP/1.1" 404 1009
192.168.10.89 - - [29/Mar/2018:16:31:55 -0300] "POST /cormun/servlet/acontrolpreferencessavestate?None,CDROGUETT,true HTTP/1.1" 200 35
192.168.10.89 - - [29/Mar/2018:16:31:56 -0300] "GET /cormun/servlet/vesolicitudgral?2018,8166,,SolicitudOTLog HTTP/1.1" 200 10709
192.168.10.89 - - [29/Mar/2018:16:31:56 -0300] "GET /cormun/pexe_scrolldiv.js HTTP/1.1" 404 1009
192.168.10.89 - - [29/Mar/2018:16:31:57 -0300] "POST /cormun/servlet/acontrolpreferencessavestate?None,CDROGUETT,true HTTP/1.1" 200 35
192.168.10.89 - - [29/Mar/2018:16:32:10 -0300] "GET /cormun/servlet/vesolicitudgral?2018,8166,,SolicitudOTAdjuntos HTTP/1.1" 200 8183
192.168.10.89 - - [29/Mar/2018:16:32:10 -0300] "GET /cormun/pexe_scrolldiv.js HTTP/1.1" 404 1009
192.168.10.89 - - [29/Mar/2018:16:32:12 -0300] "POST /cormun/servlet/acontrolpreferencessavestate?None,CDROGUETT,true HTTP/1.1" 200 35
192.168.10.89 - - [29/Mar/2018:16:32:13 -0300] "POST /cormun/servlet/vesolicitudgral?9722ba0abd61e5b6db3209767a4300c3,2018,8166,,SolicitudOTAdjuntos,gx-no-cache=1522351764090 HTTP/1.1" 200 90
192.168.10.89 - - [29/Mar/2018:16:32:13 -0300] "GET /cormun/servlet/hpexe_link HTTP/1.1" 200 977
192.168.10.89 - - [29/Mar/2018:16:32:14 -0300] "GET /cormun/servlet/trsolicitudgral? HTTP/1.1" 200 10799
192.168.10.97 - - [29/Mar/2018:16:32:22 -0300] "POST /cormun/servlet/trsolicitudgral?6735dfcb0bbdfb23b4412bcfbae77a13,,gx-no-cache=1522351772321 HTTP/1.1" 200 25075
192.168.10.97 - - [29/Mar/2018:16:33:34 -0300] "POST /cormun/servlet/trsolicitudgral?6735dfcb0bbdfb23b4412bcfbae77a13,,gx-no-cache=1522351844791 HTTP/1.1" 200 8243
192.168.10.97 - - [29/Mar/2018:16:33:51 -0300] "POST /cormun/servlet/trsolicitudgral?6735dfcb0bbdfb23b4412bcfbae77a13,,gx-no-cache=1522351862040 HTTP/1.1" 200 7352
192.168.10.97 - - [29/Mar/2018:16:34:05 -0300] "POST /cormun/servlet/trsolicitudgral?6735dfcb0bbdfb23b4412bcfbae77a13,,gx-no-cache=1522351875177 HTTP/1.1" 200 5923
192.168.10.97 - - [29/Mar/2018:16:34:11 -0300] "POST /cormun/servlet/trsolicitudgral?6735dfcb0bbdfb23b4412bcfbae77a13,,gx-no-cache=1522351881984 HTTP/1.1" 200 5921
192.168.10.97 - - [29/Mar/2018:16:34:16 -0300] "POST /cormun/servlet/trsolicitudgral?6735dfcb0bbdfb23b4412bcfbae77a13,,gx-no-cache=1522351886168 HTTP/1.1" 200 5920
186.67.172.234 - - [29/Mar/2018:16:34:23 -0300] "GET /cormun/servlet/hlogin HTTP/1.1" 200 1726
186.67.172.234 - - [29/Mar/2018:16:34:23 -0300] "GET /cormun/static/gxtimezone.js?85251 HTTP/1.1" 200 5781
186.67.172.234 - - [29/Mar/2018:16:34:23 -0300] "GET /cormun/static/gxcfg.js?20175251213516 HTTP/1.1" 200 953
186.67.172.234 - - [29/Mar/2018:16:34:23 -0300] "GET /cormun/static/Resources/Spanish/PXTools.css?11423723 HTTP/1.1" 200 89042
186.67.172.234 - - [29/Mar/2018:16:34:23 -0300] "GET /cormun/static/messages.spa.js?85251 HTTP/1.1" 200 30736
186.67.172.234 - - [29/Mar/2018:16:34:23 -0300] "GET /cormun/static/hlogin.js?20175251213537 HTTP/1.1" 200 2136
186.67.172.234 - - [29/Mar/2018:16:34:23 -0300] "GET /cormun/static/gxgral.js?85251 HTTP/1.1" 200 384558
186.67.172.234 - - [29/Mar/2018:16:34:23 -0300] "GET /cormun/static/Resources/ComunLogin.png HTTP/1.1" 200 17326
186.67.172.234 - - [29/Mar/2018:16:34:23 -0300] "GET /cormun/static/Resources/PXToolsLoginBottom.png HTTP/1.1" 200 1389
186.67.172.234 - - [29/Mar/2018:16:34:23 -0300] "GET /cormun/static/Resources/PXToolsLoginBackground.png HTTP/1.1" 200 1164
186.67.172.234 - - [29/Mar/2018:16:34:23 -0300] "GET /cormun/static/Resources/PXToolsButtonLeft21.png HTTP/1.1" 200 1287
186.67.172.234 - - [29/Mar/2018:16:34:23 -0300] "GET /cormun/static/Resources/PXToolsButtonRight21.png HTTP/1.1" 200 1283
186.67.172.234 - - [29/Mar/2018:16:34:23 -0300] "GET /cormun/static/Resources/PXToolsLoginTop.png HTTP/1.1" 200 1337
186.67.172.234 - - [29/Mar/2018:16:34:23 -0300] "GET /cormun/static/Resources/PXToolsButtonBackground2.png HTTP/1.1" 200 1181
186.67.172.234 - - [29/Mar/2018:16:34:23 -0300] "GET /cormun/static/Resources/indicator.gif HTTP/1.1" 200 1553
186.67.172.234 - - [29/Mar/2018:16:34:23 -0300] "GET /cormun/servlet/hlogin HTTP/1.1" 200 1734
186.67.172.234 - - [29/Mar/2018:16:34:24 -0300] "GET /favicon.ico HTTP/1.1" 200 21630
192.168.10.97 - - [29/Mar/2018:16:34:26 -0300] "POST /cormun/servlet/trsolicitudgral?6735dfcb0bbdfb23b4412bcfbae77a13,,gx-no-cache=1522351896140 HTTP/1.1" 200 7728
186.103.157.246 - - [29/Mar/2018:16:35:00 -0300] "GET /cormun/servlet/hpexe_return? HTTP/1.1" 200 981
186.103.157.246 - - [29/Mar/2018:16:35:01 -0300] "GET /cormun/servlet/hhome HTTP/1.1" 200 3406
186.103.157.246 - - [29/Mar/2018:16:35:02 -0300] "GET /cormun/servlet/hhome HTTP/1.1" 200 3401
186.103.157.246 - - [29/Mar/2018:16:35:02 -0300] "GET /cormun/servlet/hlogin HTTP/1.1" 200 1730
186.67.172.234 - - [29/Mar/2018:16:35:16 -0300] "POST /cormun/servlet/hlogin?08fdce470e5b3225a1298fd690665504,gx-no-cache=1522355661344 HTTP/1.1" 200 449
186.103.157.246 - - [29/Mar/2018:16:35:20 -0300] "POST /cormun/servlet/hlogin?152c1560b20ebdb349bb5ed4fb2e6c79,gx-no-cache=1522352066691 HTTP/1.1" 200 440
186.103.157.246 - - [29/Mar/2018:16:35:45 -0300] "POST /cormun/servlet/hlogin?152c1560b20ebdb349bb5ed4fb2e6c79,gx-no-cache=1522352091705 HTTP/1.1" 200 440
186.103.157.246 - - [29/Mar/2018:16:35:59 -0300] "POST /cormun/servlet/hlogin?152c1560b20ebdb349bb5ed4fb2e6c79,gx-no-cache=1522352106257 HTTP/1.1" 200 440
40.77.167.176 - - [29/Mar/2018:16:36:01 -0300] "GET /cormun/servlet/hpexe_return HTTP/1.1" 200 973
192.168.10.97 - - [29/Mar/2018:16:36:03 -0300] "POST /cormun/servlet/trsolicitudgral?6735dfcb0bbdfb23b4412bcfbae77a13,,gx-no-cache=1522351993578 HTTP/1.1" 200 8165
192.168.10.97 - - [29/Mar/2018:16:37:13 -0300] "POST /cormun/servlet/trsolicitudgral?6735dfcb0bbdfb23b4412bcfbae77a13,,gx-no-cache=1522352063498 HTTP/1.1" 200 7727
192.168.10.97 - - [29/Mar/2018:16:38:03 -0300] "POST /cormun/servlet/trsolicitudgral?6735dfcb0bbdfb23b4412bcfbae77a13,,gx-no-cache=1522352113592 HTTP/1.1" 200 7741
192.168.10.97 - - [29/Mar/2018:16:38:19 -0300] "POST /cormun/servlet/trsolicitudgral?6735dfcb0bbdfb23b4412bcfbae77a13,,gx-no-cache=1522352129697 HTTP/1.1" 200 8814
192.168.10.97 - - [29/Mar/2018:16:40:50 -0300] "POST /cormun/servlet/trsolicitudgral?6735dfcb0bbdfb23b4412bcfbae77a13,,gx-no-cache=1522352280738 HTTP/1.1" 200 7741
192.168.10.97 - - [29/Mar/2018:16:41:55 -0300] "POST /cormun/servlet/trsolicitudgral?6735dfcb0bbdfb23b4412bcfbae77a13,,gx-no-cache=1522352345434 HTTP/1.1" 200 8815
192.168.10.97 - - [29/Mar/2018:16:42:36 -0300] "POST /cormun/servlet/trsolicitudgral?6735dfcb0bbdfb23b4412bcfbae77a13,,gx-no-cache=1522352386818 HTTP/1.1" 200 7742
192.168.10.97 - - [29/Mar/2018:16:42:58 -0300] "POST /cormun/servlet/trsolicitudgral?6735dfcb0bbdfb23b4412bcfbae77a13,,gx-no-cache=1522352408620 HTTP/1.1" 200 7727
186.67.172.234 - - [29/Mar/2018:16:43:37 -0300] "POST /cormun/servlet/hlogin?08fdce470e5b3225a1298fd690665504,gx-no-cache=1522356161434 HTTP/1.1" 200 90
186.67.172.234 - - [29/Mar/2018:16:43:37 -0300] "GET /cormun/servlet/hpexe_link HTTP/1.1" 200 952
186.67.172.234 - - [29/Mar/2018:16:43:37 -0300] "GET /cormun/static/gxcfg.js?20177612121792 HTTP/1.1" 200 953
186.67.172.234 - - [29/Mar/2018:16:43:37 -0300] "GET /cormun/static/hpexe_link.js?20177612121795 HTTP/1.1" 200 625
186.67.172.234 - - [29/Mar/2018:16:43:37 -0300] "GET /cormun/static/Resources/Spanish/PXTools.css?1155365 HTTP/1.1" 200 89042
186.67.172.234 - - [29/Mar/2018:16:43:37 -0300] "GET /cormun/servlet/hhome HTTP/1.1" 200 4231
186.67.172.234 - - [29/Mar/2018:16:43:37 -0300] "GET /cormun/static/Shared/jqueryui/jquery-ui.min.css?1245370 HTTP/1.1" 200 30288
186.67.172.234 - - [29/Mar/2018:16:43:37 -0300] "GET /cormun/static/SmoothNavMenu/resources/ddsmoothmenu.css?1012540 HTTP/1.1" 200 2223
186.67.172.234 - - [29/Mar/2018:16:43:37 -0300] "GET /cormun/static/SmoothNavMenu/resources/ddsmoothmenu-v.css?1012540 HTTP/1.1" 200 1188
186.67.172.234 - - [29/Mar/2018:16:43:37 -0300] "GET /cormun/static/gxcfg.js?20175251212442 HTTP/1.1" 200 953
186.67.172.234 - - [29/Mar/2018:16:43:37 -0300] "GET /cormun/static/PXToolsJavascripts/pexe_autoreload.js HTTP/1.1" 200 1762
186.67.172.234 - - [29/Mar/2018:16:43:37 -0300] "GET /cormun/static/scaMessage/css/jquery.pnotify.default.css?1716380 HTTP/1.1" 200 1707
186.67.172.234 - - [29/Mar/2018:16:43:37 -0300] "GET /cormun/static/PXToolsJavascripts/pexe_cookies.js HTTP/1.1" 200 792
186.67.172.234 - - [29/Mar/2018:16:43:37 -0300] "GET /cormun/static/PXToolsJavascripts/pexe_windows.js HTTP/1.1" 200 15207
186.67.172.234 - - [29/Mar/2018:16:43:37 -0300] "GET /cormun/static/PXToolsJavascripts/pexe_grid.js HTTP/1.1" 200 7559
186.67.172.234 - - [29/Mar/2018:16:43:37 -0300] "GET /cormun/static/PXToolsJavascripts/pexe_griddivfix.js HTTP/1.1" 200 6644
186.67.172.234 - - [29/Mar/2018:16:43:37 -0300] "GET /cormun/static/PXToolsJavascripts/pexe_menudivfix.js HTTP/1.1" 200 333
186.67.172.234 - - [29/Mar/2018:16:43:37 -0300] "GET /cormun/static/PXToolsJavascripts/pexe_link.js HTTP/1.1" 200 5671
186.67.172.234 - - [29/Mar/2018:16:43:37 -0300] "GET /cormun/static/PXToolsJavascripts/pexe_menus.js HTTP/1.1" 200 1286
186.67.172.234 - - [29/Mar/2018:16:43:37 -0300] "GET /cormun/static/PXToolsJavascripts/pexe_layers.js HTTP/1.1" 200 4114
186.67.172.234 - - [29/Mar/2018:16:43:37 -0300] "GET /cormun/static/PXToolsJavascripts/pexe_oav.js HTTP/1.1" 200 645
186.67.172.234 - - [29/Mar/2018:16:43:37 -0300] "GET /cormun/static/PXToolsJavascripts/pexe_oavdivfix.js HTTP/1.1" 200 639
186.67.172.234 - - [29/Mar/2018:16:43:37 -0300] "GET /cormun/static/PXToolsJavascripts/pexe_picture.js HTTP/1.1" 200 689
186.67.172.234 - - [29/Mar/2018:16:43:37 -0300] "GET /cormun/static/PXToolsJavascripts/pexe_popup.js HTTP/1.1" 200 13458
186.67.172.234 - - [29/Mar/2018:16:43:37 -0300] "GET /cormun/static/PXToolsJavascripts/pexe_scrolldiv.js HTTP/1.1" 200 4138
186.67.172.234 - - [29/Mar/2018:16:43:37 -0300] "GET /cormun/static/PXToolsJavascripts/pexe_tabdivfix.js HTTP/1.1" 200 876
186.67.172.234 - - [29/Mar/2018:16:43:37 -0300] "GET /cormun/static/PXToolsJavascripts/pexe_upload.js HTTP/1.1" 200 1423
186.67.172.234 - - [29/Mar/2018:16:43:37 -0300] "GET /cormun/static/PXToolsJavascripts/pexe_tabs.js HTTP/1.1" 200 3748
