192.168.10.97 - - [29/Mar/2018:09:48:41 -0300] "POST /cormun/servlet/trsolicitudgral?7d98b5872ddbeb0e5f206b3fef582d80,,gx-no-cache=1522327552163 HTTP/1.1" 200 5912
192.168.10.97 - - [29/Mar/2018:09:48:53 -0300] "POST /cormun/servlet/trsolicitudgral?7d98b5872ddbeb0e5f206b3fef582d80,,gx-no-cache=1522327563756 HTTP/1.1" 200 8925
192.168.10.97 - - [29/Mar/2018:09:49:09 -0300] "POST /cormun/servlet/trsolicitudgral?7d98b5872ddbeb0e5f206b3fef582d80,,gx-no-cache=1522327580071 HTTP/1.1" 200 8018
192.168.10.97 - - [29/Mar/2018:09:49:09 -0300] "GET /cormun/static/Shared/jqueryui/images/ui-bg_highlight-soft_100_c6c2c8_1x100.png HTTP/1.1" 404 1117
192.168.10.97 - - [29/Mar/2018:09:49:09 -0300] "GET /cormun/static/Shared/jqueryui/images/ui-icons_82798d_256x240.png HTTP/1.1" 404 1089
192.168.10.97 - - [29/Mar/2018:09:49:09 -0300] "GET /cormun/static/Shared/jqueryui/images/ui-bg_flat_55_fafafa_40x100.png HTTP/1.1" 404 1097
192.168.10.97 - - [29/Mar/2018:09:49:09 -0300] "GET /cormun/static/Shared/jqueryui/images/ui-icons_8d78a5_256x240.png HTTP/1.1" 404 1089
192.168.10.97 - - [29/Mar/2018:09:49:25 -0300] "POST /cormun/servlet/trsolicitudgral?7d98b5872ddbeb0e5f206b3fef582d80,,gx-no-cache=1522327595323 HTTP/1.1" 200 7878
192.168.10.96 - - [29/Mar/2018:09:49:36 -0300] "GET /cormun/servlet/trsolicitudgral? HTTP/1.1" 200 10907
192.168.10.96 - - [29/Mar/2018:09:49:36 -0300] "GET /cormun/servlet/trsolicitudgral? HTTP/1.1" 200 10902
192.168.10.96 - - [29/Mar/2018:09:49:49 -0300] "POST /cormun/servlet/trsolicitudgral?590ac2a480cc5e7456482656fa3541c5,,gx-no-cache=1522327619660 HTTP/1.1" 200 7922
186.103.159.204 - - [29/Mar/2018:09:50:00 -0300] "POST /cormun/servlet/trautorizarsolicitud?25fa08a49288a9788d1088dea166639d,,gx-no-cache=1522327748654 HTTP/1.1" 440 972
186.103.159.204 - - [29/Mar/2018:09:50:04 -0300] "GET /cormun/servlet/trautorizarsolicitud? HTTP/1.1" 200 6287
186.103.159.204 - - [29/Mar/2018:09:50:04 -0300] "GET /cormun/static/PXToolsJavascripts/pexe_autoreload.js HTTP/1.1" 200 1762
186.103.159.204 - - [29/Mar/2018:09:50:04 -0300] "GET /cormun/static/gxcfg.js?2017111423403364 HTTP/1.1" 200 953
186.103.159.204 - - [29/Mar/2018:09:50:04 -0300] "GET /cormun/static/PXToolsJavascripts/pexe_windows.js HTTP/1.1" 200 15207
186.103.159.204 - - [29/Mar/2018:09:50:04 -0300] "GET /cormun/static/PXToolsJavascripts/pexe_griddivfix.js HTTP/1.1" 200 6644
186.103.159.204 - - [29/Mar/2018:09:50:04 -0300] "GET /cormun/static/SmoothNavMenu/resources/ddsmoothmenu-v.css?1012540 HTTP/1.1" 200 1188
186.103.159.204 - - [29/Mar/2018:09:50:04 -0300] "GET /cormun/static/RunJS/RunJS.js HTTP/1.1" 200 288
186.103.159.204 - - [29/Mar/2018:09:50:04 -0300] "GET /cormun/static/PXToolsJavascripts/pexe_menudivfix.js HTTP/1.1" 200 333
186.103.159.204 - - [29/Mar/2018:09:50:04 -0300] "GET /cormun/static/PXToolsJavascripts/pexe_grid.js HTTP/1.1" 200 7559
186.103.159.204 - - [29/Mar/2018:09:50:04 -0300] "GET /cormun/static/scaMessage/css/jquery.pnotify.default.css?1716380 HTTP/1.1" 200 1707
186.103.159.204 - - [29/Mar/2018:09:50:04 -0300] "GET /cormun/static/PXToolsJavascripts/pexe_link.js HTTP/1.1" 200 5671
186.103.159.204 - - [29/Mar/2018:09:50:04 -0300] "GET /cormun/static/SmoothNavMenu/resources/ddsmoothmenu.css?1012540 HTTP/1.1" 200 2223
186.103.159.204 - - [29/Mar/2018:09:50:04 -0300] "GET /cormun/static/PXToolsJavascripts/pexe_cookies.js HTTP/1.1" 200 792
186.103.159.204 - - [29/Mar/2018:09:50:04 -0300] "GET /cormun/static/PXToolsJavascripts/pexe_oavdivfix.js HTTP/1.1" 200 639
186.103.159.204 - - [29/Mar/2018:09:50:04 -0300] "GET /cormun/static/PXToolsJavascripts/pexe_oav.js HTTP/1.1" 200 645
186.103.159.204 - - [29/Mar/2018:09:50:04 -0300] "GET /cormun/static/PXToolsJavascripts/pexe_picture.js HTTP/1.1" 200 689
186.103.159.204 - - [29/Mar/2018:09:50:04 -0300] "GET /cormun/static/PXToolsJavascripts/pexe_popup.js HTTP/1.1" 200 13458
186.103.159.204 - - [29/Mar/2018:09:50:04 -0300] "GET /cormun/static/PXToolsJavascripts/pexe_tabdivfix.js HTTP/1.1" 200 876
186.103.159.204 - - [29/Mar/2018:09:50:04 -0300] "GET /cormun/static/PXToolsJavascripts/pexe_tabs.js HTTP/1.1" 200 3748
186.103.159.204 - - [29/Mar/2018:09:50:04 -0300] "GET /cormun/static/hpexe_messagecontroller.js?20177611595012 HTTP/1.1" 200 870
186.103.159.204 - - [29/Mar/2018:09:50:04 -0300] "GET /cormun/static/hpexe_messagepopupcomponent.js?20161017169425 HTTP/1.1" 200 605
186.103.159.204 - - [29/Mar/2018:09:50:04 -0300] "GET /cormun/static/PXToolsJavascripts/PXToolsJavascriptsRender.js HTTP/1.1" 200 367
186.103.159.204 - - [29/Mar/2018:09:50:04 -0300] "GET /cormun/static/hpexe_messagegenexuscomponent.js?201752511465344 HTTP/1.1" 200 587
186.103.159.204 - - [29/Mar/2018:09:50:04 -0300] "GET /cormun/static/Resources/PXToolsHeaderHome.png HTTP/1.1" 200 4147
186.103.159.204 - - [29/Mar/2018:09:50:05 -0300] "GET /cormun/servlet/hlogin HTTP/1.1" 200 1739
186.103.159.204 - - [29/Mar/2018:09:50:05 -0300] "GET /cormun/servlet/trautorizarsolicitud? HTTP/1.1" 200 6287
186.103.159.204 - - [29/Mar/2018:09:50:05 -0300] "GET /cormun/static/gxcfg.js?20175251213516 HTTP/1.1" 200 953
186.103.159.204 - - [29/Mar/2018:09:50:05 -0300] "GET /cormun/static/Resources/ComunLogin.png HTTP/1.1" 200 17326
186.103.159.204 - - [29/Mar/2018:09:50:05 -0300] "GET /cormun/static/Resources/PXToolsLoginTop.png HTTP/1.1" 200 1337
186.103.159.204 - - [29/Mar/2018:09:50:05 -0300] "GET /cormun/static/Resources/PXToolsButtonLeft21.png HTTP/1.1" 200 1287
192.168.10.96 - - [29/Mar/2018:09:50:22 -0300] "POST /cormun/servlet/trsolicitudgral?590ac2a480cc5e7456482656fa3541c5,,gx-no-cache=1522327652923 HTTP/1.1" 200 7637
192.168.10.97 - - [29/Mar/2018:09:50:27 -0300] "POST /cormun/servlet/trsolicitudgral?7d98b5872ddbeb0e5f206b3fef582d80,,gx-no-cache=1522327658038 HTTP/1.1" 200 6125
192.168.10.97 - - [29/Mar/2018:09:50:53 -0300] "POST /cormun/servlet/trsolicitudgral?7d98b5872ddbeb0e5f206b3fef582d80,,gx-no-cache=1522327683572 HTTP/1.1" 200 5912
192.168.10.97 - - [29/Mar/2018:09:51:03 -0300] "GET /cormun/servlet/trcoordinadores? HTTP/1.1" 200 7574
192.168.10.97 - - [29/Mar/2018:09:51:04 -0300] "GET /cormun/servlet/trcoordinadores? HTTP/1.1" 200 7574
186.103.158.250 - - [29/Mar/2018:09:51:08 -0300] "GET /cormun/servlet/solicitudotadjuntos?INS,2018,10928,,1, HTTP/1.1" 200 6239
186.103.158.250 - - [29/Mar/2018:09:51:08 -0300] "GET /cormun/static/about:blank HTTP/1.1" 404 1011
186.103.158.250 - - [29/Mar/2018:09:51:09 -0300] "GET /cormun/servlet/solicitudotadjuntos?INS,2018,10928,,1, HTTP/1.1" 200 6233
186.103.158.250 - - [29/Mar/2018:09:51:10 -0300] "GET /cormun/servlet/solicitudotadjuntos?128a5770dd2c5462935b2849f7c7dc3498ea5513ee09708378f675276045a28caa2958321957c9fb544afb7ffa5d356b,gx-no-cache=1522327816123 HTTP/1.1" 200 30
186.103.158.250 - - [29/Mar/2018:09:51:10 -0300] "POST /cormun/servlet/solicitudotadjuntos?bdb50a8ceaf6471e2db0b7bd72112bb0,INS,2018,10928,,1,,gx-no-cache=1522327816186 HTTP/1.1" 200 4017
186.103.158.250 - - [29/Mar/2018:09:51:14 -0300] "POST /cormun/servlet/solicitudotadjuntos?gx-no-cache=1522327820900 HTTP/1.1" 200 26
192.168.10.97 - - [29/Mar/2018:09:51:20 -0300] "GET /cormun/servlet/trsolicitudgral? HTTP/1.1" 200 9071
192.168.10.97 - - [29/Mar/2018:09:51:21 -0300] "GET /cormun/servlet/trsolicitudgral? HTTP/1.1" 200 9070
192.168.10.97 - - [29/Mar/2018:09:51:31 -0300] "POST /cormun/servlet/trsolicitudgral?7d98b5872ddbeb0e5f206b3fef582d80,,gx-no-cache=1522327721695 HTTP/1.1" 200 5921
186.103.158.250 - - [29/Mar/2018:09:51:35 -0300] "GET /cormun/servlet/solicitudotadjuntos?128a5770dd2c5462935b2849f7c7dc34a83febc59f263fb3e6b986608b8c130a,gx-no-cache=1522327841070 HTTP/1.1" 200 30
186.103.158.250 - - [29/Mar/2018:09:51:35 -0300] "GET /cormun/servlet/solicitudotadjuntos?128a5770dd2c5462935b2849f7c7dc34a83febc59f263fb3e6b986608b8c130a,gx-no-cache=1522327841105 HTTP/1.1" 200 30
186.103.158.250 - - [29/Mar/2018:09:51:36 -0300] "POST /cormun/servlet/solicitudotadjuntos?bdb50a8ceaf6471e2db0b7bd72112bb0,INS,2018,10928,,1, HTTP/1.1" 200 116
186.103.158.250 - - [29/Mar/2018:09:51:36 -0300] "GET /cormun/servlet/hpexe_return? HTTP/1.1" 200 1025
186.103.158.250 - - [29/Mar/2018:09:51:37 -0300] "GET /cormun/servlet/trsolicitudadjuntos?2018,10928, HTTP/1.1" 200 9180
186.103.158.250 - - [29/Mar/2018:09:51:38 -0300] "GET /cormun/servlet/trsolicitudadjuntos?2018,10928, HTTP/1.1" 200 9177
192.168.10.97 - - [29/Mar/2018:09:51:40 -0300] "POST /cormun/servlet/trsolicitudgral?7d98b5872ddbeb0e5f206b3fef582d80,,gx-no-cache=1522327731079 HTTP/1.1" 200 7987
186.103.159.186 - - [29/Mar/2018:09:51:44 -0300] "GET /cormun/servlet/hlogin HTTP/1.1" 200 1718
192.168.10.56 - - [29/Mar/2018:09:52:03 -0300] "POST /cormun/servlet/hlogin?6c84c6059350b70f2c84031a2dd8e498,gx-no-cache=1522327753672 HTTP/1.1" 200 90
192.168.10.56 - - [29/Mar/2018:09:52:03 -0300] "GET /cormun/servlet/hpexe_link HTTP/1.1" 200 954
192.168.10.56 - - [29/Mar/2018:09:52:03 -0300] "GET /cormun/servlet/trsolicitudgral? HTTP/1.1" 200 9020
192.168.10.56 - - [29/Mar/2018:09:52:03 -0300] "GET /cormun/servlet/trsolicitudgral? HTTP/1.1" 200 9018
186.103.158.250 - - [29/Mar/2018:09:52:08 -0300] "GET /cormun/servlet/solicitudotadjuntos?INS,2018,10928,,1, HTTP/1.1" 200 6239
186.103.158.250 - - [29/Mar/2018:09:52:08 -0300] "GET /cormun/static/about:blank HTTP/1.1" 404 1011
186.103.158.250 - - [29/Mar/2018:09:52:09 -0300] "GET /cormun/servlet/solicitudotadjuntos?INS,2018,10928,,1, HTTP/1.1" 200 6233
186.103.158.250 - - [29/Mar/2018:09:52:10 -0300] "GET /cormun/servlet/solicitudotadjuntos?128a5770dd2c5462935b2849f7c7dc3498ea5513ee09708378f675276045a28caa2958321957c9fb544afb7ffa5d356b,gx-no-cache=1522327876379 HTTP/1.1" 200 30
186.103.158.250 - - [29/Mar/2018:09:52:10 -0300] "POST /cormun/servlet/solicitudotadjuntos?bdb50a8ceaf6471e2db0b7bd72112bb0,INS,2018,10928,,1,,gx-no-cache=1522327876464 HTTP/1.1" 200 4017
186.103.158.250 - - [29/Mar/2018:09:52:16 -0300] "POST /cormun/servlet/solicitudotadjuntos?gx-no-cache=1522327882836 HTTP/1.1" 200 26
192.168.10.56 - - [29/Mar/2018:09:52:20 -0300] "POST /cormun/servlet/trsolicitudgral?6c84c6059350b70f2c84031a2dd8e498,,gx-no-cache=1522327770827 HTTP/1.1" 200 7900
186.103.159.204 - - [29/Mar/2018:09:52:31 -0300] "GET /cormun/servlet/hlogin HTTP/1.1" 200 1725
186.103.159.204 - - [29/Mar/2018:09:53:06 -0300] "POST /cormun/servlet/hlogin?3bdad9056e8de0fc4be4f40160a29db8,gx-no-cache=1522327929355 HTTP/1.1" 200 90
186.103.159.204 - - [29/Mar/2018:09:53:06 -0300] "GET /cormun/servlet/hpexe_link HTTP/1.1" 200 953
186.103.159.204 - - [29/Mar/2018:09:53:06 -0300] "GET /cormun/servlet/hhome HTTP/1.1" 200 3877
186.103.159.204 - - [29/Mar/2018:09:53:07 -0300] "GET /cormun/servlet/hhome HTTP/1.1" 200 3874
186.103.159.44 - - [29/Mar/2018:09:53:30 -0300] "GET /cormun/servlet/licenciaspermisos?38a41d529972f644f285bea525bb8e923a754cddd04e30c7b9900303b3ebe762394d4549ed4c5132b3fd24753bf033978339408ef6d3864b5727a4c8b5e3a6844d649717cf46eb4a29273eefb281a346d9427b8c4bdfed6e95e5e437251142121693bc501678764709d16d915512e42ec175ced49cd99f1c10efd48b8b603fb27de9bda31238c1c4403fd826c8e62214c914cb3f7a2eadbdde45b21dc255882f65b44aa5c7369a6b61b23f4cec3bca3c,gx-no-cache=1522327958142 HTTP/1.1" 200 30
186.103.159.44 - - [29/Mar/2018:09:53:30 -0300] "POST /cormun/servlet/licenciaspermisos?45a1163d8f05014ad17577e616111ec7,INS,0,,,,gx-no-cache=1522327958495 HTTP/1.1" 200 4940
192.168.10.56 - - [29/Mar/2018:09:53:42 -0300] "POST /cormun/servlet/trsolicitudgral?6c84c6059350b70f2c84031a2dd8e498,,gx-no-cache=1522327852663 HTTP/1.1" 200 7612
186.103.159.44 - - [29/Mar/2018:09:53:44 -0300] "GET /cormun/servlet/licenciaspermisos?38a41d529972f644f285bea525bb8e92add3f1f5020721f4ec5d489dfd9a8b09fe917378d85680e39773225e717dfe52f5a1ecde9f8bb4d7f30532592eee004996cd2cb0ff37e4dbb356c4ebdd32780ec17a898b154c8eb4b2658afe567fb533c1ca93158902695445be76477223b772317a839fad23ef8a437d7089daa302e8b4584e30d52426b0572642329a75f901d332465adb54fd96adaaf86fea935c5ca965078cce09a48661a07ef62f2f5900be083eb4525fd4f827db83e68d38e6bf03bccfcb30122e5b1d4fa0f184c46e3c050caee2f50f07479396da425e9f906007ad1291c89f4f38ccba6ce258dea35d,gx-no-cache=1522327971782 HTTP/1.1" 200 63
186.103.158.250 - - [29/Mar/2018:09:54:25 -0300] "GET /cormun/servlet/solicitudotadjuntos?128a5770dd2c5462935b2849f7c7dc34a83febc59f263fb3e6b986608b8c130a,gx-no-cache=1522328011708 HTTP/1.1" 200 30
186.103.158.250 - - [29/Mar/2018:09:54:25 -0300] "GET /cormun/servlet/solicitudotadjuntos?128a5770dd2c5462935b2849f7c7dc34a83febc59f263fb3e6b986608b8c130a,gx-no-cache=1522328011772 HTTP/1.1" 200 30
186.103.158.250 - - [29/Mar/2018:09:54:27 -0300] "POST /cormun/servlet/solicitudotadjuntos?bdb50a8ceaf6471e2db0b7bd72112bb0,INS,2018,10928,,1, HTTP/1.1" 200 116
186.103.158.250 - - [29/Mar/2018:09:54:27 -0300] "GET /cormun/servlet/hpexe_return? HTTP/1.1" 200 1025
186.103.158.250 - - [29/Mar/2018:09:54:28 -0300] "GET /cormun/servlet/trsolicitudadjuntos?2018,10928, HTTP/1.1" 200 9425
186.103.158.250 - - [29/Mar/2018:09:54:30 -0300] "GET /cormun/servlet/trsolicitudadjuntos?2018,10928, HTTP/1.1" 200 9425
186.103.158.250 - - [29/Mar/2018:09:54:35 -0300] "GET /cormun/servlet/solicitudotadjuntos?INS,2018,10928,,1, HTTP/1.1" 200 6240
186.103.158.250 - - [29/Mar/2018:09:54:35 -0300] "GET /cormun/static/about:blank HTTP/1.1" 404 1011
186.103.158.250 - - [29/Mar/2018:09:54:36 -0300] "GET /cormun/servlet/solicitudotadjuntos?INS,2018,10928,,1, HTTP/1.1" 200 6234
186.103.158.250 - - [29/Mar/2018:09:54:37 -0300] "GET /cormun/servlet/solicitudotadjuntos?128a5770dd2c5462935b2849f7c7dc3498ea5513ee09708378f675276045a28caa2958321957c9fb544afb7ffa5d356b,gx-no-cache=1522328023027 HTTP/1.1" 200 30
186.103.158.250 - - [29/Mar/2018:09:54:37 -0300] "POST /cormun/servlet/solicitudotadjuntos?bdb50a8ceaf6471e2db0b7bd72112bb0,INS,2018,10928,,1,,gx-no-cache=1522328023085 HTTP/1.1" 200 4018
186.103.158.250 - - [29/Mar/2018:09:54:41 -0300] "POST /cormun/servlet/solicitudotadjuntos?gx-no-cache=1522328027206 HTTP/1.1" 200 26
186.103.158.250 - - [29/Mar/2018:09:54:55 -0300] "GET /cormun/servlet/solicitudotadjuntos?128a5770dd2c5462935b2849f7c7dc34a83febc59f263fb3e6b986608b8c130a,gx-no-cache=1522328041058 HTTP/1.1" 200 30
186.103.158.250 - - [29/Mar/2018:09:54:55 -0300] "GET /cormun/servlet/solicitudotadjuntos?128a5770dd2c5462935b2849f7c7dc34a83febc59f263fb3e6b986608b8c130a,gx-no-cache=1522328041083 HTTP/1.1" 200 30
186.103.158.250 - - [29/Mar/2018:09:54:59 -0300] "POST /cormun/servlet/solicitudotadjuntos?bdb50a8ceaf6471e2db0b7bd72112bb0,INS,2018,10928,,1, HTTP/1.1" 200 116
186.103.158.250 - - [29/Mar/2018:09:54:59 -0300] "GET /cormun/servlet/hpexe_return? HTTP/1.1" 200 1025
186.103.158.250 - - [29/Mar/2018:09:55:00 -0300] "GET /cormun/servlet/trsolicitudadjuntos?2018,10928, HTTP/1.1" 200 9641
186.103.158.250 - - [29/Mar/2018:09:55:02 -0300] "GET /cormun/servlet/trsolicitudadjuntos?2018,10928, HTTP/1.1" 200 9638
186.103.158.250 - - [29/Mar/2018:09:55:04 -0300] "GET /cormun/servlet/solicitudotadjuntos?INS,2018,10928,,1, HTTP/1.1" 200 6240
186.103.158.250 - - [29/Mar/2018:09:55:05 -0300] "GET /cormun/static/about:blank HTTP/1.1" 404 1011
186.103.158.250 - - [29/Mar/2018:09:55:06 -0300] "GET /cormun/servlet/solicitudotadjuntos?INS,2018,10928,,1, HTTP/1.1" 200 6234
192.168.10.62 - - [29/Mar/2018:09:55:06 -0300] "GET /cormun/servlet/trsolicitudgral? HTTP/1.1" 200 21454
186.103.158.250 - - [29/Mar/2018:09:55:06 -0300] "GET /cormun/servlet/solicitudotadjuntos?128a5770dd2c5462935b2849f7c7dc3498ea5513ee09708378f675276045a28caa2958321957c9fb544afb7ffa5d356b,gx-no-cache=1522328052541 HTTP/1.1" 200 30
186.103.158.250 - - [29/Mar/2018:09:55:06 -0300] "POST /cormun/servlet/solicitudotadjuntos?bdb50a8ceaf6471e2db0b7bd72112bb0,INS,2018,10928,,1,,gx-no-cache=1522328052582 HTTP/1.1" 200 4018
192.168.10.62 - - [29/Mar/2018:09:55:07 -0300] "GET /cormun/servlet/trsolicitudgral? HTTP/1.1" 200 21453
186.103.158.250 - - [29/Mar/2018:09:55:10 -0300] "POST /cormun/servlet/solicitudotadjuntos?gx-no-cache=1522328056143 HTTP/1.1" 200 26
192.168.10.62 - - [29/Mar/2018:09:55:15 -0300] "POST /cormun/servlet/trsolicitudgral?ef0aa898074cdf0558740bcc8854f01d,,gx-no-cache=1522327944591 HTTP/1.1" 200 24523
186.103.158.250 - - [29/Mar/2018:09:55:15 -0300] "GET /cormun/servlet/solicitudotadjuntos?128a5770dd2c5462935b2849f7c7dc34a83febc59f263fb3e6b986608b8c130a,gx-no-cache=1522328061290 HTTP/1.1" 200 30
186.103.158.250 - - [29/Mar/2018:09:55:15 -0300] "GET /cormun/servlet/solicitudotadjuntos?128a5770dd2c5462935b2849f7c7dc34a83febc59f263fb3e6b986608b8c130a,gx-no-cache=1522328061317 HTTP/1.1" 200 30
186.103.158.250 - - [29/Mar/2018:09:55:16 -0300] "POST /cormun/servlet/solicitudotadjuntos?bdb50a8ceaf6471e2db0b7bd72112bb0,INS,2018,10928,,1, HTTP/1.1" 200 116
186.103.158.250 - - [29/Mar/2018:09:55:16 -0300] "GET /cormun/servlet/hpexe_return? HTTP/1.1" 200 1025
186.103.158.250 - - [29/Mar/2018:09:55:17 -0300] "GET /cormun/servlet/trsolicitudadjuntos?2018,10928, HTTP/1.1" 200 9908
186.103.158.250 - - [29/Mar/2018:09:55:19 -0300] "GET /cormun/servlet/trsolicitudadjuntos?2018,10928, HTTP/1.1" 200 9903
192.168.10.62 - - [29/Mar/2018:09:55:20 -0300] "POST /cormun/servlet/trsolicitudgral?ef0aa898074cdf0558740bcc8854f01d,,gx-no-cache=1522327950079 HTTP/1.1" 200 24926
192.168.10.62 - - [29/Mar/2018:09:55:22 -0300] "POST /cormun/servlet/trsolicitudgral?ef0aa898074cdf0558740bcc8854f01d,,gx-no-cache=1522327952188 HTTP/1.1" 200 105
192.168.10.62 - - [29/Mar/2018:09:55:22 -0300] "GET /cormun/SolicitudGral-4574.xls HTTP/1.1" 200 27648
186.103.158.250 - - [29/Mar/2018:09:55:26 -0300] "GET /cormun/servlet/trsolicitudot? HTTP/1.1" 200 19864
186.103.158.250 - - [29/Mar/2018:09:55:28 -0300] "GET /cormun/servlet/trsolicitudot? HTTP/1.1" 200 19858
186.103.159.44 - - [29/Mar/2018:09:56:03 -0300] "POST /cormun/servlet/licenciaspermisos?45a1163d8f05014ad17577e616111ec7,INS,0,,,,gx-no-cache=1522328109857 HTTP/1.1" 200 93
186.103.159.44 - - [29/Mar/2018:09:56:03 -0300] "GET /cormun/servlet/hpexe_return? HTTP/1.1" 200 1010
186.103.159.44 - - [29/Mar/2018:09:56:03 -0300] "GET /cormun/static/gxgral.js?85251 HTTP/1.1" 200 384558
186.103.159.44 - - [29/Mar/2018:09:56:04 -0300] "GET /cormun/servlet/trlicencias HTTP/1.1" 200 11103
186.103.159.44 - - [29/Mar/2018:09:56:04 -0300] "GET /cormun/static/gxgral.js?85251 HTTP/1.1" 200 384558
186.103.159.44 - - [29/Mar/2018:09:56:04 -0300] "GET /cormun//static/Resources/PXToolsGridUpdate.png HTTP/1.1" 200 2984
186.103.159.44 - - [29/Mar/2018:09:56:04 -0300] "GET /cormun//static/Resources/PXToolsGridDelete.png HTTP/1.1" 200 357
186.103.159.204 - - [29/Mar/2018:09:56:06 -0300] "GET /cormun/servlet/trsolicitudot? HTTP/1.1" 200 7085
186.103.159.204 - - [29/Mar/2018:09:56:07 -0300] "GET /cormun/servlet/trsolicitudot? HTTP/1.1" 200 7084
186.103.159.44 - - [29/Mar/2018:09:56:08 -0300] "GET /cormun/servlet/trlicenciaspermisosadjuntos?14070981,20180329000000,L, HTTP/1.1" 200 6494
186.103.159.44 - - [29/Mar/2018:09:56:08 -0300] "GET /cormun/static/gxcfg.js?20177612163414 HTTP/1.1" 200 953
186.103.159.44 - - [29/Mar/2018:09:56:08 -0300] "GET /cormun/static/gxgral.js?85251 HTTP/1.1" 200 384558
186.103.159.44 - - [29/Mar/2018:09:56:08 -0300] "GET /cormun/static/trlicenciaspermisosadjuntos.js?20177612163719 HTTP/1.1" 200 21036
186.103.159.204 - - [29/Mar/2018:09:56:09 -0300] "GET /cormun/static/menuarrow.gif HTTP/1.1" 404 1015
186.103.159.44 - - [29/Mar/2018:09:56:11 -0300] "GET /cormun/servlet/licenciaspermisosadjuntos?INS,14070981,L,20180329000000,, HTTP/1.1" 200 5795
186.103.159.44 - - [29/Mar/2018:09:56:11 -0300] "GET /cormun/static/gxcfg.js?2017761263592 HTTP/1.1" 200 953
186.103.159.44 - - [29/Mar/2018:09:56:11 -0300] "GET /cormun/static/licenciaspermisosadjuntos.js?201776126362 HTTP/1.1" 200 8760
186.103.159.44 - - [29/Mar/2018:09:56:11 -0300] "GET /cormun/static/gxgral.js?85251 HTTP/1.1" 200 384558
186.103.159.44 - - [29/Mar/2018:09:56:11 -0300] "HEAD /cormun/static/about:blank HTTP/1.1" 404 -
186.103.159.204 - - [29/Mar/2018:09:56:23 -0300] "GET /cormun/servlet/solicitudot?INS,0,0, HTTP/1.1" 200 13338
186.103.159.204 - - [29/Mar/2018:09:56:24 -0300] "GET /cormun/servlet/solicitudot?INS,0,0, HTTP/1.1" 200 13343
186.103.159.44 - - [29/Mar/2018:09:56:28 -0300] "POST /cormun/servlet/licenciaspermisosadjuntos?45a1163d8f05014ad17577e616111ec7,INS,14070981,L,20180329000000,, HTTP/1.1" 200 116
186.103.159.44 - - [29/Mar/2018:09:56:28 -0300] "GET /cormun/servlet/hpexe_return? HTTP/1.1" 200 1040
186.103.159.44 - - [29/Mar/2018:09:56:28 -0300] "GET /cormun/static/gxgral.js?85251 HTTP/1.1" 200 384558
186.103.159.44 - - [29/Mar/2018:09:56:29 -0300] "GET /cormun/servlet/trlicenciaspermisosadjuntos?14070981,20180329000000,L, HTTP/1.1" 200 7022
186.103.159.44 - - [29/Mar/2018:09:56:29 -0300] "GET /cormun/static/gxgral.js?85251 HTTP/1.1" 200 384558
186.103.159.44 - - [29/Mar/2018:09:56:30 -0300] "GET /cormun/PublicTempStorage/licencia_medica_carolina_aburto9011384.pdf HTTP/1.1" 200 997645
186.103.159.44 - - [29/Mar/2018:09:56:30 -0300] "GET /cormun/PublicTempStorage/licencia_medica_carolina_aburto9011384.pdf HTTP/1.1" 200 997645
186.103.159.204 - - [29/Mar/2018:09:56:45 -0300] "POST /cormun/servlet/solicitudot?gx-no-cache=1522328148515 HTTP/1.1" 200 3403
186.103.159.204 - - [29/Mar/2018:09:56:47 -0300] "POST /cormun/servlet/solicitudot?3bdad9056e8de0fc4be4f40160a29db8,INS,0,0,,gx-no-cache=1522328149678 HTTP/1.1" 200 10391
186.103.159.44 - - [29/Mar/2018:09:57:01 -0300] "GET /cormun/servlet/trlicencias? HTTP/1.1" 200 11099
186.103.159.44 - - [29/Mar/2018:09:57:01 -0300] "GET /cormun/static/gxgral.js?85251 HTTP/1.1" 200 384558
186.103.159.204 - - [29/Mar/2018:09:57:03 -0300] "GET /cormun/servlet/solicitudot?5c817f0adda0f2ee00d7cf39b975c9c59b5d4ed14973675997d302eda7d642d8ab185c42dc2f8c25d1049404a6280ea3,gx-no-cache=1522328166617 HTTP/1.1" 200 30
186.103.159.204 - - [29/Mar/2018:09:57:03 -0300] "GET /cormun/servlet/solicitudot?5c817f0adda0f2ee00d7cf39b975c9c561e9283c6427a122f09fa13a2c7cd8758671237244aa3a31bca81d03dd445bb6d925728f82400a9ef6e582a3e8996f1c,gx-no-cache=1522328166648 HTTP/1.1" 200 30
186.103.159.204 - - [29/Mar/2018:09:57:03 -0300] "GET /cormun/servlet/solicitudot?5c817f0adda0f2ee00d7cf39b975c9c5240691e7696c62edd1e100dd1e45b86b,gx-no-cache=1522328166675 HTTP/1.1" 200 123
186.103.159.204 - - [29/Mar/2018:09:57:03 -0300] "GET /cormun/static/Shared/jqueryui/images/ui-bg_highlight-soft_100_c6c2c8_1x100.png HTTP/1.1" 404 1117
186.103.159.204 - - [29/Mar/2018:09:57:03 -0300] "GET /cormun/static/Shared/jqueryui/images/ui-bg_flat_55_994d53_40x100.png HTTP/1.1" 404 1097
186.103.159.204 - - [29/Mar/2018:09:57:03 -0300] "GET /cormun/static/Shared/jqueryui/images/ui-icons_ebccce_256x240.png HTTP/1.1" 404 1089
186.103.159.204 - - [29/Mar/2018:09:57:03 -0300] "GET /cormun/static/Shared/jqueryui/images/ui-icons_82798d_256x240.png HTTP/1.1" 404 1089
186.103.159.204 - - [29/Mar/2018:09:57:04 -0300] "POST /cormun/servlet/solicitudot?gx-no-cache=1522328166737 HTTP/1.1" 200 297
186.103.159.204 - - [29/Mar/2018:09:57:04 -0300] "GET /cormun/servlet/solicitudot?5c817f0adda0f2ee00d7cf39b975c9c5f94fdca73b59d1d120bef272cc4865344cb0d805f8dbfa7c472dab07a97ee6532a39f626a088e6a9978be136fe5d049fe5ca2f07eaddbf1beccaf746b9a79e74df81b7c2495e459277848525e6f53240845ba3f0a23fa1c3956c744b3b87da99fb1b5f5293388deb5f39a78bc0eb5ba8abe61c354da25d4f37624ac2123a59f322b8550f1397c359c62b712b65629d91c1e77d8f6a2f1d3f1ba14012e85633ddfc68358a06959341154221a4d2ca52b0f2802a16ba34bac2ba4e63baf3412f55dfc8936c87d4e89142c4be82d56d4b74e557cc8bc9911f821847e17eeab06253e960b4e6cc6feaa54c65e74deba69a528fc43146354cf168faea85a2f4a5f64f5e1ccc7a4fb828ec8df288fd7137a95d3f4f1c2fc2c1b1e2f0de311845215177079ad4f888e053f4de34386cb7daab0b3a4c6dde49eaecc5811bf47c81f39cafadf5b05373b6b661f82a569c1637a8fbbe4b2f76f3be3d334eb34a5dc907fb3f9254508042e89de90ec84da1da1e96924df07f3a7ed1187b0e7817db0db40675,gx-no-cache=1522328166819 HTTP/1.1" 200 30
186.103.159.44 - - [29/Mar/2018:09:57:04 -0300] "GET /cormun/servlet/alicenciaprn?14070981,L,20180329000000,PU HTTP/1.1" 200 1582
186.103.159.204 - - [29/Mar/2018:09:57:08 -0300] "POST /cormun/servlet/solicitudot?gx-no-cache=1522328171401 HTTP/1.1" 200 30
186.103.159.204 - - [29/Mar/2018:09:57:11 -0300] "POST /cormun/servlet/solicitudot?gx-no-cache=1522328174260 HTTP/1.1" 200 1353
186.103.159.204 - - [29/Mar/2018:09:57:12 -0300] "POST /cormun/servlet/solicitudot?gx-no-cache=1522328174318 HTTP/1.1" 200 38
186.103.158.250 - - [29/Mar/2018:09:57:12 -0300] "GET /cormun/servlet/trsolicitudot? HTTP/1.1" 200 19858
186.103.158.250 - - [29/Mar/2018:09:57:14 -0300] "GET /cormun/servlet/trsolicitudot? HTTP/1.1" 200 19858
186.103.159.204 - - [29/Mar/2018:09:57:30 -0300] "GET /cormun/servlet/solicitudot?5c817f0adda0f2ee00d7cf39b975c9c577cace4ff447abffa05479bfd54c547ef97339a2c251c05a684d21f2234d86591f6c6055fc7d83969e49ac049bb5d3c4e5aa3408287c050ab549db78f1fd7fde9d7871e05b2e798b400f7c33fef570d7e072bce91811832249c1422bbd68f5af,gx-no-cache=1522328193578 HTTP/1.1" 200 29
186.103.159.204 - - [29/Mar/2018:09:57:30 -0300] "POST /cormun/servlet/solicitudot?gx-no-cache=1522328193607 HTTP/1.1" 200 1334
186.103.159.204 - - [29/Mar/2018:09:57:30 -0300] "POST /cormun/servlet/solicitudot?gx-no-cache=1522328193668 HTTP/1.1" 200 1231
192.168.10.62 - - [29/Mar/2018:09:58:01 -0300] "GET /cormun/servlet/trcoordinadores? HTTP/1.1" 200 7484
192.168.10.62 - - [29/Mar/2018:09:58:03 -0300] "GET /cormun/servlet/trcoordinadores? HTTP/1.1" 200 7483
190.151.100.218 - - [29/Mar/2018:09:58:11 -0300] "GET /cormun/servlet/hlogin HTTP/1.1" 200 1717
190.151.100.218 - - [29/Mar/2018:09:58:11 -0300] "GET /cormun/servlet/hlogin HTTP/1.1" 200 1728
186.103.158.250 - - [29/Mar/2018:09:58:15 -0300] "GET /cormun/servlet/solicitudot?INS,0,0, HTTP/1.1" 200 13640
186.103.158.250 - - [29/Mar/2018:09:58:17 -0300] "GET /cormun/servlet/solicitudot?INS,0,0, HTTP/1.1" 200 13645
186.103.159.44 - - [29/Mar/2018:09:58:20 -0300] "POST /cormun/servlet/trlicencias?45a1163d8f05014ad17577e616111ec7,,gx-no-cache=1522328240622 HTTP/1.1" 200 8489
186.103.159.44 - - [29/Mar/2018:09:58:23 -0300] "GET /cormun/servlet/hlogin HTTP/1.1" 200 1716
190.151.100.218 - - [29/Mar/2018:09:58:23 -0300] "POST /cormun/servlet/hlogin?5d3d95e0f2214b3a47bfd2aa450c3ae1,gx-no-cache=1522328248212 HTTP/1.1" 200 90
186.103.159.44 - - [29/Mar/2018:09:58:23 -0300] "GET /cormun/static/gxgral.js?85251 HTTP/1.1" 200 384558
190.151.100.218 - - [29/Mar/2018:09:58:23 -0300] "GET /cormun/servlet/hpexe_link HTTP/1.1" 200 949
190.151.100.218 - - [29/Mar/2018:09:58:24 -0300] "GET /cormun/servlet/hhome HTTP/1.1" 200 4198
190.151.100.218 - - [29/Mar/2018:09:58:26 -0300] "GET /cormun/servlet/hhome HTTP/1.1" 200 4194
190.151.100.218 - - [29/Mar/2018:09:58:31 -0300] "GET /cormun/servlet/trlicencias? HTTP/1.1" 200 8946
190.151.100.218 - - [29/Mar/2018:09:58:32 -0300] "GET /cormun/static/gxcfg.js?20176272054169 HTTP/1.1" 304 -
190.151.100.218 - - [29/Mar/2018:09:58:33 -0300] "GET /cormun/servlet/trlicencias? HTTP/1.1" 200 8944
186.103.159.44 - - [29/Mar/2018:09:58:37 -0300] "POST /cormun/servlet/hlogin?45a1163d8f05014ad17577e616111ec7,gx-no-cache=1522328265270 HTTP/1.1" 200 90
186.103.159.44 - - [29/Mar/2018:09:58:37 -0300] "GET /cormun/servlet/hpexe_link HTTP/1.1" 200 953
186.103.159.44 - - [29/Mar/2018:09:58:37 -0300] "GET /cormun/static/gxgral.js?85251 HTTP/1.1" 200 384558
186.103.159.44 - - [29/Mar/2018:09:58:37 -0300] "GET /cormun/servlet/trlicencias? HTTP/1.1" 200 10984
186.103.159.44 - - [29/Mar/2018:09:58:38 -0300] "GET /cormun/static/gxgral.js?85251 HTTP/1.1" 200 384558
186.103.159.44 - - [29/Mar/2018:09:58:49 -0300] "POST /cormun/servlet/trlicencias?45a1163d8f05014ad17577e616111ec7,,gx-no-cache=1522328276644 HTTP/1.1" 200 8439
186.103.158.250 - - [29/Mar/2018:09:59:39 -0300] "POST /cormun/servlet/solicitudot?gx-no-cache=1522328325044 HTTP/1.1" 200 3462
186.103.158.250 - - [29/Mar/2018:09:59:39 -0300] "GET /cormun/static/Shared/jqueryui/images/ui-bg_highlight-soft_100_c6c2c8_1x100.png HTTP/1.1" 404 1117
186.103.158.250 - - [29/Mar/2018:09:59:39 -0300] "GET /cormun/static/Shared/jqueryui/images/ui-icons_82798d_256x240.png HTTP/1.1" 404 1089
186.103.158.250 - - [29/Mar/2018:09:59:39 -0300] "GET /cormun/static/Shared/jqueryui/images/ui-bg_flat_55_994d53_40x100.png HTTP/1.1" 404 1097
186.103.158.250 - - [29/Mar/2018:09:59:39 -0300] "GET /cormun/static/Shared/jqueryui/images/ui-icons_ebccce_256x240.png HTTP/1.1" 404 1089
186.103.159.204 - - [29/Mar/2018:10:00:17 -0300] "GET /cormun/servlet/solicitudot?5c817f0adda0f2ee00d7cf39b975c9c5b891fc126906016e31c1da1be7dcd5ad,gx-no-cache=1522328360033 HTTP/1.1" 200 30
186.103.159.204 - - [29/Mar/2018:10:00:17 -0300] "POST /cormun/servlet/solicitudot?gx-no-cache=1522328360077 HTTP/1.1" 200 30
186.103.158.250 - - [29/Mar/2018:10:00:21 -0300] "POST /cormun/servlet/solicitudot?gx-no-cache=1522328367651 HTTP/1.1" 200 3462
186.103.158.250 - - [29/Mar/2018:10:00:47 -0300] "POST /cormun/servlet/solicitudot?gx-no-cache=1522328393780 HTTP/1.1" 200 3341
186.103.158.250 - - [29/Mar/2018:10:00:47 -0300] "GET /cormun/servlet/solicitudot?128a5770dd2c5462935b2849f7c7dc344f13b37b75d3faa72377f96bbefa8bc3,gx-no-cache=1522328393936 HTTP/1.1" 200 111
186.103.158.250 - - [29/Mar/2018:10:01:02 -0300] "POST /cormun/servlet/solicitudot?gx-no-cache=1522328408514 HTTP/1.1" 200 3462
186.103.158.250 - - [29/Mar/2018:10:01:02 -0300] "GET /cormun/servlet/solicitudot?128a5770dd2c5462935b2849f7c7dc34f09e0df288bfa2d0ae82fc2ee08c066504d6f14c4d57de16974b62cf58e53366,gx-no-cache=1522328408700 HTTP/1.1" 200 30
186.103.158.250 - - [29/Mar/2018:10:03:35 -0300] "POST /cormun/servlet/solicitudot?gx-no-cache=1522328561775 HTTP/1.1" 200 3344
186.103.157.42 - - [29/Mar/2018:10:03:53 -0300] "GET /cormun/servlet/trsolicitudadjuntos?2017,6996, HTTP/1.1" 200 8834
186.103.157.42 - - [29/Mar/2018:10:03:55 -0300] "GET /cormun/servlet/trsolicitudadjuntos?2017,6996, HTTP/1.1" 200 8834
186.103.157.42 - - [29/Mar/2018:10:03:57 -0300] "GET /cormun/servlet/hlogin HTTP/1.1" 200 1744
186.103.157.42 - - [29/Mar/2018:10:03:57 -0300] "GET /cormun/servlet/trsolicitudadjuntos?2017,6996, HTTP/1.1" 200 8854
186.103.158.250 - - [29/Mar/2018:10:03:58 -0300] "POST /cormun/servlet/solicitudot?gx-no-cache=1522328584025 HTTP/1.1" 200 3286
186.103.158.250 - - [29/Mar/2018:10:03:58 -0300] "POST /cormun/servlet/solicitudot?bdb50a8ceaf6471e2db0b7bd72112bb0,INS,0,0,,gx-no-cache=1522328584335 HTTP/1.1" 200 10444
186.103.158.250 - - [29/Mar/2018:10:03:58 -0300] "GET /cormun/servlet/solicitudot?128a5770dd2c5462935b2849f7c7dc34022f901d6b907e3817cd568d447b564261a2a4b133ef5862b94240814080e387,gx-no-cache=1522328584742 HTTP/1.1" 200 111
186.103.158.250 - - [29/Mar/2018:10:04:05 -0300] "GET /cormun/servlet/solicitudot?128a5770dd2c5462935b2849f7c7dc34022f901d6b907e3817cd568d447b564261a2a4b133ef5862b94240814080e387,gx-no-cache=1522328590958 HTTP/1.1" 200 111
186.103.157.42 - - [29/Mar/2018:10:04:06 -0300] "POST /cormun/servlet/hlogin?397509078f91997933fb8adc40af4932,gx-no-cache=1522328600184 HTTP/1.1" 200 90
186.103.157.42 - - [29/Mar/2018:10:04:06 -0300] "GET /cormun/servlet/hpexe_link HTTP/1.1" 200 965
201.214.54.200 - - [29/Mar/2018:10:04:06 -0300] "GET /cormun/servlet/hlogin HTTP/1.1" 200 1720
186.103.157.42 - - [29/Mar/2018:10:04:06 -0300] "GET /cormun/servlet/trsolicitudadjuntos?2017,6996, HTTP/1.1" 200 9717
186.103.157.42 - - [29/Mar/2018:10:04:07 -0300] "GET /cormun/servlet/trsolicitudadjuntos?2017,6996, HTTP/1.1" 200 9725
201.214.54.200 - - [29/Mar/2018:10:04:14 -0300] "POST /cormun/servlet/hlogin?4cf1d606213ecefc6279974e32d10e59,gx-no-cache=1522328617672 HTTP/1.1" 200 90
201.214.54.200 - - [29/Mar/2018:10:04:14 -0300] "GET /cormun/servlet/hpexe_link HTTP/1.1" 200 953
201.214.54.200 - - [29/Mar/2018:10:04:15 -0300] "GET /cormun/servlet/hhome HTTP/1.1" 200 4232
186.103.158.250 - - [29/Mar/2018:10:04:15 -0300] "GET /cormun/servlet/trsolicitudot? HTTP/1.1" 200 19858
201.214.54.200 - - [29/Mar/2018:10:04:16 -0300] "GET /cormun/servlet/hhome HTTP/1.1" 200 4228
186.103.158.250 - - [29/Mar/2018:10:04:18 -0300] "GET /cormun/servlet/trsolicitudot? HTTP/1.1" 200 19858
201.214.54.200 - - [29/Mar/2018:10:04:19 -0300] "GET /cormun/servlet/trlicencias? HTTP/1.1" 200 12765
201.214.54.200 - - [29/Mar/2018:10:04:22 -0300] "GET /cormun/servlet/trlicencias? HTTP/1.1" 200 12763
186.103.158.250 - - [29/Mar/2018:10:04:26 -0300] "GET /cormun/servlet/solicitudot?INS,0,0, HTTP/1.1" 200 13640
201.214.54.200 - - [29/Mar/2018:10:04:26 -0300] "POST /cormun/servlet/trlicencias?4cf1d606213ecefc6279974e32d10e59,,gx-no-cache=1522328629629 HTTP/1.1" 200 90
201.214.54.200 - - [29/Mar/2018:10:04:26 -0300] "GET /cormun/servlet/hpexe_link HTTP/1.1" 200 957
201.214.54.200 - - [29/Mar/2018:10:04:26 -0300] "GET /cormun/servlet/hhome HTTP/1.1" 200 4232
201.214.54.200 - - [29/Mar/2018:10:04:27 -0300] "GET /cormun/servlet/hhome HTTP/1.1" 200 4228
186.103.158.250 - - [29/Mar/2018:10:04:28 -0300] "GET /cormun/servlet/solicitudot?INS,0,0, HTTP/1.1" 200 13645
201.214.54.200 - - [29/Mar/2018:10:04:30 -0300] "GET /cormun/servlet/trsolicitudot? HTTP/1.1" 200 7448
201.214.54.200 - - [29/Mar/2018:10:04:31 -0300] "GET /cormun/servlet/trsolicitudot? HTTP/1.1" 200 7447
201.214.54.200 - - [29/Mar/2018:10:04:34 -0300] "GET /cormun/servlet/solicitudot?INS,0,0, HTTP/1.1" 200 13670
201.214.54.200 - - [29/Mar/2018:10:04:35 -0300] "GET /cormun/servlet/solicitudot?INS,0,0, HTTP/1.1" 200 13675
201.214.54.200 - - [29/Mar/2018:10:04:46 -0300] "POST /cormun/servlet/solicitudot?gx-no-cache=1522328650132 HTTP/1.1" 200 3292
201.214.54.200 - - [29/Mar/2018:10:04:47 -0300] "POST /cormun/servlet/solicitudot?4cf1d606213ecefc6279974e32d10e59,INS,0,0,,gx-no-cache=1522328650762 HTTP/1.1" 200 10449
201.214.54.200 - - [29/Mar/2018:10:04:54 -0300] "GET /cormun/servlet/solicitudot?738b8005bed0b297f27119c60af1f0df03ea0a3a142627351ff03995d6e9a93a82e80032baeb8b84cd608791633a9f3c,gx-no-cache=1522328657912 HTTP/1.1" 200 30
186.103.158.250 - - [29/Mar/2018:10:05:06 -0300] "POST /cormun/servlet/solicitudot?gx-no-cache=1522328652295 HTTP/1.1" 200 3284
192.168.10.96 - - [29/Mar/2018:10:05:06 -0300] "POST /cormun/servlet/trsolicitudgral?590ac2a480cc5e7456482656fa3541c5,,gx-no-cache=1522328536885 HTTP/1.1" 200 7657
186.103.158.250 - - [29/Mar/2018:10:05:06 -0300] "POST /cormun/servlet/solicitudot?bdb50a8ceaf6471e2db0b7bd72112bb0,INS,0,0,,gx-no-cache=1522328652633 HTTP/1.1" 200 10440
186.103.158.250 - - [29/Mar/2018:10:05:09 -0300] "GET /cormun/servlet/solicitudot?128a5770dd2c5462935b2849f7c7dc3422c8e2b833bd046b5a8ec3355a65810404d6f14c4d57de16974b62cf58e53366,gx-no-cache=1522328655639 HTTP/1.1" 200 111
186.103.158.250 - - [29/Mar/2018:10:05:09 -0300] "GET /cormun/static/Shared/jqueryui/images/ui-bg_highlight-soft_100_c6c2c8_1x100.png HTTP/1.1" 404 1117
186.103.158.250 - - [29/Mar/2018:10:05:09 -0300] "GET /cormun/static/Shared/jqueryui/images/ui-icons_82798d_256x240.png HTTP/1.1" 404 1089
186.103.158.250 - - [29/Mar/2018:10:05:09 -0300] "GET /cormun/static/Shared/jqueryui/images/ui-bg_flat_55_994d53_40x100.png HTTP/1.1" 404 1097
186.103.158.250 - - [29/Mar/2018:10:05:09 -0300] "GET /cormun/static/Shared/jqueryui/images/ui-icons_ebccce_256x240.png HTTP/1.1" 404 1089
192.168.10.96 - - [29/Mar/2018:10:05:12 -0300] "GET /cormun/servlet/vesolicitudgral?2018,9403,, HTTP/1.1" 200 9312
192.168.10.96 - - [29/Mar/2018:10:05:12 -0300] "GET /cormun/pexe_scrolldiv.js HTTP/1.1" 404 1009
192.168.10.96 - - [29/Mar/2018:10:05:12 -0300] "GET /cormun/pexe_scrolldiv.js HTTP/1.1" 404 1009
192.168.10.96 - - [29/Mar/2018:10:05:13 -0300] "GET /cormun/servlet/vesolicitudgral?2018,9403,, HTTP/1.1" 200 9311
186.103.157.42 - - [29/Mar/2018:10:05:18 -0300] "GET /cormun/servlet/trlicencias? HTTP/1.1" 200 9650
186.103.157.42 - - [29/Mar/2018:10:05:18 -0300] "GET /cormun/servlet/trlicencias? HTTP/1.1" 200 9637
186.103.158.250 - - [29/Mar/2018:10:05:24 -0300] "POST /cormun/servlet/solicitudot?gx-no-cache=1522328670826 HTTP/1.1" 200 3286
186.103.158.250 - - [29/Mar/2018:10:05:25 -0300] "POST /cormun/servlet/solicitudot?bdb50a8ceaf6471e2db0b7bd72112bb0,INS,0,0,,gx-no-cache=1522328671021 HTTP/1.1" 200 10497
186.103.158.250 - - [29/Mar/2018:10:05:25 -0300] "GET /cormun/servlet/solicitudot?128a5770dd2c5462935b2849f7c7dc34c27d8fd025a52f70809afe04898a7a5504d6f14c4d57de16974b62cf58e53366,gx-no-cache=1522328671334 HTTP/1.1" 200 111
192.168.10.96 - - [29/Mar/2018:10:05:32 -0300] "GET /cormun/servlet/vesolicitudgral?2018,9403,,SolicitudOTLog HTTP/1.1" 200 10377
192.168.10.96 - - [29/Mar/2018:10:05:32 -0300] "GET /cormun/pexe_scrolldiv.js HTTP/1.1" 404 1009
192.168.10.96 - - [29/Mar/2018:10:05:33 -0300] "GET /cormun/pexe_scrolldiv.js HTTP/1.1" 404 1009
192.168.10.96 - - [29/Mar/2018:10:05:33 -0300] "GET /cormun/servlet/vesolicitudgral?2018,9403,,SolicitudOTLog HTTP/1.1" 200 10379
192.168.10.96 - - [29/Mar/2018:10:05:34 -0300] "POST /cormun/servlet/acontrolpreferencessavestate?None,DZAMUDIO,true HTTP/1.1" 200 35
192.168.10.96 - - [29/Mar/2018:10:06:53 -0300] "GET /cormun/servlet/trsolicitudgral? HTTP/1.1" 200 10919
192.168.10.96 - - [29/Mar/2018:10:06:53 -0300] "GET /cormun/servlet/trsolicitudgral? HTTP/1.1" 200 10913
192.168.10.96 - - [29/Mar/2018:10:06:58 -0300] "POST /cormun/servlet/trsolicitudgral?590ac2a480cc5e7456482656fa3541c5,,gx-no-cache=1522328648777 HTTP/1.1" 200 5948
186.103.158.250 - - [29/Mar/2018:10:07:07 -0300] "GET /cormun/servlet/hlogin HTTP/1.1" 200 1723
201.214.54.200 - - [29/Mar/2018:10:07:09 -0300] "GET /cormun/servlet/hlogin HTTP/1.1" 200 1743
192.168.10.96 - - [29/Mar/2018:10:07:12 -0300] "POST /cormun/servlet/trsolicitudgral?590ac2a480cc5e7456482656fa3541c5,,gx-no-cache=1522328663070 HTTP/1.1" 200 7309
186.103.158.250 - - [29/Mar/2018:10:07:41 -0300] "POST /cormun/servlet/hlogin?ad6b2427f953560749152c124fc5051c,gx-no-cache=1522328807644 HTTP/1.1" 200 90
186.103.158.250 - - [29/Mar/2018:10:07:41 -0300] "GET /cormun/servlet/hpexe_link HTTP/1.1" 200 955
186.103.158.250 - - [29/Mar/2018:10:07:42 -0300] "GET /cormun/servlet/hhome HTTP/1.1" 200 4195
186.103.158.250 - - [29/Mar/2018:10:07:43 -0300] "GET /cormun/servlet/hhome HTTP/1.1" 200 4191
192.168.10.96 - - [29/Mar/2018:10:08:15 -0300] "POST /cormun/servlet/trsolicitudgral?590ac2a480cc5e7456482656fa3541c5,,gx-no-cache=1522328711497 HTTP/1.1" 200 26139
192.168.10.96 - - [29/Mar/2018:10:08:33 -0300] "POST /cormun/servlet/trsolicitudgral?590ac2a480cc5e7456482656fa3541c5,,gx-no-cache=1522328743783 HTTP/1.1" 200 5941
192.168.10.96 - - [29/Mar/2018:10:08:34 -0300] "POST /cormun/servlet/trsolicitudgral?590ac2a480cc5e7456482656fa3541c5,,gx-no-cache=1522328744687 HTTP/1.1" 200 5941
192.168.10.96 - - [29/Mar/2018:10:08:34 -0300] "POST /cormun/servlet/trsolicitudgral?590ac2a480cc5e7456482656fa3541c5,,gx-no-cache=1522328744897 HTTP/1.1" 200 5940
192.168.10.96 - - [29/Mar/2018:10:08:34 -0300] "POST /cormun/servlet/trsolicitudgral?590ac2a480cc5e7456482656fa3541c5,,gx-no-cache=1522328745135 HTTP/1.1" 200 5941
192.168.10.96 - - [29/Mar/2018:10:08:37 -0300] "POST /cormun/servlet/trsolicitudgral?590ac2a480cc5e7456482656fa3541c5,,gx-no-cache=1522328747864 HTTP/1.1" 200 8805
192.168.10.96 - - [29/Mar/2018:10:08:44 -0300] "POST /cormun/servlet/trsolicitudgral?590ac2a480cc5e7456482656fa3541c5,,gx-no-cache=1522328755097 HTTP/1.1" 200 5951
192.168.10.96 - - [29/Mar/2018:10:08:49 -0300] "POST /cormun/servlet/trsolicitudgral?590ac2a480cc5e7456482656fa3541c5,,gx-no-cache=1522328759870 HTTP/1.1" 200 5951
192.168.10.96 - - [29/Mar/2018:10:08:49 -0300] "POST /cormun/servlet/trsolicitudgral?590ac2a480cc5e7456482656fa3541c5,,gx-no-cache=1522328760104 HTTP/1.1" 200 5950
192.168.10.96 - - [29/Mar/2018:10:08:50 -0300] "POST /cormun/servlet/trsolicitudgral?590ac2a480cc5e7456482656fa3541c5,,gx-no-cache=1522328760294 HTTP/1.1" 200 5951
192.168.10.96 - - [29/Mar/2018:10:08:50 -0300] "POST /cormun/servlet/trsolicitudgral?590ac2a480cc5e7456482656fa3541c5,,gx-no-cache=1522328760646 HTTP/1.1" 200 5951
192.168.10.96 - - [29/Mar/2018:10:08:50 -0300] "POST /cormun/servlet/trsolicitudgral?590ac2a480cc5e7456482656fa3541c5,,gx-no-cache=1522328760888 HTTP/1.1" 200 5951
192.168.10.96 - - [29/Mar/2018:10:08:50 -0300] "POST /cormun/servlet/trsolicitudgral?590ac2a480cc5e7456482656fa3541c5,,gx-no-cache=1522328761071 HTTP/1.1" 200 5951
192.168.10.96 - - [29/Mar/2018:10:08:51 -0300] "POST /cormun/servlet/trsolicitudgral?590ac2a480cc5e7456482656fa3541c5,,gx-no-cache=1522328761247 HTTP/1.1" 200 5951
192.168.10.96 - - [29/Mar/2018:10:08:51 -0300] "POST /cormun/servlet/trsolicitudgral?590ac2a480cc5e7456482656fa3541c5,,gx-no-cache=1522328761819 HTTP/1.1" 200 5951
192.168.10.96 - - [29/Mar/2018:10:08:51 -0300] "POST /cormun/servlet/trsolicitudgral?590ac2a480cc5e7456482656fa3541c5,,gx-no-cache=1522328761988 HTTP/1.1" 200 5951
192.168.10.96 - - [29/Mar/2018:10:08:51 -0300] "POST /cormun/servlet/trsolicitudgral?590ac2a480cc5e7456482656fa3541c5,,gx-no-cache=1522328762163 HTTP/1.1" 200 5951
192.168.10.97 - - [29/Mar/2018:10:08:56 -0300] "GET /cormun/servlet/hlogin HTTP/1.1" 200 1722
192.168.10.97 - - [29/Mar/2018:10:09:00 -0300] "POST /cormun/servlet/hlogin?32041418fb250a2ec303002068e5c952,gx-no-cache=1522328770930 HTTP/1.1" 200 90
192.168.10.97 - - [29/Mar/2018:10:09:00 -0300] "GET /cormun/servlet/hpexe_link HTTP/1.1" 200 947
192.168.10.97 - - [29/Mar/2018:10:09:00 -0300] "GET /cormun/servlet/hhome HTTP/1.1" 200 4568
192.168.10.97 - - [29/Mar/2018:10:09:01 -0300] "GET /cormun/servlet/hhome HTTP/1.1" 200 4564
192.168.10.96 - - [29/Mar/2018:10:09:05 -0300] "POST /cormun/servlet/trsolicitudgral?590ac2a480cc5e7456482656fa3541c5,,gx-no-cache=1522328775323 HTTP/1.1" 200 5951
192.168.10.97 - - [29/Mar/2018:10:09:10 -0300] "GET /cormun/servlet/trsolicitudgral? HTTP/1.1" 200 10437
192.168.10.97 - - [29/Mar/2018:10:09:10 -0300] "GET /cormun/servlet/trsolicitudgral? HTTP/1.1" 200 10435
192.168.10.96 - - [29/Mar/2018:10:09:13 -0300] "POST /cormun/servlet/trsolicitudgral?590ac2a480cc5e7456482656fa3541c5,,gx-no-cache=1522328783251 HTTP/1.1" 200 5951
192.168.10.96 - - [29/Mar/2018:10:09:13 -0300] "POST /cormun/servlet/trsolicitudgral?590ac2a480cc5e7456482656fa3541c5,,gx-no-cache=1522328783467 HTTP/1.1" 200 5951
192.168.10.96 - - [29/Mar/2018:10:09:13 -0300] "POST /cormun/servlet/trsolicitudgral?590ac2a480cc5e7456482656fa3541c5,,gx-no-cache=1522328783652 HTTP/1.1" 200 5951
192.168.10.96 - - [29/Mar/2018:10:09:18 -0300] "POST /cormun/servlet/trsolicitudgral?590ac2a480cc5e7456482656fa3541c5,,gx-no-cache=1522328787844 HTTP/1.1" 200 24046
192.168.10.97 - - [29/Mar/2018:10:09:22 -0300] "POST /cormun/servlet/trsolicitudgral?32041418fb250a2ec303002068e5c952,,gx-no-cache=1522328792717 HTTP/1.1" 200 5914
192.168.10.97 - - [29/Mar/2018:10:09:34 -0300] "POST /cormun/servlet/trsolicitudgral?32041418fb250a2ec303002068e5c952,,gx-no-cache=1522328805090 HTTP/1.1" 200 7981
192.168.10.96 - - [29/Mar/2018:10:09:37 -0300] "POST /cormun/servlet/trsolicitudgral?590ac2a480cc5e7456482656fa3541c5,,gx-no-cache=1522328807151 HTTP/1.1" 200 9585
192.168.10.97 - - [29/Mar/2018:10:09:43 -0300] "POST /cormun/servlet/trsolicitudgral?32041418fb250a2ec303002068e5c952,,gx-no-cache=1522328813756 HTTP/1.1" 200 6140
192.168.10.97 - - [29/Mar/2018:10:09:43 -0300] "GET /cormun/static/Shared/jqueryui/images/ui-bg_highlight-soft_100_c6c2c8_1x100.png HTTP/1.1" 404 1117
192.168.10.97 - - [29/Mar/2018:10:09:43 -0300] "GET /cormun/static/Shared/jqueryui/images/ui-icons_82798d_256x240.png HTTP/1.1" 404 1089
192.168.10.97 - - [29/Mar/2018:10:09:43 -0300] "GET /cormun/static/Shared/jqueryui/images/ui-bg_flat_55_fafafa_40x100.png HTTP/1.1" 404 1097
192.168.10.96 - - [29/Mar/2018:10:09:43 -0300] "POST /cormun/servlet/trsolicitudgral?590ac2a480cc5e7456482656fa3541c5,,gx-no-cache=1522328813436 HTTP/1.1" 200 24046
192.168.10.97 - - [29/Mar/2018:10:09:43 -0300] "GET /cormun/static/Shared/jqueryui/images/ui-icons_8d78a5_256x240.png HTTP/1.1" 404 1089
186.103.158.250 - - [29/Mar/2018:10:09:54 -0300] "GET /cormun/servlet/trsolicitudot? HTTP/1.1" 200 8795
186.103.158.250 - - [29/Mar/2018:10:09:55 -0300] "GET /cormun/servlet/trsolicitudot? HTTP/1.1" 200 8793
186.103.158.250 - - [29/Mar/2018:10:10:00 -0300] "GET /cormun/servlet/solicitudot?INS,0,0, HTTP/1.1" 200 13646
186.103.158.250 - - [29/Mar/2018:10:10:02 -0300] "GET /cormun/servlet/solicitudot?INS,0,0, HTTP/1.1" 200 13651
192.168.10.97 - - [29/Mar/2018:10:10:06 -0300] "POST /cormun/servlet/trsolicitudgral?32041418fb250a2ec303002068e5c952,,gx-no-cache=1522328836730 HTTP/1.1" 200 5914
186.103.158.250 - - [29/Mar/2018:10:10:38 -0300] "POST /cormun/servlet/solicitudot?gx-no-cache=1522328984473 HTTP/1.1" 200 3414
186.103.158.250 - - [29/Mar/2018:10:10:38 -0300] "POST /cormun/servlet/solicitudot?ad6b2427f953560749152c124fc5051c,INS,0,0,,gx-no-cache=1522328984811 HTTP/1.1" 200 10596
192.168.10.97 - - [29/Mar/2018:10:10:50 -0300] "POST /cormun/servlet/trsolicitudgral?32041418fb250a2ec303002068e5c952,,gx-no-cache=1522328880591 HTTP/1.1" 200 5914
186.103.158.250 - - [29/Mar/2018:10:10:54 -0300] "GET /cormun/servlet/solicitudot?5eef36c9a4cf56ba638ee8b2c1920b21b6ecff893e48bc24e0b5ae95f156a3cdc182771ca68b1bb4202f4b30aa1f7329,gx-no-cache=1522329000523 HTTP/1.1" 200 111
186.103.158.250 - - [29/Mar/2018:10:10:54 -0300] "GET /cormun/static/Shared/jqueryui/images/ui-bg_highlight-soft_100_c6c2c8_1x100.png HTTP/1.1" 404 1117
186.103.158.250 - - [29/Mar/2018:10:10:54 -0300] "GET /cormun/static/Shared/jqueryui/images/ui-icons_82798d_256x240.png HTTP/1.1" 404 1089
186.103.158.250 - - [29/Mar/2018:10:10:54 -0300] "GET /cormun/static/Shared/jqueryui/images/ui-bg_flat_55_994d53_40x100.png HTTP/1.1" 404 1097
186.103.158.250 - - [29/Mar/2018:10:10:54 -0300] "GET /cormun/static/Shared/jqueryui/images/ui-icons_ebccce_256x240.png HTTP/1.1" 404 1089
186.103.158.250 - - [29/Mar/2018:10:10:54 -0300] "GET /cormun/servlet/solicitudot?5eef36c9a4cf56ba638ee8b2c1920b219f049982a30baf17fdca653e96200012ae52cb3a8ff831058f32a3d010fc9e0bd0d7d1d7da0b9c0cd2dd6b28b77faf77,gx-no-cache=1522329000699 HTTP/1.1" 200 30
186.103.158.250 - - [29/Mar/2018:10:10:54 -0300] "GET /cormun/servlet/solicitudot?5eef36c9a4cf56ba638ee8b2c1920b214bf74ca5fbe4f579e382bf375ec56820,gx-no-cache=1522329000744 HTTP/1.1" 200 123
186.103.158.250 - - [29/Mar/2018:10:10:54 -0300] "POST /cormun/servlet/solicitudot?gx-no-cache=1522329000812 HTTP/1.1" 200 297
186.103.158.250 - - [29/Mar/2018:10:10:55 -0300] "GET /cormun/servlet/solicitudot?5eef36c9a4cf56ba638ee8b2c1920b21520a435f9869eacfa75ef4aa932f102ee206c174319fc627df98fd70c1bdc6e05174c4669f074dbfce4f8d19f1dd3db21c8ee31cf43a26b5c1e0ec55d041e972e58376e1b494828030ffe15daf480dd14700acaeb49f9e20cd27b9ddbfee2123b36eaacfee2ff2b27b00395e60dd8ba307bd226d9753e462e22d038f2f9f7998fc8099b5ab71073d90281f7caf5970d22d0e53ded1af896f46266bb171fc15b8418dac37a52a7ee327c5b77c76ea4f957f272d443cf2056d29c591e68d216986ac053a7eb6a36509bf0b526795276f9797f0d83f7ed0acad0327f7c8af082734d721638e896751fe29297d3327e1bc3c9654c6a69a2b72beb938564307ff1f08d812052f21712fb1b230395f6953d72fcd4c82195b48261166494eea0ebc092a6badc5aeb6d0a271059f6250be50dae9b5c292675b5334cd5ad427a97904aeec5673961e6b3901ac2fb92ed14e0fafe66f8a60f9ba02e4ab9621aefd0804ade9cc13c044fead641c8763576128599b91cadb601f3bcdf61770aa0f2afa30f830,gx-no-cache=1522329000885 HTTP/1.1" 200 30
192.168.10.97 - - [29/Mar/2018:10:10:57 -0300] "POST /cormun/servlet/trsolicitudgral?32041418fb250a2ec303002068e5c952,,gx-no-cache=1522328887730 HTTP/1.1" 200 5915
186.103.158.250 - - [29/Mar/2018:10:10:57 -0300] "POST /cormun/servlet/solicitudot?gx-no-cache=1522329003544 HTTP/1.1" 200 30
186.103.158.250 - - [29/Mar/2018:10:11:00 -0300] "POST /cormun/servlet/solicitudot?gx-no-cache=1522329006571 HTTP/1.1" 200 1350
186.103.158.250 - - [29/Mar/2018:10:11:00 -0300] "POST /cormun/servlet/solicitudot?gx-no-cache=1522329006720 HTTP/1.1" 200 38
192.168.10.97 - - [29/Mar/2018:10:11:04 -0300] "POST /cormun/servlet/trsolicitudgral?32041418fb250a2ec303002068e5c952,,gx-no-cache=1522328894658 HTTP/1.1" 200 5913
201.215.248.160 - - [29/Mar/2018:10:11:10 -0300] "GET /cormun/servlet/hlogin HTTP/1.1" 200 1725
201.215.248.160 - - [29/Mar/2018:10:11:10 -0300] "GET /cormun/static/gxtimezone.js?85251 HTTP/1.1" 200 5781
201.215.248.160 - - [29/Mar/2018:10:11:10 -0300] "GET /cormun/static/gxcfg.js?20175251213516 HTTP/1.1" 200 953
201.215.248.160 - - [29/Mar/2018:10:11:10 -0300] "GET /cormun/static/Resources/Spanish/PXTools.css?11423723 HTTP/1.1" 200 89042
201.215.248.160 - - [29/Mar/2018:10:11:11 -0300] "GET /cormun/static/messages.spa.js?85251 HTTP/1.1" 200 30736
201.215.248.160 - - [29/Mar/2018:10:11:11 -0300] "GET /cormun/static/hlogin.js?20175251213537 HTTP/1.1" 200 2136
201.215.248.160 - - [29/Mar/2018:10:11:11 -0300] "GET /cormun/static/Resources/ComunLogin.png HTTP/1.1" 200 17326
201.215.248.160 - - [29/Mar/2018:10:11:11 -0300] "GET /cormun/static/gxgral.js?85251 HTTP/1.1" 200 384558
201.215.248.160 - - [29/Mar/2018:10:11:11 -0300] "GET /cormun/static/Resources/PXToolsLoginBottom.png HTTP/1.1" 200 1389
201.215.248.160 - - [29/Mar/2018:10:11:11 -0300] "GET /cormun/static/Resources/PXToolsButtonLeft21.png HTTP/1.1" 200 1287
201.215.248.160 - - [29/Mar/2018:10:11:11 -0300] "GET /cormun/static/Resources/PXToolsLoginBackground.png HTTP/1.1" 200 1164
201.215.248.160 - - [29/Mar/2018:10:11:11 -0300] "GET /cormun/static/Resources/PXToolsButtonBackground2.png HTTP/1.1" 200 1181
201.215.248.160 - - [29/Mar/2018:10:11:11 -0300] "GET /cormun/static/Resources/PXToolsLoginTop.png HTTP/1.1" 200 1337
201.215.248.160 - - [29/Mar/2018:10:11:11 -0300] "GET /cormun/static/Resources/PXToolsButtonRight21.png HTTP/1.1" 200 1283
201.215.248.160 - - [29/Mar/2018:10:11:11 -0300] "GET /cormun/static/Resources/indicator.gif HTTP/1.1" 200 1553
201.215.248.160 - - [29/Mar/2018:10:11:11 -0300] "GET /cormun/servlet/hlogin HTTP/1.1" 200 1730
192.168.10.97 - - [29/Mar/2018:10:11:12 -0300] "POST /cormun/servlet/trsolicitudgral?32041418fb250a2ec303002068e5c952,,gx-no-cache=1522328902336 HTTP/1.1" 200 5915
192.168.10.97 - - [29/Mar/2018:10:11:18 -0300] "POST /cormun/servlet/trsolicitudgral?32041418fb250a2ec303002068e5c952,,gx-no-cache=1522328908544 HTTP/1.1" 200 5918
