192.168.10.97 - - [29/Mar/2018:12:13:36 -0300] "GET /cormun/servlet/solicitudgral2?ea521846ec5ed5e084387a54ad24b6f50ce74a6c8faf02fc42fcc02fbeeea3b1c8d0eae0a56d43f908cce56e0b8f5cf72a0372a15260e52b1473d7c2df86248fa708577dc4c2596134e4e79f95960dda4c027382af851ec27d12f7e9aae56ef714464b6794ab298bad7a4d6888f61719,gx-no-cache=1522336246572 HTTP/1.1" 200 41
186.67.172.234 - - [29/Mar/2018:12:13:37 -0300] "GET /cormun/servlet/hlogin HTTP/1.1" 200 1739
192.168.10.89 - - [29/Mar/2018:12:14:10 -0300] "POST /cormun/servlet/trsolicitudgral?b64de73a72128cf06a637c72ede7d400,gx-no-cache=1522336280358 HTTP/1.1" 200 7272
192.168.10.97 - - [29/Mar/2018:12:14:26 -0300] "GET /cormun/servlet/trsolicitudgral? HTTP/1.1" 200 10393
192.168.10.97 - - [29/Mar/2018:12:14:27 -0300] "GET /cormun/servlet/trsolicitudgral? HTTP/1.1" 200 10393
192.168.10.62 - - [29/Mar/2018:12:14:29 -0300] "POST /cormun/servlet/vesolicitudgral?c366a821c50deeabfbd49055400b280e,2018,10704,,,gx-no-cache=1522336299680 HTTP/1.1" 200 11941
192.168.10.62 - - [29/Mar/2018:12:14:29 -0300] "GET /cormun/static/Shared/jqueryui/images/ui-bg_highlight-soft_100_c6c2c8_1x100.png HTTP/1.1" 404 1117
192.168.10.62 - - [29/Mar/2018:12:14:29 -0300] "GET /cormun/static/Shared/jqueryui/images/ui-icons_82798d_256x240.png HTTP/1.1" 404 1089
192.168.10.62 - - [29/Mar/2018:12:14:29 -0300] "GET /cormun/static/Shared/jqueryui/images/ui-icons_8d78a5_256x240.png HTTP/1.1" 404 1089
192.168.10.62 - - [29/Mar/2018:12:14:29 -0300] "GET /cormun/static/Shared/jqueryui/images/ui-bg_flat_55_fafafa_40x100.png HTTP/1.1" 404 1097
192.168.10.62 - - [29/Mar/2018:12:14:29 -0300] "POST /cormun/servlet/vesolicitudgral?c366a821c50deeabfbd49055400b280e,2018,10704,,,gx-no-cache=1522336299900 HTTP/1.1" 200 11875
192.168.10.62 - - [29/Mar/2018:12:14:35 -0300] "POST /cormun/servlet/vesolicitudgral?c366a821c50deeabfbd49055400b280e,2018,10704,,,gx-no-cache=1522336305423 HTTP/1.1" 200 90
192.168.10.62 - - [29/Mar/2018:12:14:35 -0300] "GET /cormun/servlet/hpexe_link HTTP/1.1" 200 968
192.168.10.62 - - [29/Mar/2018:12:14:35 -0300] "GET /cormun/servlet/trsolicitudgral HTTP/1.1" 200 20325
192.168.10.96 - - [29/Mar/2018:12:14:35 -0300] "GET /cormun/servlet/trsolicitudgral? HTTP/1.1" 200 10556
192.168.10.62 - - [29/Mar/2018:12:14:36 -0300] "GET /cormun/servlet/trsolicitudgral HTTP/1.1" 200 20323
192.168.10.96 - - [29/Mar/2018:12:14:36 -0300] "GET /cormun/servlet/trsolicitudgral? HTTP/1.1" 200 10550
192.168.10.62 - - [29/Mar/2018:12:14:41 -0300] "GET /cormun/servlet/vesolicitudgral?2018,10842,, HTTP/1.1" 200 9036
192.168.10.62 - - [29/Mar/2018:12:14:42 -0300] "GET /cormun/pexe_scrolldiv.js HTTP/1.1" 404 1009
192.168.10.62 - - [29/Mar/2018:12:14:42 -0300] "GET /cormun/pexe_scrolldiv.js HTTP/1.1" 404 1009
192.168.10.62 - - [29/Mar/2018:12:14:42 -0300] "GET /cormun/servlet/vesolicitudgral?2018,10842,, HTTP/1.1" 200 9036
192.168.10.97 - - [29/Mar/2018:12:14:44 -0300] "POST /cormun/servlet/trsolicitudgral?13a8b9a1af672f94f3a35eb65f10bcb5,,gx-no-cache=1522336314541 HTTP/1.1" 200 5923
192.168.10.62 - - [29/Mar/2018:12:14:44 -0300] "POST /cormun/servlet/vesolicitudgral?c366a821c50deeabfbd49055400b280e,2018,10842,,,gx-no-cache=1522336315154 HTTP/1.1" 200 116
192.168.10.62 - - [29/Mar/2018:12:14:45 -0300] "GET /cormun/servlet/solicitudotlog?INS,2018,10842,0,REC, HTTP/1.1" 200 6309
192.168.10.62 - - [29/Mar/2018:12:14:45 -0300] "GET /cormun/servlet/solicitudotlog?INS,2018,10842,0,REC, HTTP/1.1" 200 6304
192.168.10.62 - - [29/Mar/2018:12:14:45 -0300] "GET /cormun/servlet/solicitudotlog?c79532d5a6ed0c6aca3bcb7484a89d208acbc1e63966f13d9ed871a4cbba8d0a40a4d7c52b9fc4bc8cf7739410d3e52c2cccfd33b970f48682359fdc9dd10ed18a417946243e329c4fa086ed0ee6ce75e84ae0128f2e1b28e6310f031bc40928862dc96dba2628af60f53e77e08e43c3901d9dd107935946717c4a2427434bed1c660c9c3698bc7676db5afbbfebc987ec48d7face95a5d9db712d3433c9afab,gx-no-cache=1522336316080 HTTP/1.1" 200 94
192.168.10.62 - - [29/Mar/2018:12:14:51 -0300] "POST /cormun/servlet/solicitudotlog?c366a821c50deeabfbd49055400b280e,INS,2018,10842,0,REC,,gx-no-cache=1522336321485 HTTP/1.1" 200 93
192.168.10.62 - - [29/Mar/2018:12:14:51 -0300] "GET /cormun/servlet/hpexe_return? HTTP/1.1" 200 1028
192.168.10.62 - - [29/Mar/2018:12:14:51 -0300] "GET /cormun/servlet/vesolicitudgral?2018,10842,, HTTP/1.1" 200 9046
192.168.10.62 - - [29/Mar/2018:12:14:51 -0300] "GET /cormun/pexe_scrolldiv.js HTTP/1.1" 404 1009
192.168.10.62 - - [29/Mar/2018:12:14:51 -0300] "GET /cormun/pexe_scrolldiv.js HTTP/1.1" 404 1009
192.168.10.62 - - [29/Mar/2018:12:14:51 -0300] "GET /cormun/servlet/vesolicitudgral?2018,10842,, HTTP/1.1" 200 9042
192.168.10.97 - - [29/Mar/2018:12:14:54 -0300] "POST /cormun/servlet/trsolicitudgral?13a8b9a1af672f94f3a35eb65f10bcb5,,gx-no-cache=1522336324651 HTTP/1.1" 200 11752
192.168.10.62 - - [29/Mar/2018:12:14:55 -0300] "POST /cormun/servlet/vesolicitudgral?c366a821c50deeabfbd49055400b280e,2018,10842,,,gx-no-cache=1522336325967 HTTP/1.1" 200 93
192.168.10.62 - - [29/Mar/2018:12:14:55 -0300] "GET /cormun/servlet/hpexe_return? HTTP/1.1" 200 1013
192.168.10.62 - - [29/Mar/2018:12:14:56 -0300] "GET /cormun/servlet/trsolicitudgral HTTP/1.1" 200 19973
192.168.10.62 - - [29/Mar/2018:12:14:56 -0300] "GET /cormun/servlet/trsolicitudgral HTTP/1.1" 200 19968
192.168.10.62 - - [29/Mar/2018:12:15:01 -0300] "GET /cormun/servlet/vesolicitudgral?2018,10545,, HTTP/1.1" 200 9084
192.168.10.62 - - [29/Mar/2018:12:15:01 -0300] "GET /cormun/pexe_scrolldiv.js HTTP/1.1" 404 1009
192.168.10.62 - - [29/Mar/2018:12:15:01 -0300] "GET /cormun/pexe_scrolldiv.js HTTP/1.1" 404 1009
192.168.10.62 - - [29/Mar/2018:12:15:01 -0300] "GET /cormun/servlet/vesolicitudgral?2018,10545,, HTTP/1.1" 200 9083
192.168.10.96 - - [29/Mar/2018:12:15:03 -0300] "POST /cormun/servlet/trsolicitudgral?9c0f490c3765cd7839e3b404d2a46331,,gx-no-cache=1522336333463 HTTP/1.1" 200 7316
192.168.10.97 - - [29/Mar/2018:12:15:05 -0300] "POST /cormun/servlet/trsolicitudgral?13a8b9a1af672f94f3a35eb65f10bcb5,,gx-no-cache=1522336335531 HTTP/1.1" 200 5923
192.168.10.62 - - [29/Mar/2018:12:15:06 -0300] "POST /cormun/servlet/vesolicitudgral?c366a821c50deeabfbd49055400b280e,2018,10545,,,gx-no-cache=1522336336871 HTTP/1.1" 200 116
192.168.10.62 - - [29/Mar/2018:12:15:06 -0300] "GET /cormun/servlet/solicitudotlog?INS,2018,10545,0,REC, HTTP/1.1" 200 6309
192.168.10.62 - - [29/Mar/2018:12:15:07 -0300] "GET /cormun/servlet/solicitudotlog?INS,2018,10545,0,REC, HTTP/1.1" 200 6304
192.168.10.62 - - [29/Mar/2018:12:15:07 -0300] "GET /cormun/servlet/solicitudotlog?c79532d5a6ed0c6aca3bcb7484a89d2089d7011d442b56ce2760e4bb8f5528f040a4d7c52b9fc4bc8cf7739410d3e52c2cccfd33b970f48682359fdc9dd10ed18a417946243e329c4fa086ed0ee6ce75e84ae0128f2e1b28e6310f031bc40928862dc96dba2628af60f53e77e08e43c3901d9dd107935946717c4a2427434bed1c660c9c3698bc7676db5afbbfebc987ec48d7face95a5d9db712d3433c9afab,gx-no-cache=1522336337787 HTTP/1.1" 200 94
192.168.10.96 - - [29/Mar/2018:12:15:24 -0300] "GET /cormun/servlet/solicitudgral?UPD,2018,8163, HTTP/1.1" 200 13106
192.168.10.96 - - [29/Mar/2018:12:15:24 -0300] "GET /cormun/static/gxcfg.js?20181911354237 HTTP/1.1" 304 -
192.168.10.96 - - [29/Mar/2018:12:15:25 -0300] "GET /cormun/servlet/solicitudgral?UPD,2018,8163, HTTP/1.1" 200 13115
192.168.10.62 - - [29/Mar/2018:12:15:25 -0300] "POST /cormun/servlet/solicitudotlog?c366a821c50deeabfbd49055400b280e,INS,2018,10545,0,REC,,gx-no-cache=1522336355598 HTTP/1.1" 200 93
192.168.10.62 - - [29/Mar/2018:12:15:25 -0300] "GET /cormun/servlet/hpexe_return? HTTP/1.1" 200 1028
192.168.10.62 - - [29/Mar/2018:12:15:25 -0300] "GET /cormun/servlet/vesolicitudgral?2018,10545,, HTTP/1.1" 200 9097
192.168.10.62 - - [29/Mar/2018:12:15:25 -0300] "GET /cormun/pexe_scrolldiv.js HTTP/1.1" 404 1009
192.168.10.62 - - [29/Mar/2018:12:15:25 -0300] "GET /cormun/pexe_scrolldiv.js HTTP/1.1" 404 1009
192.168.10.96 - - [29/Mar/2018:12:15:25 -0300] "POST /cormun/servlet/solicitudgral?gx-no-cache=1522336355956 HTTP/1.1" 200 3977
192.168.10.96 - - [29/Mar/2018:12:15:25 -0300] "GET /cormun/static/Shared/jqueryui/images/ui-bg_highlight-soft_100_c6c2c8_1x100.png HTTP/1.1" 404 1117
192.168.10.96 - - [29/Mar/2018:12:15:25 -0300] "GET /cormun/static/Shared/jqueryui/images/ui-icons_82798d_256x240.png HTTP/1.1" 404 1089
192.168.10.96 - - [29/Mar/2018:12:15:25 -0300] "GET /cormun/static/Shared/jqueryui/images/ui-bg_flat_55_994d53_40x100.png HTTP/1.1" 404 1097
192.168.10.96 - - [29/Mar/2018:12:15:25 -0300] "GET /cormun/static/Shared/jqueryui/images/ui-icons_ebccce_256x240.png HTTP/1.1" 404 1089
192.168.10.96 - - [29/Mar/2018:12:15:25 -0300] "GET /cormun/servlet/solicitudgral?96e595ca637977b2835464afb7c28d9854e6311f70cf18856849ba90874a8324c3fc2de13dcbbd11687f9d69b0f83d8b21056cae5c445dfc0522311f3db864ee3515bc4711367ac260ab23de731d9df28b02769c71a70652529cea5fbd551ae57cfd45e7a1573ce1f4f055bcc5873769b217d5bed6306ad4869157234dab2f78f478b2788ed1a6833eb94cdce1b7af454a85aa66a112835a1e5cdc0263f49332061ee93248c2a2aeca8e69df0c972ba40067566ec4c89997cd8879379f3b3931254377ed10cefcb64bb839076b7042430355283079b9476a7728d79897afae62bb9bf49d529dfaf87932e060bdb803aed9716bd4a2861da54fb3aad36cd620e71128f6cafc5a7b62e04e51ba838a39640dc4c985583d5daa04efff09da7dc2b1856d754aced008f8fa88060f1878c2174f85320fe2c885d010933eff09e9c29e76823650bcf2edab9aa748ae2639b4ec,gx-no-cache=1522336356112 HTTP/1.1" 200 255
192.168.10.62 - - [29/Mar/2018:12:15:25 -0300] "GET /cormun/servlet/vesolicitudgral?2018,10545,, HTTP/1.1" 200 9088
192.168.10.62 - - [29/Mar/2018:12:15:27 -0300] "POST /cormun/servlet/vesolicitudgral?c366a821c50deeabfbd49055400b280e,2018,10545,,,gx-no-cache=1522336357329 HTTP/1.1" 200 93
192.168.10.62 - - [29/Mar/2018:12:15:27 -0300] "GET /cormun/servlet/hpexe_return? HTTP/1.1" 200 1013
192.168.10.96 - - [29/Mar/2018:12:15:27 -0300] "GET /cormun/servlet/solicitudgral?96e595ca637977b2835464afb7c28d98c42f775b898d6caf0e3c963c75a85643c122686a59f98879012cc357ec27498f1128f6cafc5a7b62e04e51ba838a39646f1fed6f94ff2258d06e170e649f0dffd8aaadff6402932789fb56290e7c318a4b8d6d7da300c7a524e0f826c68a1cb21c3f28e856ab909bf712cf00689735bbaf44f583c25fba2b3bd097004f347c2e72ad0bcc27593d605ffd0792091bf584ee0c5ea8f0c67a719cbea94a516a3b914d63a818004351c3d02f6c48eac3de21a6ab017b4f45eff9e87e1e940b23762e20aa8176f9dfb2a03e119052aef071b40c19fe593981df3f416d29ae2e9697d41d5528fd9084e1d7e074d366fbeb2dfcb53a70fa2bdaea261d996319bad11b1f204fa30cc1b83f1cd167236531d1bbca4ff9362da2886cb2031dccaf21843269bd8388909863ef9589a13198e9d3e8e8983a41c5f68645576891bb1d747a2a91db1fe75fa0a5dbdbf49267779c836e80b53a70fa2bdaea261d996319bad11b1f0483f5a9c586fc9f10230c919e076267156767bda5b88008fef8cd2669ee157b2aa34a0e3988043c0aede914e5bc2d65e08e01ae1bc81dd8fa2a7ad7cfa654a3,gx-no-cache=1522336357476 HTTP/1.1" 200 48
192.168.10.62 - - [29/Mar/2018:12:15:27 -0300] "GET /cormun/servlet/trsolicitudgral HTTP/1.1" 200 19482
192.168.10.96 - - [29/Mar/2018:12:15:27 -0300] "POST /cormun/servlet/solicitudgral?9c0f490c3765cd7839e3b404d2a46331,UPD,2018,8163,,gx-no-cache=1522336358117 HTTP/1.1" 200 11825
192.168.10.96 - - [29/Mar/2018:12:15:28 -0300] "GET /cormun/servlet/solicitudgral?96e595ca637977b2835464afb7c28d98c562c115de8f240f26a512079c6cde92de824e19a9ad500e0ac844d5bd72152b521e9e6ea531166857171281c2588f84c3d7780ecd9e44a94f661b4a1698d25c8b6b4bfda16fa17b388c1d1e09f9f99510c7111f3af29fa867a71788c46201a34bb3c57929d6b7270ec4796a397ef0fd9f34292f09b921bff40ef3beea9457165fc76553fdfbaae693e474ca929b8543f792f80af13c75192ab06d858422dbdec8480503f14aea908b63d8d6f134efc91a3bf8881c82c4ef5b5e00b82acefb94,gx-no-cache=1522336358332 HTTP/1.1" 200 29
192.168.10.96 - - [29/Mar/2018:12:15:28 -0300] "POST /cormun/servlet/solicitudgral?gx-no-cache=1522336358346 HTTP/1.1" 200 1310
192.168.10.96 - - [29/Mar/2018:12:15:28 -0300] "POST /cormun/servlet/solicitudgral?gx-no-cache=1522336358379 HTTP/1.1" 200 1231
192.168.10.62 - - [29/Mar/2018:12:15:28 -0300] "GET /cormun/servlet/trsolicitudgral HTTP/1.1" 200 19477
192.168.10.96 - - [29/Mar/2018:12:15:28 -0300] "POST /cormun/servlet/solicitudgral?9c0f490c3765cd7839e3b404d2a46331,UPD,2018,8163,,gx-no-cache=1522336358418 HTTP/1.1" 200 12029
192.168.10.96 - - [29/Mar/2018:12:15:30 -0300] "POST /cormun/servlet/solicitudgral?9c0f490c3765cd7839e3b404d2a46331,UPD,2018,8163,,gx-no-cache=1522336360739 HTTP/1.1" 200 12029
192.168.10.96 - - [29/Mar/2018:12:15:30 -0300] "POST /cormun/servlet/solicitudgral?9c0f490c3765cd7839e3b404d2a46331,UPD,2018,8163,,gx-no-cache=1522336360962 HTTP/1.1" 200 12029
192.168.10.96 - - [29/Mar/2018:12:15:31 -0300] "POST /cormun/servlet/solicitudgral?9c0f490c3765cd7839e3b404d2a46331,UPD,2018,8163,,gx-no-cache=1522336361164 HTTP/1.1" 200 12029
192.168.10.96 - - [29/Mar/2018:12:15:31 -0300] "POST /cormun/servlet/solicitudgral?9c0f490c3765cd7839e3b404d2a46331,UPD,2018,8163,,gx-no-cache=1522336361361 HTTP/1.1" 200 12029
192.168.10.96 - - [29/Mar/2018:12:15:31 -0300] "POST /cormun/servlet/solicitudgral?9c0f490c3765cd7839e3b404d2a46331,UPD,2018,8163,,gx-no-cache=1522336361779 HTTP/1.1" 200 12029
192.168.10.96 - - [29/Mar/2018:12:15:33 -0300] "POST /cormun/servlet/solicitudgral?9c0f490c3765cd7839e3b404d2a46331,UPD,2018,8163,,gx-no-cache=1522336363419 HTTP/1.1" 200 93
192.168.10.96 - - [29/Mar/2018:12:15:33 -0300] "GET /cormun/servlet/hpexe_return? HTTP/1.1" 200 1018
192.168.10.96 - - [29/Mar/2018:12:15:33 -0300] "GET /cormun/servlet/trsolicitudgral? HTTP/1.1" 200 10566
192.168.10.96 - - [29/Mar/2018:12:15:33 -0300] "GET /cormun/servlet/trsolicitudgral? HTTP/1.1" 200 10562
186.103.157.98 - - [29/Mar/2018:12:16:01 -0300] "GET /cormun/servlet/hlogin HTTP/1.1" 200 1733
186.103.157.98 - - [29/Mar/2018:12:16:01 -0300] "GET /cormun/static/Resources/PXToolsButtonLeft21.png HTTP/1.1" 304 -
186.103.157.98 - - [29/Mar/2018:12:16:01 -0300] "GET /cormun/static/Resources/PXToolsButtonBackground2.png HTTP/1.1" 304 -
186.103.157.98 - - [29/Mar/2018:12:16:01 -0300] "GET /cormun/static/Resources/PXToolsButtonRight21.png HTTP/1.1" 304 -
186.103.157.98 - - [29/Mar/2018:12:16:01 -0300] "GET /cormun/servlet/hlogin HTTP/1.1" 200 1737
186.103.157.98 - - [29/Mar/2018:12:16:20 -0300] "POST /cormun/servlet/hlogin?454763f57a86ee11849a300483c8f9df,gx-no-cache=1522336529448 HTTP/1.1" 200 90
186.103.157.98 - - [29/Mar/2018:12:16:20 -0300] "GET /cormun/servlet/hpexe_link HTTP/1.1" 200 958
186.103.157.98 - - [29/Mar/2018:12:16:21 -0300] "GET /cormun/servlet/hhome HTTP/1.1" 200 4258
186.103.157.98 - - [29/Mar/2018:12:16:21 -0300] "GET /cormun/static/Resources/PXToolsFooterBackground2.png HTTP/1.1" 304 -
186.103.157.98 - - [29/Mar/2018:12:16:21 -0300] "GET /cormun/static/Resources/PXToolsHeaderBackground2.png HTTP/1.1" 304 -
186.103.157.98 - - [29/Mar/2018:12:16:21 -0300] "GET /cormun/static/Resources/logo4.png HTTP/1.1" 304 -
186.103.157.98 - - [29/Mar/2018:12:16:21 -0300] "GET /cormun/servlet/hhome HTTP/1.1" 200 4254
186.103.157.98 - - [29/Mar/2018:12:16:31 -0300] "GET /cormun/servlet/trvisualizadoreventos? HTTP/1.1" 200 7018
186.103.157.98 - - [29/Mar/2018:12:16:31 -0300] "GET /cormun/static/gxcfg.js?20175251251426 HTTP/1.1" 304 -
186.103.157.98 - - [29/Mar/2018:12:16:31 -0300] "GET /cormun/static/trvisualizadoreventos.js?20175251251768 HTTP/1.1" 304 -
186.103.157.98 - - [29/Mar/2018:12:16:31 -0300] "GET /cormun/servlet/trvisualizadoreventos? HTTP/1.1" 200 7019
186.103.157.98 - - [29/Mar/2018:12:16:40 -0300] "GET /cormun/servlet/trcontratounov2? HTTP/1.1" 200 17723
186.103.157.98 - - [29/Mar/2018:12:16:41 -0300] "GET /cormun/servlet/trcontratounov2? HTTP/1.1" 200 17703
186.103.157.235 - - [29/Mar/2018:12:16:50 -0300] "GET /cormun/servlet/hlogin HTTP/1.1" 200 1719
186.103.157.235 - - [29/Mar/2018:12:16:50 -0300] "GET /cormun/static/Resources/PXToolsLoginBackground.png HTTP/1.1" 200 1164
186.103.157.235 - - [29/Mar/2018:12:16:50 -0300] "GET /cormun/static/Resources/PXToolsLoginBottom.png HTTP/1.1" 200 1389
186.103.157.235 - - [29/Mar/2018:12:16:50 -0300] "GET /cormun/static/Resources/PXToolsButtonLeft21.png HTTP/1.1" 200 1287
186.103.157.235 - - [29/Mar/2018:12:16:50 -0300] "GET /cormun/static/Resources/PXToolsButtonBackground2.png HTTP/1.1" 200 1181
186.103.157.235 - - [29/Mar/2018:12:16:50 -0300] "GET /cormun/static/Resources/PXToolsButtonRight21.png HTTP/1.1" 200 1283
186.103.157.235 - - [29/Mar/2018:12:16:50 -0300] "GET /cormun/static/Resources/PXToolsLoginTop.png HTTP/1.1" 200 1337
186.103.157.235 - - [29/Mar/2018:12:16:50 -0300] "GET /cormun/servlet/hlogin HTTP/1.1" 200 1730
186.103.157.235 - - [29/Mar/2018:12:16:50 -0300] "GET /favicon.ico HTTP/1.1" 200 21630
186.103.157.235 - - [29/Mar/2018:12:17:00 -0300] "POST /cormun/servlet/hlogin?fcb8961b851b335555e3adf43afc3947,gx-no-cache=1522336569274 HTTP/1.1" 200 90
186.103.157.235 - - [29/Mar/2018:12:17:00 -0300] "GET /cormun/servlet/hpexe_link HTTP/1.1" 200 949
186.103.157.235 - - [29/Mar/2018:12:17:00 -0300] "GET /cormun/servlet/hhome HTTP/1.1" 200 4224
186.103.157.235 - - [29/Mar/2018:12:17:00 -0300] "GET /cormun/static/PXToolsJavascripts/pexe_menudivfix.js HTTP/1.1" 200 333
186.103.157.235 - - [29/Mar/2018:12:17:00 -0300] "GET /cormun/static/gxcfg.js?20175251212442 HTTP/1.1" 200 953
186.103.157.235 - - [29/Mar/2018:12:17:00 -0300] "GET /cormun/static/PXToolsJavascripts/pexe_cookies.js HTTP/1.1" 200 792
186.103.157.235 - - [29/Mar/2018:12:17:00 -0300] "GET /cormun/static/PXToolsJavascripts/pexe_oavdivfix.js HTTP/1.1" 200 639
186.103.157.235 - - [29/Mar/2018:12:17:00 -0300] "GET /cormun/static/PXToolsJavascripts/pexe_picture.js HTTP/1.1" 200 689
186.103.157.235 - - [29/Mar/2018:12:17:00 -0300] "GET /cormun/static/PXToolsJavascripts/pexe_oav.js HTTP/1.1" 200 645
186.103.157.235 - - [29/Mar/2018:12:17:00 -0300] "GET /cormun/static/PXToolsJavascripts/pexe_tabdivfix.js HTTP/1.1" 200 876
186.103.157.235 - - [29/Mar/2018:12:17:00 -0300] "GET /cormun/static/PXToolsJavascripts/PXToolsJavascriptsRender.js HTTP/1.1" 200 367
186.103.157.235 - - [29/Mar/2018:12:17:00 -0300] "GET /cormun/static/RunJS/RunJS.js HTTP/1.1" 200 288
186.103.157.235 - - [29/Mar/2018:12:17:00 -0300] "GET /cormun/static/hhome.js?20175251212450 HTTP/1.1" 200 777
186.103.157.235 - - [29/Mar/2018:12:17:00 -0300] "GET /cormun/static/Resources/PXToolsHeaderSecurity.png HTTP/1.1" 200 4166
186.103.157.235 - - [29/Mar/2018:12:17:00 -0300] "GET /cormun/static/Resources/logo4.png HTTP/1.1" 200 6582
186.103.157.235 - - [29/Mar/2018:12:17:00 -0300] "GET /cormun/static/Resources/PXToolsHeaderActionsBackground.png HTTP/1.1" 200 484
186.103.157.235 - - [29/Mar/2018:12:17:00 -0300] "GET /cormun/static/Resources/PXToolsDataTitle.png HTTP/1.1" 200 1173
186.103.157.235 - - [29/Mar/2018:12:17:00 -0300] "GET /cormun/static/Resources/PXToolsFooterBackground2.png HTTP/1.1" 200 1172
186.103.157.235 - - [29/Mar/2018:12:17:00 -0300] "GET /cormun/static/Resources/PXToolsHeaderBackground2.png HTTP/1.1" 200 1174
186.103.157.235 - - [29/Mar/2018:12:17:00 -0300] "GET /cormun/static/Resources/PXToolsHeaderHome.png HTTP/1.1" 200 4147
186.103.157.235 - - [29/Mar/2018:12:17:00 -0300] "GET /cormun/static/Resources/PXToolsHeaderActionsLeft.png HTTP/1.1" 200 1118
186.103.157.235 - - [29/Mar/2018:12:17:00 -0300] "GET /cormun/static/Resources/PXToolsHeaderPreferences.png HTTP/1.1" 200 4189
186.103.157.235 - - [29/Mar/2018:12:17:00 -0300] "GET /cormun/static/Resources/PXToolsHeaderActionsRight.png HTTP/1.1" 200 1201
186.103.157.235 - - [29/Mar/2018:12:17:00 -0300] "GET /cormun/static/Resources/PXToolsHeaderLogin.png HTTP/1.1" 200 4279
186.103.157.235 - - [29/Mar/2018:12:17:00 -0300] "GET /cormun/static/hpexe_messagecontroller.js?20177611595012 HTTP/1.1" 200 870
186.103.157.235 - - [29/Mar/2018:12:17:00 -0300] "GET /cormun/static/hpexe_messagepopupcomponent.js?20161017169425 HTTP/1.1" 200 605
186.103.157.235 - - [29/Mar/2018:12:17:00 -0300] "GET /cormun/static/hpexe_messagegenexuscomponent.js?201752511465344 HTTP/1.1" 200 587
186.103.157.235 - - [29/Mar/2018:12:17:01 -0300] "GET /cormun/servlet/hhome HTTP/1.1" 200 4221
186.103.157.235 - - [29/Mar/2018:12:17:01 -0300] "GET /cormun/static/SmoothNavMenu/resources/images/right.gif HTTP/1.1" 200 860
186.103.157.235 - - [29/Mar/2018:12:17:01 -0300] "GET /cormun/static/SmoothNavMenu/resources/images/down.gif HTTP/1.1" 200 854
186.103.157.235 - - [29/Mar/2018:12:17:04 -0300] "GET /cormun/servlet/trcontratosolicitud? HTTP/1.1" 200 14760
186.103.157.235 - - [29/Mar/2018:12:17:04 -0300] "GET /cormun/static/gxcfg.js?20177612214014 HTTP/1.1" 200 953
186.103.157.235 - - [29/Mar/2018:12:17:04 -0300] "GET /cormun/static/trcontratosolicitud.js?20177612214349 HTTP/1.1" 200 28237
186.103.157.235 - - [29/Mar/2018:12:17:05 -0300] "GET /cormun//static/Resources/PXToolsActionDisabled.gif HTTP/1.1" 200 53
186.103.157.235 - - [29/Mar/2018:12:17:05 -0300] "GET /cormun//static/Resources/PXToolsGridNew.png HTTP/1.1" 200 2949
186.103.157.235 - - [29/Mar/2018:12:17:05 -0300] "GET /cormun/servlet/trcontratosolicitud? HTTP/1.1" 200 14763
192.168.10.96 - - [29/Mar/2018:12:17:11 -0300] "POST /cormun/servlet/trsolicitudgral?9c0f490c3765cd7839e3b404d2a46331,,gx-no-cache=1522336461312 HTTP/1.1" 200 7280
192.168.10.96 - - [29/Mar/2018:12:17:16 -0300] "GET /cormun/servlet/vesolicitudgral?2018,10605,, HTTP/1.1" 200 9310
192.168.10.96 - - [29/Mar/2018:12:17:16 -0300] "GET /cormun/pexe_scrolldiv.js HTTP/1.1" 404 1009
192.168.10.96 - - [29/Mar/2018:12:17:16 -0300] "GET /cormun/pexe_scrolldiv.js HTTP/1.1" 404 1009
192.168.10.96 - - [29/Mar/2018:12:17:17 -0300] "GET /cormun/servlet/vesolicitudgral?2018,10605,, HTTP/1.1" 200 9309
186.103.157.235 - - [29/Mar/2018:12:17:17 -0300] "GET /cormun/servlet/trsolicitudot? HTTP/1.1" 200 7438
186.103.157.235 - - [29/Mar/2018:12:17:17 -0300] "GET /cormun/static/gxcfg.js?2017111422585916 HTTP/1.1" 200 953
186.103.157.235 - - [29/Mar/2018:12:17:18 -0300] "GET /cormun/servlet/trsolicitudot? HTTP/1.1" 200 7437
186.103.157.235 - - [29/Mar/2018:12:17:19 -0300] "GET /cormun/static/menuarrow.gif HTTP/1.1" 404 1015
186.103.157.98 - - [29/Mar/2018:12:17:39 -0300] "POST /cormun/servlet/trcontratounov2?454763f57a86ee11849a300483c8f9df,,gx-no-cache=1522336607566 HTTP/1.1" 200 15236
186.103.157.98 - - [29/Mar/2018:12:17:46 -0300] "POST /cormun/servlet/trcontratounov2?454763f57a86ee11849a300483c8f9df,,gx-no-cache=1522336615265 HTTP/1.1" 200 6315
186.103.157.98 - - [29/Mar/2018:12:17:46 -0300] "GET /cormun/static/Resources/PXToolsGridFirst.gif HTTP/1.1" 200 379
186.103.157.98 - - [29/Mar/2018:12:17:46 -0300] "GET /cormun/static/Resources/PXToolsGridPrevious.gif HTTP/1.1" 200 369
186.103.157.235 - - [29/Mar/2018:12:17:47 -0300] "POST /cormun/servlet/trsolicitudot?fcb8961b851b335555e3adf43afc3947,,gx-no-cache=1522336616007 HTTP/1.1" 200 4471
186.103.157.235 - - [29/Mar/2018:12:17:54 -0300] "POST /cormun/servlet/trsolicitudot?fcb8961b851b335555e3adf43afc3947,,gx-no-cache=1522336623379 HTTP/1.1" 200 4472
192.168.10.96 - - [29/Mar/2018:12:17:59 -0300] "GET /cormun/servlet/trsolicitudgral? HTTP/1.1" 200 10540
192.168.10.96 - - [29/Mar/2018:12:17:59 -0300] "GET /cormun/servlet/trsolicitudgral? HTTP/1.1" 200 10540
186.103.157.235 - - [29/Mar/2018:12:18:01 -0300] "POST /cormun/servlet/trsolicitudot?fcb8961b851b335555e3adf43afc3947,,gx-no-cache=1522336629366 HTTP/1.1" 200 23869
186.103.157.235 - - [29/Mar/2018:12:18:01 -0300] "GET /cormun/static/Resources/PXToolsGridNext.gif HTTP/1.1" 200 369
186.103.157.235 - - [29/Mar/2018:12:18:01 -0300] "GET /cormun//static/Resources/PXToolsActionView.png HTTP/1.1" 200 2995
186.103.157.235 - - [29/Mar/2018:12:18:01 -0300] "GET /cormun/static/Resources/PXToolsGridLast.gif HTTP/1.1" 200 370
186.103.157.235 - - [29/Mar/2018:12:18:01 -0300] "GET /cormun//static/Resources/PXToolsGridUpdate.png HTTP/1.1" 200 2984
186.103.157.235 - - [29/Mar/2018:12:18:01 -0300] "GET /cormun//static/Resources/PXToolsGridDelete.png HTTP/1.1" 200 357
186.103.157.235 - - [29/Mar/2018:12:18:01 -0300] "GET /cormun//static/Resources/PXToolsRemoveAllAction.png HTTP/1.1" 200 3558
192.168.10.96 - - [29/Mar/2018:12:18:17 -0300] "POST /cormun/servlet/trsolicitudgral?9c0f490c3765cd7839e3b404d2a46331,,gx-no-cache=1522336527828 HTTP/1.1" 200 7638
192.168.10.96 - - [29/Mar/2018:12:18:21 -0300] "GET /cormun/servlet/vesolicitudgral?2018,9979,, HTTP/1.1" 200 9309
192.168.10.96 - - [29/Mar/2018:12:18:21 -0300] "GET /cormun/pexe_scrolldiv.js HTTP/1.1" 404 1009
192.168.10.96 - - [29/Mar/2018:12:18:21 -0300] "GET /cormun/pexe_scrolldiv.js HTTP/1.1" 404 1009
192.168.10.96 - - [29/Mar/2018:12:18:21 -0300] "GET /cormun/servlet/vesolicitudgral?2018,9979,, HTTP/1.1" 200 9308
192.168.10.96 - - [29/Mar/2018:12:18:23 -0300] "GET /cormun/servlet/vesolicitudgral?2018,9979,,SolicitudOTLog HTTP/1.1" 200 10375
192.168.10.96 - - [29/Mar/2018:12:18:23 -0300] "GET /cormun/pexe_scrolldiv.js HTTP/1.1" 404 1009
192.168.10.96 - - [29/Mar/2018:12:18:23 -0300] "GET /cormun/pexe_scrolldiv.js HTTP/1.1" 404 1009
192.168.10.96 - - [29/Mar/2018:12:18:23 -0300] "GET /cormun/servlet/vesolicitudgral?2018,9979,,SolicitudOTLog HTTP/1.1" 200 10377
192.168.10.96 - - [29/Mar/2018:12:18:24 -0300] "POST /cormun/servlet/acontrolpreferencessavestate?None,DZAMUDIO,true HTTP/1.1" 200 35
186.67.172.234 - - [29/Mar/2018:12:18:27 -0300] "POST /cormun/servlet/trcontratounov2?a46bd88541f1a4710cb79b2a53e07ecc,,gx-no-cache=1522336654370 HTTP/1.1" 440 972
186.67.172.234 - - [29/Mar/2018:12:18:30 -0300] "GET /cormun/servlet/trcontratounov2? HTTP/1.1" 200 5993
186.67.172.234 - - [29/Mar/2018:12:18:31 -0300] "GET /cormun/servlet/hlogin HTTP/1.1" 200 1739
186.67.172.234 - - [29/Mar/2018:12:18:31 -0300] "GET /cormun/servlet/trcontratounov2? HTTP/1.1" 200 5993
186.67.172.234 - - [29/Mar/2018:12:18:42 -0300] "POST /cormun/servlet/hlogin?4bdb0d23dd0c036640b813402c3c8115,gx-no-cache=1522336669376 HTTP/1.1" 200 90
186.67.172.234 - - [29/Mar/2018:12:18:42 -0300] "GET /cormun/servlet/hpexe_link HTTP/1.1" 200 958
186.67.172.234 - - [29/Mar/2018:12:18:42 -0300] "GET /cormun/servlet/trcontratounov2 HTTP/1.1" 200 17035
186.67.172.234 - - [29/Mar/2018:12:18:43 -0300] "GET /cormun/servlet/trcontratounov2 HTTP/1.1" 200 17036
186.67.172.234 - - [29/Mar/2018:12:18:46 -0300] "POST /cormun/servlet/trcontratounov2?4bdb0d23dd0c036640b813402c3c8115,gx-no-cache=1522336673335 HTTP/1.1" 200 105
186.67.172.234 - - [29/Mar/2018:12:18:46 -0300] "GET /cormun/ContratoUnoV3-8677.xls HTTP/1.1" 200 62976
186.103.157.235 - - [29/Mar/2018:12:18:50 -0300] "POST /cormun/servlet/trsolicitudot?fcb8961b851b335555e3adf43afc3947,,gx-no-cache=1522336679214 HTTP/1.1" 200 4473
186.103.157.235 - - [29/Mar/2018:12:19:00 -0300] "GET /cormun/servlet/trsolicitudot? HTTP/1.1" 200 7439
186.103.157.235 - - [29/Mar/2018:12:19:00 -0300] "GET /cormun/servlet/trsolicitudot? HTTP/1.1" 200 7439
186.103.157.235 - - [29/Mar/2018:12:19:05 -0300] "GET /cormun/servlet/solicitudot?INS,0,0, HTTP/1.1" 200 13666
186.103.157.235 - - [29/Mar/2018:12:19:05 -0300] "GET /cormun/static/gxcfg.js?201812313224582 HTTP/1.1" 200 953
186.103.157.235 - - [29/Mar/2018:12:19:05 -0300] "GET /cormun/static/Resources/prompt.gif HTTP/1.1" 200 902
186.103.157.235 - - [29/Mar/2018:12:19:05 -0300] "GET /cormun/static/solicitudot.js?201812313224831 HTTP/1.1" 200 72336
186.103.157.235 - - [29/Mar/2018:12:19:05 -0300] "GET /cormun/servlet/solicitudot?INS,0,0, HTTP/1.1" 200 13671
186.103.157.235 - - [29/Mar/2018:12:19:08 -0300] "GET /cormun/static/Resources/resize.gif HTTP/1.1" 200 77
192.168.10.56 - - [29/Mar/2018:12:19:09 -0300] "GET /cormun/servlet/hlogin HTTP/1.1" 200 1741
186.103.157.235 - - [29/Mar/2018:12:19:12 -0300] "GET /cormun/servlet/prfichaempleado?,MD,,gxPopupLevel%3D0%3B HTTP/1.1" 200 9388
186.103.157.235 - - [29/Mar/2018:12:19:12 -0300] "GET /cormun/static/gxcfg.js?20177612134814 HTTP/1.1" 200 953
186.103.157.235 - - [29/Mar/2018:12:19:12 -0300] "GET /cormun/static/Resources/PXToolsMenuSearch.png HTTP/1.1" 200 2914
186.103.157.235 - - [29/Mar/2018:12:19:12 -0300] "GET /cormun/static/menusearch.js?201610171694467 HTTP/1.1" 200 1424
186.103.157.235 - - [29/Mar/2018:12:19:12 -0300] "GET /cormun/static/hmpwkw011.js?20177612121862 HTTP/1.1" 200 1968
186.103.157.235 - - [29/Mar/2018:12:19:12 -0300] "GET /cormun/static/Resources/PXToolsMenuSearchCancel.png HTTP/1.1" 200 2972
186.103.157.235 - - [29/Mar/2018:12:19:12 -0300] "GET /cormun/static/prfichaempleado.js?20177612134999 HTTP/1.1" 200 16006
186.103.157.235 - - [29/Mar/2018:12:19:22 -0300] "POST /cormun/servlet/prfichaempleado?fcb8961b851b335555e3adf43afc3947,,MD,,gxPopupLevel%3D0%3B,gx-no-cache=1522336710802 HTTP/1.1" 200 3539
192.168.10.56 - - [29/Mar/2018:12:19:27 -0300] "POST /cormun/servlet/hlogin?c07312df223ceed9208f051eb206cba8,gx-no-cache=1522336597557 HTTP/1.1" 200 90
192.168.10.56 - - [29/Mar/2018:12:19:27 -0300] "GET /cormun/servlet/hpexe_link HTTP/1.1" 200 961
192.168.10.56 - - [29/Mar/2018:12:19:27 -0300] "GET /cormun/servlet/trsolicitudgral? HTTP/1.1" 200 10847
192.168.10.56 - - [29/Mar/2018:12:19:27 -0300] "GET /cormun/servlet/trsolicitudgral? HTTP/1.1" 200 10846
186.103.157.235 - - [29/Mar/2018:12:19:28 -0300] "POST /cormun/servlet/solicitudot?gx-no-cache=1522336716751 HTTP/1.1" 200 3403
186.103.157.235 - - [29/Mar/2018:12:19:28 -0300] "POST /cormun/servlet/solicitudot?fcb8961b851b335555e3adf43afc3947,INS,0,0,,gx-no-cache=1522336717239 HTTP/1.1" 200 10577
186.103.157.235 - - [29/Mar/2018:12:19:33 -0300] "GET /cormun/servlet/solicitudot?150b0c4ee292f949fd1f1d9c41758cb520635538db650d565130e11f069463283e38a5d90a17a15173841de9251e91c6,gx-no-cache=1522336722811 HTTP/1.1" 200 30
186.103.157.235 - - [29/Mar/2018:12:19:33 -0300] "GET /cormun/servlet/solicitudot?150b0c4ee292f949fd1f1d9c41758cb5547bddd418c52a45b53625158cbf28584117023697140ae29b164bd5c1a76b8c19db8096ad9c78c597ce988b14c84e5c,gx-no-cache=1522336722861 HTTP/1.1" 200 30
186.103.157.235 - - [29/Mar/2018:12:19:33 -0300] "GET /cormun/servlet/solicitudot?150b0c4ee292f949fd1f1d9c41758cb599f0e95d8ade2dfffbd5d0eae0b8c3e0,gx-no-cache=1522336722893 HTTP/1.1" 200 51
186.103.157.235 - - [29/Mar/2018:12:19:33 -0300] "POST /cormun/servlet/solicitudot?gx-no-cache=1522336722930 HTTP/1.1" 200 297
186.103.157.235 - - [29/Mar/2018:12:19:34 -0300] "GET /cormun/servlet/solicitudot?150b0c4ee292f949fd1f1d9c41758cb5b59ababe092d39f5e5c46d51cdba7256b77b31785fe2121749e3546097a2643330c3a1d50616b7ed7f9426df37052559663dedecf7c3df93e15fc1b79fa2cd887a7c053911e69ae1b7568ea7a9ffca072d20c6edf5159405522e20d44b910a72108cd3e5e066ebb1f1f0d2185f1e3ff04791ce2c5bd06d96046c72b2d9622ca609cd17f49b5271410e6b3790e924bb2ea2493f19a5c721d8c1c9ccb41057536c4535de784ffc97ae4afa916f717487d26d1b3e361e502c5ee93b9c0cad257c31105c3298a20d445778fefa4fae02b5349dca1bcb587b7a0c638530045c8823b5e8fcbf7b728cc9b0d53ad4b209686fc89d914b6a94b1671548b172208d875062142f0577f8ceb88dc042cff6d1924fb5c252fc956e7ed51f2523cb531fd5871183c36a3bec3739259a678481d843dbfb50c259c00744cf18a4f646abf9de1127da35d060c88e3b4b871f75b11143f9b3f24218a4b1203f34fdfc74a1d0240a6a33872eb09628b8089e6bea6a6aa756f719db8096ad9c78c597ce988b14c84e5c,gx-no-cache=1522336722971 HTTP/1.1" 200 30
186.103.157.235 - - [29/Mar/2018:12:19:36 -0300] "POST /cormun/servlet/solicitudot?gx-no-cache=1522336725407 HTTP/1.1" 200 30
186.103.157.235 - - [29/Mar/2018:12:19:38 -0300] "POST /cormun/servlet/solicitudot?gx-no-cache=1522336727342 HTTP/1.1" 200 1352
186.103.157.235 - - [29/Mar/2018:12:19:38 -0300] "POST /cormun/servlet/solicitudot?gx-no-cache=1522336727412 HTTP/1.1" 200 38
192.168.10.56 - - [29/Mar/2018:12:19:39 -0300] "POST /cormun/servlet/trsolicitudgral?c07312df223ceed9208f051eb206cba8,,gx-no-cache=1522336610150 HTTP/1.1" 200 7296
192.168.10.56 - - [29/Mar/2018:12:19:46 -0300] "GET /cormun/servlet/solicitudgral?UPD,2018,8163, HTTP/1.1" 200 12901
192.168.10.56 - - [29/Mar/2018:12:19:46 -0300] "GET /cormun/servlet/solicitudgral?UPD,2018,8163, HTTP/1.1" 200 12910
186.103.157.235 - - [29/Mar/2018:12:19:46 -0300] "GET /cormun/servlet/solicitudot?150b0c4ee292f949fd1f1d9c41758cb566f570a64c8fc159bfa47fd6a45162ce9378211d920d735002a564c2001402a50464fc9904f882665cec91c55396ee0732ba9762c52533ab2eafdb4acb98f19c2e8b218c218acc98060d91c5653152785e6270dc7902396a335d09b48ddc52e9,gx-no-cache=1522336735763 HTTP/1.1" 200 29
186.103.157.235 - - [29/Mar/2018:12:19:47 -0300] "POST /cormun/servlet/solicitudot?gx-no-cache=1522336735809 HTTP/1.1" 200 1334
186.103.157.235 - - [29/Mar/2018:12:19:47 -0300] "POST /cormun/servlet/solicitudot?gx-no-cache=1522336736189 HTTP/1.1" 200 1230
186.103.157.235 - - [29/Mar/2018:12:19:47 -0300] "GET /cormun/static/menuarrow.gif HTTP/1.1" 404 1015
192.168.10.56 - - [29/Mar/2018:12:19:47 -0300] "POST /cormun/servlet/solicitudgral?gx-no-cache=1522336617448 HTTP/1.1" 200 3977
192.168.10.56 - - [29/Mar/2018:12:19:47 -0300] "GET /cormun/static/Shared/jqueryui/images/ui-bg_highlight-soft_100_c6c2c8_1x100.png HTTP/1.1" 404 1117
192.168.10.56 - - [29/Mar/2018:12:19:47 -0300] "GET /cormun/static/Shared/jqueryui/images/ui-icons_82798d_256x240.png HTTP/1.1" 404 1089
192.168.10.56 - - [29/Mar/2018:12:19:47 -0300] "GET /cormun/static/Shared/jqueryui/images/ui-bg_flat_55_994d53_40x100.png HTTP/1.1" 404 1097
192.168.10.56 - - [29/Mar/2018:12:19:47 -0300] "GET /cormun/static/Shared/jqueryui/images/ui-icons_ebccce_256x240.png HTTP/1.1" 404 1089
192.168.10.56 - - [29/Mar/2018:12:19:47 -0300] "GET /cormun/servlet/solicitudgral?503b3fcc16e4b10c194220008ea59cfda60c425b1d526f2cdfa5a354be74f9a6e0b47ea9c90bc7955a61259b7e9daf578c019cfeab7e1dae46e944b76f03bb588a7d15c02ceb1ca3b03907e397363e799dafcd8e8cd2ab787b18de9c0e49e8ec5992e603ca30838fee93e9c26462b628efceb45ff917252fd58a1adae3e89eb6adf47f80e445d1182c5efdeb86760afc34c82f16cfef8cfd69cac00d43b49fb24b44c288281e297bf1843eae7e8ba8436339e627674615f64fde24233b47fcd05bad93df668e1a4faf994c37b207e19e382b23c18df68ef68c2d9efcece9f629f70acc32002ea6e5662a6ab3e72a1032b35c84b113a45fe1955195c2ee33d7fad7e38d3529c1fecfa82e913848933089eec155057bd1d0bf11155323751a6d8616a3e689320a41745cd5502aad593e67964908fcd1d9f42cf6e4be236c74a9996b510bef68e9df2e2a4e8f1cbd61dece,gx-no-cache=1522336617727 HTTP/1.1" 200 255
192.168.10.56 - - [29/Mar/2018:12:19:49 -0300] "GET /cormun/servlet/solicitudgral?503b3fcc16e4b10c194220008ea59cfd49b81061d6815bbaeefa28e20af0ab57bab1635f5f8a60f4b52cf14b6cac0fb5d7e38d3529c1fecfa82e91384893308969ae84e09dcfed2356b7995cb64a230a495e77812b7ab1f77acb04b3d81709f71da90b72f1339c62dc709168d2c1ec678b263250a7acb5eb685d9947f7465702192c34215be6ee014e854178963f04023926e86ff60947286890a40a1f997aa0757c569de415ecf9b02d2995e30f4d274d0013cb46ad461f2f394c3fd2bd0d0256fdabfc061787ce003ecbc5f6b77eab61f4a5e42a5777ceeaaef9c39f4201cea75cfa70da2a5fef96870dfe37719d4b0c61dd714f03ffb7eaa4f7060c8e57fabb721f42a1e9c835f6b8e5b494916b9b237f6ff5ea589396dd85ebc9ff74ca45425c1a186b4453bf35919c032a5d5060bbca807e06e2d2866160bafebe7071d502d567a1234ea2f2ea70f45609f1c5425d7d6e8279a97e88504dc090760d1520bb721f42a1e9c835f6b8e5b494916b9b71b97527412650adf00ed0d53e58624971a53600ab68da96539a626f799a9c09f9b80bc005f04f22a05ec7153405a063a6b3529c5f4c18914255e624bbecc7b2,gx-no-cache=1522336619844 HTTP/1.1" 200 48
186.103.157.235 - - [29/Mar/2018:12:19:50 -0300] "POST /cormun/servlet/solicitudot?gx-no-cache=1522336738635 HTTP/1.1" 200 1334
186.103.157.235 - - [29/Mar/2018:12:19:51 -0300] "POST /cormun/servlet/solicitudot?gx-no-cache=1522336739611 HTTP/1.1" 200 1230
192.168.10.56 - - [29/Mar/2018:12:19:51 -0300] "POST /cormun/servlet/solicitudgral?c07312df223ceed9208f051eb206cba8,UPD,2018,8163,,gx-no-cache=1522336621729 HTTP/1.1" 200 11821
192.168.10.56 - - [29/Mar/2018:12:19:51 -0300] "GET /cormun/servlet/solicitudgral?503b3fcc16e4b10c194220008ea59cfd97ba6c2ae2b8d8d4ae60ce555f2603b3f1b76b732ff8dc7a982fe68e3908f05f27cfe1e97649b3c2d29494d20d5361d9ba40a75f4ca1960efe40df1b92fbae7bd60df27f46c5a1b769da844f097e7bb04408491c433abb052dfad42b5c1c818fa8319c3df910ac0c1be9748770670c300b04a9ff04f2a6e9d6a67cfd98fe779b9a7acf112c36416cf6cdcf8fd138a54840bd69621e4511c55242b26088c5e275d44f64cb485c1676efd9f3786fb40f7076a3cc47ede9d45d3dc2a01b15d54740,gx-no-cache=1522336621957 HTTP/1.1" 200 29
192.168.10.56 - - [29/Mar/2018:12:19:51 -0300] "POST /cormun/servlet/solicitudgral?gx-no-cache=1522336621972 HTTP/1.1" 200 1310
192.168.10.56 - - [29/Mar/2018:12:19:51 -0300] "POST /cormun/servlet/solicitudgral?gx-no-cache=1522336621998 HTTP/1.1" 200 1231
186.103.157.235 - - [29/Mar/2018:12:19:52 -0300] "GET /cormun/servlet/solicitudot?150b0c4ee292f949fd1f1d9c41758cb54b7d2e56541667015e0aab4b23f70f5c6f811f761180b88a455b0092e800dd60,gx-no-cache=1522336741182 HTTP/1.1" 200 30
186.103.157.235 - - [29/Mar/2018:12:20:05 -0300] "POST /cormun/servlet/solicitudot?gx-no-cache=1522336754307 HTTP/1.1" 200 30
192.168.10.56 - - [29/Mar/2018:12:20:12 -0300] "POST /cormun/servlet/solicitudgral?c07312df223ceed9208f051eb206cba8,UPD,2018,8163,,gx-no-cache=1522336642813 HTTP/1.1" 200 12038
186.103.157.235 - - [29/Mar/2018:12:20:22 -0300] "POST /cormun/servlet/solicitudot?fcb8961b851b335555e3adf43afc3947,INS,0,0,,gx-no-cache=1522336771338 HTTP/1.1" 200 93
186.103.157.235 - - [29/Mar/2018:12:20:22 -0300] "GET /cormun/servlet/hpexe_return? HTTP/1.1" 200 1005
186.103.157.235 - - [29/Mar/2018:12:20:22 -0300] "GET /cormun/servlet/trsolicitudot HTTP/1.1" 200 7443
186.103.157.235 - - [29/Mar/2018:12:20:23 -0300] "GET /cormun/servlet/trsolicitudot HTTP/1.1" 200 7440
186.103.157.235 - - [29/Mar/2018:12:20:29 -0300] "POST /cormun/servlet/trsolicitudot?fcb8961b851b335555e3adf43afc3947,gx-no-cache=1522336778540 HTTP/1.1" 200 5836
186.103.157.235 - - [29/Mar/2018:12:20:34 -0300] "POST /cormun/servlet/trsolicitudot?fcb8961b851b335555e3adf43afc3947,gx-no-cache=1522336782300 HTTP/1.1" 200 4687
186.103.157.235 - - [29/Mar/2018:12:20:34 -0300] "GET /cormun/static/Shared/jqueryui/images/ui-bg_highlight-soft_100_c6c2c8_1x100.png HTTP/1.1" 404 1117
186.103.157.235 - - [29/Mar/2018:12:20:34 -0300] "GET /cormun/static/Shared/jqueryui/images/ui-icons_82798d_256x240.png HTTP/1.1" 404 1089
186.103.157.235 - - [29/Mar/2018:12:20:34 -0300] "GET /cormun/static/Shared/jqueryui/images/ui-bg_flat_55_fafafa_40x100.png HTTP/1.1" 404 1097
186.103.157.235 - - [29/Mar/2018:12:20:34 -0300] "GET /cormun/static/Shared/jqueryui/images/ui-icons_8d78a5_256x240.png HTTP/1.1" 404 1089
186.103.157.235 - - [29/Mar/2018:12:20:35 -0300] "POST /cormun/servlet/trsolicitudot?fcb8961b851b335555e3adf43afc3947,gx-no-cache=1522336784062 HTTP/1.1" 200 4446
192.168.10.56 - - [29/Mar/2018:12:20:36 -0300] "POST /cormun/servlet/solicitudgral?c07312df223ceed9208f051eb206cba8,UPD,2018,8163,,gx-no-cache=1522336666476 HTTP/1.1" 200 93
192.168.10.56 - - [29/Mar/2018:12:20:36 -0300] "GET /cormun/servlet/hpexe_return? HTTP/1.1" 200 1017
192.168.10.56 - - [29/Mar/2018:12:20:36 -0300] "GET /cormun/servlet/trsolicitudgral? HTTP/1.1" 200 10372
192.168.10.56 - - [29/Mar/2018:12:20:36 -0300] "GET /cormun/servlet/trsolicitudgral? HTTP/1.1" 200 10368
186.103.157.235 - - [29/Mar/2018:12:20:38 -0300] "GET /cormun/servlet/trautorizarsolicitud? HTTP/1.1" 200 8708
186.103.157.235 - - [29/Mar/2018:12:20:38 -0300] "GET /cormun/static/gxcfg.js?2017111423403364 HTTP/1.1" 200 953
186.103.157.235 - - [29/Mar/2018:12:20:40 -0300] "GET /cormun/static/trautorizarsolicitud.js?201711142340425 HTTP/1.1" 200 53910
186.103.157.235 - - [29/Mar/2018:12:20:41 -0300] "GET /cormun/servlet/trautorizarsolicitud? HTTP/1.1" 200 8708
186.103.157.235 - - [29/Mar/2018:12:20:44 -0300] "POST /cormun/servlet/trautorizarsolicitud?fcb8961b851b335555e3adf43afc3947,,gx-no-cache=1522336792928 HTTP/1.1" 200 4622
186.103.157.235 - - [29/Mar/2018:12:20:44 -0300] "GET /cormun/static/Shared/jqueryui/images/ui-icons_82798d_256x240.png HTTP/1.1" 404 1089
186.103.157.235 - - [29/Mar/2018:12:20:44 -0300] "GET /cormun/static/Shared/jqueryui/images/ui-bg_highlight-soft_100_c6c2c8_1x100.png HTTP/1.1" 404 1117
186.103.157.235 - - [29/Mar/2018:12:20:44 -0300] "GET /cormun/static/Shared/jqueryui/images/ui-bg_flat_55_fafafa_40x100.png HTTP/1.1" 404 1097
186.103.157.235 - - [29/Mar/2018:12:20:44 -0300] "GET /cormun/static/Shared/jqueryui/images/ui-icons_8d78a5_256x240.png HTTP/1.1" 404 1089
186.103.157.235 - - [29/Mar/2018:12:20:44 -0300] "POST /cormun/servlet/trautorizarsolicitud?fcb8961b851b335555e3adf43afc3947,,gx-no-cache=1522336793810 HTTP/1.1" 200 4385
192.168.10.56 - - [29/Mar/2018:12:20:53 -0300] "POST /cormun/servlet/trsolicitudgral?c07312df223ceed9208f051eb206cba8,,gx-no-cache=1522336683723 HTTP/1.1" 200 115
192.168.10.56 - - [29/Mar/2018:12:20:53 -0300] "GET /cormun/servlet/solicitudotlog?INS,2018,8163,0,REC, HTTP/1.1" 200 6301
192.168.10.56 - - [29/Mar/2018:12:20:53 -0300] "GET /cormun/servlet/solicitudotlog?INS,2018,8163,0,REC, HTTP/1.1" 200 6301
192.168.10.56 - - [29/Mar/2018:12:20:54 -0300] "GET /cormun/servlet/solicitudotlog?503b3fcc16e4b10c194220008ea59cfdb9f9746247fcf6b108ca4e06a24affd1b35c84b113a45fe1955195c2ee33d7fa66b8ebd7d1c4913f79642f8ab389b9ca7afd52e4ea4ae3a00b891e7363620a92ef0a74018fe6b34bc5ceda409a632fa1e3efbadd1b555fb3b8f01daa9238345fc83b1fec538dff5b4430236b290c2ec3d5eaeef54dfe4fd69c4c380056ac9f75153f56a62b84c0e0845c33ba920fdac6,gx-no-cache=1522336684644 HTTP/1.1" 200 94
186.67.172.234 - - [29/Mar/2018:12:20:54 -0300] "GET /cormun/servlet/hlogin HTTP/1.1" 200 1719
186.67.172.234 - - [29/Mar/2018:12:20:57 -0300] "POST /cormun/servlet/hlogin?af8a666f82cc093cd0ae0dc659963417,gx-no-cache=1522340298665 HTTP/1.1" 200 90
186.67.172.234 - - [29/Mar/2018:12:20:57 -0300] "GET /cormun/servlet/hpexe_link HTTP/1.1" 200 957
186.67.172.234 - - [29/Mar/2018:12:20:57 -0300] "GET /cormun/servlet/prfichaempleado?,MD, HTTP/1.1" 200 9372
186.67.172.234 - - [29/Mar/2018:12:21:02 -0300] "GET /cormun/servlet/hlogin HTTP/1.1" 200 1739
186.67.172.234 - - [29/Mar/2018:12:21:03 -0300] "POST /cormun/servlet/hlogin?af8a666f82cc093cd0ae0dc659963417,gx-no-cache=1522340305326 HTTP/1.1" 200 90
186.67.172.234 - - [29/Mar/2018:12:21:03 -0300] "GET /cormun/servlet/hpexe_link HTTP/1.1" 200 957
186.67.172.234 - - [29/Mar/2018:12:21:04 -0300] "GET /cormun/servlet/prfichaempleado?,MD, HTTP/1.1" 200 9372
186.103.159.186 - - [29/Mar/2018:12:21:05 -0300] "GET /cormun/servlet/hlogin HTTP/1.1" 200 1722
186.67.172.234 - - [29/Mar/2018:12:21:07 -0300] "POST /cormun/servlet/acontrolpreferencessavestate?None,CSILVIA,true HTTP/1.1" 200 35
186.103.159.186 - - [29/Mar/2018:12:21:20 -0300] "POST /cormun/servlet/hlogin?0f3df8e0f30d65fda8444ad282295158,gx-no-cache=1522336828626 HTTP/1.1" 200 90
186.103.159.186 - - [29/Mar/2018:12:21:20 -0300] "GET /cormun/servlet/hpexe_link HTTP/1.1" 200 956
186.103.159.186 - - [29/Mar/2018:12:21:20 -0300] "GET /cormun/servlet/hhome HTTP/1.1" 200 3954
186.103.159.186 - - [29/Mar/2018:12:21:21 -0300] "GET /cormun/servlet/hhome HTTP/1.1" 200 3950
186.103.159.186 - - [29/Mar/2018:12:21:31 -0300] "GET /cormun/servlet/trsolicitudot? HTTP/1.1" 200 8974
186.103.159.186 - - [29/Mar/2018:12:21:32 -0300] "GET /cormun/servlet/trsolicitudot? HTTP/1.1" 200 8972
192.168.10.56 - - [29/Mar/2018:12:21:36 -0300] "POST /cormun/servlet/solicitudotlog?c07312df223ceed9208f051eb206cba8,INS,2018,8163,0,REC,,gx-no-cache=1522336726392 HTTP/1.1" 200 93
192.168.10.56 - - [29/Mar/2018:12:21:36 -0300] "GET /cormun/servlet/hpexe_return? HTTP/1.1" 200 1025
192.168.10.56 - - [29/Mar/2018:12:21:36 -0300] "GET /cormun/servlet/trsolicitudgral HTTP/1.1" 200 9017
192.168.10.56 - - [29/Mar/2018:12:21:36 -0300] "GET /cormun/servlet/trsolicitudgral HTTP/1.1" 200 9013
186.103.159.186 - - [29/Mar/2018:12:21:43 -0300] "POST /cormun/servlet/trsolicitudot?0f3df8e0f30d65fda8444ad282295158,,gx-no-cache=1522336852124 HTTP/1.1" 200 4278
186.103.159.186 - - [29/Mar/2018:12:21:50 -0300] "GET /cormun/servlet/trsolicitudot? HTTP/1.1" 200 7166
186.103.159.186 - - [29/Mar/2018:12:21:51 -0300] "GET /cormun/servlet/trsolicitudot? HTTP/1.1" 200 7165
186.103.159.186 - - [29/Mar/2018:12:21:51 -0300] "GET /favicon.ico HTTP/1.1" 200 21630
186.103.159.186 - - [29/Mar/2018:12:21:54 -0300] "POST /cormun/servlet/trsolicitudot?0f3df8e0f30d65fda8444ad282295158,,gx-no-cache=1522336862964 HTTP/1.1" 200 4278
186.67.172.234 - - [29/Mar/2018:12:22:05 -0300] "GET /cormun/servlet/trsolicitudot? HTTP/1.1" 200 7436
186.67.172.234 - - [29/Mar/2018:12:22:05 -0300] "GET /cormun/servlet/trsolicitudot? HTTP/1.1" 200 7436
186.67.172.234 - - [29/Mar/2018:12:22:07 -0300] "GET /cormun/servlet/solicitudot?INS,0,0, HTTP/1.1" 200 13667
186.67.172.234 - - [29/Mar/2018:12:22:08 -0300] "GET /cormun/servlet/solicitudot?INS,0,0, HTTP/1.1" 200 13672
186.103.159.186 - - [29/Mar/2018:12:22:11 -0300] "POST /cormun/servlet/trsolicitudot?0f3df8e0f30d65fda8444ad282295158,,gx-no-cache=1522336879619 HTTP/1.1" 200 4279
186.67.172.234 - - [29/Mar/2018:12:22:18 -0300] "POST /cormun/servlet/solicitudot?gx-no-cache=1522336885112 HTTP/1.1" 200 3407
186.67.172.234 - - [29/Mar/2018:12:22:18 -0300] "POST /cormun/servlet/solicitudot?4bdb0d23dd0c036640b813402c3c8115,INS,0,0,,gx-no-cache=1522336885319 HTTP/1.1" 200 10555
186.67.172.234 - - [29/Mar/2018:12:22:27 -0300] "GET /cormun/servlet/prbanco?,MD,,gxPopupLevel%3D0%3B HTTP/1.1" 200 6662
186.67.172.234 - - [29/Mar/2018:12:22:27 -0300] "GET /cormun/static/gxcfg.js?20181161016094 HTTP/1.1" 200 953
186.67.172.234 - - [29/Mar/2018:12:22:49 -0300] "GET /cormun/servlet/solicitudot?6cf725fb1abaf9c3eb6006ae3c893fcfcf3766a630b1dbd5959f8a852e8f7f821df90af8d2f4f537d052586b941be725,gx-no-cache=1522336916431 HTTP/1.1" 200 30
186.67.172.234 - - [29/Mar/2018:12:22:49 -0300] "GET /cormun/servlet/solicitudot?6cf725fb1abaf9c3eb6006ae3c893fcf7d858543458e2cd22b28f32b71915a4b9bba0f0069ed9085a7d1606f3c26d4701df90af8d2f4f537d052586b941be725,gx-no-cache=1522336916465 HTTP/1.1" 200 103
186.67.172.234 - - [29/Mar/2018:12:22:49 -0300] "GET /cormun/static/Shared/jqueryui/images/ui-icons_82798d_256x240.png HTTP/1.1" 404 1089
186.67.172.234 - - [29/Mar/2018:12:22:49 -0300] "GET /cormun/static/Shared/jqueryui/images/ui-icons_ebccce_256x240.png HTTP/1.1" 404 1089
186.67.172.234 - - [29/Mar/2018:12:22:49 -0300] "GET /cormun/static/Shared/jqueryui/images/ui-bg_highlight-soft_100_c6c2c8_1x100.png HTTP/1.1" 404 1117
186.67.172.234 - - [29/Mar/2018:12:22:49 -0300] "GET /cormun/static/Shared/jqueryui/images/ui-bg_flat_55_994d53_40x100.png HTTP/1.1" 404 1097
192.168.10.56 - - [29/Mar/2018:12:23:30 -0300] "POST /cormun/servlet/trsolicitudgral?c07312df223ceed9208f051eb206cba8,gx-no-cache=1522336840197 HTTP/1.1" 200 7769
186.67.172.234 - - [29/Mar/2018:12:24:20 -0300] "GET /cormun/servlet/solicitudot?6cf725fb1abaf9c3eb6006ae3c893fcf9e2c8ee7f56405848c1d8918821db371,gx-no-cache=1522337007362 HTTP/1.1" 200 53
186.67.172.234 - - [29/Mar/2018:12:24:20 -0300] "POST /cormun/servlet/solicitudot?gx-no-cache=1522337007462 HTTP/1.1" 200 240
186.67.172.234 - - [29/Mar/2018:12:24:20 -0300] "GET /cormun/servlet/solicitudot?6cf725fb1abaf9c3eb6006ae3c893fcfd61b89342f83b862a085b03a12e42e84a35a2d14214e20a0477a75c1d41215fb26e3661aeda1698f45e31382baae136da79d9d4755de7384937571f1cba76169c723de2cd76e9ba7b349948de7d70e0f4007b37f689735c8a196c0dcde2ad89e12b7a4e8fd4a0751228ffb4562ade40a78db4a06831204d16097fd8fd54d2134ee1671b71fbc85467b0efce797f2b42fdf9b045788da6a6ab622c2c289d1622bcff043a83c8847390e4c250de5fc541374c5797b6a5d8c1c5c32281be9bcc92076d167977d31b961fc32e8b7775b0f76a0688e1d7aacf3ae34750905de847f00e2ecc80fad39dae4b4bcb3c1d7197441d05c38786ab1cadd595c544331db6f5ee6445f653a58ba978ac36b859bbbec9a88117f05c166b797d985b1ca65ee0b6d8e4f9cf22fe618060deb156bd7d00d656e87444660c91db147f81008163b0e19b37a008a64812ccf6672f42742462ec2f9537ec016d237ec1207d8dd661a7879def4509350aa54065ccfd139b8f3cd15,gx-no-cache=1522337007495 HTTP/1.1" 200 30
186.67.172.234 - - [29/Mar/2018:12:24:20 -0300] "POST /cormun/servlet/solicitudot?gx-no-cache=1522337007521 HTTP/1.1" 200 30
186.67.172.234 - - [29/Mar/2018:12:24:20 -0300] "POST /cormun/servlet/solicitudot?gx-no-cache=1522337007564 HTTP/1.1" 200 1354
186.67.172.234 - - [29/Mar/2018:12:24:20 -0300] "POST /cormun/servlet/solicitudot?gx-no-cache=1522337007645 HTTP/1.1" 200 38
186.67.172.234 - - [29/Mar/2018:12:24:24 -0300] "GET /cormun/servlet/solicitudot?6cf725fb1abaf9c3eb6006ae3c893fcf7730a277d253061695ef62ee589f6309cd676aa5c7c358f0cd1af47c1d934eba275baee3872b7b63aa9c4751b79d024be6468ae2efd4fe214f0356ff050e933cf6a9adc674a7437cfaf81c14dbe2c148479f79c77f017544298963d35059bcd3b9f274d97e84dbcc584f54e3e99a3c6bee78da93c10eb175b30ff81555e14621bced96c0a4965a3c8798b22584383af32864d94538603af0c745f9d76a76eb1be093f21ada2616dba6ab04821030171fb2f4b23ebeb4e32b7494906fd0b3534e,gx-no-cache=1522337011563 HTTP/1.1" 200 29
186.67.172.234 - - [29/Mar/2018:12:24:24 -0300] "POST /cormun/servlet/solicitudot?gx-no-cache=1522337011609 HTTP/1.1" 200 1336
186.67.172.234 - - [29/Mar/2018:12:24:24 -0300] "POST /cormun/servlet/solicitudot?gx-no-cache=1522337011677 HTTP/1.1" 200 1232
186.103.157.39 - - [29/Mar/2018:12:24:30 -0300] "GET /cormun/servlet/hlogin HTTP/1.1" 200 1719
186.103.157.39 - - [29/Mar/2018:12:24:30 -0300] "GET /cormun/servlet/hlogin HTTP/1.1" 200 1721
186.103.157.39 - - [29/Mar/2018:12:24:52 -0300] "POST /cormun/servlet/hlogin?bf6dfaeffc52b98f0f6d20b36509194f,gx-no-cache=1522337040123 HTTP/1.1" 200 90
186.103.157.39 - - [29/Mar/2018:12:24:53 -0300] "GET /cormun/servlet/hpexe_link HTTP/1.1" 200 953
186.103.157.39 - - [29/Mar/2018:12:24:53 -0300] "GET /cormun/static/gxcfg.js?20177612121792 HTTP/1.1" 304 -
186.103.157.39 - - [29/Mar/2018:12:24:53 -0300] "GET /cormun/servlet/hhome HTTP/1.1" 200 4152
186.103.157.39 - - [29/Mar/2018:12:24:53 -0300] "GET /cormun/static/gxcfg.js?20175251212442 HTTP/1.1" 304 -
186.103.157.39 - - [29/Mar/2018:12:24:53 -0300] "GET /cormun/static/Shared/ext/locale/ext-lang-en.js HTTP/1.1" 200 10940
186.103.159.186 - - [29/Mar/2018:12:25:36 -0300] "GET /cormun/servlet/hlogin HTTP/1.1" 200 1722
186.103.159.186 - - [29/Mar/2018:12:25:45 -0300] "POST /cormun/servlet/hlogin?0f3df8e0f30d65fda8444ad282295158,gx-no-cache=1522337093330 HTTP/1.1" 200 90
186.103.159.186 - - [29/Mar/2018:12:25:45 -0300] "GET /cormun/servlet/hpexe_link HTTP/1.1" 200 963
186.103.159.186 - - [29/Mar/2018:12:25:45 -0300] "GET /cormun/servlet/trsolicitudot? HTTP/1.1" 200 7170
186.103.159.186 - - [29/Mar/2018:12:25:46 -0300] "GET /cormun/servlet/trsolicitudot? HTTP/1.1" 200 7168
186.103.159.186 - - [29/Mar/2018:12:26:01 -0300] "POST /cormun/servlet/trsolicitudot?0f3df8e0f30d65fda8444ad282295158,,gx-no-cache=1522337109916 HTTP/1.1" 200 4280
