200.73.230.197 - - [29/Mar/2018:09:05:12 -0300] "GET /cormun/servlet/solicitudot?INS,0,0, HTTP/1.1" 200 13370
200.73.230.197 - - [29/Mar/2018:09:05:25 -0300] "POST /cormun/servlet/solicitudot?gx-no-cache=1522325072885 HTTP/1.1" 200 3407
200.73.230.197 - - [29/Mar/2018:09:05:25 -0300] "POST /cormun/servlet/solicitudot?68e3d4d07b8a65920e9ac9deccc0efba,INS,0,0,,gx-no-cache=1522325073208 HTTP/1.1" 200 10383
200.73.230.197 - - [29/Mar/2018:09:05:34 -0300] "GET /cormun/servlet/solicitudot?8122a87963a188f0a144764562d6408631b81f5e87ea5295ca784692c43cacb6b4826f65a7db2869dca9ae86881e5441,gx-no-cache=1522325082134 HTTP/1.1" 200 30
200.73.230.197 - - [29/Mar/2018:09:05:34 -0300] "GET /cormun/servlet/solicitudot?8122a87963a188f0a144764562d6408601856e9ba13a725d84de146add745b8b73428616661f24d59fd8a44dd68a396d,gx-no-cache=1522325082337 HTTP/1.1" 200 30
200.73.230.197 - - [29/Mar/2018:09:05:34 -0300] "GET /cormun/servlet/solicitudot?8122a87963a188f0a144764562d640862fcfbe50cf7110dc0b3feab2d7e5e7d7,gx-no-cache=1522325082393 HTTP/1.1" 200 51
200.73.230.197 - - [29/Mar/2018:09:05:34 -0300] "POST /cormun/servlet/solicitudot?gx-no-cache=1522325082450 HTTP/1.1" 200 297
200.73.230.197 - - [29/Mar/2018:09:05:35 -0300] "GET /cormun/servlet/solicitudot?8122a87963a188f0a144764562d64086bd8d0224ec93cba85ad4adfaf2ab44d2dbd2c2fdd5518a64f49fe1cf1dda61b6904557c1e6f8943eddc9973225b28aa9146a96e82d05042c9c129b4038b7e9e0308590a8f7996debaf8dd771c175e36c832b507da959defc1595aab945d78ea935ebd48465bef4de0c34a882bab4510deaf74879b4b84b279069b983c39cdc3157b471cf907aa03fc01caef4ba8b4bdceaa248cf40138de67bbaa44cde028a9d2b392e0df8264e661b68cb3a45e6cff332508d4f9ac85047666c494aab37d497ccdb649bbe37d659382457a4768837f060181e205f20ea2067da493acb05db0470031f844af3accb133be447538e30daab19f281d83bbb6b9ff33b305d15d3c66902cb41d9f73467e0d72d5a43965f97d080ceaca9c38579509c814ad454c11dc9da188c0bd5cc7704334811d04f356077feb744da2ddcd482431429e4a920a2b1639da1db2476e2c045cfbeecfd29f53bc0870c3dfed9a2b6d2c12070ddd86906d44cce3d4fadc74698dbfa1d0b5e951cc5523a0d9de76e048dae6eed689e15,gx-no-cache=1522325082530 HTTP/1.1" 200 30
200.73.230.197 - - [29/Mar/2018:09:05:39 -0300] "POST /cormun/servlet/solicitudot?gx-no-cache=1522325087017 HTTP/1.1" 200 30
200.73.230.197 - - [29/Mar/2018:09:05:43 -0300] "POST /cormun/servlet/solicitudot?gx-no-cache=1522325090859 HTTP/1.1" 200 1354
200.73.230.197 - - [29/Mar/2018:09:05:43 -0300] "POST /cormun/servlet/solicitudot?gx-no-cache=1522325091014 HTTP/1.1" 200 38
200.73.230.197 - - [29/Mar/2018:09:05:54 -0300] "GET /cormun/servlet/solicitudot?8122a87963a188f0a144764562d64086bf2f89a110e4d656dfee7b7fb025c5ba3d9998212e8774288f443ce50840b5ed8f8c3f49ce07fc4396b2f0f196f5e0e740e7f41f60d511d2e221f41565e555540de8b16c5a70ad502ac432cdb95ee2963436280697c5f732dd035746e43b04b3,gx-no-cache=1522325102102 HTTP/1.1" 200 29
200.73.230.197 - - [29/Mar/2018:09:05:54 -0300] "POST /cormun/servlet/solicitudot?gx-no-cache=1522325102170 HTTP/1.1" 200 1335
200.73.230.197 - - [29/Mar/2018:09:05:54 -0300] "POST /cormun/servlet/solicitudot?gx-no-cache=1522325102258 HTTP/1.1" 200 1232
200.73.230.197 - - [29/Mar/2018:09:05:54 -0300] "GET /cormun/static/menuarrow.gif HTTP/1.1" 404 1015
192.168.10.56 - - [29/Mar/2018:09:05:56 -0300] "GET /cormun/servlet/trcoordinadores? HTTP/1.1" 200 7493
192.168.10.56 - - [29/Mar/2018:09:05:56 -0300] "GET /cormun/static/gxcfg.js?20182817343370 HTTP/1.1" 200 953
192.168.10.56 - - [29/Mar/2018:09:05:56 -0300] "GET /cormun/static/trcoordinadores.js?20182817343662 HTTP/1.1" 200 15739
192.168.10.56 - - [29/Mar/2018:09:05:57 -0300] "GET /cormun/servlet/trcoordinadores? HTTP/1.1" 200 7493
200.73.230.197 - - [29/Mar/2018:09:05:58 -0300] "POST /cormun/servlet/solicitudot?gx-no-cache=1522325105564 HTTP/1.1" 200 1335
200.73.230.197 - - [29/Mar/2018:09:05:58 -0300] "POST /cormun/servlet/solicitudot?gx-no-cache=1522325105681 HTTP/1.1" 200 1232
200.73.230.197 - - [29/Mar/2018:09:06:00 -0300] "GET /cormun/servlet/solicitudot?8122a87963a188f0a144764562d6408610bee967436eb3d4f0c8179a5148b136c2069f18733c521b20f40a9d621a4bd7,gx-no-cache=1522325107724 HTTP/1.1" 200 30
200.73.230.197 - - [29/Mar/2018:09:06:07 -0300] "POST /cormun/servlet/solicitudot?gx-no-cache=1522325114652 HTTP/1.1" 200 30
192.168.10.56 - - [29/Mar/2018:09:06:13 -0300] "GET /cormun/servlet/trsolicitudgral? HTTP/1.1" 200 28723
192.168.10.56 - - [29/Mar/2018:09:06:14 -0300] "GET /cormun/servlet/trsolicitudgral? HTTP/1.1" 200 28723
200.73.230.197 - - [29/Mar/2018:09:06:28 -0300] "POST /cormun/servlet/solicitudot?gx-no-cache=1522325136211 HTTP/1.1" 200 1335
200.73.230.197 - - [29/Mar/2018:09:06:28 -0300] "POST /cormun/servlet/solicitudot?gx-no-cache=1522325136368 HTTP/1.1" 200 1232
200.73.230.197 - - [29/Mar/2018:09:06:28 -0300] "GET /cormun/servlet/solicitudot?8122a87963a188f0a144764562d6408610bee967436eb3d4f0c8179a5148b136c2069f18733c521b20f40a9d621a4bd7,gx-no-cache=1522325136458 HTTP/1.1" 200 30
200.73.230.197 - - [29/Mar/2018:09:06:29 -0300] "POST /cormun/servlet/solicitudot?gx-no-cache=1522325136522 HTTP/1.1" 200 30
200.73.230.197 - - [29/Mar/2018:09:06:29 -0300] "POST /cormun/servlet/solicitudot?68e3d4d07b8a65920e9ac9deccc0efba,INS,0,0,,gx-no-cache=1522325136621 HTTP/1.1" 200 93
200.73.230.197 - - [29/Mar/2018:09:06:29 -0300] "GET /cormun/servlet/hpexe_return? HTTP/1.1" 200 1005
200.73.230.197 - - [29/Mar/2018:09:06:29 -0300] "GET /cormun/servlet/trsolicitudot HTTP/1.1" 200 8904
200.73.230.197 - - [29/Mar/2018:09:06:31 -0300] "GET /cormun/servlet/trsolicitudot HTTP/1.1" 200 8900
200.73.230.197 - - [29/Mar/2018:09:06:36 -0300] "POST /cormun/servlet/trsolicitudot?68e3d4d07b8a65920e9ac9deccc0efba,gx-no-cache=1522325144264 HTTP/1.1" 200 5666
200.73.230.197 - - [29/Mar/2018:09:06:37 -0300] "GET /cormun/static/Shared/jqueryui/images/ui-bg_highlight-soft_100_c6c2c8_1x100.png HTTP/1.1" 404 1117
200.73.230.197 - - [29/Mar/2018:09:06:37 -0300] "GET /cormun/static/Shared/jqueryui/images/ui-icons_82798d_256x240.png HTTP/1.1" 404 1089
200.73.230.197 - - [29/Mar/2018:09:06:37 -0300] "GET /cormun/static/Shared/jqueryui/images/ui-icons_8d78a5_256x240.png HTTP/1.1" 404 1089
200.73.230.197 - - [29/Mar/2018:09:06:37 -0300] "GET /cormun/static/Shared/jqueryui/images/ui-bg_flat_55_fafafa_40x100.png HTTP/1.1" 404 1097
200.73.230.197 - - [29/Mar/2018:09:06:37 -0300] "POST /cormun/servlet/trsolicitudot?68e3d4d07b8a65920e9ac9deccc0efba,gx-no-cache=1522325144752 HTTP/1.1" 200 5606
192.168.10.50 - - [29/Mar/2018:09:06:50 -0300] "POST /cormun/servlet/trsolicitudgral?fe8b09ad7c01f95d62afcc5bb769b4e6,,gx-no-cache=1522325040940 HTTP/1.1" 200 8415
200.73.230.197 - - [29/Mar/2018:09:06:58 -0300] "GET /cormun/servlet/hlogin HTTP/1.1" 200 1709
200.73.230.197 - - [29/Mar/2018:09:07:08 -0300] "POST /cormun/servlet/hlogin?178b102f7d7ac20082b7e7e127566ccc,gx-no-cache=1522325175971 HTTP/1.1" 200 90
200.73.230.197 - - [29/Mar/2018:09:07:08 -0300] "GET /cormun/servlet/hpexe_link HTTP/1.1" 200 942
200.73.230.197 - - [29/Mar/2018:09:07:08 -0300] "GET /cormun/servlet/hhome HTTP/1.1" 200 4108
200.73.230.197 - - [29/Mar/2018:09:07:10 -0300] "GET /cormun/servlet/hhome HTTP/1.1" 200 4104
192.168.10.50 - - [29/Mar/2018:09:07:13 -0300] "POST /cormun/servlet/trsolicitudgral?fe8b09ad7c01f95d62afcc5bb769b4e6,,gx-no-cache=1522325063757 HTTP/1.1" 200 14392
200.73.230.197 - - [29/Mar/2018:09:07:14 -0300] "GET /cormun/servlet/trautorizarsolicitud? HTTP/1.1" 200 8554
200.73.230.197 - - [29/Mar/2018:09:07:15 -0300] "GET /cormun/servlet/trautorizarsolicitud? HTTP/1.1" 200 8552
192.168.10.50 - - [29/Mar/2018:09:07:26 -0300] "POST /cormun/servlet/trsolicitudgral?fe8b09ad7c01f95d62afcc5bb769b4e6,,gx-no-cache=1522325076445 HTTP/1.1" 200 5920
200.54.247.70 - - [29/Mar/2018:09:07:31 -0300] "GET /cormun/servlet/hlogin HTTP/1.1" 200 1721
192.168.10.50 - - [29/Mar/2018:09:07:32 -0300] "POST /cormun/servlet/trsolicitudgral?fe8b09ad7c01f95d62afcc5bb769b4e6,,gx-no-cache=1522325082931 HTTP/1.1" 200 5919
200.54.247.70 - - [29/Mar/2018:09:07:32 -0300] "GET /cormun/static/gxtimezone.js?85251 HTTP/1.1" 304 -
200.54.247.70 - - [29/Mar/2018:09:07:32 -0300] "GET /cormun/static/gxcfg.js?20175251213516 HTTP/1.1" 304 -
200.54.247.70 - - [29/Mar/2018:09:07:32 -0300] "GET /cormun/static/gxgral.js?85251 HTTP/1.1" 304 -
200.54.247.70 - - [29/Mar/2018:09:07:32 -0300] "GET /cormun/static/Resources/ComunLogin.png HTTP/1.1" 304 -
200.54.247.70 - - [29/Mar/2018:09:07:33 -0300] "GET /cormun/static/Resources/Spanish/PXTools.css?11423723 HTTP/1.1" 304 -
200.54.247.70 - - [29/Mar/2018:09:07:33 -0300] "GET /cormun/static/Resources/PXToolsLoginBackground.png HTTP/1.1" 304 -
200.54.247.70 - - [29/Mar/2018:09:07:33 -0300] "GET /cormun/static/Resources/PXToolsLoginTop.png HTTP/1.1" 304 -
200.54.247.70 - - [29/Mar/2018:09:07:35 -0300] "GET /cormun/static/Resources/PXToolsButtonBackground2.png HTTP/1.1" 304 -
200.54.247.70 - - [29/Mar/2018:09:07:35 -0300] "GET /cormun/static/Resources/PXToolsLoginBottom.png HTTP/1.1" 304 -
200.54.247.70 - - [29/Mar/2018:09:07:35 -0300] "GET /cormun/static/hlogin.js?20175251213537 HTTP/1.1" 304 -
200.54.247.70 - - [29/Mar/2018:09:07:35 -0300] "GET /cormun/static/messages.spa.js?85251 HTTP/1.1" 304 -
200.54.247.70 - - [29/Mar/2018:09:07:35 -0300] "GET /cormun/static/Resources/PXToolsButtonLeft21.png HTTP/1.1" 304 -
200.54.247.70 - - [29/Mar/2018:09:07:35 -0300] "GET /cormun/static/Resources/PXToolsButtonRight21.png HTTP/1.1" 304 -
200.54.247.70 - - [29/Mar/2018:09:07:35 -0300] "GET /cormun/static/Resources/indicator.gif HTTP/1.1" 304 -
192.168.10.50 - - [29/Mar/2018:09:07:47 -0300] "POST /cormun/servlet/trsolicitudgral?fe8b09ad7c01f95d62afcc5bb769b4e6,,gx-no-cache=1522325097511 HTTP/1.1" 200 5923
192.168.10.50 - - [29/Mar/2018:09:07:48 -0300] "POST /cormun/servlet/trsolicitudgral?fe8b09ad7c01f95d62afcc5bb769b4e6,,gx-no-cache=1522325099061 HTTP/1.1" 200 5923
192.168.10.50 - - [29/Mar/2018:09:07:49 -0300] "POST /cormun/servlet/trsolicitudgral?fe8b09ad7c01f95d62afcc5bb769b4e6,,gx-no-cache=1522325100132 HTTP/1.1" 200 5923
200.54.247.70 - - [29/Mar/2018:09:07:50 -0300] "POST /cormun/servlet/hlogin?11335148f37bd38eca83bdace1d22b44,gx-no-cache=1522325214899 HTTP/1.1" 200 90
200.54.247.70 - - [29/Mar/2018:09:07:50 -0300] "GET /cormun/servlet/hpexe_link HTTP/1.1" 200 952
192.168.10.50 - - [29/Mar/2018:09:07:50 -0300] "POST /cormun/servlet/trsolicitudgral?fe8b09ad7c01f95d62afcc5bb769b4e6,,gx-no-cache=1522325100332 HTTP/1.1" 200 5922
200.54.247.70 - - [29/Mar/2018:09:07:50 -0300] "GET /cormun/servlet/hhome HTTP/1.1" 200 4238
192.168.10.50 - - [29/Mar/2018:09:07:50 -0300] "POST /cormun/servlet/trsolicitudgral?fe8b09ad7c01f95d62afcc5bb769b4e6,,gx-no-cache=1522325100533 HTTP/1.1" 200 5922
200.54.247.70 - - [29/Mar/2018:09:07:50 -0300] "GET /cormun/static/PXToolsJavascripts/pexe_picture.js HTTP/1.1" 200 689
192.168.10.50 - - [29/Mar/2018:09:07:50 -0300] "POST /cormun/servlet/trsolicitudgral?fe8b09ad7c01f95d62afcc5bb769b4e6,,gx-no-cache=1522325100734 HTTP/1.1" 200 5923
192.168.10.50 - - [29/Mar/2018:09:07:50 -0300] "POST /cormun/servlet/trsolicitudgral?fe8b09ad7c01f95d62afcc5bb769b4e6,,gx-no-cache=1522325100916 HTTP/1.1" 200 5922
200.73.230.197 - - [29/Mar/2018:09:07:58 -0300] "POST /cormun/servlet/trautorizarsolicitud?178b102f7d7ac20082b7e7e127566ccc,,gx-no-cache=1522325225386 HTTP/1.1" 200 4584
200.73.230.197 - - [29/Mar/2018:09:07:58 -0300] "GET /cormun/static/Shared/jqueryui/images/ui-bg_highlight-soft_100_c6c2c8_1x100.png HTTP/1.1" 404 1117
200.73.230.197 - - [29/Mar/2018:09:07:58 -0300] "GET /cormun/static/Shared/jqueryui/images/ui-icons_82798d_256x240.png HTTP/1.1" 404 1089
200.73.230.197 - - [29/Mar/2018:09:07:58 -0300] "GET /cormun/static/Shared/jqueryui/images/ui-bg_flat_55_fafafa_40x100.png HTTP/1.1" 404 1097
200.73.230.197 - - [29/Mar/2018:09:07:58 -0300] "GET /cormun/static/Shared/jqueryui/images/ui-icons_8d78a5_256x240.png HTTP/1.1" 404 1089
200.73.230.197 - - [29/Mar/2018:09:07:58 -0300] "POST /cormun/servlet/trautorizarsolicitud?178b102f7d7ac20082b7e7e127566ccc,,gx-no-cache=1522325225907 HTTP/1.1" 200 4362
200.54.247.70 - - [29/Mar/2018:09:08:47 -0300] "GET /cormun/Manuales/ManualSolicitud.pdf HTTP/1.1" 200 850295
192.168.10.97 - - [29/Mar/2018:09:09:22 -0300] "GET /cormun/servlet/hlogin HTTP/1.1" 200 1727
192.168.10.96 - - [29/Mar/2018:09:09:23 -0300] "POST /cormun/servlet/trsolicitudgral?590ac2a480cc5e7456482656fa3541c5,gx-no-cache=1522325193663 HTTP/1.1" 200 7295
192.168.10.97 - - [29/Mar/2018:09:09:24 -0300] "POST /cormun/servlet/hlogin?2d250beadb18af17f4ef6faa0ed47b79,gx-no-cache=1522325194830 HTTP/1.1" 200 90
192.168.10.97 - - [29/Mar/2018:09:09:24 -0300] "GET /cormun/servlet/hpexe_link HTTP/1.1" 200 951
192.168.10.97 - - [29/Mar/2018:09:09:24 -0300] "GET /cormun/servlet/hhome HTTP/1.1" 200 4568
192.168.10.97 - - [29/Mar/2018:09:09:25 -0300] "GET /cormun/servlet/hhome HTTP/1.1" 200 4564
192.168.10.96 - - [29/Mar/2018:09:09:25 -0300] "GET /cormun/servlet/vesolicitudgral?2018,8838,, HTTP/1.1" 200 9275
192.168.10.96 - - [29/Mar/2018:09:09:25 -0300] "GET /cormun/pexe_scrolldiv.js HTTP/1.1" 404 1009
192.168.10.96 - - [29/Mar/2018:09:09:25 -0300] "GET /cormun/pexe_scrolldiv.js HTTP/1.1" 404 1009
192.168.10.96 - - [29/Mar/2018:09:09:26 -0300] "GET /cormun/servlet/vesolicitudgral?2018,8838,, HTTP/1.1" 200 9274
192.168.10.96 - - [29/Mar/2018:09:09:27 -0300] "GET /cormun/servlet/vesolicitudgral?2018,8838,,SolicitudOTLog HTTP/1.1" 200 10223
192.168.10.96 - - [29/Mar/2018:09:09:27 -0300] "GET /cormun/pexe_scrolldiv.js HTTP/1.1" 404 1009
192.168.10.96 - - [29/Mar/2018:09:09:27 -0300] "GET /cormun/pexe_scrolldiv.js HTTP/1.1" 404 1009
192.168.10.96 - - [29/Mar/2018:09:09:27 -0300] "GET /cormun/servlet/vesolicitudgral?2018,8838,,SolicitudOTLog HTTP/1.1" 200 10223
192.168.10.96 - - [29/Mar/2018:09:09:28 -0300] "POST /cormun/servlet/acontrolpreferencessavestate?None,DZAMUDIO,true HTTP/1.1" 200 35
192.168.10.97 - - [29/Mar/2018:09:09:29 -0300] "GET /cormun/servlet/trsolicitudgral? HTTP/1.1" 200 10442
192.168.10.97 - - [29/Mar/2018:09:09:29 -0300] "GET /cormun/servlet/trsolicitudgral? HTTP/1.1" 200 10440
192.168.10.97 - - [29/Mar/2018:09:09:47 -0300] "POST /cormun/servlet/trsolicitudgral?2d250beadb18af17f4ef6faa0ed47b79,,gx-no-cache=1522325218062 HTTP/1.1" 200 5922
192.168.10.97 - - [29/Mar/2018:09:09:57 -0300] "POST /cormun/servlet/trsolicitudgral?2d250beadb18af17f4ef6faa0ed47b79,,gx-no-cache=1522325227269 HTTP/1.1" 200 7697
192.168.10.97 - - [29/Mar/2018:09:10:15 -0300] "POST /cormun/servlet/trsolicitudgral?2d250beadb18af17f4ef6faa0ed47b79,,gx-no-cache=1522325245770 HTTP/1.1" 200 5921
192.168.10.97 - - [29/Mar/2018:09:10:28 -0300] "POST /cormun/servlet/trsolicitudgral?2d250beadb18af17f4ef6faa0ed47b79,,gx-no-cache=1522325258352 HTTP/1.1" 200 7810
192.168.10.97 - - [29/Mar/2018:09:11:06 -0300] "POST /cormun/servlet/trsolicitudgral?2d250beadb18af17f4ef6faa0ed47b79,,gx-no-cache=1522325297058 HTTP/1.1" 200 7298
192.168.10.97 - - [29/Mar/2018:09:11:20 -0300] "POST /cormun/servlet/trsolicitudgral?2d250beadb18af17f4ef6faa0ed47b79,,gx-no-cache=1522325310790 HTTP/1.1" 200 6133
192.168.10.97 - - [29/Mar/2018:09:11:20 -0300] "GET /cormun/static/Shared/jqueryui/images/ui-icons_82798d_256x240.png HTTP/1.1" 404 1089
192.168.10.97 - - [29/Mar/2018:09:11:20 -0300] "GET /cormun/static/Shared/jqueryui/images/ui-bg_highlight-soft_100_c6c2c8_1x100.png HTTP/1.1" 404 1117
192.168.10.97 - - [29/Mar/2018:09:11:20 -0300] "GET /cormun/static/Shared/jqueryui/images/ui-bg_flat_55_fafafa_40x100.png HTTP/1.1" 404 1097
192.168.10.97 - - [29/Mar/2018:09:11:20 -0300] "GET /cormun/static/Shared/jqueryui/images/ui-icons_8d78a5_256x240.png HTTP/1.1" 404 1089
192.168.10.97 - - [29/Mar/2018:09:11:32 -0300] "POST /cormun/servlet/trsolicitudgral?2d250beadb18af17f4ef6faa0ed47b79,,gx-no-cache=1522325322745 HTTP/1.1" 200 5921
192.168.10.97 - - [29/Mar/2018:09:11:43 -0300] "POST /cormun/servlet/trsolicitudgral?2d250beadb18af17f4ef6faa0ed47b79,,gx-no-cache=1522325333825 HTTP/1.1" 200 5924
192.168.10.97 - - [29/Mar/2018:09:11:51 -0300] "POST /cormun/servlet/trsolicitudgral?2d250beadb18af17f4ef6faa0ed47b79,,gx-no-cache=1522325341761 HTTP/1.1" 200 7292
192.168.10.97 - - [29/Mar/2018:09:11:56 -0300] "POST /cormun/servlet/trsolicitudgral?2d250beadb18af17f4ef6faa0ed47b79,,gx-no-cache=1522325346779 HTTP/1.1" 200 6123
192.168.10.97 - - [29/Mar/2018:09:12:15 -0300] "POST /cormun/servlet/trsolicitudgral?2d250beadb18af17f4ef6faa0ed47b79,,gx-no-cache=1522325365499 HTTP/1.1" 200 5922
192.168.10.97 - - [29/Mar/2018:09:12:19 -0300] "POST /cormun/servlet/trsolicitudgral?2d250beadb18af17f4ef6faa0ed47b79,,gx-no-cache=1522325369430 HTTP/1.1" 200 5921
192.168.10.97 - - [29/Mar/2018:09:12:26 -0300] "POST /cormun/servlet/trsolicitudgral?2d250beadb18af17f4ef6faa0ed47b79,,gx-no-cache=1522325376518 HTTP/1.1" 200 5919
192.168.10.97 - - [29/Mar/2018:09:12:41 -0300] "POST /cormun/servlet/trsolicitudgral?2d250beadb18af17f4ef6faa0ed47b79,,gx-no-cache=1522325391368 HTTP/1.1" 200 11757
192.168.10.97 - - [29/Mar/2018:09:12:49 -0300] "POST /cormun/servlet/trsolicitudgral?2d250beadb18af17f4ef6faa0ed47b79,,gx-no-cache=1522325399759 HTTP/1.1" 200 5920
192.168.10.97 - - [29/Mar/2018:09:12:59 -0300] "POST /cormun/servlet/trsolicitudgral?2d250beadb18af17f4ef6faa0ed47b79,,gx-no-cache=1522325409734 HTTP/1.1" 200 8933
200.54.247.70 - - [29/Mar/2018:09:13:03 -0300] "GET /cormun/servlet/hhome HTTP/1.1" 200 4238
200.54.247.70 - - [29/Mar/2018:09:13:13 -0300] "GET /cormun/servlet/trcontratosolicitud? HTTP/1.1" 200 14624
200.54.247.70 - - [29/Mar/2018:09:13:13 -0300] "GET /cormun/static/gxcfg.js?20177612214014 HTTP/1.1" 304 -
200.54.247.70 - - [29/Mar/2018:09:13:15 -0300] "GET /cormun/static/trcontratosolicitud.js?20177612214349 HTTP/1.1" 304 -
192.168.10.62 - - [29/Mar/2018:09:13:30 -0300] "GET /cormun/servlet/hlogin HTTP/1.1" 200 1714
190.100.93.40 - - [29/Mar/2018:09:13:37 -0300] "GET /cormun/servlet/alicenciaprn?13946144,L,20180328000000,PU HTTP/1.1" 200 1538
192.168.10.62 - - [29/Mar/2018:09:13:38 -0300] "POST /cormun/servlet/hlogin?ef0aa898074cdf0558740bcc8854f01d,gx-no-cache=1522325449168 HTTP/1.1" 200 90
192.168.10.62 - - [29/Mar/2018:09:13:38 -0300] "GET /cormun/servlet/hpexe_link HTTP/1.1" 200 945
192.168.10.62 - - [29/Mar/2018:09:13:39 -0300] "GET /cormun/servlet/hhome HTTP/1.1" 200 4481
192.168.10.62 - - [29/Mar/2018:09:13:39 -0300] "GET /cormun/servlet/hhome HTTP/1.1" 200 4478
192.168.10.62 - - [29/Mar/2018:09:13:44 -0300] "GET /cormun/servlet/trcoordinadores? HTTP/1.1" 200 7483
192.168.10.62 - - [29/Mar/2018:09:13:45 -0300] "GET /cormun/servlet/trcoordinadores? HTTP/1.1" 200 7482
200.54.247.70 - - [29/Mar/2018:09:14:01 -0300] "GET /cormun/servlet/hlogin HTTP/1.1" 200 1721
200.54.247.70 - - [29/Mar/2018:09:14:01 -0300] "GET /cormun/static/Resources/Spanish/PXTools.css?11423723 HTTP/1.1" 304 -
200.54.247.70 - - [29/Mar/2018:09:14:01 -0300] "GET /cormun/static/gxtimezone.js?85251 HTTP/1.1" 304 -
200.54.247.70 - - [29/Mar/2018:09:14:01 -0300] "GET /cormun/static/Resources/ComunLogin.png HTTP/1.1" 304 -
200.54.247.70 - - [29/Mar/2018:09:14:01 -0300] "GET /cormun/static/gxcfg.js?20175251213516 HTTP/1.1" 304 -
200.54.247.70 - - [29/Mar/2018:09:14:01 -0300] "GET /cormun/static/gxgral.js?85251 HTTP/1.1" 304 -
200.54.247.70 - - [29/Mar/2018:09:14:01 -0300] "GET /cormun/static/messages.spa.js?85251 HTTP/1.1" 304 -
200.54.247.70 - - [29/Mar/2018:09:14:01 -0300] "GET /cormun/static/hlogin.js?20175251213537 HTTP/1.1" 304 -
200.54.247.70 - - [29/Mar/2018:09:14:03 -0300] "GET /cormun/static/Resources/indicator.gif HTTP/1.1" 304 -
192.168.10.62 - - [29/Mar/2018:09:14:11 -0300] "POST /cormun/servlet/trcoordinadores?ef0aa898074cdf0558740bcc8854f01d,,gx-no-cache=1522325481064 HTTP/1.1" 200 5336
200.54.247.70 - - [29/Mar/2018:09:14:21 -0300] "POST /cormun/servlet/hlogin?11335148f37bd38eca83bdace1d22b44,gx-no-cache=1522325606675 HTTP/1.1" 200 90
200.54.247.70 - - [29/Mar/2018:09:14:21 -0300] "GET /cormun/servlet/hpexe_link HTTP/1.1" 200 960
200.54.247.70 - - [29/Mar/2018:09:14:22 -0300] "GET /cormun/servlet/trcontratosolicitud HTTP/1.1" 200 14626
192.168.10.50 - - [29/Mar/2018:09:14:35 -0300] "POST /cormun/servlet/trsolicitudgral?fe8b09ad7c01f95d62afcc5bb769b4e6,,gx-no-cache=1522325505467 HTTP/1.1" 200 5921
192.168.10.50 - - [29/Mar/2018:09:14:38 -0300] "POST /cormun/servlet/trsolicitudgral?fe8b09ad7c01f95d62afcc5bb769b4e6,,gx-no-cache=1522325509124 HTTP/1.1" 200 11849
192.168.10.50 - - [29/Mar/2018:09:14:41 -0300] "GET /cormun/servlet/vesolicitudgral?2018,10817,, HTTP/1.1" 200 9076
192.168.10.50 - - [29/Mar/2018:09:14:41 -0300] "GET /cormun/static/gxcfg.js?201711151294153 HTTP/1.1" 304 -
192.168.10.50 - - [29/Mar/2018:09:14:41 -0300] "GET /cormun/pexe_scrolldiv.js HTTP/1.1" 404 1009
192.168.10.50 - - [29/Mar/2018:09:14:41 -0300] "GET /cormun/static/tbsolicitudgral01.js?201813119422078 HTTP/1.1" 304 -
192.168.10.50 - - [29/Mar/2018:09:14:42 -0300] "GET /cormun/servlet/vesolicitudgral?2018,10817,, HTTP/1.1" 200 9076
192.168.10.50 - - [29/Mar/2018:09:14:43 -0300] "GET /cormun/servlet/vesolicitudgral?2018,10817,,SolicitudOTLog HTTP/1.1" 200 9910
192.168.10.50 - - [29/Mar/2018:09:14:43 -0300] "GET /cormun/pexe_scrolldiv.js HTTP/1.1" 404 1009
192.168.10.50 - - [29/Mar/2018:09:14:43 -0300] "GET /cormun/pexe_scrolldiv.js HTTP/1.1" 404 1009
192.168.10.50 - - [29/Mar/2018:09:14:44 -0300] "GET /cormun/servlet/vesolicitudgral?2018,10817,,SolicitudOTLog HTTP/1.1" 200 9911
192.168.10.50 - - [29/Mar/2018:09:14:45 -0300] "POST /cormun/servlet/acontrolpreferencessavestate?None,MRAMOS,true HTTP/1.1" 200 35
192.168.10.50 - - [29/Mar/2018:09:14:52 -0300] "GET /cormun/servlet/vesolicitudgral?2018,10817,,SolicitudOTAdjuntos HTTP/1.1" 200 7700
192.168.10.50 - - [29/Mar/2018:09:14:52 -0300] "GET /cormun/pexe_scrolldiv.js HTTP/1.1" 404 1009
192.168.10.50 - - [29/Mar/2018:09:14:52 -0300] "GET /cormun/pexe_scrolldiv.js HTTP/1.1" 404 1009
192.168.10.50 - - [29/Mar/2018:09:14:52 -0300] "GET /cormun/servlet/vesolicitudgral?2018,10817,,SolicitudOTAdjuntos HTTP/1.1" 200 7700
192.168.10.50 - - [29/Mar/2018:09:14:53 -0300] "POST /cormun/servlet/acontrolpreferencessavestate?None,MRAMOS,true HTTP/1.1" 200 35
192.168.10.50 - - [29/Mar/2018:09:14:54 -0300] "GET /cormun/servlet/vesolicitudgral?2018,10817,,General HTTP/1.1" 200 9081
192.168.10.50 - - [29/Mar/2018:09:14:54 -0300] "GET /cormun/pexe_scrolldiv.js HTTP/1.1" 404 1009
192.168.10.50 - - [29/Mar/2018:09:14:54 -0300] "GET /cormun/pexe_scrolldiv.js HTTP/1.1" 404 1009
192.168.10.50 - - [29/Mar/2018:09:14:54 -0300] "GET /cormun/servlet/vesolicitudgral?2018,10817,,General HTTP/1.1" 200 9081
192.168.10.50 - - [29/Mar/2018:09:14:57 -0300] "GET /cormun/servlet/vesolicitudgral?2018,10817,,SolicitudOTLog HTTP/1.1" 200 9910
192.168.10.50 - - [29/Mar/2018:09:14:57 -0300] "GET /cormun/pexe_scrolldiv.js HTTP/1.1" 404 1009
192.168.10.50 - - [29/Mar/2018:09:14:57 -0300] "GET /cormun/pexe_scrolldiv.js HTTP/1.1" 404 1009
192.168.10.50 - - [29/Mar/2018:09:14:57 -0300] "GET /cormun/servlet/vesolicitudgral?2018,10817,,SolicitudOTLog HTTP/1.1" 200 9911
192.168.10.50 - - [29/Mar/2018:09:14:58 -0300] "POST /cormun/servlet/acontrolpreferencessavestate?None,MRAMOS,true HTTP/1.1" 200 35
192.168.10.50 - - [29/Mar/2018:09:15:11 -0300] "GET /cormun/servlet/trsolicitudgral? HTTP/1.1" 200 15019
192.168.10.50 - - [29/Mar/2018:09:15:12 -0300] "GET /cormun/servlet/trsolicitudgral? HTTP/1.1" 200 15012
192.168.10.50 - - [29/Mar/2018:09:15:18 -0300] "POST /cormun/servlet/trsolicitudgral?fe8b09ad7c01f95d62afcc5bb769b4e6,,gx-no-cache=1522325548311 HTTP/1.1" 200 16307
192.168.10.50 - - [29/Mar/2018:09:15:20 -0300] "GET /cormun/servlet/vesolicitudgral?2018,10790,, HTTP/1.1" 200 9089
192.168.10.50 - - [29/Mar/2018:09:15:20 -0300] "GET /cormun/pexe_scrolldiv.js HTTP/1.1" 404 1009
192.168.10.50 - - [29/Mar/2018:09:15:20 -0300] "GET /cormun/pexe_scrolldiv.js HTTP/1.1" 404 1009
192.168.10.50 - - [29/Mar/2018:09:15:20 -0300] "GET /cormun/servlet/vesolicitudgral?2018,10790,, HTTP/1.1" 200 9087
192.168.10.50 - - [29/Mar/2018:09:15:22 -0300] "GET /cormun/servlet/vesolicitudgral?2018,10790,,SolicitudOTLog HTTP/1.1" 200 9904
192.168.10.50 - - [29/Mar/2018:09:15:22 -0300] "GET /cormun/pexe_scrolldiv.js HTTP/1.1" 404 1009
192.168.10.50 - - [29/Mar/2018:09:15:22 -0300] "GET /cormun/pexe_scrolldiv.js HTTP/1.1" 404 1009
192.168.10.50 - - [29/Mar/2018:09:15:22 -0300] "GET /cormun/servlet/vesolicitudgral?2018,10790,,SolicitudOTLog HTTP/1.1" 200 9904
192.168.10.50 - - [29/Mar/2018:09:15:23 -0300] "POST /cormun/servlet/acontrolpreferencessavestate?None,MRAMOS,true HTTP/1.1" 200 35
192.168.10.50 - - [29/Mar/2018:09:15:28 -0300] "GET /cormun/servlet/vesolicitudgral?2018,10790,,General HTTP/1.1" 200 9092
192.168.10.50 - - [29/Mar/2018:09:15:28 -0300] "GET /cormun/pexe_scrolldiv.js HTTP/1.1" 404 1009
192.168.10.50 - - [29/Mar/2018:09:15:28 -0300] "GET /cormun/pexe_scrolldiv.js HTTP/1.1" 404 1009
192.168.10.50 - - [29/Mar/2018:09:15:28 -0300] "GET /cormun/servlet/vesolicitudgral?2018,10790,,General HTTP/1.1" 200 9092
192.168.10.50 - - [29/Mar/2018:09:15:38 -0300] "GET /cormun/servlet/trsolicitudgral? HTTP/1.1" 200 19211
192.168.10.50 - - [29/Mar/2018:09:15:38 -0300] "GET /cormun/servlet/trsolicitudgral? HTTP/1.1" 200 19209
192.168.10.50 - - [29/Mar/2018:09:15:43 -0300] "POST /cormun/servlet/trsolicitudgral?fe8b09ad7c01f95d62afcc5bb769b4e6,,gx-no-cache=1522325573599 HTTP/1.1" 200 18718
192.168.10.50 - - [29/Mar/2018:09:15:47 -0300] "POST /cormun/servlet/trsolicitudgral?fe8b09ad7c01f95d62afcc5bb769b4e6,,gx-no-cache=1522325577374 HTTP/1.1" 200 7825
192.168.10.50 - - [29/Mar/2018:09:15:52 -0300] "POST /cormun/servlet/trsolicitudgral?fe8b09ad7c01f95d62afcc5bb769b4e6,,gx-no-cache=1522325583108 HTTP/1.1" 200 6142
192.168.10.50 - - [29/Mar/2018:09:15:52 -0300] "GET /cormun/static/Shared/jqueryui/images/ui-icons_82798d_256x240.png HTTP/1.1" 404 1089
192.168.10.50 - - [29/Mar/2018:09:15:52 -0300] "GET /cormun/static/Shared/jqueryui/images/ui-icons_8d78a5_256x240.png HTTP/1.1" 404 1089
192.168.10.50 - - [29/Mar/2018:09:15:52 -0300] "GET /cormun/static/Shared/jqueryui/images/ui-bg_flat_55_fafafa_40x100.png HTTP/1.1" 404 1097
192.168.10.50 - - [29/Mar/2018:09:15:52 -0300] "GET /cormun/static/Shared/jqueryui/images/ui-bg_highlight-soft_100_c6c2c8_1x100.png HTTP/1.1" 404 1117
200.54.247.70 - - [29/Mar/2018:09:16:07 -0300] "GET /cormun/servlet/trsolicitudot? HTTP/1.1" 200 7449
200.54.247.70 - - [29/Mar/2018:09:16:10 -0300] "GET /cormun/servlet/solicitudot?INS,0,0, HTTP/1.1" 200 13680
192.168.10.62 - - [29/Mar/2018:09:17:13 -0300] "GET /cormun/servlet/trcoordinadores? HTTP/1.1" 200 7477
192.168.10.62 - - [29/Mar/2018:09:17:15 -0300] "GET /cormun/servlet/trcoordinadores? HTTP/1.1" 200 7477
192.168.10.62 - - [29/Mar/2018:09:18:20 -0300] "POST /cormun/servlet/trcoordinadores?ef0aa898074cdf0558740bcc8854f01d,,gx-no-cache=1522325729627 HTTP/1.1" 200 5330
200.54.247.70 - - [29/Mar/2018:09:20:48 -0300] "POST /cormun/servlet/solicitudot?gx-no-cache=1522325993374 HTTP/1.1" 200 3402
200.54.247.70 - - [29/Mar/2018:09:20:49 -0300] "POST /cormun/servlet/solicitudot?11335148f37bd38eca83bdace1d22b44,INS,0,0,,gx-no-cache=1522325993872 HTTP/1.1" 200 10567
200.54.247.70 - - [29/Mar/2018:09:20:51 -0300] "GET /cormun/servlet/solicitudot?fdff191e7800be0e8013c35d6f0ae4ffdd7f41daf2c701cde06b054b5a23bf3b94dac5b254d28a8f0b97d870a5adc00b,gx-no-cache=1522325996618 HTTP/1.1" 200 30
200.54.247.70 - - [29/Mar/2018:09:20:51 -0300] "GET /cormun/servlet/solicitudot?fdff191e7800be0e8013c35d6f0ae4ff9b73dce431ac8f7e69389ffea372ef6eb67d02123013c106b01075304e2368778e23037ed9f1ee130c9279387b492291,gx-no-cache=1522325996669 HTTP/1.1" 200 30
200.54.247.70 - - [29/Mar/2018:09:20:52 -0300] "GET /cormun/servlet/solicitudot?fdff191e7800be0e8013c35d6f0ae4ff6d61fc45f0eb6de776f4f63e92286933,gx-no-cache=1522325996909 HTTP/1.1" 200 53
200.54.247.70 - - [29/Mar/2018:09:20:52 -0300] "POST /cormun/servlet/solicitudot?gx-no-cache=1522325996942 HTTP/1.1" 200 297
200.54.247.70 - - [29/Mar/2018:09:20:52 -0300] "GET /cormun/servlet/solicitudot?fdff191e7800be0e8013c35d6f0ae4ffb6f5a0ee0b2ba788aefde3fe5495cbca0c9d36f6f2d26f78f3835a8aa9fefe4212d18d2a8fc4a2c27c862faf05769e7e34025ed2497119d89333a7e9aad7d75ca19a61f5200659c5ab5022476baf7174c8183b0f08969aef3c53893acfb53456e9aad074c9b5f3cf544b7dc55648ce5dfe064b5a63591da1d600477b2a57f71e023adfb3177f35d2d2c3f00c4274287deed2a6c73227f5c99417cbf12607000353e09e0130eb8aa3958ef3d499dde7f19d505b0cdcd544362e9475b34b70471ba1d98e1138cb0596ca7561841b02c56e811c7bc3c8d1942f47f63c6ed210285446284b28b8a088c8a273e76130ea01b540f50f83af74774ba8a7884d1b362f2929d5ab6b3224d10151a844991a213a1809e43c89cdacb04d5ac0c04332acfd0c7d67bed749524a400729d6d42217d9c2d659ae12adba8f73d8482c586477216d8a83907851e17c0a39d15c4408c92fe4a478b478417df93fc0958e1b0413fabe305198957f6d1e0ef72dbb3dcff6ef631df3d1bca4311f507e16350dd8b204db,gx-no-cache=1522325996976 HTTP/1.1" 200 30
200.54.247.70 - - [29/Mar/2018:09:20:57 -0300] "POST /cormun/servlet/solicitudot?gx-no-cache=1522326002233 HTTP/1.1" 200 30
200.54.247.70 - - [29/Mar/2018:09:21:14 -0300] "POST /cormun/servlet/solicitudot?gx-no-cache=1522326019347 HTTP/1.1" 200 1352
200.54.247.70 - - [29/Mar/2018:09:21:14 -0300] "POST /cormun/servlet/solicitudot?gx-no-cache=1522326019492 HTTP/1.1" 200 38
200.54.247.70 - - [29/Mar/2018:09:21:22 -0300] "GET /cormun/servlet/solicitudot?fdff191e7800be0e8013c35d6f0ae4ffda173862cded86addd624683a91764f6346560267be11efbac2261003db3c1909f3ab36c8eb05a6aa6cf62b93acbc8b8a863e39e9bc6011917329217b6a967a575d3dee07caf716aaf8b99ccbde8a3ab672481fc0825a7c48e89af2a2b438b47,gx-no-cache=1522326027442 HTTP/1.1" 200 29
200.54.247.70 - - [29/Mar/2018:09:21:22 -0300] "POST /cormun/servlet/solicitudot?gx-no-cache=1522326027481 HTTP/1.1" 200 1335
200.54.247.70 - - [29/Mar/2018:09:21:22 -0300] "POST /cormun/servlet/solicitudot?gx-no-cache=1522326027529 HTTP/1.1" 200 1231
200.54.247.70 - - [29/Mar/2018:09:21:23 -0300] "GET /cormun/static/menuarrow.gif HTTP/1.1" 404 1015
200.54.247.70 - - [29/Mar/2018:09:21:24 -0300] "POST /cormun/servlet/solicitudot?gx-no-cache=1522326029854 HTTP/1.1" 200 1335
200.54.247.70 - - [29/Mar/2018:09:21:28 -0300] "POST /cormun/servlet/solicitudot?gx-no-cache=1522326033046 HTTP/1.1" 200 1231
200.54.247.70 - - [29/Mar/2018:09:21:35 -0300] "GET /cormun/servlet/solicitudot?fdff191e7800be0e8013c35d6f0ae4ff87ba4b46c5e81aa2c744840fcdf620491759e3c41ae6eb545c696b48c5c59b29,gx-no-cache=1522326040278 HTTP/1.1" 200 30
186.103.159.186 - - [29/Mar/2018:09:22:41 -0300] "GET /cormun/servlet/hlogin HTTP/1.1" 200 1718
186.103.159.186 - - [29/Mar/2018:09:22:42 -0300] "GET /cormun/servlet/hlogin HTTP/1.1" 200 1729
186.103.159.186 - - [29/Mar/2018:09:22:50 -0300] "POST /cormun/servlet/hlogin?e594aa7ff0961b1ab8a64ff5af91e855,gx-no-cache=1522326118313 HTTP/1.1" 200 90
186.103.159.186 - - [29/Mar/2018:09:22:50 -0300] "GET /cormun/servlet/hpexe_link HTTP/1.1" 200 950
186.103.159.186 - - [29/Mar/2018:09:22:50 -0300] "GET /cormun/servlet/hhome HTTP/1.1" 200 3949
186.103.159.186 - - [29/Mar/2018:09:22:51 -0300] "GET /cormun/servlet/hhome HTTP/1.1" 200 3946
186.103.159.186 - - [29/Mar/2018:09:22:54 -0300] "GET /cormun/servlet/trsolicitudot? HTTP/1.1" 200 8971
186.103.159.186 - - [29/Mar/2018:09:22:54 -0300] "GET /cormun/static/gxui/gxui-all.css?120300 HTTP/1.1" 200 2179
186.103.159.186 - - [29/Mar/2018:09:22:54 -0300] "GET /cormun/static/calendar-system.css?85620 HTTP/1.1" 200 5572
186.103.159.186 - - [29/Mar/2018:09:22:54 -0300] "GET /cormun/static/gxcfg.js?2017111422585916 HTTP/1.1" 200 953
186.103.159.186 - - [29/Mar/2018:09:22:54 -0300] "GET /cormun/static/Resources/Spanish/PXTools.css?1255365 HTTP/1.1" 200 89042
186.103.159.186 - - [29/Mar/2018:09:22:54 -0300] "GET /cormun/static/Shared/ext/resources/css/ext-all.css?215870 HTTP/1.1" 200 416045
186.103.159.186 - - [29/Mar/2018:09:22:54 -0300] "GET /cormun/static/trsolicitudot.js?201711142259839 HTTP/1.1" 200 54041
186.103.159.186 - - [29/Mar/2018:09:22:55 -0300] "GET /cormun/servlet/trsolicitudot? HTTP/1.1" 200 8970
186.103.159.186 - - [29/Mar/2018:09:22:55 -0300] "GET /cormun//static/Resources/PXToolsActionView.png HTTP/1.1" 200 2995
186.103.159.186 - - [29/Mar/2018:09:22:55 -0300] "GET /cormun//static/Resources/PXToolsRemoveAllAction.png HTTP/1.1" 200 3558
186.103.159.186 - - [29/Mar/2018:09:22:59 -0300] "GET /cormun/servlet/solicitudot?INS,0,0, HTTP/1.1" 200 13391
186.103.159.186 - - [29/Mar/2018:09:22:59 -0300] "GET /cormun/static/gxcfg.js?201812313224582 HTTP/1.1" 200 953
186.103.159.186 - - [29/Mar/2018:09:22:59 -0300] "GET /cormun/static/solicitudot.js?201812313224831 HTTP/1.1" 200 72336
186.103.159.186 - - [29/Mar/2018:09:23:00 -0300] "GET /cormun/servlet/solicitudot?INS,0,0, HTTP/1.1" 200 13396
186.103.159.186 - - [29/Mar/2018:09:23:11 -0300] "POST /cormun/servlet/solicitudot?gx-no-cache=1522326139355 HTTP/1.1" 200 3430
186.103.159.186 - - [29/Mar/2018:09:23:12 -0300] "POST /cormun/servlet/solicitudot?e594aa7ff0961b1ab8a64ff5af91e855,INS,0,0,,gx-no-cache=1522326139785 HTTP/1.1" 200 10385
186.103.159.186 - - [29/Mar/2018:09:23:15 -0300] "GET /cormun/servlet/solicitudot?2e1aca4b6e659704eb1c7f41296e2717d49b633f8eb569c0e7d420bca3f65803e1ee595b266aa4ba40a1be7224cf5dfd,gx-no-cache=1522326143518 HTTP/1.1" 200 30
186.103.159.186 - - [29/Mar/2018:09:23:15 -0300] "GET /cormun/servlet/solicitudot?2e1aca4b6e659704eb1c7f41296e2717ce11be955946b7f57ed2334fa9f889d544d8556be09d9d31370d307b22b0181ec54c77cd08016d3c630a5f679fe4346f,gx-no-cache=1522326143600 HTTP/1.1" 200 30
186.103.159.186 - - [29/Mar/2018:09:23:15 -0300] "GET /cormun/servlet/solicitudot?2e1aca4b6e659704eb1c7f41296e27175abcb269b7764e0ddc06e6044322178e,gx-no-cache=1522326143639 HTTP/1.1" 200 45
186.103.159.186 - - [29/Mar/2018:09:23:15 -0300] "POST /cormun/servlet/solicitudot?gx-no-cache=1522326143680 HTTP/1.1" 200 256
186.103.159.186 - - [29/Mar/2018:09:23:16 -0300] "GET /cormun/servlet/solicitudot?2e1aca4b6e659704eb1c7f41296e271727c6b506fe90490df9632e9f8197a312ea7e89f7edf2156ac473d006f1fff3d53fef3af08ffcdbeab9410042f8e5d8332ed33af2538f5919a034242d04cc8fbf4418f79bd48011973ddc02c764c91a169152900ab3436bd44b30cc4f0e2b89d658c662aa6e498baf0ba0fdcf8e45e1416885c9730140629bb98739975f4e1a24d36867f526c1a0cad72672c367238053c4d80a881783c608775c85b34b100a877dc32f7a63a7f03000a1e50c442af58c26efc4f79680dc622a9429a4a6973f73e97e6cbd35a55914039ba4e5a972e10bd89438b26e2836a94e9a9a5cb55711a9f0705acd043eb78bd346826189c8df9f7ae3f6606c3d6c787a6f45e68ec6936c80917550d5ee589c4e86aa7a8361cb4cdb80718fba95e7fe1c574ccc1fdc0a8283802adc80a57baf574162cc36413bdc7fe416926cc5bddd4b33321a1df04ee10fe9d1a7df729c6a51efb53faa281379b781ccab2f3476336677af7bee8b21907ae708df09619a47423e6966a77575e2,gx-no-cache=1522326143732 HTTP/1.1" 200 30
186.103.159.186 - - [29/Mar/2018:09:23:19 -0300] "POST /cormun/servlet/solicitudot?gx-no-cache=1522326147562 HTTP/1.1" 200 30
186.103.159.186 - - [29/Mar/2018:09:23:22 -0300] "POST /cormun/servlet/solicitudot?gx-no-cache=1522326150390 HTTP/1.1" 200 1353
186.103.159.186 - - [29/Mar/2018:09:23:22 -0300] "POST /cormun/servlet/solicitudot?gx-no-cache=1522326150487 HTTP/1.1" 200 38
186.103.159.186 - - [29/Mar/2018:09:23:32 -0300] "GET /cormun/servlet/solicitudot?2e1aca4b6e659704eb1c7f41296e2717e8ad97b03100dad0f5c353a32749ca499fdc7166a74fce344507ffef83590dfef90fafe1442991bc1e65742ac5d1a061f07172dc329c574ef4add2a543498b2b14c47ab65fa182970f306c9f761ab8385f1cf2eba1b49e8fea2612b065fb3b2a,gx-no-cache=1522326160502 HTTP/1.1" 200 29
186.103.159.186 - - [29/Mar/2018:09:23:32 -0300] "POST /cormun/servlet/solicitudot?gx-no-cache=1522326160542 HTTP/1.1" 200 1335
186.103.159.186 - - [29/Mar/2018:09:23:32 -0300] "POST /cormun/servlet/solicitudot?gx-no-cache=1522326160605 HTTP/1.1" 200 1231
186.103.159.186 - - [29/Mar/2018:09:23:32 -0300] "GET /cormun/static/menuarrow.gif HTTP/1.1" 404 1015
186.103.159.186 - - [29/Mar/2018:09:23:34 -0300] "POST /cormun/servlet/solicitudot?gx-no-cache=1522326162744 HTTP/1.1" 200 1335
186.103.159.186 - - [29/Mar/2018:09:23:34 -0300] "POST /cormun/servlet/solicitudot?gx-no-cache=1522326162804 HTTP/1.1" 200 1231
186.103.159.186 - - [29/Mar/2018:09:23:36 -0300] "GET /cormun/servlet/solicitudot?2e1aca4b6e659704eb1c7f41296e2717d7a6b9a7e7ebb8a285425e76299f65dd109c4b381701c31a0e08571063b71e3b,gx-no-cache=1522326164922 HTTP/1.1" 200 30
192.168.10.62 - - [29/Mar/2018:09:24:25 -0300] "GET /cormun/servlet/trconsultaempleado? HTTP/1.1" 200 10212
192.168.10.62 - - [29/Mar/2018:09:24:26 -0300] "GET /cormun/servlet/trconsultaempleado? HTTP/1.1" 200 10211
192.168.10.62 - - [29/Mar/2018:09:24:30 -0300] "POST /cormun/servlet/trconsultaempleado?ef0aa898074cdf0558740bcc8854f01d,,gx-no-cache=1522326100473 HTTP/1.1" 200 4878
192.168.10.56 - - [29/Mar/2018:09:24:31 -0300] "POST /cormun/servlet/trsolicitudgral?6c84c6059350b70f2c84031a2dd8e498,,gx-no-cache=1522326101655 HTTP/1.1" 200 13659
192.168.10.62 - - [29/Mar/2018:09:24:32 -0300] "GET /cormun/servlet/trsolicitudnombre?17502990, HTTP/1.1" 200 9412
192.168.10.62 - - [29/Mar/2018:09:24:33 -0300] "GET /cormun/servlet/trsolicitudnombre?17502990, HTTP/1.1" 200 9415
192.168.10.62 - - [29/Mar/2018:09:24:34 -0300] "GET /cormun/servlet/vesolicitudnombre?2018,9446,, HTTP/1.1" 200 8779
192.168.10.62 - - [29/Mar/2018:09:24:35 -0300] "GET /cormun/pexe_scrolldiv.js HTTP/1.1" 404 1009
192.168.10.62 - - [29/Mar/2018:09:24:35 -0300] "GET /cormun/servlet/vesolicitudnombre?2018,9446,, HTTP/1.1" 200 8773
192.168.10.62 - - [29/Mar/2018:09:24:40 -0300] "GET /cormun/servlet/vesolicitudnombre?2018,9446,,SolicitudOTLog HTTP/1.1" 200 9712
192.168.10.62 - - [29/Mar/2018:09:24:40 -0300] "GET /cormun/pexe_scrolldiv.js HTTP/1.1" 404 1009
192.168.10.62 - - [29/Mar/2018:09:24:40 -0300] "GET /cormun/pexe_scrolldiv.js HTTP/1.1" 404 1009
192.168.10.62 - - [29/Mar/2018:09:24:40 -0300] "GET /cormun/servlet/vesolicitudnombre?2018,9446,,SolicitudOTLog HTTP/1.1" 200 9713
192.168.10.62 - - [29/Mar/2018:09:24:41 -0300] "POST /cormun/servlet/acontrolpreferencessavestate?None,FGONZALEZ,true HTTP/1.1" 200 35
192.168.10.56 - - [29/Mar/2018:09:24:41 -0300] "POST /cormun/servlet/trsolicitudgral?6c84c6059350b70f2c84031a2dd8e498,,gx-no-cache=1522326112183 HTTP/1.1" 200 5928
192.168.10.56 - - [29/Mar/2018:09:24:45 -0300] "POST /cormun/servlet/trsolicitudgral?6c84c6059350b70f2c84031a2dd8e498,,gx-no-cache=1522326115866 HTTP/1.1" 200 7717
186.103.159.186 - - [29/Mar/2018:09:25:07 -0300] "POST /cormun/servlet/solicitudot?gx-no-cache=1522326254793 HTTP/1.1" 200 30
186.103.159.186 - - [29/Mar/2018:09:25:07 -0300] "POST /cormun/servlet/solicitudot?e594aa7ff0961b1ab8a64ff5af91e855,INS,0,0,,gx-no-cache=1522326255189 HTTP/1.1" 200 93
186.103.159.186 - - [29/Mar/2018:09:25:07 -0300] "GET /cormun/servlet/hpexe_return? HTTP/1.1" 200 1006
186.103.159.186 - - [29/Mar/2018:09:25:08 -0300] "GET /cormun/servlet/trsolicitudot HTTP/1.1" 200 9404
186.103.159.186 - - [29/Mar/2018:09:25:09 -0300] "GET /cormun/servlet/trsolicitudot HTTP/1.1" 200 9401
192.168.10.56 - - [29/Mar/2018:09:25:18 -0300] "POST /cormun/servlet/trsolicitudgral?6c84c6059350b70f2c84031a2dd8e498,,gx-no-cache=1522326148715 HTTP/1.1" 200 16067
186.103.159.186 - - [29/Mar/2018:09:25:48 -0300] "POST /cormun/servlet/trsolicitudot?e594aa7ff0961b1ab8a64ff5af91e855,gx-no-cache=1522326296503 HTTP/1.1" 200 6123
186.103.159.186 - - [29/Mar/2018:09:25:49 -0300] "GET /cormun/static/Shared/jqueryui/images/ui-bg_highlight-soft_100_c6c2c8_1x100.png HTTP/1.1" 404 1117
186.103.159.186 - - [29/Mar/2018:09:25:49 -0300] "GET /cormun/static/Shared/jqueryui/images/ui-icons_82798d_256x240.png HTTP/1.1" 404 1089
186.103.159.186 - - [29/Mar/2018:09:25:49 -0300] "GET /cormun/static/Shared/jqueryui/images/ui-bg_flat_55_fafafa_40x100.png HTTP/1.1" 404 1097
186.103.159.186 - - [29/Mar/2018:09:25:49 -0300] "GET /cormun/static/Shared/jqueryui/images/ui-icons_8d78a5_256x240.png HTTP/1.1" 404 1089
186.103.159.186 - - [29/Mar/2018:09:25:49 -0300] "POST /cormun/servlet/trsolicitudot?e594aa7ff0961b1ab8a64ff5af91e855,gx-no-cache=1522326297194 HTTP/1.1" 200 6065
186.103.159.186 - - [29/Mar/2018:09:25:55 -0300] "GET /cormun/servlet/hlogin HTTP/1.1" 200 1718
186.103.159.186 - - [29/Mar/2018:09:26:06 -0300] "POST /cormun/servlet/hlogin?e594aa7ff0961b1ab8a64ff5af91e855,gx-no-cache=1522326314288 HTTP/1.1" 200 425
186.103.158.250 - - [29/Mar/2018:09:26:06 -0300] "GET /cormun/servlet/hlogin HTTP/1.1" 200 1717
186.103.158.250 - - [29/Mar/2018:09:26:07 -0300] "GET /cormun/servlet/hlogin HTTP/1.1" 200 1727
186.103.159.186 - - [29/Mar/2018:09:26:11 -0300] "POST /cormun/servlet/hlogin?e594aa7ff0961b1ab8a64ff5af91e855,gx-no-cache=1522326319639 HTTP/1.1" 200 90
186.103.159.186 - - [29/Mar/2018:09:26:11 -0300] "GET /cormun/servlet/hpexe_link HTTP/1.1" 200 950
186.103.159.186 - - [29/Mar/2018:09:26:11 -0300] "GET /cormun/servlet/hhome HTTP/1.1" 200 4117
186.103.159.186 - - [29/Mar/2018:09:26:13 -0300] "GET /cormun/servlet/hhome HTTP/1.1" 200 4113
192.168.10.56 - - [29/Mar/2018:09:26:18 -0300] "POST /cormun/servlet/trsolicitudgral?6c84c6059350b70f2c84031a2dd8e498,,gx-no-cache=1522326209024 HTTP/1.1" 200 7293
186.103.159.186 - - [29/Mar/2018:09:26:21 -0300] "GET /cormun/servlet/trautorizarsolicitud? HTTP/1.1" 200 8562
186.103.159.186 - - [29/Mar/2018:09:26:21 -0300] "GET /cormun/static/gxcfg.js?2017111423403364 HTTP/1.1" 200 953
186.103.159.186 - - [29/Mar/2018:09:26:21 -0300] "GET /cormun/static/trautorizarsolicitud.js?201711142340425 HTTP/1.1" 200 53910
186.103.159.186 - - [29/Mar/2018:09:26:22 -0300] "GET /cormun/servlet/trautorizarsolicitud? HTTP/1.1" 200 8560
186.103.159.186 - - [29/Mar/2018:09:26:27 -0300] "POST /cormun/servlet/trautorizarsolicitud?e594aa7ff0961b1ab8a64ff5af91e855,,gx-no-cache=1522326335330 HTTP/1.1" 200 4595
186.103.159.186 - - [29/Mar/2018:09:26:27 -0300] "GET /cormun/static/Shared/jqueryui/images/ui-bg_highlight-soft_100_c6c2c8_1x100.png HTTP/1.1" 404 1117
186.103.159.186 - - [29/Mar/2018:09:26:27 -0300] "GET /cormun/static/Shared/jqueryui/images/ui-icons_82798d_256x240.png HTTP/1.1" 404 1089
186.103.159.186 - - [29/Mar/2018:09:26:27 -0300] "GET /cormun/static/Shared/jqueryui/images/ui-bg_flat_55_fafafa_40x100.png HTTP/1.1" 404 1097
186.103.159.186 - - [29/Mar/2018:09:26:27 -0300] "GET /cormun/static/Shared/jqueryui/images/ui-icons_8d78a5_256x240.png HTTP/1.1" 404 1089
186.103.159.186 - - [29/Mar/2018:09:26:28 -0300] "POST /cormun/servlet/trautorizarsolicitud?e594aa7ff0961b1ab8a64ff5af91e855,,gx-no-cache=1522326335651 HTTP/1.1" 200 4378
186.103.158.250 - - [29/Mar/2018:09:26:32 -0300] "POST /cormun/servlet/hlogin?bdb50a8ceaf6471e2db0b7bd72112bb0,gx-no-cache=1522326333996 HTTP/1.1" 200 442
186.103.158.250 - - [29/Mar/2018:09:26:49 -0300] "POST /cormun/servlet/hlogin?bdb50a8ceaf6471e2db0b7bd72112bb0,gx-no-cache=1522326355269 HTTP/1.1" 200 442
192.168.10.56 - - [29/Mar/2018:09:26:51 -0300] "POST /cormun/servlet/trsolicitudgral?6c84c6059350b70f2c84031a2dd8e498,,gx-no-cache=1522326241695 HTTP/1.1" 200 5934
192.168.10.56 - - [29/Mar/2018:09:27:02 -0300] "GET /cormun/servlet/hlogin HTTP/1.1" 200 1735
200.54.247.70 - - [29/Mar/2018:09:29:40 -0300] "GET /cormun/servlet/hlogin HTTP/1.1" 200 1721
200.54.247.70 - - [29/Mar/2018:09:29:40 -0300] "GET /cormun/static/gxtimezone.js?85251 HTTP/1.1" 304 -
200.54.247.70 - - [29/Mar/2018:09:29:40 -0300] "GET /cormun/static/gxgral.js?85251 HTTP/1.1" 304 -
200.54.247.70 - - [29/Mar/2018:09:29:40 -0300] "GET /cormun/static/Resources/Spanish/PXTools.css?11423723 HTTP/1.1" 304 -
200.54.247.70 - - [29/Mar/2018:09:29:40 -0300] "GET /cormun/static/gxcfg.js?20175251213516 HTTP/1.1" 304 -
200.54.247.70 - - [29/Mar/2018:09:29:40 -0300] "GET /cormun/static/Resources/ComunLogin.png HTTP/1.1" 304 -
200.54.247.70 - - [29/Mar/2018:09:29:40 -0300] "GET /cormun/static/messages.spa.js?85251 HTTP/1.1" 304 -
200.54.247.70 - - [29/Mar/2018:09:29:40 -0300] "GET /cormun/static/hlogin.js?20175251213537 HTTP/1.1" 304 -
200.54.247.70 - - [29/Mar/2018:09:29:40 -0300] "GET /cormun/static/Resources/indicator.gif HTTP/1.1" 304 -
200.54.247.70 - - [29/Mar/2018:09:29:40 -0300] "GET /cormun/servlet/hlogin HTTP/1.1" 200 1732
200.54.247.70 - - [29/Mar/2018:09:29:40 -0300] "GET /cormun/static/Resources/PXToolsLoginBackground.png HTTP/1.1" 304 -
200.54.247.70 - - [29/Mar/2018:09:29:40 -0300] "GET /cormun/static/Resources/PXToolsButtonBackground2.png HTTP/1.1" 304 -
200.54.247.70 - - [29/Mar/2018:09:29:40 -0300] "GET /cormun/static/Resources/PXToolsButtonRight21.png HTTP/1.1" 304 -
200.54.247.70 - - [29/Mar/2018:09:29:40 -0300] "GET /cormun/static/Resources/PXToolsLoginTop.png HTTP/1.1" 304 -
200.54.247.70 - - [29/Mar/2018:09:29:40 -0300] "GET /cormun/static/Resources/PXToolsButtonLeft21.png HTTP/1.1" 304 -
200.54.247.70 - - [29/Mar/2018:09:29:40 -0300] "GET /cormun/static/Resources/PXToolsLoginBottom.png HTTP/1.1" 304 -
200.54.247.70 - - [29/Mar/2018:09:29:49 -0300] "POST /cormun/servlet/hlogin?11335148f37bd38eca83bdace1d22b44,gx-no-cache=1522326534173 HTTP/1.1" 200 90
200.54.247.70 - - [29/Mar/2018:09:29:49 -0300] "GET /cormun/servlet/hpexe_link HTTP/1.1" 200 965
200.54.247.70 - - [29/Mar/2018:09:29:49 -0300] "GET /cormun/servlet/solicitudot?INS,0,0, HTTP/1.1" 200 13682
190.100.93.40 - - [29/Mar/2018:09:29:55 -0300] "GET /cormun/servlet/hlogin HTTP/1.1" 200 1720
190.100.93.40 - - [29/Mar/2018:09:29:56 -0300] "POST /cormun/servlet/hlogin?477f47d40f93a2e1b50bbe005859ed25,gx-no-cache=1522326546367 HTTP/1.1" 200 90
190.100.93.40 - - [29/Mar/2018:09:29:56 -0300] "GET /cormun/servlet/hpexe_link HTTP/1.1" 200 977
190.100.93.40 - - [29/Mar/2018:09:29:56 -0300] "GET /cormun/servlet/trlicencias?gx-no-cache=1522323412393 HTTP/1.1" 200 10270
190.100.93.40 - - [29/Mar/2018:09:29:57 -0300] "GET /cormun/servlet/trlicencias?gx-no-cache=1522323412393 HTTP/1.1" 200 10289
186.103.158.250 - - [29/Mar/2018:09:29:58 -0300] "POST /cormun/servlet/hlogin?bdb50a8ceaf6471e2db0b7bd72112bb0,gx-no-cache=1522326543924 HTTP/1.1" 200 90
186.103.158.250 - - [29/Mar/2018:09:29:58 -0300] "GET /cormun/servlet/hpexe_link HTTP/1.1" 200 949
186.103.158.250 - - [29/Mar/2018:09:29:58 -0300] "GET /cormun/servlet/hhome HTTP/1.1" 200 4192
200.54.247.70 - - [29/Mar/2018:09:29:59 -0300] "POST /cormun/servlet/solicitudot?gx-no-cache=1522326544399 HTTP/1.1" 200 3402
200.54.247.70 - - [29/Mar/2018:09:29:59 -0300] "POST /cormun/servlet/solicitudot?11335148f37bd38eca83bdace1d22b44,INS,0,0,,gx-no-cache=1522326544724 HTTP/1.1" 200 10568
186.103.158.250 - - [29/Mar/2018:09:30:02 -0300] "GET /cormun/servlet/hhome HTTP/1.1" 200 4188
200.54.247.70 - - [29/Mar/2018:09:30:03 -0300] "GET /cormun/servlet/solicitudot?fdff191e7800be0e8013c35d6f0ae4ffdd7f41daf2c701cde06b054b5a23bf3b94dac5b254d28a8f0b97d870a5adc00b,gx-no-cache=1522326548167 HTTP/1.1" 200 30
200.54.247.70 - - [29/Mar/2018:09:30:03 -0300] "GET /cormun/servlet/solicitudot?fdff191e7800be0e8013c35d6f0ae4ff9b73dce431ac8f7e69389ffea372ef6eb67d02123013c106b01075304e2368778e23037ed9f1ee130c9279387b492291,gx-no-cache=1522326548204 HTTP/1.1" 200 30
200.54.247.70 - - [29/Mar/2018:09:30:03 -0300] "GET /cormun/servlet/solicitudot?fdff191e7800be0e8013c35d6f0ae4ff6d61fc45f0eb6de776f4f63e92286933,gx-no-cache=1522326548881 HTTP/1.1" 200 53
200.54.247.70 - - [29/Mar/2018:09:30:04 -0300] "POST /cormun/servlet/solicitudot?gx-no-cache=1522326549836 HTTP/1.1" 200 297
200.54.247.70 - - [29/Mar/2018:09:30:06 -0300] "GET /cormun/servlet/solicitudot?fdff191e7800be0e8013c35d6f0ae4ffb6f5a0ee0b2ba788aefde3fe5495cbca0c9d36f6f2d26f78f3835a8aa9fefe4212d18d2a8fc4a2c27c862faf05769e7e34025ed2497119d89333a7e9aad7d75ca19a61f5200659c5ab5022476baf7174c8183b0f08969aef3c53893acfb53456e9aad074c9b5f3cf544b7dc55648ce5dfe064b5a63591da1d600477b2a57f71e023adfb3177f35d2d2c3f00c4274287deed2a6c73227f5c99417cbf12607000353e09e0130eb8aa3958ef3d499dde7f19d505b0cdcd544362e9475b34b70471ba1d98e1138cb0596ca7561841b02c56e811c7bc3c8d1942f47f63c6ed210285446284b28b8a088c8a273e76130ea01b540f50f83af74774ba8a7884d1b362f2929d5ab6b3224d10151a844991a213a1809e43c89cdacb04d5ac0c04332acfd0c7d67bed749524a400729d6d42217d9c2d659ae12adba8f73d8482c586477216d8a83907851e17c0a39d15c4408c92fe4a478b478417df93fc0958e1b0413fabe305198957f6d1e0ef72dbb3dcff6ef631df3d1bca4311f507e16350dd8b204db,gx-no-cache=1522326551592 HTTP/1.1" 200 30
200.54.247.70 - - [29/Mar/2018:09:30:13 -0300] "POST /cormun/servlet/solicitudot?gx-no-cache=1522326558558 HTTP/1.1" 200 30
186.103.158.250 - - [29/Mar/2018:09:30:15 -0300] "GET /cormun/servlet/trvisualizadoreventos? HTTP/1.1" 200 6949
200.54.247.70 - - [29/Mar/2018:09:30:15 -0300] "POST /cormun/servlet/solicitudot?gx-no-cache=1522326560543 HTTP/1.1" 200 1352
200.54.247.70 - - [29/Mar/2018:09:30:15 -0300] "POST /cormun/servlet/solicitudot?gx-no-cache=1522326560719 HTTP/1.1" 200 38
186.103.158.250 - - [29/Mar/2018:09:30:17 -0300] "GET /cormun/servlet/trvisualizadoreventos? HTTP/1.1" 200 6948
186.103.158.250 - - [29/Mar/2018:09:30:20 -0300] "POST /cormun/servlet/trvisualizadoreventos?bdb50a8ceaf6471e2db0b7bd72112bb0,,gx-no-cache=1522326566492 HTTP/1.1" 200 4124
192.168.10.62 - - [29/Mar/2018:09:30:21 -0300] "GET /cormun/servlet/trsolicitudgral? HTTP/1.1" 200 28265
192.168.10.62 - - [29/Mar/2018:09:30:23 -0300] "GET /cormun/servlet/trsolicitudgral? HTTP/1.1" 200 28248
200.54.247.70 - - [29/Mar/2018:09:30:23 -0300] "GET /cormun/servlet/solicitudot?fdff191e7800be0e8013c35d6f0ae4ffda173862cded86addd624683a91764f6346560267be11efbac2261003db3c1909f3ab36c8eb05a6aa6cf62b93acbc8b8a863e39e9bc6011917329217b6a967a575d3dee07caf716aaf8b99ccbde8a3ab672481fc0825a7c48e89af2a2b438b47,gx-no-cache=1522326568199 HTTP/1.1" 200 29
200.54.247.70 - - [29/Mar/2018:09:30:23 -0300] "POST /cormun/servlet/solicitudot?gx-no-cache=1522326568231 HTTP/1.1" 200 1335
200.54.247.70 - - [29/Mar/2018:09:30:23 -0300] "POST /cormun/servlet/solicitudot?gx-no-cache=1522326568292 HTTP/1.1" 200 1231
200.54.247.70 - - [29/Mar/2018:09:30:23 -0300] "GET /cormun/static/menuarrow.gif HTTP/1.1" 404 1015
186.103.158.250 - - [29/Mar/2018:09:30:23 -0300] "GET /cormun/servlet/trsolicitudot? HTTP/1.1" 200 7410
200.54.247.70 - - [29/Mar/2018:09:30:25 -0300] "POST /cormun/servlet/solicitudot?gx-no-cache=1522326569916 HTTP/1.1" 200 1335
200.54.247.70 - - [29/Mar/2018:09:30:25 -0300] "POST /cormun/servlet/solicitudot?gx-no-cache=1522326570077 HTTP/1.1" 200 1231
