192.168.10.97 - - [28/Mar/2018:09:12:32 -0300] "POST /cormun/servlet/trsolicitudgral?9cce59e03474acc4ed2345ebcd59a93d,,gx-no-cache=1522238983233 HTTP/1.1" 200 5931
200.112.233.47 - - [28/Mar/2018:09:13:35 -0300] "GET /cormun/static/gxui/gxui-all.js HTTP/1.1" 200 107772
201.214.54.200 - - [28/Mar/2018:09:23:05 -0300] "GET /cormun/servlet/hlogin HTTP/1.1" 200 1722
185.180.14.236 - - [28/Mar/2018:09:23:09 -0300] "GET /cormun/servlet/hlogin HTTP/1.1" 200 1717
185.180.14.236 - - [28/Mar/2018:09:23:09 -0300] "GET /cormun/static/Resources/Spanish/PXTools.css?11423723 HTTP/1.1" 304 -
185.180.14.236 - - [28/Mar/2018:09:23:09 -0300] "GET /cormun/static/gxtimezone.js?85251 HTTP/1.1" 304 -
185.180.14.236 - - [28/Mar/2018:09:23:09 -0300] "GET /cormun/static/gxgral.js?85251 HTTP/1.1" 304 -
185.180.14.236 - - [28/Mar/2018:09:23:09 -0300] "GET /cormun/static/gxcfg.js?20175251213516 HTTP/1.1" 304 -
185.180.14.236 - - [28/Mar/2018:09:23:10 -0300] "GET /cormun/static/Resources/ComunLogin.png HTTP/1.1" 304 -
185.180.14.236 - - [28/Mar/2018:09:23:10 -0300] "GET /cormun/static/hlogin.js?20175251213537 HTTP/1.1" 304 -
185.180.14.236 - - [28/Mar/2018:09:23:10 -0300] "GET /cormun/static/messages.spa.js?85251 HTTP/1.1" 304 -
185.180.14.236 - - [28/Mar/2018:09:23:10 -0300] "GET /cormun/static/Resources/PXToolsLoginBackground.png HTTP/1.1" 304 -
185.180.14.236 - - [28/Mar/2018:09:23:10 -0300] "GET /cormun/static/Resources/PXToolsLoginTop.png HTTP/1.1" 304 -
185.180.14.236 - - [28/Mar/2018:09:23:10 -0300] "GET /cormun/static/Resources/PXToolsButtonLeft21.png HTTP/1.1" 304 -
185.180.14.236 - - [28/Mar/2018:09:23:10 -0300] "GET /cormun/static/Resources/PXToolsButtonRight21.png HTTP/1.1" 304 -
185.180.14.236 - - [28/Mar/2018:09:23:10 -0300] "GET /cormun/static/Resources/PXToolsLoginBottom.png HTTP/1.1" 304 -
185.180.14.236 - - [28/Mar/2018:09:23:10 -0300] "GET /cormun/static/Resources/PXToolsButtonBackground2.png HTTP/1.1" 304 -
185.180.14.236 - - [28/Mar/2018:09:23:11 -0300] "GET /cormun/static/Resources/indicator.gif HTTP/1.1" 304 -
185.180.14.236 - - [28/Mar/2018:09:23:11 -0300] "GET /cormun/servlet/hlogin HTTP/1.1" 200 1727
201.214.54.200 - - [28/Mar/2018:09:23:13 -0300] "POST /cormun/servlet/hlogin?429a806e218d94a52545e435a06bd30e,gx-no-cache=1522239755692 HTTP/1.1" 200 90
201.214.54.200 - - [28/Mar/2018:09:23:13 -0300] "GET /cormun/servlet/hpexe_link HTTP/1.1" 200 954
201.214.54.200 - - [28/Mar/2018:09:23:13 -0300] "GET /cormun/servlet/hhome HTTP/1.1" 200 4233
201.214.54.200 - - [28/Mar/2018:09:23:14 -0300] "GET /cormun/servlet/hhome HTTP/1.1" 200 4229
201.214.54.200 - - [28/Mar/2018:09:23:17 -0300] "GET /cormun/servlet/trcontratounov2? HTTP/1.1" 200 17637
201.214.54.200 - - [28/Mar/2018:09:23:19 -0300] "GET /cormun/servlet/trcontratounov2? HTTP/1.1" 200 17639
201.214.54.200 - - [28/Mar/2018:09:23:24 -0300] "POST /cormun/servlet/trcontratounov2?429a806e218d94a52545e435a06bd30e,,gx-no-cache=1522239766622 HTTP/1.1" 200 11903
201.214.54.200 - - [28/Mar/2018:09:23:41 -0300] "GET /cormun/servlet/trlicencias? HTTP/1.1" 200 12573
201.214.54.200 - - [28/Mar/2018:09:23:42 -0300] "GET /cormun/servlet/trlicencias? HTTP/1.1" 200 12572
185.180.14.236 - - [28/Mar/2018:09:24:02 -0300] "POST /cormun/servlet/hlogin?fc51f867f2066918fd1101c25b1e0ca9,gx-no-cache=1522239788625 HTTP/1.1" 200 90
185.180.14.236 - - [28/Mar/2018:09:24:03 -0300] "GET /cormun/servlet/hpexe_link HTTP/1.1" 200 947
185.180.14.236 - - [28/Mar/2018:09:24:04 -0300] "GET /cormun/servlet/hhome HTTP/1.1" 200 4229
185.180.14.236 - - [28/Mar/2018:09:24:12 -0300] "GET /cormun/servlet/hlogin HTTP/1.1" 200 1717
185.180.14.236 - - [28/Mar/2018:09:24:13 -0300] "GET /cormun/static/Resources/Spanish/PXTools.css?11423723 HTTP/1.1" 304 -
185.180.14.236 - - [28/Mar/2018:09:24:13 -0300] "GET /cormun/static/gxgral.js?85251 HTTP/1.1" 304 -
185.180.14.236 - - [28/Mar/2018:09:24:13 -0300] "GET /cormun/static/gxcfg.js?20175251213516 HTTP/1.1" 304 -
185.180.14.236 - - [28/Mar/2018:09:24:13 -0300] "GET /cormun/static/Resources/ComunLogin.png HTTP/1.1" 304 -
185.180.14.236 - - [28/Mar/2018:09:24:13 -0300] "GET /cormun/static/gxtimezone.js?85251 HTTP/1.1" 304 -
185.180.14.236 - - [28/Mar/2018:09:24:14 -0300] "GET /cormun/static/Resources/PXToolsLoginBackground.png HTTP/1.1" 304 -
185.180.14.236 - - [28/Mar/2018:09:24:14 -0300] "GET /cormun/static/Resources/PXToolsLoginTop.png HTTP/1.1" 304 -
185.180.14.236 - - [28/Mar/2018:09:24:15 -0300] "GET /cormun/static/messages.spa.js?85251 HTTP/1.1" 304 -
185.180.14.236 - - [28/Mar/2018:09:24:15 -0300] "GET /cormun/static/hlogin.js?20175251213537 HTTP/1.1" 304 -
185.180.14.236 - - [28/Mar/2018:09:24:15 -0300] "GET /cormun/static/Resources/PXToolsButtonLeft21.png HTTP/1.1" 304 -
185.180.14.236 - - [28/Mar/2018:09:24:15 -0300] "GET /cormun/static/Resources/PXToolsLoginBottom.png HTTP/1.1" 304 -
185.180.14.236 - - [28/Mar/2018:09:24:15 -0300] "GET /cormun/static/Resources/PXToolsButtonRight21.png HTTP/1.1" 304 -
185.180.14.236 - - [28/Mar/2018:09:24:15 -0300] "GET /cormun/static/Resources/PXToolsButtonBackground2.png HTTP/1.1" 304 -
185.180.14.236 - - [28/Mar/2018:09:24:15 -0300] "GET /cormun/static/Resources/indicator.gif HTTP/1.1" 304 -
185.180.14.236 - - [28/Mar/2018:09:24:28 -0300] "POST /cormun/servlet/hlogin?fc51f867f2066918fd1101c25b1e0ca9,gx-no-cache=1522239814443 HTTP/1.1" 200 90
185.180.14.236 - - [28/Mar/2018:09:24:28 -0300] "GET /cormun/servlet/hpexe_link HTTP/1.1" 200 947
185.180.14.236 - - [28/Mar/2018:09:24:29 -0300] "GET /cormun/servlet/hhome HTTP/1.1" 200 4229
185.180.14.236 - - [28/Mar/2018:09:24:36 -0300] "GET /cormun/servlet/trsolicitudot? HTTP/1.1" 200 7447
185.180.14.236 - - [28/Mar/2018:09:24:41 -0300] "GET /cormun/servlet/solicitudot?INS,0,0, HTTP/1.1" 200 13675
192.168.10.50 - - [28/Mar/2018:09:24:42 -0300] "GET /cormun/servlet/hlogin HTTP/1.1" 200 1725
192.168.10.50 - - [28/Mar/2018:09:24:42 -0300] "GET /cormun/static/gxcfg.js?20175251213516 HTTP/1.1" 304 -
192.168.10.50 - - [28/Mar/2018:09:24:42 -0300] "GET /cormun/static/gxtimezone.js?85251 HTTP/1.1" 304 -
192.168.10.50 - - [28/Mar/2018:09:24:42 -0300] "GET /cormun/static/messages.spa.js?85251 HTTP/1.1" 304 -
192.168.10.50 - - [28/Mar/2018:09:24:42 -0300] "GET /cormun/servlet/hlogin HTTP/1.1" 200 1731
192.168.10.50 - - [28/Mar/2018:09:24:43 -0300] "POST /cormun/servlet/hlogin?37c4474017689073b0ac07d03abde720,gx-no-cache=1522239714182 HTTP/1.1" 200 90
192.168.10.50 - - [28/Mar/2018:09:24:43 -0300] "GET /cormun/servlet/hpexe_link HTTP/1.1" 200 953
192.168.10.50 - - [28/Mar/2018:09:24:43 -0300] "GET /cormun/static/gxcfg.js?20177612121792 HTTP/1.1" 304 -
192.168.10.50 - - [28/Mar/2018:09:24:43 -0300] "GET /cormun/servlet/hhome HTTP/1.1" 200 4462
192.168.10.50 - - [28/Mar/2018:09:24:43 -0300] "GET /cormun/static/gxcfg.js?20175251212442 HTTP/1.1" 304 -
192.168.10.50 - - [28/Mar/2018:09:24:44 -0300] "GET /cormun/servlet/hhome HTTP/1.1" 200 4459
66.249.83.5 - - [28/Mar/2018:09:25:07 -0300] "GET /cormun/servlet/hlogin HTTP/1.1" 200 1718
66.249.83.2 - - [28/Mar/2018:09:25:08 -0300] "GET /cormun/servlet/hlogin?_escaped_fragment_= HTTP/1.1" 200 1717
186.67.164.142 - - [28/Mar/2018:09:25:08 -0300] "GET /cormun/servlet/hlogin HTTP/1.1" 200 1716
186.67.164.142 - - [28/Mar/2018:09:25:08 -0300] "GET /cormun/static/messages.spa.js?85251 HTTP/1.1" 304 -
186.67.164.142 - - [28/Mar/2018:09:25:08 -0300] "GET /cormun/servlet/hlogin HTTP/1.1" 200 1727
186.67.164.142 - - [28/Mar/2018:09:25:14 -0300] "POST /cormun/servlet/hlogin?b30cf932e64ba6cbc8c2374b77311735,gx-no-cache=1522239861778 HTTP/1.1" 200 90
186.67.164.142 - - [28/Mar/2018:09:25:14 -0300] "GET /cormun/servlet/hpexe_link HTTP/1.1" 200 947
186.67.164.142 - - [28/Mar/2018:09:25:14 -0300] "GET /cormun/servlet/hhome HTTP/1.1" 200 3968
186.67.164.142 - - [28/Mar/2018:09:25:15 -0300] "GET /cormun/servlet/hhome HTTP/1.1" 200 3965
186.67.164.142 - - [28/Mar/2018:09:25:18 -0300] "GET /cormun/servlet/trlicencias? HTTP/1.1" 200 12582
186.67.164.142 - - [28/Mar/2018:09:25:19 -0300] "GET /cormun/servlet/trlicencias? HTTP/1.1" 200 12580
185.180.14.236 - - [28/Mar/2018:09:26:03 -0300] "POST /cormun/servlet/solicitudot?gx-no-cache=1522239908473 HTTP/1.1" 200 3284
185.180.14.236 - - [28/Mar/2018:09:26:07 -0300] "POST /cormun/servlet/solicitudot?fc51f867f2066918fd1101c25b1e0ca9,INS,0,0,,gx-no-cache=1522239912858 HTTP/1.1" 200 10441
185.180.14.236 - - [28/Mar/2018:09:26:13 -0300] "GET /cormun/servlet/solicitudot?b67deb36a50664aad96877466e37c031d7d617cd89ada7a798502d7fd377eaedfe956255275dbb8369df912790368884,gx-no-cache=1522239920044 HTTP/1.1" 200 30
186.79.173.73 - - [28/Mar/2018:09:26:57 -0300] "GET /cormun/servlet/hlogin HTTP/1.1" 200 1740
200.112.233.47 - - [28/Mar/2018:09:27:27 -0300] "GET /cormun/static/Shared/jqueryui/jquery-ui.min.js HTTP/1.1" 200 122880
201.215.248.160 - - [28/Mar/2018:09:28:05 -0300] "GET /cormun/servlet/hhome HTTP/1.1" 200 3396
201.215.248.160 - - [28/Mar/2018:09:28:06 -0300] "GET /cormun/servlet/hhome HTTP/1.1" 200 3406
201.215.248.160 - - [28/Mar/2018:09:28:06 -0300] "GET /cormun/servlet/hlogin HTTP/1.1" 200 1731
201.215.248.160 - - [28/Mar/2018:09:28:22 -0300] "POST /cormun/servlet/hlogin?510eb35835f55a70f86f10326520013b,gx-no-cache=1522240062850 HTTP/1.1" 200 90
201.215.248.160 - - [28/Mar/2018:09:28:22 -0300] "GET /cormun/servlet/hpexe_link HTTP/1.1" 200 949
201.215.248.160 - - [28/Mar/2018:09:28:23 -0300] "GET /cormun/servlet/hhome HTTP/1.1" 200 3980
201.215.248.160 - - [28/Mar/2018:09:28:23 -0300] "GET /cormun/servlet/hhome HTTP/1.1" 200 3977
185.180.14.236 - - [28/Mar/2018:09:28:45 -0300] "GET /cormun/servlet/solicitudot?b67deb36a50664aad96877466e37c0314f9d9bbe6e9819d30b7a0907f178fc555d61c13f5af5c64613a83c9cc90954f34b2770340ebf8c45def8d6f6a0f44ce8,gx-no-cache=1522240071112 HTTP/1.1" 200 30
185.180.14.236 - - [28/Mar/2018:09:28:45 -0300] "GET /cormun/servlet/solicitudot?b67deb36a50664aad96877466e37c03181ceaa065651c8a482561862e7903afb,gx-no-cache=1522240072062 HTTP/1.1" 200 29
185.180.14.236 - - [28/Mar/2018:09:28:46 -0300] "POST /cormun/servlet/solicitudot?gx-no-cache=1522240072585 HTTP/1.1" 200 297
185.180.14.236 - - [28/Mar/2018:09:28:46 -0300] "GET /cormun/servlet/solicitudot?b67deb36a50664aad96877466e37c03107a51f90282742129ab83e7c8af4bf43e7819f241d2ea62af4bf911b0dd822e85e40816c63cbbe6f4bac911a64fefe08e77418f0f513eec34417e25958466196aac5595307cbb1758ecc55cdf5b8ae12cfb1eb5eea2e5c257d82c6936b9e65668fe82e98e8897608e6a5a55427bd0b5ef8bcafc4d14b8fb5aa055e2b0cd162ea0f87d7a5c3b907c6c616fba5ec103473b673fe5ab7a1b378f8ecce794818fdb86981a77305f3e5e376093d5ec8fdb1f5e8bd75e56683a9a4f587d9577038ff112a1b1076bfb4d7aa46759b67a536b0b213ead9123091d4908cdd36f28c1133c70bc0d5e13c53a0edc6e5a22190f73182f642700d4aedcad1411eb3ed15b91e72f8d136bbd9a6b6ea18101c56cd40d6ee1ba69626943254759680f8c4b34788166210873b095733d87f89a6f7c184a743605622697ebaa3cda0b58b35d09b1ea685dc1f54aebc07f7eea578db73d438c6383e6b88d91a3117008e51ad27bedbb493a78e11a2674b33e60c18886494599468b380697b49d252c0336053601dc4fd,gx-no-cache=1522240073066 HTTP/1.1" 200 30
185.180.14.236 - - [28/Mar/2018:09:29:01 -0300] "POST /cormun/servlet/solicitudot?gx-no-cache=1522240087583 HTTP/1.1" 200 30
185.180.14.236 - - [28/Mar/2018:09:29:19 -0300] "POST /cormun/servlet/solicitudot?fc51f867f2066918fd1101c25b1e0ca9,INS,0,0,,gx-no-cache=1522240104603 HTTP/1.1" 200 10814
185.180.14.236 - - [28/Mar/2018:09:29:21 -0300] "GET /cormun/static/Shared/jqueryui/images/ui-bg_flat_55_994d53_40x100.png HTTP/1.1" 404 1097
185.180.14.236 - - [28/Mar/2018:09:29:21 -0300] "GET /cormun/static/Shared/jqueryui/images/ui-icons_ebccce_256x240.png HTTP/1.1" 404 1089
185.180.14.236 - - [28/Mar/2018:09:29:21 -0300] "GET /cormun/static/Shared/jqueryui/images/ui-bg_highlight-soft_100_c6c2c8_1x100.png HTTP/1.1" 404 1117
185.180.14.236 - - [28/Mar/2018:09:29:21 -0300] "GET /cormun/static/Shared/jqueryui/images/ui-icons_82798d_256x240.png HTTP/1.1" 404 1089
185.180.14.236 - - [28/Mar/2018:09:29:36 -0300] "GET /cormun/servlet/prfichaempleado?,MD,,gxPopupLevel%3D0%3B HTTP/1.1" 200 9395
185.180.14.236 - - [28/Mar/2018:09:29:37 -0300] "GET /cormun/static/gxcfg.js?20177612134814 HTTP/1.1" 304 -
185.180.14.236 - - [28/Mar/2018:09:29:38 -0300] "GET /cormun/static/prfichaempleado.js?20177612134999 HTTP/1.1" 304 -
185.180.14.236 - - [28/Mar/2018:09:29:51 -0300] "POST /cormun/servlet/prfichaempleado?fc51f867f2066918fd1101c25b1e0ca9,,MD,,gxPopupLevel%3D0%3B,gx-no-cache=1522240137534 HTTP/1.1" 200 3413
200.112.233.47 - - [28/Mar/2018:09:29:57 -0300] "GET /cormun/servlet/hlogin HTTP/1.1" 200 1734
192.168.10.50 - - [28/Mar/2018:09:29:58 -0300] "GET /cormun/servlet/trsolicitudgral? HTTP/1.1" 200 27947
192.168.10.50 - - [28/Mar/2018:09:29:58 -0300] "GET /cormun/static/calendar.js?85251 HTTP/1.1" 304 -
192.168.10.50 - - [28/Mar/2018:09:29:58 -0300] "GET /cormun/static/gxcfg.js?201813119461163 HTTP/1.1" 304 -
192.168.10.50 - - [28/Mar/2018:09:29:58 -0300] "GET /cormun/static/calendar-es.js?85251 HTTP/1.1" 304 -
192.168.10.50 - - [28/Mar/2018:09:29:58 -0300] "GET /cormun/static/calendar-setup.js?85251 HTTP/1.1" 304 -
192.168.10.50 - - [28/Mar/2018:09:29:58 -0300] "GET /cormun/static/gxdec.js?85251 HTTP/1.1" 304 -
192.168.10.50 - - [28/Mar/2018:09:29:58 -0300] "GET /cormun/static/trsolicitudgral.js?201813119462015 HTTP/1.1" 304 -
192.168.10.50 - - [28/Mar/2018:09:29:59 -0300] "GET /cormun/servlet/trsolicitudgral? HTTP/1.1" 200 27946
185.180.14.236 - - [28/Mar/2018:09:30:06 -0300] "GET /cormun/servlet/prlicenciaspermisos?14013183,L,,MD,,gxPopupLevel%3D0%3B HTTP/1.1" 200 6068
185.180.14.236 - - [28/Mar/2018:09:30:06 -0300] "GET /cormun/static/gxcfg.js?20176272053834 HTTP/1.1" 304 -
185.180.14.236 - - [28/Mar/2018:09:30:07 -0300] "GET /cormun/static/prlicenciaspermisos.js?20176272054050 HTTP/1.1" 304 -
185.180.14.236 - - [28/Mar/2018:09:30:14 -0300] "POST /cormun/servlet/solicitudot?gx-no-cache=1522240160228 HTTP/1.1" 200 1351
192.168.10.50 - - [28/Mar/2018:09:30:14 -0300] "POST /cormun/servlet/trsolicitudgral?37c4474017689073b0ac07d03abde720,,gx-no-cache=1522240045174 HTTP/1.1" 200 9933
192.168.10.50 - - [28/Mar/2018:09:30:18 -0300] "POST /cormun/servlet/trsolicitudgral?37c4474017689073b0ac07d03abde720,,gx-no-cache=1522240048671 HTTP/1.1" 200 7669
185.180.14.236 - - [28/Mar/2018:09:30:22 -0300] "POST /cormun/servlet/solicitudot?gx-no-cache=1522240167061 HTTP/1.1" 200 41
192.168.10.50 - - [28/Mar/2018:09:30:30 -0300] "POST /cormun/servlet/trsolicitudgral?37c4474017689073b0ac07d03abde720,,gx-no-cache=1522240061139 HTTP/1.1" 200 13921
185.180.14.236 - - [28/Mar/2018:09:31:22 -0300] "GET /cormun/servlet/solicitudot?b67deb36a50664aad96877466e37c031fbebad0be530246271dd0c8eca9de64c005bb487be6b6da4b1e7ae5ba5d5724e6b9293699a17567c3c64ec96991535f01eb1500eddc6eb1e8ea484b3effb3fea24f41fef8071145505b3b6beb835d23ee1fe2a13734723bc302ff2f12649c642,gx-no-cache=1522240228328 HTTP/1.1" 200 29
185.180.14.236 - - [28/Mar/2018:09:31:25 -0300] "POST /cormun/servlet/solicitudot?gx-no-cache=1522240229308 HTTP/1.1" 200 1334
185.180.14.236 - - [28/Mar/2018:09:31:27 -0300] "POST /cormun/servlet/solicitudot?gx-no-cache=1522240232552 HTTP/1.1" 200 1230
185.180.14.236 - - [28/Mar/2018:09:31:29 -0300] "GET /cormun/servlet/solicitudot?b67deb36a50664aad96877466e37c031328e67dc8f9b66d27547b5798c1d302b,gx-no-cache=1522240235796 HTTP/1.1" 200 30
185.180.14.236 - - [28/Mar/2018:09:31:30 -0300] "POST /cormun/servlet/solicitudot?gx-no-cache=1522240236320 HTTP/1.1" 200 30
201.215.248.160 - - [28/Mar/2018:09:31:31 -0300] "GET /cormun/servlet/trpermisosgoce? HTTP/1.1" 200 8776
201.215.248.160 - - [28/Mar/2018:09:31:32 -0300] "GET /cormun/servlet/trpermisosgoce? HTTP/1.1" 200 8785
40.77.167.28 - - [28/Mar/2018:09:31:54 -0300] "GET /cormun/servlet/trsolicitudot?_escaped_fragment_= HTTP/1.1" 200 6367
185.180.14.236 - - [28/Mar/2018:09:32:07 -0300] "GET /cormun/servlet/prbanco?,MD,,gxPopupLevel%3D0%3B HTTP/1.1" 200 6673
40.77.167.28 - - [28/Mar/2018:09:32:11 -0300] "GET /cormun/static/messages.spa.js?85251 HTTP/1.1" 200 30736
207.46.13.176 - - [28/Mar/2018:09:32:11 -0300] "GET /cormun/static/Resources/Spanish/PXTools.css?1255365 HTTP/1.1" 200 89042
40.77.167.28 - - [28/Mar/2018:09:32:16 -0300] "GET /cormun/static/Shared/ext/ext-all.js HTTP/1.1" 200 1289687
185.180.14.236 - - [28/Mar/2018:09:32:18 -0300] "GET /cormun/servlet/solicitudot?b67deb36a50664aad96877466e37c031462e2e28aa565166b8839de6ef755606,gx-no-cache=1522240284398 HTTP/1.1" 200 53
185.180.14.236 - - [28/Mar/2018:09:32:48 -0300] "GET /cormun/servlet/solicitudot?b67deb36a50664aad96877466e37c03107a51f90282742129ab83e7c8af4bf43e7819f241d2ea62af4bf911b0dd822e85e40816c63cbbe6f4bac911a64fefe08e77418f0f513eec34417e25958466196aac5595307cbb1758ecc55cdf5b8ae12cfb1eb5eea2e5c257d82c6936b9e65668fe82e98e8897608e6a5a55427bd0b5ef8bcafc4d14b8fb5aa055e2b0cd162ea0f87d7a5c3b907c6c616fba5ec103473b673fe5ab7a1b378f8ecce794818fdb86981a77305f3e5e376093d5ec8fdb1f5e8bd75e56683a9a4f587d9577038ff112a1b1076bfb4d7aa46759b67a536b0b213ead9123091d4908cdd36f28c1133c70bc0d5e13c53a0edc6e5a22190f73182f642700d4aedcad1411eb3ed15b91e72f8d136bbd9a6b6ea18101c56cd40d6ee1ba69626943254759680f8c4b34788166210873b095733d87f89a6f7c184a743605622697ebaa3cda0b58b35d09b1ea685dc1f54aebc07f7eea578db73d438c6383e6b88d91a3117008e51ad27bedbb47a5d59517fefbb223072e97c953bf88468b380697b49d252c0336053601dc4fd,gx-no-cache=1522240314526 HTTP/1.1" 200 30
185.180.14.236 - - [28/Mar/2018:09:33:00 -0300] "POST /cormun/servlet/solicitudot?gx-no-cache=1522240322318 HTTP/1.1" 200 30
185.180.14.236 - - [28/Mar/2018:09:33:02 -0300] "GET /cormun/servlet/prfichaempleado?,MD,,gxPopupLevel%3D0%3B HTTP/1.1" 200 9395
185.180.14.236 - - [28/Mar/2018:09:33:28 -0300] "POST /cormun/servlet/prfichaempleado?fc51f867f2066918fd1101c25b1e0ca9,,MD,,gxPopupLevel%3D0%3B,gx-no-cache=1522240352220 HTTP/1.1" 200 3413
185.180.14.236 - - [28/Mar/2018:09:33:38 -0300] "POST /cormun/servlet/solicitudot?gx-no-cache=1522240362536 HTTP/1.1" 200 1351
185.180.14.236 - - [28/Mar/2018:09:33:43 -0300] "POST /cormun/servlet/solicitudot?gx-no-cache=1522240369149 HTTP/1.1" 200 41
185.180.14.236 - - [28/Mar/2018:09:33:50 -0300] "POST /cormun/servlet/solicitudot?gx-no-cache=1522240369695 HTTP/1.1" 200 1334
201.215.248.160 - - [28/Mar/2018:09:34:15 -0300] "GET /cormun/servlet/trfichaempleado? HTTP/1.1" 200 14048
201.215.248.160 - - [28/Mar/2018:09:34:18 -0300] "GET /cormun/servlet/trfichaempleado? HTTP/1.1" 200 14048
185.180.14.236 - - [28/Mar/2018:09:34:22 -0300] "POST /cormun/servlet/solicitudot?gx-no-cache=1522240376956 HTTP/1.1" 500 4102
185.180.14.236 - - [28/Mar/2018:09:34:37 -0300] "GET /cormun/servlet/hlogin HTTP/1.1" 200 1722
185.180.14.236 - - [28/Mar/2018:09:34:37 -0300] "GET /cormun/static/gxtimezone.js?85251 HTTP/1.1" 304 -
185.180.14.236 - - [28/Mar/2018:09:34:37 -0300] "GET /cormun/static/gxcfg.js?20175251213516 HTTP/1.1" 304 -
185.180.14.236 - - [28/Mar/2018:09:34:37 -0300] "GET /cormun/static/Resources/Spanish/PXTools.css?11423723 HTTP/1.1" 304 -
185.180.14.236 - - [28/Mar/2018:09:34:38 -0300] "GET /cormun/static/Resources/ComunLogin.png HTTP/1.1" 304 -
185.180.14.236 - - [28/Mar/2018:09:34:38 -0300] "GET /cormun/static/messages.spa.js?85251 HTTP/1.1" 304 -
185.180.14.236 - - [28/Mar/2018:09:34:39 -0300] "GET /cormun/static/gxgral.js?85251 HTTP/1.1" 304 -
185.180.14.236 - - [28/Mar/2018:09:34:40 -0300] "GET /cormun/static/hlogin.js?20175251213537 HTTP/1.1" 304 -
186.79.126.198 - - [28/Mar/2018:09:34:42 -0300] "GET /cormun/servlet/hlogin HTTP/1.1" 200 1726
186.79.126.198 - - [28/Mar/2018:09:34:42 -0300] "GET /cormun/static/gxtimezone.js?85251 HTTP/1.1" 200 5781
185.180.14.236 - - [28/Mar/2018:09:34:42 -0300] "GET /cormun/static/Resources/indicator.gif HTTP/1.1" 304 -
186.79.126.198 - - [28/Mar/2018:09:34:42 -0300] "GET /cormun/static/Resources/Spanish/PXTools.css?11423723 HTTP/1.1" 200 89042
186.79.126.198 - - [28/Mar/2018:09:34:42 -0300] "GET /cormun/static/gxcfg.js?20175251213516 HTTP/1.1" 200 953
186.79.126.198 - - [28/Mar/2018:09:34:43 -0300] "GET /cormun/static/messages.spa.js?85251 HTTP/1.1" 200 30736
186.79.126.198 - - [28/Mar/2018:09:34:43 -0300] "GET /cormun/static/gxgral.js?85251 HTTP/1.1" 200 384558
186.79.126.198 - - [28/Mar/2018:09:34:43 -0300] "GET /cormun/static/hlogin.js?20175251213537 HTTP/1.1" 200 2136
186.79.126.198 - - [28/Mar/2018:09:34:43 -0300] "GET /cormun/static/Resources/ComunLogin.png HTTP/1.1" 200 17326
186.79.126.198 - - [28/Mar/2018:09:34:43 -0300] "GET /cormun/static/Resources/PXToolsLoginBottom.png HTTP/1.1" 200 1389
186.79.126.198 - - [28/Mar/2018:09:34:43 -0300] "GET /cormun/static/Resources/PXToolsLoginBackground.png HTTP/1.1" 200 1164
186.79.126.198 - - [28/Mar/2018:09:34:43 -0300] "GET /cormun/static/Resources/PXToolsButtonLeft21.png HTTP/1.1" 200 1287
186.79.126.198 - - [28/Mar/2018:09:34:43 -0300] "GET /cormun/static/Resources/PXToolsButtonRight21.png HTTP/1.1" 200 1283
186.79.126.198 - - [28/Mar/2018:09:34:43 -0300] "GET /cormun/static/Resources/PXToolsButtonBackground2.png HTTP/1.1" 200 1181
186.79.126.198 - - [28/Mar/2018:09:34:43 -0300] "GET /cormun/static/Resources/PXToolsLoginTop.png HTTP/1.1" 200 1337
186.79.126.198 - - [28/Mar/2018:09:34:43 -0300] "GET /cormun/servlet/hlogin HTTP/1.1" 200 1729
186.79.126.198 - - [28/Mar/2018:09:34:44 -0300] "GET /cormun/static/Resources/indicator.gif HTTP/1.1" 200 1553
186.79.126.198 - - [28/Mar/2018:09:34:44 -0300] "GET /cormun/static/Resources/indicator.gif HTTP/1.1" 200 1553
186.79.126.198 - - [28/Mar/2018:09:34:44 -0300] "GET /favicon.ico HTTP/1.1" 200 21630
185.180.14.236 - - [28/Mar/2018:09:34:53 -0300] "POST /cormun/servlet/hlogin?6cd6a3ded7b2cf194ba55fbe6db36bc3,gx-no-cache=1522240440029 HTTP/1.1" 200 90
185.180.14.236 - - [28/Mar/2018:09:34:54 -0300] "GET /cormun/servlet/hpexe_link HTTP/1.1" 200 954
185.180.14.236 - - [28/Mar/2018:09:34:54 -0300] "GET /cormun/servlet/hhome HTTP/1.1" 200 4236
185.180.14.236 - - [28/Mar/2018:09:34:59 -0300] "GET /cormun/servlet/trsolicitudot? HTTP/1.1" 200 7455
186.79.126.198 - - [28/Mar/2018:09:35:08 -0300] "POST /cormun/servlet/hlogin?17c0397a66b0aadf0bc0c8863d0fc356,gx-no-cache=1522240462394 HTTP/1.1" 200 445
185.180.14.236 - - [28/Mar/2018:09:35:10 -0300] "GET /cormun/servlet/solicitudot?INS,0,0, HTTP/1.1" 200 13681
186.79.126.198 - - [28/Mar/2018:09:35:18 -0300] "POST /cormun/servlet/hlogin?17c0397a66b0aadf0bc0c8863d0fc356,gx-no-cache=1522240472281 HTTP/1.1" 200 445
186.79.126.198 - - [28/Mar/2018:09:35:38 -0300] "POST /cormun/servlet/hlogin?17c0397a66b0aadf0bc0c8863d0fc356,gx-no-cache=1522240492777 HTTP/1.1" 200 446
185.180.14.236 - - [28/Mar/2018:09:35:39 -0300] "POST /cormun/servlet/solicitudot?gx-no-cache=1522240470950 HTTP/1.1" 200 3284
186.79.126.198 - - [28/Mar/2018:09:35:40 -0300] "POST /cormun/servlet/hlogin?17c0397a66b0aadf0bc0c8863d0fc356,gx-no-cache=1522240494619 HTTP/1.1" 200 445
185.180.14.236 - - [28/Mar/2018:09:35:57 -0300] "POST /cormun/servlet/solicitudot?6cd6a3ded7b2cf194ba55fbe6db36bc3,INS,0,0,,gx-no-cache=1522240488532 HTTP/1.1" 500 10
186.79.126.198 - - [28/Mar/2018:09:36:12 -0300] "POST /cormun/servlet/hlogin?17c0397a66b0aadf0bc0c8863d0fc356,gx-no-cache=1522240527439 HTTP/1.1" 200 446
186.79.126.198 - - [28/Mar/2018:09:36:20 -0300] "POST /cormun/servlet/hlogin?17c0397a66b0aadf0bc0c8863d0fc356,gx-no-cache=1522240535389 HTTP/1.1" 200 446
186.79.126.198 - - [28/Mar/2018:09:36:22 -0300] "POST /cormun/servlet/hlogin?17c0397a66b0aadf0bc0c8863d0fc356,gx-no-cache=1522240537010 HTTP/1.1" 200 445
186.79.126.198 - - [28/Mar/2018:09:36:36 -0300] "POST /cormun/servlet/hlogin?17c0397a66b0aadf0bc0c8863d0fc356,gx-no-cache=1522240551527 HTTP/1.1" 200 448
186.79.126.198 - - [28/Mar/2018:09:36:38 -0300] "POST /cormun/servlet/hlogin?17c0397a66b0aadf0bc0c8863d0fc356,gx-no-cache=1522240552636 HTTP/1.1" 200 447
186.79.126.198 - - [28/Mar/2018:09:36:52 -0300] "POST /cormun/servlet/hlogin?17c0397a66b0aadf0bc0c8863d0fc356,gx-no-cache=1522240567123 HTTP/1.1" 200 446
186.79.126.198 - - [28/Mar/2018:09:36:58 -0300] "POST /cormun/servlet/hlogin?17c0397a66b0aadf0bc0c8863d0fc356,gx-no-cache=1522240572620 HTTP/1.1" 200 446
186.79.126.198 - - [28/Mar/2018:09:37:05 -0300] "POST /cormun/servlet/hlogin?17c0397a66b0aadf0bc0c8863d0fc356,gx-no-cache=1522240579665 HTTP/1.1" 200 446
186.79.126.198 - - [28/Mar/2018:09:37:06 -0300] "POST /cormun/servlet/hlogin?17c0397a66b0aadf0bc0c8863d0fc356,gx-no-cache=1522240581161 HTTP/1.1" 200 445
186.79.126.198 - - [28/Mar/2018:09:37:07 -0300] "POST /cormun/servlet/hlogin?17c0397a66b0aadf0bc0c8863d0fc356,gx-no-cache=1522240582298 HTTP/1.1" 200 445
186.79.126.198 - - [28/Mar/2018:09:37:15 -0300] "POST /cormun/servlet/hlogin?17c0397a66b0aadf0bc0c8863d0fc356,gx-no-cache=1522240590256 HTTP/1.1" 200 446
186.79.126.198 - - [28/Mar/2018:09:37:16 -0300] "POST /cormun/servlet/hlogin?17c0397a66b0aadf0bc0c8863d0fc356,gx-no-cache=1522240591286 HTTP/1.1" 200 445
186.79.126.198 - - [28/Mar/2018:09:37:17 -0300] "POST /cormun/servlet/hlogin?17c0397a66b0aadf0bc0c8863d0fc356,gx-no-cache=1522240591782 HTTP/1.1" 200 445
186.79.126.198 - - [28/Mar/2018:09:37:23 -0300] "POST /cormun/servlet/hlogin?17c0397a66b0aadf0bc0c8863d0fc356,gx-no-cache=1522240597734 HTTP/1.1" 200 446
186.79.126.198 - - [28/Mar/2018:09:37:24 -0300] "POST /cormun/servlet/hlogin?17c0397a66b0aadf0bc0c8863d0fc356,gx-no-cache=1522240599355 HTTP/1.1" 200 445
186.79.126.198 - - [28/Mar/2018:09:37:31 -0300] "POST /cormun/servlet/hlogin?17c0397a66b0aadf0bc0c8863d0fc356,gx-no-cache=1522240606022 HTTP/1.1" 200 446
201.215.248.160 - - [28/Mar/2018:09:37:46 -0300] "GET /cormun/servlet/permisogoce?INS,0,,, HTTP/1.1" 200 6813
201.215.248.160 - - [28/Mar/2018:09:37:47 -0300] "GET /cormun/servlet/permisogoce?INS,0,,, HTTP/1.1" 200 6811
186.79.126.198 - - [28/Mar/2018:09:37:47 -0300] "POST /cormun/servlet/hlogin?17c0397a66b0aadf0bc0c8863d0fc356,gx-no-cache=1522240622117 HTTP/1.1" 200 448
186.79.126.198 - - [28/Mar/2018:09:37:49 -0300] "POST /cormun/servlet/hlogin?17c0397a66b0aadf0bc0c8863d0fc356,gx-no-cache=1522240623884 HTTP/1.1" 200 447
186.79.126.198 - - [28/Mar/2018:09:37:50 -0300] "POST /cormun/servlet/hlogin?17c0397a66b0aadf0bc0c8863d0fc356,gx-no-cache=1522240625112 HTTP/1.1" 200 447
186.79.126.198 - - [28/Mar/2018:09:37:58 -0300] "POST /cormun/servlet/hlogin?17c0397a66b0aadf0bc0c8863d0fc356,gx-no-cache=1522240633429 HTTP/1.1" 200 448
186.79.126.198 - - [28/Mar/2018:09:38:05 -0300] "POST /cormun/servlet/hlogin?17c0397a66b0aadf0bc0c8863d0fc356,gx-no-cache=1522240640246 HTTP/1.1" 200 448
186.79.126.198 - - [28/Mar/2018:09:38:07 -0300] "POST /cormun/servlet/hlogin?17c0397a66b0aadf0bc0c8863d0fc356,gx-no-cache=1522240641747 HTTP/1.1" 200 447
201.215.248.160 - - [28/Mar/2018:09:38:18 -0300] "GET /cormun/servlet/permisogoce?0044d35984740c504f6cdd3a7bf171fbe2ee067c7d86781ceafcc9dd0c178055863ab5c8933600fb5bec3848e14b21218bd346af9a90e5e4d793e09574da5ebe,gx-no-cache=1522240658422 HTTP/1.1" 200 83
186.103.159.189 - - [28/Mar/2018:09:38:31 -0300] "GET /cormun/servlet/hlogin HTTP/1.1" 200 1718
186.103.159.189 - - [28/Mar/2018:09:38:41 -0300] "POST /cormun/servlet/hlogin?4325fd6bb31825137a7cfb1915022c67,gx-no-cache=1522244266231 HTTP/1.1" 200 90
186.103.159.189 - - [28/Mar/2018:09:38:41 -0300] "GET /cormun/servlet/hpexe_link HTTP/1.1" 200 951
186.103.159.189 - - [28/Mar/2018:09:38:43 -0300] "GET /cormun/servlet/hhome HTTP/1.1" 200 3984
186.103.159.189 - - [28/Mar/2018:09:38:47 -0300] "GET /cormun/servlet/hhome HTTP/1.1" 200 3981
186.103.159.189 - - [28/Mar/2018:09:38:57 -0300] "GET /cormun/servlet/trlicencias? HTTP/1.1" 200 9738
186.103.159.189 - - [28/Mar/2018:09:38:57 -0300] "GET /cormun/static/gxcfg.js?20176272054169 HTTP/1.1" 200 953
201.215.248.160 - - [28/Mar/2018:09:38:58 -0300] "GET /cormun/servlet/permisogoce?0044d35984740c504f6cdd3a7bf171fb02b2dde122212d64cc4cccdefce7ce20201fad9fd4081226443e04b1f09b77917257307fcda92eef657979da2135dcc3,gx-no-cache=1522240697927 HTTP/1.1" 200 48
186.103.159.189 - - [28/Mar/2018:09:38:58 -0300] "GET /cormun/static/trlicencias.js?20176272054837 HTTP/1.1" 200 41883
186.103.159.189 - - [28/Mar/2018:09:38:59 -0300] "GET /cormun/servlet/trlicencias? HTTP/1.1" 200 9736
186.103.159.189 - - [28/Mar/2018:09:39:08 -0300] "GET /cormun/servlet/trlicenciaspermisosadjuntos?12913379,20180328000000,L, HTTP/1.1" 200 6325
186.103.159.189 - - [28/Mar/2018:09:39:08 -0300] "GET /cormun/static/gxcfg.js?20177612163414 HTTP/1.1" 200 953
186.103.159.189 - - [28/Mar/2018:09:39:09 -0300] "GET /cormun/static/trlicenciaspermisosadjuntos.js?20177612163719 HTTP/1.1" 200 21036
186.103.159.189 - - [28/Mar/2018:09:39:10 -0300] "GET /cormun/servlet/trlicenciaspermisosadjuntos?12913379,20180328000000,L, HTTP/1.1" 200 6325
200.112.233.47 - - [28/Mar/2018:09:39:12 -0300] "GET /cormun/servlet/hlogin HTTP/1.1" 200 1723
186.103.159.189 - - [28/Mar/2018:09:39:17 -0300] "GET /cormun/servlet/licenciaspermisosadjuntos?INS,12913379,L,20180328000000,, HTTP/1.1" 200 5623
186.103.159.189 - - [28/Mar/2018:09:39:17 -0300] "GET /cormun/static/gxcfg.js?2017761263592 HTTP/1.1" 200 953
186.103.159.189 - - [28/Mar/2018:09:39:17 -0300] "GET /cormun/static/licenciaspermisosadjuntos.js?201776126362 HTTP/1.1" 200 8760
186.103.159.189 - - [28/Mar/2018:09:39:17 -0300] "GET /cormun/static/about:blank HTTP/1.1" 404 1011
186.103.159.189 - - [28/Mar/2018:09:39:19 -0300] "GET /cormun/servlet/licenciaspermisosadjuntos?INS,12913379,L,20180328000000,, HTTP/1.1" 200 5611
186.103.159.189 - - [28/Mar/2018:09:39:47 -0300] "POST /cormun/servlet/licenciaspermisosadjuntos?4325fd6bb31825137a7cfb1915022c67,INS,12913379,L,20180328000000,, HTTP/1.1" 200 116
186.103.159.189 - - [28/Mar/2018:09:39:47 -0300] "GET /cormun/servlet/hpexe_return? HTTP/1.1" 200 1043
186.103.159.189 - - [28/Mar/2018:09:39:47 -0300] "GET /cormun/servlet/trlicenciaspermisosadjuntos?12913379,20180328000000,L, HTTP/1.1" 200 6846
186.103.159.189 - - [28/Mar/2018:09:39:50 -0300] "GET /cormun/servlet/trlicenciaspermisosadjuntos?12913379,20180328000000,L, HTTP/1.1" 200 6843
185.180.14.236 - - [28/Mar/2018:09:39:53 -0300] "GET /cormun/servlet/hlogin HTTP/1.1" 200 1721
186.103.159.189 - - [28/Mar/2018:09:39:53 -0300] "POST /cormun/servlet/trlicenciaspermisosadjuntos?4325fd6bb31825137a7cfb1915022c67,12913379,20180328000000,L,,gx-no-cache=1522244337933 HTTP/1.1" 200 90
186.103.159.189 - - [28/Mar/2018:09:39:53 -0300] "GET /cormun/servlet/hpexe_link HTTP/1.1" 200 985
201.215.248.160 - - [28/Mar/2018:09:39:53 -0300] "POST /cormun/servlet/permisogoce?510eb35835f55a70f86f10326520013b,INS,0,,,,gx-no-cache=1522240745761 HTTP/1.1" 200 93
201.215.248.160 - - [28/Mar/2018:09:39:53 -0300] "GET /cormun/servlet/hpexe_return? HTTP/1.1" 200 1008
201.215.248.160 - - [28/Mar/2018:09:39:54 -0300] "GET /cormun/servlet/trpermisosgoce HTTP/1.1" 200 9008
186.103.159.189 - - [28/Mar/2018:09:39:54 -0300] "GET /cormun/servlet/trlicencias HTTP/1.1" 200 9738
201.215.248.160 - - [28/Mar/2018:09:39:54 -0300] "GET /cormun/servlet/trpermisosgoce HTTP/1.1" 200 9004
185.180.14.236 - - [28/Mar/2018:09:39:55 -0300] "GET /cormun/static/gxtimezone.js?85251 HTTP/1.1" 304 -
185.180.14.236 - - [28/Mar/2018:09:39:55 -0300] "GET /cormun/static/gxcfg.js?20175251213516 HTTP/1.1" 304 -
185.180.14.236 - - [28/Mar/2018:09:39:55 -0300] "GET /cormun/static/Resources/ComunLogin.png HTTP/1.1" 304 -
185.180.14.236 - - [28/Mar/2018:09:39:55 -0300] "GET /cormun/static/gxgral.js?85251 HTTP/1.1" 304 -
185.180.14.236 - - [28/Mar/2018:09:39:55 -0300] "GET /cormun/static/messages.spa.js?85251 HTTP/1.1" 304 -
185.180.14.236 - - [28/Mar/2018:09:39:55 -0300] "GET /cormun/static/hlogin.js?20175251213537 HTTP/1.1" 304 -
186.103.159.189 - - [28/Mar/2018:09:39:56 -0300] "GET /cormun/servlet/trlicencias HTTP/1.1" 200 9736
185.180.14.236 - - [28/Mar/2018:09:39:59 -0300] "GET /cormun/static/Resources/Spanish/PXTools.css?11423723 HTTP/1.1" 304 -
185.180.14.236 - - [28/Mar/2018:09:39:59 -0300] "GET /cormun/static/Resources/indicator.gif HTTP/1.1" 304 -
201.215.248.160 - - [28/Mar/2018:09:40:01 -0300] "GET /cormun/servlet/permisogoce?INS,0,,, HTTP/1.1" 200 6813
201.215.248.160 - - [28/Mar/2018:09:40:02 -0300] "GET /cormun/servlet/permisogoce?INS,0,,, HTTP/1.1" 200 6812
186.103.159.189 - - [28/Mar/2018:09:40:04 -0300] "POST /cormun/servlet/trlicencias?4325fd6bb31825137a7cfb1915022c67,gx-no-cache=1522244346973 HTTP/1.1" 200 7138
186.103.159.189 - - [28/Mar/2018:09:40:04 -0300] "GET /cormun/static/Shared/jqueryui/images/ui-bg_highlight-soft_100_c6c2c8_1x100.png HTTP/1.1" 404 1117
186.103.159.189 - - [28/Mar/2018:09:40:04 -0300] "GET /cormun/static/Shared/jqueryui/images/ui-icons_82798d_256x240.png HTTP/1.1" 404 1089
186.103.159.189 - - [28/Mar/2018:09:40:04 -0300] "GET /cormun/static/Shared/jqueryui/images/ui-bg_flat_55_fafafa_40x100.png HTTP/1.1" 404 1097
186.103.159.189 - - [28/Mar/2018:09:40:04 -0300] "GET /cormun/static/Shared/jqueryui/images/ui-icons_8d78a5_256x240.png HTTP/1.1" 404 1089
186.103.159.189 - - [28/Mar/2018:09:40:08 -0300] "GET /cormun/servlet/trlicenciaspermisosadjuntos?9301983,20180328000000,L, HTTP/1.1" 200 6330
186.103.159.189 - - [28/Mar/2018:09:40:09 -0300] "GET /cormun/servlet/trlicenciaspermisosadjuntos?9301983,20180328000000,L, HTTP/1.1" 200 6331
186.103.159.189 - - [28/Mar/2018:09:40:12 -0300] "GET /cormun/servlet/licenciaspermisosadjuntos?INS,9301983,L,20180328000000,, HTTP/1.1" 200 5629
186.103.159.189 - - [28/Mar/2018:09:40:13 -0300] "GET /cormun/static/about:blank HTTP/1.1" 404 1011
186.103.159.189 - - [28/Mar/2018:09:40:14 -0300] "GET /cormun/servlet/licenciaspermisosadjuntos?INS,9301983,L,20180328000000,, HTTP/1.1" 200 5618
201.215.248.160 - - [28/Mar/2018:09:40:35 -0300] "GET /cormun/servlet/permisogoce?0044d35984740c504f6cdd3a7bf171fb39455d670556033d3a692075bcf99593863ab5c8933600fb5bec3848e14b21218bd346af9a90e5e4d793e09574da5ebe,gx-no-cache=1522240795671 HTTP/1.1" 200 82
185.180.14.236 - - [28/Mar/2018:09:40:36 -0300] "GET /cormun/servlet/hlogin HTTP/1.1" 200 1721
185.180.14.236 - - [28/Mar/2018:09:40:37 -0300] "GET /cormun/static/gxtimezone.js?85251 HTTP/1.1" 304 -
185.180.14.236 - - [28/Mar/2018:09:40:37 -0300] "GET /cormun/static/Resources/Spanish/PXTools.css?11423723 HTTP/1.1" 304 -
185.180.14.236 - - [28/Mar/2018:09:40:37 -0300] "GET /cormun/static/Resources/ComunLogin.png HTTP/1.1" 304 -
185.180.14.236 - - [28/Mar/2018:09:40:37 -0300] "GET /cormun/static/gxcfg.js?20175251213516 HTTP/1.1" 304 -
185.180.14.236 - - [28/Mar/2018:09:40:37 -0300] "GET /cormun/static/gxgral.js?85251 HTTP/1.1" 304 -
185.180.14.236 - - [28/Mar/2018:09:40:37 -0300] "GET /cormun/static/messages.spa.js?85251 HTTP/1.1" 304 -
185.180.14.236 - - [28/Mar/2018:09:40:37 -0300] "GET /cormun/static/Resources/PXToolsButtonLeft21.png HTTP/1.1" 304 -
185.180.14.236 - - [28/Mar/2018:09:40:37 -0300] "GET /cormun/static/Resources/PXToolsLoginBottom.png HTTP/1.1" 304 -
185.180.14.236 - - [28/Mar/2018:09:40:38 -0300] "GET /cormun/static/Resources/PXToolsLoginTop.png HTTP/1.1" 304 -
185.180.14.236 - - [28/Mar/2018:09:40:38 -0300] "GET /cormun/static/Resources/PXToolsLoginBackground.png HTTP/1.1" 304 -
185.180.14.236 - - [28/Mar/2018:09:40:38 -0300] "GET /cormun/static/Resources/PXToolsButtonRight21.png HTTP/1.1" 304 -
185.180.14.236 - - [28/Mar/2018:09:40:38 -0300] "GET /cormun/static/Resources/PXToolsButtonBackground2.png HTTP/1.1" 304 -
185.180.14.236 - - [28/Mar/2018:09:40:38 -0300] "GET /cormun/static/hlogin.js?20175251213537 HTTP/1.1" 304 -
186.103.159.189 - - [28/Mar/2018:09:40:46 -0300] "POST /cormun/servlet/licenciaspermisosadjuntos?4325fd6bb31825137a7cfb1915022c67,INS,9301983,L,20180328000000,, HTTP/1.1" 200 116
186.103.159.189 - - [28/Mar/2018:09:40:46 -0300] "GET /cormun/servlet/hpexe_return? HTTP/1.1" 200 1042
185.180.14.236 - - [28/Mar/2018:09:40:46 -0300] "GET /cormun/static/Resources/indicator.gif HTTP/1.1" 304 -
186.103.159.189 - - [28/Mar/2018:09:40:47 -0300] "GET /cormun/servlet/trlicenciaspermisosadjuntos?9301983,20180328000000,L, HTTP/1.1" 200 6856
186.103.159.189 - - [28/Mar/2018:09:40:49 -0300] "GET /cormun/servlet/trlicenciaspermisosadjuntos?9301983,20180328000000,L, HTTP/1.1" 200 6850
201.215.248.160 - - [28/Mar/2018:09:40:52 -0300] "GET /cormun/servlet/permisogoce?0044d35984740c504f6cdd3a7bf171fb7e9e48bc6a43c17a1762bc01331f69d1cc98c084b9e2ee990311127fe4a46d257257307fcda92eef657979da2135dcc3,gx-no-cache=1522240812244 HTTP/1.1" 200 47
185.180.14.236 - - [28/Mar/2018:09:40:57 -0300] "POST /cormun/servlet/hlogin?88fe03a230446941445bd704ca4b7ae2,gx-no-cache=1522240803152 HTTP/1.1" 200 90
185.180.14.236 - - [28/Mar/2018:09:41:01 -0300] "GET /cormun/servlet/hpexe_link HTTP/1.1" 200 953
201.215.248.160 - - [28/Mar/2018:09:41:01 -0300] "POST /cormun/servlet/permisogoce?510eb35835f55a70f86f10326520013b,INS,0,,,,gx-no-cache=1522240821294 HTTP/1.1" 200 93
201.215.248.160 - - [28/Mar/2018:09:41:01 -0300] "GET /cormun/servlet/hpexe_return? HTTP/1.1" 200 1008
201.215.248.160 - - [28/Mar/2018:09:41:02 -0300] "GET /cormun/servlet/trpermisosgoce HTTP/1.1" 200 9220
201.215.248.160 - - [28/Mar/2018:09:41:02 -0300] "GET /cormun/servlet/trpermisosgoce HTTP/1.1" 200 9216
185.180.14.236 - - [28/Mar/2018:09:41:07 -0300] "GET /cormun/servlet/hhome HTTP/1.1" 200 4236
201.215.248.160 - - [28/Mar/2018:09:41:08 -0300] "GET /cormun/servlet/permisogoce?INS,0,,, HTTP/1.1" 200 6813
201.215.248.160 - - [28/Mar/2018:09:41:09 -0300] "GET /cormun/servlet/permisogoce?INS,0,,, HTTP/1.1" 200 6812
185.180.14.236 - - [28/Mar/2018:09:41:13 -0300] "GET /cormun/servlet/trsolicitudot? HTTP/1.1" 200 7452
185.180.14.236 - - [28/Mar/2018:09:41:18 -0300] "GET /cormun/servlet/solicitudot?INS,0,0, HTTP/1.1" 200 13678
201.215.248.160 - - [28/Mar/2018:09:41:22 -0300] "GET /cormun/servlet/permisogoce?0044d35984740c504f6cdd3a7bf171fb767023fb33137c371f4dee4cf945f899863ab5c8933600fb5bec3848e14b21218bd346af9a90e5e4d793e09574da5ebe,gx-no-cache=1522240842509 HTTP/1.1" 200 82
185.180.14.236 - - [28/Mar/2018:09:41:48 -0300] "POST /cormun/servlet/solicitudot?gx-no-cache=1522240845398 HTTP/1.1" 200 3284
185.180.14.236 - - [28/Mar/2018:09:41:51 -0300] "POST /cormun/servlet/solicitudot?88fe03a230446941445bd704ca4b7ae2,INS,0,0,,gx-no-cache=1522240855320 HTTP/1.1" 200 10444
201.215.248.160 - - [28/Mar/2018:09:42:06 -0300] "GET /cormun/servlet/trpermisosgoce? HTTP/1.1" 200 9224
201.215.248.160 - - [28/Mar/2018:09:42:07 -0300] "GET /cormun/servlet/trpermisosgoce? HTTP/1.1" 200 9216
192.168.10.50 - - [28/Mar/2018:09:42:32 -0300] "POST /cormun/servlet/trsolicitudgral?37c4474017689073b0ac07d03abde720,,gx-no-cache=1522240782834 HTTP/1.1" 200 7669
186.103.159.189 - - [28/Mar/2018:09:42:35 -0300] "POST /cormun/servlet/trlicenciaspermisosadjuntos?4325fd6bb31825137a7cfb1915022c67,9301983,20180328000000,L,,gx-no-cache=1522244499914 HTTP/1.1" 200 90
186.103.159.189 - - [28/Mar/2018:09:42:35 -0300] "GET /cormun/servlet/hpexe_link HTTP/1.1" 200 1006
186.103.159.189 - - [28/Mar/2018:09:42:36 -0300] "GET /cormun/servlet/trlicencias?gx-no-cache=1522244346973 HTTP/1.1" 200 9733
186.103.159.189 - - [28/Mar/2018:09:42:38 -0300] "GET /cormun/servlet/trlicencias?gx-no-cache=1522244346973 HTTP/1.1" 200 9752
186.103.159.189 - - [28/Mar/2018:09:42:49 -0300] "POST /cormun/servlet/trlicencias?4325fd6bb31825137a7cfb1915022c67,gx-no-cache=1522244346973,gx-no-cache=1522244513328 HTTP/1.1" 200 7053
186.103.159.189 - - [28/Mar/2018:09:42:49 -0300] "GET /cormun/static/Shared/jqueryui/images/ui-bg_highlight-soft_100_c6c2c8_1x100.png HTTP/1.1" 404 1117
186.103.159.189 - - [28/Mar/2018:09:42:49 -0300] "GET /cormun/static/Shared/jqueryui/images/ui-icons_82798d_256x240.png HTTP/1.1" 404 1089
192.168.10.50 - - [28/Mar/2018:09:42:49 -0300] "POST /cormun/servlet/trsolicitudgral?37c4474017689073b0ac07d03abde720,,gx-no-cache=1522240800080 HTTP/1.1" 200 7885
186.103.159.189 - - [28/Mar/2018:09:42:49 -0300] "GET /cormun/static/Shared/jqueryui/images/ui-bg_flat_55_fafafa_40x100.png HTTP/1.1" 404 1097
186.103.159.189 - - [28/Mar/2018:09:42:49 -0300] "GET /cormun/static/Shared/jqueryui/images/ui-icons_8d78a5_256x240.png HTTP/1.1" 404 1089
192.168.10.50 - - [28/Mar/2018:09:43:01 -0300] "POST /cormun/servlet/trsolicitudgral?37c4474017689073b0ac07d03abde720,,gx-no-cache=1522240812387 HTTP/1.1" 200 7918
192.168.10.50 - - [28/Mar/2018:09:43:01 -0300] "GET /cormun/static/Shared/jqueryui/images/ui-bg_highlight-soft_100_c6c2c8_1x100.png HTTP/1.1" 404 1117
192.168.10.50 - - [28/Mar/2018:09:43:01 -0300] "GET /cormun/static/Shared/jqueryui/images/ui-icons_82798d_256x240.png HTTP/1.1" 404 1089
192.168.10.50 - - [28/Mar/2018:09:43:01 -0300] "GET /cormun/static/Shared/jqueryui/images/ui-icons_8d78a5_256x240.png HTTP/1.1" 404 1089
192.168.10.50 - - [28/Mar/2018:09:43:01 -0300] "GET /cormun/static/Shared/jqueryui/images/ui-bg_flat_55_fafafa_40x100.png HTTP/1.1" 404 1097
192.168.10.50 - - [28/Mar/2018:09:43:09 -0300] "POST /cormun/servlet/trsolicitudgral?37c4474017689073b0ac07d03abde720,,gx-no-cache=1522240820295 HTTP/1.1" 200 7299
192.168.10.50 - - [28/Mar/2018:09:43:22 -0300] "POST /cormun/servlet/trsolicitudgral?37c4474017689073b0ac07d03abde720,,gx-no-cache=1522240832927 HTTP/1.1" 200 7306
192.168.10.50 - - [28/Mar/2018:09:43:26 -0300] "POST /cormun/servlet/trsolicitudgral?37c4474017689073b0ac07d03abde720,,gx-no-cache=1522240836631 HTTP/1.1" 200 7905
185.180.14.236 - - [28/Mar/2018:09:43:31 -0300] "GET /cormun/servlet/solicitudot?bfea35f70180bca2be332300e4cff89b9e3975d51248f24b30c80a781d68c3f38a1cf36f70aedc6fc89d98b6c77c5d41,gx-no-cache=1522240955953 HTTP/1.1" 200 30
192.168.10.50 - - [28/Mar/2018:09:44:05 -0300] "POST /cormun/servlet/trsolicitudgral?37c4474017689073b0ac07d03abde720,,gx-no-cache=1522240875881 HTTP/1.1" 200 7905
185.180.14.236 - - [28/Mar/2018:09:44:16 -0300] "GET /cormun/servlet/prbanco?,MD,,gxPopupLevel%3D0%3B HTTP/1.1" 200 6677
185.180.14.236 - - [28/Mar/2018:09:44:33 -0300] "GET /cormun/servlet/solicitudot?bfea35f70180bca2be332300e4cff89bd5429485910267404001278f69a2ec60,gx-no-cache=1522241019355 HTTP/1.1" 200 94
185.180.14.236 - - [28/Mar/2018:09:44:33 -0300] "GET /cormun/static/Shared/jqueryui/images/ui-icons_82798d_256x240.png HTTP/1.1" 404 1089
185.180.14.236 - - [28/Mar/2018:09:44:33 -0300] "GET /cormun/static/Shared/jqueryui/images/ui-bg_highlight-soft_100_c6c2c8_1x100.png HTTP/1.1" 404 1117
185.180.14.236 - - [28/Mar/2018:09:44:34 -0300] "GET /cormun/static/Shared/jqueryui/images/ui-bg_flat_55_994d53_40x100.png HTTP/1.1" 404 1097
185.180.14.236 - - [28/Mar/2018:09:44:34 -0300] "GET /cormun/static/Shared/jqueryui/images/ui-icons_ebccce_256x240.png HTTP/1.1" 404 1089
185.180.14.236 - - [28/Mar/2018:09:44:49 -0300] "GET /cormun/servlet/solicitudot?bfea35f70180bca2be332300e4cff89bd5429485910267404001278f69a2ec60,gx-no-cache=1522241035977 HTTP/1.1" 200 94
185.180.14.236 - - [28/Mar/2018:09:44:50 -0300] "GET /cormun/servlet/solicitudot?bfea35f70180bca2be332300e4cff89b41e1fd9bb83c59f125dd5fe0f0e2e4c6,gx-no-cache=1522241036505 HTTP/1.1" 200 53
185.180.14.236 - - [28/Mar/2018:09:45:54 -0300] "GET /cormun/servlet/solicitudot?bfea35f70180bca2be332300e4cff89bf24c0e9ab58bac5ba1b11ef015961dcfeb0ff6e3dd7f4cbd5dfe9ec7e4a5ac71f92d8dd11559ca379c0613f63177f37b,gx-no-cache=1522241100321 HTTP/1.1" 200 30
185.180.14.236 - - [28/Mar/2018:09:46:12 -0300] "POST /cormun/servlet/solicitudot?gx-no-cache=1522241119123 HTTP/1.1" 200 297
185.180.14.236 - - [28/Mar/2018:09:46:13 -0300] "GET /cormun/servlet/solicitudot?bfea35f70180bca2be332300e4cff89b35f62f000548cad17f2f5da45fad5d3dbe4fa19d83505e755e7939e3dff6cf111598910777edd9da1551a56364a02633e8d5fe1b755ca618ad6c39b7df466c7d5f72931be1d76fff879d53e778d401d36096495c7627bc487af471d11bfdc655e3a4cbcad9897abbe35d9cabc2934b72003247711c4d598be8ad6ddde2f7d00055211cfcc2c4111cad59d1f54eae714ce99d2ee51fa134ef7d6d8af0cb179db0b3eb9116f9414152b9f3dcbe6387222ae96eefca24ab68d67fa9a47f6862056aa16019e6c5ccbdbad72a90dd5f1d2fab2e580a1bfe9ae4ecabf8a38bf92be85438ac25f30c095d093dac095b719a6c3ca7a1072586e14000356f73e769dc04ab4d9624fdf27991c67f6f4f8bf9026d9e6e441a1805fa13a41d291e5432bbffb20775347e661029b7aba8639c77a9394361b6e874d8db7d8b0283929c1bae2656f7e44d11651dfa434c419f2f4b26355b83383485108b0e77d4defb132482a6e656b2bc7eba25ab6de95d0b2d005000bb525e717c2acb5681f7d5e5e27f6f9503,gx-no-cache=1522241119661 HTTP/1.1" 200 30
185.180.14.236 - - [28/Mar/2018:09:46:16 -0300] "POST /cormun/servlet/solicitudot?gx-no-cache=1522241122696 HTTP/1.1" 200 30
192.168.10.50 - - [28/Mar/2018:09:46:26 -0300] "POST /cormun/servlet/trsolicitudgral?37c4474017689073b0ac07d03abde720,,gx-no-cache=1522241017115 HTTP/1.1" 200 7300
185.180.14.236 - - [28/Mar/2018:09:46:32 -0300] "GET /cormun/servlet/prfichaempleado?,MD,,gxPopupLevel%3D0%3B HTTP/1.1" 200 9398
192.168.10.50 - - [28/Mar/2018:09:46:38 -0300] "POST /cormun/servlet/trsolicitudgral?37c4474017689073b0ac07d03abde720,,gx-no-cache=1522241029059 HTTP/1.1" 200 6135
192.168.10.50 - - [28/Mar/2018:09:46:46 -0300] "POST /cormun/servlet/trsolicitudgral?37c4474017689073b0ac07d03abde720,,gx-no-cache=1522241037480 HTTP/1.1" 200 13149
185.180.14.236 - - [28/Mar/2018:09:46:47 -0300] "POST /cormun/servlet/prfichaempleado?88fe03a230446941445bd704ca4b7ae2,,MD,,gxPopupLevel%3D0%3B,gx-no-cache=1522241150009 HTTP/1.1" 200 5789
185.180.14.236 - - [28/Mar/2018:09:46:58 -0300] "GET /cormun/servlet/prlicenciaspermisos?14013183,L,,MD,,gxPopupLevel%3D0%3B HTTP/1.1" 200 6073
185.180.14.236 - - [28/Mar/2018:09:47:16 -0300] "POST /cormun/servlet/solicitudot?gx-no-cache=1522241182859 HTTP/1.1" 200 1351
185.180.14.236 - - [28/Mar/2018:09:47:23 -0300] "POST /cormun/servlet/solicitudot?gx-no-cache=1522241189271 HTTP/1.1" 200 41
192.168.10.50 - - [28/Mar/2018:09:47:41 -0300] "POST /cormun/servlet/trsolicitudgral?37c4474017689073b0ac07d03abde720,,gx-no-cache=1522241092595 HTTP/1.1" 200 7280
185.180.14.236 - - [28/Mar/2018:09:47:44 -0300] "GET /cormun/servlet/solicitudot?bfea35f70180bca2be332300e4cff89b2ef98018596ec3fed24726c3710176ca1db28174084d932d996ff972c5630f1ebe228b0d89ca3d2d78908f3ea22610e31be8526c864d86eddcb6e272cefb6f1eeeddbd0a8d09cd65b5ef71a2a18d77ef8ea548ddd953b9e14d85047c321c9805,gx-no-cache=1522241210233 HTTP/1.1" 200 29
185.180.14.236 - - [28/Mar/2018:09:47:45 -0300] "POST /cormun/servlet/solicitudot?gx-no-cache=1522241211189 HTTP/1.1" 200 1334
185.180.14.236 - - [28/Mar/2018:09:47:45 -0300] "POST /cormun/servlet/solicitudot?gx-no-cache=1522241212160 HTTP/1.1" 200 1230
185.180.14.236 - - [28/Mar/2018:09:47:46 -0300] "GET /cormun/static/menuarrow.gif HTTP/1.1" 404 1015
185.180.14.236 - - [28/Mar/2018:09:47:47 -0300] "POST /cormun/servlet/solicitudot?gx-no-cache=1522241212765 HTTP/1.1" 200 1334
185.180.14.236 - - [28/Mar/2018:09:47:47 -0300] "POST /cormun/servlet/solicitudot?gx-no-cache=1522241213783 HTTP/1.1" 200 1230
192.168.10.50 - - [28/Mar/2018:09:47:49 -0300] "POST /cormun/servlet/trsolicitudgral?37c4474017689073b0ac07d03abde720,,gx-no-cache=1522241099682 HTTP/1.1" 200 9291
185.180.14.236 - - [28/Mar/2018:09:47:59 -0300] "GET /cormun/servlet/solicitudot?bfea35f70180bca2be332300e4cff89bfa62179f8dddd83cf1e04e14974791edc641c94a38ddc9d603d03f939d1fcc03,gx-no-cache=1522241225849 HTTP/1.1" 200 30
185.180.14.236 - - [28/Mar/2018:09:48:00 -0300] "POST /cormun/servlet/solicitudot?gx-no-cache=1522241226344 HTTP/1.1" 200 34
192.168.10.50 - - [28/Mar/2018:09:48:16 -0300] "POST /cormun/servlet/trsolicitudgral?37c4474017689073b0ac07d03abde720,,gx-no-cache=1522241126700 HTTP/1.1" 200 9316
185.180.14.236 - - [28/Mar/2018:09:48:24 -0300] "POST /cormun/servlet/solicitudot?88fe03a230446941445bd704ca4b7ae2,INS,0,0,,gx-no-cache=1522241248920 HTTP/1.1" 200 93
185.180.14.236 - - [28/Mar/2018:09:48:24 -0300] "GET /cormun/servlet/hpexe_return? HTTP/1.1" 200 1008
201.215.248.160 - - [28/Mar/2018:09:48:25 -0300] "GET /cormun/servlet/permisogoce?INS,0,,, HTTP/1.1" 200 6813
185.180.14.236 - - [28/Mar/2018:09:48:25 -0300] "GET /cormun/servlet/trsolicitudot HTTP/1.1" 200 8882
201.215.248.160 - - [28/Mar/2018:09:48:26 -0300] "GET /cormun/servlet/permisogoce?INS,0,,, HTTP/1.1" 200 6812
185.180.14.236 - - [28/Mar/2018:09:48:30 -0300] "POST /cormun/servlet/trsolicitudot?88fe03a230446941445bd704ca4b7ae2,gx-no-cache=1522241256669 HTTP/1.1" 200 106
185.180.14.236 - - [28/Mar/2018:09:48:33 -0300] "GET /cormun/servlet/trsolicitudadjuntos?2018,10909, HTTP/1.1" 200 6334
185.180.14.236 - - [28/Mar/2018:09:48:33 -0300] "GET /cormun/static/gxcfg.js?20177612135366 HTTP/1.1" 304 -
185.180.14.236 - - [28/Mar/2018:09:48:36 -0300] "GET /cormun/static/trsolicitudadjuntos.js?20177612135632 HTTP/1.1" 304 -
185.180.14.236 - - [28/Mar/2018:09:48:44 -0300] "GET /cormun/servlet/solicitudotadjuntos?INS,2018,10909,,1, HTTP/1.1" 200 6279
201.215.248.160 - - [28/Mar/2018:09:48:44 -0300] "GET /cormun/servlet/permisogoce?0044d35984740c504f6cdd3a7bf171fb767023fb33137c371f4dee4cf945f899863ab5c8933600fb5bec3848e14b21218bd346af9a90e5e4d793e09574da5ebe,gx-no-cache=1522241284680 HTTP/1.1" 200 82
185.180.14.236 - - [28/Mar/2018:09:48:45 -0300] "GET /cormun/static/gxcfg.js?2017761244068 HTTP/1.1" 304 -
185.180.14.236 - - [28/Mar/2018:09:48:45 -0300] "GET /cormun/static/solicitudotadjuntos.js?2017761244086 HTTP/1.1" 304 -
185.180.14.236 - - [28/Mar/2018:09:48:51 -0300] "HEAD /cormun/static/about:blank HTTP/1.1" 404 -
185.180.14.236 - - [28/Mar/2018:09:48:52 -0300] "GET /cormun/servlet/solicitudotadjuntos?bfea35f70180bca2be332300e4cff89b24790ccae66f77fd0053a412d6675e205c203d15286cd30b1373243cceae4ec5,gx-no-cache=1522241278647 HTTP/1.1" 200 30
185.180.14.236 - - [28/Mar/2018:09:48:54 -0300] "POST /cormun/servlet/solicitudotadjuntos?88fe03a230446941445bd704ca4b7ae2,INS,2018,10909,,1,,gx-no-cache=1522241279124 HTTP/1.1" 200 3983
201.215.248.160 - - [28/Mar/2018:09:48:58 -0300] "GET /cormun/servlet/permisogoce?0044d35984740c504f6cdd3a7bf171fbc867f81923a72a5a45e39ba4e9c9fc34a96668ba26416259bf4e98412b0043895f4d7208841a04beddc2f71d921d8804,gx-no-cache=1522241298823 HTTP/1.1" 200 47
185.180.14.236 - - [28/Mar/2018:09:48:58 -0300] "POST /cormun/servlet/solicitudotadjuntos?gx-no-cache=1522241285160 HTTP/1.1" 200 26
201.215.248.160 - - [28/Mar/2018:09:49:08 -0300] "POST /cormun/servlet/permisogoce?510eb35835f55a70f86f10326520013b,INS,0,,,,gx-no-cache=1522241307704 HTTP/1.1" 200 93
201.215.248.160 - - [28/Mar/2018:09:49:08 -0300] "GET /cormun/servlet/hpexe_return? HTTP/1.1" 200 1008
