131.253.27.25 - - [28/Mar/2018:11:47:16 -0300] "GET /cormun/static/PXToolsJavascripts/pexe_menudivfix.js HTTP/1.1" 200 333
131.253.27.25 - - [28/Mar/2018:11:47:16 -0300] "GET /cormun/static/PXToolsJavascripts/pexe_menus.js HTTP/1.1" 200 1286
131.253.27.25 - - [28/Mar/2018:11:47:16 -0300] "GET /cormun/static/PXToolsJavascripts/pexe_layers.js HTTP/1.1" 200 4114
131.253.27.25 - - [28/Mar/2018:11:47:16 -0300] "GET /cormun/static/PXToolsJavascripts/pexe_oav.js HTTP/1.1" 200 645
131.253.27.25 - - [28/Mar/2018:11:47:17 -0300] "GET /cormun/static/PXToolsJavascripts/pexe_oavdivfix.js HTTP/1.1" 200 639
131.253.27.25 - - [28/Mar/2018:11:47:17 -0300] "GET /cormun/static/PXToolsJavascripts/pexe_picture.js HTTP/1.1" 200 689
131.253.27.25 - - [28/Mar/2018:11:47:17 -0300] "GET /cormun/static/PXToolsJavascripts/pexe_popup.js HTTP/1.1" 200 13458
131.253.27.25 - - [28/Mar/2018:11:47:17 -0300] "GET /cormun/static/PXToolsJavascripts/pexe_scrolldiv.js HTTP/1.1" 200 4138
131.253.27.25 - - [28/Mar/2018:11:47:18 -0300] "GET /cormun/static/PXToolsJavascripts/pexe_tabdivfix.js HTTP/1.1" 200 876
131.253.27.25 - - [28/Mar/2018:11:47:18 -0300] "GET /cormun/static/PXToolsJavascripts/pexe_tabs.js HTTP/1.1" 200 3748
131.253.27.25 - - [28/Mar/2018:11:47:18 -0300] "GET /cormun/static/PXToolsJavascripts/pexe_upload.js HTTP/1.1" 200 1423
131.253.27.25 - - [28/Mar/2018:11:47:18 -0300] "GET /cormun/static/PXToolsJavascripts/PXToolsJavascriptsRender.js HTTP/1.1" 200 367
131.253.27.25 - - [28/Mar/2018:11:47:18 -0300] "GET /cormun/static/Shared/ext/locale/ext-lang-en.js HTTP/1.1" 200 10940
131.253.27.25 - - [28/Mar/2018:11:47:19 -0300] "GET /cormun/static/Resources/logo4.png HTTP/1.1" 200 6582
131.253.27.25 - - [28/Mar/2018:11:47:19 -0300] "GET /cormun/static/messages.spa.js?85251 HTTP/1.1" 200 30736
131.253.27.25 - - [28/Mar/2018:11:47:19 -0300] "GET /cormun/static/gxdec.js?85251 HTTP/1.1" 200 19579
131.253.27.25 - - [28/Mar/2018:11:47:19 -0300] "GET /cormun/static/hwchdr01.js?201752511465785 HTTP/1.1" 200 1183
131.253.27.25 - - [28/Mar/2018:11:47:20 -0300] "GET /cormun/static/hpexe_recentlink.js?20177611595044 HTTP/1.1" 200 2144
131.253.27.25 - - [28/Mar/2018:11:47:20 -0300] "GET /cormun/static/hpexe_scripts.js?201752511465715 HTTP/1.1" 200 1544
186.79.121.251 - - [28/Mar/2018:11:47:20 -0300] "POST /cormun/servlet/hlogin?d04ae3d4b886cfcb94f6983ef9b7a00e,gx-no-cache=1522248387900 HTTP/1.1" 200 90
131.253.27.25 - - [28/Mar/2018:11:47:20 -0300] "GET /cormun/static/hpexe_messagecontroller.js?20177611595012 HTTP/1.1" 200 870
186.79.121.251 - - [28/Mar/2018:11:47:20 -0300] "GET /cormun/servlet/hpexe_link HTTP/1.1" 200 952
131.253.27.25 - - [28/Mar/2018:11:47:20 -0300] "GET /cormun/static/hpexe_messagepopupcomponent.js?20161017169425 HTTP/1.1" 200 605
186.79.121.251 - - [28/Mar/2018:11:47:20 -0300] "GET /cormun/static/Resources/Spanish/PXTools.css?1155365 HTTP/1.1" 200 16384
131.253.27.25 - - [28/Mar/2018:11:47:20 -0300] "GET /cormun/static/hpexe_messagegenexuscomponent.js?201752511465344 HTTP/1.1" 200 587
186.79.121.251 - - [28/Mar/2018:11:47:20 -0300] "GET /cormun/servlet/hhome HTTP/1.1" 200 4214
131.253.27.25 - - [28/Mar/2018:11:47:21 -0300] "GET /cormun/static/cmcontrolpreferences.js?201752511465670 HTTP/1.1" 200 1375
186.79.121.251 - - [28/Mar/2018:11:47:21 -0300] "GET /cormun/static/SmoothNavMenu/resources/ddsmoothmenu.css?1012540 HTTP/1.1" 200 2223
186.79.121.251 - - [28/Mar/2018:11:47:21 -0300] "GET /cormun/static/SmoothNavMenu/resources/ddsmoothmenu-v.css?1012540 HTTP/1.1" 200 1188
186.79.121.251 - - [28/Mar/2018:11:47:21 -0300] "GET /cormun/static/PXToolsJavascripts/pexe_menudivfix.js HTTP/1.1" 200 333
186.79.121.251 - - [28/Mar/2018:11:47:21 -0300] "GET /cormun/static/gxcfg.js?20175251212442 HTTP/1.1" 200 953
186.79.121.251 - - [28/Mar/2018:11:47:21 -0300] "GET /cormun/static/scaMessage/css/jquery.pnotify.default.css?1716380 HTTP/1.1" 200 1707
186.79.121.251 - - [28/Mar/2018:11:47:21 -0300] "GET /cormun/static/PXToolsJavascripts/pexe_cookies.js HTTP/1.1" 200 792
186.79.121.251 - - [28/Mar/2018:11:47:21 -0300] "GET /cormun/static/Shared/jqueryui/jquery-ui.min.css?1245370 HTTP/1.1" 200 16384
131.253.27.25 - - [28/Mar/2018:11:47:21 -0300] "GET /cormun/static/Shared/jquery/jquery-1.4.2.min.js HTTP/1.1" 200 72174
186.79.121.251 - - [28/Mar/2018:11:47:21 -0300] "GET /cormun/static/PXToolsJavascripts/pexe_oavdivfix.js HTTP/1.1" 200 639
186.79.121.251 - - [28/Mar/2018:11:47:21 -0300] "GET /cormun/static/PXToolsJavascripts/pexe_oav.js HTTP/1.1" 200 645
186.79.121.251 - - [28/Mar/2018:11:47:21 -0300] "GET /cormun/static/PXToolsJavascripts/pexe_tabdivfix.js HTTP/1.1" 200 876
186.79.121.251 - - [28/Mar/2018:11:47:21 -0300] "GET /cormun/static/PXToolsJavascripts/pexe_picture.js HTTP/1.1" 200 689
186.79.121.251 - - [28/Mar/2018:11:47:21 -0300] "GET /cormun/static/PXToolsJavascripts/PXToolsJavascriptsRender.js HTTP/1.1" 200 367
186.79.121.251 - - [28/Mar/2018:11:47:21 -0300] "GET /cormun/static/RunJS/RunJS.js HTTP/1.1" 200 288
186.79.121.251 - - [28/Mar/2018:11:47:21 -0300] "GET /cormun/static/hhome.js?20175251212450 HTTP/1.1" 200 777
186.79.121.251 - - [28/Mar/2018:11:47:21 -0300] "GET /cormun/static/hpexe_messagecontroller.js?20177611595012 HTTP/1.1" 200 870
186.79.121.251 - - [28/Mar/2018:11:47:21 -0300] "GET /cormun/static/hpexe_messagepopupcomponent.js?20161017169425 HTTP/1.1" 200 605
186.79.121.251 - - [28/Mar/2018:11:47:21 -0300] "GET /cormun/static/Resources/logo4.png HTTP/1.1" 200 6582
186.79.121.251 - - [28/Mar/2018:11:47:21 -0300] "GET /cormun/static/Resources/PXToolsHeaderActionsLeft.png HTTP/1.1" 200 1118
186.79.121.251 - - [28/Mar/2018:11:47:21 -0300] "GET /cormun/static/hpexe_messagegenexuscomponent.js?201752511465344 HTTP/1.1" 200 587
186.79.121.251 - - [28/Mar/2018:11:47:21 -0300] "GET /cormun/static/Resources/PXToolsHeaderHome.png HTTP/1.1" 200 4147
186.79.121.251 - - [28/Mar/2018:11:47:21 -0300] "GET /cormun/static/Resources/PXToolsHeaderLogin.png HTTP/1.1" 200 4279
186.79.121.251 - - [28/Mar/2018:11:47:21 -0300] "GET /cormun/static/Resources/PXToolsHeaderPreferences.png HTTP/1.1" 200 4189
186.79.121.251 - - [28/Mar/2018:11:47:21 -0300] "GET /cormun/static/Resources/PXToolsHeaderSecurity.png HTTP/1.1" 200 4166
186.79.121.251 - - [28/Mar/2018:11:47:21 -0300] "GET /cormun/static/Resources/PXToolsHeaderActionsRight.png HTTP/1.1" 200 1201
186.79.121.251 - - [28/Mar/2018:11:47:21 -0300] "GET /cormun/static/Resources/PXToolsHeaderBackground2.png HTTP/1.1" 200 1174
186.79.121.251 - - [28/Mar/2018:11:47:21 -0300] "GET /cormun/static/Resources/PXToolsFooterBackground2.png HTTP/1.1" 200 1172
186.79.121.251 - - [28/Mar/2018:11:47:21 -0300] "GET /cormun/static/Resources/PXToolsDataTitle.png HTTP/1.1" 200 1173
186.79.121.251 - - [28/Mar/2018:11:47:21 -0300] "GET /cormun/static/Resources/PXToolsHeaderActionsBackground.png HTTP/1.1" 200 484
186.103.159.189 - - [28/Mar/2018:11:47:22 -0300] "GET /cormun/servlet/trcontratoobservacion? HTTP/1.1" 200 8410
131.253.27.25 - - [28/Mar/2018:11:47:22 -0300] "GET /cormun/static/Shared/jquery/jquery-1.10.2.min.js HTTP/1.1" 200 273199
186.103.159.189 - - [28/Mar/2018:11:47:22 -0300] "GET /cormun/static/gxcfg.js?2017525126861 HTTP/1.1" 200 953
186.103.159.189 - - [28/Mar/2018:11:47:22 -0300] "GET /cormun/static/trcontratoobservacion.js?20175251261223 HTTP/1.1" 200 25148
131.253.27.25 - - [28/Mar/2018:11:47:22 -0300] "GET /cormun/static/Shared/jqueryui/jquery-ui.min.js HTTP/1.1" 200 240427
186.79.121.251 - - [28/Mar/2018:11:47:23 -0300] "GET /cormun/static/SmoothNavMenu/resources/images/down.gif HTTP/1.1" 200 854
186.79.121.251 - - [28/Mar/2018:11:47:23 -0300] "GET /cormun/static/SmoothNavMenu/resources/images/right.gif HTTP/1.1" 200 860
186.79.121.251 - - [28/Mar/2018:11:47:23 -0300] "GET /cormun/servlet/hhome HTTP/1.1" 200 4210
131.253.27.25 - - [28/Mar/2018:11:47:23 -0300] "GET /cormun/static/Resources/PXToolsFooterBackground2.png HTTP/1.1" 200 1172
131.253.27.25 - - [28/Mar/2018:11:47:23 -0300] "GET /cormun/static/Resources/PXToolsHeaderBackground2.png HTTP/1.1" 200 1174
131.253.27.25 - - [28/Mar/2018:11:47:23 -0300] "GET /cormun/static/Resources/PXToolsHeaderActionsBackground.png HTTP/1.1" 200 484
131.253.27.25 - - [28/Mar/2018:11:47:24 -0300] "GET /cormun/static/Resources/PXToolsDataTitle.png HTTP/1.1" 200 1173
131.253.27.25 - - [28/Mar/2018:11:47:24 -0300] "GET /cormun/static/Resources/PXToolsDataSearch.png HTTP/1.1" 200 419
131.253.27.25 - - [28/Mar/2018:11:47:24 -0300] "GET /cormun/static/Resources/PXToolsGridFirstDisabled.gif HTTP/1.1" 200 100
131.253.27.25 - - [28/Mar/2018:11:47:24 -0300] "GET /cormun/static/Resources/PXToolsGridLastDisabled.gif HTTP/1.1" 200 98
186.103.159.189 - - [28/Mar/2018:11:47:24 -0300] "GET /cormun/servlet/trcontratoobservacion? HTTP/1.1" 200 8409
131.253.27.25 - - [28/Mar/2018:11:47:24 -0300] "GET /cormun/static/Resources/PXToolsGridPage.gif HTTP/1.1" 200 725
131.253.27.25 - - [28/Mar/2018:11:47:25 -0300] "GET /cormun/static/Resources/PXToolsActionExcel.png HTTP/1.1" 200 3187
131.253.27.25 - - [28/Mar/2018:11:47:25 -0300] "GET /cormun/static/Resources/PXToolsButtonLeft21.png HTTP/1.1" 200 1287
131.253.27.25 - - [28/Mar/2018:11:47:25 -0300] "GET /cormun/static/Resources/PXToolsButtonRight21.png HTTP/1.1" 200 1283
131.253.27.25 - - [28/Mar/2018:11:47:25 -0300] "GET /cormun/static/Resources/PXToolsButtonBackground2.png HTTP/1.1" 200 1181
131.253.27.25 - - [28/Mar/2018:11:47:26 -0300] "GET /cormun/static/SmoothNavMenu/resources/SmoothNavMenuRender.js HTTP/1.1" 200 5951
131.253.27.25 - - [28/Mar/2018:11:47:26 -0300] "GET /cormun/static/scaMessage/js/jquery.pnotify.min.js HTTP/1.1" 200 13038
131.253.27.25 - - [28/Mar/2018:11:47:26 -0300] "GET /cormun/static/scaMessage/scaMessageRender.js HTTP/1.1" 200 11977
131.253.27.25 - - [28/Mar/2018:11:47:26 -0300] "GET /cormun/static/hmpwkw03.js?20177612122668 HTTP/1.1" 200 3965
131.253.27.25 - - [28/Mar/2018:11:47:27 -0300] "GET /cormun/static/Resources/indicator.gif HTTP/1.1" 200 1553
131.253.27.25 - - [28/Mar/2018:11:47:27 -0300] "GET /cormun/static/Resources/asc.gif HTTP/1.1" 200 67
131.253.27.25 - - [28/Mar/2018:11:47:27 -0300] "GET /cormun/static/Resources/desc.gif HTTP/1.1" 200 65
131.253.27.25 - - [28/Mar/2018:11:47:28 -0300] "GET /cormun/servlet/hlogin HTTP/1.1" 200 5844
131.253.27.25 - - [28/Mar/2018:11:47:28 -0300] "GET /cormun/static/hlogin.js?20175251213537 HTTP/1.1" 200 2136
131.253.27.25 - - [28/Mar/2018:11:47:28 -0300] "GET /cormun/static/Resources/ComunLogin.png HTTP/1.1" 200 17326
131.253.27.25 - - [28/Mar/2018:11:47:29 -0300] "GET /cormun/static/Resources/PXToolsLoginTop.png HTTP/1.1" 200 1337
131.253.27.25 - - [28/Mar/2018:11:47:29 -0300] "GET /cormun/static/Resources/PXToolsLoginBackground.png HTTP/1.1" 200 1164
131.253.27.25 - - [28/Mar/2018:11:47:29 -0300] "GET /cormun/static/Resources/PXToolsLoginBottom.png HTTP/1.1" 200 1389
186.103.159.189 - - [28/Mar/2018:11:47:31 -0300] "POST /cormun/servlet/trcontratoobservacion?95b2d508015de2eb835f0158d68daf68,,gx-no-cache=1522251996484 HTTP/1.1" 200 90
186.103.159.189 - - [28/Mar/2018:11:47:31 -0300] "GET /cormun/servlet/hpexe_link HTTP/1.1" 200 965
186.103.159.189 - - [28/Mar/2018:11:47:31 -0300] "GET /cormun/servlet/hhome HTTP/1.1" 200 3989
186.103.159.189 - - [28/Mar/2018:11:47:33 -0300] "GET /cormun/servlet/hhome HTTP/1.1" 200 3987
186.103.159.189 - - [28/Mar/2018:11:47:36 -0300] "GET /cormun/servlet/trvisualizadoreventos? HTTP/1.1" 200 6719
186.103.159.189 - - [28/Mar/2018:11:47:36 -0300] "GET /cormun/static/gxcfg.js?20175251251426 HTTP/1.1" 304 -
186.103.159.189 - - [28/Mar/2018:11:47:36 -0300] "GET /cormun/static/trvisualizadoreventos.js?20175251251768 HTTP/1.1" 304 -
186.103.159.189 - - [28/Mar/2018:11:47:37 -0300] "GET /cormun/servlet/trvisualizadoreventos? HTTP/1.1" 200 6718
186.103.159.189 - - [28/Mar/2018:11:47:43 -0300] "GET /cormun/servlet/trsolicitudot? HTTP/1.1" 200 8577
186.103.159.189 - - [28/Mar/2018:11:47:44 -0300] "GET /cormun/static/Resources/Spanish/PXTools.css?1255365 HTTP/1.1" 304 -
186.103.159.189 - - [28/Mar/2018:11:47:44 -0300] "GET /cormun/static/gxcfg.js?2017111422585916 HTTP/1.1" 304 -
186.103.159.189 - - [28/Mar/2018:11:47:44 -0300] "GET /cormun/static/trsolicitudot.js?201711142259839 HTTP/1.1" 304 -
186.103.159.189 - - [28/Mar/2018:11:47:45 -0300] "GET /cormun/servlet/trsolicitudot? HTTP/1.1" 200 8577
186.103.159.189 - - [28/Mar/2018:11:47:50 -0300] "POST /cormun/servlet/trsolicitudot?95b2d508015de2eb835f0158d68daf68,,gx-no-cache=1522252015489 HTTP/1.1" 200 106
192.168.10.89 - - [28/Mar/2018:11:47:50 -0300] "POST /cormun/servlet/trsolicitudgral?20d6f99b0ee9ce30d3415542eedb2583,,gx-no-cache=1522248301085 HTTP/1.1" 200 7622
186.103.159.189 - - [28/Mar/2018:11:47:50 -0300] "GET /cormun/servlet/trsolicitudadjuntos?2018,10912, HTTP/1.1" 200 6088
186.103.159.189 - - [28/Mar/2018:11:47:50 -0300] "GET /cormun/static/gxcfg.js?20177612135366 HTTP/1.1" 304 -
186.103.159.189 - - [28/Mar/2018:11:47:50 -0300] "GET /cormun/static/trsolicitudadjuntos.js?20177612135632 HTTP/1.1" 304 -
186.103.159.189 - - [28/Mar/2018:11:47:52 -0300] "GET /cormun/servlet/trsolicitudadjuntos?2018,10912, HTTP/1.1" 200 6088
186.103.159.189 - - [28/Mar/2018:11:47:58 -0300] "GET /cormun/servlet/solicitudotadjuntos?INS,2018,10912,,1, HTTP/1.1" 200 6034
186.103.159.189 - - [28/Mar/2018:11:47:58 -0300] "GET /cormun/static/gxcfg.js?2017761244068 HTTP/1.1" 304 -
186.103.159.189 - - [28/Mar/2018:11:47:58 -0300] "GET /cormun/static/about:blank HTTP/1.1" 404 1011
186.103.159.189 - - [28/Mar/2018:11:47:59 -0300] "GET /cormun/static/solicitudotadjuntos.js?2017761244086 HTTP/1.1" 304 -
186.103.159.189 - - [28/Mar/2018:11:47:59 -0300] "GET /cormun/servlet/solicitudotadjuntos?INS,2018,10912,,1, HTTP/1.1" 200 6028
186.103.159.189 - - [28/Mar/2018:11:48:00 -0300] "GET /cormun/servlet/solicitudotadjuntos?39d514edcc58e2f0dcca68c0a9184b4ada69242167df2817cdc1517feb248560fe347265b8f122104a0891cf59fa8046,gx-no-cache=1522252025389 HTTP/1.1" 200 30
186.103.159.189 - - [28/Mar/2018:11:48:00 -0300] "POST /cormun/servlet/solicitudotadjuntos?95b2d508015de2eb835f0158d68daf68,INS,2018,10912,,1,,gx-no-cache=1522252025573 HTTP/1.1" 200 3827
186.103.159.182 - - [28/Mar/2018:11:48:29 -0300] "GET /cormun/servlet/hlogin HTTP/1.1" 200 1723
186.103.159.182 - - [28/Mar/2018:11:48:30 -0300] "GET /cormun/servlet/hlogin HTTP/1.1" 200 1723
186.103.159.182 - - [28/Mar/2018:11:48:32 -0300] "GET /cormun/servlet/hlogin HTTP/1.1" 200 1733
186.103.159.182 - - [28/Mar/2018:11:48:32 -0300] "GET /favicon.ico HTTP/1.1" 200 21630
186.103.159.182 - - [28/Mar/2018:11:48:34 -0300] "POST /cormun/servlet/hlogin?fe1abc39f7661d4983d48071fe0755e1,gx-no-cache=1522248460575 HTTP/1.1" 200 90
186.103.159.182 - - [28/Mar/2018:11:48:34 -0300] "GET /cormun/servlet/hpexe_link HTTP/1.1" 200 954
186.103.159.182 - - [28/Mar/2018:11:48:34 -0300] "GET /cormun/servlet/hhome HTTP/1.1" 200 4265
186.103.159.182 - - [28/Mar/2018:11:48:36 -0300] "GET /cormun/servlet/hhome HTTP/1.1" 200 4261
186.103.159.182 - - [28/Mar/2018:11:48:38 -0300] "GET /cormun/servlet/trlicencias? HTTP/1.1" 200 9796
186.103.159.182 - - [28/Mar/2018:11:48:39 -0300] "GET /cormun/servlet/trlicencias? HTTP/1.1" 200 9794
186.103.159.182 - - [28/Mar/2018:11:48:45 -0300] "GET /cormun/servlet/licenciaspermisos?INS,0,,, HTTP/1.1" 200 7804
186.103.159.182 - - [28/Mar/2018:11:48:46 -0300] "GET /cormun/servlet/licenciaspermisos?INS,0,,, HTTP/1.1" 200 7812
186.103.159.189 - - [28/Mar/2018:11:49:01 -0300] "POST /cormun/servlet/solicitudotadjuntos?gx-no-cache=1522252086678 HTTP/1.1" 200 26
186.103.159.182 - - [28/Mar/2018:11:49:04 -0300] "GET /cormun/static/Resources/resize.gif HTTP/1.1" 200 77
186.103.159.182 - - [28/Mar/2018:11:49:05 -0300] "GET /cormun/servlet/prfichaempleado?,MD,,gxPopupLevel%3D0%3B HTTP/1.1" 200 9439
186.103.159.182 - - [28/Mar/2018:11:49:05 -0300] "GET /cormun/static/gxcfg.js?20177612134814 HTTP/1.1" 200 953
186.103.159.182 - - [28/Mar/2018:11:49:05 -0300] "GET /cormun/static/Resources/PXToolsMenuSearchCancel.png HTTP/1.1" 200 2972
186.103.159.182 - - [28/Mar/2018:11:49:05 -0300] "GET /cormun/static/menusearch.js?201610171694467 HTTP/1.1" 200 1424
186.103.159.182 - - [28/Mar/2018:11:49:05 -0300] "GET /cormun/static/Resources/PXToolsMenuSearch.png HTTP/1.1" 200 2914
186.103.159.182 - - [28/Mar/2018:11:49:05 -0300] "GET /cormun/static/prfichaempleado.js?20177612134999 HTTP/1.1" 200 16006
186.103.159.182 - - [28/Mar/2018:11:49:05 -0300] "GET /cormun/static/hmpwkw011.js?20177612121862 HTTP/1.1" 200 1968
186.103.159.182 - - [28/Mar/2018:11:49:18 -0300] "POST /cormun/servlet/prfichaempleado?fe1abc39f7661d4983d48071fe0755e1,,MD,,gxPopupLevel%3D0%3B,gx-no-cache=1522248504890 HTTP/1.1" 200 3194
186.103.159.189 - - [28/Mar/2018:11:49:23 -0300] "GET /cormun/servlet/solicitudotadjuntos?39d514edcc58e2f0dcca68c0a9184b4a5d193cff356213a1123dc91c2564d13e,gx-no-cache=1522252108713 HTTP/1.1" 200 30
186.103.159.189 - - [28/Mar/2018:11:49:23 -0300] "GET /cormun/servlet/solicitudotadjuntos?39d514edcc58e2f0dcca68c0a9184b4a5d193cff356213a1123dc91c2564d13e,gx-no-cache=1522252108757 HTTP/1.1" 200 30
186.103.159.189 - - [28/Mar/2018:11:49:26 -0300] "POST /cormun/servlet/solicitudotadjuntos?95b2d508015de2eb835f0158d68daf68,INS,2018,10912,,1, HTTP/1.1" 200 116
186.103.159.189 - - [28/Mar/2018:11:49:26 -0300] "GET /cormun/servlet/hpexe_return? HTTP/1.1" 200 1031
186.103.159.189 - - [28/Mar/2018:11:49:27 -0300] "GET /cormun/servlet/trsolicitudadjuntos?2018,10912, HTTP/1.1" 200 8527
186.103.159.189 - - [28/Mar/2018:11:49:29 -0300] "GET /cormun/servlet/trsolicitudadjuntos?2018,10912, HTTP/1.1" 200 8523
186.103.159.182 - - [28/Mar/2018:11:49:40 -0300] "POST /cormun/servlet/prfichaempleado?fe1abc39f7661d4983d48071fe0755e1,,MD,,gxPopupLevel%3D0%3B,gx-no-cache=1522248526616 HTTP/1.1" 200 3426
186.103.159.182 - - [28/Mar/2018:11:49:50 -0300] "GET /cormun/servlet/licenciaspermisos?99747726546d9ebe7c91b113b2a1746d68da9df59b5f53ee248ae4bc44badf764d456d1f39bcb1bc53b41973b2704798,gx-no-cache=1522248536531 HTTP/1.1" 200 77
186.103.159.182 - - [28/Mar/2018:11:49:50 -0300] "POST /cormun/servlet/licenciaspermisos?fe1abc39f7661d4983d48071fe0755e1,INS,0,,,,gx-no-cache=1522248536604 HTTP/1.1" 200 4884
186.103.159.189 - - [28/Mar/2018:11:50:14 -0300] "GET /cormun/servlet/solicitudotadjuntos?INS,2018,10912,,1, HTTP/1.1" 200 6034
186.103.159.189 - - [28/Mar/2018:11:50:14 -0300] "GET /cormun/static/about:blank HTTP/1.1" 404 1011
186.103.159.189 - - [28/Mar/2018:11:50:16 -0300] "GET /cormun/servlet/solicitudotadjuntos?INS,2018,10912,,1, HTTP/1.1" 200 6028
186.103.159.189 - - [28/Mar/2018:11:50:17 -0300] "GET /cormun/servlet/solicitudotadjuntos?39d514edcc58e2f0dcca68c0a9184b4ada69242167df2817cdc1517feb248560fe347265b8f122104a0891cf59fa8046,gx-no-cache=1522252162198 HTTP/1.1" 200 30
186.103.159.189 - - [28/Mar/2018:11:50:17 -0300] "POST /cormun/servlet/solicitudotadjuntos?95b2d508015de2eb835f0158d68daf68,INS,2018,10912,,1,,gx-no-cache=1522252162281 HTTP/1.1" 200 3827
186.103.159.182 - - [28/Mar/2018:11:50:17 -0300] "GET /cormun/static/menuarrow.gif HTTP/1.1" 404 1015
186.103.159.189 - - [28/Mar/2018:11:50:22 -0300] "POST /cormun/servlet/solicitudotadjuntos?gx-no-cache=1522252167720 HTTP/1.1" 200 26
186.103.159.189 - - [28/Mar/2018:11:50:34 -0300] "GET /cormun/servlet/solicitudotadjuntos?39d514edcc58e2f0dcca68c0a9184b4a5d193cff356213a1123dc91c2564d13e,gx-no-cache=1522252180081 HTTP/1.1" 200 30
186.103.159.189 - - [28/Mar/2018:11:50:35 -0300] "GET /cormun/servlet/solicitudotadjuntos?39d514edcc58e2f0dcca68c0a9184b4a5d193cff356213a1123dc91c2564d13e,gx-no-cache=1522252180125 HTTP/1.1" 200 30
186.103.159.189 - - [28/Mar/2018:11:50:37 -0300] "POST /cormun/servlet/solicitudotadjuntos?95b2d508015de2eb835f0158d68daf68,INS,2018,10912,,1, HTTP/1.1" 200 116
186.103.159.189 - - [28/Mar/2018:11:50:37 -0300] "GET /cormun/servlet/hpexe_return? HTTP/1.1" 200 1031
186.103.159.189 - - [28/Mar/2018:11:50:38 -0300] "GET /cormun/servlet/trsolicitudadjuntos?2018,10912, HTTP/1.1" 200 8750
186.103.159.189 - - [28/Mar/2018:11:50:39 -0300] "GET /cormun/servlet/trsolicitudadjuntos?2018,10912, HTTP/1.1" 200 8749
186.103.159.189 - - [28/Mar/2018:11:50:42 -0300] "GET /cormun/servlet/solicitudotadjuntos?INS,2018,10912,,1, HTTP/1.1" 200 6034
186.103.159.189 - - [28/Mar/2018:11:50:43 -0300] "GET /cormun/static/about:blank HTTP/1.1" 404 1011
186.103.159.189 - - [28/Mar/2018:11:50:44 -0300] "GET /cormun/servlet/solicitudotadjuntos?INS,2018,10912,,1, HTTP/1.1" 200 6028
186.103.159.189 - - [28/Mar/2018:11:50:44 -0300] "GET /cormun/servlet/solicitudotadjuntos?39d514edcc58e2f0dcca68c0a9184b4ada69242167df2817cdc1517feb248560fe347265b8f122104a0891cf59fa8046,gx-no-cache=1522252189940 HTTP/1.1" 200 30
186.103.159.189 - - [28/Mar/2018:11:50:44 -0300] "POST /cormun/servlet/solicitudotadjuntos?95b2d508015de2eb835f0158d68daf68,INS,2018,10912,,1,,gx-no-cache=1522252189988 HTTP/1.1" 200 3827
186.103.159.189 - - [28/Mar/2018:11:50:48 -0300] "POST /cormun/servlet/solicitudotadjuntos?gx-no-cache=1522252194020 HTTP/1.1" 200 26
186.103.159.189 - - [28/Mar/2018:11:50:55 -0300] "GET /cormun/servlet/solicitudotadjuntos?39d514edcc58e2f0dcca68c0a9184b4a5d193cff356213a1123dc91c2564d13e,gx-no-cache=1522252200809 HTTP/1.1" 200 30
186.103.159.189 - - [28/Mar/2018:11:50:55 -0300] "GET /cormun/servlet/solicitudotadjuntos?39d514edcc58e2f0dcca68c0a9184b4a5d193cff356213a1123dc91c2564d13e,gx-no-cache=1522252200849 HTTP/1.1" 200 30
186.103.159.189 - - [28/Mar/2018:11:50:56 -0300] "POST /cormun/servlet/solicitudotadjuntos?95b2d508015de2eb835f0158d68daf68,INS,2018,10912,,1, HTTP/1.1" 200 116
186.103.159.189 - - [28/Mar/2018:11:50:56 -0300] "GET /cormun/servlet/hpexe_return? HTTP/1.1" 200 1031
186.103.159.189 - - [28/Mar/2018:11:50:57 -0300] "GET /cormun/servlet/trsolicitudadjuntos?2018,10912, HTTP/1.1" 200 8946
186.103.159.189 - - [28/Mar/2018:11:50:59 -0300] "GET /cormun/servlet/trsolicitudadjuntos?2018,10912, HTTP/1.1" 200 8942
186.103.159.189 - - [28/Mar/2018:11:51:01 -0300] "GET /cormun/servlet/solicitudotadjuntos?INS,2018,10912,,1, HTTP/1.1" 200 6033
186.103.159.189 - - [28/Mar/2018:11:51:03 -0300] "GET /cormun/static/about:blank HTTP/1.1" 404 1011
186.103.159.189 - - [28/Mar/2018:11:51:03 -0300] "GET /cormun/servlet/solicitudotadjuntos?INS,2018,10912,,1, HTTP/1.1" 200 6027
186.103.159.189 - - [28/Mar/2018:11:51:03 -0300] "GET /cormun/servlet/solicitudotadjuntos?39d514edcc58e2f0dcca68c0a9184b4ada69242167df2817cdc1517feb248560fe347265b8f122104a0891cf59fa8046,gx-no-cache=1522252208746 HTTP/1.1" 200 30
186.103.159.189 - - [28/Mar/2018:11:51:03 -0300] "POST /cormun/servlet/solicitudotadjuntos?95b2d508015de2eb835f0158d68daf68,INS,2018,10912,,1,,gx-no-cache=1522252208819 HTTP/1.1" 200 3825
186.103.159.189 - - [28/Mar/2018:11:51:08 -0300] "POST /cormun/servlet/solicitudotadjuntos?gx-no-cache=1522252213196 HTTP/1.1" 200 26
192.168.10.96 - - [28/Mar/2018:11:51:17 -0300] "GET /cormun/servlet/trsolicitudgral? HTTP/1.1" 500 10
186.103.159.189 - - [28/Mar/2018:11:51:19 -0300] "GET /cormun/servlet/solicitudotadjuntos?39d514edcc58e2f0dcca68c0a9184b4a5d193cff356213a1123dc91c2564d13e,gx-no-cache=1522252224089 HTTP/1.1" 200 30
186.103.159.189 - - [28/Mar/2018:11:51:19 -0300] "GET /cormun/servlet/solicitudotadjuntos?39d514edcc58e2f0dcca68c0a9184b4a5d193cff356213a1123dc91c2564d13e,gx-no-cache=1522252224218 HTTP/1.1" 200 30
186.103.159.189 - - [28/Mar/2018:11:51:20 -0300] "POST /cormun/servlet/solicitudotadjuntos?95b2d508015de2eb835f0158d68daf68,INS,2018,10912,,1, HTTP/1.1" 200 116
186.103.159.189 - - [28/Mar/2018:11:51:20 -0300] "GET /cormun/servlet/hpexe_return? HTTP/1.1" 200 1031
186.103.159.189 - - [28/Mar/2018:11:51:21 -0300] "GET /cormun/servlet/trsolicitudadjuntos?2018,10912, HTTP/1.1" 200 9152
192.168.10.96 - - [28/Mar/2018:11:51:22 -0300] "GET /cormun/servlet/hlogin HTTP/1.1" 200 1717
186.103.159.189 - - [28/Mar/2018:11:51:23 -0300] "GET /cormun/servlet/trsolicitudadjuntos?2018,10912, HTTP/1.1" 200 9147
186.103.159.189 - - [28/Mar/2018:11:51:25 -0300] "GET /cormun/servlet/solicitudotadjuntos?INS,2018,10912,,1, HTTP/1.1" 200 6033
186.103.159.189 - - [28/Mar/2018:11:51:27 -0300] "GET /cormun/static/about:blank HTTP/1.1" 404 1011
186.103.159.189 - - [28/Mar/2018:11:51:27 -0300] "GET /cormun/servlet/solicitudotadjuntos?INS,2018,10912,,1, HTTP/1.1" 200 6027
186.103.159.189 - - [28/Mar/2018:11:51:27 -0300] "GET /cormun/servlet/solicitudotadjuntos?39d514edcc58e2f0dcca68c0a9184b4ada69242167df2817cdc1517feb248560fe347265b8f122104a0891cf59fa8046,gx-no-cache=1522252232883 HTTP/1.1" 200 30
186.103.159.189 - - [28/Mar/2018:11:51:27 -0300] "POST /cormun/servlet/solicitudotadjuntos?95b2d508015de2eb835f0158d68daf68,INS,2018,10912,,1,,gx-no-cache=1522252232947 HTTP/1.1" 200 3825
192.168.10.96 - - [28/Mar/2018:11:51:30 -0300] "POST /cormun/servlet/hlogin?11c1508b21ae6bb1506c18720ad3b622,gx-no-cache=1522248520738 HTTP/1.1" 200 90
192.168.10.96 - - [28/Mar/2018:11:51:30 -0300] "GET /cormun/servlet/hpexe_link HTTP/1.1" 200 949
192.168.10.96 - - [28/Mar/2018:11:51:30 -0300] "GET /cormun/servlet/hhome HTTP/1.1" 200 4703
192.168.10.96 - - [28/Mar/2018:11:51:30 -0300] "GET /cormun/servlet/hhome HTTP/1.1" 200 4703
186.79.121.251 - - [28/Mar/2018:11:51:30 -0300] "GET /cormun/servlet/trfichaempleado? HTTP/1.1" 200 12587
186.79.121.251 - - [28/Mar/2018:11:51:31 -0300] "GET /cormun/static/gxui/gxui-all.css?110300 HTTP/1.1" 200 2179
186.79.121.251 - - [28/Mar/2018:11:51:31 -0300] "GET /cormun/static/gxcfg.js?20177616262612 HTTP/1.1" 200 953
186.79.121.251 - - [28/Mar/2018:11:51:31 -0300] "GET /cormun/static/Resources/Spanish/PXTools.css?1155365 HTTP/1.1" 200 16384
186.79.121.251 - - [28/Mar/2018:11:51:31 -0300] "GET /cormun/static/trfichaempleado.js?20177616262887 HTTP/1.1" 304 -
186.79.121.251 - - [28/Mar/2018:11:51:31 -0300] "GET /cormun/static/Resources/PXToolsDataSearch.png HTTP/1.1" 200 419
186.79.121.251 - - [28/Mar/2018:11:51:31 -0300] "GET /cormun/static/Resources/PXToolsGridFirstDisabled.gif HTTP/1.1" 200 100
186.79.121.251 - - [28/Mar/2018:11:51:31 -0300] "GET /cormun/static/Resources/PXToolsGridLastDisabled.gif HTTP/1.1" 200 98
186.79.121.251 - - [28/Mar/2018:11:51:31 -0300] "GET /cormun/static/Resources/PXToolsGridNextDisabled.gif HTTP/1.1" 200 90
186.79.121.251 - - [28/Mar/2018:11:51:31 -0300] "GET /cormun/static/Resources/PXToolsGridPage.gif HTTP/1.1" 200 725
186.79.121.251 - - [28/Mar/2018:11:51:31 -0300] "GET /cormun/static/Resources/PXToolsGridPreviousDisabled.gif HTTP/1.1" 200 90
186.79.121.251 - - [28/Mar/2018:11:51:31 -0300] "GET /cormun/static/Resources/asc.gif HTTP/1.1" 200 67
186.79.121.251 - - [28/Mar/2018:11:51:32 -0300] "GET /cormun/static/Shared/ext/resources/themes/images/default/tools/tool-sprites.gif HTTP/1.1" 200 5434
186.79.121.251 - - [28/Mar/2018:11:51:32 -0300] "GET /cormun/static/Shared/ext/resources/themes/images/default/panel/bg-headersPanel.png HTTP/1.1" 200 255
186.103.159.189 - - [28/Mar/2018:11:51:34 -0300] "POST /cormun/servlet/solicitudotadjuntos?gx-no-cache=1522252239301 HTTP/1.1" 200 26
192.168.10.96 - - [28/Mar/2018:11:51:38 -0300] "GET /cormun/servlet/trsolicitudgral? HTTP/1.1" 200 28324
192.168.10.96 - - [28/Mar/2018:11:51:39 -0300] "GET /cormun/servlet/trsolicitudgral? HTTP/1.1" 200 28322
186.103.159.189 - - [28/Mar/2018:11:51:41 -0300] "GET /cormun/servlet/solicitudotadjuntos?39d514edcc58e2f0dcca68c0a9184b4a5d193cff356213a1123dc91c2564d13e,gx-no-cache=1522252246506 HTTP/1.1" 200 30
186.103.159.189 - - [28/Mar/2018:11:51:41 -0300] "GET /cormun/servlet/solicitudotadjuntos?39d514edcc58e2f0dcca68c0a9184b4a5d193cff356213a1123dc91c2564d13e,gx-no-cache=1522252246547 HTTP/1.1" 200 30
186.103.159.189 - - [28/Mar/2018:11:51:44 -0300] "POST /cormun/servlet/solicitudotadjuntos?95b2d508015de2eb835f0158d68daf68,INS,2018,10912,,1, HTTP/1.1" 200 116
186.103.159.189 - - [28/Mar/2018:11:51:44 -0300] "GET /cormun/servlet/hpexe_return? HTTP/1.1" 200 1031
186.103.159.189 - - [28/Mar/2018:11:51:45 -0300] "GET /cormun/servlet/trsolicitudadjuntos?2018,10912, HTTP/1.1" 200 9393
186.103.159.189 - - [28/Mar/2018:11:51:47 -0300] "GET /cormun/servlet/trsolicitudadjuntos?2018,10912, HTTP/1.1" 200 9390
186.103.159.189 - - [28/Mar/2018:11:51:49 -0300] "GET /cormun/servlet/solicitudotadjuntos?INS,2018,10912,,1, HTTP/1.1" 200 6034
186.103.159.189 - - [28/Mar/2018:11:51:51 -0300] "GET /cormun/static/about:blank HTTP/1.1" 404 1011
186.103.159.189 - - [28/Mar/2018:11:51:51 -0300] "GET /cormun/servlet/solicitudotadjuntos?INS,2018,10912,,1, HTTP/1.1" 200 6028
186.103.159.189 - - [28/Mar/2018:11:51:52 -0300] "GET /cormun/servlet/solicitudotadjuntos?39d514edcc58e2f0dcca68c0a9184b4ada69242167df2817cdc1517feb248560fe347265b8f122104a0891cf59fa8046,gx-no-cache=1522252257483 HTTP/1.1" 200 30
186.103.159.189 - - [28/Mar/2018:11:51:52 -0300] "POST /cormun/servlet/solicitudotadjuntos?95b2d508015de2eb835f0158d68daf68,INS,2018,10912,,1,,gx-no-cache=1522252257534 HTTP/1.1" 200 3827
186.103.159.189 - - [28/Mar/2018:11:51:56 -0300] "POST /cormun/servlet/solicitudotadjuntos?gx-no-cache=1522252261589 HTTP/1.1" 200 26
186.103.159.189 - - [28/Mar/2018:11:52:05 -0300] "GET /cormun/servlet/solicitudotadjuntos?39d514edcc58e2f0dcca68c0a9184b4a5d193cff356213a1123dc91c2564d13e,gx-no-cache=1522252270609 HTTP/1.1" 200 30
186.103.159.189 - - [28/Mar/2018:11:52:05 -0300] "GET /cormun/servlet/solicitudotadjuntos?39d514edcc58e2f0dcca68c0a9184b4a5d193cff356213a1123dc91c2564d13e,gx-no-cache=1522252270750 HTTP/1.1" 200 30
186.103.159.189 - - [28/Mar/2018:11:52:07 -0300] "POST /cormun/servlet/solicitudotadjuntos?95b2d508015de2eb835f0158d68daf68,INS,2018,10912,,1, HTTP/1.1" 200 116
186.103.159.189 - - [28/Mar/2018:11:52:07 -0300] "GET /cormun/servlet/hpexe_return? HTTP/1.1" 200 1031
186.103.159.189 - - [28/Mar/2018:11:52:08 -0300] "GET /cormun/servlet/trsolicitudadjuntos?2018,10912, HTTP/1.1" 200 9655
186.103.159.189 - - [28/Mar/2018:11:52:10 -0300] "GET /cormun/servlet/trsolicitudadjuntos?2018,10912, HTTP/1.1" 200 9655
186.103.159.189 - - [28/Mar/2018:11:52:13 -0300] "GET /cormun/servlet/solicitudotadjuntos?INS,2018,10912,,2, HTTP/1.1" 200 6032
186.103.159.189 - - [28/Mar/2018:11:52:14 -0300] "GET /cormun/static/about:blank HTTP/1.1" 404 1011
186.103.159.189 - - [28/Mar/2018:11:52:14 -0300] "GET /cormun/servlet/solicitudotadjuntos?INS,2018,10912,,2, HTTP/1.1" 200 6025
186.103.159.189 - - [28/Mar/2018:11:52:15 -0300] "GET /cormun/servlet/solicitudotadjuntos?39d514edcc58e2f0dcca68c0a9184b4ada69242167df2817cdc1517feb248560fe347265b8f122104a0891cf59fa8046,gx-no-cache=1522252280329 HTTP/1.1" 200 30
186.103.159.189 - - [28/Mar/2018:11:52:15 -0300] "POST /cormun/servlet/solicitudotadjuntos?95b2d508015de2eb835f0158d68daf68,INS,2018,10912,,2,,gx-no-cache=1522252280492 HTTP/1.1" 200 3968
186.103.159.182 - - [28/Mar/2018:11:52:16 -0300] "GET /cormun/servlet/licenciaspermisos?99747726546d9ebe7c91b113b2a1746dd1e3b2b15db82f5407140e007f84838758d3829636c209764ae357a94c27affe6cc9b69c4942cb1b6d762ff208300db3e5078324f484f575ac5905a6c08b003dcaf6b932e54f32b4d11cf3520cf81c50b2e7d6df08b39ddad24f87e48f060b05e93d0bbdc004b05d10df49c28d1e155a2e430f8929e2a9eadc4af1b21fa6405084fd694b4631a27ac3d1cf14dc4e0d99d385bf5acc3c06b5443cc66d21af56c4a3883c75913d404d4980b8122fc45682c379d8282575aa75da5ae1c3f60d3e58fd482cdecd4df5d31b024c6268a693a9,gx-no-cache=1522248682509 HTTP/1.1" 200 30
186.103.159.182 - - [28/Mar/2018:11:52:16 -0300] "GET /cormun/servlet/licenciaspermisos?99747726546d9ebe7c91b113b2a1746d5aba998f77b3385a8c8cb05d47bb5f27d978c641b7f925f92520251e2cd170c7a05f27cf2274826c756c483c84efd5b0ae118bd9fd6f2cfccf149dad1644a10c71c878c25d7ebe05a5e83eb018b7c6f5f66bc68205facc078c233b813bf64bdec0364e8807c13b1bc72daddd87f1da272121e5b2c7535ce1f015073dd20e720e2ced72dc67ae792d4c507a6670e9667d713487bb934cc8d135ae371cc54135d7ca6c1b9cc81a68c90d5edcf050a0f8d34e8e001547ce6fddd6ed43e4676af84a31ac7dd5fef96b63edcfd3c149ab28d8,gx-no-cache=1522248682568 HTTP/1.1" 200 29
186.103.159.182 - - [28/Mar/2018:11:52:16 -0300] "POST /cormun/servlet/licenciaspermisos?fe1abc39f7661d4983d48071fe0755e1,INS,0,,,,gx-no-cache=1522248682607 HTTP/1.1" 200 5059
186.103.159.182 - - [28/Mar/2018:11:52:16 -0300] "GET /cormun/static/Shared/jqueryui/images/ui-bg_highlight-soft_100_c6c2c8_1x100.png HTTP/1.1" 404 1117
186.103.159.182 - - [28/Mar/2018:11:52:16 -0300] "GET /cormun/static/Shared/jqueryui/images/ui-icons_82798d_256x240.png HTTP/1.1" 404 1089
186.103.159.182 - - [28/Mar/2018:11:52:16 -0300] "GET /cormun/static/Shared/jqueryui/images/ui-bg_flat_55_994d53_40x100.png HTTP/1.1" 404 1097
186.103.159.182 - - [28/Mar/2018:11:52:16 -0300] "GET /cormun/static/Shared/jqueryui/images/ui-icons_ebccce_256x240.png HTTP/1.1" 404 1089
186.103.159.182 - - [28/Mar/2018:11:52:28 -0300] "GET /cormun/servlet/licenciaspermisos?99747726546d9ebe7c91b113b2a1746dd1e3b2b15db82f5407140e007f84838758d3829636c209764ae357a94c27affe6cc9b69c4942cb1b6d762ff208300db3e5078324f484f575ac5905a6c08b003dcaf6b932e54f32b4d11cf3520cf81c50b2e7d6df08b39ddad24f87e48f060b05e93d0bbdc004b05d10df49c28d1e155a2e430f8929e2a9eadc4af1b21fa6405084fd694b4631a27ac3d1cf14dc4e0d99d385bf5acc3c06b5443cc66d21af56c4a3883c75913d404d4980b8122fc45682c379d8282575aa75da5ae1c3f60d3e58fd482cdecd4df5d31b024c6268a693a9,gx-no-cache=1522248694906 HTTP/1.1" 200 30
186.103.159.182 - - [28/Mar/2018:11:52:28 -0300] "GET /cormun/servlet/licenciaspermisos?99747726546d9ebe7c91b113b2a1746d5aba998f77b3385a8c8cb05d47bb5f27d978c641b7f925f92520251e2cd170c7a05f27cf2274826c756c483c84efd5b0ae118bd9fd6f2cfccf149dad1644a10c71c878c25d7ebe05a5e83eb018b7c6f5f66bc68205facc078c233b813bf64bdec0364e8807c13b1bc72daddd87f1da272121e5b2c7535ce1f015073dd20e720e2ced72dc67ae792d4c507a6670e9667d713487bb934cc8d135ae371cc54135d7ca6c1b9cc81a68c90d5edcf050a0f8d34e8e001547ce6fddd6ed43e4676af84a31ac7dd5fef96b63edcfd3c149ab28d8,gx-no-cache=1522248694943 HTTP/1.1" 200 29
186.103.159.182 - - [28/Mar/2018:11:52:28 -0300] "POST /cormun/servlet/licenciaspermisos?fe1abc39f7661d4983d48071fe0755e1,INS,0,,,,gx-no-cache=1522248694980 HTTP/1.1" 200 93
186.103.159.182 - - [28/Mar/2018:11:52:28 -0300] "GET /cormun/servlet/hpexe_return? HTTP/1.1" 200 1016
186.103.159.189 - - [28/Mar/2018:11:52:29 -0300] "POST /cormun/servlet/solicitudotadjuntos?gx-no-cache=1522252294406 HTTP/1.1" 200 26
186.103.159.182 - - [28/Mar/2018:11:52:29 -0300] "GET /cormun/servlet/trlicencias HTTP/1.1" 200 10295
186.103.159.182 - - [28/Mar/2018:11:52:30 -0300] "GET /cormun//static/Resources/PXToolsGridDelete.png HTTP/1.1" 200 357
186.103.159.182 - - [28/Mar/2018:11:52:30 -0300] "GET /cormun//static/Resources/PXToolsGridUpdate.png HTTP/1.1" 200 2984
186.103.159.182 - - [28/Mar/2018:11:52:31 -0300] "GET /cormun/servlet/trlicencias HTTP/1.1" 200 10291
186.103.159.182 - - [28/Mar/2018:11:52:35 -0300] "GET /cormun/servlet/trlicenciaspermisosadjuntos?10108738,20180328000000,L, HTTP/1.1" 200 6609
186.103.159.182 - - [28/Mar/2018:11:52:36 -0300] "GET /cormun/servlet/trlicenciaspermisosadjuntos?10108738,20180328000000,L, HTTP/1.1" 200 6609
186.103.159.189 - - [28/Mar/2018:11:52:38 -0300] "GET /cormun/servlet/solicitudotadjuntos?39d514edcc58e2f0dcca68c0a9184b4a5d193cff356213a1123dc91c2564d13e,gx-no-cache=1522252303470 HTTP/1.1" 200 30
186.103.159.189 - - [28/Mar/2018:11:52:38 -0300] "GET /cormun/servlet/solicitudotadjuntos?39d514edcc58e2f0dcca68c0a9184b4a5d193cff356213a1123dc91c2564d13e,gx-no-cache=1522252303515 HTTP/1.1" 200 30
186.103.159.189 - - [28/Mar/2018:11:52:39 -0300] "POST /cormun/servlet/solicitudotadjuntos?95b2d508015de2eb835f0158d68daf68,INS,2018,10912,,2, HTTP/1.1" 200 116
186.103.159.189 - - [28/Mar/2018:11:52:39 -0300] "GET /cormun/servlet/hpexe_return? HTTP/1.1" 200 1031
186.103.159.189 - - [28/Mar/2018:11:52:40 -0300] "GET /cormun/servlet/trsolicitudadjuntos?2018,10912, HTTP/1.1" 200 9809
186.103.159.182 - - [28/Mar/2018:11:52:41 -0300] "GET /cormun/servlet/licenciaspermisosadjuntos?INS,10108738,L,20180328000000,, HTTP/1.1" 200 5911
186.103.159.182 - - [28/Mar/2018:11:52:41 -0300] "GET /cormun/static/gxcfg.js?2017761263592 HTTP/1.1" 200 953
186.103.159.182 - - [28/Mar/2018:11:52:41 -0300] "GET /cormun/static/licenciaspermisosadjuntos.js?201776126362 HTTP/1.1" 200 8760
186.103.159.182 - - [28/Mar/2018:11:52:41 -0300] "GET /cormun/static/about:blank HTTP/1.1" 404 1011
186.103.159.182 - - [28/Mar/2018:11:52:42 -0300] "GET /cormun/servlet/licenciaspermisosadjuntos?INS,10108738,L,20180328000000,, HTTP/1.1" 200 5901
186.103.159.189 - - [28/Mar/2018:11:52:43 -0300] "GET /cormun/servlet/trsolicitudadjuntos?2018,10912, HTTP/1.1" 200 9807
186.103.159.189 - - [28/Mar/2018:11:52:45 -0300] "GET /cormun/servlet/solicitudotadjuntos?INS,2018,10912,,2, HTTP/1.1" 200 6032
186.103.159.189 - - [28/Mar/2018:11:52:46 -0300] "GET /cormun/static/about:blank HTTP/1.1" 404 1011
186.103.159.189 - - [28/Mar/2018:11:52:46 -0300] "GET /cormun/servlet/solicitudotadjuntos?INS,2018,10912,,2, HTTP/1.1" 200 6025
186.103.159.189 - - [28/Mar/2018:11:52:47 -0300] "GET /cormun/servlet/solicitudotadjuntos?39d514edcc58e2f0dcca68c0a9184b4ada69242167df2817cdc1517feb248560fe347265b8f122104a0891cf59fa8046,gx-no-cache=1522252312379 HTTP/1.1" 200 30
186.103.159.189 - - [28/Mar/2018:11:52:47 -0300] "POST /cormun/servlet/solicitudotadjuntos?95b2d508015de2eb835f0158d68daf68,INS,2018,10912,,2,,gx-no-cache=1522252312427 HTTP/1.1" 200 3968
186.103.159.189 - - [28/Mar/2018:11:52:59 -0300] "POST /cormun/servlet/solicitudotadjuntos?gx-no-cache=1522252324508 HTTP/1.1" 200 26
186.103.159.182 - - [28/Mar/2018:11:53:03 -0300] "POST /cormun/servlet/licenciaspermisosadjuntos?fe1abc39f7661d4983d48071fe0755e1,INS,10108738,L,20180328000000,, HTTP/1.1" 200 116
186.103.159.182 - - [28/Mar/2018:11:53:03 -0300] "GET /cormun/servlet/hpexe_return? HTTP/1.1" 200 1047
186.103.159.182 - - [28/Mar/2018:11:53:04 -0300] "GET /cormun/servlet/trlicenciaspermisosadjuntos?10108738,20180328000000,L, HTTP/1.1" 200 7116
186.103.159.189 - - [28/Mar/2018:11:53:05 -0300] "GET /cormun/servlet/solicitudotadjuntos?39d514edcc58e2f0dcca68c0a9184b4a5d193cff356213a1123dc91c2564d13e,gx-no-cache=1522252330209 HTTP/1.1" 200 30
186.103.159.189 - - [28/Mar/2018:11:53:05 -0300] "GET /cormun/servlet/solicitudotadjuntos?39d514edcc58e2f0dcca68c0a9184b4a5d193cff356213a1123dc91c2564d13e,gx-no-cache=1522252330253 HTTP/1.1" 200 30
186.103.159.182 - - [28/Mar/2018:11:53:05 -0300] "GET /cormun/servlet/trlicenciaspermisosadjuntos?10108738,20180328000000,L, HTTP/1.1" 200 7113
186.103.159.189 - - [28/Mar/2018:11:53:06 -0300] "POST /cormun/servlet/solicitudotadjuntos?95b2d508015de2eb835f0158d68daf68,INS,2018,10912,,2, HTTP/1.1" 200 116
186.103.159.189 - - [28/Mar/2018:11:53:06 -0300] "GET /cormun/servlet/hpexe_return? HTTP/1.1" 200 1031
186.103.159.189 - - [28/Mar/2018:11:53:08 -0300] "GET /cormun/servlet/trsolicitudadjuntos?2018,10912, HTTP/1.1" 200 9973
186.103.159.189 - - [28/Mar/2018:11:53:10 -0300] "GET /cormun/servlet/trsolicitudadjuntos?2018,10912, HTTP/1.1" 200 9965
186.103.159.182 - - [28/Mar/2018:11:53:11 -0300] "GET /cormun/PublicTempStorage/licencia_luisa830088.pdf HTTP/1.1" 200 720378
192.168.10.96 - - [28/Mar/2018:11:53:15 -0300] "POST /cormun/servlet/trsolicitudgral?11c1508b21ae6bb1506c18720ad3b622,,gx-no-cache=1522248625614 HTTP/1.1" 200 5919
186.103.159.189 - - [28/Mar/2018:11:53:16 -0300] "POST /cormun/servlet/trsolicitudadjuntos?95b2d508015de2eb835f0158d68daf68,2018,10912,,gx-no-cache=1522252341256 HTTP/1.1" 200 90
186.103.159.189 - - [28/Mar/2018:11:53:16 -0300] "GET /cormun/servlet/hpexe_link HTTP/1.1" 200 974
186.103.159.189 - - [28/Mar/2018:11:53:16 -0300] "GET /cormun/servlet/trsolicitudot HTTP/1.1" 200 8578
186.103.159.182 - - [28/Mar/2018:11:53:17 -0300] "GET /cormun/servlet/trlicenciaspermisosadjuntos?10108738,20180328000000,L, HTTP/1.1" 200 7117
186.103.159.189 - - [28/Mar/2018:11:53:18 -0300] "GET /cormun/servlet/trsolicitudot HTTP/1.1" 200 8577
192.168.10.96 - - [28/Mar/2018:11:53:19 -0300] "POST /cormun/servlet/trsolicitudgral?11c1508b21ae6bb1506c18720ad3b622,,gx-no-cache=1522248629593 HTTP/1.1" 200 12658
186.103.159.182 - - [28/Mar/2018:11:53:19 -0300] "GET /cormun/servlet/trlicenciaspermisosadjuntos?10108738,20180328000000,L, HTTP/1.1" 200 7113
186.103.159.182 - - [28/Mar/2018:11:53:22 -0300] "GET /cormun/servlet/licenciaspermisosadjuntos?INS,10108738,L,20180328000000,, HTTP/1.1" 200 5911
186.103.159.182 - - [28/Mar/2018:11:53:23 -0300] "GET /cormun/servlet/licenciaspermisosadjuntos?INS,10108738,L,20180328000000,, HTTP/1.1" 200 5900
186.103.159.182 - - [28/Mar/2018:11:53:26 -0300] "GET /cormun/servlet/trlicencias? HTTP/1.1" 200 10299
186.103.159.182 - - [28/Mar/2018:11:53:28 -0300] "GET /cormun/servlet/trlicencias? HTTP/1.1" 200 10291
186.103.159.182 - - [28/Mar/2018:11:53:37 -0300] "POST /cormun/servlet/trlicencias?fe1abc39f7661d4983d48071fe0755e1,,gx-no-cache=1522248763085 HTTP/1.1" 200 7543
186.103.159.182 - - [28/Mar/2018:11:53:37 -0300] "GET /cormun/static/Shared/jqueryui/images/ui-bg_highlight-soft_100_c6c2c8_1x100.png HTTP/1.1" 404 1117
186.103.159.182 - - [28/Mar/2018:11:53:37 -0300] "GET /cormun/static/Shared/jqueryui/images/ui-icons_82798d_256x240.png HTTP/1.1" 404 1089
186.103.159.182 - - [28/Mar/2018:11:53:37 -0300] "GET /cormun/static/Shared/jqueryui/images/ui-bg_flat_55_fafafa_40x100.png HTTP/1.1" 404 1097
186.103.159.182 - - [28/Mar/2018:11:53:37 -0300] "GET /cormun/static/Shared/jqueryui/images/ui-icons_8d78a5_256x240.png HTTP/1.1" 404 1089
186.103.159.182 - - [28/Mar/2018:11:53:47 -0300] "GET /cormun/servlet/alicenciaprn?10108738,L,20180328000000,PU HTTP/1.1" 200 1562
200.111.191.210 - - [28/Mar/2018:11:53:59 -0300] "GET /cormun/servlet/permisogoce?INS,0,,, HTTP/1.1" 200 6082
200.111.191.210 - - [28/Mar/2018:11:54:00 -0300] "GET /cormun/servlet/hlogin HTTP/1.1" 200 1750
200.111.191.210 - - [28/Mar/2018:11:54:00 -0300] "GET /cormun/servlet/permisogoce?INS,0,,, HTTP/1.1" 200 6076
192.168.10.96 - - [28/Mar/2018:11:54:03 -0300] "POST /cormun/servlet/trsolicitudgral?11c1508b21ae6bb1506c18720ad3b622,,gx-no-cache=1522248673558 HTTP/1.1" 200 5919
186.103.159.189 - - [28/Mar/2018:11:54:11 -0300] "POST /cormun/servlet/trsolicitudot?95b2d508015de2eb835f0158d68daf68,gx-no-cache=1522252396514 HTTP/1.1" 200 4477
186.103.159.189 - - [28/Mar/2018:11:54:11 -0300] "GET /cormun/static/Shared/jqueryui/images/ui-bg_highlight-soft_100_c6c2c8_1x100.png HTTP/1.1" 404 1117
186.103.159.189 - - [28/Mar/2018:11:54:11 -0300] "GET /cormun/static/Shared/jqueryui/images/ui-icons_82798d_256x240.png HTTP/1.1" 404 1089
186.103.159.189 - - [28/Mar/2018:11:54:11 -0300] "GET /cormun/static/Shared/jqueryui/images/ui-bg_flat_55_fafafa_40x100.png HTTP/1.1" 404 1097
186.103.159.189 - - [28/Mar/2018:11:54:11 -0300] "GET /cormun/static/Shared/jqueryui/images/ui-icons_8d78a5_256x240.png HTTP/1.1" 404 1089
186.103.159.189 - - [28/Mar/2018:11:54:12 -0300] "POST /cormun/servlet/trsolicitudot?95b2d508015de2eb835f0158d68daf68,gx-no-cache=1522252397137 HTTP/1.1" 200 4254
200.111.191.210 - - [28/Mar/2018:11:54:13 -0300] "POST /cormun/servlet/hlogin?65627d5048b7bb4d63813d062bf1d979,gx-no-cache=1522248807137 HTTP/1.1" 200 90
200.111.191.210 - - [28/Mar/2018:11:54:13 -0300] "GET /cormun/servlet/hpexe_link HTTP/1.1" 200 969
200.111.191.210 - - [28/Mar/2018:11:54:13 -0300] "GET /cormun/servlet/permisogoce?INS,0,,, HTTP/1.1" 200 6629
200.111.191.210 - - [28/Mar/2018:11:54:14 -0300] "GET /cormun/servlet/permisogoce?INS,0,,, HTTP/1.1" 200 6627
200.111.191.210 - - [28/Mar/2018:11:54:20 -0300] "GET /cormun/servlet/permisogoce?859068d5b91d995c4fbaae29efb94d93f9a3dd18c189d000352286add45e71b51e8fa848582192eb8c59cff47272ac0822cea6fdaf58fd8f2281a91e1ac273c7,gx-no-cache=1522248814377 HTTP/1.1" 200 73
192.168.10.62 - - [28/Mar/2018:11:54:29 -0300] "GET /cormun/servlet/trsolicitudgral? HTTP/1.1" 500 10
200.111.191.210 - - [28/Mar/2018:11:54:29 -0300] "GET /cormun/servlet/permisogoce?859068d5b91d995c4fbaae29efb94d9375584851ac20280d5f248acbf6aeac7f8dde75ef921976bca52bd6f7bdb3ac6d6c8acf61cdc4f030a000d4672296e4ec,gx-no-cache=1522248823450 HTTP/1.1" 200 47
186.79.121.251 - - [28/Mar/2018:11:54:41 -0300] "GET /cormun/servlet/trautorizarsolicitud? HTTP/1.1" 200 7320
186.79.121.251 - - [28/Mar/2018:11:54:41 -0300] "GET /cormun/static/calendar-system.css?85620 HTTP/1.1" 200 5572
186.79.121.251 - - [28/Mar/2018:11:54:41 -0300] "GET /cormun/static/gxui/gxui-all.css?120300 HTTP/1.1" 200 2179
186.79.121.251 - - [28/Mar/2018:11:54:41 -0300] "GET /cormun/static/gxcfg.js?2017111423403364 HTTP/1.1" 200 953
186.79.121.251 - - [28/Mar/2018:11:54:42 -0300] "GET /cormun/static/Resources/Spanish/PXTools.css?1255365 HTTP/1.1" 200 89042
186.79.121.251 - - [28/Mar/2018:11:54:42 -0300] "GET /cormun/static/Resources/PXTools/calendar.png HTTP/1.1" 200 1306
186.79.121.251 - - [28/Mar/2018:11:54:42 -0300] "GET /cormun/static/Resources/PXToolsActionExcel.png HTTP/1.1" 200 3187
186.79.121.251 - - [28/Mar/2018:11:54:42 -0300] "GET /cormun/servlet/trautorizarsolicitud? HTTP/1.1" 200 7319
186.79.121.251 - - [28/Mar/2018:11:54:47 -0300] "GET /cormun/static/menuarrow.gif HTTP/1.1" 404 1015
200.111.191.210 - - [28/Mar/2018:11:54:50 -0300] "POST /cormun/servlet/permisogoce?65627d5048b7bb4d63813d062bf1d979,INS,0,,,,gx-no-cache=1522248843221 HTTP/1.1" 200 93
200.111.191.210 - - [28/Mar/2018:11:54:50 -0300] "GET /cormun/servlet/hpexe_return? HTTP/1.1" 200 1013
200.111.191.210 - - [28/Mar/2018:11:54:50 -0300] "GET /cormun/servlet/hhome HTTP/1.1" 200 3964
200.111.191.210 - - [28/Mar/2018:11:54:50 -0300] "GET /cormun/servlet/hhome HTTP/1.1" 200 3959
192.168.10.62 - - [28/Mar/2018:11:54:55 -0300] "GET /cormun/servlet/hlogin HTTP/1.1" 200 1716
200.111.191.210 - - [28/Mar/2018:11:54:58 -0300] "GET /cormun/servlet/trpermisosgoce? HTTP/1.1" 200 10938
200.111.191.210 - - [28/Mar/2018:11:54:58 -0300] "GET /cormun/servlet/trpermisosgoce? HTTP/1.1" 200 10936
200.111.191.210 - - [28/Mar/2018:11:55:01 -0300] "GET /cormun/servlet/apermisogoceprn?16879891,P,20180328115124,PU HTTP/1.1" 200 1643
192.168.10.62 - - [28/Mar/2018:11:55:04 -0300] "POST /cormun/servlet/hlogin?5b486fdf3643c19be4f97c8874d76f80,gx-no-cache=1522248735030 HTTP/1.1" 200 90
192.168.10.62 - - [28/Mar/2018:11:55:04 -0300] "GET /cormun/servlet/hpexe_link HTTP/1.1" 200 948
192.168.10.62 - - [28/Mar/2018:11:55:04 -0300] "GET /cormun/servlet/hhome HTTP/1.1" 200 4484
192.168.10.62 - - [28/Mar/2018:11:55:04 -0300] "GET /cormun/servlet/hhome HTTP/1.1" 200 4480
186.79.121.251 - - [28/Mar/2018:11:55:09 -0300] "POST /cormun/servlet/trautorizarsolicitud?d04ae3d4b886cfcb94f6983ef9b7a00e,,gx-no-cache=1522248855886 HTTP/1.1" 200 20007
192.168.10.62 - - [28/Mar/2018:11:55:09 -0300] "GET /cormun/servlet/trsolicitudgral? HTTP/1.1" 200 28080
186.79.121.251 - - [28/Mar/2018:11:55:09 -0300] "GET /cormun//static/Resources/PXToolsRemoveAllAction.png HTTP/1.1" 200 3558
186.79.121.251 - - [28/Mar/2018:11:55:09 -0300] "GET /cormun//static/Resources/PXToolsGridDelete.png HTTP/1.1" 200 357
186.79.121.251 - - [28/Mar/2018:11:55:09 -0300] "GET /cormun//static/Resources/PXToolsActionView.png HTTP/1.1" 200 2995
186.79.121.251 - - [28/Mar/2018:11:55:09 -0300] "GET /cormun//static/Resources/PXTools/ActionInsert.png HTTP/1.1" 200 1482
192.168.10.62 - - [28/Mar/2018:11:55:10 -0300] "GET /cormun/servlet/trsolicitudgral? HTTP/1.1" 200 28078
186.79.121.251 - - [28/Mar/2018:11:55:19 -0300] "POST /cormun/servlet/trautorizarsolicitud?d04ae3d4b886cfcb94f6983ef9b7a00e,,gx-no-cache=1522248865324 HTTP/1.1" 200 110
186.79.121.251 - - [28/Mar/2018:11:55:19 -0300] "GET /cormun/AutorizarSolicitud-1054.xls HTTP/1.1" 200 22528
192.168.10.62 - - [28/Mar/2018:11:55:27 -0300] "POST /cormun/servlet/trsolicitudgral?5b486fdf3643c19be4f97c8874d76f80,,gx-no-cache=1522248752611 HTTP/1.1" 200 26574
186.79.121.251 - - [28/Mar/2018:11:55:31 -0300] "POST /cormun/servlet/trautorizarsolicitud?d04ae3d4b886cfcb94f6983ef9b7a00e,,gx-no-cache=1522248877056 HTTP/1.1" 200 20021
186.79.121.251 - - [28/Mar/2018:11:55:32 -0300] "GET /cormun/static/Shared/jqueryui/images/ui-bg_highlight-soft_100_c6c2c8_1x100.png HTTP/1.1" 404 1117
186.79.121.251 - - [28/Mar/2018:11:55:32 -0300] "GET /cormun/static/Shared/jqueryui/images/ui-icons_82798d_256x240.png HTTP/1.1" 404 1089
186.79.121.251 - - [28/Mar/2018:11:55:32 -0300] "GET /cormun/static/Shared/jqueryui/images/ui-icons_8d78a5_256x240.png HTTP/1.1" 404 1089
186.79.121.251 - - [28/Mar/2018:11:55:32 -0300] "GET /cormun/static/Shared/jqueryui/images/ui-bg_flat_55_fafafa_40x100.png HTTP/1.1" 404 1097
192.168.10.62 - - [28/Mar/2018:11:55:37 -0300] "POST /cormun/servlet/trsolicitudgral?5b486fdf3643c19be4f97c8874d76f80,,gx-no-cache=1522248762723 HTTP/1.1" 200 105
192.168.10.62 - - [28/Mar/2018:11:55:37 -0300] "GET /cormun/SolicitudGral-1519.xls HTTP/1.1" 200 352768
186.79.121.251 - - [28/Mar/2018:11:55:55 -0300] "GET /cormun/servlet/trfichaempleado? HTTP/1.1" 200 12589
186.79.49.235 - - [28/Mar/2018:11:56:24 -0300] "GET /cormun/servlet/hlogin HTTP/1.1" 200 1722
186.79.49.235 - - [28/Mar/2018:11:56:25 -0300] "GET /cormun/servlet/hlogin HTTP/1.1" 200 1733
186.79.49.235 - - [28/Mar/2018:11:56:27 -0300] "POST /cormun/servlet/hlogin?bf6acb231c347f460f6b92bf77ef1200,gx-no-cache=1522248936294 HTTP/1.1" 200 90
186.79.49.235 - - [28/Mar/2018:11:56:27 -0300] "GET /cormun/servlet/hpexe_link HTTP/1.1" 200 952
186.79.49.235 - - [28/Mar/2018:11:56:27 -0300] "GET /cormun/servlet/hhome HTTP/1.1" 200 3937
186.79.49.235 - - [28/Mar/2018:11:56:29 -0300] "GET /cormun/servlet/hhome HTTP/1.1" 200 3933
186.79.49.235 - - [28/Mar/2018:11:56:36 -0300] "GET /cormun/servlet/trsolicitudot? HTTP/1.1" 200 7144
186.79.49.235 - - [28/Mar/2018:11:56:37 -0300] "GET /cormun/servlet/trsolicitudot? HTTP/1.1" 200 7143
186.79.49.235 - - [28/Mar/2018:11:56:40 -0300] "GET /cormun/servlet/solicitudot?INS,0,0, HTTP/1.1" 200 13382
186.79.49.235 - - [28/Mar/2018:11:56:41 -0300] "GET /cormun/servlet/solicitudot?INS,0,0, HTTP/1.1" 200 13387
186.79.121.251 - - [28/Mar/2018:11:56:45 -0300] "POST /cormun/servlet/trautorizarsolicitud?d04ae3d4b886cfcb94f6983ef9b7a00e,,gx-no-cache=1522248951154 HTTP/1.1" 200 20007
186.79.121.251 - - [28/Mar/2018:11:57:31 -0300] "GET /cormun/AutorizarSolicitud-1054.xls HTTP/1.1" 416 969
