186.103.159.44 - - [27/Mar/2018:11:32:35 -0300] "GET /cormun/servlet/trsolicitudot HTTP/1.1" 200 10106
186.103.159.44 - - [27/Mar/2018:11:32:46 -0300] "GET /cormun/servlet/solicitudot?INS,0,0, HTTP/1.1" 200 13591
192.168.10.96 - - [27/Mar/2018:11:32:48 -0300] "POST /cormun/servlet/trsolicitudgral?a407acb05cac6386c383c5eb68e4bd2e,,gx-no-cache=1522160998972 HTTP/1.1" 200 7718
192.168.10.89 - - [27/Mar/2018:11:32:48 -0300] "POST /cormun/servlet/vesolicitudgral?52034ba740a57efdb9c419566e7f706c,2018,10576,,SolicitudOTAdjuntos,gx-no-cache=1522160999858 HTTP/1.1" 200 90
192.168.10.89 - - [27/Mar/2018:11:32:48 -0300] "GET /cormun/servlet/hpexe_link HTTP/1.1" 200 979
192.168.10.89 - - [27/Mar/2018:11:32:49 -0300] "GET /cormun/servlet/trsolicitudgral? HTTP/1.1" 200 10811
192.168.10.89 - - [27/Mar/2018:11:32:55 -0300] "POST /cormun/servlet/trsolicitudgral?52034ba740a57efdb9c419566e7f706c,,gx-no-cache=1522161006018 HTTP/1.1" 200 7288
192.168.10.89 - - [27/Mar/2018:11:32:56 -0300] "GET /cormun/servlet/vesolicitudgral?2018,10863,, HTTP/1.1" 200 9498
192.168.10.89 - - [27/Mar/2018:11:32:56 -0300] "GET /cormun/pexe_scrolldiv.js HTTP/1.1" 404 1009
186.103.159.44 - - [27/Mar/2018:11:32:58 -0300] "POST /cormun/servlet/solicitudot?gx-no-cache=1522161128511 HTTP/1.1" 200 3381
186.103.159.44 - - [27/Mar/2018:11:32:58 -0300] "POST /cormun/servlet/solicitudot?34e84f2751445e63fd4b6389c18e92b4,INS,0,0,,gx-no-cache=1522161128810 HTTP/1.1" 200 10535
192.168.10.89 - - [27/Mar/2018:11:32:58 -0300] "GET /cormun/servlet/vesolicitudgral?2018,10863,,SolicitudOTAdjuntos HTTP/1.1" 200 11346
192.168.10.89 - - [27/Mar/2018:11:32:58 -0300] "GET /cormun/pexe_scrolldiv.js HTTP/1.1" 404 1009
192.168.10.89 - - [27/Mar/2018:11:33:00 -0300] "POST /cormun/servlet/acontrolpreferencessavestate?None,CDROGUETT,true HTTP/1.1" 200 35
186.103.159.44 - - [27/Mar/2018:11:33:02 -0300] "GET /cormun/servlet/solicitudot?525658c44198f39d5bfd511de2a5a7ea556735e8be733f18ec687595bf06d2b107d70dcd29405d9384d1a068b1461ffc,gx-no-cache=1522161132648 HTTP/1.1" 200 30
186.103.159.44 - - [27/Mar/2018:11:33:02 -0300] "GET /cormun/servlet/solicitudot?525658c44198f39d5bfd511de2a5a7ea06e350be7ae603be406a923ec5560e132207cd95d4b0a275a6080ef72432991894f6a6eb0a65e7d67f28dd785f4ea9ad,gx-no-cache=1522161132716 HTTP/1.1" 200 30
186.103.159.44 - - [27/Mar/2018:11:33:02 -0300] "GET /cormun/servlet/solicitudot?525658c44198f39d5bfd511de2a5a7eac216d6e9caaa1bc773dee6222968c721,gx-no-cache=1522161132764 HTTP/1.1" 200 53
186.103.159.44 - - [27/Mar/2018:11:33:02 -0300] "POST /cormun/servlet/solicitudot?gx-no-cache=1522161132813 HTTP/1.1" 200 255
192.168.10.96 - - [27/Mar/2018:11:33:02 -0300] "GET /cormun/servlet/vesolicitudgral?2018,10792,, HTTP/1.1" 200 9180
192.168.10.96 - - [27/Mar/2018:11:33:02 -0300] "GET /cormun/pexe_scrolldiv.js HTTP/1.1" 404 1009
192.168.10.96 - - [27/Mar/2018:11:33:02 -0300] "GET /cormun/pexe_scrolldiv.js HTTP/1.1" 404 1009
186.103.159.44 - - [27/Mar/2018:11:33:03 -0300] "GET /cormun/servlet/solicitudot?525658c44198f39d5bfd511de2a5a7eac0ed7692bf97afedd7bc8710010b407f1c2f1a2e088c215bd2e508fd20a1d459173ad43e3cc8dea0c860b74253b214cc984e2b915341670532340caed72d4c5d69977eddceba6fb5262672ad582ade7eee614de4449d5b9ed740ec67b1254698a85579f164c2fe53cf40975c6a8d25b2c29c8569df01b625b304d0a7c3c2d9cae58081f17b23210f8d2bfa7d82eea6ada3ee7f93b7124331210ab50efd12fa1c95128aeabe1f065fa18e7a3de10c76b8fa6d8cb76e89c41ce11c1f4b82c926e9ee77600e235b127eb064990e44973a556b8cb315871a1aadb92ea216d9fdd67a399c03198fd3478a499149e68788f6cb1f631fdda8a99a3870a4c3809b4367e9128f22f18d54d161130f79f22d3ba1b045173ba9f04a360de2ff6a9016e49e375eff1731ea67c01ef575adf2d228863585c73eb1d270936d354922c1ad4f48d49610b3f807187bc53388f8cbb2aa9c2fb40e5e69e03fdc7fa9394ccfb510851e1faf9db8c7f9350b0234766347521ecc,gx-no-cache=1522161132896 HTTP/1.1" 200 30
192.168.10.96 - - [27/Mar/2018:11:33:03 -0300] "GET /cormun/servlet/vesolicitudgral?2018,10792,, HTTP/1.1" 200 9180
192.168.10.96 - - [27/Mar/2018:11:33:04 -0300] "GET /cormun/servlet/vesolicitudgral?2018,10792,,SolicitudOTAdjuntos HTTP/1.1" 200 11231
192.168.10.96 - - [27/Mar/2018:11:33:04 -0300] "GET /cormun/pexe_scrolldiv.js HTTP/1.1" 404 1009
192.168.10.96 - - [27/Mar/2018:11:33:04 -0300] "GET /cormun/pexe_scrolldiv.js HTTP/1.1" 404 1009
192.168.10.96 - - [27/Mar/2018:11:33:05 -0300] "GET /cormun/servlet/vesolicitudgral?2018,10792,,SolicitudOTAdjuntos HTTP/1.1" 200 11231
186.103.159.44 - - [27/Mar/2018:11:33:05 -0300] "POST /cormun/servlet/solicitudot?gx-no-cache=1522161135604 HTTP/1.1" 200 30
192.168.10.96 - - [27/Mar/2018:11:33:05 -0300] "POST /cormun/servlet/acontrolpreferencessavestate?None,DZAMUDIO,true HTTP/1.1" 200 35
192.168.10.96 - - [27/Mar/2018:11:33:06 -0300] "GET /cormun/PublicTempStorage/fot._carnet2528103.pdf HTTP/1.1" 200 248992
192.168.10.96 - - [27/Mar/2018:11:33:12 -0300] "GET /cormun/servlet/vesolicitudgral?2018,10792,,SolicitudOTAdjuntos HTTP/1.1" 200 11228
192.168.10.96 - - [27/Mar/2018:11:33:12 -0300] "GET /cormun/pexe_scrolldiv.js HTTP/1.1" 404 1009
192.168.10.96 - - [27/Mar/2018:11:33:13 -0300] "GET /cormun/servlet/vesolicitudgral?2018,10792,,SolicitudOTAdjuntos HTTP/1.1" 200 11232
192.168.10.96 - - [27/Mar/2018:11:33:13 -0300] "POST /cormun/servlet/acontrolpreferencessavestate?None,DZAMUDIO,true HTTP/1.1" 200 35
192.168.10.96 - - [27/Mar/2018:11:33:14 -0300] "GET /cormun/PublicTempStorage/cert._afp3595663.pdf HTTP/1.1" 200 280946
186.103.159.44 - - [27/Mar/2018:11:33:23 -0300] "POST /cormun/servlet/solicitudot?gx-no-cache=1522161153164 HTTP/1.1" 200 1353
186.103.159.44 - - [27/Mar/2018:11:33:23 -0300] "POST /cormun/servlet/solicitudot?gx-no-cache=1522161153365 HTTP/1.1" 200 38
192.168.10.96 - - [27/Mar/2018:11:33:23 -0300] "GET /cormun/servlet/vesolicitudgral?2018,10792,,SolicitudOTAdjuntos HTTP/1.1" 200 11229
192.168.10.96 - - [27/Mar/2018:11:33:24 -0300] "GET /cormun/servlet/vesolicitudgral?2018,10792,,SolicitudOTAdjuntos HTTP/1.1" 200 11232
192.168.10.96 - - [27/Mar/2018:11:33:25 -0300] "POST /cormun/servlet/acontrolpreferencessavestate?None,DZAMUDIO,true HTTP/1.1" 200 35
192.168.10.96 - - [27/Mar/2018:11:33:26 -0300] "GET /cormun/servlet/trsolicitudgral? HTTP/1.1" 200 10974
192.168.10.96 - - [27/Mar/2018:11:33:26 -0300] "GET /cormun/servlet/trsolicitudgral? HTTP/1.1" 200 10968
186.103.159.44 - - [27/Mar/2018:11:33:30 -0300] "GET /cormun/servlet/solicitudot?525658c44198f39d5bfd511de2a5a7eae41998ccc5b0dca49e3884f520ef1f49d5aa7f08b64025f5b1c7d528f91a0b0be3e5584237b86ef210821b96180748dba4a52adf72720ef909b05483b3b74383ac342957a17f10e44bb732e5d5c9f50b433291c9cdffde38967fb7cf0f47b905cdafd42b7c66886b6fc34a991a5f27fc4812ee0ada9949573d2a89fbf2794d6df9dcaa79203ae244372f31622c8d711b,gx-no-cache=1522161160114 HTTP/1.1" 200 29
186.103.159.44 - - [27/Mar/2018:11:33:30 -0300] "POST /cormun/servlet/solicitudot?gx-no-cache=1522161160500 HTTP/1.1" 200 1334
186.103.159.44 - - [27/Mar/2018:11:33:30 -0300] "POST /cormun/servlet/solicitudot?gx-no-cache=1522161160588 HTTP/1.1" 200 1232
186.103.159.44 - - [27/Mar/2018:11:33:30 -0300] "GET /cormun/static/menuarrow.gif HTTP/1.1" 404 1015
186.103.159.44 - - [27/Mar/2018:11:33:31 -0300] "POST /cormun/servlet/solicitudot?gx-no-cache=1522161161999 HTTP/1.1" 200 1334
186.103.159.44 - - [27/Mar/2018:11:33:31 -0300] "POST /cormun/servlet/solicitudot?gx-no-cache=1522161162076 HTTP/1.1" 200 1232
186.103.159.44 - - [27/Mar/2018:11:33:33 -0300] "GET /cormun/servlet/solicitudot?525658c44198f39d5bfd511de2a5a7ea370806830721e25c5f2f1702358cfeabe3dde4a7c1d96e0e7baa0b91b1950a14,gx-no-cache=1522161163237 HTTP/1.1" 200 30
192.168.10.96 - - [27/Mar/2018:11:33:34 -0300] "POST /cormun/servlet/trsolicitudgral?a407acb05cac6386c383c5eb68e4bd2e,,gx-no-cache=1522161045893 HTTP/1.1" 200 5959
192.168.10.96 - - [27/Mar/2018:11:33:38 -0300] "POST /cormun/servlet/trsolicitudgral?a407acb05cac6386c383c5eb68e4bd2e,,gx-no-cache=1522161049291 HTTP/1.1" 200 7772
186.103.159.44 - - [27/Mar/2018:11:33:39 -0300] "POST /cormun/servlet/solicitudot?gx-no-cache=1522161169597 HTTP/1.1" 200 33
192.168.10.89 - - [27/Mar/2018:11:33:46 -0300] "POST /cormun/servlet/vesolicitudgral?52034ba740a57efdb9c419566e7f706c,2018,10863,,SolicitudOTAdjuntos,gx-no-cache=1522161057946 HTTP/1.1" 200 90
192.168.10.89 - - [27/Mar/2018:11:33:46 -0300] "GET /cormun/servlet/hpexe_link HTTP/1.1" 200 978
192.168.10.89 - - [27/Mar/2018:11:33:47 -0300] "GET /cormun/servlet/trsolicitudgral? HTTP/1.1" 200 10788
186.103.159.44 - - [27/Mar/2018:11:33:48 -0300] "POST /cormun/servlet/solicitudot?34e84f2751445e63fd4b6389c18e92b4,INS,0,0,,gx-no-cache=1522161178073 HTTP/1.1" 200 93
186.103.159.44 - - [27/Mar/2018:11:33:48 -0300] "GET /cormun/servlet/hpexe_return? HTTP/1.1" 200 1010
186.103.159.44 - - [27/Mar/2018:11:33:48 -0300] "GET /cormun/servlet/trsolicitudot HTTP/1.1" 200 10413
186.103.159.44 - - [27/Mar/2018:11:34:09 -0300] "GET /cormun/servlet/solicitudot?INS,0,0, HTTP/1.1" 200 13591
192.168.10.96 - - [27/Mar/2018:11:34:12 -0300] "GET /cormun/servlet/vesolicitudgral?2018,10792,,SolicitudOTAdjuntos HTTP/1.1" 200 11229
192.168.10.96 - - [27/Mar/2018:11:34:13 -0300] "GET /cormun/servlet/vesolicitudgral?2018,10792,,SolicitudOTAdjuntos HTTP/1.1" 200 11231
192.168.10.96 - - [27/Mar/2018:11:34:14 -0300] "POST /cormun/servlet/acontrolpreferencessavestate?None,DZAMUDIO,true HTTP/1.1" 200 35
192.168.10.96 - - [27/Mar/2018:11:34:16 -0300] "GET /cormun/PublicTempStorage/cert._fonasa5439173.pdf HTTP/1.1" 200 293607
192.168.10.96 - - [27/Mar/2018:11:34:22 -0300] "GET /cormun/servlet/vesolicitudgral?2018,10792,,SolicitudOTAdjuntos HTTP/1.1" 200 11230
192.168.10.96 - - [27/Mar/2018:11:34:23 -0300] "GET /cormun/servlet/vesolicitudgral?2018,10792,,SolicitudOTAdjuntos HTTP/1.1" 200 11231
192.168.10.96 - - [27/Mar/2018:11:34:23 -0300] "POST /cormun/servlet/acontrolpreferencessavestate?None,DZAMUDIO,true HTTP/1.1" 200 35
192.168.10.96 - - [27/Mar/2018:11:34:25 -0300] "GET /cormun/PublicTempStorage/cert._afp7523420.pdf HTTP/1.1" 200 280946
186.103.159.44 - - [27/Mar/2018:11:34:28 -0300] "POST /cormun/servlet/solicitudot?gx-no-cache=1522161218178 HTTP/1.1" 200 3396
186.103.159.44 - - [27/Mar/2018:11:34:28 -0300] "POST /cormun/servlet/solicitudot?34e84f2751445e63fd4b6389c18e92b4,INS,0,0,,gx-no-cache=1522161218505 HTTP/1.1" 200 10562
192.168.10.96 - - [27/Mar/2018:11:34:29 -0300] "GET /cormun/servlet/vesolicitudgral?2018,10792,,SolicitudOTAdjuntos HTTP/1.1" 200 11229
192.168.10.96 - - [27/Mar/2018:11:34:29 -0300] "GET /cormun/servlet/vesolicitudgral?2018,10792,,SolicitudOTAdjuntos HTTP/1.1" 200 11231
192.168.10.96 - - [27/Mar/2018:11:34:30 -0300] "POST /cormun/servlet/acontrolpreferencessavestate?None,DZAMUDIO,true HTTP/1.1" 200 35
192.168.10.96 - - [27/Mar/2018:11:34:31 -0300] "GET /cormun/PublicTempStorage/cert._antecedentes3317946.pdf HTTP/1.1" 200 358152
192.168.10.96 - - [27/Mar/2018:11:34:34 -0300] "GET /cormun/servlet/vesolicitudgral?2018,10792,,SolicitudOTAdjuntos HTTP/1.1" 200 11229
192.168.10.96 - - [27/Mar/2018:11:34:35 -0300] "GET /cormun/servlet/vesolicitudgral?2018,10792,,SolicitudOTAdjuntos HTTP/1.1" 200 11231
186.103.159.44 - - [27/Mar/2018:11:34:35 -0300] "GET /cormun/servlet/solicitudot?525658c44198f39d5bfd511de2a5a7eaf80c2d1f0d6e07aeebe8afc7deaa4b9794f6a6eb0a65e7d67f28dd785f4ea9ad,gx-no-cache=1522161226120 HTTP/1.1" 200 30
186.103.159.44 - - [27/Mar/2018:11:34:36 -0300] "GET /cormun/servlet/solicitudot?525658c44198f39d5bfd511de2a5a7eabe5333f6c0ecdfb67e46be228603e9e5185366cc2c92f18281189977c9605264260aa3f4e7f69ed62778e9cb2c957f7f,gx-no-cache=1522161226165 HTTP/1.1" 200 30
186.103.159.44 - - [27/Mar/2018:11:34:36 -0300] "GET /cormun/servlet/solicitudot?525658c44198f39d5bfd511de2a5a7eadb4a0d97cca78eea4b7fcdf0832deced,gx-no-cache=1522161226221 HTTP/1.1" 200 70
186.103.159.44 - - [27/Mar/2018:11:34:36 -0300] "POST /cormun/servlet/solicitudot?gx-no-cache=1522161226258 HTTP/1.1" 200 255
192.168.10.96 - - [27/Mar/2018:11:34:36 -0300] "POST /cormun/servlet/acontrolpreferencessavestate?None,DZAMUDIO,true HTTP/1.1" 200 35
186.103.159.44 - - [27/Mar/2018:11:34:36 -0300] "GET /cormun/servlet/solicitudot?525658c44198f39d5bfd511de2a5a7eac0ed7692bf97afedd7bc8710010b407f1c2f1a2e088c215bd2e508fd20a1d459173ad43e3cc8dea0c860b74253b214cc984e2b915341670532340caed72d4c5d69977eddceba6fb5262672ad582ade7eee614de4449d5b9ed740ec67b1254698a85579f164c2fe53cf40975c6a8d25b2c29c8569df01b625b304d0a7c3c2d9cae58081f17b23210f8d2bfa7d82eea6ada3ee7f93b7124331210ab50efd12fa1c95128aeabe1f065fa18e7a3de10c76b8fa6d8cb76e89c41ce11c1f4b82c926e9ee77600e235b127eb064990e44973a556b8cb315871a1aadb92ea216d9fdd67a399c03198fd3478a499149e68788f6cb1f631fdda8a99a3870a4c3809b4367e9128f22f18d54d161130f79f22d3ba1b045173ba9f04a360de2ff6a9016e49e375eff1731ea67c01ef575adf2d228863585c73eb1d270936d354922c1ad4f48d49610b3f807187bc53388f8cbb2aa9c2fb40e5e69e03fdc7fa9394ccfb510851e1faf9db8c7f9350b0234766347521ecc,gx-no-cache=1522161226299 HTTP/1.1" 200 30
192.168.10.96 - - [27/Mar/2018:11:34:36 -0300] "GET /cormun/PublicTempStorage/curriculum4357829.pdf HTTP/1.1" 200 493097
186.103.159.44 - - [27/Mar/2018:11:34:37 -0300] "POST /cormun/servlet/solicitudot?gx-no-cache=1522161227932 HTTP/1.1" 200 30
186.103.159.44 - - [27/Mar/2018:11:34:39 -0300] "GET /cormun/servlet/prcontratosol?16532791,,,,,MD,,gxPopupLevel%3D0%3B HTTP/1.1" 200 7971
192.168.10.96 - - [27/Mar/2018:11:34:48 -0300] "GET /cormun/servlet/vesolicitudgral?2018,10792,,SolicitudOTAdjuntos HTTP/1.1" 200 11231
186.103.159.44 - - [27/Mar/2018:11:34:48 -0300] "POST /cormun/servlet/solicitudot?gx-no-cache=1522161238981 HTTP/1.1" 200 1353
186.103.159.44 - - [27/Mar/2018:11:34:49 -0300] "POST /cormun/servlet/solicitudot?gx-no-cache=1522161239198 HTTP/1.1" 200 38
192.168.10.96 - - [27/Mar/2018:11:34:49 -0300] "GET /cormun/servlet/vesolicitudgral?2018,10792,,SolicitudOTAdjuntos HTTP/1.1" 200 11232
186.103.159.44 - - [27/Mar/2018:11:34:49 -0300] "GET /cormun/servlet/solicitudot?525658c44198f39d5bfd511de2a5a7eae41998ccc5b0dca49e3884f520ef1f49d5aa7f08b64025f5b1c7d528f91a0b0be3e5584237b86ef210821b96180748dba4a52adf72720ef909b05483b3b74383ac342957a17f10e44bb732e5d5c9f50b433291c9cdffde38967fb7cf0f47b905cdafd42b7c66886b6fc34a991a5f27fc4812ee0ada9949573d2a89fbf2794d6df9dcaa79203ae244372f31622c8d711b,gx-no-cache=1522161239374 HTTP/1.1" 200 29
186.103.159.44 - - [27/Mar/2018:11:34:49 -0300] "POST /cormun/servlet/solicitudot?gx-no-cache=1522161239745 HTTP/1.1" 200 1335
186.103.159.44 - - [27/Mar/2018:11:34:49 -0300] "POST /cormun/servlet/solicitudot?gx-no-cache=1522161239874 HTTP/1.1" 200 1232
186.103.159.44 - - [27/Mar/2018:11:34:49 -0300] "GET /cormun/servlet/solicitudot?525658c44198f39d5bfd511de2a5a7eaa19dcb2dca77dfca8cd9392663af172f,gx-no-cache=1522161239925 HTTP/1.1" 200 30
192.168.10.96 - - [27/Mar/2018:11:34:49 -0300] "POST /cormun/servlet/acontrolpreferencessavestate?None,DZAMUDIO,true HTTP/1.1" 200 35
192.168.10.96 - - [27/Mar/2018:11:34:50 -0300] "GET /cormun/PublicTempStorage/titulo2452198.pdf HTTP/1.1" 200 315651
186.103.159.44 - - [27/Mar/2018:11:35:02 -0300] "POST /cormun/servlet/solicitudot?gx-no-cache=1522161252553 HTTP/1.1" 200 1353
186.103.159.44 - - [27/Mar/2018:11:35:02 -0300] "POST /cormun/servlet/solicitudot?gx-no-cache=1522161252644 HTTP/1.1" 200 38
186.103.159.44 - - [27/Mar/2018:11:35:07 -0300] "POST /cormun/servlet/solicitudot?gx-no-cache=1522161257883 HTTP/1.1" 200 1336
186.103.159.44 - - [27/Mar/2018:11:35:07 -0300] "POST /cormun/servlet/solicitudot?gx-no-cache=1522161257944 HTTP/1.1" 200 1232
186.103.159.44 - - [27/Mar/2018:11:35:07 -0300] "GET /cormun/static/menuarrow.gif HTTP/1.1" 404 1015
186.103.159.44 - - [27/Mar/2018:11:35:08 -0300] "POST /cormun/servlet/solicitudot?gx-no-cache=1522161259117 HTTP/1.1" 200 1336
186.103.159.44 - - [27/Mar/2018:11:35:09 -0300] "POST /cormun/servlet/solicitudot?gx-no-cache=1522161259173 HTTP/1.1" 200 1232
186.103.159.44 - - [27/Mar/2018:11:35:10 -0300] "GET /cormun/servlet/solicitudot?525658c44198f39d5bfd511de2a5a7ea370806830721e25c5f2f1702358cfeabe3dde4a7c1d96e0e7baa0b91b1950a14,gx-no-cache=1522161260330 HTTP/1.1" 200 30
186.103.159.44 - - [27/Mar/2018:11:35:16 -0300] "POST /cormun/servlet/solicitudot?gx-no-cache=1522161266557 HTTP/1.1" 200 33
192.168.10.96 - - [27/Mar/2018:11:35:23 -0300] "GET /cormun/servlet/vesolicitudgral?2018,10792,,SolicitudOTAdjuntos HTTP/1.1" 200 11229
192.168.10.96 - - [27/Mar/2018:11:35:24 -0300] "GET /cormun/servlet/vesolicitudgral?2018,10792,,SolicitudOTAdjuntos HTTP/1.1" 200 11234
192.168.10.96 - - [27/Mar/2018:11:35:24 -0300] "POST /cormun/servlet/acontrolpreferencessavestate?None,DZAMUDIO,true HTTP/1.1" 200 35
186.103.159.44 - - [27/Mar/2018:11:35:25 -0300] "POST /cormun/servlet/solicitudot?34e84f2751445e63fd4b6389c18e92b4,INS,0,0,,gx-no-cache=1522161275218 HTTP/1.1" 200 93
186.103.159.44 - - [27/Mar/2018:11:35:25 -0300] "GET /cormun/servlet/hpexe_return? HTTP/1.1" 200 1010
186.103.159.44 - - [27/Mar/2018:11:35:26 -0300] "GET /cormun/servlet/trsolicitudot HTTP/1.1" 200 10794
186.103.159.44 - - [27/Mar/2018:11:35:36 -0300] "GET /cormun/servlet/solicitudot?INS,0,0, HTTP/1.1" 200 13591
186.103.159.44 - - [27/Mar/2018:11:36:06 -0300] "POST /cormun/servlet/solicitudot?gx-no-cache=1522161316568 HTTP/1.1" 200 3382
186.103.159.44 - - [27/Mar/2018:11:36:06 -0300] "POST /cormun/servlet/solicitudot?34e84f2751445e63fd4b6389c18e92b4,INS,0,0,,gx-no-cache=1522161316942 HTTP/1.1" 200 10537
186.103.159.44 - - [27/Mar/2018:11:36:12 -0300] "GET /cormun/servlet/prbanco?,MD,,gxPopupLevel%3D0%3B HTTP/1.1" 200 6584
186.103.159.44 - - [27/Mar/2018:11:36:19 -0300] "GET /cormun/servlet/solicitudot?525658c44198f39d5bfd511de2a5a7ea57f1cccd60f01131e42af12083a7627894f6a6eb0a65e7d67f28dd785f4ea9ad,gx-no-cache=1522161329203 HTTP/1.1" 200 30
186.103.159.44 - - [27/Mar/2018:11:36:19 -0300] "GET /cormun/servlet/solicitudot?525658c44198f39d5bfd511de2a5a7ea2f51371aa1f02be9c279c6f65b14e0d5736f5b589f0a404a225efb862f240f6b260aa3f4e7f69ed62778e9cb2c957f7f,gx-no-cache=1522161329260 HTTP/1.1" 200 30
186.103.159.44 - - [27/Mar/2018:11:36:20 -0300] "GET /cormun/servlet/solicitudot?525658c44198f39d5bfd511de2a5a7eac216d6e9caaa1bc773dee6222968c721,gx-no-cache=1522161330985 HTTP/1.1" 200 53
186.103.159.44 - - [27/Mar/2018:11:36:45 -0300] "POST /cormun/servlet/solicitudot?gx-no-cache=1522161355395 HTTP/1.1" 200 255
186.103.159.44 - - [27/Mar/2018:11:36:45 -0300] "GET /cormun/servlet/solicitudot?525658c44198f39d5bfd511de2a5a7eac0ed7692bf97afedd7bc8710010b407f1c2f1a2e088c215bd2e508fd20a1d459173ad43e3cc8dea0c860b74253b214cc984e2b915341670532340caed72d4c5d69977eddceba6fb5262672ad582ade7eee614de4449d5b9ed740ec67b1254698a85579f164c2fe53cf40975c6a8d25b2c29c8569df01b625b304d0a7c3c2d9cae58081f17b23210f8d2bfa7d82eea6ada3ee7f93b7124331210ab50efd12fa1c95128aeabe1f065fa18e7a3de10c76b8fa6d8cb76e89c41ce11c1f4b82c926e9ee77600e235b127eb064990e44973a556b8cb315871a1aadb92ea216d9fdd67a399c03198fd3478a499149e68788f6cb1f631fdda8a99a3870a4c3809b4367e9128f22f18d54d161130f79f22d3ba1b045173ba9f04a360de2ff6a9016e49e375eff1731ea67c01ef575adf2d228863585c73eb1d270936d354922c1ad4f48d49610b3f807187bc53388f8cbb2aa9c2fb40e5e69e03fdc7fa9394ccfb510851e1faf9db8c7f9350b0234766347521ecc,gx-no-cache=1522161355472 HTTP/1.1" 200 30
186.103.159.44 - - [27/Mar/2018:11:36:47 -0300] "POST /cormun/servlet/solicitudot?gx-no-cache=1522161357815 HTTP/1.1" 200 30
186.103.159.44 - - [27/Mar/2018:11:36:50 -0300] "GET /cormun/servlet/prcontratosol?18376644,,,,,MD,,gxPopupLevel%3D0%3B HTTP/1.1" 200 7663
186.103.159.44 - - [27/Mar/2018:11:37:02 -0300] "POST /cormun/servlet/solicitudot?gx-no-cache=1522161372836 HTTP/1.1" 200 1353
186.103.159.44 - - [27/Mar/2018:11:37:02 -0300] "POST /cormun/servlet/solicitudot?gx-no-cache=1522161373095 HTTP/1.1" 200 38
186.103.159.44 - - [27/Mar/2018:11:37:03 -0300] "GET /cormun/servlet/solicitudot?525658c44198f39d5bfd511de2a5a7eae41998ccc5b0dca49e3884f520ef1f49d5aa7f08b64025f5b1c7d528f91a0b0be3e5584237b86ef210821b96180748dba4a52adf72720ef909b05483b3b74383ac342957a17f10e44bb732e5d5c9f50b433291c9cdffde38967fb7cf0f47b905cdafd42b7c66886b6fc34a991a5f27fc4812ee0ada9949573d2a89fbf2794d6df9dcaa79203ae244372f31622c8d711b,gx-no-cache=1522161373137 HTTP/1.1" 200 29
186.103.159.44 - - [27/Mar/2018:11:37:03 -0300] "POST /cormun/servlet/solicitudot?gx-no-cache=1522161373514 HTTP/1.1" 200 1335
186.103.159.44 - - [27/Mar/2018:11:37:03 -0300] "POST /cormun/servlet/solicitudot?gx-no-cache=1522161373642 HTTP/1.1" 200 1232
186.103.159.44 - - [27/Mar/2018:11:37:03 -0300] "GET /cormun/servlet/solicitudot?525658c44198f39d5bfd511de2a5a7eaa19dcb2dca77dfca8cd9392663af172f,gx-no-cache=1522161373694 HTTP/1.1" 200 30
192.168.10.61 - - [27/Mar/2018:11:37:16 -0300] "GET /cormun/servlet/trsolicitudgral? HTTP/1.1" 500 10
186.103.159.44 - - [27/Mar/2018:11:37:16 -0300] "POST /cormun/servlet/solicitudot?gx-no-cache=1522161386281 HTTP/1.1" 200 1353
186.103.159.44 - - [27/Mar/2018:11:37:16 -0300] "POST /cormun/servlet/solicitudot?gx-no-cache=1522161386343 HTTP/1.1" 200 38
192.168.10.61 - - [27/Mar/2018:11:37:19 -0300] "GET /cormun/servlet/vesolicitudgral?2018,10870,, HTTP/1.1" 200 7826
192.168.10.61 - - [27/Mar/2018:11:37:19 -0300] "GET /cormun/pexe_scrolldiv.js HTTP/1.1" 404 1009
192.168.10.61 - - [27/Mar/2018:11:37:19 -0300] "GET /cormun/pexe_scrolldiv.js HTTP/1.1" 404 1009
186.103.159.44 - - [27/Mar/2018:11:37:19 -0300] "POST /cormun/servlet/solicitudot?gx-no-cache=1522161389828 HTTP/1.1" 200 1335
192.168.10.61 - - [27/Mar/2018:11:37:19 -0300] "GET /cormun/servlet/hlogin HTTP/1.1" 200 1749
186.103.159.44 - - [27/Mar/2018:11:37:19 -0300] "POST /cormun/servlet/solicitudot?gx-no-cache=1522161389909 HTTP/1.1" 200 1232
192.168.10.61 - - [27/Mar/2018:11:37:19 -0300] "GET /cormun/servlet/vesolicitudgral?2018,10870,, HTTP/1.1" 200 7826
186.103.159.44 - - [27/Mar/2018:11:37:19 -0300] "GET /cormun/static/menuarrow.gif HTTP/1.1" 404 1015
186.103.159.44 - - [27/Mar/2018:11:37:21 -0300] "POST /cormun/servlet/solicitudot?gx-no-cache=1522161391411 HTTP/1.1" 200 1335
186.103.159.44 - - [27/Mar/2018:11:37:21 -0300] "POST /cormun/servlet/solicitudot?gx-no-cache=1522161391493 HTTP/1.1" 200 1232
186.103.159.44 - - [27/Mar/2018:11:37:22 -0300] "GET /cormun/servlet/solicitudot?525658c44198f39d5bfd511de2a5a7ea370806830721e25c5f2f1702358cfeabe3dde4a7c1d96e0e7baa0b91b1950a14,gx-no-cache=1522161392314 HTTP/1.1" 200 30
192.168.10.61 - - [27/Mar/2018:11:37:26 -0300] "POST /cormun/servlet/hlogin?2ba718bdd8a2d2613632a2b82e0fbf1d,gx-no-cache=1522161277987 HTTP/1.1" 200 90
192.168.10.61 - - [27/Mar/2018:11:37:27 -0300] "GET /cormun/servlet/hpexe_link HTTP/1.1" 200 966
192.168.10.61 - - [27/Mar/2018:11:37:27 -0300] "GET /cormun/servlet/vesolicitudgral?2018,10870,, HTTP/1.1" 200 8932
192.168.10.61 - - [27/Mar/2018:11:37:27 -0300] "GET /cormun/pexe_scrolldiv.js HTTP/1.1" 404 1009
192.168.10.61 - - [27/Mar/2018:11:37:27 -0300] "GET /cormun/pexe_scrolldiv.js HTTP/1.1" 404 1009
192.168.10.61 - - [27/Mar/2018:11:37:27 -0300] "GET /cormun/servlet/vesolicitudgral?2018,10870,, HTTP/1.1" 200 8930
186.103.159.44 - - [27/Mar/2018:11:37:28 -0300] "POST /cormun/servlet/solicitudot?gx-no-cache=1522161398507 HTTP/1.1" 200 33
192.168.10.61 - - [27/Mar/2018:11:37:30 -0300] "GET /cormun/servlet/trsolicitudgral? HTTP/1.1" 200 18335
192.168.10.61 - - [27/Mar/2018:11:37:30 -0300] "GET /cormun/servlet/trsolicitudgral? HTTP/1.1" 200 18331
186.103.159.44 - - [27/Mar/2018:11:37:37 -0300] "POST /cormun/servlet/solicitudot?34e84f2751445e63fd4b6389c18e92b4,INS,0,0,,gx-no-cache=1522161407776 HTTP/1.1" 200 93
186.103.159.44 - - [27/Mar/2018:11:37:37 -0300] "GET /cormun/servlet/hpexe_return? HTTP/1.1" 200 1010
186.103.159.44 - - [27/Mar/2018:11:37:38 -0300] "GET /cormun/servlet/trsolicitudot HTTP/1.1" 200 11154
201.214.54.200 - - [27/Mar/2018:11:37:40 -0300] "GET /cormun/servlet/hlogin HTTP/1.1" 200 1767
186.103.159.44 - - [27/Mar/2018:11:37:45 -0300] "GET /cormun/servlet/solicitudot?INS,0,0, HTTP/1.1" 200 13591
186.103.159.44 - - [27/Mar/2018:11:38:01 -0300] "POST /cormun/servlet/solicitudot?gx-no-cache=1522161431770 HTTP/1.1" 200 3382
186.103.159.44 - - [27/Mar/2018:11:38:02 -0300] "POST /cormun/servlet/solicitudot?34e84f2751445e63fd4b6389c18e92b4,INS,0,0,,gx-no-cache=1522161432106 HTTP/1.1" 200 10537
186.103.159.44 - - [27/Mar/2018:11:38:07 -0300] "GET /cormun/servlet/prbanco?,MD,,gxPopupLevel%3D0%3B HTTP/1.1" 200 6584
192.168.10.61 - - [27/Mar/2018:11:38:15 -0300] "GET /cormun/servlet/vesolicitudgral?2018,10877,, HTTP/1.1" 200 8951
192.168.10.61 - - [27/Mar/2018:11:38:15 -0300] "GET /cormun/pexe_scrolldiv.js HTTP/1.1" 404 1009
192.168.10.61 - - [27/Mar/2018:11:38:15 -0300] "GET /cormun/servlet/vesolicitudgral?2018,10877,, HTTP/1.1" 200 8950
186.103.159.44 - - [27/Mar/2018:11:38:19 -0300] "GET /cormun/servlet/solicitudot?525658c44198f39d5bfd511de2a5a7ea57f1cccd60f01131e42af12083a7627894f6a6eb0a65e7d67f28dd785f4ea9ad,gx-no-cache=1522161449961 HTTP/1.1" 200 30
186.103.159.44 - - [27/Mar/2018:11:38:19 -0300] "GET /cormun/servlet/solicitudot?525658c44198f39d5bfd511de2a5a7ea2f51371aa1f02be9c279c6f65b14e0d5736f5b589f0a404a225efb862f240f6b260aa3f4e7f69ed62778e9cb2c957f7f,gx-no-cache=1522161450015 HTTP/1.1" 200 30
186.103.159.44 - - [27/Mar/2018:11:38:21 -0300] "GET /cormun/servlet/solicitudot?525658c44198f39d5bfd511de2a5a7eac216d6e9caaa1bc773dee6222968c721,gx-no-cache=1522161451208 HTTP/1.1" 200 53
192.168.10.61 - - [27/Mar/2018:11:38:31 -0300] "POST /cormun/servlet/vesolicitudgral?2ba718bdd8a2d2613632a2b82e0fbf1d,2018,10877,,,gx-no-cache=1522161341991 HTTP/1.1" 200 11786
192.168.10.61 - - [27/Mar/2018:11:38:31 -0300] "GET /cormun/static/Shared/jqueryui/images/ui-bg_highlight-soft_100_c6c2c8_1x100.png HTTP/1.1" 404 1117
192.168.10.61 - - [27/Mar/2018:11:38:31 -0300] "GET /cormun/static/Shared/jqueryui/images/ui-icons_82798d_256x240.png HTTP/1.1" 404 1089
192.168.10.61 - - [27/Mar/2018:11:38:31 -0300] "GET /cormun/static/Shared/jqueryui/images/ui-icons_8d78a5_256x240.png HTTP/1.1" 404 1089
192.168.10.61 - - [27/Mar/2018:11:38:31 -0300] "GET /cormun/static/Shared/jqueryui/images/ui-bg_flat_55_fafafa_40x100.png HTTP/1.1" 404 1097
192.168.10.61 - - [27/Mar/2018:11:38:31 -0300] "POST /cormun/servlet/vesolicitudgral?2ba718bdd8a2d2613632a2b82e0fbf1d,2018,10877,,,gx-no-cache=1522161342518 HTTP/1.1" 200 11720
192.168.10.61 - - [27/Mar/2018:11:38:36 -0300] "GET /cormun/servlet/trsolicitudgral? HTTP/1.1" 200 17950
192.168.10.61 - - [27/Mar/2018:11:38:36 -0300] "GET /cormun/servlet/trsolicitudgral? HTTP/1.1" 200 17944
186.103.159.44 - - [27/Mar/2018:11:38:37 -0300] "POST /cormun/servlet/solicitudot?gx-no-cache=1522161468025 HTTP/1.1" 200 255
186.103.159.44 - - [27/Mar/2018:11:38:38 -0300] "GET /cormun/servlet/solicitudot?525658c44198f39d5bfd511de2a5a7eac0ed7692bf97afedd7bc8710010b407f1c2f1a2e088c215bd2e508fd20a1d459173ad43e3cc8dea0c860b74253b214cc984e2b915341670532340caed72d4c5d69977eddceba6fb5262672ad582ade7eee614de4449d5b9ed740ec67b1254698a85579f164c2fe53cf40975c6a8d25b2c29c8569df01b625b304d0a7c3c2d9cae58081f17b23210f8d2bfa7d82eea6ada3ee7f93b7124331210ab50efd12fa1c95128aeabe1f065fa18e7a3de10c76b8fa6d8cb76e89c41ce11c1f4b82c926e9ee77600e235b127eb064990e44973a556b8cb315871a1aadb92ea216d9fdd67a399c03198fd3478a499149e68788f6cb1f631fdda8a99a3870a4c3809b4367e9128f22f18d54d161130f79f22d3ba1b045173ba9f04a360de2ff6a9016e49e375eff1731ea67c01ef575adf2d228863585c73eb1d270936d354922c1ad4f48d49610b3f807187bc53388f8cbb2aa9c2fb40e5e69e03fdc7fa9394ccfb510851e1faf9db8c7f9350b0234766347521ecc,gx-no-cache=1522161468067 HTTP/1.1" 200 30
186.103.159.44 - - [27/Mar/2018:11:38:39 -0300] "POST /cormun/servlet/solicitudot?gx-no-cache=1522161469900 HTTP/1.1" 200 30
186.103.159.44 - - [27/Mar/2018:11:39:05 -0300] "POST /cormun/servlet/solicitudot?gx-no-cache=1522161496074 HTTP/1.1" 200 1353
186.103.159.44 - - [27/Mar/2018:11:39:06 -0300] "POST /cormun/servlet/solicitudot?gx-no-cache=1522161496294 HTTP/1.1" 200 38
186.103.159.44 - - [27/Mar/2018:11:39:16 -0300] "GET /cormun/servlet/solicitudot?525658c44198f39d5bfd511de2a5a7eae41998ccc5b0dca49e3884f520ef1f49d5aa7f08b64025f5b1c7d528f91a0b0be3e5584237b86ef210821b96180748dba4a52adf72720ef909b05483b3b74383ac342957a17f10e44bb732e5d5c9f50b433291c9cdffde38967fb7cf0f47b905cdafd42b7c66886b6fc34a991a5f27fc4812ee0ada9949573d2a89fbf2794d6df9dcaa79203ae244372f31622c8d711b,gx-no-cache=1522161506215 HTTP/1.1" 200 29
186.103.159.44 - - [27/Mar/2018:11:39:16 -0300] "POST /cormun/servlet/solicitudot?gx-no-cache=1522161506587 HTTP/1.1" 200 1336
186.103.159.44 - - [27/Mar/2018:11:39:16 -0300] "POST /cormun/servlet/solicitudot?gx-no-cache=1522161506665 HTTP/1.1" 200 1232
186.103.159.44 - - [27/Mar/2018:11:39:16 -0300] "GET /cormun/static/menuarrow.gif HTTP/1.1" 404 1015
186.103.159.44 - - [27/Mar/2018:11:39:17 -0300] "POST /cormun/servlet/solicitudot?gx-no-cache=1522161507973 HTTP/1.1" 200 1336
186.103.159.44 - - [27/Mar/2018:11:39:17 -0300] "POST /cormun/servlet/solicitudot?gx-no-cache=1522161508031 HTTP/1.1" 200 1232
186.103.159.44 - - [27/Mar/2018:11:39:18 -0300] "GET /cormun/servlet/solicitudot?525658c44198f39d5bfd511de2a5a7ea370806830721e25c5f2f1702358cfeabe3dde4a7c1d96e0e7baa0b91b1950a14,gx-no-cache=1522161509051 HTTP/1.1" 200 30
192.168.10.89 - - [27/Mar/2018:11:39:23 -0300] "POST /cormun/servlet/trsolicitudgral?52034ba740a57efdb9c419566e7f706c,,gx-no-cache=1522161394512 HTTP/1.1" 200 7248
186.103.159.44 - - [27/Mar/2018:11:39:26 -0300] "POST /cormun/servlet/solicitudot?gx-no-cache=1522161516411 HTTP/1.1" 200 33
186.103.159.44 - - [27/Mar/2018:11:39:37 -0300] "POST /cormun/servlet/solicitudot?34e84f2751445e63fd4b6389c18e92b4,INS,0,0,,gx-no-cache=1522161526575 HTTP/1.1" 200 93
186.103.159.44 - - [27/Mar/2018:11:39:37 -0300] "GET /cormun/servlet/hpexe_return? HTTP/1.1" 200 1010
186.103.159.44 - - [27/Mar/2018:11:39:37 -0300] "GET /cormun/servlet/trsolicitudot HTTP/1.1" 200 11449
192.168.10.89 - - [27/Mar/2018:11:40:00 -0300] "GET /cormun/servlet/vesolicitudgral?2018,10638,, HTTP/1.1" 200 9450
192.168.10.89 - - [27/Mar/2018:11:40:00 -0300] "GET /cormun/pexe_scrolldiv.js HTTP/1.1" 404 1009
192.168.10.89 - - [27/Mar/2018:11:40:02 -0300] "GET /cormun/servlet/vesolicitudgral?2018,10638,,SolicitudOTAdjuntos HTTP/1.1" 200 11548
192.168.10.89 - - [27/Mar/2018:11:40:02 -0300] "GET /cormun/pexe_scrolldiv.js HTTP/1.1" 404 1009
192.168.10.89 - - [27/Mar/2018:11:40:04 -0300] "POST /cormun/servlet/acontrolpreferencessavestate?None,CDROGUETT,true HTTP/1.1" 200 35
192.168.10.89 - - [27/Mar/2018:11:40:05 -0300] "GET /cormun/PublicTempStorage/ci9752854.pdf HTTP/1.1" 200 263100
192.168.10.89 - - [27/Mar/2018:11:40:14 -0300] "GET /cormun/servlet/vesolicitudgral?2018,10638,,SolicitudOTAdjuntos HTTP/1.1" 200 11548
192.168.10.89 - - [27/Mar/2018:11:40:14 -0300] "GET /cormun/pexe_scrolldiv.js HTTP/1.1" 404 1009
192.168.10.89 - - [27/Mar/2018:11:40:15 -0300] "POST /cormun/servlet/acontrolpreferencessavestate?None,CDROGUETT,true HTTP/1.1" 200 35
192.168.10.89 - - [27/Mar/2018:11:40:16 -0300] "GET /cormun/PublicTempStorage/titulo7181457.pdf HTTP/1.1" 200 1394714
192.168.10.89 - - [27/Mar/2018:11:40:25 -0300] "GET /cormun/servlet/vesolicitudgral?2018,10638,,SolicitudOTAdjuntos HTTP/1.1" 200 11547
192.168.10.89 - - [27/Mar/2018:11:40:25 -0300] "GET /cormun/pexe_scrolldiv.js HTTP/1.1" 404 1009
192.168.10.89 - - [27/Mar/2018:11:40:26 -0300] "POST /cormun/servlet/acontrolpreferencessavestate?None,CDROGUETT,true HTTP/1.1" 200 35
192.168.10.89 - - [27/Mar/2018:11:40:27 -0300] "GET /cormun/PublicTempStorage/afp2776338.pdf HTTP/1.1" 200 234395
192.168.10.89 - - [27/Mar/2018:11:40:33 -0300] "GET /cormun/servlet/vesolicitudgral?2018,10638,,SolicitudOTAdjuntos HTTP/1.1" 200 11547
192.168.10.89 - - [27/Mar/2018:11:40:33 -0300] "GET /cormun/pexe_scrolldiv.js HTTP/1.1" 404 1009
192.168.10.61 - - [27/Mar/2018:11:40:33 -0300] "GET /cormun/servlet/vesolicitudgral?2018,10879,, HTTP/1.1" 200 8982
192.168.10.61 - - [27/Mar/2018:11:40:33 -0300] "GET /cormun/pexe_scrolldiv.js HTTP/1.1" 404 1009
192.168.10.61 - - [27/Mar/2018:11:40:33 -0300] "GET /cormun/pexe_scrolldiv.js HTTP/1.1" 404 1009
192.168.10.61 - - [27/Mar/2018:11:40:33 -0300] "GET /cormun/servlet/vesolicitudgral?2018,10879,, HTTP/1.1" 200 8978
192.168.10.89 - - [27/Mar/2018:11:40:34 -0300] "GET /cormun/servlet/vesolicitudgral?2018,10638,, HTTP/1.1" 200 9450
192.168.10.89 - - [27/Mar/2018:11:40:34 -0300] "GET /cormun/pexe_scrolldiv.js HTTP/1.1" 404 1009
192.168.10.89 - - [27/Mar/2018:11:40:36 -0300] "GET /cormun/servlet/vesolicitudgral?2018,10638,,SolicitudOTAdjuntos HTTP/1.1" 200 11549
192.168.10.89 - - [27/Mar/2018:11:40:36 -0300] "GET /cormun/pexe_scrolldiv.js HTTP/1.1" 404 1009
192.168.10.61 - - [27/Mar/2018:11:40:37 -0300] "GET /cormun/servlet/trsolicitudgral? HTTP/1.1" 200 17950
192.168.10.89 - - [27/Mar/2018:11:40:38 -0300] "POST /cormun/servlet/acontrolpreferencessavestate?None,CDROGUETT,true HTTP/1.1" 200 35
192.168.10.61 - - [27/Mar/2018:11:40:38 -0300] "GET /cormun/servlet/trsolicitudgral? HTTP/1.1" 200 17944
192.168.10.89 - - [27/Mar/2018:11:40:39 -0300] "GET /cormun/PublicTempStorage/salud2913930.pdf HTTP/1.1" 200 233778
192.168.10.89 - - [27/Mar/2018:11:40:46 -0300] "GET /cormun/servlet/vesolicitudgral?2018,10638,,SolicitudOTAdjuntos HTTP/1.1" 200 11549
192.168.10.89 - - [27/Mar/2018:11:40:46 -0300] "GET /cormun/pexe_scrolldiv.js HTTP/1.1" 404 1009
192.168.10.89 - - [27/Mar/2018:11:40:48 -0300] "POST /cormun/servlet/acontrolpreferencessavestate?None,CDROGUETT,true HTTP/1.1" 200 35
192.168.10.89 - - [27/Mar/2018:11:40:49 -0300] "GET /cormun/PublicTempStorage/antecedentes4904443.pdf HTTP/1.1" 200 346507
192.168.10.89 - - [27/Mar/2018:11:40:54 -0300] "GET /cormun/servlet/vesolicitudgral?2018,10638,,SolicitudOTAdjuntos HTTP/1.1" 200 11549
192.168.10.89 - - [27/Mar/2018:11:40:54 -0300] "GET /cormun/pexe_scrolldiv.js HTTP/1.1" 404 1009
192.168.10.89 - - [27/Mar/2018:11:40:56 -0300] "POST /cormun/servlet/acontrolpreferencessavestate?None,CDROGUETT,true HTTP/1.1" 200 35
192.168.10.89 - - [27/Mar/2018:11:40:56 -0300] "GET /cormun/PublicTempStorage/curriculum3448036.pdf HTTP/1.1" 200 278150
192.168.10.89 - - [27/Mar/2018:11:41:03 -0300] "GET /cormun/servlet/vesolicitudgral?2018,10638,,SolicitudOTAdjuntos HTTP/1.1" 200 11549
192.168.10.89 - - [27/Mar/2018:11:41:03 -0300] "GET /cormun/pexe_scrolldiv.js HTTP/1.1" 404 1009
192.168.10.89 - - [27/Mar/2018:11:41:05 -0300] "POST /cormun/servlet/acontrolpreferencessavestate?None,CDROGUETT,true HTTP/1.1" 200 35
192.168.10.89 - - [27/Mar/2018:11:42:55 -0300] "POST /cormun/servlet/vesolicitudgral?52034ba740a57efdb9c419566e7f706c,2018,10638,,SolicitudOTAdjuntos,gx-no-cache=1522161606060 HTTP/1.1" 200 90
192.168.10.89 - - [27/Mar/2018:11:42:55 -0300] "GET /cormun/servlet/hpexe_link HTTP/1.1" 200 979
192.168.10.89 - - [27/Mar/2018:11:42:55 -0300] "GET /cormun/servlet/trsolicitudgral? HTTP/1.1" 200 10736
192.168.10.89 - - [27/Mar/2018:11:43:02 -0300] "POST /cormun/servlet/trsolicitudgral?52034ba740a57efdb9c419566e7f706c,,gx-no-cache=1522161613039 HTTP/1.1" 200 5922
192.168.10.89 - - [27/Mar/2018:11:43:10 -0300] "POST /cormun/servlet/trsolicitudgral?52034ba740a57efdb9c419566e7f706c,,gx-no-cache=1522161621899 HTTP/1.1" 200 8149
118.123.12.177 - - [27/Mar/2018:11:43:15 -0300] "GET /?rands=_19701037280176475483352 HTTP/1.1" 200 11217
118.123.12.177 - - [27/Mar/2018:11:43:16 -0300] "GET /?rands=_11821037280155298420984 HTTP/1.1" 200 11217
118.123.12.177 - - [27/Mar/2018:11:43:17 -0300] "GET /?rands=_8798068507079942180612 HTTP/1.1" 200 11217
192.168.10.89 - - [27/Mar/2018:11:43:19 -0300] "GET /cormun/servlet/vesolicitudgral?2018,10776,, HTTP/1.1" 200 9472
192.168.10.89 - - [27/Mar/2018:11:43:19 -0300] "GET /cormun/pexe_scrolldiv.js HTTP/1.1" 404 1009
192.168.10.89 - - [27/Mar/2018:11:43:22 -0300] "GET /cormun/servlet/vesolicitudgral?2018,10776,,SolicitudOTAdjuntos HTTP/1.1" 200 11641
192.168.10.89 - - [27/Mar/2018:11:43:22 -0300] "GET /cormun/pexe_scrolldiv.js HTTP/1.1" 404 1009
192.168.10.89 - - [27/Mar/2018:11:43:24 -0300] "POST /cormun/servlet/acontrolpreferencessavestate?None,CDROGUETT,true HTTP/1.1" 200 35
192.168.10.89 - - [27/Mar/2018:11:43:25 -0300] "GET /cormun/PublicTempStorage/carnet7066830.pdf HTTP/1.1" 200 239581
192.168.10.96 - - [27/Mar/2018:11:43:27 -0300] "GET /cormun/servlet/trsolicitudot? HTTP/1.1" 200 7944
192.168.10.96 - - [27/Mar/2018:11:43:27 -0300] "GET /cormun/servlet/trsolicitudot? HTTP/1.1" 200 7926
192.168.10.96 - - [27/Mar/2018:11:43:30 -0300] "GET /cormun/servlet/trsolicitudgral? HTTP/1.1" 200 11022
192.168.10.96 - - [27/Mar/2018:11:43:31 -0300] "GET /cormun/servlet/trsolicitudgral? HTTP/1.1" 200 11022
192.168.10.89 - - [27/Mar/2018:11:43:34 -0300] "GET /cormun/servlet/vesolicitudgral?2018,10776,,SolicitudOTAdjuntos HTTP/1.1" 200 11643
192.168.10.89 - - [27/Mar/2018:11:43:34 -0300] "GET /cormun/pexe_scrolldiv.js HTTP/1.1" 404 1009
192.168.10.89 - - [27/Mar/2018:11:43:35 -0300] "POST /cormun/servlet/acontrolpreferencessavestate?None,CDROGUETT,true HTTP/1.1" 200 35
192.168.10.89 - - [27/Mar/2018:11:43:37 -0300] "GET /cormun/PublicTempStorage/estudios7971053.pdf HTTP/1.1" 200 327797
192.168.10.96 - - [27/Mar/2018:11:43:45 -0300] "POST /cormun/servlet/trsolicitudgral?a407acb05cac6386c383c5eb68e4bd2e,,gx-no-cache=1522161656529 HTTP/1.1" 200 10770
192.168.10.89 - - [27/Mar/2018:11:43:46 -0300] "GET /cormun/servlet/vesolicitudgral?2018,10776,,SolicitudOTAdjuntos HTTP/1.1" 200 11643
192.168.10.89 - - [27/Mar/2018:11:43:46 -0300] "GET /cormun/pexe_scrolldiv.js HTTP/1.1" 404 1009
192.168.10.89 - - [27/Mar/2018:11:43:48 -0300] "POST /cormun/servlet/acontrolpreferencessavestate?None,CDROGUETT,true HTTP/1.1" 200 35
192.168.10.89 - - [27/Mar/2018:11:43:49 -0300] "GET /cormun/PublicTempStorage/afp1631037.pdf HTTP/1.1" 200 176051
192.168.10.89 - - [27/Mar/2018:11:43:56 -0300] "GET /cormun/servlet/vesolicitudgral?2018,10776,,SolicitudOTAdjuntos HTTP/1.1" 200 11640
192.168.10.89 - - [27/Mar/2018:11:43:56 -0300] "GET /cormun/pexe_scrolldiv.js HTTP/1.1" 404 1009
192.168.10.89 - - [27/Mar/2018:11:43:57 -0300] "POST /cormun/servlet/acontrolpreferencessavestate?None,CDROGUETT,true HTTP/1.1" 200 35
192.168.10.89 - - [27/Mar/2018:11:44:02 -0300] "GET /cormun/PublicTempStorage/antecedentes6096230.pdf HTTP/1.1" 200 353057
192.168.10.89 - - [27/Mar/2018:11:44:19 -0300] "GET /cormun/servlet/vesolicitudgral?2018,10776,,SolicitudOTAdjuntos HTTP/1.1" 200 11641
192.168.10.89 - - [27/Mar/2018:11:44:19 -0300] "GET /cormun/pexe_scrolldiv.js HTTP/1.1" 404 1009
192.168.10.89 - - [27/Mar/2018:11:44:20 -0300] "POST /cormun/servlet/acontrolpreferencessavestate?None,CDROGUETT,true HTTP/1.1" 200 35
192.168.10.89 - - [27/Mar/2018:11:44:21 -0300] "GET /cormun/PublicTempStorage/curriculum1077370.pdf HTTP/1.1" 200 226118
192.168.10.89 - - [27/Mar/2018:11:44:27 -0300] "GET /cormun/servlet/vesolicitudgral?2018,10776,,SolicitudOTAdjuntos HTTP/1.1" 200 11641
192.168.10.89 - - [27/Mar/2018:11:44:27 -0300] "GET /cormun/pexe_scrolldiv.js HTTP/1.1" 404 1009
192.168.10.89 - - [27/Mar/2018:11:44:29 -0300] "POST /cormun/servlet/acontrolpreferencessavestate?None,CDROGUETT,true HTTP/1.1" 200 35
192.168.10.96 - - [27/Mar/2018:11:44:48 -0300] "POST /cormun/servlet/trsolicitudgral?a407acb05cac6386c383c5eb68e4bd2e,,gx-no-cache=1522161718924 HTTP/1.1" 200 5934
192.168.10.96 - - [27/Mar/2018:11:44:48 -0300] "POST /cormun/servlet/trsolicitudgral?a407acb05cac6386c383c5eb68e4bd2e,,gx-no-cache=1522161719316 HTTP/1.1" 200 5931
192.168.10.96 - - [27/Mar/2018:11:44:49 -0300] "POST /cormun/servlet/trsolicitudgral?a407acb05cac6386c383c5eb68e4bd2e,,gx-no-cache=1522161720011 HTTP/1.1" 200 5931
192.168.10.96 - - [27/Mar/2018:11:44:49 -0300] "POST /cormun/servlet/trsolicitudgral?a407acb05cac6386c383c5eb68e4bd2e,,gx-no-cache=1522161720195 HTTP/1.1" 200 5933
192.168.10.89 - - [27/Mar/2018:11:44:55 -0300] "GET /cormun/PublicTempStorage/fonasa4714795.pdf HTTP/1.1" 200 225913
192.168.10.89 - - [27/Mar/2018:11:45:28 -0300] "GET /cormun/servlet/vesolicitudgral?2018,10776,,SolicitudOTAdjuntos HTTP/1.1" 200 11639
192.168.10.89 - - [27/Mar/2018:11:45:28 -0300] "GET /cormun/pexe_scrolldiv.js HTTP/1.1" 404 1009
192.168.10.89 - - [27/Mar/2018:11:45:30 -0300] "POST /cormun/servlet/acontrolpreferencessavestate?None,CDROGUETT,true HTTP/1.1" 200 35
192.168.10.89 - - [27/Mar/2018:11:45:30 -0300] "POST /cormun/servlet/vesolicitudgral?52034ba740a57efdb9c419566e7f706c,2018,10776,,SolicitudOTAdjuntos,gx-no-cache=1522161761228 HTTP/1.1" 200 90
192.168.10.89 - - [27/Mar/2018:11:45:30 -0300] "GET /cormun/servlet/hpexe_link HTTP/1.1" 200 978
192.168.10.89 - - [27/Mar/2018:11:45:30 -0300] "GET /cormun/servlet/trsolicitudgral? HTTP/1.1" 200 11632
186.103.159.44 - - [27/Mar/2018:11:46:49 -0300] "POST /cormun/servlet/trsolicitudot?34e84f2751445e63fd4b6389c18e92b4,gx-no-cache=1522161959795 HTTP/1.1" 200 8338
186.103.159.44 - - [27/Mar/2018:11:46:50 -0300] "POST /cormun/servlet/trsolicitudot?34e84f2751445e63fd4b6389c18e92b4,gx-no-cache=1522161960459 HTTP/1.1" 200 8281
186.103.159.44 - - [27/Mar/2018:11:46:50 -0300] "GET /cormun/static/Shared/jqueryui/images/ui-bg_highlight-soft_100_c6c2c8_1x100.png HTTP/1.1" 404 1117
186.103.159.44 - - [27/Mar/2018:11:46:50 -0300] "GET /cormun/static/Shared/jqueryui/images/ui-icons_82798d_256x240.png HTTP/1.1" 404 1089
186.103.159.44 - - [27/Mar/2018:11:46:50 -0300] "GET /cormun/static/Shared/jqueryui/images/ui-icons_8d78a5_256x240.png HTTP/1.1" 404 1089
186.103.159.44 - - [27/Mar/2018:11:46:50 -0300] "GET /cormun/static/Shared/jqueryui/images/ui-bg_flat_55_fafafa_40x100.png HTTP/1.1" 404 1097
186.103.159.44 - - [27/Mar/2018:11:46:51 -0300] "POST /cormun/servlet/trsolicitudot?34e84f2751445e63fd4b6389c18e92b4,gx-no-cache=1522161961994 HTTP/1.1" 200 7952
186.103.159.44 - - [27/Mar/2018:11:46:52 -0300] "POST /cormun/servlet/trsolicitudot?34e84f2751445e63fd4b6389c18e92b4,gx-no-cache=1522161962751 HTTP/1.1" 200 7896
186.103.159.44 - - [27/Mar/2018:11:46:54 -0300] "POST /cormun/servlet/trsolicitudot?34e84f2751445e63fd4b6389c18e92b4,gx-no-cache=1522161964543 HTTP/1.1" 200 7587
186.103.159.44 - - [27/Mar/2018:11:46:55 -0300] "POST /cormun/servlet/trsolicitudot?34e84f2751445e63fd4b6389c18e92b4,gx-no-cache=1522161965506 HTTP/1.1" 200 7529
186.103.159.44 - - [27/Mar/2018:11:46:57 -0300] "POST /cormun/servlet/trsolicitudot?34e84f2751445e63fd4b6389c18e92b4,gx-no-cache=1522161967630 HTTP/1.1" 200 7266
186.103.159.44 - - [27/Mar/2018:11:46:58 -0300] "POST /cormun/servlet/trsolicitudot?34e84f2751445e63fd4b6389c18e92b4,gx-no-cache=1522161968645 HTTP/1.1" 200 7209
186.103.159.44 - - [27/Mar/2018:11:47:02 -0300] "POST /cormun/servlet/trsolicitudot?34e84f2751445e63fd4b6389c18e92b4,gx-no-cache=1522161971152 HTTP/1.1" 200 7013
186.103.159.44 - - [27/Mar/2018:11:47:05 -0300] "POST /cormun/servlet/trsolicitudot?34e84f2751445e63fd4b6389c18e92b4,gx-no-cache=1522161973370 HTTP/1.1" 200 6956
186.103.159.44 - - [27/Mar/2018:11:47:31 -0300] "POST /cormun/servlet/trsolicitudot?34e84f2751445e63fd4b6389c18e92b4,gx-no-cache=1522162001635 HTTP/1.1" 200 6618
186.103.159.44 - - [27/Mar/2018:11:47:32 -0300] "POST /cormun/servlet/trsolicitudot?34e84f2751445e63fd4b6389c18e92b4,gx-no-cache=1522162002816 HTTP/1.1" 200 6560
186.103.159.44 - - [27/Mar/2018:11:47:37 -0300] "POST /cormun/servlet/trsolicitudot?34e84f2751445e63fd4b6389c18e92b4,gx-no-cache=1522162007202 HTTP/1.1" 200 6223
186.103.159.44 - - [27/Mar/2018:11:47:38 -0300] "POST /cormun/servlet/trsolicitudot?34e84f2751445e63fd4b6389c18e92b4,gx-no-cache=1522162008361 HTTP/1.1" 200 6164
200.111.191.210 - - [27/Mar/2018:11:47:52 -0300] "GET /cormun/servlet/solicitudot?INS,0,0, HTTP/1.1" 200 12653
200.111.191.210 - - [27/Mar/2018:11:47:52 -0300] "GET /cormun/static/gxcfg.js?201812313224582 HTTP/1.1" 200 953
200.111.191.210 - - [27/Mar/2018:11:47:52 -0300] "GET /cormun/servlet/hlogin HTTP/1.1" 200 1744
200.111.191.210 - - [27/Mar/2018:11:47:52 -0300] "GET /cormun/servlet/solicitudot?INS,0,0, HTTP/1.1" 200 12658
200.111.191.210 - - [27/Mar/2018:11:47:57 -0300] "POST /cormun/servlet/hlogin?cdf44d3a941c42a2a75382fffd2020ac,gx-no-cache=1522162029664 HTTP/1.1" 200 90
200.111.191.210 - - [27/Mar/2018:11:47:57 -0300] "GET /cormun/servlet/hpexe_link HTTP/1.1" 200 962
200.111.191.210 - - [27/Mar/2018:11:47:57 -0300] "GET /cormun/servlet/solicitudot?INS,0,0, HTTP/1.1" 200 13232
200.111.191.210 - - [27/Mar/2018:11:47:57 -0300] "GET /cormun/servlet/solicitudot?INS,0,0, HTTP/1.1" 200 13236
186.103.159.44 - - [27/Mar/2018:11:47:59 -0300] "POST /cormun/servlet/trsolicitudot?34e84f2751445e63fd4b6389c18e92b4,gx-no-cache=1522162029953 HTTP/1.1" 200 5910
200.111.191.210 - - [27/Mar/2018:11:48:00 -0300] "GET /cormun/servlet/trpermisosgoce? HTTP/1.1" 200 10171
200.111.191.210 - - [27/Mar/2018:11:48:00 -0300] "GET /cormun/servlet/trpermisosgoce? HTTP/1.1" 200 10170
186.103.159.44 - - [27/Mar/2018:11:48:00 -0300] "POST /cormun/servlet/trsolicitudot?34e84f2751445e63fd4b6389c18e92b4,gx-no-cache=1522162031015 HTTP/1.1" 200 5854
200.111.191.210 - - [27/Mar/2018:11:48:03 -0300] "GET /cormun/servlet/permisogoce?INS,0,,, HTTP/1.1" 200 6793
200.111.191.210 - - [27/Mar/2018:11:48:03 -0300] "GET /cormun/servlet/permisogoce?INS,0,,, HTTP/1.1" 200 6793
186.103.159.44 - - [27/Mar/2018:11:48:04 -0300] "POST /cormun/servlet/trsolicitudot?34e84f2751445e63fd4b6389c18e92b4,gx-no-cache=1522162033796 HTTP/1.1" 200 4691
186.103.159.44 - - [27/Mar/2018:11:48:05 -0300] "POST /cormun/servlet/trsolicitudot?34e84f2751445e63fd4b6389c18e92b4,gx-no-cache=1522162035206 HTTP/1.1" 200 4454
186.103.159.44 - - [27/Mar/2018:11:48:09 -0300] "GET /cormun/servlet/trautorizarsolicitud? HTTP/1.1" 200 11327
200.111.191.210 - - [27/Mar/2018:11:48:13 -0300] "GET /cormun/servlet/permisogoce?47a576acc0666cae6481909f854e04b8c3167cf24ca6eceb914030164acfbaf5240722ec09112f179aef4996dc79f97a5315a7095cf544f2cb8f791ab1b96543,gx-no-cache=1522162045880 HTTP/1.1" 200 79
200.111.191.210 - - [27/Mar/2018:11:48:19 -0300] "GET /cormun/servlet/permisogoce?47a576acc0666cae6481909f854e04b8d053b3867d4fa2b30db5708572f0b848e2f821f02481e149dce44d88da98f4ada434c8388877dca3dcedec919d133a5e,gx-no-cache=1522162051572 HTTP/1.1" 200 47
200.111.191.210 - - [27/Mar/2018:11:48:27 -0300] "POST /cormun/servlet/permisogoce?cdf44d3a941c42a2a75382fffd2020ac,INS,0,,,,gx-no-cache=1522162059617 HTTP/1.1" 200 93
200.111.191.210 - - [27/Mar/2018:11:48:27 -0300] "GET /cormun/servlet/hpexe_return? HTTP/1.1" 200 1010
200.111.191.210 - - [27/Mar/2018:11:48:27 -0300] "GET /cormun/servlet/trpermisosgoce HTTP/1.1" 200 10417
200.111.191.210 - - [27/Mar/2018:11:48:28 -0300] "GET /cormun/servlet/trpermisosgoce HTTP/1.1" 200 10417
200.111.191.210 - - [27/Mar/2018:11:48:33 -0300] "GET /cormun/servlet/apermisogoceprn?11736748,P,20180327114514,PU HTTP/1.1" 200 1656
186.103.159.44 - - [27/Mar/2018:11:48:39 -0300] "POST /cormun/servlet/trautorizarsolicitud?34e84f2751445e63fd4b6389c18e92b4,,gx-no-cache=1522162069383 HTTP/1.1" 200 8228
186.103.159.44 - - [27/Mar/2018:11:48:40 -0300] "POST /cormun/servlet/trautorizarsolicitud?34e84f2751445e63fd4b6389c18e92b4,,gx-no-cache=1522162070042 HTTP/1.1" 200 8149
186.103.159.44 - - [27/Mar/2018:11:48:40 -0300] "GET /cormun/static/Shared/jqueryui/images/ui-bg_highlight-soft_100_c6c2c8_1x100.png HTTP/1.1" 404 1117
186.103.159.44 - - [27/Mar/2018:11:48:40 -0300] "GET /cormun/static/Shared/jqueryui/images/ui-bg_flat_55_fafafa_40x100.png HTTP/1.1" 404 1097
186.103.159.44 - - [27/Mar/2018:11:48:40 -0300] "GET /cormun/static/Shared/jqueryui/images/ui-icons_8d78a5_256x240.png HTTP/1.1" 404 1089
186.103.159.44 - - [27/Mar/2018:11:48:40 -0300] "GET /cormun/static/Shared/jqueryui/images/ui-icons_82798d_256x240.png HTTP/1.1" 404 1089
186.103.159.44 - - [27/Mar/2018:11:48:41 -0300] "POST /cormun/servlet/trautorizarsolicitud?34e84f2751445e63fd4b6389c18e92b4,,gx-no-cache=1522162071766 HTTP/1.1" 200 7853
186.103.159.44 - - [27/Mar/2018:11:48:42 -0300] "POST /cormun/servlet/trautorizarsolicitud?34e84f2751445e63fd4b6389c18e92b4,,gx-no-cache=1522162072520 HTTP/1.1" 200 7798
186.103.159.44 - - [27/Mar/2018:11:48:46 -0300] "POST /cormun/servlet/trautorizarsolicitud?34e84f2751445e63fd4b6389c18e92b4,,gx-no-cache=1522162076586 HTTP/1.1" 200 7496
186.103.159.44 - - [27/Mar/2018:11:48:47 -0300] "POST /cormun/servlet/trautorizarsolicitud?34e84f2751445e63fd4b6389c18e92b4,,gx-no-cache=1522162077496 HTTP/1.1" 200 7440
186.103.159.44 - - [27/Mar/2018:11:48:53 -0300] "POST /cormun/servlet/trautorizarsolicitud?34e84f2751445e63fd4b6389c18e92b4,,gx-no-cache=1522162083786 HTTP/1.1" 200 7177
186.103.159.44 - - [27/Mar/2018:11:48:54 -0300] "POST /cormun/servlet/trautorizarsolicitud?34e84f2751445e63fd4b6389c18e92b4,,gx-no-cache=1522162084953 HTTP/1.1" 200 7121
186.103.159.44 - - [27/Mar/2018:11:48:57 -0300] "POST /cormun/servlet/trautorizarsolicitud?34e84f2751445e63fd4b6389c18e92b4,,gx-no-cache=1522162087700 HTTP/1.1" 200 6930
186.103.159.44 - - [27/Mar/2018:11:48:58 -0300] "POST /cormun/servlet/trautorizarsolicitud?34e84f2751445e63fd4b6389c18e92b4,,gx-no-cache=1522162088792 HTTP/1.1" 200 6873
186.103.159.44 - - [27/Mar/2018:11:49:01 -0300] "POST /cormun/servlet/trautorizarsolicitud?34e84f2751445e63fd4b6389c18e92b4,,gx-no-cache=1522162091618 HTTP/1.1" 200 6540
186.103.159.44 - - [27/Mar/2018:11:49:02 -0300] "POST /cormun/servlet/trautorizarsolicitud?34e84f2751445e63fd4b6389c18e92b4,,gx-no-cache=1522162092774 HTTP/1.1" 200 6486
186.103.159.44 - - [27/Mar/2018:11:49:05 -0300] "POST /cormun/servlet/trautorizarsolicitud?34e84f2751445e63fd4b6389c18e92b4,,gx-no-cache=1522162095575 HTTP/1.1" 200 6148
186.103.159.44 - - [27/Mar/2018:11:49:06 -0300] "POST /cormun/servlet/trautorizarsolicitud?34e84f2751445e63fd4b6389c18e92b4,,gx-no-cache=1522162096704 HTTP/1.1" 200 6092
186.103.159.44 - - [27/Mar/2018:11:49:09 -0300] "POST /cormun/servlet/trautorizarsolicitud?34e84f2751445e63fd4b6389c18e92b4,,gx-no-cache=1522162099515 HTTP/1.1" 200 5832
186.103.159.44 - - [27/Mar/2018:11:49:10 -0300] "POST /cormun/servlet/trautorizarsolicitud?34e84f2751445e63fd4b6389c18e92b4,,gx-no-cache=1522162100602 HTTP/1.1" 200 5776
186.103.159.44 - - [27/Mar/2018:11:49:13 -0300] "POST /cormun/servlet/trautorizarsolicitud?34e84f2751445e63fd4b6389c18e92b4,,gx-no-cache=1522162103425 HTTP/1.1" 200 4623
