207.46.13.36 - - [27/Mar/2018:00:22:33 -0300] "GET /cormun/servlet/hpexe_link HTTP/1.1" 200 923
207.46.13.36 - - [27/Mar/2018:00:22:45 -0300] "GET /cormun/static/Resources/Spanish/PXTools.css?1155365 HTTP/1.1" 200 89042
196.52.84.11 - - [27/Mar/2018:02:00:04 -0300] "GET / HTTP/1.0" 200 11197
46.174.191.29 - - [27/Mar/2018:02:41:56 -0300] "GET / HTTP/1.0" 200 11197
122.10.88.136 - - [27/Mar/2018:05:00:17 -0300] "GET /manager/html HTTP/1.1" 401 2474
179.159.240.157 - - [27/Mar/2018:05:55:40 -0300] "GET /cgi/common.cgi HTTP/1.1" 404 989
179.159.240.157 - - [27/Mar/2018:05:55:43 -0300] "GET /stssys.htm HTTP/1.1" 404 981
179.159.240.157 - - [27/Mar/2018:05:55:46 -0300] "GET / HTTP/1.1" 200 11217
179.159.240.157 - - [27/Mar/2018:05:55:50 -0300] "POST /command.php HTTP/1.1" 404 983
107.170.200.218 - - [27/Mar/2018:07:35:16 -0300] "GET / HTTP/1.1" 200 11217
186.103.159.46 - - [27/Mar/2018:07:45:25 -0300] "GET /cormun/servlet/hlogin HTTP/1.1" 200 1718
186.103.159.46 - - [27/Mar/2018:07:45:25 -0300] "GET /cormun/servlet/hlogin HTTP/1.1" 200 1724
192.168.10.96 - - [27/Mar/2018:07:46:24 -0300] "GET /cormun/servlet/hlogin HTTP/1.1" 200 1721
192.168.10.96 - - [27/Mar/2018:07:46:25 -0300] "GET /cormun/servlet/hlogin HTTP/1.1" 200 1721
192.168.10.96 - - [27/Mar/2018:07:46:30 -0300] "POST /cormun/servlet/hlogin?45fb400c45fe87c2cd39a94729b79ec9,gx-no-cache=1522147421552 HTTP/1.1" 200 90
192.168.10.96 - - [27/Mar/2018:07:46:30 -0300] "GET /cormun/servlet/hpexe_link HTTP/1.1" 200 952
192.168.10.96 - - [27/Mar/2018:07:46:30 -0300] "GET /cormun/servlet/hhome HTTP/1.1" 200 4707
192.168.10.96 - - [27/Mar/2018:07:46:31 -0300] "GET /cormun/servlet/hhome HTTP/1.1" 200 4706
192.168.10.96 - - [27/Mar/2018:07:46:33 -0300] "GET /cormun/servlet/trsolicitudgral? HTTP/1.1" 200 28440
192.168.10.96 - - [27/Mar/2018:07:46:35 -0300] "GET /cormun/servlet/trsolicitudgral? HTTP/1.1" 200 28438
192.168.10.96 - - [27/Mar/2018:07:46:48 -0300] "POST /cormun/servlet/trsolicitudgral?45fb400c45fe87c2cd39a94729b79ec9,,gx-no-cache=1522147439414 HTTP/1.1" 200 12466
192.168.10.96 - - [27/Mar/2018:07:50:51 -0300] "POST /cormun/servlet/trsolicitudgral?45fb400c45fe87c2cd39a94729b79ec9,,gx-no-cache=1522147682723 HTTP/1.1" 200 12465
186.103.159.46 - - [27/Mar/2018:07:57:23 -0300] "POST /cormun/servlet/hlogin?53d9731c02d7ae3d4880222bd84cb0cd,gx-no-cache=1522148191216 HTTP/1.1" 200 441
186.103.159.46 - - [27/Mar/2018:07:57:31 -0300] "POST /cormun/servlet/hlogin?53d9731c02d7ae3d4880222bd84cb0cd,gx-no-cache=1522148198924 HTTP/1.1" 200 90
186.103.159.46 - - [27/Mar/2018:07:57:31 -0300] "GET /cormun/servlet/hpexe_link HTTP/1.1" 200 944
186.103.159.46 - - [27/Mar/2018:07:57:31 -0300] "GET /cormun/static/gxcfg.js?20177612121792 HTTP/1.1" 304 -
186.103.159.46 - - [27/Mar/2018:07:57:31 -0300] "GET /cormun/servlet/hhome HTTP/1.1" 200 4100
186.103.159.46 - - [27/Mar/2018:07:57:31 -0300] "GET /cormun/static/gxcfg.js?20175251212442 HTTP/1.1" 304 -
186.103.159.46 - - [27/Mar/2018:07:57:32 -0300] "GET /cormun/servlet/hhome HTTP/1.1" 200 4096
192.168.10.96 - - [27/Mar/2018:08:01:47 -0300] "POST /cormun/servlet/trsolicitudgral?45fb400c45fe87c2cd39a94729b79ec9,,gx-no-cache=1522148338433 HTTP/1.1" 200 7274
192.168.10.96 - - [27/Mar/2018:08:01:50 -0300] "GET /cormun/servlet/vesolicitudgral?2018,10764,, HTTP/1.1" 200 9247
192.168.10.96 - - [27/Mar/2018:08:01:50 -0300] "GET /cormun/pexe_scrolldiv.js HTTP/1.1" 404 1009
192.168.10.96 - - [27/Mar/2018:08:01:50 -0300] "GET /cormun/pexe_scrolldiv.js HTTP/1.1" 404 1009
192.168.10.96 - - [27/Mar/2018:08:01:51 -0300] "GET /cormun/servlet/vesolicitudgral?2018,10764,, HTTP/1.1" 200 9247
192.168.10.96 - - [27/Mar/2018:08:01:56 -0300] "GET /cormun/servlet/vesolicitudgral?2018,10764,,SolicitudOTAdjuntos HTTP/1.1" 200 11325
192.168.10.96 - - [27/Mar/2018:08:01:56 -0300] "GET /cormun/pexe_scrolldiv.js HTTP/1.1" 404 1009
192.168.10.96 - - [27/Mar/2018:08:01:56 -0300] "GET /cormun/pexe_scrolldiv.js HTTP/1.1" 404 1009
192.168.10.96 - - [27/Mar/2018:08:01:56 -0300] "GET /cormun/servlet/vesolicitudgral?2018,10764,,SolicitudOTAdjuntos HTTP/1.1" 200 11326
192.168.10.96 - - [27/Mar/2018:08:01:57 -0300] "POST /cormun/servlet/acontrolpreferencessavestate?None,DZAMUDIO,true HTTP/1.1" 200 35
192.168.10.96 - - [27/Mar/2018:08:01:58 -0300] "GET /cormun/PublicTempStorage/carnet1544942.pdf HTTP/1.1" 200 335603
192.168.10.96 - - [27/Mar/2018:08:02:03 -0300] "GET /cormun/servlet/vesolicitudgral?2018,10764,,SolicitudOTAdjuntos HTTP/1.1" 200 11326
192.168.10.96 - - [27/Mar/2018:08:02:04 -0300] "GET /cormun/servlet/vesolicitudgral?2018,10764,,SolicitudOTAdjuntos HTTP/1.1" 200 11327
192.168.10.96 - - [27/Mar/2018:08:02:04 -0300] "POST /cormun/servlet/acontrolpreferencessavestate?None,DZAMUDIO,true HTTP/1.1" 200 35
192.168.10.56 - - [27/Mar/2018:08:02:05 -0300] "GET /cormun/servlet/hlogin HTTP/1.1" 200 1712
192.168.10.96 - - [27/Mar/2018:08:02:06 -0300] "GET /cormun/PublicTempStorage/certificado_titulo9897954.pdf HTTP/1.1" 200 566684
192.168.10.56 - - [27/Mar/2018:08:02:09 -0300] "POST /cormun/servlet/hlogin?9d3c4cb1f47b88e3bdca84c53fef8f64,gx-no-cache=1522148360415 HTTP/1.1" 200 90
192.168.10.56 - - [27/Mar/2018:08:02:09 -0300] "GET /cormun/servlet/hpexe_link HTTP/1.1" 200 943
192.168.10.56 - - [27/Mar/2018:08:02:09 -0300] "GET /cormun/servlet/hhome HTTP/1.1" 200 4490
192.168.10.56 - - [27/Mar/2018:08:02:09 -0300] "GET /cormun/servlet/hhome HTTP/1.1" 200 4486
192.168.10.96 - - [27/Mar/2018:08:02:11 -0300] "GET /cormun/servlet/vesolicitudgral?2018,10764,,SolicitudOTAdjuntos HTTP/1.1" 200 11324
192.168.10.96 - - [27/Mar/2018:08:02:11 -0300] "GET /cormun/servlet/vesolicitudgral?2018,10764,,SolicitudOTAdjuntos HTTP/1.1" 200 11326
186.103.159.188 - - [27/Mar/2018:08:02:12 -0300] "GET /cormun/servlet/hlogin HTTP/1.1" 200 1724
192.168.10.96 - - [27/Mar/2018:08:02:12 -0300] "POST /cormun/servlet/acontrolpreferencessavestate?None,DZAMUDIO,true HTTP/1.1" 200 35
186.103.159.188 - - [27/Mar/2018:08:02:12 -0300] "GET /cormun/static/gxcfg.js?20175251213516 HTTP/1.1" 304 -
192.168.10.96 - - [27/Mar/2018:08:02:13 -0300] "GET /cormun/PublicTempStorage/certificado_afp219140.pdf HTTP/1.1" 200 285861
192.168.10.96 - - [27/Mar/2018:08:02:17 -0300] "GET /cormun/servlet/vesolicitudgral?2018,10764,,SolicitudOTAdjuntos HTTP/1.1" 200 11320
192.168.10.96 - - [27/Mar/2018:08:02:17 -0300] "GET /cormun/servlet/vesolicitudgral?2018,10764,,SolicitudOTAdjuntos HTTP/1.1" 200 11328
192.168.10.96 - - [27/Mar/2018:08:02:18 -0300] "POST /cormun/servlet/acontrolpreferencessavestate?None,DZAMUDIO,true HTTP/1.1" 200 35
192.168.10.96 - - [27/Mar/2018:08:02:19 -0300] "GET /cormun/PublicTempStorage/certificado_fonasa5924199.pdf HTTP/1.1" 200 296950
192.168.10.96 - - [27/Mar/2018:08:02:23 -0300] "GET /cormun/servlet/vesolicitudgral?2018,10764,,SolicitudOTAdjuntos HTTP/1.1" 200 11324
192.168.10.96 - - [27/Mar/2018:08:02:23 -0300] "GET /cormun/servlet/vesolicitudgral?2018,10764,,SolicitudOTAdjuntos HTTP/1.1" 200 11325
192.168.10.96 - - [27/Mar/2018:08:02:24 -0300] "POST /cormun/servlet/acontrolpreferencessavestate?None,DZAMUDIO,true HTTP/1.1" 200 35
192.168.10.96 - - [27/Mar/2018:08:02:25 -0300] "GET /cormun/PublicTempStorage/certificado_antecedentes989864.pdf HTTP/1.1" 200 375878
186.103.159.188 - - [27/Mar/2018:08:02:28 -0300] "POST /cormun/servlet/hlogin?c02d377c62f99cc418e209aa9ef1cd37,gx-no-cache=1522148496088 HTTP/1.1" 200 431
192.168.10.96 - - [27/Mar/2018:08:02:30 -0300] "GET /cormun/servlet/vesolicitudgral?2018,10764,,SolicitudOTAdjuntos HTTP/1.1" 200 11325
192.168.10.96 - - [27/Mar/2018:08:02:30 -0300] "GET /cormun/servlet/vesolicitudgral?2018,10764,,SolicitudOTAdjuntos HTTP/1.1" 200 11327
192.168.10.96 - - [27/Mar/2018:08:02:31 -0300] "POST /cormun/servlet/acontrolpreferencessavestate?None,DZAMUDIO,true HTTP/1.1" 200 35
192.168.10.96 - - [27/Mar/2018:08:02:32 -0300] "GET /cormun/PublicTempStorage/curriculum2033763.pdf HTTP/1.1" 200 292997
200.54.247.70 - - [27/Mar/2018:08:02:32 -0300] "GET /cormun/servlet/hlogin HTTP/1.1" 200 1721
200.54.247.70 - - [27/Mar/2018:08:02:32 -0300] "GET /cormun/static/gxcfg.js?20175251213516 HTTP/1.1" 304 -
200.54.247.70 - - [27/Mar/2018:08:02:32 -0300] "GET /cormun/static/gxtimezone.js?85251 HTTP/1.1" 304 -
200.54.247.70 - - [27/Mar/2018:08:02:32 -0300] "GET /cormun/static/Resources/Spanish/PXTools.css?11423723 HTTP/1.1" 304 -
200.54.247.70 - - [27/Mar/2018:08:02:32 -0300] "GET /cormun/static/gxgral.js?85251 HTTP/1.1" 304 -
200.54.247.70 - - [27/Mar/2018:08:02:32 -0300] "GET /cormun/static/Resources/ComunLogin.png HTTP/1.1" 304 -
200.54.247.70 - - [27/Mar/2018:08:02:32 -0300] "GET /cormun/static/messages.spa.js?85251 HTTP/1.1" 304 -
200.54.247.70 - - [27/Mar/2018:08:02:32 -0300] "GET /cormun/static/hlogin.js?20175251213537 HTTP/1.1" 304 -
200.54.247.70 - - [27/Mar/2018:08:02:32 -0300] "GET /cormun/static/Resources/indicator.gif HTTP/1.1" 304 -
200.54.247.70 - - [27/Mar/2018:08:02:32 -0300] "GET /cormun/servlet/hlogin HTTP/1.1" 200 1732
200.54.247.70 - - [27/Mar/2018:08:02:32 -0300] "GET /cormun/static/Resources/PXToolsLoginBackground.png HTTP/1.1" 304 -
200.54.247.70 - - [27/Mar/2018:08:02:32 -0300] "GET /cormun/static/Resources/PXToolsLoginTop.png HTTP/1.1" 304 -
200.54.247.70 - - [27/Mar/2018:08:02:32 -0300] "GET /cormun/static/Resources/PXToolsButtonLeft21.png HTTP/1.1" 304 -
200.54.247.70 - - [27/Mar/2018:08:02:32 -0300] "GET /cormun/static/Resources/PXToolsButtonRight21.png HTTP/1.1" 304 -
200.54.247.70 - - [27/Mar/2018:08:02:32 -0300] "GET /cormun/static/Resources/PXToolsButtonBackground2.png HTTP/1.1" 304 -
200.54.247.70 - - [27/Mar/2018:08:02:32 -0300] "GET /cormun/static/Resources/PXToolsLoginBottom.png HTTP/1.1" 304 -
186.103.159.188 - - [27/Mar/2018:08:02:37 -0300] "POST /cormun/servlet/hlogin?c02d377c62f99cc418e209aa9ef1cd37,gx-no-cache=1522148505678 HTTP/1.1" 200 431
200.54.247.70 - - [27/Mar/2018:08:02:42 -0300] "POST /cormun/servlet/hlogin?7de61ce118c1f3bdde3ad3859f34c6a0,gx-no-cache=1522148503996 HTTP/1.1" 200 90
200.54.247.70 - - [27/Mar/2018:08:02:42 -0300] "GET /cormun/servlet/hpexe_link HTTP/1.1" 200 953
200.54.247.70 - - [27/Mar/2018:08:02:42 -0300] "GET /cormun/servlet/hhome HTTP/1.1" 200 4237
200.54.247.70 - - [27/Mar/2018:08:02:46 -0300] "GET /cormun/servlet/trsolicitudot? HTTP/1.1" 200 7454
192.168.10.56 - - [27/Mar/2018:08:02:49 -0300] "GET /cormun/servlet/trsolicitudgral? HTTP/1.1" 200 28218
192.168.10.56 - - [27/Mar/2018:08:02:49 -0300] "GET /cormun/static/trsolicitudgral.js?201813119462015 HTTP/1.1" 304 -
200.54.247.70 - - [27/Mar/2018:08:02:49 -0300] "GET /cormun/servlet/solicitudot?INS,0,0, HTTP/1.1" 200 13677
192.168.10.56 - - [27/Mar/2018:08:02:50 -0300] "GET /cormun/servlet/trsolicitudgral? HTTP/1.1" 200 28217
192.168.10.56 - - [27/Mar/2018:08:02:52 -0300] "GET /cormun/static/menuarrow.gif HTTP/1.1" 404 1015
186.103.159.188 - - [27/Mar/2018:08:02:53 -0300] "POST /cormun/servlet/hlogin?c02d377c62f99cc418e209aa9ef1cd37,gx-no-cache=1522148521065 HTTP/1.1" 200 431
186.103.159.188 - - [27/Mar/2018:08:02:57 -0300] "POST /cormun/servlet/hlogin?c02d377c62f99cc418e209aa9ef1cd37,gx-no-cache=1522148525689 HTTP/1.1" 200 428
192.168.10.56 - - [27/Mar/2018:08:03:09 -0300] "POST /cormun/servlet/trsolicitudgral?9d3c4cb1f47b88e3bdca84c53fef8f64,,gx-no-cache=1522148420006 HTTP/1.1" 200 22566
186.103.159.188 - - [27/Mar/2018:08:03:16 -0300] "POST /cormun/servlet/hlogin?c02d377c62f99cc418e209aa9ef1cd37,gx-no-cache=1522148544321 HTTP/1.1" 200 431
186.103.159.188 - - [27/Mar/2018:08:03:35 -0300] "POST /cormun/servlet/hlogin?c02d377c62f99cc418e209aa9ef1cd37,gx-no-cache=1522148563232 HTTP/1.1" 200 428
200.54.247.70 - - [27/Mar/2018:08:03:51 -0300] "POST /cormun/servlet/solicitudot?gx-no-cache=1522148572588 HTTP/1.1" 200 3387
200.54.247.70 - - [27/Mar/2018:08:03:51 -0300] "POST /cormun/servlet/solicitudot?7de61ce118c1f3bdde3ad3859f34c6a0,INS,0,0,,gx-no-cache=1522148573026 HTTP/1.1" 200 10555
186.103.159.188 - - [27/Mar/2018:08:03:52 -0300] "POST /cormun/servlet/hlogin?c02d377c62f99cc418e209aa9ef1cd37,gx-no-cache=1522148580417 HTTP/1.1" 200 431
200.54.247.70 - - [27/Mar/2018:08:03:55 -0300] "GET /cormun/servlet/solicitudot?592ced34ca7170555708f0c637a6db9f7266af4e2c0e10bd1969427e48d04e781612584a2348551785b24e7093685118,gx-no-cache=1522148576612 HTTP/1.1" 200 30
200.54.247.70 - - [27/Mar/2018:08:03:55 -0300] "GET /cormun/servlet/solicitudot?592ced34ca7170555708f0c637a6db9f3d8b039d928a980852b985ba7bb05cd15c80506a9f95934e3fd1a76e81269cda,gx-no-cache=1522148576648 HTTP/1.1" 200 30
200.54.247.70 - - [27/Mar/2018:08:03:55 -0300] "GET /cormun/servlet/solicitudot?592ced34ca7170555708f0c637a6db9f4ca9802621cffc868f89b45f96db5bd7,gx-no-cache=1522148576673 HTTP/1.1" 200 51
200.54.247.70 - - [27/Mar/2018:08:03:55 -0300] "POST /cormun/servlet/solicitudot?gx-no-cache=1522148576705 HTTP/1.1" 200 255
200.54.247.70 - - [27/Mar/2018:08:03:55 -0300] "GET /cormun/servlet/solicitudot?592ced34ca7170555708f0c637a6db9f510406c01e8f4013c58e5a255107b95e7a76ad82ccfe7bc387a985d0e6d2566b0a79ec40d977b54d5e742c34da67f3c2482e0c207e05a8637e9b9e03e580b0cbaaf340e1d9efe7801aa3c47e32f6a0b412175d8082d875abdb7cc6b68806110a2a82382f56402dfb40797896231ed01a77bf0555254b1bf73a6ad87f02addf3fbe44fab7c505bfbba5a0263ab9265771f701abccea45dc3091a8fe5fcdcba1c6fa297ad4d07728c9d8a4641ed549756cea52973093adc28a445baf2c7b37b991b29923e258285108f3411156772393cdc93f5f089a3d56f685c4198cb0a381abef226b845a16fcf9195933a2559baa77e155cfb35d7b31b093c0301f37488d9e8e924d4ea4b7ccb0983c9d4b8c3b9bdc8a115d99bf712a69dbe1020e5e3929d9a477ca7025e000a8c10ea7d2e8f6471e795170a8ccbf6bbfe56c88ab0812556fd8996ae31f78ecc0199abdd2d77c3d8eb97f0d2b5ddaf2b9713c7d4f89fc94060df259114138ec1daefa55fffd15f3be,gx-no-cache=1522148576739 HTTP/1.1" 200 30
200.54.247.70 - - [27/Mar/2018:08:03:57 -0300] "POST /cormun/servlet/solicitudot?gx-no-cache=1522148578684 HTTP/1.1" 200 30
200.54.247.70 - - [27/Mar/2018:08:04:00 -0300] "GET /cormun/servlet/prcontratosol?11971833,,,,,MD,,gxPopupLevel%3D0%3B HTTP/1.1" 200 8445
200.54.247.70 - - [27/Mar/2018:08:04:04 -0300] "POST /cormun/servlet/solicitudot?gx-no-cache=1522148585761 HTTP/1.1" 200 1346
200.54.247.70 - - [27/Mar/2018:08:04:04 -0300] "POST /cormun/servlet/solicitudot?gx-no-cache=1522148585906 HTTP/1.1" 200 38
200.54.247.70 - - [27/Mar/2018:08:04:04 -0300] "GET /cormun/servlet/solicitudot?592ced34ca7170555708f0c637a6db9fce61f392187a6034f0879f0d885e428198c0c1d40fc13c78d0354b5858a2a3a79ada6d615f3db0f650ec7de70b12255b325ff5e0dead70a85ad1c016c9547d63b7b9647ebcf4377cb8d43ca037d4dd6fe024a958d9d3ac6bad2a58285468f270be0dd310bbfa1c1402bb582d337e06f8f336e145cdff61efb2d0ec5204f9e37f4048ef987c610b7c6789e74b5f4a5aca,gx-no-cache=1522148585946 HTTP/1.1" 200 29
200.54.247.70 - - [27/Mar/2018:08:04:04 -0300] "POST /cormun/servlet/solicitudot?gx-no-cache=1522148585977 HTTP/1.1" 200 1329
200.54.247.70 - - [27/Mar/2018:08:04:04 -0300] "POST /cormun/servlet/solicitudot?gx-no-cache=1522148586025 HTTP/1.1" 200 1227
200.54.247.70 - - [27/Mar/2018:08:04:04 -0300] "GET /cormun/servlet/solicitudot?592ced34ca7170555708f0c637a6db9fb5df92cde3e952b81c505251aa7453bf9309767eca6af0b089d7bcf3b6bfacf6,gx-no-cache=1522148586068 HTTP/1.1" 200 30
186.103.159.188 - - [27/Mar/2018:08:04:05 -0300] "POST /cormun/servlet/hlogin?c02d377c62f99cc418e209aa9ef1cd37,gx-no-cache=1522148592983 HTTP/1.1" 200 431
192.168.10.96 - - [27/Mar/2018:08:04:08 -0300] "GET /cormun/servlet/vesolicitudgral?2018,10764,,SolicitudOTAdjuntos HTTP/1.1" 200 11325
192.168.10.96 - - [27/Mar/2018:08:04:09 -0300] "GET /cormun/servlet/vesolicitudgral?2018,10764,,SolicitudOTAdjuntos HTTP/1.1" 200 11326
192.168.10.96 - - [27/Mar/2018:08:04:10 -0300] "POST /cormun/servlet/acontrolpreferencessavestate?None,DZAMUDIO,true HTTP/1.1" 200 35
192.168.10.96 - - [27/Mar/2018:08:04:12 -0300] "POST /cormun/servlet/vesolicitudgral?45fb400c45fe87c2cd39a94729b79ec9,2018,10764,,SolicitudOTAdjuntos,gx-no-cache=1522148483356 HTTP/1.1" 200 90
192.168.10.96 - - [27/Mar/2018:08:04:12 -0300] "GET /cormun/servlet/hpexe_link HTTP/1.1" 200 980
192.168.10.96 - - [27/Mar/2018:08:04:12 -0300] "GET /cormun/servlet/trsolicitudgral? HTTP/1.1" 200 10549
192.168.10.96 - - [27/Mar/2018:08:04:12 -0300] "GET /cormun/servlet/trsolicitudgral? HTTP/1.1" 200 10548
186.103.159.188 - - [27/Mar/2018:08:04:16 -0300] "POST /cormun/servlet/hlogin?c02d377c62f99cc418e209aa9ef1cd37,gx-no-cache=1522148604782 HTTP/1.1" 200 429
200.54.247.70 - - [27/Mar/2018:08:04:20 -0300] "POST /cormun/servlet/solicitudot?gx-no-cache=1522148601367 HTTP/1.1" 200 1330
200.54.247.70 - - [27/Mar/2018:08:04:20 -0300] "POST /cormun/servlet/solicitudot?gx-no-cache=1522148601425 HTTP/1.1" 200 1227
186.103.159.188 - - [27/Mar/2018:08:04:23 -0300] "POST /cormun/servlet/hlogin?c02d377c62f99cc418e209aa9ef1cd37,gx-no-cache=1522148611102 HTTP/1.1" 200 429
200.54.247.70 - - [27/Mar/2018:08:04:27 -0300] "GET /cormun/servlet/solicitudot?592ced34ca7170555708f0c637a6db9fa353fe0b911461811dbd293997160922ebf38abf76aa16c9e381c59f4591966f,gx-no-cache=1522148609133 HTTP/1.1" 200 30
200.54.247.70 - - [27/Mar/2018:08:04:27 -0300] "POST /cormun/servlet/solicitudot?gx-no-cache=1522148609179 HTTP/1.1" 200 33
200.54.247.70 - - [27/Mar/2018:08:04:48 -0300] "POST /cormun/servlet/solicitudot?7de61ce118c1f3bdde3ad3859f34c6a0,INS,0,0,,gx-no-cache=1522148629333 HTTP/1.1" 200 93
200.54.247.70 - - [27/Mar/2018:08:04:49 -0300] "GET /cormun/servlet/hpexe_return? HTTP/1.1" 200 1009
200.54.247.70 - - [27/Mar/2018:08:04:49 -0300] "GET /cormun/static/gxcfg.js?2016101716175148 HTTP/1.1" 304 -
200.54.247.70 - - [27/Mar/2018:08:04:49 -0300] "GET /cormun/servlet/trsolicitudot HTTP/1.1" 200 8842
200.54.247.70 - - [27/Mar/2018:08:04:52 -0300] "POST /cormun/servlet/trsolicitudot?7de61ce118c1f3bdde3ad3859f34c6a0,gx-no-cache=1522148633495 HTTP/1.1" 200 4676
200.54.247.70 - - [27/Mar/2018:08:04:53 -0300] "POST /cormun/servlet/trsolicitudot?7de61ce118c1f3bdde3ad3859f34c6a0,gx-no-cache=1522148634135 HTTP/1.1" 200 4453
200.54.247.70 - - [27/Mar/2018:08:04:53 -0300] "GET /cormun/static/Shared/jqueryui/images/ui-bg_flat_55_fafafa_40x100.png HTTP/1.1" 404 1097
200.54.247.70 - - [27/Mar/2018:08:04:53 -0300] "GET /cormun/static/Shared/jqueryui/images/ui-icons_82798d_256x240.png HTTP/1.1" 404 1089
200.54.247.70 - - [27/Mar/2018:08:04:53 -0300] "GET /cormun/static/Shared/jqueryui/images/ui-bg_highlight-soft_100_c6c2c8_1x100.png HTTP/1.1" 404 1117
200.54.247.70 - - [27/Mar/2018:08:04:53 -0300] "GET /cormun/static/Shared/jqueryui/images/ui-icons_8d78a5_256x240.png HTTP/1.1" 404 1089
200.54.247.70 - - [27/Mar/2018:08:04:55 -0300] "GET /cormun/servlet/trautorizarsolicitud? HTTP/1.1" 200 8730
200.54.247.70 - - [27/Mar/2018:08:04:55 -0300] "GET /cormun/static/gxcfg.js?2017111423403364 HTTP/1.1" 304 -
200.54.247.70 - - [27/Mar/2018:08:04:58 -0300] "POST /cormun/servlet/trautorizarsolicitud?7de61ce118c1f3bdde3ad3859f34c6a0,,gx-no-cache=1522148640118 HTTP/1.1" 200 4605
200.54.247.70 - - [27/Mar/2018:08:04:59 -0300] "POST /cormun/servlet/trautorizarsolicitud?7de61ce118c1f3bdde3ad3859f34c6a0,,gx-no-cache=1522148640410 HTTP/1.1" 200 4386
200.54.247.70 - - [27/Mar/2018:08:04:59 -0300] "GET /cormun/static/Shared/jqueryui/images/ui-icons_8d78a5_256x240.png HTTP/1.1" 404 1089
200.54.247.70 - - [27/Mar/2018:08:04:59 -0300] "GET /cormun/static/Shared/jqueryui/images/ui-icons_82798d_256x240.png HTTP/1.1" 404 1089
200.54.247.70 - - [27/Mar/2018:08:04:59 -0300] "GET /cormun/static/Shared/jqueryui/images/ui-bg_highlight-soft_100_c6c2c8_1x100.png HTTP/1.1" 404 1117
200.54.247.70 - - [27/Mar/2018:08:04:59 -0300] "GET /cormun/static/Shared/jqueryui/images/ui-bg_flat_55_fafafa_40x100.png HTTP/1.1" 404 1097
190.161.236.41 - - [27/Mar/2018:08:05:14 -0300] "POST /cormun/servlet/hlogin?c02d377c62f99cc418e209aa9ef1cd37,gx-no-cache=1522148662417 HTTP/1.1" 200 90
190.161.236.41 - - [27/Mar/2018:08:05:14 -0300] "GET /cormun/servlet/hpexe_link HTTP/1.1" 200 953
190.161.236.41 - - [27/Mar/2018:08:05:14 -0300] "GET /cormun/static/gxcfg.js?20177612121792 HTTP/1.1" 304 -
190.161.236.41 - - [27/Mar/2018:08:05:14 -0300] "GET /cormun/servlet/hhome HTTP/1.1" 200 3950
190.161.236.41 - - [27/Mar/2018:08:05:15 -0300] "GET /cormun/static/gxcfg.js?20175251212442 HTTP/1.1" 304 -
190.161.236.41 - - [27/Mar/2018:08:05:15 -0300] "GET /cormun/servlet/hhome HTTP/1.1" 200 3947
190.161.236.41 - - [27/Mar/2018:08:05:30 -0300] "GET /cormun/servlet/trsolicitudot? HTTP/1.1" 200 7162
190.161.236.41 - - [27/Mar/2018:08:05:30 -0300] "GET /cormun/static/gxcfg.js?2017111422585916 HTTP/1.1" 304 -
190.161.236.41 - - [27/Mar/2018:08:05:30 -0300] "GET /cormun/servlet/trsolicitudot? HTTP/1.1" 200 7161
192.168.10.56 - - [27/Mar/2018:08:05:38 -0300] "POST /cormun/servlet/trsolicitudgral?9d3c4cb1f47b88e3bdca84c53fef8f64,,gx-no-cache=1522148569687 HTTP/1.1" 200 8721
190.161.236.41 - - [27/Mar/2018:08:06:18 -0300] "POST /cormun/servlet/trsolicitudot?c02d377c62f99cc418e209aa9ef1cd37,,gx-no-cache=1522148726688 HTTP/1.1" 200 4295
190.161.236.41 - - [27/Mar/2018:08:06:22 -0300] "GET /cormun/servlet/solicitudot?INS,0,0, HTTP/1.1" 200 13399
190.161.236.41 - - [27/Mar/2018:08:06:23 -0300] "GET /cormun/servlet/solicitudot?INS,0,0, HTTP/1.1" 200 13404
186.103.159.188 - - [27/Mar/2018:08:06:41 -0300] "POST /cormun/servlet/solicitudot?gx-no-cache=1522148749487 HTTP/1.1" 200 3403
186.103.159.188 - - [27/Mar/2018:08:06:42 -0300] "POST /cormun/servlet/solicitudot?c02d377c62f99cc418e209aa9ef1cd37,INS,0,0,,gx-no-cache=1522148749660 HTTP/1.1" 200 10375
186.103.159.188 - - [27/Mar/2018:08:06:46 -0300] "GET /cormun/servlet/solicitudot?cda4770a13444fa453e6a4c1451f6da60be9364ce56d4a74cdf2b09b24ba58365bf64b12b8fea850ab176989f6ddceca,gx-no-cache=1522148754488 HTTP/1.1" 200 30
186.103.159.188 - - [27/Mar/2018:08:06:46 -0300] "GET /cormun/servlet/solicitudot?cda4770a13444fa453e6a4c1451f6da6d09aa5c4c1d6101fdba501589da38bd0b3c7782b56ded9d0cf967ce35c696cde04966dd98dd7564a747cfed10cae6f4d,gx-no-cache=1522148754543 HTTP/1.1" 200 30
186.103.159.188 - - [27/Mar/2018:08:06:46 -0300] "GET /cormun/servlet/solicitudot?cda4770a13444fa453e6a4c1451f6da6843950f3770ccb347f0685692146d285,gx-no-cache=1522148754579 HTTP/1.1" 200 53
186.103.159.188 - - [27/Mar/2018:08:06:46 -0300] "POST /cormun/servlet/solicitudot?gx-no-cache=1522148754615 HTTP/1.1" 200 255
186.103.159.188 - - [27/Mar/2018:08:06:46 -0300] "GET /cormun/servlet/solicitudot?cda4770a13444fa453e6a4c1451f6da611d1eaa1fcc1b2fc4b7dd093bca3788b7cad47912e8acd3c3e48ebb18f1901fbe483052567ccc55e8007afbcbf789370aa535071dd2df4553078d94bafee2f0ae1f615db689e054b046a25b95c5d1fd55aeb6775d8e3d1309a00d999e0171f4544a578297ab89a8e10c68854b4de3fadf8350f99cc6a954e8bfd2091c1f7edc8b2638a07642f3ceb936a0e263246aa39e44f56e88a7a2fa33af85b51b81c40860332f44a583ac6adc66d90b0845f481615ee0e2318bdd81823aa8a9bc967c5ebaa243f636d277005b26fbfb19e64a30df0189da755a015bd3d7ebdadc78100c11e95bec004113722abcb78d0deca4f1780ec836f95e47493647bdb1c69714c0cf78a8cecb9cc1d8ddab2fea5a78007f6e21de65d77cd7d4cf174fb195c92cdf66b296b896eb93dd822980bacffbb2d2de3f32e081d7b868db0174011ec4929885340d89982987013a188e06b7bff7b40ba75a8455f445da3bb15c2df7db53cb2a2a00d6c114c5fb8041e216c2f8b2d66,gx-no-cache=1522148754649 HTTP/1.1" 200 30
186.103.159.188 - - [27/Mar/2018:08:06:49 -0300] "POST /cormun/servlet/solicitudot?gx-no-cache=1522148757470 HTTP/1.1" 200 30
186.103.159.188 - - [27/Mar/2018:08:06:56 -0300] "GET /cormun/servlet/prcontratosol?17526326,,,,,MD,,gxPopupLevel%3D0%3B HTTP/1.1" 200 8340
186.103.159.188 - - [27/Mar/2018:08:07:03 -0300] "POST /cormun/servlet/solicitudot?gx-no-cache=1522148770927 HTTP/1.1" 200 1346
186.103.159.188 - - [27/Mar/2018:08:07:03 -0300] "POST /cormun/servlet/solicitudot?gx-no-cache=1522148771006 HTTP/1.1" 200 38
186.103.159.188 - - [27/Mar/2018:08:07:03 -0300] "GET /cormun/servlet/solicitudot?cda4770a13444fa453e6a4c1451f6da6684cab3d9f5d75342653b2283e49000ab4408c3001106c4fdd82243f07a6eab896b50093904b9bcf1949764915c3dc6dda3891d46b2bd4343d1680bc9cbaf22a1da264d1ea75bab1fd3e00cd405071d6f0cea26f996b90fa87da325aa59aa4d14eaff5b8294c8db750b76da0169b808e98d4a8a12ba04b87ae9e1e5453437c36d279d5efe0d4dd720432448b2b47ca9d,gx-no-cache=1522148771282 HTTP/1.1" 200 29
186.103.159.188 - - [27/Mar/2018:08:07:04 -0300] "POST /cormun/servlet/solicitudot?gx-no-cache=1522148771333 HTTP/1.1" 200 1329
186.103.159.188 - - [27/Mar/2018:08:07:04 -0300] "POST /cormun/servlet/solicitudot?gx-no-cache=1522148772420 HTTP/1.1" 200 1227
186.103.159.188 - - [27/Mar/2018:08:07:04 -0300] "GET /cormun/servlet/solicitudot?cda4770a13444fa453e6a4c1451f6da6486024ec1b30583d6d47bffcd16ed1b466381d462d18ddef8527f584ef6afd3a,gx-no-cache=1522148772502 HTTP/1.1" 200 30
200.111.191.210 - - [27/Mar/2018:08:07:05 -0300] "GET /cormun/servlet/hlogin HTTP/1.1" 200 1736
200.111.191.210 - - [27/Mar/2018:08:07:12 -0300] "POST /cormun/servlet/hlogin?ce7f298183361ad3d62b8a4d42c97846,gx-no-cache=1522148784737 HTTP/1.1" 200 446
200.111.191.210 - - [27/Mar/2018:08:07:15 -0300] "POST /cormun/servlet/hlogin?ce7f298183361ad3d62b8a4d42c97846,gx-no-cache=1522148788127 HTTP/1.1" 200 446
200.111.191.210 - - [27/Mar/2018:08:07:17 -0300] "POST /cormun/servlet/hlogin?ce7f298183361ad3d62b8a4d42c97846,gx-no-cache=1522148789997 HTTP/1.1" 200 90
200.111.191.210 - - [27/Mar/2018:08:07:17 -0300] "GET /cormun/servlet/hpexe_link HTTP/1.1" 200 951
200.111.191.210 - - [27/Mar/2018:08:07:17 -0300] "GET /cormun/servlet/hhome HTTP/1.1" 200 3956
200.111.191.210 - - [27/Mar/2018:08:07:18 -0300] "GET /cormun/servlet/hhome HTTP/1.1" 200 3953
186.103.159.188 - - [27/Mar/2018:08:07:22 -0300] "POST /cormun/servlet/solicitudot?gx-no-cache=1522148790484 HTTP/1.1" 200 1330
186.103.159.188 - - [27/Mar/2018:08:07:22 -0300] "POST /cormun/servlet/solicitudot?gx-no-cache=1522148790586 HTTP/1.1" 200 1227
186.103.159.188 - - [27/Mar/2018:08:07:22 -0300] "POST /cormun/servlet/solicitudot?gx-no-cache=1522148790661 HTTP/1.1" 200 33
186.103.159.188 - - [27/Mar/2018:08:07:23 -0300] "POST /cormun/servlet/solicitudot?c02d377c62f99cc418e209aa9ef1cd37,INS,0,0,,gx-no-cache=1522148790751 HTTP/1.1" 200 93
186.103.159.188 - - [27/Mar/2018:08:07:23 -0300] "GET /cormun/servlet/hpexe_return? HTTP/1.1" 200 1008
186.103.159.188 - - [27/Mar/2018:08:07:23 -0300] "GET /cormun/static/gxcfg.js?2016101716175148 HTTP/1.1" 304 -
186.103.159.188 - - [27/Mar/2018:08:07:23 -0300] "GET /cormun/servlet/trsolicitudot? HTTP/1.1" 200 8583
200.111.191.210 - - [27/Mar/2018:08:07:23 -0300] "GET /cormun/servlet/trsolicitudot? HTTP/1.1" 200 7172
186.103.159.188 - - [27/Mar/2018:08:07:24 -0300] "GET /cormun/servlet/trsolicitudot? HTTP/1.1" 200 8578
200.111.191.210 - - [27/Mar/2018:08:07:24 -0300] "GET /cormun/servlet/trsolicitudot? HTTP/1.1" 200 7171
200.111.191.210 - - [27/Mar/2018:08:07:32 -0300] "POST /cormun/servlet/trsolicitudot?ce7f298183361ad3d62b8a4d42c97846,,gx-no-cache=1522148804141 HTTP/1.1" 200 4280
200.54.247.70 - - [27/Mar/2018:08:07:37 -0300] "GET /cormun/servlet/trsolicitudot? HTTP/1.1" 200 7454
200.54.247.70 - - [27/Mar/2018:08:07:40 -0300] "GET /cormun/servlet/solicitudot?INS,0,0, HTTP/1.1" 200 13681
190.161.236.41 - - [27/Mar/2018:08:07:51 -0300] "POST /cormun/servlet/trsolicitudot?c02d377c62f99cc418e209aa9ef1cd37,,gx-no-cache=1522148819050 HTTP/1.1" 200 4502
190.161.236.41 - - [27/Mar/2018:08:07:51 -0300] "GET /cormun/static/Shared/jqueryui/images/ui-bg_highlight-soft_100_c6c2c8_1x100.png HTTP/1.1" 404 1117
186.103.159.188 - - [27/Mar/2018:08:07:51 -0300] "GET /cormun/static/Shared/jqueryui/images/ui-icons_82798d_256x240.png HTTP/1.1" 404 1089
186.103.159.188 - - [27/Mar/2018:08:07:51 -0300] "GET /cormun/static/Shared/jqueryui/images/ui-icons_8d78a5_256x240.png HTTP/1.1" 404 1089
190.161.236.41 - - [27/Mar/2018:08:07:51 -0300] "GET /cormun/static/Shared/jqueryui/images/ui-bg_flat_55_fafafa_40x100.png HTTP/1.1" 404 1097
190.161.236.41 - - [27/Mar/2018:08:07:51 -0300] "POST /cormun/servlet/trsolicitudot?c02d377c62f99cc418e209aa9ef1cd37,,gx-no-cache=1522148819479 HTTP/1.1" 200 4281
200.54.247.70 - - [27/Mar/2018:08:07:53 -0300] "POST /cormun/servlet/solicitudot?gx-no-cache=1522148814266 HTTP/1.1" 200 3402
200.54.247.70 - - [27/Mar/2018:08:07:53 -0300] "POST /cormun/servlet/solicitudot?7de61ce118c1f3bdde3ad3859f34c6a0,INS,0,0,,gx-no-cache=1522148814519 HTTP/1.1" 200 10570
200.54.247.70 - - [27/Mar/2018:08:07:57 -0300] "GET /cormun/servlet/solicitudot?592ced34ca7170555708f0c637a6db9f9d251512ddec9649681522cb5c7bfcc11612584a2348551785b24e7093685118,gx-no-cache=1522148819199 HTTP/1.1" 200 30
200.54.247.70 - - [27/Mar/2018:08:07:58 -0300] "GET /cormun/servlet/solicitudot?592ced34ca7170555708f0c637a6db9f48f9e421d5d68d4a0fd39caad968072ca8ad072c864eddb4175cc02b867e803f3ae8a832251c00ee30c21e0ef1fae154,gx-no-cache=1522148819265 HTTP/1.1" 200 30
200.54.247.70 - - [27/Mar/2018:08:07:58 -0300] "GET /cormun/servlet/solicitudot?592ced34ca7170555708f0c637a6db9f526eae49fc079d444d08f5a87b4c8da2,gx-no-cache=1522148819319 HTTP/1.1" 200 123
200.54.247.70 - - [27/Mar/2018:08:07:58 -0300] "POST /cormun/servlet/solicitudot?gx-no-cache=1522148819400 HTTP/1.1" 200 255
200.54.247.70 - - [27/Mar/2018:08:07:58 -0300] "GET /cormun/servlet/solicitudot?592ced34ca7170555708f0c637a6db9f510406c01e8f4013c58e5a255107b95e7a76ad82ccfe7bc387a985d0e6d2566b0a79ec40d977b54d5e742c34da67f3c2482e0c207e05a8637e9b9e03e580b0cbaaf340e1d9efe7801aa3c47e32f6a0b412175d8082d875abdb7cc6b68806110a2a82382f56402dfb40797896231ed01a77bf0555254b1bf73a6ad87f02addf3fbe44fab7c505bfbba5a0263ab9265771f701abccea45dc3091a8fe5fcdcba1c6fa297ad4d07728c9d8a4641ed549756cea52973093adc28a445baf2c7b37b991b29923e258285108f3411156772393cdc93f5f089a3d56f685c4198cb0a381abef226b845a16fcf9195933a2559baa77e155cfb35d7b31b093c0301f37488d9e8e924d4ea4b7ccb0983c9d4b8c3b9bdc8a115d99bf712a69dbe1020e5e3929d9a477ca7025e000a8c10ea7d2e8f6471e795170a8ccbf6bbfe56c88ab0812556fd8996ae31f78ecc0199abdd2d77c3d8eb97f0d2b5ddaf2b9713c7d4f89fc94060df259114138ec1daefa55fffd15f3be,gx-no-cache=1522148819463 HTTP/1.1" 200 30
200.54.247.70 - - [27/Mar/2018:08:07:58 -0300] "GET /cormun/static/Shared/jqueryui/images/ui-bg_highlight-soft_100_c6c2c8_1x100.png HTTP/1.1" 404 1117
200.54.247.70 - - [27/Mar/2018:08:07:58 -0300] "GET /cormun/static/Shared/jqueryui/images/ui-icons_82798d_256x240.png HTTP/1.1" 404 1089
200.54.247.70 - - [27/Mar/2018:08:07:58 -0300] "GET /cormun/static/Shared/jqueryui/images/ui-bg_flat_55_994d53_40x100.png HTTP/1.1" 404 1097
200.54.247.70 - - [27/Mar/2018:08:07:58 -0300] "GET /cormun/static/Shared/jqueryui/images/ui-icons_ebccce_256x240.png HTTP/1.1" 404 1089
200.54.247.70 - - [27/Mar/2018:08:08:04 -0300] "GET /cormun/servlet/prbanco?,MD,,gxPopupLevel%3D0%3B HTTP/1.1" 200 6677
200.54.247.70 - - [27/Mar/2018:08:08:04 -0300] "GET /cormun/static/gxcfg.js?20181161016094 HTTP/1.1" 304 -
192.168.10.96 - - [27/Mar/2018:08:08:13 -0300] "GET /cormun/servlet/trsolicitudgral? HTTP/1.1" 200 9210
192.168.10.96 - - [27/Mar/2018:08:08:13 -0300] "GET /cormun/servlet/trsolicitudgral? HTTP/1.1" 200 9210
192.168.10.96 - - [27/Mar/2018:08:08:14 -0300] "GET /cormun/servlet/trsolicitudgral? HTTP/1.1" 200 9210
192.168.10.96 - - [27/Mar/2018:08:08:14 -0300] "GET /cormun/servlet/trsolicitudgral? HTTP/1.1" 200 9210
200.54.247.70 - - [27/Mar/2018:08:08:50 -0300] "GET /cormun/servlet/solicitudot?592ced34ca7170555708f0c637a6db9fe4681bb1219925e9b950d4bbbcdd7c33,gx-no-cache=1522148872118 HTTP/1.1" 200 45
200.54.247.70 - - [27/Mar/2018:08:09:09 -0300] "POST /cormun/servlet/solicitudot?gx-no-cache=1522148890396 HTTP/1.1" 200 255
200.54.247.70 - - [27/Mar/2018:08:09:09 -0300] "GET /cormun/servlet/solicitudot?592ced34ca7170555708f0c637a6db9f510406c01e8f4013c58e5a255107b95e7a76ad82ccfe7bc387a985d0e6d2566b0a79ec40d977b54d5e742c34da67f3c2482e0c207e05a8637e9b9e03e580b0cbaaf340e1d9efe7801aa3c47e32f6a0b412175d8082d875abdb7cc6b68806110a2a82382f56402dfb40797896231ed01a77bf0555254b1bf73a6ad87f02addf3fbe44fab7c505bfbba5a0263ab9265771f701abccea45dc3091a8fe5fcdcba1c6fa297ad4d07728c9d8a4641ed549756cea52973093adc28a445baf2c7b37b991b29923e258285108f3411156772393cdc93f5f089a3d56f685c4198cb0a381abef226b845a16fcf9195933a2559baa77e155cfb35d7b31b093c0301f37488d9e8e924d4ea4b7ccb0983c9d4b8c3b9bdc8a115d99bf712a69dbe1020e5e3929d9a477ca7025e000a8c10ea7d2e8f6471e795170a8ccbf6bbfe56c88ab0812556fd8996ae31f78ecc0199abdd2d77c3d8eb97f0d2b5ddaf2b9713c7d4f89fc9406511ef22e61ae60853a16bdcc7efff6a2,gx-no-cache=1522148890440 HTTP/1.1" 200 30
200.54.247.70 - - [27/Mar/2018:08:09:11 -0300] "POST /cormun/servlet/solicitudot?gx-no-cache=1522148892949 HTTP/1.1" 200 30
200.54.247.70 - - [27/Mar/2018:08:09:13 -0300] "GET /cormun/servlet/prcontratosol?18039844,,,,,MD,,gxPopupLevel%3D0%3B HTTP/1.1" 200 8053
200.54.247.70 - - [27/Mar/2018:08:09:17 -0300] "POST /cormun/servlet/solicitudot?gx-no-cache=1522148898594 HTTP/1.1" 200 1346
200.54.247.70 - - [27/Mar/2018:08:09:17 -0300] "POST /cormun/servlet/solicitudot?gx-no-cache=1522148898762 HTTP/1.1" 200 38
200.54.247.70 - - [27/Mar/2018:08:09:17 -0300] "GET /cormun/servlet/solicitudot?592ced34ca7170555708f0c637a6db9fce61f392187a6034f0879f0d885e428198c0c1d40fc13c78d0354b5858a2a3a79ada6d615f3db0f650ec7de70b12255b325ff5e0dead70a85ad1c016c9547d63b7b9647ebcf4377cb8d43ca037d4dd6fe024a958d9d3ac6bad2a58285468f270be0dd310bbfa1c1402bb582d337e06f8f336e145cdff61efb2d0ec5204f9e37f4048ef987c610b7c6789e74b5f4a5aca,gx-no-cache=1522148898805 HTTP/1.1" 200 29
200.54.247.70 - - [27/Mar/2018:08:09:17 -0300] "POST /cormun/servlet/solicitudot?gx-no-cache=1522148898850 HTTP/1.1" 200 1329
200.54.247.70 - - [27/Mar/2018:08:09:17 -0300] "POST /cormun/servlet/solicitudot?gx-no-cache=1522148898915 HTTP/1.1" 200 1227
200.54.247.70 - - [27/Mar/2018:08:09:17 -0300] "GET /cormun/servlet/solicitudot?592ced34ca7170555708f0c637a6db9fb5df92cde3e952b81c505251aa7453bf9309767eca6af0b089d7bcf3b6bfacf6,gx-no-cache=1522148898970 HTTP/1.1" 200 30
200.54.247.70 - - [27/Mar/2018:08:10:33 -0300] "POST /cormun/servlet/solicitudot?gx-no-cache=1522148974581 HTTP/1.1" 200 1329
200.54.247.70 - - [27/Mar/2018:08:10:33 -0300] "POST /cormun/servlet/solicitudot?gx-no-cache=1522148974751 HTTP/1.1" 200 1227
200.54.247.70 - - [27/Mar/2018:08:10:33 -0300] "POST /cormun/servlet/solicitudot?gx-no-cache=1522148974808 HTTP/1.1" 200 33
200.54.247.70 - - [27/Mar/2018:08:10:33 -0300] "POST /cormun/servlet/solicitudot?7de61ce118c1f3bdde3ad3859f34c6a0,INS,0,0,,gx-no-cache=1522148974919 HTTP/1.1" 200 93
200.54.247.70 - - [27/Mar/2018:08:10:34 -0300] "GET /cormun/servlet/hpexe_return? HTTP/1.1" 200 1009
200.54.247.70 - - [27/Mar/2018:08:10:34 -0300] "GET /cormun/servlet/trsolicitudot HTTP/1.1" 200 8871
200.54.247.70 - - [27/Mar/2018:08:10:37 -0300] "POST /cormun/servlet/trsolicitudot?7de61ce118c1f3bdde3ad3859f34c6a0,gx-no-cache=1522148978467 HTTP/1.1" 200 4700
200.54.247.70 - - [27/Mar/2018:08:10:37 -0300] "POST /cormun/servlet/trsolicitudot?7de61ce118c1f3bdde3ad3859f34c6a0,gx-no-cache=1522148978795 HTTP/1.1" 200 4454
200.54.247.70 - - [27/Mar/2018:08:10:37 -0300] "GET /cormun/static/Shared/jqueryui/images/ui-bg_flat_55_fafafa_40x100.png HTTP/1.1" 404 1097
200.54.247.70 - - [27/Mar/2018:08:10:37 -0300] "GET /cormun/static/Shared/jqueryui/images/ui-icons_8d78a5_256x240.png HTTP/1.1" 404 1089
200.54.247.70 - - [27/Mar/2018:08:10:37 -0300] "GET /cormun/static/Shared/jqueryui/images/ui-bg_highlight-soft_100_c6c2c8_1x100.png HTTP/1.1" 404 1117
200.54.247.70 - - [27/Mar/2018:08:10:37 -0300] "GET /cormun/static/Shared/jqueryui/images/ui-icons_82798d_256x240.png HTTP/1.1" 404 1089
192.168.10.96 - - [27/Mar/2018:08:10:40 -0300] "POST /cormun/servlet/trsolicitudgral?45fb400c45fe87c2cd39a94729b79ec9,,gx-no-cache=1522148871769 HTTP/1.1" 200 7317
200.54.247.70 - - [27/Mar/2018:08:10:48 -0300] "GET /cormun/servlet/trautorizarsolicitud? HTTP/1.1" 200 8760
200.54.247.70 - - [27/Mar/2018:08:10:52 -0300] "POST /cormun/servlet/trautorizarsolicitud?7de61ce118c1f3bdde3ad3859f34c6a0,,gx-no-cache=1522148992880 HTTP/1.1" 200 4631
200.54.247.70 - - [27/Mar/2018:08:10:52 -0300] "POST /cormun/servlet/trautorizarsolicitud?7de61ce118c1f3bdde3ad3859f34c6a0,,gx-no-cache=1522148993631 HTTP/1.1" 200 4386
200.54.247.70 - - [27/Mar/2018:08:10:52 -0300] "GET /cormun/static/Shared/jqueryui/images/ui-icons_8d78a5_256x240.png HTTP/1.1" 404 1089
200.54.247.70 - - [27/Mar/2018:08:10:52 -0300] "GET /cormun/static/Shared/jqueryui/images/ui-bg_flat_55_fafafa_40x100.png HTTP/1.1" 404 1097
200.54.247.70 - - [27/Mar/2018:08:10:52 -0300] "GET /cormun/static/Shared/jqueryui/images/ui-bg_highlight-soft_100_c6c2c8_1x100.png HTTP/1.1" 404 1117
200.54.247.70 - - [27/Mar/2018:08:10:52 -0300] "GET /cormun/static/Shared/jqueryui/images/ui-icons_82798d_256x240.png HTTP/1.1" 404 1089
207.46.13.202 - - [27/Mar/2018:08:13:17 -0300] "GET /cormun/servlet/trautorizarsolicitud HTTP/1.1" 200 6269
40.77.167.84 - - [27/Mar/2018:08:13:31 -0300] "GET /cormun/static/PXToolsJavascripts/pexe_menus.js HTTP/1.1" 200 1286
40.77.167.84 - - [27/Mar/2018:08:13:32 -0300] "GET /cormun/static/Resources/Spanish/PXTools.css?1255365 HTTP/1.1" 200 89042
40.77.167.84 - - [27/Mar/2018:08:13:33 -0300] "GET /cormun/static/PXToolsJavascripts/pexe_menus.js HTTP/1.1" 200 1286
40.77.167.84 - - [27/Mar/2018:08:13:33 -0300] "GET /cormun/static/Resources/PXToolsGridPreviousDisabled.gif HTTP/1.1" 200 90
207.46.13.202 - - [27/Mar/2018:08:13:33 -0300] "GET /cormun/static/trautorizarsolicitud.js?201711142340425 HTTP/1.1" 200 53910
40.77.167.84 - - [27/Mar/2018:08:13:34 -0300] "GET /cormun/static/Resources/Spanish/PXTools.css?1255365 HTTP/1.1" 200 89042
207.46.13.202 - - [27/Mar/2018:08:13:34 -0300] "GET /cormun/static/Resources/PXToolsGridNextDisabled.gif HTTP/1.1" 200 90
207.46.13.202 - - [27/Mar/2018:08:13:34 -0300] "GET /cormun/static/trautorizarsolicitud.js?201711142340425 HTTP/1.1" 200 53910
40.77.167.136 - - [27/Mar/2018:08:13:48 -0300] "GET /cormun/static/Shared/ext/resources/css/ext-all.css?215870 HTTP/1.1" 200 416045
40.77.167.136 - - [27/Mar/2018:08:13:48 -0300] "GET /cormun/static/gxcfg.js?2017111423403364 HTTP/1.1" 200 953
40.77.167.136 - - [27/Mar/2018:08:13:49 -0300] "GET /cormun/static/messages.spa.js?85251 HTTP/1.1" 200 30736
40.77.167.136 - - [27/Mar/2018:08:13:50 -0300] "GET /cormun/static/Shared/ext/resources/css/ext-all.css?215870 HTTP/1.1" 200 416045
40.77.167.136 - - [27/Mar/2018:08:13:51 -0300] "GET /cormun/static/gxcfg.js?2017111423403364 HTTP/1.1" 200 953
40.77.167.136 - - [27/Mar/2018:08:13:51 -0300] "GET /cormun/static/messages.spa.js?85251 HTTP/1.1" 200 30736
192.168.10.56 - - [27/Mar/2018:08:15:28 -0300] "POST /cormun/servlet/trsolicitudgral?9d3c4cb1f47b88e3bdca84c53fef8f64,,gx-no-cache=1522149159418 HTTP/1.1" 200 9288
192.168.10.56 - - [27/Mar/2018:08:18:35 -0300] "GET /cormun/servlet/solicitudgral?UPD,2018,10852, HTTP/1.1" 200 12939
192.168.10.56 - - [27/Mar/2018:08:18:36 -0300] "GET /cormun/servlet/solicitudgral?UPD,2018,10852, HTTP/1.1" 200 12948
192.168.10.56 - - [27/Mar/2018:08:18:36 -0300] "GET /cormun/servlet/solicitudgral?UPD,2018,10852, HTTP/1.1" 200 12948
192.168.10.56 - - [27/Mar/2018:08:18:36 -0300] "GET /cormun/servlet/solicitudgral?UPD,2018,10852, HTTP/1.1" 200 12948
192.168.10.56 - - [27/Mar/2018:08:18:37 -0300] "POST /cormun/servlet/solicitudgral?gx-no-cache=1522149348325 HTTP/1.1" 200 3906
192.168.10.56 - - [27/Mar/2018:08:18:37 -0300] "GET /cormun/servlet/solicitudgral?bb6aa73548c6d59d572e53b1bb76497d4d061e230aa569927ff6861f499e04211260de211ea738ef2464615ef044f144f2e5f17f767d62bd20dfc8adf2687191be5652ad8c23d13fb31462e39a8c9e90aac1c260b2dadf05d37f00a4e00f4ed1f18341aaa990d62c4089f7758163d927853412b0fb23bc4ce1027f38e2678f92892f40635e652d2ec4f37b1c598c08f45c6066690f76e03a3270dbf8ba1fdac64707cce7850124a13e41fa082065803943b52c6497e22b56ffc3a56f7f02d9d9f77c24cb7c30310c4c9976f66eb992c0500098b448a731ba6f9d5ee02d86e0a73bde18f4270a1ff846809c4c6c479cb44af44a2fa5d63241c883ca4f4549cccee7832616201bc04e32bd160085269c075ec86d170c661a5d25562d11e64bef06d719cd6413256cb0fac6e3a745f307a240009684c90572b362b25d4ad837814e837dc1e63f1fb2d9d6e988135497ea9b,gx-no-cache=1522149348540 HTTP/1.1" 200 256
192.168.10.56 - - [27/Mar/2018:08:18:41 -0300] "GET /cormun/servlet/solicitudgral?bb6aa73548c6d59d572e53b1bb76497dd948cf24bb03412e1196d05a87b2b48520420481d1eee61983460e65f1a2050ee7832616201bc04e32bd160085269c0711f5b4013f88b110606b1d1b48da875e7ba1307bb2413d9d01d370a3dd3a92bcd2a4bf43dde86f19a368e92f67f4c11f7f608a072b9e9a7a8d0e37ab9b76db5d87d699c960f329e93f000bf9f4c1e126fc7d10bf8bdf28a18b774ac06bc6b7151feadf2212ea2b4cab7b36d56f2541869ff200ba80847c3290a523184a69607ece0aa0d40a6d7459b2c9a5ed4285667773af793d6efcebf0c63b661499e0a235cac0556423f288c5fd92e0e608f724287e51fe1a30512b64c18959b9e36d53e96630243178c5b32faeb751ed95a8facfe0411d76d81354c2384cd28cce7b558f578b325feab3c305b83ff3958cc4f5fb247f23add5ec35f8c85648f362e5aa6fca536b347d47a28e3b4b593da7c54ce0e145e969b688346a9716f0b3c34caa406630243178c5b32faeb751ed95a8facf4d26b0aba111a67f621ab528451e8a23d86871789ea469ea2e45c44556e0b92713e39f8a08d3ac98e3e5dad498305968bc371485d86501c668ed65b5eb345ea0,gx-no-cache=1522149352331 HTTP/1.1" 200 48
192.168.10.56 - - [27/Mar/2018:08:18:41 -0300] "POST /cormun/servlet/solicitudgral?9d3c4cb1f47b88e3bdca84c53fef8f64,UPD,2018,10852,,gx-no-cache=1522149352404 HTTP/1.1" 200 11815
192.168.10.56 - - [27/Mar/2018:08:18:41 -0300] "GET /cormun/servlet/solicitudgral?bb6aa73548c6d59d572e53b1bb76497d05f8a9ef654d4862e4e365b9ab50cc716357fbb33aeed66be40e03e1f4c71e6a56b5589e89638fdebd324b6d69181bc3f70cdf63f60ebc1954a8178d2100ce0a36b7a3fa60b8b6eb461457ba231861391f0faf53d3c0218314595fadbc6c540a,gx-no-cache=1522149352574 HTTP/1.1" 200 29
192.168.10.56 - - [27/Mar/2018:08:18:41 -0300] "POST /cormun/servlet/solicitudgral?gx-no-cache=1522149352589 HTTP/1.1" 200 1304
192.168.10.56 - - [27/Mar/2018:08:18:41 -0300] "POST /cormun/servlet/solicitudgral?gx-no-cache=1522149352614 HTTP/1.1" 200 1226
192.168.10.56 - - [27/Mar/2018:08:18:51 -0300] "POST /cormun/servlet/solicitudgral?9d3c4cb1f47b88e3bdca84c53fef8f64,UPD,2018,10852,,gx-no-cache=1522149362107 HTTP/1.1" 200 12051
192.168.10.56 - - [27/Mar/2018:08:18:51 -0300] "GET /cormun/static/Shared/jqueryui/images/ui-bg_highlight-soft_100_c6c2c8_1x100.png HTTP/1.1" 404 1117
192.168.10.56 - - [27/Mar/2018:08:18:51 -0300] "GET /cormun/static/Shared/jqueryui/images/ui-icons_ebccce_256x240.png HTTP/1.1" 404 1089
192.168.10.56 - - [27/Mar/2018:08:18:51 -0300] "GET /cormun/static/Shared/jqueryui/images/ui-bg_flat_55_994d53_40x100.png HTTP/1.1" 404 1097
192.168.10.56 - - [27/Mar/2018:08:18:51 -0300] "GET /cormun/static/Shared/jqueryui/images/ui-icons_82798d_256x240.png HTTP/1.1" 404 1089
192.168.10.56 - - [27/Mar/2018:08:18:57 -0300] "GET /cormun/static/menuarrow.gif HTTP/1.1" 404 1015
186.103.159.204 - - [27/Mar/2018:08:19:03 -0300] "GET /cormun/servlet/trsolicitudot? HTTP/1.1" 200 6385
186.103.159.204 - - [27/Mar/2018:08:19:04 -0300] "GET /cormun/static/gxcfg.js?2017111422585916 HTTP/1.1" 200 953
186.103.159.204 - - [27/Mar/2018:08:19:04 -0300] "GET /cormun/servlet/hlogin HTTP/1.1" 200 1741
186.103.159.204 - - [27/Mar/2018:08:19:04 -0300] "GET /cormun/servlet/trsolicitudot? HTTP/1.1" 200 6396
186.103.159.204 - - [27/Mar/2018:08:19:05 -0300] "GET /cormun/static/Shared/ext/resources/themes/images/default/panel/bg-headersPanel.png HTTP/1.1" 200 255
192.168.10.96 - - [27/Mar/2018:08:19:11 -0300] "POST /cormun/servlet/trsolicitudgral?45fb400c45fe87c2cd39a94729b79ec9,,gx-no-cache=1522149382760 HTTP/1.1" 200 7777
192.168.10.96 - - [27/Mar/2018:08:19:15 -0300] "GET /cormun/servlet/vesolicitudgral?2018,10063,, HTTP/1.1" 200 9323
192.168.10.96 - - [27/Mar/2018:08:19:15 -0300] "GET /cormun/pexe_scrolldiv.js HTTP/1.1" 404 1009
192.168.10.96 - - [27/Mar/2018:08:19:15 -0300] "GET /cormun/pexe_scrolldiv.js HTTP/1.1" 404 1009
192.168.10.56 - - [27/Mar/2018:08:19:15 -0300] "POST /cormun/servlet/solicitudgral?9d3c4cb1f47b88e3bdca84c53fef8f64,UPD,2018,10852,,gx-no-cache=1522149386906 HTTP/1.1" 200 93
192.168.10.56 - - [27/Mar/2018:08:19:15 -0300] "GET /cormun/servlet/hpexe_return? HTTP/1.1" 200 1006
192.168.10.56 - - [27/Mar/2018:08:19:16 -0300] "GET /cormun/servlet/trsolicitudgral? HTTP/1.1" 200 12313
192.168.10.96 - - [27/Mar/2018:08:19:16 -0300] "GET /cormun/servlet/vesolicitudgral?2018,10063,, HTTP/1.1" 200 9323
192.168.10.56 - - [27/Mar/2018:08:19:16 -0300] "GET /cormun/servlet/trsolicitudgral? HTTP/1.1" 200 12309
192.168.10.96 - - [27/Mar/2018:08:19:17 -0300] "GET /cormun/servlet/vesolicitudgral?2018,10063,,SolicitudOTAdjuntos HTTP/1.1" 200 11408
192.168.10.96 - - [27/Mar/2018:08:19:18 -0300] "GET /cormun/pexe_scrolldiv.js HTTP/1.1" 404 1009
192.168.10.96 - - [27/Mar/2018:08:19:18 -0300] "GET /cormun/pexe_scrolldiv.js HTTP/1.1" 404 1009
192.168.10.96 - - [27/Mar/2018:08:19:18 -0300] "GET /cormun/servlet/vesolicitudgral?2018,10063,,SolicitudOTAdjuntos HTTP/1.1" 200 11409
192.168.10.96 - - [27/Mar/2018:08:19:19 -0300] "POST /cormun/servlet/acontrolpreferencessavestate?None,DZAMUDIO,true HTTP/1.1" 200 35
192.168.10.96 - - [27/Mar/2018:08:19:19 -0300] "GET /cormun/PublicTempStorage/l._moya_-_c.i.6080490.pdf HTTP/1.1" 200 329050
192.168.10.96 - - [27/Mar/2018:08:19:24 -0300] "GET /cormun/servlet/vesolicitudgral?2018,10063,,SolicitudOTAdjuntos HTTP/1.1" 200 11408
186.103.159.204 - - [27/Mar/2018:08:19:24 -0300] "POST /cormun/servlet/hlogin?e16370284cf1066914e74f637abbe274,gx-no-cache=1522149512644 HTTP/1.1" 200 90
186.103.159.204 - - [27/Mar/2018:08:19:24 -0300] "GET /cormun/servlet/hpexe_link HTTP/1.1" 200 959
186.103.159.204 - - [27/Mar/2018:08:19:24 -0300] "GET /cormun/static/gxcfg.js?20177612121792 HTTP/1.1" 200 953
186.103.159.204 - - [27/Mar/2018:08:19:25 -0300] "GET /cormun/servlet/trsolicitudot HTTP/1.1" 200 7158
186.103.159.204 - - [27/Mar/2018:08:19:25 -0300] "GET /cormun/static/gxcfg.js?2017111422585916 HTTP/1.1" 200 953
192.168.10.96 - - [27/Mar/2018:08:19:25 -0300] "GET /cormun/servlet/vesolicitudgral?2018,10063,,SolicitudOTAdjuntos HTTP/1.1" 200 11408
192.168.10.96 - - [27/Mar/2018:08:19:25 -0300] "POST /cormun/servlet/acontrolpreferencessavestate?None,DZAMUDIO,true HTTP/1.1" 200 35
186.103.159.204 - - [27/Mar/2018:08:19:25 -0300] "GET /cormun/servlet/trsolicitudot HTTP/1.1" 200 7157
192.168.10.96 - - [27/Mar/2018:08:19:26 -0300] "GET /cormun/PublicTempStorage/l._moya_-__cert._titulo3618302.pdf HTTP/1.1" 200 549298
192.168.10.96 - - [27/Mar/2018:08:19:30 -0300] "GET /cormun/servlet/vesolicitudgral?2018,10063,,SolicitudOTAdjuntos HTTP/1.1" 200 11409
192.168.10.96 - - [27/Mar/2018:08:19:31 -0300] "GET /cormun/servlet/vesolicitudgral?2018,10063,,SolicitudOTAdjuntos HTTP/1.1" 200 11411
186.103.159.204 - - [27/Mar/2018:08:19:32 -0300] "GET /cormun/servlet/trautorizarsolicitud? HTTP/1.1" 200 8897
186.103.159.204 - - [27/Mar/2018:08:19:32 -0300] "GET /cormun/static/gxcfg.js?2017111423403364 HTTP/1.1" 200 953
192.168.10.96 - - [27/Mar/2018:08:19:32 -0300] "POST /cormun/servlet/acontrolpreferencessavestate?None,DZAMUDIO,true HTTP/1.1" 200 35
186.103.159.204 - - [27/Mar/2018:08:19:32 -0300] "GET /cormun/servlet/trautorizarsolicitud? HTTP/1.1" 200 8896
192.168.10.96 - - [27/Mar/2018:08:19:33 -0300] "GET /cormun/PublicTempStorage/l._moya_-_superintendencia_de_pensiones9773869.pdf HTTP/1.1" 200 317931
186.103.159.204 - - [27/Mar/2018:08:19:36 -0300] "GET /cormun/servlet/trsolicitudot HTTP/1.1" 200 6381
186.103.159.204 - - [27/Mar/2018:08:19:37 -0300] "GET /cormun/static/gxui/gxui-all.css?120300 HTTP/1.1" 200 2179
186.103.159.204 - - [27/Mar/2018:08:19:37 -0300] "GET /cormun/static/calendar-system.css?85620 HTTP/1.1" 200 5572
186.103.159.204 - - [27/Mar/2018:08:19:37 -0300] "GET /cormun/static/SmoothNavMenu/resources/ddsmoothmenu.css?1012540 HTTP/1.1" 200 2223
186.103.159.204 - - [27/Mar/2018:08:19:37 -0300] "GET /cormun/static/Shared/jqueryui/jquery-ui.min.css?1245370 HTTP/1.1" 200 30288
186.103.159.204 - - [27/Mar/2018:08:19:37 -0300] "GET /cormun/static/scaMessage/css/jquery.pnotify.default.css?1716380 HTTP/1.1" 200 1707
186.103.159.204 - - [27/Mar/2018:08:19:37 -0300] "GET /cormun/static/SmoothNavMenu/resources/ddsmoothmenu-v.css?1012540 HTTP/1.1" 200 1188
186.103.159.204 - - [27/Mar/2018:08:19:37 -0300] "GET /cormun/static/gxtimezone.js?85251 HTTP/1.1" 200 5781
186.103.159.204 - - [27/Mar/2018:08:19:37 -0300] "GET /cormun/static/Resources/Spanish/PXTools.css?1255365 HTTP/1.1" 200 89042
186.103.159.204 - - [27/Mar/2018:08:19:37 -0300] "GET /cormun/static/gxcfg.js?2017111422585916 HTTP/1.1" 200 953
186.103.159.204 - - [27/Mar/2018:08:19:37 -0300] "GET /cormun/static/calendar-setup.js?85251 HTTP/1.1" 200 2588
186.103.159.204 - - [27/Mar/2018:08:19:37 -0300] "GET /cormun/static/calendar-es.js?85251 HTTP/1.1" 200 1901
186.103.159.204 - - [27/Mar/2018:08:19:37 -0300] "GET /cormun/static/calendar.js?85251 HTTP/1.1" 200 26246
186.103.159.204 - - [27/Mar/2018:08:19:37 -0300] "GET /cormun/static/Shared/ext/resources/css/ext-all.css?215870 HTTP/1.1" 200 416045
186.103.159.204 - - [27/Mar/2018:08:19:37 -0300] "GET /cormun/static/RunJS/RunJS.js HTTP/1.1" 200 288
186.103.159.204 - - [27/Mar/2018:08:19:37 -0300] "GET /cormun/static/PXToolsJavascripts/pexe_autoreload.js HTTP/1.1" 200 1762
186.103.159.204 - - [27/Mar/2018:08:19:37 -0300] "GET /cormun/static/gxui/gxui-all.js HTTP/1.1" 200 107772
186.103.159.204 - - [27/Mar/2018:08:19:37 -0300] "GET /cormun/static/PXToolsJavascripts/pexe_cookies.js HTTP/1.1" 200 792
186.103.159.204 - - [27/Mar/2018:08:19:37 -0300] "GET /cormun/static/PXToolsJavascripts/pexe_windows.js HTTP/1.1" 200 15207
186.103.159.204 - - [27/Mar/2018:08:19:37 -0300] "GET /cormun/static/PXToolsJavascripts/pexe_grid.js HTTP/1.1" 200 7559
186.103.159.204 - - [27/Mar/2018:08:19:37 -0300] "GET /cormun/static/PXToolsJavascripts/pexe_griddivfix.js HTTP/1.1" 200 6644
186.103.159.204 - - [27/Mar/2018:08:19:37 -0300] "GET /cormun/static/PXToolsJavascripts/pexe_link.js HTTP/1.1" 200 5671
186.103.159.204 - - [27/Mar/2018:08:19:37 -0300] "GET /cormun/static/PXToolsJavascripts/pexe_menudivfix.js HTTP/1.1" 200 333
186.103.159.204 - - [27/Mar/2018:08:19:37 -0300] "GET /cormun/static/PXToolsJavascripts/pexe_menus.js HTTP/1.1" 200 1286
186.103.159.204 - - [27/Mar/2018:08:19:37 -0300] "GET /cormun/static/PXToolsJavascripts/pexe_layers.js HTTP/1.1" 200 4114
186.103.159.204 - - [27/Mar/2018:08:19:37 -0300] "GET /cormun/static/PXToolsJavascripts/pexe_oav.js HTTP/1.1" 200 645
