201.214.54.200 - - [27/Mar/2018:09:14:22 -0300] "POST /cormun/servlet/solicitudot?gx-no-cache=1522152825139 HTTP/1.1" 200 1353
201.214.54.200 - - [27/Mar/2018:09:14:22 -0300] "POST /cormun/servlet/solicitudot?gx-no-cache=1522152825271 HTTP/1.1" 200 38
201.214.54.200 - - [27/Mar/2018:09:14:22 -0300] "GET /cormun/servlet/solicitudot?d0ab7491fc24d548a7d2ff2d0da9595075821bb1a5c79821ccafad55b9b7f437c9d36209ccae397e66c37d7ca4d8063bd69f3a1370b5847e492b25a3b07ef2858e547f52c90d0ea0eea7ac3f3243edda72341f0cccb5e3d4ce3a92dfd117ef4f879c10cd41977100bc83b0e37bdcf20aff2dda1dde2a44174f485435a708e6f2607b8d3813f5e6d1490e80b23ebe80bb2d21208f8e66e393f4735ba081ee711a,gx-no-cache=1522152825332 HTTP/1.1" 200 29
201.214.54.200 - - [27/Mar/2018:09:14:22 -0300] "POST /cormun/servlet/solicitudot?gx-no-cache=1522152825389 HTTP/1.1" 200 1336
201.214.54.200 - - [27/Mar/2018:09:14:23 -0300] "POST /cormun/servlet/solicitudot?gx-no-cache=1522152825491 HTTP/1.1" 200 1232
201.214.54.200 - - [27/Mar/2018:09:14:23 -0300] "GET /cormun/servlet/solicitudot?d0ab7491fc24d548a7d2ff2d0da9595087fd77ea880e9c5b8905f69e729892b57f4190d1b21087d39c3195104f2a9a01,gx-no-cache=1522152825565 HTTP/1.1" 200 30
186.103.159.183 - - [27/Mar/2018:09:14:25 -0300] "POST /cormun/servlet/trlicencias?1b39c606d0b730616a475b65b6fa18ce,,gx-no-cache=1522152815006 HTTP/1.1" 200 6905
186.103.159.183 - - [27/Mar/2018:09:14:25 -0300] "GET /cormun/static/Shared/jqueryui/images/ui-bg_highlight-soft_100_c6c2c8_1x100.png HTTP/1.1" 404 1117
186.103.159.183 - - [27/Mar/2018:09:14:25 -0300] "GET /cormun/static/Shared/jqueryui/images/ui-icons_82798d_256x240.png HTTP/1.1" 404 1089
186.103.159.183 - - [27/Mar/2018:09:14:25 -0300] "GET /cormun/static/Shared/jqueryui/images/ui-icons_8d78a5_256x240.png HTTP/1.1" 404 1089
186.103.159.183 - - [27/Mar/2018:09:14:25 -0300] "GET /cormun/static/Shared/jqueryui/images/ui-bg_flat_55_fafafa_40x100.png HTTP/1.1" 404 1097
201.214.54.200 - - [27/Mar/2018:09:14:30 -0300] "POST /cormun/servlet/solicitudot?gx-no-cache=1522152833028 HTTP/1.1" 200 1335
201.214.54.200 - - [27/Mar/2018:09:14:30 -0300] "POST /cormun/servlet/solicitudot?gx-no-cache=1522152833111 HTTP/1.1" 200 1232
201.214.54.200 - - [27/Mar/2018:09:14:30 -0300] "POST /cormun/servlet/solicitudot?gx-no-cache=1522152833186 HTTP/1.1" 200 33
65.55.210.65 - - [27/Mar/2018:09:14:34 -0300] "GET /cormun/static/gxui/gxui-all.css?120300 HTTP/1.1" 200 2179
65.55.210.20 - - [27/Mar/2018:09:14:38 -0300] "GET /cormun/static/RunJS/RunJS.js HTTP/1.1" 200 288
65.55.210.192 - - [27/Mar/2018:09:14:38 -0300] "GET /cormun/static/RunJS/RunJS.js HTTP/1.1" 200 288
199.30.25.34 - - [27/Mar/2018:09:14:39 -0300] "GET /cormun/static/PXToolsJavascripts/pexe_griddivfix.js HTTP/1.1" 200 6644
199.30.24.140 - - [27/Mar/2018:09:14:40 -0300] "GET /cormun/static/PXToolsJavascripts/pexe_griddivfix.js HTTP/1.1" 200 6644
199.30.25.34 - - [27/Mar/2018:09:14:40 -0300] "GET /cormun/static/PXToolsJavascripts/pexe_oavdivfix.js HTTP/1.1" 200 639
199.30.25.113 - - [27/Mar/2018:09:14:41 -0300] "GET /cormun/static/PXToolsJavascripts/pexe_oavdivfix.js HTTP/1.1" 200 639
201.214.54.200 - - [27/Mar/2018:09:14:41 -0300] "POST /cormun/servlet/solicitudot?3dd25e888a6378dea2b0cd8acf955336,INS,0,0,,gx-no-cache=1522152843800 HTTP/1.1" 200 93
201.214.54.200 - - [27/Mar/2018:09:14:41 -0300] "GET /cormun/servlet/hpexe_return? HTTP/1.1" 200 1004
65.55.210.65 - - [27/Mar/2018:09:14:42 -0300] "GET /cormun/static/PXToolsJavascripts/pexe_tabs.js HTTP/1.1" 200 3748
65.55.210.209 - - [27/Mar/2018:09:14:42 -0300] "GET /cormun/static/PXToolsJavascripts/pexe_tabs.js HTTP/1.1" 200 3748
201.214.54.200 - - [27/Mar/2018:09:14:42 -0300] "GET /cormun/servlet/trsolicitudot HTTP/1.1" 200 9245
65.55.210.192 - - [27/Mar/2018:09:14:43 -0300] "GET /cormun/static/Shared/ext/locale/ext-lang-en.js HTTP/1.1" 200 10940
201.214.54.200 - - [27/Mar/2018:09:14:44 -0300] "GET /cormun/servlet/trsolicitudot HTTP/1.1" 200 9241
199.30.24.29 - - [27/Mar/2018:09:14:44 -0300] "GET /cormun/static/Resources/PXToolsHeaderHome.png HTTP/1.1" 200 4147
199.30.25.204 - - [27/Mar/2018:09:14:45 -0300] "GET /cormun/static/Resources/PXToolsHeaderLogin.png HTTP/1.1" 200 4279
199.30.24.29 - - [27/Mar/2018:09:14:45 -0300] "GET /cormun/static/Resources/PXToolsHeaderPreferences.png HTTP/1.1" 200 4189
65.55.210.209 - - [27/Mar/2018:09:14:46 -0300] "GET /cormun/static/Resources/PXToolsHeaderSecurity.png HTTP/1.1" 200 4166
199.30.25.195 - - [27/Mar/2018:09:14:46 -0300] "GET /cormun/static/Resources/PXToolsHeaderActionsRight.png HTTP/1.1" 200 1201
201.214.54.200 - - [27/Mar/2018:09:14:49 -0300] "GET /cormun/servlet/solicitudot?INS,0,0, HTTP/1.1" 200 13665
199.30.25.131 - - [27/Mar/2018:09:14:50 -0300] "GET /cormun/static/Resources/PXToolsHeaderActionsBackground.png HTTP/1.1" 200 484
65.55.210.209 - - [27/Mar/2018:09:14:50 -0300] "GET /cormun/static/Resources/PXToolsGridFirstDisabled.gif HTTP/1.1" 200 100
199.30.24.65 - - [27/Mar/2018:09:14:51 -0300] "GET /cormun/static/Resources/PXToolsGridLastDisabled.gif HTTP/1.1" 200 98
201.214.54.200 - - [27/Mar/2018:09:14:51 -0300] "GET /cormun/servlet/solicitudot?INS,0,0, HTTP/1.1" 200 13670
199.30.24.65 - - [27/Mar/2018:09:14:51 -0300] "GET /cormun/static/Resources/PXToolsGridPage.gif HTTP/1.1" 200 725
199.30.24.29 - - [27/Mar/2018:09:14:52 -0300] "GET /cormun/static/Resources/PXToolsActionExcel.png HTTP/1.1" 200 3187
199.30.25.131 - - [27/Mar/2018:09:14:53 -0300] "GET /cormun/static/Resources/indicator.gif HTTP/1.1" 200 1553
201.214.54.200 - - [27/Mar/2018:09:15:02 -0300] "POST /cormun/servlet/solicitudot?gx-no-cache=1522152865321 HTTP/1.1" 200 3391
201.214.54.200 - - [27/Mar/2018:09:15:03 -0300] "POST /cormun/servlet/solicitudot?3dd25e888a6378dea2b0cd8acf955336,INS,0,0,,gx-no-cache=1522152865635 HTTP/1.1" 200 10555
201.214.54.200 - - [27/Mar/2018:09:15:06 -0300] "GET /cormun/servlet/solicitudot?d0ab7491fc24d548a7d2ff2d0da95950ab072733bdc51a44f07f2bf69c45d221025f763773fb4d65ba16b7a8db6f3552,gx-no-cache=1522152868828 HTTP/1.1" 200 30
201.214.54.200 - - [27/Mar/2018:09:15:06 -0300] "GET /cormun/servlet/solicitudot?d0ab7491fc24d548a7d2ff2d0da95950eee752c9f9b1073520a9b51f07eaf7205d6ebf5e2888e8d3d90391146c58b9d8,gx-no-cache=1522152868922 HTTP/1.1" 200 30
201.214.54.200 - - [27/Mar/2018:09:15:06 -0300] "GET /cormun/servlet/solicitudot?d0ab7491fc24d548a7d2ff2d0da95950d2f3799a3d6feaea5291c4a3bec4e442,gx-no-cache=1522152868975 HTTP/1.1" 200 53
201.214.54.200 - - [27/Mar/2018:09:15:06 -0300] "POST /cormun/servlet/solicitudot?gx-no-cache=1522152869029 HTTP/1.1" 200 255
201.214.54.200 - - [27/Mar/2018:09:15:06 -0300] "GET /cormun/servlet/solicitudot?d0ab7491fc24d548a7d2ff2d0da9595077c1dae0ca3b9b192444984f4ae214cc42f3a979fe1d294c1785566544e9670c50c4bb24df5c8e847512ed43239172087705a7b5331cab41d923f18b090f7bb0238717bd78bc49b00d71c0fa364de64e8ec271b5addf58c72c319556e42d3d040af626ba4dcfbb794fbd5b36a77cabc937c7494403d2b688ebe41e4e2d9bbd47037b0ec4e85ff239803740cf497d1a0f87c624e836fa26add13d79be2c9faf980f11179f469a26460eae832a7f2435566aac2c7fe51ec547afcf50f8103d32a5740fea7ff929d2b3e38580f5435d1be171a8b01ba7967cb5b22b8e7139793e56f533f7d20dbbc10ba3923c13b75237ae29d757470e4316fe4212389ee392e01fef2bf97de82e5c1208700a4d23ae57422836a42c0f569f210ef21721031733f91396a1b693296f6ab7aa5839bdeefc1d339beecc710f4f9f7ebb2a164b49846b5b91816d11d7cafb8328aa9f98e9b6443c4030b98fff0dfb625d47b5c6e88dcec3dae0522b0f3528300182e60c3f59a5,gx-no-cache=1522152869139 HTTP/1.1" 200 30
201.214.54.200 - - [27/Mar/2018:09:15:08 -0300] "POST /cormun/servlet/solicitudot?gx-no-cache=1522152870975 HTTP/1.1" 200 30
201.214.54.200 - - [27/Mar/2018:09:15:09 -0300] "GET /cormun/servlet/prsolicitudot?13938012,,,,,MD,,gxPopupLevel%3D0%3B HTTP/1.1" 200 6227
201.214.54.200 - - [27/Mar/2018:09:15:12 -0300] "POST /cormun/servlet/solicitudot?gx-no-cache=1522152875417 HTTP/1.1" 200 1351
201.214.54.200 - - [27/Mar/2018:09:15:13 -0300] "POST /cormun/servlet/solicitudot?gx-no-cache=1522152875585 HTTP/1.1" 200 38
201.214.54.200 - - [27/Mar/2018:09:15:13 -0300] "GET /cormun/servlet/solicitudot?d0ab7491fc24d548a7d2ff2d0da9595075821bb1a5c79821ccafad55b9b7f437c9d36209ccae397e66c37d7ca4d8063bd69f3a1370b5847e492b25a3b07ef2858e547f52c90d0ea0eea7ac3f3243edda72341f0cccb5e3d4ce3a92dfd117ef4f879c10cd41977100bc83b0e37bdcf20aff2dda1dde2a44174f485435a708e6f2607b8d3813f5e6d1490e80b23ebe80bb2d21208f8e66e393f4735ba081ee711a,gx-no-cache=1522152875673 HTTP/1.1" 200 29
201.214.54.200 - - [27/Mar/2018:09:15:13 -0300] "POST /cormun/servlet/solicitudot?gx-no-cache=1522152875748 HTTP/1.1" 200 1335
201.214.54.200 - - [27/Mar/2018:09:15:13 -0300] "POST /cormun/servlet/solicitudot?gx-no-cache=1522152875850 HTTP/1.1" 200 1231
201.214.54.200 - - [27/Mar/2018:09:15:13 -0300] "GET /cormun/servlet/solicitudot?d0ab7491fc24d548a7d2ff2d0da9595087fd77ea880e9c5b8905f69e729892b57f4190d1b21087d39c3195104f2a9a01,gx-no-cache=1522152875948 HTTP/1.1" 200 30
201.214.54.200 - - [27/Mar/2018:09:15:24 -0300] "POST /cormun/servlet/solicitudot?gx-no-cache=1522152886523 HTTP/1.1" 200 1335
201.214.54.200 - - [27/Mar/2018:09:15:24 -0300] "POST /cormun/servlet/solicitudot?gx-no-cache=1522152886606 HTTP/1.1" 200 1231
201.214.54.200 - - [27/Mar/2018:09:15:24 -0300] "POST /cormun/servlet/solicitudot?gx-no-cache=1522152886680 HTTP/1.1" 200 33
186.103.159.183 - - [27/Mar/2018:09:15:29 -0300] "GET /cormun/servlet/hlogin HTTP/1.1" 200 1735
186.103.159.183 - - [27/Mar/2018:09:15:49 -0300] "POST /cormun/servlet/hlogin?1b39c606d0b730616a475b65b6fa18ce,gx-no-cache=1522152898818 HTTP/1.1" 200 90
186.103.159.183 - - [27/Mar/2018:09:15:49 -0300] "GET /cormun/servlet/hpexe_link HTTP/1.1" 200 957
186.103.159.183 - - [27/Mar/2018:09:15:49 -0300] "GET /cormun/servlet/trlicencias? HTTP/1.1" 200 9429
186.103.159.183 - - [27/Mar/2018:09:15:50 -0300] "GET /cormun/static/Shared/ext/ext-all.js HTTP/1.1" 200 1289687
186.103.159.183 - - [27/Mar/2018:09:15:51 -0300] "GET /cormun/servlet/trlicencias? HTTP/1.1" 200 9427
186.103.157.42 - - [27/Mar/2018:09:15:57 -0300] "GET /cormun/servlet/trlicenciaspermisosadjuntos?10861333,20180327000000,L, HTTP/1.1" 200 6607
186.103.157.42 - - [27/Mar/2018:09:15:57 -0300] "GET /cormun/static/gxcfg.js?20177612163414 HTTP/1.1" 304 -
186.103.157.42 - - [27/Mar/2018:09:15:58 -0300] "GET /cormun/servlet/trlicenciaspermisosadjuntos?10861333,20180327000000,L, HTTP/1.1" 200 6608
186.79.173.73 - - [27/Mar/2018:09:15:58 -0300] "POST /cormun/servlet/solicitudot?3dd25e888a6378dea2b0cd8acf955336,INS,0,0,,gx-no-cache=1522152919894 HTTP/1.1" 200 93
186.79.173.73 - - [27/Mar/2018:09:15:58 -0300] "GET /cormun/servlet/hpexe_return? HTTP/1.1" 200 1004
186.103.159.183 - - [27/Mar/2018:09:15:59 -0300] "GET /cormun/servlet/trpermisosgoce? HTTP/1.1" 200 7679
186.103.159.183 - - [27/Mar/2018:09:15:59 -0300] "GET /cormun/static/gxcfg.js?20177612163875 HTTP/1.1" 200 953
186.79.173.73 - - [27/Mar/2018:09:15:59 -0300] "GET /cormun/servlet/trsolicitudot HTTP/1.1" 200 9646
186.103.159.183 - - [27/Mar/2018:09:15:59 -0300] "GET /cormun/static/trpermisosgoce.js?20177612164335 HTTP/1.1" 200 35904
186.103.159.183 - - [27/Mar/2018:09:15:59 -0300] "GET /cormun/static/Shared/ext/ext-all.js HTTP/1.1" 200 1289687
186.103.157.42 - - [27/Mar/2018:09:16:00 -0300] "GET /cormun/servlet/licenciaspermisosadjuntos?INS,10861333,L,20180327000000,, HTTP/1.1" 200 5905
186.103.157.42 - - [27/Mar/2018:09:16:00 -0300] "GET /cormun/static/gxcfg.js?2017761263592 HTTP/1.1" 304 -
186.103.157.42 - - [27/Mar/2018:09:16:00 -0300] "GET /cormun/static/about:blank HTTP/1.1" 404 1011
186.103.159.183 - - [27/Mar/2018:09:16:00 -0300] "GET /cormun/servlet/trpermisosgoce? HTTP/1.1" 200 7679
186.103.157.42 - - [27/Mar/2018:09:16:00 -0300] "GET /cormun/servlet/licenciaspermisosadjuntos?INS,10861333,L,20180327000000,, HTTP/1.1" 200 5895
186.79.173.73 - - [27/Mar/2018:09:16:01 -0300] "GET /cormun/servlet/trsolicitudot HTTP/1.1" 200 9642
186.103.159.183 - - [27/Mar/2018:09:16:01 -0300] "POST /cormun/servlet/acontrolpreferencessavestate?None,CE-34,true HTTP/1.1" 200 35
186.103.157.42 - - [27/Mar/2018:09:16:11 -0300] "POST /cormun/servlet/licenciaspermisosadjuntos?2bc05946bd590dea8a4f8aba82b20b32,INS,10861333,L,20180327000000,, HTTP/1.1" 200 116
186.103.157.42 - - [27/Mar/2018:09:16:11 -0300] "GET /cormun/servlet/hpexe_return? HTTP/1.1" 200 1042
186.103.157.42 - - [27/Mar/2018:09:16:11 -0300] "GET /cormun/servlet/trlicenciaspermisosadjuntos?10861333,20180327000000,L, HTTP/1.1" 200 7110
186.103.157.42 - - [27/Mar/2018:09:16:12 -0300] "GET /cormun/servlet/trlicenciaspermisosadjuntos?10861333,20180327000000,L, HTTP/1.1" 200 7108
186.79.173.73 - - [27/Mar/2018:09:16:14 -0300] "GET /cormun/servlet/solicitudot?INS,0,0, HTTP/1.1" 200 13665
186.79.173.73 - - [27/Mar/2018:09:16:15 -0300] "GET /cormun/servlet/solicitudot?INS,0,0, HTTP/1.1" 200 13670
186.103.159.183 - - [27/Mar/2018:09:16:17 -0300] "POST /cormun/servlet/trpermisosgoce?1b39c606d0b730616a475b65b6fa18ce,,gx-no-cache=1522152927238 HTTP/1.1" 200 4981
186.103.159.183 - - [27/Mar/2018:09:16:17 -0300] "GET /cormun/static/Shared/jqueryui/images/ui-icons_82798d_256x240.png HTTP/1.1" 404 1089
186.103.159.183 - - [27/Mar/2018:09:16:17 -0300] "GET /cormun/static/Shared/jqueryui/images/ui-bg_highlight-soft_100_c6c2c8_1x100.png HTTP/1.1" 404 1117
186.103.159.183 - - [27/Mar/2018:09:16:17 -0300] "GET /cormun/static/Shared/jqueryui/images/ui-icons_8d78a5_256x240.png HTTP/1.1" 404 1089
186.103.159.183 - - [27/Mar/2018:09:16:17 -0300] "GET /cormun/static/Shared/jqueryui/images/ui-bg_flat_55_fafafa_40x100.png HTTP/1.1" 404 1097
186.103.157.42 - - [27/Mar/2018:09:16:20 -0300] "POST /cormun/servlet/trlicenciaspermisosadjuntos?2bc05946bd590dea8a4f8aba82b20b32,10861333,20180327000000,L,,gx-no-cache=1522152930765 HTTP/1.1" 200 90
186.103.157.42 - - [27/Mar/2018:09:16:20 -0300] "GET /cormun/servlet/hpexe_link HTTP/1.1" 200 985
186.103.157.42 - - [27/Mar/2018:09:16:20 -0300] "GET /cormun/servlet/trlicencias HTTP/1.1" 200 9674
186.103.157.42 - - [27/Mar/2018:09:16:21 -0300] "GET /cormun/servlet/trlicencias HTTP/1.1" 200 9672
186.103.159.183 - - [27/Mar/2018:09:16:23 -0300] "GET /cormun/servlet/trpermisosadjuntos?12211398,20180323092514,P, HTTP/1.1" 200 6702
186.103.159.183 - - [27/Mar/2018:09:16:23 -0300] "GET /cormun/static/gxcfg.js?201762817193957 HTTP/1.1" 200 953
186.103.159.183 - - [27/Mar/2018:09:16:23 -0300] "GET /cormun/static/trpermisosadjuntos.js?201762817194366 HTTP/1.1" 200 20158
186.103.159.183 - - [27/Mar/2018:09:16:24 -0300] "GET /cormun/static/Shared/ext/ext-all.js HTTP/1.1" 200 1289687
186.103.157.42 - - [27/Mar/2018:09:16:24 -0300] "POST /cormun/servlet/trlicencias?2bc05946bd590dea8a4f8aba82b20b32,gx-no-cache=1522152934524 HTTP/1.1" 200 6896
186.103.157.42 - - [27/Mar/2018:09:16:24 -0300] "GET /cormun/static/Shared/jqueryui/images/ui-bg_highlight-soft_100_c6c2c8_1x100.png HTTP/1.1" 404 1117
186.103.157.42 - - [27/Mar/2018:09:16:24 -0300] "GET /cormun/static/Shared/jqueryui/images/ui-icons_82798d_256x240.png HTTP/1.1" 404 1089
186.103.157.42 - - [27/Mar/2018:09:16:24 -0300] "GET /cormun/static/Shared/jqueryui/images/ui-bg_flat_55_fafafa_40x100.png HTTP/1.1" 404 1097
186.103.157.42 - - [27/Mar/2018:09:16:24 -0300] "GET /cormun/static/Shared/jqueryui/images/ui-icons_8d78a5_256x240.png HTTP/1.1" 404 1089
186.103.159.183 - - [27/Mar/2018:09:16:24 -0300] "GET /cormun/PublicTempStorage/andrea_sanchez8285908.pdf HTTP/1.1" 200 25425
186.103.159.183 - - [27/Mar/2018:09:16:24 -0300] "GET /cormun/servlet/trpermisosadjuntos?12211398,20180323092514,P, HTTP/1.1" 200 6703
186.103.159.183 - - [27/Mar/2018:09:16:25 -0300] "POST /cormun/servlet/acontrolpreferencessavestate?None,CE-34,true HTTP/1.1" 200 35
186.79.173.73 - - [27/Mar/2018:09:16:31 -0300] "POST /cormun/servlet/solicitudot?gx-no-cache=1522152953126 HTTP/1.1" 200 3420
186.79.173.73 - - [27/Mar/2018:09:16:31 -0300] "POST /cormun/servlet/solicitudot?3dd25e888a6378dea2b0cd8acf955336,INS,0,0,,gx-no-cache=1522152953709 HTTP/1.1" 200 10586
186.103.159.183 - - [27/Mar/2018:09:16:36 -0300] "GET /cormun/servlet/trpermisosgoce? HTTP/1.1" 200 7687
186.79.173.73 - - [27/Mar/2018:09:16:36 -0300] "GET /cormun/servlet/solicitudot?d0ab7491fc24d548a7d2ff2d0da9595077aa435fbaabdc3c8b196f6cc2e419ae025f763773fb4d65ba16b7a8db6f3552,gx-no-cache=1522152958563 HTTP/1.1" 200 30
186.79.173.73 - - [27/Mar/2018:09:16:36 -0300] "GET /cormun/servlet/solicitudot?d0ab7491fc24d548a7d2ff2d0da95950b207429b5de5a97fc619d187a573c1e52662d405e6d83ae07e590a7b3d517350c82a88236d9e739bcea3de15725f932c,gx-no-cache=1522152958775 HTTP/1.1" 200 30
186.79.173.73 - - [27/Mar/2018:09:16:36 -0300] "GET /cormun/servlet/solicitudot?d0ab7491fc24d548a7d2ff2d0da95950d2f3799a3d6feaea5291c4a3bec4e442,gx-no-cache=1522152958860 HTTP/1.1" 200 53
186.79.173.73 - - [27/Mar/2018:09:16:36 -0300] "POST /cormun/servlet/solicitudot?gx-no-cache=1522152958962 HTTP/1.1" 200 297
186.79.173.73 - - [27/Mar/2018:09:16:36 -0300] "GET /cormun/servlet/solicitudot?d0ab7491fc24d548a7d2ff2d0da9595077c1dae0ca3b9b192444984f4ae214ccdb582a7b9061ffbe18f3e6e2657fe50250c4bb24df5c8e847512ed43239172087705a7b5331cab41d923f18b090f7bb0238717bd78bc49b00d71c0fa364de64e8ec271b5addf58c72c319556e42d3d040af626ba4dcfbb794fbd5b36a77cabc937c7494403d2b688ebe41e4e2d9bbd47037b0ec4e85ff239803740cf497d1a0f87c624e836fa26add13d79be2c9faf980f11179f469a26460eae832a7f2435566aac2c7fe51ec547afcf50f8103d32a5740fea7ff929d2b3e38580f5435d1be171a8b01ba7967cb5b22b8e7139793e56f3e8c8b89aebd26fb693dabe256a9c9629d757470e4316fe4212389ee392e01fd74dd6ab6eae61d2520d14cb520f156ca6ec916d09650ba2ab105c92c85494441524a48cc0b859ef73a82c17d680d9be8843d51faac66266c8c7bcca2e01128e753f44f7b4878467f111f97052b057ad55dfbc5975ee0100920f6b6feb36f47e6468ddaf073c38d4deba803601ebc753c82a88236d9e739bcea3de15725f932c,gx-no-cache=1522152959086 HTTP/1.1" 200 30
186.103.159.183 - - [27/Mar/2018:09:16:36 -0300] "GET /cormun/static/Shared/ext/ext-all.js HTTP/1.1" 200 1289687
186.103.159.183 - - [27/Mar/2018:09:16:37 -0300] "GET /cormun/servlet/trpermisosgoce? HTTP/1.1" 200 7687
186.103.159.183 - - [27/Mar/2018:09:16:41 -0300] "GET /cormun/servlet/permisogoce?INS,0,,, HTTP/1.1" 200 6748
186.103.159.183 - - [27/Mar/2018:09:16:41 -0300] "GET /cormun/static/gxcfg.js?201776126440 HTTP/1.1" 200 953
186.103.159.183 - - [27/Mar/2018:09:16:41 -0300] "GET /cormun/static/permisogoce.js?2017761264459 HTTP/1.1" 200 27897
186.103.159.183 - - [27/Mar/2018:09:16:41 -0300] "GET /cormun/static/Shared/ext/ext-all.js HTTP/1.1" 200 1289687
186.103.159.183 - - [27/Mar/2018:09:16:42 -0300] "GET /cormun/servlet/permisogoce?INS,0,,, HTTP/1.1" 200 6748
186.79.173.73 - - [27/Mar/2018:09:16:45 -0300] "POST /cormun/servlet/solicitudot?gx-no-cache=1522152967895 HTTP/1.1" 200 30
186.79.173.73 - - [27/Mar/2018:09:16:45 -0300] "POST /cormun/servlet/solicitudot?gx-no-cache=1522152968090 HTTP/1.1" 200 1352
186.79.173.73 - - [27/Mar/2018:09:16:45 -0300] "POST /cormun/servlet/solicitudot?gx-no-cache=1522152968339 HTTP/1.1" 200 38
186.79.173.73 - - [27/Mar/2018:09:16:55 -0300] "GET /cormun/servlet/solicitudot?d0ab7491fc24d548a7d2ff2d0da9595075821bb1a5c79821ccafad55b9b7f437c9d36209ccae397e66c37d7ca4d8063b0ec3ded288e52cc04b9b2913ebb9e9ce9a65e8e9bbf401e741d4de6864132e9e58a9bb5dd7a533fe0bfa7951df0ff81357d7cbf377751096355d1b187a2c8c44,gx-no-cache=1522152978171 HTTP/1.1" 200 29
186.79.173.73 - - [27/Mar/2018:09:16:55 -0300] "POST /cormun/servlet/solicitudot?gx-no-cache=1522152978280 HTTP/1.1" 200 1335
186.79.173.73 - - [27/Mar/2018:09:16:56 -0300] "POST /cormun/servlet/solicitudot?gx-no-cache=1522152978489 HTTP/1.1" 200 1231
186.79.173.73 - - [27/Mar/2018:09:16:56 -0300] "GET /cormun/static/menuarrow.gif HTTP/1.1" 404 1015
186.79.173.73 - - [27/Mar/2018:09:17:02 -0300] "POST /cormun/servlet/solicitudot?gx-no-cache=1522152984770 HTTP/1.1" 200 1335
186.79.173.73 - - [27/Mar/2018:09:17:02 -0300] "POST /cormun/servlet/solicitudot?gx-no-cache=1522152984959 HTTP/1.1" 200 1231
186.79.173.73 - - [27/Mar/2018:09:17:04 -0300] "GET /cormun/servlet/solicitudot?d0ab7491fc24d548a7d2ff2d0da9595087fd77ea880e9c5b8905f69e729892b57f4190d1b21087d39c3195104f2a9a01,gx-no-cache=1522152986573 HTTP/1.1" 200 30
186.103.159.183 - - [27/Mar/2018:09:17:14 -0300] "GET /cormun/servlet/hlogin HTTP/1.1" 200 1743
201.214.54.200 - - [27/Mar/2018:09:18:03 -0300] "POST /cormun/servlet/solicitudot?3dd25e888a6378dea2b0cd8acf955336,INS,0,0,,gx-no-cache=1522153045239 HTTP/1.1" 200 93
201.214.54.200 - - [27/Mar/2018:09:18:03 -0300] "GET /cormun/servlet/hpexe_return? HTTP/1.1" 200 1004
201.214.54.200 - - [27/Mar/2018:09:18:03 -0300] "GET /cormun/servlet/trsolicitudot HTTP/1.1" 200 9646
201.214.54.200 - - [27/Mar/2018:09:18:05 -0300] "GET /cormun/servlet/trsolicitudot HTTP/1.1" 200 9642
201.214.54.200 - - [27/Mar/2018:09:18:08 -0300] "GET /cormun/servlet/solicitudot?INS,0,0, HTTP/1.1" 200 13665
201.214.54.200 - - [27/Mar/2018:09:18:09 -0300] "GET /cormun/servlet/solicitudot?INS,0,0, HTTP/1.1" 200 13670
201.214.54.200 - - [27/Mar/2018:09:18:15 -0300] "POST /cormun/servlet/solicitudot?gx-no-cache=1522153057644 HTTP/1.1" 200 3395
201.214.54.200 - - [27/Mar/2018:09:18:15 -0300] "POST /cormun/servlet/solicitudot?3dd25e888a6378dea2b0cd8acf955336,INS,0,0,,gx-no-cache=1522153057994 HTTP/1.1" 200 10562
201.214.54.200 - - [27/Mar/2018:09:18:33 -0300] "POST /cormun/servlet/solicitudot?3dd25e888a6378dea2b0cd8acf955336,INS,0,0,,gx-no-cache=1522153075954 HTTP/1.1" 200 93
201.214.54.200 - - [27/Mar/2018:09:18:33 -0300] "GET /cormun/servlet/hpexe_return? HTTP/1.1" 200 1004
201.214.54.200 - - [27/Mar/2018:09:18:34 -0300] "GET /cormun/servlet/trsolicitudot HTTP/1.1" 200 9646
201.214.54.200 - - [27/Mar/2018:09:18:35 -0300] "GET /cormun/servlet/trsolicitudot HTTP/1.1" 200 9642
201.214.54.200 - - [27/Mar/2018:09:18:45 -0300] "GET /cormun/servlet/solicitudot?INS,0,0, HTTP/1.1" 200 13665
201.214.54.200 - - [27/Mar/2018:09:18:47 -0300] "GET /cormun/servlet/solicitudot?INS,0,0, HTTP/1.1" 200 13670
186.79.173.73 - - [27/Mar/2018:09:20:06 -0300] "GET /cormun/servlet/trcontratounov2? HTTP/1.1" 200 12419
186.79.173.73 - - [27/Mar/2018:09:20:08 -0300] "GET /cormun/servlet/trcontratounov2? HTTP/1.1" 200 12414
201.214.54.200 - - [27/Mar/2018:09:20:31 -0300] "GET /cormun/servlet/trsolicitudot? HTTP/1.1" 200 9642
201.214.54.200 - - [27/Mar/2018:09:20:32 -0300] "GET /cormun/servlet/trsolicitudot? HTTP/1.1" 200 9642
201.214.54.200 - - [27/Mar/2018:09:20:34 -0300] "GET /cormun/servlet/solicitudot?INS,0,0, HTTP/1.1" 200 13665
201.214.54.200 - - [27/Mar/2018:09:20:36 -0300] "GET /cormun/servlet/solicitudot?INS,0,0, HTTP/1.1" 200 13670
186.79.173.73 - - [27/Mar/2018:09:20:46 -0300] "POST /cormun/servlet/solicitudot?gx-no-cache=1522153208560 HTTP/1.1" 200 3420
186.79.173.73 - - [27/Mar/2018:09:20:47 -0300] "POST /cormun/servlet/solicitudot?3dd25e888a6378dea2b0cd8acf955336,INS,0,0,,gx-no-cache=1522153209328 HTTP/1.1" 200 10588
186.79.173.73 - - [27/Mar/2018:09:20:51 -0300] "GET /cormun/servlet/solicitudot?d0ab7491fc24d548a7d2ff2d0da9595077aa435fbaabdc3c8b196f6cc2e419ae025f763773fb4d65ba16b7a8db6f3552,gx-no-cache=1522153214322 HTTP/1.1" 200 30
186.79.173.73 - - [27/Mar/2018:09:20:51 -0300] "GET /cormun/servlet/solicitudot?d0ab7491fc24d548a7d2ff2d0da95950b207429b5de5a97fc619d187a573c1e52662d405e6d83ae07e590a7b3d517350c82a88236d9e739bcea3de15725f932c,gx-no-cache=1522153214463 HTTP/1.1" 200 30
186.79.173.73 - - [27/Mar/2018:09:20:52 -0300] "GET /cormun/servlet/solicitudot?d0ab7491fc24d548a7d2ff2d0da95950d2f3799a3d6feaea5291c4a3bec4e442,gx-no-cache=1522153214608 HTTP/1.1" 200 53
186.79.173.73 - - [27/Mar/2018:09:20:52 -0300] "POST /cormun/servlet/solicitudot?gx-no-cache=1522153214760 HTTP/1.1" 200 297
186.79.173.73 - - [27/Mar/2018:09:20:52 -0300] "GET /cormun/servlet/solicitudot?d0ab7491fc24d548a7d2ff2d0da9595077c1dae0ca3b9b192444984f4ae214ccdb582a7b9061ffbe18f3e6e2657fe50250c4bb24df5c8e847512ed43239172087705a7b5331cab41d923f18b090f7bb0238717bd78bc49b00d71c0fa364de64e8ec271b5addf58c72c319556e42d3d040af626ba4dcfbb794fbd5b36a77cabc937c7494403d2b688ebe41e4e2d9bbd47037b0ec4e85ff239803740cf497d1a0f87c624e836fa26add13d79be2c9faf980f11179f469a26460eae832a7f2435566aac2c7fe51ec547afcf50f8103d32a5740fea7ff929d2b3e38580f5435d1be171a8b01ba7967cb5b22b8e7139793e56f3e8c8b89aebd26fb693dabe256a9c9629d757470e4316fe4212389ee392e01fd74dd6ab6eae61d2520d14cb520f156ca6ec916d09650ba2ab105c92c85494441524a48cc0b859ef73a82c17d680d9be8843d51faac66266c8c7bcca2e01128e753f44f7b4878467f111f97052b057ad55dfbc5975ee0100920f6b6feb36f47e6468ddaf073c38d4deba803601ebc753c82a88236d9e739bcea3de15725f932c,gx-no-cache=1522153214925 HTTP/1.1" 200 30
186.79.173.73 - - [27/Mar/2018:09:20:52 -0300] "POST /cormun/servlet/solicitudot?gx-no-cache=1522153215042 HTTP/1.1" 200 30
186.79.173.73 - - [27/Mar/2018:09:20:52 -0300] "POST /cormun/servlet/solicitudot?gx-no-cache=1522153215200 HTTP/1.1" 200 1352
186.79.173.73 - - [27/Mar/2018:09:20:52 -0300] "POST /cormun/servlet/solicitudot?gx-no-cache=1522153215402 HTTP/1.1" 200 38
186.79.173.73 - - [27/Mar/2018:09:20:57 -0300] "GET /cormun/servlet/solicitudot?d0ab7491fc24d548a7d2ff2d0da9595075821bb1a5c79821ccafad55b9b7f437c9d36209ccae397e66c37d7ca4d8063b0ec3ded288e52cc04b9b2913ebb9e9ce9a65e8e9bbf401e741d4de6864132e9e58a9bb5dd7a533fe0bfa7951df0ff81357d7cbf377751096355d1b187a2c8c44,gx-no-cache=1522153220258 HTTP/1.1" 200 29
186.79.173.73 - - [27/Mar/2018:09:20:58 -0300] "POST /cormun/servlet/solicitudot?gx-no-cache=1522153220371 HTTP/1.1" 200 1335
186.79.173.73 - - [27/Mar/2018:09:20:58 -0300] "POST /cormun/servlet/solicitudot?gx-no-cache=1522153220558 HTTP/1.1" 200 1231
186.79.173.73 - - [27/Mar/2018:09:20:58 -0300] "GET /cormun/static/menuarrow.gif HTTP/1.1" 404 1015
186.79.173.73 - - [27/Mar/2018:09:20:59 -0300] "POST /cormun/servlet/solicitudot?gx-no-cache=1522153222230 HTTP/1.1" 200 1335
186.79.173.73 - - [27/Mar/2018:09:21:00 -0300] "POST /cormun/servlet/solicitudot?gx-no-cache=1522153222504 HTTP/1.1" 200 1231
186.79.104.60 - - [27/Mar/2018:09:21:09 -0300] "GET /cormun/servlet/hlogin HTTP/1.1" 200 1718
186.79.104.60 - - [27/Mar/2018:09:21:11 -0300] "POST /cormun/servlet/hlogin?adb3566b49b3c9954a8660776b2e719d,gx-no-cache=1522153221012 HTTP/1.1" 200 90
186.79.104.60 - - [27/Mar/2018:09:21:11 -0300] "GET /cormun/servlet/hpexe_link HTTP/1.1" 200 947
186.79.104.60 - - [27/Mar/2018:09:21:12 -0300] "GET /cormun/servlet/hhome HTTP/1.1" 200 3932
186.79.173.73 - - [27/Mar/2018:09:21:12 -0300] "GET /cormun/servlet/solicitudot?d0ab7491fc24d548a7d2ff2d0da95950147a7f9e266fd0ac2df8a4fb471de1dacb0842ada88cb73468d5cb8f434f3904,gx-no-cache=1522153235213 HTTP/1.1" 200 30
186.79.104.60 - - [27/Mar/2018:09:21:12 -0300] "GET /cormun/servlet/hhome HTTP/1.1" 200 3928
186.79.173.73 - - [27/Mar/2018:09:21:28 -0300] "POST /cormun/servlet/solicitudot?gx-no-cache=1522153250452 HTTP/1.1" 200 30
186.79.173.73 - - [27/Mar/2018:09:21:47 -0300] "POST /cormun/servlet/solicitudot?3dd25e888a6378dea2b0cd8acf955336,INS,0,0,,gx-no-cache=1522153269800 HTTP/1.1" 200 93
186.79.173.73 - - [27/Mar/2018:09:21:48 -0300] "GET /cormun/servlet/hpexe_return? HTTP/1.1" 200 1004
186.79.173.73 - - [27/Mar/2018:09:21:48 -0300] "GET /cormun/servlet/trsolicitudot HTTP/1.1" 200 10148
186.79.173.73 - - [27/Mar/2018:09:21:50 -0300] "GET /cormun/servlet/trsolicitudot HTTP/1.1" 200 10144
186.79.173.73 - - [27/Mar/2018:09:22:01 -0300] "GET /cormun/servlet/solicitudot?INS,0,0, HTTP/1.1" 200 13665
186.79.173.73 - - [27/Mar/2018:09:22:02 -0300] "GET /cormun/servlet/solicitudot?INS,0,0, HTTP/1.1" 200 13670
186.79.173.73 - - [27/Mar/2018:09:22:11 -0300] "POST /cormun/servlet/solicitudot?gx-no-cache=1522153293280 HTTP/1.1" 200 3423
186.79.173.73 - - [27/Mar/2018:09:22:11 -0300] "POST /cormun/servlet/solicitudot?3dd25e888a6378dea2b0cd8acf955336,INS,0,0,,gx-no-cache=1522153293864 HTTP/1.1" 200 10603
186.79.173.73 - - [27/Mar/2018:09:22:17 -0300] "GET /cormun/servlet/solicitudot?d0ab7491fc24d548a7d2ff2d0da959505676a153cf88dde1ba2500a9aab68ca9025f763773fb4d65ba16b7a8db6f3552,gx-no-cache=1522153299888 HTTP/1.1" 200 30
186.79.173.73 - - [27/Mar/2018:09:22:17 -0300] "GET /cormun/servlet/solicitudot?d0ab7491fc24d548a7d2ff2d0da95950e4f0db4727d20fb5bffb8a988bda32888bf7280860b19a1161e1349330b222b00c06712d1b3cdcefb0619dc10cd9e568,gx-no-cache=1522153299993 HTTP/1.1" 200 30
186.79.173.73 - - [27/Mar/2018:09:22:17 -0300] "GET /cormun/servlet/solicitudot?d0ab7491fc24d548a7d2ff2d0da95950d2f3799a3d6feaea5291c4a3bec4e442,gx-no-cache=1522153300085 HTTP/1.1" 200 53
186.79.173.73 - - [27/Mar/2018:09:22:17 -0300] "POST /cormun/servlet/solicitudot?gx-no-cache=1522153300182 HTTP/1.1" 200 297
186.79.173.73 - - [27/Mar/2018:09:22:17 -0300] "GET /cormun/servlet/solicitudot?d0ab7491fc24d548a7d2ff2d0da9595077c1dae0ca3b9b192444984f4ae214ccdb582a7b9061ffbe18f3e6e2657fe50250c4bb24df5c8e847512ed43239172087705a7b5331cab41d923f18b090f7bb0238717bd78bc49b00d71c0fa364de64e8ec271b5addf58c72c319556e42d3d040af626ba4dcfbb794fbd5b36a77cabc937c7494403d2b688ebe41e4e2d9bbd47037b0ec4e85ff239803740cf497d1a0f87c624e836fa26add13d79be2c9faf980f11179f469a26460eae832a7f2435566aac2c7fe51ec547afcf50f8103d32a5740fea7ff929d2b3e38580f5435d1be171a8b01ba7967cb5b22b8e7139793e56f3e8c8b89aebd26fb693dabe256a9c9629d757470e4316fe4212389ee392e01fd74dd6ab6eae61d2520d14cb520f156ca6ec916d09650ba2ab105c92c85494441524a48cc0b859ef73a82c17d680d9be8843d51faac66266c8c7bcca2e01128e753f44f7b4878467f111f97052b057ad55dfbc5975ee0100920f6b6feb36f47e6468ddaf073c38d4deba803601ebc753c82a88236d9e739bcea3de15725f932c,gx-no-cache=1522153300314 HTTP/1.1" 200 30
186.79.173.73 - - [27/Mar/2018:09:22:17 -0300] "POST /cormun/servlet/solicitudot?gx-no-cache=1522153300405 HTTP/1.1" 200 30
186.79.173.73 - - [27/Mar/2018:09:22:18 -0300] "POST /cormun/servlet/solicitudot?gx-no-cache=1522153300528 HTTP/1.1" 200 1352
186.79.173.73 - - [27/Mar/2018:09:22:18 -0300] "POST /cormun/servlet/solicitudot?gx-no-cache=1522153300698 HTTP/1.1" 200 38
186.79.173.73 - - [27/Mar/2018:09:22:28 -0300] "POST /cormun/servlet/solicitudot?gx-no-cache=1522153311303 HTTP/1.1" 200 30
186.79.173.73 - - [27/Mar/2018:09:22:29 -0300] "POST /cormun/servlet/solicitudot?gx-no-cache=1522153311522 HTTP/1.1" 200 1352
186.79.173.73 - - [27/Mar/2018:09:22:29 -0300] "POST /cormun/servlet/solicitudot?gx-no-cache=1522153311797 HTTP/1.1" 200 38
186.79.173.73 - - [27/Mar/2018:09:22:29 -0300] "GET /cormun/servlet/solicitudot?d0ab7491fc24d548a7d2ff2d0da9595075821bb1a5c79821ccafad55b9b7f437c9d36209ccae397e66c37d7ca4d8063b0ec3ded288e52cc04b9b2913ebb9e9ce9a65e8e9bbf401e741d4de6864132e9e58a9bb5dd7a533fe0bfa7951df0ff81357d7cbf377751096355d1b187a2c8c44,gx-no-cache=1522153311934 HTTP/1.1" 200 29
186.79.173.73 - - [27/Mar/2018:09:22:29 -0300] "POST /cormun/servlet/solicitudot?gx-no-cache=1522153312166 HTTP/1.1" 200 1335
186.79.173.73 - - [27/Mar/2018:09:22:30 -0300] "POST /cormun/servlet/solicitudot?gx-no-cache=1522153312407 HTTP/1.1" 200 1231
186.79.173.73 - - [27/Mar/2018:09:22:30 -0300] "GET /cormun/static/menuarrow.gif HTTP/1.1" 404 1015
186.79.173.73 - - [27/Mar/2018:09:22:31 -0300] "POST /cormun/servlet/solicitudot?gx-no-cache=1522153314047 HTTP/1.1" 200 30
186.79.173.73 - - [27/Mar/2018:09:22:31 -0300] "POST /cormun/servlet/solicitudot?gx-no-cache=1522153314274 HTTP/1.1" 200 1352
186.79.173.73 - - [27/Mar/2018:09:22:32 -0300] "POST /cormun/servlet/solicitudot?gx-no-cache=1522153314541 HTTP/1.1" 200 38
186.79.173.73 - - [27/Mar/2018:09:22:32 -0300] "POST /cormun/servlet/solicitudot?gx-no-cache=1522153314723 HTTP/1.1" 200 1335
186.79.173.73 - - [27/Mar/2018:09:22:32 -0300] "POST /cormun/servlet/solicitudot?gx-no-cache=1522153315011 HTTP/1.1" 200 1231
186.79.173.73 - - [27/Mar/2018:09:22:34 -0300] "GET /cormun/servlet/solicitudot?d0ab7491fc24d548a7d2ff2d0da95950147a7f9e266fd0ac2df8a4fb471de1dacb0842ada88cb73468d5cb8f434f3904,gx-no-cache=1522153316867 HTTP/1.1" 200 30
186.79.173.73 - - [27/Mar/2018:09:22:43 -0300] "POST /cormun/servlet/solicitudot?gx-no-cache=1522153326416 HTTP/1.1" 200 30
186.79.173.73 - - [27/Mar/2018:09:22:53 -0300] "POST /cormun/servlet/solicitudot?3dd25e888a6378dea2b0cd8acf955336,INS,0,0,,gx-no-cache=1522153335202 HTTP/1.1" 200 93
186.79.173.73 - - [27/Mar/2018:09:22:53 -0300] "GET /cormun/servlet/hpexe_return? HTTP/1.1" 200 1004
186.79.173.73 - - [27/Mar/2018:09:22:54 -0300] "GET /cormun/servlet/trsolicitudot HTTP/1.1" 200 10527
186.79.173.73 - - [27/Mar/2018:09:22:55 -0300] "GET /cormun/servlet/trsolicitudot HTTP/1.1" 200 10523
186.79.173.73 - - [27/Mar/2018:09:23:00 -0300] "GET /cormun/servlet/solicitudot?INS,0,0, HTTP/1.1" 200 13664
186.79.173.73 - - [27/Mar/2018:09:23:01 -0300] "GET /cormun/servlet/solicitudot?INS,0,0, HTTP/1.1" 200 13669
186.79.173.73 - - [27/Mar/2018:09:23:14 -0300] "POST /cormun/servlet/solicitudot?gx-no-cache=1522153356154 HTTP/1.1" 200 3409
186.79.173.73 - - [27/Mar/2018:09:23:14 -0300] "POST /cormun/servlet/solicitudot?3dd25e888a6378dea2b0cd8acf955336,INS,0,0,,gx-no-cache=1522153356701 HTTP/1.1" 200 10569
186.79.173.73 - - [27/Mar/2018:09:23:18 -0300] "GET /cormun/servlet/solicitudot?d0ab7491fc24d548a7d2ff2d0da959509d6f5d6cc5fdcff502053d5962d97565025f763773fb4d65ba16b7a8db6f3552,gx-no-cache=1522153360512 HTTP/1.1" 200 30
186.79.173.73 - - [27/Mar/2018:09:23:18 -0300] "GET /cormun/servlet/solicitudot?d0ab7491fc24d548a7d2ff2d0da95950a287b5381858f8d279b38d2c861f1b4c3336c83a9d667908240d798e91cc53c918d8a1e43d4d8f4b4c4c6c098f47ebc1,gx-no-cache=1522153360617 HTTP/1.1" 200 30
186.79.173.73 - - [27/Mar/2018:09:23:18 -0300] "GET /cormun/servlet/solicitudot?d0ab7491fc24d548a7d2ff2d0da95950d2f3799a3d6feaea5291c4a3bec4e442,gx-no-cache=1522153360738 HTTP/1.1" 200 53
186.79.173.73 - - [27/Mar/2018:09:23:18 -0300] "POST /cormun/servlet/solicitudot?gx-no-cache=1522153360833 HTTP/1.1" 200 297
186.79.173.73 - - [27/Mar/2018:09:23:18 -0300] "GET /cormun/servlet/solicitudot?d0ab7491fc24d548a7d2ff2d0da9595077c1dae0ca3b9b192444984f4ae214ccdb582a7b9061ffbe18f3e6e2657fe50250c4bb24df5c8e847512ed43239172087705a7b5331cab41d923f18b090f7bb0238717bd78bc49b00d71c0fa364de64e8ec271b5addf58c72c319556e42d3d040af626ba4dcfbb794fbd5b36a77cabc937c7494403d2b688ebe41e4e2d9bbd47037b0ec4e85ff239803740cf497d1a0f87c624e836fa26add13d79be2c9faf980f11179f469a26460eae832a7f2435566aac2c7fe51ec547afcf50f8103d32a5740fea7ff929d2b3e38580f5435d1be171a8b01ba7967cb5b22b8e7139793e56f3e8c8b89aebd26fb693dabe256a9c9629d757470e4316fe4212389ee392e01fd74dd6ab6eae61d2520d14cb520f156ca6ec916d09650ba2ab105c92c85494441524a48cc0b859ef73a82c17d680d9be8843d51faac66266c8c7bcca2e01128e753f44f7b4878467f111f97052b057ad55dfbc5975ee0100920f6b6feb36f47e6468ddaf073c38d4deba803601ebc753c82a88236d9e739bcea3de15725f932c,gx-no-cache=1522153360964 HTTP/1.1" 200 30
186.79.173.73 - - [27/Mar/2018:09:23:18 -0300] "POST /cormun/servlet/solicitudot?gx-no-cache=1522153361107 HTTP/1.1" 200 30
186.79.173.73 - - [27/Mar/2018:09:23:18 -0300] "POST /cormun/servlet/solicitudot?gx-no-cache=1522153361224 HTTP/1.1" 200 1352
186.79.173.73 - - [27/Mar/2018:09:23:19 -0300] "POST /cormun/servlet/solicitudot?gx-no-cache=1522153361448 HTTP/1.1" 200 38
186.79.173.73 - - [27/Mar/2018:09:23:55 -0300] "GET /cormun/servlet/solicitudot?d0ab7491fc24d548a7d2ff2d0da9595075821bb1a5c79821ccafad55b9b7f437c9d36209ccae397e66c37d7ca4d8063b0ec3ded288e52cc04b9b2913ebb9e9ce9a65e8e9bbf401e741d4de6864132e9e58a9bb5dd7a533fe0bfa7951df0ff81357d7cbf377751096355d1b187a2c8c44,gx-no-cache=1522153397850 HTTP/1.1" 200 29
186.79.173.73 - - [27/Mar/2018:09:23:55 -0300] "POST /cormun/servlet/solicitudot?gx-no-cache=1522153398015 HTTP/1.1" 200 1335
192.168.10.96 - - [27/Mar/2018:09:23:55 -0300] "GET /cormun/servlet/trsolicitudgral? HTTP/1.1" 200 10571
186.79.173.73 - - [27/Mar/2018:09:23:55 -0300] "POST /cormun/servlet/solicitudot?gx-no-cache=1522153398225 HTTP/1.1" 200 1231
186.79.173.73 - - [27/Mar/2018:09:23:56 -0300] "GET /cormun/static/menuarrow.gif HTTP/1.1" 404 1015
192.168.10.96 - - [27/Mar/2018:09:23:56 -0300] "GET /cormun/servlet/trsolicitudgral? HTTP/1.1" 200 10571
186.79.173.73 - - [27/Mar/2018:09:23:57 -0300] "POST /cormun/servlet/solicitudot?gx-no-cache=1522153399830 HTTP/1.1" 200 1335
186.79.173.73 - - [27/Mar/2018:09:23:57 -0300] "POST /cormun/servlet/solicitudot?gx-no-cache=1522153400042 HTTP/1.1" 200 1231
186.79.173.73 - - [27/Mar/2018:09:23:58 -0300] "GET /cormun/servlet/solicitudot?d0ab7491fc24d548a7d2ff2d0da95950147a7f9e266fd0ac2df8a4fb471de1dacb0842ada88cb73468d5cb8f434f3904,gx-no-cache=1522153401122 HTTP/1.1" 200 30
186.79.173.73 - - [27/Mar/2018:09:24:03 -0300] "POST /cormun/servlet/solicitudot?gx-no-cache=1522153406180 HTTP/1.1" 200 30
192.168.10.96 - - [27/Mar/2018:09:24:17 -0300] "POST /cormun/servlet/trsolicitudgral?aea30fae749eec8fe43ec8c259579cf9,,gx-no-cache=1522153288693 HTTP/1.1" 200 12034
192.168.10.96 - - [27/Mar/2018:09:24:24 -0300] "GET /cormun/servlet/vesolicitudgral?2018,7790,, HTTP/1.1" 200 9158
192.168.10.96 - - [27/Mar/2018:09:24:24 -0300] "GET /cormun/pexe_scrolldiv.js HTTP/1.1" 404 1009
192.168.10.96 - - [27/Mar/2018:09:24:24 -0300] "GET /cormun/pexe_scrolldiv.js HTTP/1.1" 404 1009
201.214.54.200 - - [27/Mar/2018:09:24:24 -0300] "POST /cormun/servlet/solicitudot?3dd25e888a6378dea2b0cd8acf955336,INS,0,0,,gx-no-cache=1522153426359 HTTP/1.1" 200 93
201.214.54.200 - - [27/Mar/2018:09:24:24 -0300] "GET /cormun/servlet/hpexe_return? HTTP/1.1" 200 1004
192.168.10.96 - - [27/Mar/2018:09:24:24 -0300] "GET /cormun/servlet/vesolicitudgral?2018,7790,, HTTP/1.1" 200 9157
201.214.54.200 - - [27/Mar/2018:09:24:24 -0300] "GET /cormun/servlet/trsolicitudot HTTP/1.1" 200 10901
201.214.54.200 - - [27/Mar/2018:09:24:26 -0300] "GET /cormun/servlet/trsolicitudot HTTP/1.1" 200 10897
192.168.10.96 - - [27/Mar/2018:09:24:28 -0300] "GET /cormun/servlet/vesolicitudgral?2018,7790,,SolicitudOTAdjuntos HTTP/1.1" 200 11386
192.168.10.96 - - [27/Mar/2018:09:24:28 -0300] "GET /cormun/pexe_scrolldiv.js HTTP/1.1" 404 1009
192.168.10.96 - - [27/Mar/2018:09:24:28 -0300] "GET /cormun/pexe_scrolldiv.js HTTP/1.1" 404 1009
192.168.10.96 - - [27/Mar/2018:09:24:29 -0300] "GET /cormun/servlet/vesolicitudgral?2018,7790,,SolicitudOTAdjuntos HTTP/1.1" 200 11386
192.168.10.96 - - [27/Mar/2018:09:24:29 -0300] "POST /cormun/servlet/acontrolpreferencessavestate?None,DZAMUDIO,true HTTP/1.1" 200 35
192.168.10.96 - - [27/Mar/2018:09:24:30 -0300] "GET /cormun/PublicTempStorage/carnet2353119.pdf HTTP/1.1" 200 91048
192.168.10.96 - - [27/Mar/2018:09:24:34 -0300] "GET /cormun/servlet/vesolicitudgral?2018,7790,,SolicitudOTAdjuntos HTTP/1.1" 200 11385
192.168.10.96 - - [27/Mar/2018:09:24:35 -0300] "GET /cormun/servlet/vesolicitudgral?2018,7790,,SolicitudOTAdjuntos HTTP/1.1" 200 11386
192.168.10.96 - - [27/Mar/2018:09:24:36 -0300] "POST /cormun/servlet/acontrolpreferencessavestate?None,DZAMUDIO,true HTTP/1.1" 200 35
192.168.10.96 - - [27/Mar/2018:09:24:36 -0300] "GET /cormun/PublicTempStorage/afp38023.pdf HTTP/1.1" 200 96872
186.103.159.182 - - [27/Mar/2018:09:24:40 -0300] "GET /cormun/servlet/hlogin HTTP/1.1" 200 1722
192.168.10.96 - - [27/Mar/2018:09:24:41 -0300] "GET /cormun/servlet/vesolicitudgral?2018,7790,,SolicitudOTAdjuntos HTTP/1.1" 200 11386
192.168.10.96 - - [27/Mar/2018:09:24:41 -0300] "GET /cormun/servlet/vesolicitudgral?2018,7790,,SolicitudOTAdjuntos HTTP/1.1" 200 11387
192.168.10.96 - - [27/Mar/2018:09:24:42 -0300] "POST /cormun/servlet/acontrolpreferencessavestate?None,DZAMUDIO,true HTTP/1.1" 200 35
192.168.10.96 - - [27/Mar/2018:09:24:42 -0300] "GET /cormun/PublicTempStorage/salud9147970.pdf HTTP/1.1" 200 135993
201.214.54.200 - - [27/Mar/2018:09:24:47 -0300] "POST /cormun/servlet/trsolicitudot?3dd25e888a6378dea2b0cd8acf955336,gx-no-cache=1522153449577 HTTP/1.1" 200 105
201.214.54.200 - - [27/Mar/2018:09:24:47 -0300] "GET /cormun/servlet/solicitudot?UPD,2018,10883, HTTP/1.1" 200 15501
201.214.54.200 - - [27/Mar/2018:09:24:48 -0300] "GET /cormun/servlet/solicitudot?UPD,2018,10883, HTTP/1.1" 200 15510
186.79.173.73 - - [27/Mar/2018:09:24:49 -0300] "POST /cormun/servlet/solicitudot?gx-no-cache=1522153451734 HTTP/1.1" 200 3432
186.103.159.182 - - [27/Mar/2018:09:24:49 -0300] "POST /cormun/servlet/hlogin?0822f17a3b261a4decf432dc894df566,gx-no-cache=1522153437577 HTTP/1.1" 200 90
186.103.159.182 - - [27/Mar/2018:09:24:49 -0300] "GET /cormun/servlet/hpexe_link HTTP/1.1" 200 949
186.103.159.182 - - [27/Mar/2018:09:24:49 -0300] "GET /cormun/servlet/hhome HTTP/1.1" 200 4257
186.79.173.73 - - [27/Mar/2018:09:24:50 -0300] "POST /cormun/servlet/solicitudot?3dd25e888a6378dea2b0cd8acf955336,UPD,2018,10883,,gx-no-cache=1522153452364 HTTP/1.1" 200 11749
192.168.10.96 - - [27/Mar/2018:09:24:50 -0300] "GET /cormun/servlet/vesolicitudgral?2018,7790,,SolicitudOTAdjuntos HTTP/1.1" 200 11386
186.79.173.73 - - [27/Mar/2018:09:24:50 -0300] "GET /cormun/servlet/solicitudot?d0ab7491fc24d548a7d2ff2d0da9595077aa435fbaabdc3c8b196f6cc2e419aecee86be4aacd3d16ea0e7b22ba1a4abd,gx-no-cache=1522153453153 HTTP/1.1" 200 30
186.79.173.73 - - [27/Mar/2018:09:24:50 -0300] "GET /cormun/servlet/solicitudot?d0ab7491fc24d548a7d2ff2d0da95950b207429b5de5a97fc619d187a573c1e5e76534aba14e627616c58c6c74ba77eac82a88236d9e739bcea3de15725f932c,gx-no-cache=1522153453309 HTTP/1.1" 200 30
186.103.159.182 - - [27/Mar/2018:09:24:50 -0300] "GET /cormun/servlet/hhome HTTP/1.1" 200 4253
186.79.173.73 - - [27/Mar/2018:09:24:51 -0300] "GET /cormun/servlet/solicitudot?d0ab7491fc24d548a7d2ff2d0da959505b4d6490e891d8b2a5ee631a0bcb20264377ec06c809c1dc26cd94d3912861d2fa7f4bb8991d9a50c7090474d1145028,gx-no-cache=1522153453499 HTTP/1.1" 200 53
192.168.10.96 - - [27/Mar/2018:09:24:51 -0300] "GET /cormun/servlet/vesolicitudgral?2018,7790,,SolicitudOTAdjuntos HTTP/1.1" 200 11388
186.79.173.73 - - [27/Mar/2018:09:24:51 -0300] "POST /cormun/servlet/solicitudot?gx-no-cache=1522153453604 HTTP/1.1" 200 297
186.79.173.73 - - [27/Mar/2018:09:24:51 -0300] "GET /cormun/servlet/solicitudot?d0ab7491fc24d548a7d2ff2d0da9595077c1dae0ca3b9b192444984f4ae214ccdb582a7b9061ffbe18f3e6e2657fe50250c4bb24df5c8e847512ed43239172087705a7b5331cab41d923f18b090f7bb0238717bd78bc49b00d71c0fa364de64e8ec271b5addf58c72c319556e42d3d040af626ba4dcfbb794fbd5b36a77cabc937c7494403d2b688ebe41e4e2d9bbd47037b0ec4e85ff239803740cf497d1a0f87c624e836fa26add13d79be2c9faf980f11179f469a26460eae832a7f2435566aac2c7fe51ec547afcf50f8103d32a5740fea7ff929d2b3e38580f5435d1be171a8b01ba7967cb5b22b8e7139793e56f3e8c8b89aebd26fb693dabe256a9c9629d757470e4316fe4212389ee392e01fd74dd6ab6eae61d2520d14cb520f156ca6ec916d09650ba2ab105c92c85494441524a48cc0b859ef73a82c17d680d9be8843d51faac66266c8c7bcca2e01128e753f44f7b4878467f111f97052b057ad55dfbc5975ee0100920f6b6feb36f47e9d022d652659b50e44ef083be2d15ccbc82a88236d9e739bcea3de15725f932c,gx-no-cache=1522153453718 HTTP/1.1" 200 30
186.79.173.73 - - [27/Mar/2018:09:24:51 -0300] "POST /cormun/servlet/solicitudot?gx-no-cache=1522153453843 HTTP/1.1" 200 30
186.79.173.73 - - [27/Mar/2018:09:24:51 -0300] "POST /cormun/servlet/solicitudot?gx-no-cache=1522153453972 HTTP/1.1" 200 1352
192.168.10.96 - - [27/Mar/2018:09:24:51 -0300] "POST /cormun/servlet/acontrolpreferencessavestate?None,DZAMUDIO,true HTTP/1.1" 200 35
186.79.173.73 - - [27/Mar/2018:09:24:51 -0300] "POST /cormun/servlet/solicitudot?gx-no-cache=1522153454224 HTTP/1.1" 200 40
192.168.10.96 - - [27/Mar/2018:09:24:53 -0300] "GET /cormun/PublicTempStorage/antecedentes562450.pdf HTTP/1.1" 200 144399
186.103.159.182 - - [27/Mar/2018:09:24:55 -0300] "GET /cormun/servlet/trautorizarsolicitud? HTTP/1.1" 200 7367
192.168.10.96 - - [27/Mar/2018:09:24:56 -0300] "GET /cormun/servlet/vesolicitudgral?2018,7790,,SolicitudOTAdjuntos HTTP/1.1" 200 11386
186.103.159.182 - - [27/Mar/2018:09:24:56 -0300] "GET /cormun/servlet/trautorizarsolicitud? HTTP/1.1" 200 7366
192.168.10.96 - - [27/Mar/2018:09:24:57 -0300] "GET /cormun/servlet/vesolicitudgral?2018,7790,,SolicitudOTAdjuntos HTTP/1.1" 200 11389
192.168.10.96 - - [27/Mar/2018:09:24:57 -0300] "POST /cormun/servlet/acontrolpreferencessavestate?None,DZAMUDIO,true HTTP/1.1" 200 35
192.168.10.96 - - [27/Mar/2018:09:24:58 -0300] "GET /cormun/PublicTempStorage/autorizacion_ministerial8212697.pdf HTTP/1.1" 200 177046
186.103.159.182 - - [27/Mar/2018:09:24:59 -0300] "GET /cormun/servlet/trsolicitudot? HTTP/1.1" 200 7468
186.103.159.182 - - [27/Mar/2018:09:25:00 -0300] "GET /cormun/servlet/trsolicitudot? HTTP/1.1" 200 7467
186.103.159.182 - - [27/Mar/2018:09:25:02 -0300] "GET /cormun/servlet/solicitudot?INS,0,0, HTTP/1.1" 200 13699
186.103.159.182 - - [27/Mar/2018:09:25:02 -0300] "GET /cormun/servlet/solicitudot?INS,0,0, HTTP/1.1" 200 13704
186.79.173.73 - - [27/Mar/2018:09:25:04 -0300] "GET /cormun/servlet/solicitudot?d0ab7491fc24d548a7d2ff2d0da95950b061297b8b087bd75f879baac785e01839c13be6d9dd09a78ba2ae51da8ba9de9a5b085fa45729072d2b46038441b3347124c82c93e429438a3a1410dac12f2a0b6c52768c8341bd4ab7cbac2ca47146bef1fade14833004cd8f79f6c4374196,gx-no-cache=1522153467223 HTTP/1.1" 200 29
186.79.173.73 - - [27/Mar/2018:09:25:04 -0300] "POST /cormun/servlet/solicitudot?gx-no-cache=1522153467325 HTTP/1.1" 200 1335
186.79.173.73 - - [27/Mar/2018:09:25:05 -0300] "POST /cormun/servlet/solicitudot?gx-no-cache=1522153467559 HTTP/1.1" 200 1231
186.79.173.73 - - [27/Mar/2018:09:25:05 -0300] "GET /cormun/servlet/solicitudot?d0ab7491fc24d548a7d2ff2d0da95950147a7f9e266fd0ac2df8a4fb471de1dacb0842ada88cb73468d5cb8f434f3904,gx-no-cache=1522153467757 HTTP/1.1" 200 30
186.79.173.73 - - [27/Mar/2018:09:25:05 -0300] "POST /cormun/servlet/solicitudot?gx-no-cache=1522153467846 HTTP/1.1" 200 30
186.79.173.73 - - [27/Mar/2018:09:25:06 -0300] "POST /cormun/servlet/solicitudot?3dd25e888a6378dea2b0cd8acf955336,UPD,2018,10883,,gx-no-cache=1522153468012 HTTP/1.1" 200 93
186.79.173.73 - - [27/Mar/2018:09:25:06 -0300] "GET /cormun/servlet/hpexe_return? HTTP/1.1" 200 1011
186.79.173.73 - - [27/Mar/2018:09:25:06 -0300] "GET /cormun/servlet/trsolicitudot HTTP/1.1" 200 10901
186.79.173.73 - - [27/Mar/2018:09:25:08 -0300] "GET /cormun/servlet/trsolicitudot HTTP/1.1" 200 10897
186.103.159.182 - - [27/Mar/2018:09:25:10 -0300] "GET /cormun/servlet/prfichaempleado?,MD,,gxPopupLevel%3D0%3B HTTP/1.1" 200 9427
186.79.173.73 - - [27/Mar/2018:09:25:19 -0300] "GET /cormun/servlet/vesolicitudot?2018,10880,, HTTP/1.1" 200 8640
192.168.10.96 - - [27/Mar/2018:09:25:19 -0300] "GET /cormun/servlet/vesolicitudgral?2018,7790,,SolicitudOTAdjuntos HTTP/1.1" 200 11385
186.79.173.73 - - [27/Mar/2018:09:25:19 -0300] "GET /cormun/static/gxcfg.js?2017111422591385 HTTP/1.1" 304 -
186.79.173.73 - - [27/Mar/2018:09:25:19 -0300] "GET /cormun/pexe_scrolldiv.js HTTP/1.1" 404 1009
186.79.173.73 - - [27/Mar/2018:09:25:20 -0300] "GET /cormun/pexe_scrolldiv.js HTTP/1.1" 404 1009
192.168.10.96 - - [27/Mar/2018:09:25:20 -0300] "GET /cormun/servlet/vesolicitudgral?2018,7790,,SolicitudOTAdjuntos HTTP/1.1" 200 11386
192.168.10.96 - - [27/Mar/2018:09:25:21 -0300] "POST /cormun/servlet/acontrolpreferencessavestate?None,DZAMUDIO,true HTTP/1.1" 200 35
186.79.173.73 - - [27/Mar/2018:09:25:21 -0300] "GET /cormun/servlet/vesolicitudot?2018,10880,, HTTP/1.1" 200 8640
192.168.10.96 - - [27/Mar/2018:09:25:21 -0300] "GET /cormun/PublicTempStorage/curriculum619415.pdf HTTP/1.1" 200 213472
186.103.159.182 - - [27/Mar/2018:09:25:22 -0300] "POST /cormun/servlet/prfichaempleado?0822f17a3b261a4decf432dc894df566,,MD,,gxPopupLevel%3D0%3B,gx-no-cache=1522153469977 HTTP/1.1" 200 3190
192.168.10.96 - - [27/Mar/2018:09:25:26 -0300] "GET /cormun/servlet/vesolicitudgral?2018,7790,,SolicitudOTAdjuntos HTTP/1.1" 200 11386
192.168.10.96 - - [27/Mar/2018:09:25:26 -0300] "GET /cormun/servlet/vesolicitudgral?2018,7790,,SolicitudOTAdjuntos HTTP/1.1" 200 11388
192.168.10.96 - - [27/Mar/2018:09:25:27 -0300] "POST /cormun/servlet/acontrolpreferencessavestate?None,DZAMUDIO,true HTTP/1.1" 200 35
192.168.10.96 - - [27/Mar/2018:09:25:28 -0300] "GET /cormun/PublicTempStorage/titulo2608192.pdf HTTP/1.1" 200 196875
186.103.159.182 - - [27/Mar/2018:09:25:31 -0300] "POST /cormun/servlet/solicitudot?gx-no-cache=1522153479228 HTTP/1.1" 200 3284
186.103.159.182 - - [27/Mar/2018:09:25:31 -0300] "POST /cormun/servlet/solicitudot?0822f17a3b261a4decf432dc894df566,INS,0,0,,gx-no-cache=1522153479393 HTTP/1.1" 200 10436
186.103.159.182 - - [27/Mar/2018:09:25:45 -0300] "GET /cormun/servlet/solicitudot?41df19f1b3cb7ba8b5dd7b065480043d852572fffd8ae53c52bc2dd31e596c68d6f043e98e64c5f8c1b85f9b4bb062f0,gx-no-cache=1522153493654 HTTP/1.1" 200 30
201.236.61.169 - - [27/Mar/2018:09:25:54 -0300] "GET /cormun/servlet/hlogin HTTP/1.1" 200 1715
201.236.61.169 - - [27/Mar/2018:09:25:56 -0300] "POST /cormun/servlet/hlogin?7a2b638ec4b503233b7c485ff9d032d1,gx-no-cache=1522153503103 HTTP/1.1" 200 90
201.236.61.169 - - [27/Mar/2018:09:25:56 -0300] "GET /cormun/servlet/hpexe_link HTTP/1.1" 200 946
201.236.61.169 - - [27/Mar/2018:09:25:56 -0300] "GET /cormun/servlet/hhome HTTP/1.1" 200 3993
201.236.61.169 - - [27/Mar/2018:09:25:57 -0300] "GET /cormun/servlet/hhome HTTP/1.1" 200 3988
201.236.61.169 - - [27/Mar/2018:09:26:00 -0300] "GET /cormun/servlet/trsolicitudot? HTTP/1.1" 200 7208
201.236.61.169 - - [27/Mar/2018:09:26:00 -0300] "GET /cormun/static/gxcfg.js?2017111422585916 HTTP/1.1" 304 -
201.236.61.169 - - [27/Mar/2018:09:26:01 -0300] "GET /cormun/servlet/trsolicitudot? HTTP/1.1" 200 7207
201.236.61.169 - - [27/Mar/2018:09:26:03 -0300] "GET /cormun/static/menuarrow.gif HTTP/1.1" 404 1015
201.236.61.169 - - [27/Mar/2018:09:26:11 -0300] "POST /cormun/servlet/trsolicitudot?7a2b638ec4b503233b7c485ff9d032d1,,gx-no-cache=1522153517582 HTTP/1.1" 200 16106
186.79.173.73 - - [27/Mar/2018:09:26:14 -0300] "POST /cormun/servlet/vesolicitudot?3dd25e888a6378dea2b0cd8acf955336,2018,10880,,,gx-no-cache=1522153536977 HTTP/1.1" 200 90
186.79.173.73 - - [27/Mar/2018:09:26:15 -0300] "GET /cormun/servlet/hpexe_link HTTP/1.1" 200 963
186.79.173.73 - - [27/Mar/2018:09:26:15 -0300] "GET /cormun/servlet/trsolicitudot HTTP/1.1" 200 10898
186.79.173.73 - - [27/Mar/2018:09:26:17 -0300] "GET /cormun/servlet/trsolicitudot HTTP/1.1" 200 10897
186.103.159.182 - - [27/Mar/2018:09:26:33 -0300] "GET /cormun/servlet/solicitudot?41df19f1b3cb7ba8b5dd7b065480043d98b8dca1a6c90c399ab5d7356ffec838,gx-no-cache=1522153541028 HTTP/1.1" 200 94
186.103.159.182 - - [27/Mar/2018:09:26:33 -0300] "GET /cormun/static/Shared/jqueryui/images/ui-bg_highlight-soft_100_c6c2c8_1x100.png HTTP/1.1" 404 1117
