186.103.159.182 - - [27/Mar/2018:13:29:13 -0300] "POST /cormun/servlet/solicitudotadjuntos?d0321b5495a65e0084c9c90f2cf5cc5d,INS,2018,10899,,1, HTTP/1.1" 200 116
186.103.159.182 - - [27/Mar/2018:13:29:13 -0300] "GET /cormun/servlet/hpexe_return? HTTP/1.1" 200 1027
186.103.159.182 - - [27/Mar/2018:13:29:13 -0300] "GET /cormun/servlet/trsolicitudadjuntos?2018,10899, HTTP/1.1" 200 8879
186.103.159.182 - - [27/Mar/2018:13:29:14 -0300] "GET /cormun/servlet/trsolicitudadjuntos?2018,10899, HTTP/1.1" 200 8879
186.67.164.142 - - [27/Mar/2018:13:29:14 -0300] "GET /cormun/static/menuarrow.gif HTTP/1.1" 404 1015
186.103.159.182 - - [27/Mar/2018:13:29:16 -0300] "GET /cormun/servlet/solicitudotadjuntos?INS,2018,10899,,1, HTTP/1.1" 200 6302
186.103.159.182 - - [27/Mar/2018:13:29:16 -0300] "GET /cormun/static/about:blank HTTP/1.1" 404 1011
186.103.159.182 - - [27/Mar/2018:13:29:16 -0300] "GET /cormun/servlet/solicitudotadjuntos?INS,2018,10899,,1, HTTP/1.1" 200 6295
186.103.159.182 - - [27/Mar/2018:13:29:17 -0300] "GET /cormun/servlet/solicitudotadjuntos?ed45ad9addba476b3b25f68f886b9d3108547b9d87e2cdb07cdc92ab97b26eb01e61664117f5a1ab17daeb681e5183ad,gx-no-cache=1522168104283 HTTP/1.1" 200 30
186.103.159.182 - - [27/Mar/2018:13:29:17 -0300] "POST /cormun/servlet/solicitudotadjuntos?d0321b5495a65e0084c9c90f2cf5cc5d,INS,2018,10899,,1,,gx-no-cache=1522168104355 HTTP/1.1" 200 3986
186.103.159.182 - - [27/Mar/2018:13:29:18 -0300] "POST /cormun/servlet/solicitudotadjuntos?gx-no-cache=1522168105772 HTTP/1.1" 200 26
186.67.164.142 - - [27/Mar/2018:13:29:19 -0300] "GET /cormun/servlet/permisogoce?bec404875cf0525505274714f6b5db23202af2c0b3983cf7fab71cfad53083a487343c741a5bf7956aa56a64c81bb62d5ced4741361b71c03de07ada519c6971,gx-no-cache=1522168105968 HTTP/1.1" 200 47
186.67.164.142 - - [27/Mar/2018:13:29:22 -0300] "POST /cormun/servlet/permisogoce?f2b0cb3de2506b34f1dd592e105ff448,INS,0,,,,gx-no-cache=1522168108856 HTTP/1.1" 200 93
186.67.164.142 - - [27/Mar/2018:13:29:22 -0300] "GET /cormun/servlet/hpexe_return? HTTP/1.1" 200 1009
186.67.164.142 - - [27/Mar/2018:13:29:22 -0300] "GET /cormun/servlet/trpermisosgoce HTTP/1.1" 200 8988
186.67.164.142 - - [27/Mar/2018:13:29:22 -0300] "GET /cormun/servlet/trpermisosgoce HTTP/1.1" 200 8984
186.103.159.182 - - [27/Mar/2018:13:29:23 -0300] "GET /cormun/servlet/solicitudotadjuntos?ed45ad9addba476b3b25f68f886b9d3177591afbe311cb43e47998db4d79e88b,gx-no-cache=1522168110332 HTTP/1.1" 200 30
186.103.159.182 - - [27/Mar/2018:13:29:23 -0300] "GET /cormun/servlet/solicitudotadjuntos?ed45ad9addba476b3b25f68f886b9d3177591afbe311cb43e47998db4d79e88b,gx-no-cache=1522168110360 HTTP/1.1" 200 30
186.103.159.182 - - [27/Mar/2018:13:29:24 -0300] "POST /cormun/servlet/solicitudotadjuntos?d0321b5495a65e0084c9c90f2cf5cc5d,INS,2018,10899,,1, HTTP/1.1" 200 116
186.103.159.182 - - [27/Mar/2018:13:29:24 -0300] "GET /cormun/servlet/hpexe_return? HTTP/1.1" 200 1027
186.103.159.182 - - [27/Mar/2018:13:29:24 -0300] "GET /cormun/servlet/trsolicitudadjuntos?2018,10899, HTTP/1.1" 200 9104
186.103.159.182 - - [27/Mar/2018:13:29:25 -0300] "GET /cormun/servlet/trsolicitudadjuntos?2018,10899, HTTP/1.1" 200 9101
186.103.159.182 - - [27/Mar/2018:13:29:27 -0300] "GET /cormun/servlet/solicitudotadjuntos?INS,2018,10899,,1, HTTP/1.1" 200 6302
186.103.159.182 - - [27/Mar/2018:13:29:27 -0300] "GET /cormun/static/about:blank HTTP/1.1" 404 1011
186.103.159.182 - - [27/Mar/2018:13:29:27 -0300] "GET /cormun/servlet/solicitudotadjuntos?INS,2018,10899,,1, HTTP/1.1" 200 6295
186.103.159.182 - - [27/Mar/2018:13:29:27 -0300] "GET /cormun/servlet/solicitudotadjuntos?ed45ad9addba476b3b25f68f886b9d3108547b9d87e2cdb07cdc92ab97b26eb01e61664117f5a1ab17daeb681e5183ad,gx-no-cache=1522168115019 HTTP/1.1" 200 30
186.103.159.182 - - [27/Mar/2018:13:29:27 -0300] "POST /cormun/servlet/solicitudotadjuntos?d0321b5495a65e0084c9c90f2cf5cc5d,INS,2018,10899,,1,,gx-no-cache=1522168115077 HTTP/1.1" 200 3986
186.103.159.182 - - [27/Mar/2018:13:29:29 -0300] "POST /cormun/servlet/solicitudotadjuntos?gx-no-cache=1522168116660 HTTP/1.1" 200 26
186.67.164.142 - - [27/Mar/2018:13:29:31 -0300] "GET /cormun/servlet/trpermisosadjuntos?7837249,20180327132616,P, HTTP/1.1" 200 6287
186.67.164.142 - - [27/Mar/2018:13:29:32 -0300] "GET /cormun/static/gxcfg.js?201762817193957 HTTP/1.1" 304 -
186.67.164.142 - - [27/Mar/2018:13:29:32 -0300] "GET /cormun/servlet/trpermisosadjuntos?7837249,20180327132616,P, HTTP/1.1" 200 6287
186.103.159.182 - - [27/Mar/2018:13:29:33 -0300] "GET /cormun/servlet/solicitudotadjuntos?ed45ad9addba476b3b25f68f886b9d3177591afbe311cb43e47998db4d79e88b,gx-no-cache=1522168120948 HTTP/1.1" 200 30
186.103.159.182 - - [27/Mar/2018:13:29:33 -0300] "GET /cormun/servlet/solicitudotadjuntos?ed45ad9addba476b3b25f68f886b9d3177591afbe311cb43e47998db4d79e88b,gx-no-cache=1522168120968 HTTP/1.1" 200 30
186.67.164.142 - - [27/Mar/2018:13:29:34 -0300] "GET /cormun/servlet/permisosadjuntos?INS,7837249,P,20180327132616,, HTTP/1.1" 200 5604
186.67.164.142 - - [27/Mar/2018:13:29:34 -0300] "GET /cormun/static/gxcfg.js?201762717441171 HTTP/1.1" 304 -
186.67.164.142 - - [27/Mar/2018:13:29:34 -0300] "GET /cormun/static/about:blank HTTP/1.1" 404 1011
186.67.164.142 - - [27/Mar/2018:13:29:34 -0300] "GET /cormun/servlet/permisosadjuntos?INS,7837249,P,20180327132616,, HTTP/1.1" 200 5595
186.103.159.182 - - [27/Mar/2018:13:29:36 -0300] "POST /cormun/servlet/solicitudotadjuntos?d0321b5495a65e0084c9c90f2cf5cc5d,INS,2018,10899,,1, HTTP/1.1" 200 116
186.103.159.182 - - [27/Mar/2018:13:29:36 -0300] "GET /cormun/servlet/hpexe_return? HTTP/1.1" 200 1027
186.103.159.182 - - [27/Mar/2018:13:29:37 -0300] "GET /cormun/servlet/trsolicitudadjuntos?2018,10899, HTTP/1.1" 200 9280
186.103.159.182 - - [27/Mar/2018:13:29:38 -0300] "GET /cormun/servlet/trsolicitudadjuntos?2018,10899, HTTP/1.1" 200 9277
186.103.159.182 - - [27/Mar/2018:13:29:39 -0300] "GET /cormun/servlet/solicitudotadjuntos?INS,2018,10899,,1, HTTP/1.1" 200 6302
186.103.159.182 - - [27/Mar/2018:13:29:39 -0300] "GET /cormun/static/about:blank HTTP/1.1" 404 1011
186.103.159.182 - - [27/Mar/2018:13:29:39 -0300] "GET /cormun/servlet/solicitudotadjuntos?INS,2018,10899,,1, HTTP/1.1" 200 6295
186.103.159.182 - - [27/Mar/2018:13:29:40 -0300] "GET /cormun/servlet/solicitudotadjuntos?ed45ad9addba476b3b25f68f886b9d3108547b9d87e2cdb07cdc92ab97b26eb01e61664117f5a1ab17daeb681e5183ad,gx-no-cache=1522168127468 HTTP/1.1" 200 30
186.103.159.182 - - [27/Mar/2018:13:29:40 -0300] "POST /cormun/servlet/solicitudotadjuntos?d0321b5495a65e0084c9c90f2cf5cc5d,INS,2018,10899,,1,,gx-no-cache=1522168127519 HTTP/1.1" 200 3986
186.103.159.182 - - [27/Mar/2018:13:29:42 -0300] "POST /cormun/servlet/solicitudotadjuntos?gx-no-cache=1522168129836 HTTP/1.1" 200 26
186.103.159.182 - - [27/Mar/2018:13:29:49 -0300] "GET /cormun/servlet/solicitudotadjuntos?ed45ad9addba476b3b25f68f886b9d3177591afbe311cb43e47998db4d79e88b,gx-no-cache=1522168136636 HTTP/1.1" 200 30
186.103.159.182 - - [27/Mar/2018:13:29:49 -0300] "GET /cormun/servlet/solicitudotadjuntos?ed45ad9addba476b3b25f68f886b9d3177591afbe311cb43e47998db4d79e88b,gx-no-cache=1522168136698 HTTP/1.1" 200 30
186.103.159.182 - - [27/Mar/2018:13:29:51 -0300] "POST /cormun/servlet/solicitudotadjuntos?d0321b5495a65e0084c9c90f2cf5cc5d,INS,2018,10899,,1, HTTP/1.1" 200 116
186.103.159.182 - - [27/Mar/2018:13:29:51 -0300] "GET /cormun/servlet/hpexe_return? HTTP/1.1" 200 1027
186.103.159.182 - - [27/Mar/2018:13:29:52 -0300] "GET /cormun/servlet/trsolicitudadjuntos?2018,10899, HTTP/1.1" 200 9519
186.67.164.142 - - [27/Mar/2018:13:29:53 -0300] "POST /cormun/servlet/permisosadjuntos?f2b0cb3de2506b34f1dd592e105ff448,INS,7837249,P,20180327132616,, HTTP/1.1" 200 116
186.67.164.142 - - [27/Mar/2018:13:29:53 -0300] "GET /cormun/servlet/hpexe_return? HTTP/1.1" 200 1035
186.103.159.182 - - [27/Mar/2018:13:29:53 -0300] "GET /cormun/servlet/trsolicitudadjuntos?2018,10899, HTTP/1.1" 200 9516
186.67.164.142 - - [27/Mar/2018:13:29:53 -0300] "GET /cormun/servlet/trpermisosadjuntos?7837249,20180327132616,P, HTTP/1.1" 200 6756
186.67.164.142 - - [27/Mar/2018:13:29:53 -0300] "GET /cormun/servlet/trpermisosadjuntos?7837249,20180327132616,P, HTTP/1.1" 200 6753
186.103.159.182 - - [27/Mar/2018:13:29:55 -0300] "GET /cormun/servlet/solicitudotadjuntos?INS,2018,10899,,1, HTTP/1.1" 200 6302
186.103.159.182 - - [27/Mar/2018:13:29:55 -0300] "GET /cormun/static/about:blank HTTP/1.1" 404 1011
186.103.159.182 - - [27/Mar/2018:13:29:55 -0300] "GET /cormun/servlet/solicitudotadjuntos?INS,2018,10899,,1, HTTP/1.1" 200 6295
186.67.164.142 - - [27/Mar/2018:13:29:55 -0300] "POST /cormun/servlet/trpermisosadjuntos?f2b0cb3de2506b34f1dd592e105ff448,7837249,20180327132616,P,,gx-no-cache=1522168142849 HTTP/1.1" 200 90
186.67.164.142 - - [27/Mar/2018:13:29:55 -0300] "GET /cormun/servlet/hpexe_link HTTP/1.1" 200 980
186.103.159.182 - - [27/Mar/2018:13:29:56 -0300] "GET /cormun/servlet/solicitudotadjuntos?ed45ad9addba476b3b25f68f886b9d3108547b9d87e2cdb07cdc92ab97b26eb01e61664117f5a1ab17daeb681e5183ad,gx-no-cache=1522168143289 HTTP/1.1" 200 30
186.67.164.142 - - [27/Mar/2018:13:29:56 -0300] "GET /cormun/servlet/trpermisosgoce HTTP/1.1" 200 8986
186.103.159.182 - - [27/Mar/2018:13:29:56 -0300] "POST /cormun/servlet/solicitudotadjuntos?d0321b5495a65e0084c9c90f2cf5cc5d,INS,2018,10899,,1,,gx-no-cache=1522168143325 HTTP/1.1" 200 3986
186.67.164.142 - - [27/Mar/2018:13:29:56 -0300] "GET /cormun/servlet/trpermisosgoce HTTP/1.1" 200 8983
186.103.159.182 - - [27/Mar/2018:13:29:57 -0300] "POST /cormun/servlet/solicitudotadjuntos?gx-no-cache=1522168144730 HTTP/1.1" 200 26
186.67.164.142 - - [27/Mar/2018:13:29:58 -0300] "GET /cormun/servlet/apermisogoceprn?7837249,P,20180327132616,PU HTTP/1.1" 200 1651
186.103.159.182 - - [27/Mar/2018:13:30:01 -0300] "GET /cormun/servlet/solicitudotadjuntos?ed45ad9addba476b3b25f68f886b9d3177591afbe311cb43e47998db4d79e88b,gx-no-cache=1522168148859 HTTP/1.1" 200 30
186.103.159.182 - - [27/Mar/2018:13:30:01 -0300] "GET /cormun/servlet/solicitudotadjuntos?ed45ad9addba476b3b25f68f886b9d3177591afbe311cb43e47998db4d79e88b,gx-no-cache=1522168148924 HTTP/1.1" 200 30
186.103.159.182 - - [27/Mar/2018:13:30:06 -0300] "POST /cormun/servlet/solicitudotadjuntos?d0321b5495a65e0084c9c90f2cf5cc5d,INS,2018,10899,,1, HTTP/1.1" 200 116
186.103.159.182 - - [27/Mar/2018:13:30:06 -0300] "GET /cormun/servlet/hpexe_return? HTTP/1.1" 200 1027
186.103.159.182 - - [27/Mar/2018:13:30:06 -0300] "GET /cormun/servlet/trsolicitudadjuntos?2018,10899, HTTP/1.1" 200 9756
186.67.164.142 - - [27/Mar/2018:13:30:07 -0300] "POST /cormun/servlet/trpermisosgoce?f2b0cb3de2506b34f1dd592e105ff448,gx-no-cache=1522168154046 HTTP/1.1" 200 6185
186.67.164.142 - - [27/Mar/2018:13:30:07 -0300] "GET /cormun/static/Shared/jqueryui/images/ui-bg_highlight-soft_100_c6c2c8_1x100.png HTTP/1.1" 404 1117
186.67.164.142 - - [27/Mar/2018:13:30:07 -0300] "GET /cormun/static/Shared/jqueryui/images/ui-icons_82798d_256x240.png HTTP/1.1" 404 1089
186.67.164.142 - - [27/Mar/2018:13:30:07 -0300] "GET /cormun/static/Shared/jqueryui/images/ui-icons_8d78a5_256x240.png HTTP/1.1" 404 1089
186.67.164.142 - - [27/Mar/2018:13:30:07 -0300] "GET /cormun/static/Shared/jqueryui/images/ui-bg_flat_55_fafafa_40x100.png HTTP/1.1" 404 1097
186.103.159.182 - - [27/Mar/2018:13:30:07 -0300] "GET /cormun/servlet/trsolicitudadjuntos?2018,10899, HTTP/1.1" 200 9753
186.103.159.182 - - [27/Mar/2018:13:30:09 -0300] "GET /cormun/servlet/solicitudotadjuntos?INS,2018,10899,,1, HTTP/1.1" 200 6302
186.103.159.182 - - [27/Mar/2018:13:30:10 -0300] "GET /cormun/static/about:blank HTTP/1.1" 404 1011
186.103.159.182 - - [27/Mar/2018:13:30:10 -0300] "GET /cormun/servlet/solicitudotadjuntos?INS,2018,10899,,1, HTTP/1.1" 200 6295
186.103.159.182 - - [27/Mar/2018:13:30:10 -0300] "GET /cormun/servlet/solicitudotadjuntos?ed45ad9addba476b3b25f68f886b9d3108547b9d87e2cdb07cdc92ab97b26eb01e61664117f5a1ab17daeb681e5183ad,gx-no-cache=1522168157885 HTTP/1.1" 200 30
186.103.159.182 - - [27/Mar/2018:13:30:10 -0300] "POST /cormun/servlet/solicitudotadjuntos?d0321b5495a65e0084c9c90f2cf5cc5d,INS,2018,10899,,1,,gx-no-cache=1522168157910 HTTP/1.1" 200 3986
186.103.159.182 - - [27/Mar/2018:13:30:12 -0300] "POST /cormun/servlet/solicitudotadjuntos?gx-no-cache=1522168159753 HTTP/1.1" 200 26
186.103.157.42 - - [27/Mar/2018:13:30:22 -0300] "GET /cormun/servlet/trlicenciaspermisosadjuntos?10697383,20180327000000,L, HTTP/1.1" 200 6613
186.103.157.42 - - [27/Mar/2018:13:30:22 -0300] "GET /cormun/static/gxcfg.js?20177612163414 HTTP/1.1" 200 953
186.103.157.42 - - [27/Mar/2018:13:30:22 -0300] "GET /cormun/static/trlicenciaspermisosadjuntos.js?20177612163719 HTTP/1.1" 200 21036
186.103.157.42 - - [27/Mar/2018:13:30:22 -0300] "GET /cormun/servlet/trlicenciaspermisosadjuntos?10697383,20180327000000,L, HTTP/1.1" 200 6613
186.103.157.42 - - [27/Mar/2018:13:30:24 -0300] "GET /cormun/servlet/licenciaspermisosadjuntos?INS,10697383,L,20180327000000,, HTTP/1.1" 200 5911
186.103.157.42 - - [27/Mar/2018:13:30:24 -0300] "GET /cormun/static/gxcfg.js?2017761263592 HTTP/1.1" 200 953
186.103.157.42 - - [27/Mar/2018:13:30:24 -0300] "GET /cormun/static/about:blank HTTP/1.1" 404 1011
186.103.157.42 - - [27/Mar/2018:13:30:24 -0300] "GET /cormun/static/licenciaspermisosadjuntos.js?201776126362 HTTP/1.1" 200 8760
186.103.157.42 - - [27/Mar/2018:13:30:24 -0300] "GET /cormun/servlet/licenciaspermisosadjuntos?INS,10697383,L,20180327000000,, HTTP/1.1" 200 5901
186.103.157.42 - - [27/Mar/2018:13:30:35 -0300] "POST /cormun/servlet/licenciaspermisosadjuntos?f64a426a63cbffd467acb14076368204,INS,10697383,L,20180327000000,, HTTP/1.1" 200 116
186.103.157.42 - - [27/Mar/2018:13:30:35 -0300] "GET /cormun/servlet/hpexe_return? HTTP/1.1" 200 1044
186.103.157.42 - - [27/Mar/2018:13:30:35 -0300] "GET /cormun/servlet/trlicenciaspermisosadjuntos?10697383,20180327000000,L, HTTP/1.1" 200 7114
186.103.157.42 - - [27/Mar/2018:13:30:36 -0300] "GET /cormun/servlet/trlicenciaspermisosadjuntos?10697383,20180327000000,L, HTTP/1.1" 200 7110
186.103.159.182 - - [27/Mar/2018:13:30:39 -0300] "GET /cormun/servlet/solicitudotadjuntos?ed45ad9addba476b3b25f68f886b9d3177591afbe311cb43e47998db4d79e88b,gx-no-cache=1522168186811 HTTP/1.1" 200 30
186.103.159.182 - - [27/Mar/2018:13:30:39 -0300] "GET /cormun/servlet/solicitudotadjuntos?ed45ad9addba476b3b25f68f886b9d3177591afbe311cb43e47998db4d79e88b,gx-no-cache=1522168186844 HTTP/1.1" 200 30
186.103.157.42 - - [27/Mar/2018:13:30:40 -0300] "POST /cormun/servlet/trlicenciaspermisosadjuntos?f64a426a63cbffd467acb14076368204,10697383,20180327000000,L,,gx-no-cache=1522168187561 HTTP/1.1" 200 90
186.103.157.42 - - [27/Mar/2018:13:30:40 -0300] "GET /cormun/servlet/hpexe_link HTTP/1.1" 200 985
186.103.159.182 - - [27/Mar/2018:13:30:40 -0300] "POST /cormun/servlet/solicitudotadjuntos?d0321b5495a65e0084c9c90f2cf5cc5d,INS,2018,10899,,1, HTTP/1.1" 200 116
186.103.159.182 - - [27/Mar/2018:13:30:40 -0300] "GET /cormun/servlet/hpexe_return? HTTP/1.1" 200 1027
186.103.157.42 - - [27/Mar/2018:13:30:40 -0300] "GET /cormun/servlet/trlicencias HTTP/1.1" 200 9731
186.103.159.182 - - [27/Mar/2018:13:30:41 -0300] "GET /cormun/servlet/trsolicitudadjuntos?2018,10899, HTTP/1.1" 200 10004
186.103.157.42 - - [27/Mar/2018:13:30:41 -0300] "GET /cormun/servlet/trlicencias HTTP/1.1" 200 9729
186.103.159.182 - - [27/Mar/2018:13:30:42 -0300] "GET /cormun/servlet/trsolicitudadjuntos?2018,10899, HTTP/1.1" 200 10004
186.103.159.182 - - [27/Mar/2018:13:30:45 -0300] "POST /cormun/servlet/trsolicitudadjuntos?d0321b5495a65e0084c9c90f2cf5cc5d,2018,10899,,gx-no-cache=1522168192799 HTTP/1.1" 200 90
186.103.159.182 - - [27/Mar/2018:13:30:45 -0300] "GET /cormun/servlet/hpexe_link HTTP/1.1" 200 969
186.103.157.42 - - [27/Mar/2018:13:30:45 -0300] "POST /cormun/servlet/trlicencias?f64a426a63cbffd467acb14076368204,gx-no-cache=1522168192938 HTTP/1.1" 200 6952
186.103.157.42 - - [27/Mar/2018:13:30:45 -0300] "GET /cormun/static/Shared/jqueryui/images/ui-bg_highlight-soft_100_c6c2c8_1x100.png HTTP/1.1" 404 1117
186.103.157.42 - - [27/Mar/2018:13:30:45 -0300] "GET /cormun/static/Shared/jqueryui/images/ui-icons_82798d_256x240.png HTTP/1.1" 404 1089
186.103.159.182 - - [27/Mar/2018:13:30:45 -0300] "GET /cormun/servlet/trsolicitudot HTTP/1.1" 200 8830
186.103.157.42 - - [27/Mar/2018:13:30:45 -0300] "GET /cormun/static/Shared/jqueryui/images/ui-bg_flat_55_fafafa_40x100.png HTTP/1.1" 404 1097
186.103.157.42 - - [27/Mar/2018:13:30:45 -0300] "GET /cormun/static/Shared/jqueryui/images/ui-icons_8d78a5_256x240.png HTTP/1.1" 404 1089
186.103.159.182 - - [27/Mar/2018:13:30:46 -0300] "GET /cormun/servlet/trsolicitudot HTTP/1.1" 200 8829
186.103.159.182 - - [27/Mar/2018:13:30:49 -0300] "POST /cormun/servlet/trsolicitudot?d0321b5495a65e0084c9c90f2cf5cc5d,gx-no-cache=1522168196262 HTTP/1.1" 200 4675
186.103.159.182 - - [27/Mar/2018:13:30:49 -0300] "POST /cormun/servlet/trsolicitudot?d0321b5495a65e0084c9c90f2cf5cc5d,gx-no-cache=1522168196472 HTTP/1.1" 200 4450
186.103.159.182 - - [27/Mar/2018:13:30:51 -0300] "GET /cormun/servlet/trsolicitudot? HTTP/1.1" 200 7473
186.103.159.182 - - [27/Mar/2018:13:30:52 -0300] "GET /cormun/servlet/trsolicitudot? HTTP/1.1" 200 7473
186.103.159.182 - - [27/Mar/2018:13:30:53 -0300] "GET /cormun/servlet/trautorizarsolicitud? HTTP/1.1" 200 7373
186.103.159.182 - - [27/Mar/2018:13:30:54 -0300] "GET /cormun/servlet/trautorizarsolicitud? HTTP/1.1" 200 7373
186.103.159.182 - - [27/Mar/2018:13:30:58 -0300] "POST /cormun/servlet/trautorizarsolicitud?d0321b5495a65e0084c9c90f2cf5cc5d,,gx-no-cache=1522168206012 HTTP/1.1" 200 5743
186.103.157.42 - - [27/Mar/2018:13:30:59 -0300] "GET /cormun/static/menuarrow.gif HTTP/1.1" 404 1015
186.103.159.182 - - [27/Mar/2018:13:31:02 -0300] "POST /cormun/servlet/trautorizarsolicitud?d0321b5495a65e0084c9c90f2cf5cc5d,,gx-no-cache=1522168209332 HTTP/1.1" 200 4608
186.103.159.182 - - [27/Mar/2018:13:31:02 -0300] "POST /cormun/servlet/trautorizarsolicitud?d0321b5495a65e0084c9c90f2cf5cc5d,,gx-no-cache=1522168209539 HTTP/1.1" 200 4384
186.103.157.42 - - [27/Mar/2018:13:31:04 -0300] "POST /cormun/servlet/trlicencias?f64a426a63cbffd467acb14076368204,gx-no-cache=1522168211309 HTTP/1.1" 200 7823
186.103.159.182 - - [27/Mar/2018:13:31:09 -0300] "POST /cormun/servlet/trautorizarsolicitud?d0321b5495a65e0084c9c90f2cf5cc5d,,gx-no-cache=1522168216547 HTTP/1.1" 200 16381
186.103.157.42 - - [27/Mar/2018:13:31:10 -0300] "GET /cormun/servlet/licenciaspermisos?INS,0,,, HTTP/1.1" 200 7790
186.103.157.42 - - [27/Mar/2018:13:31:11 -0300] "GET /cormun/servlet/licenciaspermisos?INS,0,,, HTTP/1.1" 200 7798
186.103.157.42 - - [27/Mar/2018:13:31:33 -0300] "GET /cormun/servlet/licenciaspermisos?f02278481e71cc07a4f168afe52b152c4e99a10cad5bbd530c1aebe015247d27e8de33d0b1e69776cb2bc62d1c09d1a5,gx-no-cache=1522168240737 HTTP/1.1" 200 87
186.103.157.42 - - [27/Mar/2018:13:31:33 -0300] "POST /cormun/servlet/licenciaspermisos?f64a426a63cbffd467acb14076368204,INS,0,,,,gx-no-cache=1522168240797 HTTP/1.1" 200 4890
186.103.157.42 - - [27/Mar/2018:13:32:02 -0300] "GET /cormun/static/menuarrow.gif HTTP/1.1" 404 1015
186.103.159.182 - - [27/Mar/2018:13:32:40 -0300] "GET /cormun/servlet/veautorizarsolicitud?2018,10898,, HTTP/1.1" 200 8632
186.103.159.182 - - [27/Mar/2018:13:32:41 -0300] "GET /cormun/static/gxcfg.js?2017111423404691 HTTP/1.1" 200 953
186.103.159.182 - - [27/Mar/2018:13:32:41 -0300] "GET /cormun/pexe_scrolldiv.js HTTP/1.1" 404 1009
186.103.159.182 - - [27/Mar/2018:13:32:41 -0300] "GET /cormun/static/veautorizarsolicitud.js?2017111423404756 HTTP/1.1" 200 6140
186.103.159.182 - - [27/Mar/2018:13:32:41 -0300] "GET /cormun/static/hpexe_tabsview.js?201610171694228 HTTP/1.1" 200 1661
186.103.159.182 - - [27/Mar/2018:13:32:41 -0300] "GET /cormun/static/hwcviewtabs.js?20177611594913 HTTP/1.1" 200 1074
186.103.159.182 - - [27/Mar/2018:13:32:41 -0300] "GET /cormun/static/Resources/PXToolsTabFirstSelected.png HTTP/1.1" 200 1259
186.103.159.182 - - [27/Mar/2018:13:32:41 -0300] "GET /cormun/static/Resources/PXToolsTabLastUnselected.png HTTP/1.1" 200 1291
186.103.159.182 - - [27/Mar/2018:13:32:41 -0300] "GET /cormun/static/Resources/PXToolsTabPrevious.gif HTTP/1.1" 200 172
186.103.159.182 - - [27/Mar/2018:13:32:41 -0300] "GET /cormun/static/Resources/PXToolsTabNext.gif HTTP/1.1" 200 168
186.103.159.182 - - [27/Mar/2018:13:32:41 -0300] "GET /cormun/static/tbautorizarsolicitud01.js?2017111423392092 HTTP/1.1" 200 30580
186.103.159.182 - - [27/Mar/2018:13:32:42 -0300] "GET /cormun/static/calendar-system.css HTTP/1.1" 200 5572
186.103.159.182 - - [27/Mar/2018:13:32:42 -0300] "GET /cormun/static/Resources/PXToolsTabBackSelected.png HTTP/1.1" 200 1157
186.103.159.182 - - [27/Mar/2018:13:32:42 -0300] "GET /cormun/static/Resources/PXToolsTabBackUnselected.png HTTP/1.1" 200 1175
186.103.159.182 - - [27/Mar/2018:13:32:42 -0300] "GET /cormun/static/Resources/PXToolsTabSelectedUnselected.png HTTP/1.1" 200 1428
186.103.159.182 - - [27/Mar/2018:13:32:42 -0300] "GET /cormun/servlet/veautorizarsolicitud?2018,10898,, HTTP/1.1" 200 8631
186.103.159.182 - - [27/Mar/2018:13:32:42 -0300] "GET /cormun/static/Resources/PXToolsTabUnselectedUnselected.png HTTP/1.1" 200 1459
186.103.157.42 - - [27/Mar/2018:13:32:50 -0300] "GET /cormun/servlet/licenciaspermisos?f02278481e71cc07a4f168afe52b152cba88b21732a689e4f2d6de2b63d670666745757da106729abd09797202a480142ea96767dc7be4b94e1aa78a151c73375f3fe43109ad112bcce79a5b94ba2d88f9bf9f7cf07a6cc540f4fec041fd93c1e020caacd94f2cae2d5906e93de0d560fc6727827ba2e2caf260fb9223b6fafaae61e472820d94d57396fe54580ad525e040d4bc892f9835b17020b046dab8fa47619ae9aa0fcd2a4df39c98b31c5fd91093af854bc991c51cdbfc053a27ecb7aa17696cd1e1acee6ccff5438334d4dc4ea43dcd31029f6d4ec3ec7dcc9eef62,gx-no-cache=1522168317610 HTTP/1.1" 200 30
186.103.157.42 - - [27/Mar/2018:13:32:50 -0300] "GET /cormun/servlet/licenciaspermisos?f02278481e71cc07a4f168afe52b152c92c08f0a7ff1d0d6d508189bd14b2c322743eefcf3d80234c2ace1bd58dd3e88260e6d2880def3b4268ba03721712f1a44ee07812d9e2021011014d395b5ed39cde9ada2ee92f12c73a3ab0ef177c70500175c6321cb9190cd2eb407df53ad1ab562d1b1408c4194057d7b129fbc93947a35e7a2a12fa452b0d751969a13cbf81ed80c05aa42256c3bcaa39625bb4206f859afcffd970e2faf2a13fa583884ce6f22fcd947f9ab2153d29c338e091e67d29a86323d37c72459a56068f12603b3e6e0f476e0de252e3135c9d7632a91d9,gx-no-cache=1522168317720 HTTP/1.1" 200 29
186.103.157.42 - - [27/Mar/2018:13:32:50 -0300] "POST /cormun/servlet/licenciaspermisos?f64a426a63cbffd467acb14076368204,INS,0,,,,gx-no-cache=1522168317787 HTTP/1.1" 200 4987
186.103.157.42 - - [27/Mar/2018:13:32:50 -0300] "GET /cormun/static/Shared/jqueryui/images/ui-bg_highlight-soft_100_c6c2c8_1x100.png HTTP/1.1" 404 1117
186.103.157.42 - - [27/Mar/2018:13:32:50 -0300] "GET /cormun/static/Shared/jqueryui/images/ui-icons_82798d_256x240.png HTTP/1.1" 404 1089
186.103.157.42 - - [27/Mar/2018:13:32:50 -0300] "GET /cormun/static/Shared/jqueryui/images/ui-bg_flat_55_994d53_40x100.png HTTP/1.1" 404 1097
186.103.157.42 - - [27/Mar/2018:13:32:50 -0300] "GET /cormun/static/Shared/jqueryui/images/ui-icons_ebccce_256x240.png HTTP/1.1" 404 1089
186.103.159.182 - - [27/Mar/2018:13:33:13 -0300] "POST /cormun/servlet/veautorizarsolicitud?d0321b5495a65e0084c9c90f2cf5cc5d,2018,10898,,,gx-no-cache=1522168340048 HTTP/1.1" 200 93
186.103.159.182 - - [27/Mar/2018:13:33:13 -0300] "GET /cormun/servlet/hpexe_return? HTTP/1.1" 200 1020
186.103.159.182 - - [27/Mar/2018:13:33:13 -0300] "GET /cormun/servlet/trautorizarsolicitud? HTTP/1.1" 200 19235
186.103.159.182 - - [27/Mar/2018:13:33:14 -0300] "GET /cormun/servlet/trautorizarsolicitud? HTTP/1.1" 200 19231
192.168.10.96 - - [27/Mar/2018:13:34:37 -0300] "GET /cormun/servlet/trsolicitudgral? HTTP/1.1" 500 10
192.168.10.96 - - [27/Mar/2018:13:34:42 -0300] "GET /cormun/servlet/hlogin HTTP/1.1" 200 1716
192.168.10.96 - - [27/Mar/2018:13:34:48 -0300] "POST /cormun/servlet/hlogin?929b9ae91d1d1f4119a8a790f4ceba6b,gx-no-cache=1522168319216 HTTP/1.1" 200 90
192.168.10.96 - - [27/Mar/2018:13:34:48 -0300] "GET /cormun/servlet/hpexe_link HTTP/1.1" 200 948
192.168.10.96 - - [27/Mar/2018:13:34:48 -0300] "GET /cormun/servlet/hhome HTTP/1.1" 200 4702
192.168.10.96 - - [27/Mar/2018:13:34:48 -0300] "GET /cormun/servlet/hhome HTTP/1.1" 200 4701
192.168.10.96 - - [27/Mar/2018:13:34:52 -0300] "GET /cormun/servlet/trsolicitudgral? HTTP/1.1" 200 28197
186.103.157.42 - - [27/Mar/2018:13:34:53 -0300] "POST /cormun/servlet/licenciaspermisos?f64a426a63cbffd467acb14076368204,INS,0,,,,gx-no-cache=1522168440851 HTTP/1.1" 200 93
186.103.157.42 - - [27/Mar/2018:13:34:53 -0300] "GET /cormun/servlet/hpexe_return? HTTP/1.1" 200 1034
192.168.10.96 - - [27/Mar/2018:13:34:53 -0300] "GET /cormun/servlet/trsolicitudgral? HTTP/1.1" 200 28195
186.103.157.42 - - [27/Mar/2018:13:34:53 -0300] "GET /cormun/servlet/trlicencias?gx-no-cache=1522168211309 HTTP/1.1" 200 10500
186.103.157.42 - - [27/Mar/2018:13:34:54 -0300] "GET /cormun/servlet/trlicencias?gx-no-cache=1522168211309 HTTP/1.1" 200 10514
186.103.157.42 - - [27/Mar/2018:13:35:08 -0300] "GET /cormun/servlet/trpermisosgoce? HTTP/1.1" 200 8050
186.103.157.42 - - [27/Mar/2018:13:35:08 -0300] "GET /cormun/static/gxcfg.js?20177612163875 HTTP/1.1" 200 953
186.103.157.42 - - [27/Mar/2018:13:35:08 -0300] "GET /cormun/static/trpermisosgoce.js?20177612164335 HTTP/1.1" 200 35904
186.103.157.42 - - [27/Mar/2018:13:35:09 -0300] "GET /cormun/servlet/trpermisosgoce? HTTP/1.1" 200 8031
186.103.157.42 - - [27/Mar/2018:13:35:14 -0300] "GET /cormun/servlet/permisogoce?INS,0,,, HTTP/1.1" 200 7122
186.103.157.42 - - [27/Mar/2018:13:35:14 -0300] "GET /cormun/static/gxcfg.js?201776126440 HTTP/1.1" 200 953
186.103.157.42 - - [27/Mar/2018:13:35:14 -0300] "GET /cormun/static/permisogoce.js?2017761264459 HTTP/1.1" 200 27897
186.103.157.42 - - [27/Mar/2018:13:35:15 -0300] "GET /cormun/servlet/permisogoce?INS,0,,, HTTP/1.1" 200 7121
192.168.10.96 - - [27/Mar/2018:13:35:16 -0300] "POST /cormun/servlet/trsolicitudgral?929b9ae91d1d1f4119a8a790f4ceba6b,,gx-no-cache=1522168347490 HTTP/1.1" 200 7695
186.103.157.42 - - [27/Mar/2018:13:35:17 -0300] "GET /cormun/servlet/prfichaempleado?,MD,,gxPopupLevel%3D0%3B HTTP/1.1" 200 9428
192.168.10.96 - - [27/Mar/2018:13:35:22 -0300] "POST /cormun/servlet/trsolicitudgral?929b9ae91d1d1f4119a8a790f4ceba6b,,gx-no-cache=1522168353323 HTTP/1.1" 200 116
192.168.10.96 - - [27/Mar/2018:13:35:22 -0300] "GET /cormun/servlet/solicitudotlog?INS,2018,10898,0,REC, HTTP/1.1" 200 6504
192.168.10.96 - - [27/Mar/2018:13:35:22 -0300] "GET /cormun/servlet/solicitudotlog?INS,2018,10898,0,REC, HTTP/1.1" 200 6504
192.168.10.96 - - [27/Mar/2018:13:35:23 -0300] "GET /cormun/servlet/solicitudotlog?4c06772ea6715023d6646c99812ed9403eda5687d83100e5c6535fdc4157e4419008fda57fcb7241b47b5542e461a3bc655fe6924ea488f6dfe7282efbdd12e54452fb9d29daeb8439c597a0c6cdb103238089fbbebcbd389ef0d7992af068c3b619bde5f9830ef76508b71a4a913e59f26d9947d640bb96232f688227f9d90853bfd335e081f1bd307b87ceb90d083de82fae367cbd8915ebb06ea148834d90,gx-no-cache=1522168354377 HTTP/1.1" 200 94
186.103.157.42 - - [27/Mar/2018:13:35:24 -0300] "POST /cormun/servlet/prfichaempleado?f64a426a63cbffd467acb14076368204,,MD,,gxPopupLevel%3D0%3B,gx-no-cache=1522168472175 HTTP/1.1" 200 4637
192.168.10.96 - - [27/Mar/2018:13:35:29 -0300] "POST /cormun/servlet/solicitudotlog?929b9ae91d1d1f4119a8a790f4ceba6b,INS,2018,10898,0,REC,,gx-no-cache=1522168360521 HTTP/1.1" 200 93
192.168.10.96 - - [27/Mar/2018:13:35:29 -0300] "GET /cormun/servlet/hpexe_return? HTTP/1.1" 200 1022
192.168.10.96 - - [27/Mar/2018:13:35:29 -0300] "GET /cormun/servlet/trsolicitudgral? HTTP/1.1" 200 10560
192.168.10.96 - - [27/Mar/2018:13:35:30 -0300] "GET /cormun/servlet/trsolicitudgral? HTTP/1.1" 200 10556
186.103.157.42 - - [27/Mar/2018:13:35:53 -0300] "GET /cormun/servlet/trsolicitudot? HTTP/1.1" 200 7481
186.103.157.42 - - [27/Mar/2018:13:35:53 -0300] "GET /cormun/static/calendar-system.css?85620 HTTP/1.1" 200 5572
186.103.157.42 - - [27/Mar/2018:13:35:53 -0300] "GET /cormun/static/gxui/gxui-all.css?120300 HTTP/1.1" 200 2179
186.103.157.42 - - [27/Mar/2018:13:35:53 -0300] "GET /cormun/static/gxcfg.js?2017111422585916 HTTP/1.1" 200 953
186.103.157.42 - - [27/Mar/2018:13:35:53 -0300] "GET /cormun/static/Resources/Spanish/PXTools.css?1255365 HTTP/1.1" 200 89042
186.103.157.42 - - [27/Mar/2018:13:35:53 -0300] "GET /cormun/static/Shared/ext/resources/css/ext-all.css?215870 HTTP/1.1" 200 416045
186.103.157.42 - - [27/Mar/2018:13:35:53 -0300] "GET /cormun/static/trsolicitudot.js?201711142259839 HTTP/1.1" 200 54041
186.103.157.42 - - [27/Mar/2018:13:35:54 -0300] "GET /cormun/servlet/trsolicitudot? HTTP/1.1" 200 7476
186.103.157.42 - - [27/Mar/2018:13:36:00 -0300] "GET /cormun/static/menuarrow.gif HTTP/1.1" 404 1015
186.103.157.42 - - [27/Mar/2018:13:36:04 -0300] "POST /cormun/servlet/trsolicitudot?f64a426a63cbffd467acb14076368204,,gx-no-cache=1522168511851 HTTP/1.1" 200 4487
186.103.157.42 - - [27/Mar/2018:13:36:07 -0300] "POST /cormun/servlet/trsolicitudot?f64a426a63cbffd467acb14076368204,,gx-no-cache=1522168514878 HTTP/1.1" 200 6231
186.103.157.42 - - [27/Mar/2018:13:36:07 -0300] "GET /cormun//static/Resources/PXToolsActionView.png HTTP/1.1" 200 2995
186.103.157.42 - - [27/Mar/2018:13:36:07 -0300] "GET /cormun//static/Resources/PXToolsRemoveAllAction.png HTTP/1.1" 200 3558
186.103.157.42 - - [27/Mar/2018:13:36:16 -0300] "GET /cormun/servlet/trpermisosgoce? HTTP/1.1" 200 8031
186.103.157.42 - - [27/Mar/2018:13:36:17 -0300] "GET /cormun/servlet/trpermisosgoce? HTTP/1.1" 200 8031
186.103.157.42 - - [27/Mar/2018:13:36:28 -0300] "GET /cormun/servlet/permisogoce?INS,0,,, HTTP/1.1" 200 7121
186.103.157.42 - - [27/Mar/2018:13:36:29 -0300] "GET /cormun/servlet/permisogoce?INS,0,,, HTTP/1.1" 200 7121
186.103.157.42 - - [27/Mar/2018:13:36:31 -0300] "GET /cormun/servlet/permisogoce?f02278481e71cc07a4f168afe52b152cd0f2f771c0791c82589d1bbf04eef3f739eb037f8e74a735b1028405aee6d875e973dfcc18a649c5223f0b41140da4d6,gx-no-cache=1522168539219 HTTP/1.1" 200 70
186.103.157.42 - - [27/Mar/2018:13:36:33 -0300] "GET /cormun/static/menuarrow.gif HTTP/1.1" 404 1015
186.103.157.42 - - [27/Mar/2018:13:36:41 -0300] "GET /cormun/servlet/permisogoce?f02278481e71cc07a4f168afe52b152cc8cac4e6c4029412a68850cd22d6f7aba6e093b3d724ac2175173d4c72b275227f1df3c4d5aab20c0a1a910e32b9266d,gx-no-cache=1522168548480 HTTP/1.1" 200 47
186.103.159.182 - - [27/Mar/2018:13:36:52 -0300] "POST /cormun/servlet/trautorizarsolicitud?d0321b5495a65e0084c9c90f2cf5cc5d,,gx-no-cache=1522168559569 HTTP/1.1" 200 5777
186.103.157.42 - - [27/Mar/2018:13:36:55 -0300] "POST /cormun/servlet/permisogoce?f64a426a63cbffd467acb14076368204,INS,0,,,,gx-no-cache=1522168562893 HTTP/1.1" 200 93
186.103.157.42 - - [27/Mar/2018:13:36:55 -0300] "GET /cormun/servlet/hpexe_return? HTTP/1.1" 200 1011
186.103.157.42 - - [27/Mar/2018:13:36:56 -0300] "GET /cormun/servlet/trpermisosgoce HTTP/1.1" 200 8369
186.103.157.42 - - [27/Mar/2018:13:36:56 -0300] "GET /cormun/servlet/trpermisosgoce HTTP/1.1" 200 8366
186.103.157.42 - - [27/Mar/2018:13:37:05 -0300] "GET /cormun/servlet/apermisogoceprn?14554224,P,20180327133340,PU HTTP/1.1" 200 1651
186.103.159.182 - - [27/Mar/2018:13:37:13 -0300] "POST /cormun/servlet/trautorizarsolicitud?d0321b5495a65e0084c9c90f2cf5cc5d,,gx-no-cache=1522168581027 HTTP/1.1" 200 5777
201.214.54.200 - - [27/Mar/2018:13:38:01 -0300] "GET /cormun/servlet/trcontratosolicitud? HTTP/1.1" 200 5754
186.103.159.182 - - [27/Mar/2018:13:38:16 -0300] "POST /cormun/servlet/trautorizarsolicitud?d0321b5495a65e0084c9c90f2cf5cc5d,,gx-no-cache=1522168643548 HTTP/1.1" 200 16388
192.168.10.62 - - [27/Mar/2018:13:38:57 -0300] "GET /cormun/servlet/hlogin HTTP/1.1" 200 1724
192.168.10.62 - - [27/Mar/2018:13:39:07 -0300] "POST /cormun/servlet/hlogin?e60effb439e24760eaa8c7d59ad69609,gx-no-cache=1522168578666 HTTP/1.1" 200 90
192.168.10.62 - - [27/Mar/2018:13:39:07 -0300] "GET /cormun/servlet/hpexe_link HTTP/1.1" 200 956
192.168.10.62 - - [27/Mar/2018:13:39:07 -0300] "GET /cormun/servlet/hhome HTTP/1.1" 200 4493
192.168.10.62 - - [27/Mar/2018:13:39:08 -0300] "GET /cormun/servlet/hhome HTTP/1.1" 200 4489
192.168.10.62 - - [27/Mar/2018:13:39:17 -0300] "GET /cormun/servlet/trsolicitudgral? HTTP/1.1" 200 27955
192.168.10.62 - - [27/Mar/2018:13:39:18 -0300] "GET /cormun/servlet/trsolicitudgral? HTTP/1.1" 200 27953
186.103.159.182 - - [27/Mar/2018:13:39:26 -0300] "POST /cormun/servlet/trautorizarsolicitud?d0321b5495a65e0084c9c90f2cf5cc5d,,gx-no-cache=1522168712918 HTTP/1.1" 200 5776
192.168.10.62 - - [27/Mar/2018:13:39:34 -0300] "POST /cormun/servlet/trsolicitudgral?e60effb439e24760eaa8c7d59ad69609,,gx-no-cache=1522168605581 HTTP/1.1" 200 16245
186.103.159.182 - - [27/Mar/2018:13:39:36 -0300] "GET /cormun/servlet/veautorizarsolicitud?2018,10898,, HTTP/1.1" 200 8630
192.168.10.62 - - [27/Mar/2018:13:39:36 -0300] "POST /cormun/servlet/trsolicitudgral?e60effb439e24760eaa8c7d59ad69609,,gx-no-cache=1522168607204 HTTP/1.1" 200 105
192.168.10.62 - - [27/Mar/2018:13:39:36 -0300] "GET /cormun/SolicitudGral-7773.xls HTTP/1.1" 200 15872
186.103.159.182 - - [27/Mar/2018:13:39:36 -0300] "GET /cormun/pexe_scrolldiv.js HTTP/1.1" 404 1009
186.103.159.182 - - [27/Mar/2018:13:39:37 -0300] "GET /cormun/pexe_scrolldiv.js HTTP/1.1" 404 1009
186.103.159.182 - - [27/Mar/2018:13:39:37 -0300] "GET /cormun/servlet/veautorizarsolicitud?2018,10898,, HTTP/1.1" 200 8629
186.103.159.182 - - [27/Mar/2018:13:39:40 -0300] "GET /cormun/servlet/veautorizarsolicitud?2018,10898,,SolicitudOTAdjuntos HTTP/1.1" 200 10937
186.103.159.182 - - [27/Mar/2018:13:39:41 -0300] "GET /cormun/pexe_scrolldiv.js HTTP/1.1" 404 1009
186.103.159.182 - - [27/Mar/2018:13:39:41 -0300] "GET /cormun/static/tbautorizarsolicitud02.js?2017111423391281 HTTP/1.1" 200 14747
186.103.159.182 - - [27/Mar/2018:13:39:41 -0300] "GET /cormun/pexe_scrolldiv.js HTTP/1.1" 404 1009
186.103.159.182 - - [27/Mar/2018:13:39:41 -0300] "GET /cormun/static/gxui/gxui-all.css HTTP/1.1" 200 2179
186.103.159.182 - - [27/Mar/2018:13:39:41 -0300] "GET /cormun/static/Resources/PXToolsTabUnselectedSelected.png HTTP/1.1" 200 1444
186.103.159.182 - - [27/Mar/2018:13:39:41 -0300] "GET /cormun/static/Resources/PXToolsTabFirstUnselected.png HTTP/1.1" 200 1264
186.103.159.182 - - [27/Mar/2018:13:39:41 -0300] "GET /cormun/static/Shared/ext/resources/css/ext-all.css HTTP/1.1" 200 416045
186.103.159.182 - - [27/Mar/2018:13:39:41 -0300] "GET /cormun/servlet/veautorizarsolicitud?2018,10898,,SolicitudOTAdjuntos HTTP/1.1" 200 10940
186.103.159.182 - - [27/Mar/2018:13:39:42 -0300] "POST /cormun/servlet/acontrolpreferencessavestate?None,SGONGORA,true HTTP/1.1" 200 35
186.103.159.182 - - [27/Mar/2018:13:39:43 -0300] "GET /cormun/servlet/veautorizarsolicitud?2018,10898,,General HTTP/1.1" 200 8635
186.103.159.182 - - [27/Mar/2018:13:39:43 -0300] "GET /cormun/pexe_scrolldiv.js HTTP/1.1" 404 1009
186.103.159.182 - - [27/Mar/2018:13:39:43 -0300] "GET /cormun/pexe_scrolldiv.js HTTP/1.1" 404 1009
186.103.159.182 - - [27/Mar/2018:13:39:44 -0300] "GET /cormun/servlet/veautorizarsolicitud?2018,10898,,General HTTP/1.1" 200 8635
186.103.159.182 - - [27/Mar/2018:13:39:45 -0300] "POST /cormun/servlet/veautorizarsolicitud?d0321b5495a65e0084c9c90f2cf5cc5d,2018,10898,,General,gx-no-cache=1522168732831 HTTP/1.1" 200 93
186.103.159.182 - - [27/Mar/2018:13:39:46 -0300] "GET /cormun/servlet/hpexe_return? HTTP/1.1" 200 1024
186.103.159.182 - - [27/Mar/2018:13:39:46 -0300] "GET /cormun/servlet/trautorizarsolicitud? HTTP/1.1" 200 8758
186.103.159.182 - - [27/Mar/2018:13:39:46 -0300] "GET /cormun/servlet/trautorizarsolicitud? HTTP/1.1" 200 8754
186.103.159.182 - - [27/Mar/2018:13:39:48 -0300] "GET /cormun/servlet/veautorizarsolicitud?2018,10898,, HTTP/1.1" 200 8630
186.103.159.182 - - [27/Mar/2018:13:39:48 -0300] "GET /cormun/pexe_scrolldiv.js HTTP/1.1" 404 1009
186.103.159.182 - - [27/Mar/2018:13:39:48 -0300] "GET /cormun/servlet/veautorizarsolicitud?2018,10898,, HTTP/1.1" 200 8629
186.103.159.182 - - [27/Mar/2018:13:39:57 -0300] "POST /cormun/servlet/veautorizarsolicitud?d0321b5495a65e0084c9c90f2cf5cc5d,2018,10898,,,gx-no-cache=1522168744238 HTTP/1.1" 200 93
186.103.159.182 - - [27/Mar/2018:13:39:57 -0300] "GET /cormun/servlet/hpexe_return? HTTP/1.1" 200 1019
186.103.159.182 - - [27/Mar/2018:13:39:57 -0300] "GET /cormun/servlet/trautorizarsolicitud HTTP/1.1" 200 8758
186.103.159.182 - - [27/Mar/2018:13:39:57 -0300] "GET /cormun/servlet/trautorizarsolicitud HTTP/1.1" 200 8755
186.103.159.182 - - [27/Mar/2018:13:40:00 -0300] "POST /cormun/servlet/trautorizarsolicitud?d0321b5495a65e0084c9c90f2cf5cc5d,gx-no-cache=1522168747445 HTTP/1.1" 200 5789
186.103.159.182 - - [27/Mar/2018:13:40:06 -0300] "POST /cormun/servlet/trautorizarsolicitud?d0321b5495a65e0084c9c90f2cf5cc5d,gx-no-cache=1522168753723 HTTP/1.1" 200 4401
186.103.159.182 - - [27/Mar/2018:13:40:13 -0300] "POST /cormun/servlet/trautorizarsolicitud?d0321b5495a65e0084c9c90f2cf5cc5d,gx-no-cache=1522168760450 HTTP/1.1" 200 4402
186.103.159.182 - - [27/Mar/2018:13:40:19 -0300] "POST /cormun/servlet/trautorizarsolicitud?d0321b5495a65e0084c9c90f2cf5cc5d,gx-no-cache=1522168765909 HTTP/1.1" 200 16387
186.103.159.182 - - [27/Mar/2018:13:40:24 -0300] "POST /cormun/servlet/trautorizarsolicitud?d0321b5495a65e0084c9c90f2cf5cc5d,gx-no-cache=1522168772006 HTTP/1.1" 200 5775
186.103.159.182 - - [27/Mar/2018:13:40:34 -0300] "POST /cormun/servlet/trautorizarsolicitud?d0321b5495a65e0084c9c90f2cf5cc5d,gx-no-cache=1522168782003 HTTP/1.1" 200 5788
46.174.191.29 - - [27/Mar/2018:13:40:41 -0300] "GET / HTTP/1.0" 200 11197
186.103.159.182 - - [27/Mar/2018:13:40:44 -0300] "POST /cormun/servlet/trautorizarsolicitud?d0321b5495a65e0084c9c90f2cf5cc5d,gx-no-cache=1522168791573 HTTP/1.1" 200 5788
186.103.159.182 - - [27/Mar/2018:13:40:55 -0300] "POST /cormun/servlet/trautorizarsolicitud?d0321b5495a65e0084c9c90f2cf5cc5d,gx-no-cache=1522168802556 HTTP/1.1" 200 5788
186.103.159.182 - - [27/Mar/2018:13:41:02 -0300] "POST /cormun/servlet/trautorizarsolicitud?d0321b5495a65e0084c9c90f2cf5cc5d,gx-no-cache=1522168809179 HTTP/1.1" 200 5791
186.103.159.182 - - [27/Mar/2018:13:41:12 -0300] "GET /cormun/servlet/trautorizarsolicitud? HTTP/1.1" 200 8755
186.103.159.182 - - [27/Mar/2018:13:41:13 -0300] "GET /cormun/servlet/trautorizarsolicitud? HTTP/1.1" 200 8754
186.103.159.182 - - [27/Mar/2018:13:41:15 -0300] "GET /cormun/servlet/trsolicitudot? HTTP/1.1" 200 8861
186.103.159.182 - - [27/Mar/2018:13:41:16 -0300] "GET /cormun/servlet/trsolicitudot? HTTP/1.1" 200 8861
186.103.159.182 - - [27/Mar/2018:13:41:26 -0300] "POST /cormun/servlet/trsolicitudot?d0321b5495a65e0084c9c90f2cf5cc5d,,gx-no-cache=1522168833305 HTTP/1.1" 200 4664
186.103.159.182 - - [27/Mar/2018:13:41:26 -0300] "POST /cormun/servlet/trsolicitudot?d0321b5495a65e0084c9c90f2cf5cc5d,,gx-no-cache=1522168833494 HTTP/1.1" 200 4457
186.103.159.182 - - [27/Mar/2018:13:41:34 -0300] "POST /cormun/servlet/trsolicitudot?d0321b5495a65e0084c9c90f2cf5cc5d,,gx-no-cache=1522168842010 HTTP/1.1" 200 4472
186.103.159.182 - - [27/Mar/2018:13:41:37 -0300] "GET /cormun/servlet/solicitudot?INS,0,0, HTTP/1.1" 200 13700
186.103.159.182 - - [27/Mar/2018:13:41:38 -0300] "GET /cormun/servlet/solicitudot?INS,0,0, HTTP/1.1" 200 13706
186.103.159.182 - - [27/Mar/2018:13:41:46 -0300] "POST /cormun/servlet/solicitudot?gx-no-cache=1522168853776 HTTP/1.1" 200 3284
186.103.159.182 - - [27/Mar/2018:13:41:46 -0300] "POST /cormun/servlet/solicitudot?d0321b5495a65e0084c9c90f2cf5cc5d,INS,0,0,,gx-no-cache=1522168853988 HTTP/1.1" 200 10439
186.103.159.182 - - [27/Mar/2018:13:41:49 -0300] "GET /cormun/servlet/solicitudot?ed45ad9addba476b3b25f68f886b9d31ea4e3a8406933b1454a4b53e58466a51439e514a489b1c7d6f1b731932eb56a1,gx-no-cache=1522168856286 HTTP/1.1" 200 30
186.103.159.182 - - [27/Mar/2018:13:42:26 -0300] "GET /cormun/servlet/solicitudot?ed45ad9addba476b3b25f68f886b9d3154d392e53f414dbec0dd5b29c99d685b,gx-no-cache=1522168893776 HTTP/1.1" 200 94
186.103.159.182 - - [27/Mar/2018:13:42:40 -0300] "GET /cormun/servlet/solicitudot?ed45ad9addba476b3b25f68f886b9d3154d392e53f414dbec0dd5b29c99d685b,gx-no-cache=1522168907658 HTTP/1.1" 200 94
186.103.159.182 - - [27/Mar/2018:13:42:40 -0300] "GET /cormun/servlet/solicitudot?ed45ad9addba476b3b25f68f886b9d319aa90b18514c5ac5bada296dbbdc5da4,gx-no-cache=1522168907691 HTTP/1.1" 200 29
186.103.159.182 - - [27/Mar/2018:13:42:43 -0300] "POST /cormun/servlet/solicitudot?d0321b5495a65e0084c9c90f2cf5cc5d,INS,0,0,,gx-no-cache=1522168910800 HTTP/1.1" 200 10593
186.103.159.182 - - [27/Mar/2018:13:43:12 -0300] "GET /cormun/servlet/solicitudot?ed45ad9addba476b3b25f68f886b9d310c46b4429e5f518d4efb37b8da684cf32f54cffd23e71d4857e3aca72b749ee8439e514a489b1c7d6f1b731932eb56a1,gx-no-cache=1522168940095 HTTP/1.1" 200 30
186.103.159.182 - - [27/Mar/2018:13:43:12 -0300] "GET /cormun/servlet/solicitudot?ed45ad9addba476b3b25f68f886b9d319aa90b18514c5ac5bada296dbbdc5da4,gx-no-cache=1522168940140 HTTP/1.1" 200 29
186.103.159.182 - - [27/Mar/2018:13:43:13 -0300] "POST /cormun/servlet/solicitudot?gx-no-cache=1522168940217 HTTP/1.1" 200 297
186.103.159.182 - - [27/Mar/2018:13:43:14 -0300] "GET /cormun/servlet/solicitudot?ed45ad9addba476b3b25f68f886b9d31e4dd71e9117302757aa19d54b919467168b733031b0c3ec08b5aee46df95575e995280aa9f6e64027b2d8393abd0f9aab5b096af39d445d3239f1a0ad40897c369925c87d06bb7bba1711a431db9421839e545ec366236bf731a4b74d1afa5593fe362176b36e4b963844aa487d3c655189cb34db8d0c43a59951af4319a284d0d03eb3ad2518eac9152ec87f95ec8ac98e60894b282d0ed6f1d5177317d00f2c8ae66e1a7c86374bc628ede245b1d8998a2b2cc8ada8be94cc4efe68164f47609f0d070c1162da851c33b11513aa656d6dff2980399bddd077890d7249f3175fbbd061fa5eeb5c039a3fd260b19de65248e4a1217acdba342524a4d1923c0b3d81031e2cfd2319d9cff327ae85e88547339d7cc9dd6dbe2e5518673a885d17811de70f7e4f5cdfee733bad236897113ba55c1538eb2f2708aebc1623d129a6c71b844bfe20d1cff4d800285cd4d9856c1c2b3fe2528d24f3309d7e8aebf2d915bd24f8d663fe1c5509c68072ce51a2228cb91aecdaebac7eb4da16946016b33,gx-no-cache=1522168941501 HTTP/1.1" 200 30
186.103.159.182 - - [27/Mar/2018:13:43:16 -0300] "POST /cormun/servlet/solicitudot?gx-no-cache=1522168943860 HTTP/1.1" 200 30
186.103.159.182 - - [27/Mar/2018:13:43:17 -0300] "POST /cormun/servlet/solicitudot?gx-no-cache=1522168944932 HTTP/1.1" 200 1350
186.103.159.182 - - [27/Mar/2018:13:43:17 -0300] "POST /cormun/servlet/solicitudot?gx-no-cache=1522168945020 HTTP/1.1" 200 38
186.103.159.182 - - [27/Mar/2018:13:43:29 -0300] "GET /cormun/servlet/solicitudot?ed45ad9addba476b3b25f68f886b9d310ef3c478914f2ca227e2f39897f23d98a9a961c8967a17f915846e88b35e4ac324d9435295b2209a2b194473b4ca6adf999aa06a9343d655f54dcaba1339c09b851adb08cd3c87367031c9ffc28d4880a2f4fa57390af7bb461f34b44cd24ee5,gx-no-cache=1522168956258 HTTP/1.1" 200 29
186.103.159.182 - - [27/Mar/2018:13:43:29 -0300] "POST /cormun/servlet/solicitudot?gx-no-cache=1522168956334 HTTP/1.1" 200 1335
186.103.159.182 - - [27/Mar/2018:13:43:29 -0300] "POST /cormun/servlet/solicitudot?gx-no-cache=1522168956437 HTTP/1.1" 200 1228
186.103.159.182 - - [27/Mar/2018:13:43:32 -0300] "GET /cormun/static/menuarrow.gif HTTP/1.1" 404 1015
192.168.10.62 - - [27/Mar/2018:13:43:34 -0300] "GET /cormun/servlet/hlogin HTTP/1.1" 200 1743
186.103.159.182 - - [27/Mar/2018:13:43:35 -0300] "GET /cormun/servlet/solicitudot?ed45ad9addba476b3b25f68f886b9d3199db18f39037afe1141f750efad5f8c0b63c52e1d9a60c589b8bd2e16b7a8afc,gx-no-cache=1522168962937 HTTP/1.1" 200 30
186.103.159.182 - - [27/Mar/2018:13:44:54 -0300] "POST /cormun/servlet/solicitudot?gx-no-cache=1522169042019 HTTP/1.1" 200 30
186.103.159.182 - - [27/Mar/2018:13:44:55 -0300] "POST /cormun/servlet/solicitudot?d0321b5495a65e0084c9c90f2cf5cc5d,INS,0,0,,gx-no-cache=1522169042096 HTTP/1.1" 200 93
186.103.159.182 - - [27/Mar/2018:13:44:55 -0300] "GET /cormun/servlet/hpexe_return? HTTP/1.1" 200 1008
186.103.159.182 - - [27/Mar/2018:13:44:55 -0300] "GET /cormun/servlet/trsolicitudot? HTTP/1.1" 200 8839
186.103.159.182 - - [27/Mar/2018:13:44:57 -0300] "GET /cormun/servlet/trsolicitudot? HTTP/1.1" 200 8835
186.103.159.182 - - [27/Mar/2018:13:46:15 -0300] "POST /cormun/servlet/trsolicitudot?d0321b5495a65e0084c9c90f2cf5cc5d,,gx-no-cache=1522169122134 HTTP/1.1" 200 106
186.103.159.182 - - [27/Mar/2018:13:46:15 -0300] "GET /cormun/servlet/trsolicitudadjuntos?2018,10900, HTTP/1.1" 200 6356
186.103.159.182 - - [27/Mar/2018:13:46:16 -0300] "GET /cormun/servlet/trsolicitudadjuntos?2018,10900, HTTP/1.1" 200 6356
186.103.159.182 - - [27/Mar/2018:13:46:17 -0300] "GET /cormun/servlet/solicitudotadjuntos?INS,2018,10900,,1, HTTP/1.1" 200 6302
186.103.159.182 - - [27/Mar/2018:13:46:18 -0300] "GET /cormun/static/about:blank HTTP/1.1" 404 1011
186.103.159.182 - - [27/Mar/2018:13:46:18 -0300] "GET /cormun/servlet/solicitudotadjuntos?INS,2018,10900,,1, HTTP/1.1" 200 6295
186.103.159.182 - - [27/Mar/2018:13:46:18 -0300] "GET /cormun/servlet/solicitudotadjuntos?ed45ad9addba476b3b25f68f886b9d3109f0f73526fdd34ffebb01b77d13c2a01e61664117f5a1ab17daeb681e5183ad,gx-no-cache=1522169126095 HTTP/1.1" 200 30
186.103.159.182 - - [27/Mar/2018:13:46:18 -0300] "POST /cormun/servlet/solicitudotadjuntos?d0321b5495a65e0084c9c90f2cf5cc5d,INS,2018,10900,,1,,gx-no-cache=1522169126134 HTTP/1.1" 200 3984
186.103.159.182 - - [27/Mar/2018:13:46:26 -0300] "POST /cormun/servlet/solicitudotadjuntos?gx-no-cache=1522169133788 HTTP/1.1" 200 26
186.103.159.182 - - [27/Mar/2018:13:46:34 -0300] "GET /cormun/servlet/solicitudotadjuntos?ed45ad9addba476b3b25f68f886b9d3177591afbe311cb43e47998db4d79e88b,gx-no-cache=1522169141935 HTTP/1.1" 200 30
186.103.159.182 - - [27/Mar/2018:13:46:34 -0300] "GET /cormun/servlet/solicitudotadjuntos?ed45ad9addba476b3b25f68f886b9d3177591afbe311cb43e47998db4d79e88b,gx-no-cache=1522169141953 HTTP/1.1" 200 30
186.103.159.182 - - [27/Mar/2018:13:46:35 -0300] "POST /cormun/servlet/solicitudotadjuntos?d0321b5495a65e0084c9c90f2cf5cc5d,INS,2018,10900,,1, HTTP/1.1" 200 116
186.103.159.182 - - [27/Mar/2018:13:46:35 -0300] "GET /cormun/servlet/hpexe_return? HTTP/1.1" 200 1027
186.103.159.182 - - [27/Mar/2018:13:46:36 -0300] "GET /cormun/servlet/trsolicitudadjuntos?2018,10900, HTTP/1.1" 200 8861
186.103.159.182 - - [27/Mar/2018:13:46:36 -0300] "GET /cormun/servlet/trsolicitudadjuntos?2018,10900, HTTP/1.1" 200 8860
186.103.159.182 - - [27/Mar/2018:13:46:38 -0300] "GET /cormun/servlet/solicitudotadjuntos?INS,2018,10900,,1, HTTP/1.1" 200 6302
186.103.159.182 - - [27/Mar/2018:13:46:38 -0300] "GET /cormun/static/about:blank HTTP/1.1" 404 1011
186.103.159.182 - - [27/Mar/2018:13:46:38 -0300] "GET /cormun/servlet/solicitudotadjuntos?INS,2018,10900,,1, HTTP/1.1" 200 6295
186.103.159.182 - - [27/Mar/2018:13:46:39 -0300] "GET /cormun/servlet/solicitudotadjuntos?ed45ad9addba476b3b25f68f886b9d3109f0f73526fdd34ffebb01b77d13c2a01e61664117f5a1ab17daeb681e5183ad,gx-no-cache=1522169146478 HTTP/1.1" 200 30
186.103.159.182 - - [27/Mar/2018:13:46:39 -0300] "POST /cormun/servlet/solicitudotadjuntos?d0321b5495a65e0084c9c90f2cf5cc5d,INS,2018,10900,,1,,gx-no-cache=1522169146523 HTTP/1.1" 200 3984
186.103.159.182 - - [27/Mar/2018:13:46:40 -0300] "POST /cormun/servlet/solicitudotadjuntos?gx-no-cache=1522169148176 HTTP/1.1" 200 26
186.103.159.182 - - [27/Mar/2018:13:46:44 -0300] "GET /cormun/servlet/solicitudotadjuntos?ed45ad9addba476b3b25f68f886b9d3177591afbe311cb43e47998db4d79e88b,gx-no-cache=1522169151383 HTTP/1.1" 200 30
186.103.159.182 - - [27/Mar/2018:13:46:44 -0300] "GET /cormun/servlet/solicitudotadjuntos?ed45ad9addba476b3b25f68f886b9d3177591afbe311cb43e47998db4d79e88b,gx-no-cache=1522169151404 HTTP/1.1" 200 30
186.103.159.182 - - [27/Mar/2018:13:46:45 -0300] "POST /cormun/servlet/solicitudotadjuntos?d0321b5495a65e0084c9c90f2cf5cc5d,INS,2018,10900,,1, HTTP/1.1" 200 116
186.103.159.182 - - [27/Mar/2018:13:46:45 -0300] "GET /cormun/servlet/hpexe_return? HTTP/1.1" 200 1027
186.103.159.182 - - [27/Mar/2018:13:46:45 -0300] "GET /cormun/servlet/trsolicitudadjuntos?2018,10900, HTTP/1.1" 200 9084
186.103.159.182 - - [27/Mar/2018:13:46:46 -0300] "GET /cormun/servlet/trsolicitudadjuntos?2018,10900, HTTP/1.1" 200 9083
186.103.159.182 - - [27/Mar/2018:13:46:48 -0300] "GET /cormun/servlet/solicitudotadjuntos?INS,2018,10900,,1, HTTP/1.1" 200 6302
186.103.159.182 - - [27/Mar/2018:13:46:49 -0300] "GET /cormun/static/about:blank HTTP/1.1" 404 1011
186.103.159.182 - - [27/Mar/2018:13:46:49 -0300] "GET /cormun/servlet/solicitudotadjuntos?INS,2018,10900,,1, HTTP/1.1" 200 6295
186.103.159.182 - - [27/Mar/2018:13:46:50 -0300] "GET /cormun/servlet/solicitudotadjuntos?ed45ad9addba476b3b25f68f886b9d3109f0f73526fdd34ffebb01b77d13c2a01e61664117f5a1ab17daeb681e5183ad,gx-no-cache=1522169157321 HTTP/1.1" 200 30
186.103.159.182 - - [27/Mar/2018:13:46:50 -0300] "POST /cormun/servlet/solicitudotadjuntos?d0321b5495a65e0084c9c90f2cf5cc5d,INS,2018,10900,,1,,gx-no-cache=1522169157352 HTTP/1.1" 200 3984
186.103.159.182 - - [27/Mar/2018:13:46:51 -0300] "POST /cormun/servlet/solicitudotadjuntos?gx-no-cache=1522169158615 HTTP/1.1" 200 26
186.103.159.182 - - [27/Mar/2018:13:46:55 -0300] "GET /cormun/servlet/solicitudotadjuntos?ed45ad9addba476b3b25f68f886b9d3177591afbe311cb43e47998db4d79e88b,gx-no-cache=1522169162688 HTTP/1.1" 200 30
186.103.159.182 - - [27/Mar/2018:13:46:55 -0300] "GET /cormun/servlet/solicitudotadjuntos?ed45ad9addba476b3b25f68f886b9d3177591afbe311cb43e47998db4d79e88b,gx-no-cache=1522169162707 HTTP/1.1" 200 30
186.103.159.182 - - [27/Mar/2018:13:46:56 -0300] "POST /cormun/servlet/solicitudotadjuntos?d0321b5495a65e0084c9c90f2cf5cc5d,INS,2018,10900,,1, HTTP/1.1" 200 116
186.103.159.182 - - [27/Mar/2018:13:46:57 -0300] "GET /cormun/servlet/hpexe_return? HTTP/1.1" 200 1027
186.103.159.182 - - [27/Mar/2018:13:46:57 -0300] "GET /cormun/servlet/trsolicitudadjuntos?2018,10900, HTTP/1.1" 200 9254
186.103.159.182 - - [27/Mar/2018:13:46:58 -0300] "GET /cormun/servlet/trsolicitudadjuntos?2018,10900, HTTP/1.1" 200 9253
186.103.159.182 - - [27/Mar/2018:13:47:01 -0300] "GET /cormun/servlet/solicitudotadjuntos?INS,2018,10900,,1, HTTP/1.1" 200 6302
186.103.159.182 - - [27/Mar/2018:13:47:01 -0300] "GET /cormun/static/about:blank HTTP/1.1" 404 1011
186.103.159.182 - - [27/Mar/2018:13:47:01 -0300] "GET /cormun/servlet/solicitudotadjuntos?INS,2018,10900,,1, HTTP/1.1" 200 6295
