192.168.10.56 - - [27/Mar/2018:15:41:18 -0300] "POST /cormun/servlet/trsolicitudgral?8b58f6eb110ddf76411637a01c2c189a,,gx-no-cache=1522175908441 HTTP/1.1" 200 25373
192.168.10.56 - - [27/Mar/2018:15:41:23 -0300] "POST /cormun/servlet/trsolicitudgral?8b58f6eb110ddf76411637a01c2c189a,,gx-no-cache=1522175914720 HTTP/1.1" 200 5935
192.168.10.56 - - [27/Mar/2018:15:41:53 -0300] "POST /cormun/servlet/trsolicitudgral?8b58f6eb110ddf76411637a01c2c189a,,gx-no-cache=1522175944651 HTTP/1.1" 200 5935
192.168.10.56 - - [27/Mar/2018:15:42:04 -0300] "POST /cormun/servlet/trsolicitudgral?8b58f6eb110ddf76411637a01c2c189a,,gx-no-cache=1522175955379 HTTP/1.1" 200 8010
186.103.159.186 - - [27/Mar/2018:15:42:07 -0300] "GET /cormun/servlet/licenciaspermisos?1d741fb63d1db7ecf29584102b93364f6b7a7380c3d578ddf6664b0da4cad0265d953e8bcd366f9644f9bbd122d476ba,gx-no-cache=1522176076442 HTTP/1.1" 200 104
186.103.159.186 - - [27/Mar/2018:15:42:07 -0300] "POST /cormun/servlet/licenciaspermisos?1b221c72f2f37bd2eac2287bc4d970d6,INS,0,,,,gx-no-cache=1522176076599 HTTP/1.1" 200 4684
192.168.10.56 - - [27/Mar/2018:15:42:17 -0300] "GET /cormun/servlet/hlogin HTTP/1.1" 200 1747
192.168.10.56 - - [27/Mar/2018:15:42:20 -0300] "POST /cormun/servlet/hlogin?8b58f6eb110ddf76411637a01c2c189a,gx-no-cache=1522175971630 HTTP/1.1" 200 90
192.168.10.56 - - [27/Mar/2018:15:42:20 -0300] "GET /cormun/servlet/hpexe_link HTTP/1.1" 200 958
192.168.10.56 - - [27/Mar/2018:15:42:20 -0300] "GET /cormun/servlet/hhome HTTP/1.1" 200 3841
192.168.10.56 - - [27/Mar/2018:15:42:21 -0300] "GET /cormun/servlet/hhome HTTP/1.1" 200 3837
192.168.10.56 - - [27/Mar/2018:15:42:23 -0300] "GET /cormun/servlet/trautorizarot? HTTP/1.1" 200 12803
192.168.10.56 - - [27/Mar/2018:15:42:23 -0300] "GET /cormun/servlet/trautorizarot? HTTP/1.1" 200 12801
186.103.159.186 - - [27/Mar/2018:15:42:25 -0300] "GET /cormun/static/menuarrow.gif HTTP/1.1" 404 1015
192.168.10.56 - - [27/Mar/2018:15:42:27 -0300] "GET /cormun/static/menuarrow.gif HTTP/1.1" 404 1015
192.168.10.56 - - [27/Mar/2018:15:42:32 -0300] "POST /cormun/servlet/trautorizarot?8b58f6eb110ddf76411637a01c2c189a,,gx-no-cache=1522175983462 HTTP/1.1" 200 9748
192.168.10.56 - - [27/Mar/2018:15:42:48 -0300] "GET /cormun/servlet/hlogin HTTP/1.1" 200 1746
192.168.10.56 - - [27/Mar/2018:15:42:51 -0300] "POST /cormun/servlet/hlogin?8b58f6eb110ddf76411637a01c2c189a,gx-no-cache=1522176002669 HTTP/1.1" 200 90
192.168.10.56 - - [27/Mar/2018:15:42:51 -0300] "GET /cormun/servlet/hpexe_link HTTP/1.1" 200 958
192.168.10.56 - - [27/Mar/2018:15:42:51 -0300] "GET /cormun/servlet/hhome HTTP/1.1" 200 4505
192.168.10.56 - - [27/Mar/2018:15:42:52 -0300] "GET /cormun/servlet/hhome HTTP/1.1" 200 4502
192.168.10.56 - - [27/Mar/2018:15:42:54 -0300] "GET /cormun/servlet/trsolicitudgral? HTTP/1.1" 200 11073
192.168.10.56 - - [27/Mar/2018:15:42:55 -0300] "GET /cormun/servlet/trsolicitudgral? HTTP/1.1" 200 11071
192.168.10.56 - - [27/Mar/2018:15:43:22 -0300] "POST /cormun/servlet/trsolicitudgral?8b58f6eb110ddf76411637a01c2c189a,,gx-no-cache=1522176033235 HTTP/1.1" 200 7306
186.103.159.186 - - [27/Mar/2018:15:43:30 -0300] "GET /cormun/servlet/licenciaspermisos?1d741fb63d1db7ecf29584102b93364feeae6295eef84f5aeed9b7abe5733f594960a6f38ec2fd059e517dceb408b8fbde8fff8c66fee081a7c371ef3e6416856694c91609c6b819390f3fffea8a56ed013a5562c8e75eefe8635c27ff748043c00dac28e820ff935d1cdff6dddc8873fd2fa096b24befc915b9787be2ec399a15ba45b4a4d2acb6c359f53b4217c16708f55d85e6301a704ea5e6282c2417b6b386a4e704b02b5991205bebed686e46,gx-no-cache=1522176159665 HTTP/1.1" 200 30
186.103.159.186 - - [27/Mar/2018:15:43:30 -0300] "GET /cormun/servlet/licenciaspermisos?1d741fb63d1db7ecf29584102b93364fb8ecb1b2945e402a9929e211c611f04089029994eb6042c758f19b98bad9fb85540d6ee9233f37ba5b3e273529b767ea742ab8861cda6c240479b89c45910f139d0f4d495e5807ee96577cc954d878b455e2524e24316a2efb854c19ac6ad3f4257062e722c1a95694342d1632ccc3355b08ac74ae6aa9989245326d7d7581c1048bc07839e357c285ae74d37699047a40aeffbb2ac160109d5d5691082d1319,gx-no-cache=1522176159839 HTTP/1.1" 200 29
186.103.159.186 - - [27/Mar/2018:15:43:30 -0300] "POST /cormun/servlet/licenciaspermisos?1b221c72f2f37bd2eac2287bc4d970d6,INS,0,,,,gx-no-cache=1522176159889 HTTP/1.1" 200 93
186.103.159.186 - - [27/Mar/2018:15:43:30 -0300] "GET /cormun/servlet/hpexe_return? HTTP/1.1" 200 1015
186.103.159.186 - - [27/Mar/2018:15:43:31 -0300] "GET /cormun/static/hpexe_return.js?2016101716175153 HTTP/1.1" 200 1633
186.103.159.186 - - [27/Mar/2018:15:43:31 -0300] "GET /cormun/static/Resources/Spanish/PXTools.css?167811 HTTP/1.1" 200 89042
186.103.159.186 - - [27/Mar/2018:15:43:31 -0300] "GET /cormun/static/gxcfg.js?2016101716175148 HTTP/1.1" 200 953
186.103.159.186 - - [27/Mar/2018:15:43:31 -0300] "GET /cormun/servlet/trlicencias? HTTP/1.1" 200 8836
186.103.159.186 - - [27/Mar/2018:15:43:33 -0300] "GET /cormun/servlet/trlicencias? HTTP/1.1" 200 8831
186.103.159.186 - - [27/Mar/2018:15:43:42 -0300] "POST /cormun/servlet/trlicencias?1b221c72f2f37bd2eac2287bc4d970d6,,gx-no-cache=1522176171748 HTTP/1.1" 200 5390
186.103.159.186 - - [27/Mar/2018:15:43:42 -0300] "GET /cormun//static/Resources/PXToolsGridDelete.png HTTP/1.1" 200 357
186.103.159.186 - - [27/Mar/2018:15:43:42 -0300] "GET /cormun//static/Resources/PXToolsGridUpdate.png HTTP/1.1" 200 2984
192.168.10.56 - - [27/Mar/2018:15:43:47 -0300] "POST /cormun/servlet/trsolicitudgral?8b58f6eb110ddf76411637a01c2c189a,,gx-no-cache=1522176058562 HTTP/1.1" 200 7652
186.103.159.186 - - [27/Mar/2018:15:43:48 -0300] "GET /cormun/servlet/trlicenciaspermisosadjuntos?8099229,20180327000000,L, HTTP/1.1" 200 6304
186.103.159.186 - - [27/Mar/2018:15:43:48 -0300] "GET /cormun/static/gxcfg.js?20177612163414 HTTP/1.1" 200 953
186.103.159.186 - - [27/Mar/2018:15:43:48 -0300] "GET /cormun/static/trlicenciaspermisosadjuntos.js?20177612163719 HTTP/1.1" 200 21036
186.103.159.186 - - [27/Mar/2018:15:43:49 -0300] "GET /cormun/servlet/trlicenciaspermisosadjuntos?8099229,20180327000000,L, HTTP/1.1" 200 6304
192.168.10.56 - - [27/Mar/2018:15:44:09 -0300] "POST /cormun/servlet/trsolicitudgral?8b58f6eb110ddf76411637a01c2c189a,,gx-no-cache=1522176080123 HTTP/1.1" 200 7911
192.168.10.56 - - [27/Mar/2018:15:44:20 -0300] "POST /cormun/servlet/trsolicitudgral?8b58f6eb110ddf76411637a01c2c189a,,gx-no-cache=1522176091837 HTTP/1.1" 200 9890
192.168.10.56 - - [27/Mar/2018:15:44:48 -0300] "POST /cormun/servlet/trsolicitudgral?8b58f6eb110ddf76411637a01c2c189a,,gx-no-cache=1522176119303 HTTP/1.1" 200 7650
192.168.10.56 - - [27/Mar/2018:15:45:22 -0300] "POST /cormun/servlet/trsolicitudgral?8b58f6eb110ddf76411637a01c2c189a,,gx-no-cache=1522176152994 HTTP/1.1" 200 7889
192.168.10.56 - - [27/Mar/2018:15:45:47 -0300] "POST /cormun/servlet/trsolicitudgral?8b58f6eb110ddf76411637a01c2c189a,,gx-no-cache=1522176177955 HTTP/1.1" 200 8344
192.168.10.56 - - [27/Mar/2018:15:46:30 -0300] "GET /cormun/servlet/hlogin HTTP/1.1" 200 1747
192.168.10.56 - - [27/Mar/2018:15:46:46 -0300] "POST /cormun/servlet/hlogin?8b58f6eb110ddf76411637a01c2c189a,gx-no-cache=1522176237325 HTTP/1.1" 200 90
192.168.10.56 - - [27/Mar/2018:15:46:46 -0300] "GET /cormun/servlet/hpexe_link HTTP/1.1" 200 966
192.168.10.56 - - [27/Mar/2018:15:46:46 -0300] "GET /cormun/servlet/trsolicitudgral? HTTP/1.1" 200 11368
192.168.10.56 - - [27/Mar/2018:15:46:47 -0300] "GET /cormun/servlet/trsolicitudgral? HTTP/1.1" 200 11367
186.103.159.186 - - [27/Mar/2018:15:47:08 -0300] "GET /cormun/servlet/licenciaspermisosadjuntos?INS,8099229,L,20180327000000,, HTTP/1.1" 200 5598
186.103.159.186 - - [27/Mar/2018:15:47:08 -0300] "GET /cormun/static/gxcfg.js?2017761263592 HTTP/1.1" 200 953
186.103.159.186 - - [27/Mar/2018:15:47:08 -0300] "GET /cormun/static/licenciaspermisosadjuntos.js?201776126362 HTTP/1.1" 200 8760
186.103.159.186 - - [27/Mar/2018:15:47:08 -0300] "GET /cormun/static/about:blank HTTP/1.1" 404 1011
186.103.159.186 - - [27/Mar/2018:15:47:09 -0300] "GET /cormun/servlet/licenciaspermisosadjuntos?INS,8099229,L,20180327000000,, HTTP/1.1" 200 5588
186.103.159.186 - - [27/Mar/2018:15:47:31 -0300] "POST /cormun/servlet/licenciaspermisosadjuntos?1b221c72f2f37bd2eac2287bc4d970d6,INS,8099229,L,20180327000000,, HTTP/1.1" 200 116
186.103.159.186 - - [27/Mar/2018:15:47:31 -0300] "GET /cormun/servlet/hpexe_return? HTTP/1.1" 200 1043
186.103.159.186 - - [27/Mar/2018:15:47:32 -0300] "GET /cormun/servlet/trlicenciaspermisosadjuntos?8099229,20180327000000,L, HTTP/1.1" 200 6791
186.103.159.186 - - [27/Mar/2018:15:47:33 -0300] "GET /cormun/servlet/trlicenciaspermisosadjuntos?8099229,20180327000000,L, HTTP/1.1" 200 6787
186.103.159.186 - - [27/Mar/2018:15:47:37 -0300] "POST /cormun/servlet/trlicenciaspermisosadjuntos?1b221c72f2f37bd2eac2287bc4d970d6,8099229,20180327000000,L,,gx-no-cache=1522176406433 HTTP/1.1" 200 90
186.103.159.186 - - [27/Mar/2018:15:47:37 -0300] "GET /cormun/servlet/hpexe_link HTTP/1.1" 200 986
186.103.159.186 - - [27/Mar/2018:15:47:37 -0300] "GET /cormun/servlet/trlicencias? HTTP/1.1" 200 8051
186.103.159.186 - - [27/Mar/2018:15:47:38 -0300] "GET /cormun/servlet/trlicencias? HTTP/1.1" 200 8049
186.103.159.186 - - [27/Mar/2018:15:47:41 -0300] "GET /cormun/servlet/alicenciaprn?8099229,L,20180327000000,PU HTTP/1.1" 200 1550
186.103.196.84 - - [27/Mar/2018:15:50:51 -0300] "GET /cormun/servlet/hlogin HTTP/1.1" 200 1722
186.103.196.84 - - [27/Mar/2018:15:50:51 -0300] "GET /cormun/static/gxcfg.js?20175251213516 HTTP/1.1" 304 -
186.103.196.84 - - [27/Mar/2018:15:50:52 -0300] "GET /cormun/servlet/hlogin HTTP/1.1" 200 1727
186.103.196.84 - - [27/Mar/2018:15:50:53 -0300] "POST /cormun/servlet/hlogin?3bc95c20a7f3408dfbfa619dd2499707,gx-no-cache=1522176600308 HTTP/1.1" 200 90
186.103.196.84 - - [27/Mar/2018:15:50:53 -0300] "GET /cormun/servlet/hpexe_link HTTP/1.1" 200 949
186.103.196.84 - - [27/Mar/2018:15:50:53 -0300] "GET /cormun/static/gxcfg.js?20177612121792 HTTP/1.1" 304 -
186.103.196.84 - - [27/Mar/2018:15:50:53 -0300] "GET /cormun/servlet/hhome HTTP/1.1" 200 4200
186.103.196.84 - - [27/Mar/2018:15:50:53 -0300] "GET /cormun/static/gxcfg.js?20175251212442 HTTP/1.1" 304 -
186.103.196.84 - - [27/Mar/2018:15:50:54 -0300] "GET /cormun/servlet/hhome HTTP/1.1" 200 4196
186.67.84.236 - - [27/Mar/2018:15:50:58 -0300] "GET /cormun/servlet/trcontratounov2? HTTP/1.1" 200 17501
186.67.84.236 - - [27/Mar/2018:15:50:59 -0300] "GET /cormun/servlet/trcontratounov2? HTTP/1.1" 200 17508
192.168.10.56 - - [27/Mar/2018:15:51:13 -0300] "POST /cormun/servlet/trsolicitudgral?8b58f6eb110ddf76411637a01c2c189a,,gx-no-cache=1522176504553 HTTP/1.1" 200 7608
186.103.196.90 - - [27/Mar/2018:15:51:21 -0300] "POST /cormun/servlet/trcontratounov2?3bc95c20a7f3408dfbfa619dd2499707,,gx-no-cache=1522176627775 HTTP/1.1" 200 15054
200.111.191.210 - - [27/Mar/2018:15:55:41 -0300] "GET /cormun/servlet/trlicencias? HTTP/1.1" 200 6116
200.111.191.210 - - [27/Mar/2018:15:55:42 -0300] "GET /cormun/servlet/hlogin HTTP/1.1" 200 1738
200.111.191.210 - - [27/Mar/2018:15:55:42 -0300] "GET /cormun/servlet/trlicencias? HTTP/1.1" 200 6111
192.168.10.89 - - [27/Mar/2018:15:57:00 -0300] "GET /cormun/servlet/hlogin HTTP/1.1" 200 1733
192.168.10.89 - - [27/Mar/2018:15:57:01 -0300] "GET /cormun/static/messages.spa.js?85251 HTTP/1.1" 304 -
192.168.10.89 - - [27/Mar/2018:15:57:07 -0300] "POST /cormun/servlet/hlogin?a8afeee35377bc519d9265b1c1b530c8,gx-no-cache=1522176858258 HTTP/1.1" 200 90
192.168.10.89 - - [27/Mar/2018:15:57:07 -0300] "GET /cormun/servlet/hpexe_link HTTP/1.1" 200 943
192.168.10.89 - - [27/Mar/2018:15:57:07 -0300] "GET /cormun/servlet/hhome HTTP/1.1" 200 4914
192.168.10.89 - - [27/Mar/2018:15:57:10 -0300] "GET /cormun/servlet/trsolicitudgral? HTTP/1.1" 200 28443
192.168.10.89 - - [27/Mar/2018:15:57:31 -0300] "POST /cormun/servlet/trsolicitudgral?a8afeee35377bc519d9265b1c1b530c8,,gx-no-cache=1522176881591 HTTP/1.1" 200 24327
192.168.10.96 - - [27/Mar/2018:15:58:06 -0300] "GET /cormun/servlet/trsolicitudgral? HTTP/1.1" 200 28228
192.168.10.96 - - [27/Mar/2018:15:58:07 -0300] "GET /cormun/servlet/trsolicitudgral? HTTP/1.1" 200 28228
192.168.10.96 - - [27/Mar/2018:15:58:12 -0300] "POST /cormun/servlet/trsolicitudgral?cdf4393cc7ab5f121d441249b79b83ef,,gx-no-cache=1522176923039 HTTP/1.1" 200 17931
192.168.10.96 - - [27/Mar/2018:15:58:29 -0300] "POST /cormun/servlet/trsolicitudgral?cdf4393cc7ab5f121d441249b79b83ef,,gx-no-cache=1522176939985 HTTP/1.1" 200 19261
192.168.10.96 - - [27/Mar/2018:15:58:33 -0300] "POST /cormun/servlet/trsolicitudgral?cdf4393cc7ab5f121d441249b79b83ef,,gx-no-cache=1522176944474 HTTP/1.1" 200 5923
192.168.10.96 - - [27/Mar/2018:15:58:36 -0300] "POST /cormun/servlet/trsolicitudgral?cdf4393cc7ab5f121d441249b79b83ef,,gx-no-cache=1522176947013 HTTP/1.1" 200 7773
192.168.10.96 - - [27/Mar/2018:15:58:50 -0300] "POST /cormun/servlet/trsolicitudgral?cdf4393cc7ab5f121d441249b79b83ef,,gx-no-cache=1522176960677 HTTP/1.1" 200 19261
192.168.10.96 - - [27/Mar/2018:15:58:52 -0300] "POST /cormun/servlet/trsolicitudgral?cdf4393cc7ab5f121d441249b79b83ef,,gx-no-cache=1522176963846 HTTP/1.1" 200 5928
192.168.10.96 - - [27/Mar/2018:15:58:56 -0300] "POST /cormun/servlet/trsolicitudgral?cdf4393cc7ab5f121d441249b79b83ef,,gx-no-cache=1522176967309 HTTP/1.1" 200 10579
192.168.10.96 - - [27/Mar/2018:16:00:42 -0300] "GET /cormun/servlet/trsolicitudgral? HTTP/1.1" 200 13807
192.168.10.96 - - [27/Mar/2018:16:00:43 -0300] "GET /cormun/servlet/trsolicitudgral? HTTP/1.1" 200 13807
186.103.159.186 - - [27/Mar/2018:16:03:57 -0300] "POST /cormun/servlet/trlicencias?1b221c72f2f37bd2eac2287bc4d970d6,,gx-no-cache=1522177386952 HTTP/1.1" 200 4216
186.103.159.186 - - [27/Mar/2018:16:03:57 -0300] "GET /cormun/static/Shared/jqueryui/images/ui-bg_highlight-soft_100_c6c2c8_1x100.png HTTP/1.1" 404 1117
186.103.159.186 - - [27/Mar/2018:16:03:58 -0300] "GET /cormun/static/Shared/jqueryui/images/ui-icons_82798d_256x240.png HTTP/1.1" 404 1089
186.103.159.186 - - [27/Mar/2018:16:03:58 -0300] "GET /cormun/static/Shared/jqueryui/images/ui-bg_flat_55_fafafa_40x100.png HTTP/1.1" 404 1097
186.103.159.186 - - [27/Mar/2018:16:03:58 -0300] "GET /cormun/static/Shared/jqueryui/images/ui-icons_8d78a5_256x240.png HTTP/1.1" 404 1089
186.103.159.189 - - [27/Mar/2018:16:12:42 -0300] "GET /cormun/servlet/hlogin HTTP/1.1" 200 1732
186.67.203.186 - - [27/Mar/2018:16:20:26 -0300] "GET /cormun/servlet/hlogin HTTP/1.1" 200 1725
186.67.203.186 - - [27/Mar/2018:16:20:26 -0300] "GET /cormun/static/gxcfg.js?20175251213516 HTTP/1.1" 304 -
186.67.203.186 - - [27/Mar/2018:16:20:26 -0300] "GET /cormun/servlet/hlogin HTTP/1.1" 200 1733
186.103.132.155 - - [27/Mar/2018:16:20:40 -0300] "POST /cormun/servlet/hlogin?e8b266d339492b943f09435b7ddae21a,gx-no-cache=1522178387286 HTTP/1.1" 200 90
186.103.132.155 - - [27/Mar/2018:16:20:40 -0300] "GET /cormun/servlet/hpexe_link HTTP/1.1" 200 953
186.103.132.155 - - [27/Mar/2018:16:20:40 -0300] "GET /cormun/static/gxcfg.js?20177612121792 HTTP/1.1" 304 -
186.103.132.155 - - [27/Mar/2018:16:20:41 -0300] "GET /cormun/servlet/hhome HTTP/1.1" 200 4218
186.103.132.155 - - [27/Mar/2018:16:20:41 -0300] "GET /cormun/static/gxcfg.js?20175251212442 HTTP/1.1" 304 -
186.103.132.155 - - [27/Mar/2018:16:20:42 -0300] "GET /cormun/servlet/hhome HTTP/1.1" 200 4214
200.111.191.210 - - [27/Mar/2018:16:20:47 -0300] "GET /cormun/servlet/hlogin HTTP/1.1" 200 1722
186.103.161.206 - - [27/Mar/2018:16:20:48 -0300] "GET /cormun/servlet/trsolicitudot? HTTP/1.1" 200 8799
186.103.161.206 - - [27/Mar/2018:16:20:48 -0300] "GET /cormun/static/gxcfg.js?2017111422585916 HTTP/1.1" 304 -
186.103.161.206 - - [27/Mar/2018:16:20:49 -0300] "GET /cormun/servlet/trsolicitudot? HTTP/1.1" 200 8797
200.111.191.210 - - [27/Mar/2018:16:20:53 -0300] "POST /cormun/servlet/hlogin?c07fb484b116756f081a7d321ff4c297,gx-no-cache=1522178406409 HTTP/1.1" 200 90
200.111.191.210 - - [27/Mar/2018:16:20:53 -0300] "GET /cormun/servlet/hpexe_link HTTP/1.1" 200 958
200.111.191.210 - - [27/Mar/2018:16:20:54 -0300] "GET /cormun/servlet/trlicencias HTTP/1.1" 200 10615
200.111.191.210 - - [27/Mar/2018:16:20:54 -0300] "GET /cormun/servlet/trlicencias HTTP/1.1" 200 10613
190.151.100.218 - - [27/Mar/2018:16:20:56 -0300] "GET /cormun/servlet/treventos?2018,9991, HTTP/1.1" 200 9542
190.151.100.218 - - [27/Mar/2018:16:20:56 -0300] "GET /cormun/static/gxcfg.js?2016101716195975 HTTP/1.1" 304 -
190.151.100.218 - - [27/Mar/2018:16:20:57 -0300] "GET /cormun/servlet/treventos?2018,9991, HTTP/1.1" 200 9549
200.111.191.210 - - [27/Mar/2018:16:21:00 -0300] "GET /cormun/servlet/trpermisosgoce? HTTP/1.1" 200 10409
200.111.191.210 - - [27/Mar/2018:16:21:01 -0300] "GET /cormun/servlet/trpermisosgoce? HTTP/1.1" 200 10405
200.111.191.210 - - [27/Mar/2018:16:21:03 -0300] "GET /cormun/servlet/permisogoce?INS,0,,, HTTP/1.1" 200 6796
200.111.191.210 - - [27/Mar/2018:16:21:03 -0300] "GET /cormun/servlet/permisogoce?INS,0,,, HTTP/1.1" 200 6796
200.111.191.210 - - [27/Mar/2018:16:21:08 -0300] "GET /cormun/servlet/permisogoce?c25bb180fc2a0652d21573a30e869b0196458fce34dbc1aa540884325d0911d90b006fbde52ba5187a4edb3d248ceb408c9ab2f8b980ac934a728bb4fd235361,gx-no-cache=1522178420902 HTTP/1.1" 200 82
200.111.191.210 - - [27/Mar/2018:16:21:11 -0300] "GET /cormun/servlet/permisogoce?c25bb180fc2a0652d21573a30e869b01f2e345f4595ee4364093a446da6d7c73eb70fa1528be81a26ff31933de9156d5a3cb178a46354a04fe043065b0cf47b6,gx-no-cache=1522178424540 HTTP/1.1" 200 47
200.111.191.210 - - [27/Mar/2018:16:21:19 -0300] "POST /cormun/servlet/permisogoce?c07fb484b116756f081a7d321ff4c297,INS,0,,,,gx-no-cache=1522178431265 HTTP/1.1" 200 93
200.111.191.210 - - [27/Mar/2018:16:21:19 -0300] "GET /cormun/servlet/hpexe_return? HTTP/1.1" 200 1012
200.111.191.210 - - [27/Mar/2018:16:21:19 -0300] "GET /cormun/servlet/trpermisosgoce HTTP/1.1" 200 10648
200.111.191.210 - - [27/Mar/2018:16:21:20 -0300] "GET /cormun/servlet/trpermisosgoce HTTP/1.1" 200 10642
200.111.191.210 - - [27/Mar/2018:16:21:23 -0300] "GET /cormun/servlet/apermisogoceprn?15523885,P,20180327161815,PU HTTP/1.1" 200 1661
192.168.10.56 - - [27/Mar/2018:16:23:35 -0300] "GET /cormun/servlet/hlogin HTTP/1.1" 200 1736
186.67.203.186 - - [27/Mar/2018:16:23:50 -0300] "GET /cormun/servlet/trsolicitudot? HTTP/1.1" 200 8797
186.67.203.186 - - [27/Mar/2018:16:23:50 -0300] "GET /cormun/servlet/trsolicitudot? HTTP/1.1" 200 8797
200.111.122.170 - - [27/Mar/2018:16:24:57 -0300] "GET /cormun/servlet/trsolicitudot? HTTP/1.1" 200 8797
200.111.122.170 - - [27/Mar/2018:16:24:58 -0300] "GET /cormun/servlet/trsolicitudot? HTTP/1.1" 200 8797
186.103.132.155 - - [27/Mar/2018:16:25:06 -0300] "GET /cormun/servlet/trvisualizadoreventos? HTTP/1.1" 200 6986
186.103.132.155 - - [27/Mar/2018:16:25:06 -0300] "GET /cormun/static/gxcfg.js?20175251251426 HTTP/1.1" 304 -
186.103.132.155 - - [27/Mar/2018:16:25:06 -0300] "GET /cormun/servlet/trvisualizadoreventos? HTTP/1.1" 200 6985
186.103.132.155 - - [27/Mar/2018:16:25:10 -0300] "GET /cormun/servlet/trsolicitudot? HTTP/1.1" 200 8797
186.103.132.155 - - [27/Mar/2018:16:25:10 -0300] "GET /cormun/servlet/trsolicitudot? HTTP/1.1" 200 8797
186.103.132.155 - - [27/Mar/2018:16:25:13 -0300] "GET /cormun/static/menuarrow.gif HTTP/1.1" 404 1015
190.151.100.218 - - [27/Mar/2018:16:25:26 -0300] "POST /cormun/servlet/trsolicitudot?e8b266d339492b943f09435b7ddae21a,,gx-no-cache=1522178671941 HTTP/1.1" 200 21814
190.151.100.218 - - [27/Mar/2018:16:25:57 -0300] "GET /cormun/servlet/treventos?2018,10771, HTTP/1.1" 200 8116
190.151.100.218 - - [27/Mar/2018:16:25:58 -0300] "GET /cormun/servlet/treventos?2018,10771, HTTP/1.1" 200 8123
190.100.93.40 - - [27/Mar/2018:16:26:55 -0300] "GET /cormun/servlet/trsolicitudot? HTTP/1.1" 200 6387
190.100.93.40 - - [27/Mar/2018:16:26:55 -0300] "GET /cormun/servlet/trsolicitudot? HTTP/1.1" 200 6386
190.100.93.40 - - [27/Mar/2018:16:26:56 -0300] "GET /cormun/servlet/hlogin HTTP/1.1" 200 1732
190.100.93.40 - - [27/Mar/2018:16:27:07 -0300] "POST /cormun/servlet/hlogin?b7cb0de526a7efd7be5f730858b624a8,gx-no-cache=1522178776627 HTTP/1.1" 200 90
190.100.93.40 - - [27/Mar/2018:16:27:07 -0300] "GET /cormun/servlet/hpexe_link HTTP/1.1" 200 951
190.100.93.40 - - [27/Mar/2018:16:27:08 -0300] "GET /cormun/servlet/trsolicitudot HTTP/1.1" 200 7369
190.100.93.40 - - [27/Mar/2018:16:27:08 -0300] "GET /cormun/servlet/trsolicitudot HTTP/1.1" 200 7368
190.100.93.40 - - [27/Mar/2018:16:27:11 -0300] "GET /cormun/servlet/solicitudot?INS,0,0, HTTP/1.1" 200 13786
190.100.93.40 - - [27/Mar/2018:16:27:11 -0300] "GET /cormun/servlet/solicitudot?INS,0,0, HTTP/1.1" 200 13791
200.112.49.112 - - [27/Mar/2018:16:27:29 -0300] "GET /cormun/servlet/trsolicitudot? HTTP/1.1" 200 6398
200.112.49.112 - - [27/Mar/2018:16:27:29 -0300] "GET /cormun/servlet/trsolicitudot? HTTP/1.1" 200 6395
200.112.49.112 - - [27/Mar/2018:16:27:29 -0300] "GET /cormun/servlet/hlogin HTTP/1.1" 200 1740
200.112.49.112 - - [27/Mar/2018:16:27:31 -0300] "POST /cormun/servlet/hlogin?7063116edd4596c9a6fe89d56090b207,gx-no-cache=1522178797819 HTTP/1.1" 200 90
200.112.49.112 - - [27/Mar/2018:16:27:31 -0300] "GET /cormun/servlet/hpexe_link HTTP/1.1" 200 958
200.112.49.112 - - [27/Mar/2018:16:27:31 -0300] "GET /cormun/servlet/trsolicitudot HTTP/1.1" 200 7036
200.112.49.112 - - [27/Mar/2018:16:27:32 -0300] "GET /cormun/servlet/trsolicitudot HTTP/1.1" 200 7035
200.112.49.112 - - [27/Mar/2018:16:27:50 -0300] "GET /cormun/servlet/trsolicitudot? HTTP/1.1" 200 7035
200.112.49.112 - - [27/Mar/2018:16:27:51 -0300] "GET /cormun/servlet/trsolicitudot? HTTP/1.1" 200 7035
200.112.49.112 - - [27/Mar/2018:16:27:53 -0300] "GET /cormun/servlet/solicitudot?INS,0,0, HTTP/1.1" 200 13456
200.112.49.112 - - [27/Mar/2018:16:27:54 -0300] "GET /cormun/static/gxcfg.js?201812313224582 HTTP/1.1" 304 -
200.112.49.112 - - [27/Mar/2018:16:27:54 -0300] "GET /cormun/servlet/solicitudot?INS,0,0, HTTP/1.1" 200 13461
192.168.10.97 - - [27/Mar/2018:16:28:12 -0300] "GET /cormun/servlet/hlogin HTTP/1.1" 200 1728
192.168.10.97 - - [27/Mar/2018:16:28:12 -0300] "GET /cormun/static/messages.spa.js?85251 HTTP/1.1" 304 -
192.168.10.97 - - [27/Mar/2018:16:28:14 -0300] "POST /cormun/servlet/hlogin?b49fa924a6dae2ce57fe6694821c056c,gx-no-cache=1522178724843 HTTP/1.1" 200 90
192.168.10.97 - - [27/Mar/2018:16:28:14 -0300] "GET /cormun/servlet/hpexe_link HTTP/1.1" 200 953
192.168.10.97 - - [27/Mar/2018:16:28:14 -0300] "GET /cormun/servlet/hhome HTTP/1.1" 200 4573
192.168.10.97 - - [27/Mar/2018:16:28:14 -0300] "GET /cormun/servlet/hhome HTTP/1.1" 200 4570
200.112.49.112 - - [27/Mar/2018:16:28:18 -0300] "GET /cormun/servlet/hlogin HTTP/1.1" 200 1716
192.168.10.97 - - [27/Mar/2018:16:28:19 -0300] "GET /cormun/servlet/trsolicitudgral? HTTP/1.1" 200 10444
192.168.10.97 - - [27/Mar/2018:16:28:19 -0300] "GET /cormun/servlet/trsolicitudgral? HTTP/1.1" 200 10442
200.112.49.112 - - [27/Mar/2018:16:28:19 -0300] "POST /cormun/servlet/hlogin?b8773c1ebadeaa421e29180a21b4ab3c,gx-no-cache=1522178846542 HTTP/1.1" 200 90
200.112.49.112 - - [27/Mar/2018:16:28:20 -0300] "GET /cormun/servlet/hpexe_link HTTP/1.1" 200 948
200.112.49.112 - - [27/Mar/2018:16:28:20 -0300] "GET /cormun/servlet/hhome HTTP/1.1" 200 3991
200.112.49.112 - - [27/Mar/2018:16:28:20 -0300] "GET /cormun/servlet/hhome HTTP/1.1" 200 3989
200.112.49.112 - - [27/Mar/2018:16:28:23 -0300] "GET /cormun/servlet/trsolicitudot? HTTP/1.1" 200 7207
200.112.49.112 - - [27/Mar/2018:16:28:23 -0300] "GET /cormun/servlet/trsolicitudot? HTTP/1.1" 200 7206
200.112.49.112 - - [27/Mar/2018:16:28:25 -0300] "POST /cormun/servlet/trsolicitudot?b8773c1ebadeaa421e29180a21b4ab3c,,gx-no-cache=1522178852006 HTTP/1.1" 200 4272
200.112.49.112 - - [27/Mar/2018:16:28:27 -0300] "GET /cormun/servlet/solicitudot?INS,0,0, HTTP/1.1" 200 13449
200.112.49.112 - - [27/Mar/2018:16:28:28 -0300] "GET /cormun/servlet/solicitudot?INS,0,0, HTTP/1.1" 200 13454
192.168.10.97 - - [27/Mar/2018:16:28:39 -0300] "POST /cormun/servlet/trsolicitudgral?b49fa924a6dae2ce57fe6694821c056c,,gx-no-cache=1522178749844 HTTP/1.1" 200 5925
192.168.10.97 - - [27/Mar/2018:16:28:49 -0300] "POST /cormun/servlet/trsolicitudgral?b49fa924a6dae2ce57fe6694821c056c,,gx-no-cache=1522178759964 HTTP/1.1" 200 5924
192.168.10.97 - - [27/Mar/2018:16:28:56 -0300] "POST /cormun/servlet/trsolicitudgral?b49fa924a6dae2ce57fe6694821c056c,,gx-no-cache=1522178767125 HTTP/1.1" 200 5924
192.168.10.97 - - [27/Mar/2018:16:29:11 -0300] "POST /cormun/servlet/trsolicitudgral?b49fa924a6dae2ce57fe6694821c056c,,gx-no-cache=1522178782347 HTTP/1.1" 200 5924
192.168.10.97 - - [27/Mar/2018:16:29:19 -0300] "POST /cormun/servlet/trsolicitudgral?b49fa924a6dae2ce57fe6694821c056c,,gx-no-cache=1522178790477 HTTP/1.1" 200 5926
192.168.10.97 - - [27/Mar/2018:16:29:25 -0300] "POST /cormun/servlet/trsolicitudgral?b49fa924a6dae2ce57fe6694821c056c,,gx-no-cache=1522178796588 HTTP/1.1" 200 7293
192.168.10.97 - - [27/Mar/2018:16:30:12 -0300] "POST /cormun/servlet/trsolicitudgral?b49fa924a6dae2ce57fe6694821c056c,,gx-no-cache=1522178843383 HTTP/1.1" 200 5921
192.168.10.97 - - [27/Mar/2018:16:30:19 -0300] "POST /cormun/servlet/trsolicitudgral?b49fa924a6dae2ce57fe6694821c056c,,gx-no-cache=1522178850392 HTTP/1.1" 200 5923
200.112.49.112 - - [27/Mar/2018:16:30:23 -0300] "POST /cormun/servlet/solicitudot?gx-no-cache=1522178969454 HTTP/1.1" 200 3284
200.112.49.112 - - [27/Mar/2018:16:30:23 -0300] "POST /cormun/servlet/solicitudot?b8773c1ebadeaa421e29180a21b4ab3c,INS,0,0,,gx-no-cache=1522178970273 HTTP/1.1" 200 10245
200.112.49.112 - - [27/Mar/2018:16:30:26 -0300] "GET /cormun/servlet/solicitudot?124539cd01a4ea6914412d252c13fad752e4e3c05f6c167bdf0548720366d44d1de2629b10b3cf0960e2d554ea2121b2,gx-no-cache=1522178973542 HTTP/1.1" 200 30
192.168.10.97 - - [27/Mar/2018:16:30:28 -0300] "POST /cormun/servlet/trsolicitudgral?b49fa924a6dae2ce57fe6694821c056c,,gx-no-cache=1522178859329 HTTP/1.1" 200 5922
192.168.10.97 - - [27/Mar/2018:16:30:35 -0300] "POST /cormun/servlet/trsolicitudgral?b49fa924a6dae2ce57fe6694821c056c,,gx-no-cache=1522178865897 HTTP/1.1" 200 5922
192.168.10.97 - - [27/Mar/2018:16:30:43 -0300] "POST /cormun/servlet/trsolicitudgral?b49fa924a6dae2ce57fe6694821c056c,,gx-no-cache=1522178874175 HTTP/1.1" 200 11759
200.112.49.112 - - [27/Mar/2018:16:31:17 -0300] "GET /cormun/servlet/solicitudot?124539cd01a4ea6914412d252c13fad7da38eb09b76a486ae09af2e47ae67909,gx-no-cache=1522179024518 HTTP/1.1" 200 94
200.112.49.112 - - [27/Mar/2018:16:31:18 -0300] "GET /cormun/static/Shared/jqueryui/images/ui-bg_highlight-soft_100_c6c2c8_1x100.png HTTP/1.1" 404 1117
200.112.49.112 - - [27/Mar/2018:16:31:18 -0300] "GET /cormun/static/Shared/jqueryui/images/ui-icons_82798d_256x240.png HTTP/1.1" 404 1089
200.112.49.112 - - [27/Mar/2018:16:31:18 -0300] "GET /cormun/servlet/solicitudot?124539cd01a4ea6914412d252c13fad7dc2fd3599f40f7267e587f8b2de1b529,gx-no-cache=1522179024827 HTTP/1.1" 200 29
200.112.49.112 - - [27/Mar/2018:16:31:18 -0300] "GET /cormun/static/Shared/jqueryui/images/ui-bg_flat_55_994d53_40x100.png HTTP/1.1" 404 1097
200.112.49.112 - - [27/Mar/2018:16:31:18 -0300] "GET /cormun/static/Shared/jqueryui/images/ui-icons_ebccce_256x240.png HTTP/1.1" 404 1089
200.112.49.112 - - [27/Mar/2018:16:31:18 -0300] "POST /cormun/servlet/solicitudot?gx-no-cache=1522179024971 HTTP/1.1" 200 297
200.112.49.112 - - [27/Mar/2018:16:31:18 -0300] "GET /cormun/servlet/solicitudot?124539cd01a4ea6914412d252c13fad7583329425a03981277c60c348c16d05f6f206d48579cb9681350ffce53ac0b7142854f4c32d57ebd32ce0111446acafadfa600c932c8267c4f8936043726f67f513f2116c0a827ae3d97046bdc27cf72ce81326afd81368599f2a2714a977931ea52e4e76b417cdeab163ad111dc95269dc794d0fef73e0dc54f9cd0c5a855e5d1e4473c5d62dec59252e8b8ebeccb71b20399669777492959a33a75a53a1fbbd51659c36fc624055c87b85590b898ec367990af5f10dee208e5c1dcd461bc784e0f9c1f726a95275782c96efad918964657b53f353747cf6720d5720a418f91bdb58f884ad08ce9dba675f744dc504edbc52db5e11b53b54a7907d1a2d6ab3b44359326fd2b52ed7ca21c09853e8f82138d1a394ca5f3289410c7ff3dcb9a90c5d2e6a35c151f0c8e6a72be8108ae1aee6d87b5b1956cfa28c5055a2aaa8e7059a922abf8352eccfe0e03611a418abf5dcd9c3b00b45207cf8d5e1d05754fdc6e1c7084931432f9e202d3eb9b52acffe939e9aa18c1d458ee5cebe5692ea5b0,gx-no-cache=1522179025139 HTTP/1.1" 200 30
200.112.49.112 - - [27/Mar/2018:16:31:24 -0300] "POST /cormun/servlet/solicitudot?gx-no-cache=1522179031357 HTTP/1.1" 200 30
200.112.49.112 - - [27/Mar/2018:16:31:26 -0300] "POST /cormun/servlet/solicitudot?gx-no-cache=1522179033054 HTTP/1.1" 200 1350
200.112.49.112 - - [27/Mar/2018:16:31:26 -0300] "POST /cormun/servlet/solicitudot?gx-no-cache=1522179033242 HTTP/1.1" 200 38
190.100.93.40 - - [27/Mar/2018:16:31:31 -0300] "POST /cormun/servlet/solicitudot?gx-no-cache=1522179039940 HTTP/1.1" 200 3284
192.168.10.97 - - [27/Mar/2018:16:31:31 -0300] "POST /cormun/servlet/trsolicitudgral?b49fa924a6dae2ce57fe6694821c056c,,gx-no-cache=1522178922398 HTTP/1.1" 200 5922
190.100.93.40 - - [27/Mar/2018:16:31:31 -0300] "POST /cormun/servlet/solicitudot?b7cb0de526a7efd7be5f730858b624a8,INS,0,0,,gx-no-cache=1522179040454 HTTP/1.1" 200 10431
190.100.93.40 - - [27/Mar/2018:16:31:34 -0300] "GET /cormun/servlet/solicitudot?b4ff0481852f515a8bf2e1d993b384c92da9f04fae47a908ccc0ece00cc5df6279185665a89a6089c647fb28fd935d23,gx-no-cache=1522179043346 HTTP/1.1" 200 111
190.100.93.40 - - [27/Mar/2018:16:31:34 -0300] "GET /cormun/static/Shared/jqueryui/images/ui-bg_highlight-soft_100_c6c2c8_1x100.png HTTP/1.1" 404 1117
190.100.93.40 - - [27/Mar/2018:16:31:34 -0300] "GET /cormun/static/Shared/jqueryui/images/ui-icons_82798d_256x240.png HTTP/1.1" 404 1089
190.100.93.40 - - [27/Mar/2018:16:31:34 -0300] "GET /cormun/static/Shared/jqueryui/images/ui-bg_flat_55_994d53_40x100.png HTTP/1.1" 404 1097
192.168.10.97 - - [27/Mar/2018:16:31:34 -0300] "POST /cormun/servlet/trsolicitudgral?b49fa924a6dae2ce57fe6694821c056c,,gx-no-cache=1522178925380 HTTP/1.1" 200 5922
190.100.93.40 - - [27/Mar/2018:16:31:34 -0300] "GET /cormun/static/Shared/jqueryui/images/ui-icons_ebccce_256x240.png HTTP/1.1" 404 1089
200.112.49.112 - - [27/Mar/2018:16:31:36 -0300] "GET /cormun/servlet/solicitudot?124539cd01a4ea6914412d252c13fad776b2d5ae47670535775cd7ec342110a9299a7583866bf5ac9e2b886104308a0e8a3ef6fd7adc94d910a860e92baaaaa79aadcdaec99e5a8bc0d4a15dc9f67200c9b891988a78e86fc68fa61cfa2162802ef4482f33485ddc89f76db944a6ee0a,gx-no-cache=1522179042976 HTTP/1.1" 200 29
200.112.49.112 - - [27/Mar/2018:16:31:36 -0300] "POST /cormun/servlet/solicitudot?gx-no-cache=1522179043169 HTTP/1.1" 200 1334
200.112.49.112 - - [27/Mar/2018:16:31:36 -0300] "POST /cormun/servlet/solicitudot?gx-no-cache=1522179043379 HTTP/1.1" 200 1228
192.168.10.97 - - [27/Mar/2018:16:31:43 -0300] "POST /cormun/servlet/trsolicitudgral?b49fa924a6dae2ce57fe6694821c056c,,gx-no-cache=1522178934485 HTTP/1.1" 200 7293
190.100.93.40 - - [27/Mar/2018:16:31:48 -0300] "POST /cormun/servlet/solicitudot?gx-no-cache=1522179056392 HTTP/1.1" 200 3284
190.100.93.40 - - [27/Mar/2018:16:31:48 -0300] "POST /cormun/servlet/solicitudot?b7cb0de526a7efd7be5f730858b624a8,INS,0,0,,gx-no-cache=1522179057251 HTTP/1.1" 200 10484
190.100.93.40 - - [27/Mar/2018:16:31:52 -0300] "GET /cormun/servlet/solicitudot?b4ff0481852f515a8bf2e1d993b384c99da6b5d957b82987bb9b6dfcc44fe273be8dadab4606d16ece2a35ae20dfed16,gx-no-cache=1522179061733 HTTP/1.1" 200 30
192.168.10.97 - - [27/Mar/2018:16:32:04 -0300] "POST /cormun/servlet/trsolicitudgral?b49fa924a6dae2ce57fe6694821c056c,,gx-no-cache=1522178955013 HTTP/1.1" 200 7281
200.112.49.112 - - [27/Mar/2018:16:32:04 -0300] "GET /cormun/static/menuarrow.gif HTTP/1.1" 404 1015
200.112.49.112 - - [27/Mar/2018:16:32:10 -0300] "GET /cormun/servlet/solicitudot?124539cd01a4ea6914412d252c13fad7221d094ea88cb2db6e1ab1b631b3454bfa8cd2dfec06acbaa5eae963699adeb5,gx-no-cache=1522179077109 HTTP/1.1" 200 30
190.151.100.218 - - [27/Mar/2018:16:32:26 -0300] "GET /cormun/servlet/trsolicitudot? HTTP/1.1" 200 24424
190.151.100.218 - - [27/Mar/2018:16:32:27 -0300] "GET /cormun/servlet/trsolicitudot? HTTP/1.1" 200 24421
186.103.132.155 - - [27/Mar/2018:16:32:42 -0300] "GET /cormun/servlet/treventos?2018,10745, HTTP/1.1" 200 8116
186.103.132.155 - - [27/Mar/2018:16:32:43 -0300] "GET /cormun/servlet/treventos?2018,10745, HTTP/1.1" 200 8123
192.168.10.97 - - [27/Mar/2018:16:32:44 -0300] "POST /cormun/servlet/trsolicitudgral?b49fa924a6dae2ce57fe6694821c056c,,gx-no-cache=1522178995535 HTTP/1.1" 200 5922
186.67.203.186 - - [27/Mar/2018:16:32:48 -0300] "GET /cormun/servlet/trsolicitudot? HTTP/1.1" 200 24424
186.67.203.186 - - [27/Mar/2018:16:32:49 -0300] "GET /cormun/servlet/trsolicitudot? HTTP/1.1" 200 24421
192.168.10.97 - - [27/Mar/2018:16:32:52 -0300] "POST /cormun/servlet/trsolicitudgral?b49fa924a6dae2ce57fe6694821c056c,,gx-no-cache=1522179003041 HTTP/1.1" 200 5920
186.103.132.155 - - [27/Mar/2018:16:32:57 -0300] "GET /cormun/servlet/treventos?2018,10721, HTTP/1.1" 200 8116
186.103.132.155 - - [27/Mar/2018:16:32:58 -0300] "GET /cormun/servlet/treventos?2018,10721, HTTP/1.1" 200 8123
192.168.10.97 - - [27/Mar/2018:16:32:59 -0300] "POST /cormun/servlet/trsolicitudgral?b49fa924a6dae2ce57fe6694821c056c,,gx-no-cache=1522179010496 HTTP/1.1" 200 5923
186.103.132.155 - - [27/Mar/2018:16:33:02 -0300] "GET /cormun/servlet/trsolicitudot? HTTP/1.1" 200 24424
186.103.132.155 - - [27/Mar/2018:16:33:03 -0300] "GET /cormun/servlet/trsolicitudot? HTTP/1.1" 200 24421
192.168.10.97 - - [27/Mar/2018:16:33:07 -0300] "POST /cormun/servlet/trsolicitudgral?b49fa924a6dae2ce57fe6694821c056c,,gx-no-cache=1522179018816 HTTP/1.1" 200 5924
190.100.93.40 - - [27/Mar/2018:16:33:08 -0300] "GET /cormun/servlet/prbanco?,MD,,gxPopupLevel%3D0%3B HTTP/1.1" 200 6799
190.100.93.40 - - [27/Mar/2018:16:33:08 -0300] "GET /cormun/static/gxcfg.js?20181161016094 HTTP/1.1" 304 -
186.103.132.155 - - [27/Mar/2018:16:33:13 -0300] "GET /cormun/servlet/treventos?2018,10443, HTTP/1.1" 200 8613
186.103.132.155 - - [27/Mar/2018:16:33:13 -0300] "GET /cormun/servlet/treventos?2018,10443, HTTP/1.1" 200 8617
192.168.10.97 - - [27/Mar/2018:16:33:16 -0300] "POST /cormun/servlet/trsolicitudgral?b49fa924a6dae2ce57fe6694821c056c,,gx-no-cache=1522179027032 HTTP/1.1" 200 5922
190.100.93.40 - - [27/Mar/2018:16:33:20 -0300] "GET /cormun/servlet/solicitudot?b4ff0481852f515a8bf2e1d993b384c938422c5abc3a84c06c865af400aedac0ee3a8f2ea4bd71d71eb47fcde4ceb5f5be8dadab4606d16ece2a35ae20dfed16,gx-no-cache=1522179149411 HTTP/1.1" 200 30
186.103.161.206 - - [27/Mar/2018:16:33:21 -0300] "GET /cormun/servlet/trsolicitudot? HTTP/1.1" 200 24425
190.100.93.40 - - [27/Mar/2018:16:33:22 -0300] "GET /cormun/servlet/solicitudot?b4ff0481852f515a8bf2e1d993b384c9d14daa039574a715e2a9b95347e7fe2c,gx-no-cache=1522179151772 HTTP/1.1" 200 53
186.103.161.206 - - [27/Mar/2018:16:33:22 -0300] "GET /cormun/servlet/trsolicitudot? HTTP/1.1" 200 24421
190.100.93.40 - - [27/Mar/2018:16:33:22 -0300] "POST /cormun/servlet/solicitudot?gx-no-cache=1522179151881 HTTP/1.1" 200 297
192.168.10.97 - - [27/Mar/2018:16:33:24 -0300] "POST /cormun/servlet/trsolicitudgral?b49fa924a6dae2ce57fe6694821c056c,,gx-no-cache=1522179035732 HTTP/1.1" 200 5922
190.100.93.40 - - [27/Mar/2018:16:33:29 -0300] "POST /cormun/servlet/solicitudot?gx-no-cache=1522179158244 HTTP/1.1" 200 240
192.168.10.97 - - [27/Mar/2018:16:33:31 -0300] "POST /cormun/servlet/trsolicitudgral?b49fa924a6dae2ce57fe6694821c056c,,gx-no-cache=1522179042604 HTTP/1.1" 200 5924
190.100.93.40 - - [27/Mar/2018:16:33:31 -0300] "GET /cormun/servlet/solicitudot?b4ff0481852f515a8bf2e1d993b384c9bcf8df6a0927b10d46d15c02d2f3fdf9a9cdb2c64a24890f3a5c2825716c14404a076b77dad4c749e5226309be4a6938616857bd73ba8006d391473fd47e42c35fb7b6f86bff9d3bd4d8c00c777c37a0467b740ab8a50075b9f93ebedd3c1c12d8348c1b47c277f394060104dd58ba1795a08b391d27269aeceb8f0ed97873932dfec566c474edaee5570381da0193ed088c0a7b881c2e5b9980f273b796cb453606f35f697014de4adb0a9aeb457be161ec61ef980fa217412a27c94aeb0c49b163eaa43c7fb702e2d452235500a1a78f89a21e08df0fab210c47241aec2c02fcec04630172473c2d57ad56a271ceacdb86279721454ee1cd999a17a6295e45a21ac04ed627d680079cb449ea564da44c03c3668204a08a9d368a41794deafa0d25cd6f0dbb047aa71bf75aa61dae9bc9e21e61684c25a4fe581ad2edb4d87c6dd51fc9680791cba3500dfc07ecda3f7465655bcf829aa813d24aa368614ccd5c306c76bb0034ad533f9a9c1b4399c0,gx-no-cache=1522179160930 HTTP/1.1" 200 30
190.100.93.40 - - [27/Mar/2018:16:33:37 -0300] "POST /cormun/servlet/solicitudot?gx-no-cache=1522179166234 HTTP/1.1" 200 30
192.168.10.97 - - [27/Mar/2018:16:33:38 -0300] "POST /cormun/servlet/trsolicitudgral?b49fa924a6dae2ce57fe6694821c056c,,gx-no-cache=1522179049707 HTTP/1.1" 200 5922
190.100.93.40 - - [27/Mar/2018:16:33:41 -0300] "GET /cormun/servlet/prfichaempleado?,MD,,gxPopupLevel%3D0%3B HTTP/1.1" 200 9507
190.100.93.40 - - [27/Mar/2018:16:33:41 -0300] "GET /cormun/static/gxcfg.js?20177612134814 HTTP/1.1" 200 953
190.100.93.40 - - [27/Mar/2018:16:33:41 -0300] "GET /cormun/static/prfichaempleado.js?20177612134999 HTTP/1.1" 200 16006
192.168.10.97 - - [27/Mar/2018:16:33:44 -0300] "POST /cormun/servlet/trsolicitudgral?b49fa924a6dae2ce57fe6694821c056c,,gx-no-cache=1522179055291 HTTP/1.1" 200 5921
190.100.93.40 - - [27/Mar/2018:16:33:49 -0300] "POST /cormun/servlet/prfichaempleado?b7cb0de526a7efd7be5f730858b624a8,,MD,,gxPopupLevel%3D0%3B,gx-no-cache=1522179178155 HTTP/1.1" 200 3840
200.72.197.82 - - [27/Mar/2018:16:33:51 -0300] "GET /cormun/servlet/treventos?2018,10198, HTTP/1.1" 200 8617
192.168.10.97 - - [27/Mar/2018:16:33:51 -0300] "POST /cormun/servlet/trsolicitudgral?b49fa924a6dae2ce57fe6694821c056c,,gx-no-cache=1522179062836 HTTP/1.1" 200 5922
200.72.197.82 - - [27/Mar/2018:16:33:52 -0300] "GET /cormun/servlet/treventos?2018,10198, HTTP/1.1" 200 8622
200.111.122.170 - - [27/Mar/2018:16:33:56 -0300] "GET /cormun/servlet/trsolicitudot? HTTP/1.1" 200 24425
200.111.122.170 - - [27/Mar/2018:16:33:57 -0300] "GET /cormun/servlet/trsolicitudot? HTTP/1.1" 200 24421
192.168.10.97 - - [27/Mar/2018:16:33:58 -0300] "POST /cormun/servlet/trsolicitudgral?b49fa924a6dae2ce57fe6694821c056c,,gx-no-cache=1522179069027 HTTP/1.1" 200 5923
192.168.10.97 - - [27/Mar/2018:16:34:05 -0300] "POST /cormun/servlet/trsolicitudgral?b49fa924a6dae2ce57fe6694821c056c,,gx-no-cache=1522179076436 HTTP/1.1" 200 5924
192.168.10.97 - - [27/Mar/2018:16:34:13 -0300] "POST /cormun/servlet/trsolicitudgral?b49fa924a6dae2ce57fe6694821c056c,,gx-no-cache=1522179084452 HTTP/1.1" 200 5923
190.151.100.218 - - [27/Mar/2018:16:34:16 -0300] "GET /cormun/servlet/treventos?2018,10114, HTTP/1.1" 200 8617
190.151.100.218 - - [27/Mar/2018:16:34:17 -0300] "GET /cormun/servlet/treventos?2018,10114, HTTP/1.1" 200 8623
192.168.10.97 - - [27/Mar/2018:16:34:21 -0300] "POST /cormun/servlet/trsolicitudgral?b49fa924a6dae2ce57fe6694821c056c,,gx-no-cache=1522179092761 HTTP/1.1" 200 5922
192.168.10.97 - - [27/Mar/2018:16:34:23 -0300] "POST /cormun/servlet/trsolicitudgral?b49fa924a6dae2ce57fe6694821c056c,,gx-no-cache=1522179094785 HTTP/1.1" 200 5923
192.168.10.97 - - [27/Mar/2018:16:34:30 -0300] "POST /cormun/servlet/trsolicitudgral?b49fa924a6dae2ce57fe6694821c056c,,gx-no-cache=1522179101634 HTTP/1.1" 200 5924
192.168.10.97 - - [27/Mar/2018:16:34:37 -0300] "POST /cormun/servlet/trsolicitudgral?b49fa924a6dae2ce57fe6694821c056c,,gx-no-cache=1522179108905 HTTP/1.1" 200 5924
192.168.10.97 - - [27/Mar/2018:16:34:44 -0300] "POST /cormun/servlet/trsolicitudgral?b49fa924a6dae2ce57fe6694821c056c,,gx-no-cache=1522179115776 HTTP/1.1" 200 5923
192.168.10.97 - - [27/Mar/2018:16:34:55 -0300] "GET /cormun/servlet/trcoordinadores? HTTP/1.1" 200 7580
192.168.10.97 - - [27/Mar/2018:16:34:55 -0300] "GET /cormun/static/trcoordinadores.js?20182817343662 HTTP/1.1" 304 -
192.168.10.97 - - [27/Mar/2018:16:34:56 -0300] "GET /cormun/servlet/trcoordinadores? HTTP/1.1" 200 7580
190.100.93.40 - - [27/Mar/2018:16:35:04 -0300] "GET /cormun/servlet/prlicenciaspermisos?16491258,L,,MD,,gxPopupLevel%3D0%3B HTTP/1.1" 200 6172
200.111.122.170 - - [27/Mar/2018:16:35:04 -0300] "GET /cormun/servlet/trsolicitudot? HTTP/1.1" 200 24425
190.100.93.40 - - [27/Mar/2018:16:35:04 -0300] "GET /cormun/static/gxcfg.js?20176272053834 HTTP/1.1" 200 953
190.100.93.40 - - [27/Mar/2018:16:35:04 -0300] "GET /cormun/static/prlicenciaspermisos.js?20176272054050 HTTP/1.1" 200 13379
190.100.93.40 - - [27/Mar/2018:16:35:05 -0300] "GET /cormun/static/Resources/Spanish/PXTools.css?17315867 HTTP/1.1" 200 89042
186.103.132.155 - - [27/Mar/2018:16:35:05 -0300] "GET /cormun/servlet/trsolicitudot? HTTP/1.1" 200 24421
190.100.93.40 - - [27/Mar/2018:16:35:14 -0300] "POST /cormun/servlet/solicitudot?gx-no-cache=1522179263153 HTTP/1.1" 200 1353
190.100.93.40 - - [27/Mar/2018:16:35:17 -0300] "POST /cormun/servlet/solicitudot?gx-no-cache=1522179266214 HTTP/1.1" 200 41
186.103.161.206 - - [27/Mar/2018:16:35:22 -0300] "GET /cormun/servlet/treventos?2018,9991, HTTP/1.1" 200 9542
186.103.161.206 - - [27/Mar/2018:16:35:22 -0300] "GET /cormun/servlet/treventos?2018,9991, HTTP/1.1" 200 9549
186.67.203.186 - - [27/Mar/2018:16:35:29 -0300] "GET /cormun/servlet/trsolicitudot? HTTP/1.1" 200 24426
186.67.203.186 - - [27/Mar/2018:16:35:30 -0300] "GET /cormun/servlet/trsolicitudot? HTTP/1.1" 200 24421
190.151.100.218 - - [27/Mar/2018:16:35:59 -0300] "GET /cormun/servlet/treventos?2018,9932, HTTP/1.1" 200 8626
190.151.100.218 - - [27/Mar/2018:16:36:00 -0300] "GET /cormun/servlet/treventos?2018,9932, HTTP/1.1" 200 8630
190.151.100.218 - - [27/Mar/2018:16:36:05 -0300] "GET /cormun/servlet/trsolicitudot? HTTP/1.1" 200 24426
190.151.100.218 - - [27/Mar/2018:16:36:06 -0300] "GET /cormun/servlet/trsolicitudot? HTTP/1.1" 200 24421
200.112.49.112 - - [27/Mar/2018:16:36:17 -0300] "GET /cormun/servlet/solicitudot?124539cd01a4ea6914412d252c13fad7da38eb09b76a486ae09af2e47ae67909,gx-no-cache=1522179324260 HTTP/1.1" 200 94
186.103.132.155 - - [27/Mar/2018:16:36:56 -0300] "GET /cormun/servlet/treventos?2018,9840, HTTP/1.1" 200 8610
186.103.132.155 - - [27/Mar/2018:16:36:57 -0300] "GET /cormun/servlet/treventos?2018,9840, HTTP/1.1" 200 8619
200.112.49.112 - - [27/Mar/2018:16:36:57 -0300] "GET /cormun/servlet/prbanco?,MD,,gxPopupLevel%3D0%3B HTTP/1.1" 200 6631
200.112.49.112 - - [27/Mar/2018:16:36:57 -0300] "GET /cormun/static/gxcfg.js?20181161016094 HTTP/1.1" 200 953
200.112.49.112 - - [27/Mar/2018:16:36:57 -0300] "GET /cormun/static/prbanco.js?2018116101633 HTTP/1.1" 200 10693
201.214.54.200 - - [27/Mar/2018:16:37:00 -0300] "GET /cormun/servlet/hlogin HTTP/1.1" 200 1722
201.214.54.200 - - [27/Mar/2018:16:37:01 -0300] "GET /cormun/static/messages.spa.js?85251 HTTP/1.1" 304 -
200.112.49.112 - - [27/Mar/2018:16:37:01 -0300] "GET /cormun/servlet/solicitudot?124539cd01a4ea6914412d252c13fad77c50af74d934e29ebfbc59daf6f3ea38e9ebb0a0dad4ea518aaeb997791016b7aab9374d9c77ed6cea95d41cd2138709e939e9aa18c1d458ee5cebe5692ea5b0,gx-no-cache=1522179368485 HTTP/1.1" 200 30
200.112.49.112 - - [27/Mar/2018:16:37:03 -0300] "GET /cormun/servlet/solicitudot?124539cd01a4ea6914412d252c13fad774a9fd9d40ed0da70534f2ee213ae68b,gx-no-cache=1522179369904 HTTP/1.1" 200 53
186.67.203.186 - - [27/Mar/2018:16:37:10 -0300] "GET /cormun/servlet/trsolicitudot? HTTP/1.1" 200 24426
186.67.203.186 - - [27/Mar/2018:16:37:12 -0300] "GET /cormun/servlet/trsolicitudot? HTTP/1.1" 200 24421
201.214.54.200 - - [27/Mar/2018:16:37:16 -0300] "POST /cormun/servlet/hlogin?be69ada319b1bb2bc5e4185822df2597,gx-no-cache=1522179398655 HTTP/1.1" 200 90
201.214.54.200 - - [27/Mar/2018:16:37:16 -0300] "GET /cormun/servlet/hpexe_link HTTP/1.1" 200 952
201.214.54.200 - - [27/Mar/2018:16:37:16 -0300] "GET /cormun/servlet/hhome HTTP/1.1" 200 4228
201.214.54.200 - - [27/Mar/2018:16:37:18 -0300] "GET /cormun/servlet/hhome HTTP/1.1" 200 4224
201.214.54.200 - - [27/Mar/2018:16:37:21 -0300] "GET /cormun/servlet/trsolicitudot? HTTP/1.1" 200 7444
201.214.54.200 - - [27/Mar/2018:16:37:22 -0300] "GET /cormun/servlet/trsolicitudot? HTTP/1.1" 200 7443
201.214.54.200 - - [27/Mar/2018:16:37:24 -0300] "GET /cormun/servlet/solicitudot?INS,0,0, HTTP/1.1" 200 13666
201.214.54.200 - - [27/Mar/2018:16:37:25 -0300] "GET /cormun/servlet/solicitudot?INS,0,0, HTTP/1.1" 200 13671
186.79.173.73 - - [27/Mar/2018:16:37:35 -0300] "POST /cormun/servlet/solicitudot?gx-no-cache=1522179416653 HTTP/1.1" 200 3365
186.79.173.73 - - [27/Mar/2018:16:37:36 -0300] "POST /cormun/servlet/solicitudot?be69ada319b1bb2bc5e4185822df2597,INS,0,0,,gx-no-cache=1522179417838 HTTP/1.1" 200 10527
201.214.54.200 - - [27/Mar/2018:16:37:57 -0300] "GET /cormun/servlet/solicitudot?a53a02b16b1db127a759d8b6f09b880663f383075dd844776f2be827c39863ca8a2a70e9c6e0e0f9b67970d99a85ddb1,gx-no-cache=1522179439393 HTTP/1.1" 200 30
200.111.122.170 - - [27/Mar/2018:16:38:31 -0300] "GET /cormun/servlet/treventos?2018,8356, HTTP/1.1" 200 8630
200.111.122.170 - - [27/Mar/2018:16:38:32 -0300] "GET /cormun/servlet/treventos?2018,8356, HTTP/1.1" 200 8636
200.72.197.82 - - [27/Mar/2018:16:38:37 -0300] "GET /cormun/servlet/trsolicitudot? HTTP/1.1" 200 24424
200.72.197.82 - - [27/Mar/2018:16:38:38 -0300] "GET /cormun/servlet/trsolicitudot? HTTP/1.1" 200 24421
200.112.49.112 - - [27/Mar/2018:16:38:50 -0300] "GET /cormun/servlet/solicitudot?124539cd01a4ea6914412d252c13fad7583329425a03981277c60c348c16d05f6f206d48579cb9681350ffce53ac0b7142854f4c32d57ebd32ce0111446acafadfa600c932c8267c4f8936043726f67f513f2116c0a827ae3d97046bdc27cf72ce81326afd81368599f2a2714a977931ea52e4e76b417cdeab163ad111dc95269dc794d0fef73e0dc54f9cd0c5a855e5d1e4473c5d62dec59252e8b8ebeccb71b20399669777492959a33a75a53a1fbbd51659c36fc624055c87b85590b898ec367990af5f10dee208e5c1dcd461bc784e0f9c1f726a95275782c96efad918964657b53f353747cf6720d5720a418f91bdb58f884ad08ce9dba675f744dc504edbc52db5e11b53b54a7907d1a2d6ab3b44359326fd2b52ed7ca21c09853e8f82138d1a394ca5f3289410c7ff3dcb9a90c5d2e6a35c151f0c8e6a72be8108ae1aee6d87b5b1956cfa28c5055a2aaa8e7059a922abf8352eccfe0e03611a418abf5dcd9c3b00b45207cf8d5e1d05754fdcefad8b0723e2675866d44f7b0574724be939e9aa18c1d458ee5cebe5692ea5b0,gx-no-cache=1522179477012 HTTP/1.1" 200 30
200.112.49.112 - - [27/Mar/2018:16:38:50 -0300] "POST /cormun/servlet/solicitudot?gx-no-cache=1522179477210 HTTP/1.1" 200 30
200.112.49.112 - - [27/Mar/2018:16:38:50 -0300] "POST /cormun/servlet/solicitudot?gx-no-cache=1522179477369 HTTP/1.1" 200 1350
200.112.49.112 - - [27/Mar/2018:16:38:50 -0300] "POST /cormun/servlet/solicitudot?gx-no-cache=1522179477637 HTTP/1.1" 200 41
200.112.49.112 - - [27/Mar/2018:16:38:51 -0300] "POST /cormun/servlet/solicitudot?gx-no-cache=1522179477760 HTTP/1.1" 200 1335
200.112.49.112 - - [27/Mar/2018:16:38:51 -0300] "POST /cormun/servlet/solicitudot?gx-no-cache=1522179477994 HTTP/1.1" 200 1230
200.112.49.112 - - [27/Mar/2018:16:38:51 -0300] "POST /cormun/servlet/solicitudot?gx-no-cache=1522179478204 HTTP/1.1" 200 30
200.112.49.112 - - [27/Mar/2018:16:38:52 -0300] "POST /cormun/servlet/solicitudot?b8773c1ebadeaa421e29180a21b4ab3c,INS,0,0,,gx-no-cache=1522179478348 HTTP/1.1" 200 11735
200.112.49.112 - - [27/Mar/2018:16:38:57 -0300] "GET /cormun/servlet/solicitudot?124539cd01a4ea6914412d252c13fad7583329425a03981277c60c348c16d05f6f206d48579cb9681350ffce53ac0b7142854f4c32d57ebd32ce0111446acafadfa600c932c8267c4f8936043726f67f513f2116c0a827ae3d97046bdc27cf72ce81326afd81368599f2a2714a977931ea52e4e76b417cdeab163ad111dc95269dc794d0fef73e0dc54f9cd0c5a855e5d1e4473c5d62dec59252e8b8ebeccb71b20399669777492959a33a75a53a1fbbd51659c36fc624055c87b85590b898ec367990af5f10dee208e5c1dcd461bc784e0f9c1f726a95275782c96efad918964657b53f353747cf6720d5720a418f91bdb58f884ad08ce9dba675f744dc504edbc52db5e11b53b54a7907d1a2d6ab3b44359326fd2b52ed7ca21c09853e8f82138d1a394ca5f3289410c7ff3dcb9a90c5d2e6a35c151f0c8e6a72be8108ae1aee6d87b5b1956cfa28c5055a2aaa8e7059a922abf8352eccfe0e03611a418abf5dcd9c3b00b45207cf8d5e1d05754fdcefad8b0723e2675866d44f7b0574724be939e9aa18c1d458ee5cebe5692ea5b0,gx-no-cache=1522179483924 HTTP/1.1" 200 30
200.112.49.112 - - [27/Mar/2018:16:38:57 -0300] "POST /cormun/servlet/solicitudot?gx-no-cache=1522179484068 HTTP/1.1" 200 30
200.112.49.112 - - [27/Mar/2018:16:38:58 -0300] "POST /cormun/servlet/solicitudot?gx-no-cache=1522179484225 HTTP/1.1" 200 1350
200.112.49.112 - - [27/Mar/2018:16:38:58 -0300] "POST /cormun/servlet/solicitudot?gx-no-cache=1522179485074 HTTP/1.1" 200 41
200.112.49.112 - - [27/Mar/2018:16:38:58 -0300] "POST /cormun/servlet/solicitudot?gx-no-cache=1522179485208 HTTP/1.1" 200 1335
200.112.49.112 - - [27/Mar/2018:16:38:58 -0300] "POST /cormun/servlet/solicitudot?gx-no-cache=1522179485495 HTTP/1.1" 200 1230
200.112.49.112 - - [27/Mar/2018:16:38:59 -0300] "GET /cormun/servlet/solicitudot?124539cd01a4ea6914412d252c13fad7221d094ea88cb2db6e1ab1b631b3454bfa8cd2dfec06acbaa5eae963699adeb5,gx-no-cache=1522179485690 HTTP/1.1" 200 30
200.112.49.112 - - [27/Mar/2018:16:38:59 -0300] "POST /cormun/servlet/solicitudot?gx-no-cache=1522179485865 HTTP/1.1" 200 30
200.112.49.112 - - [27/Mar/2018:16:38:59 -0300] "POST /cormun/servlet/solicitudot?b8773c1ebadeaa421e29180a21b4ab3c,INS,0,0,,gx-no-cache=1522179486014 HTTP/1.1" 200 93
200.112.49.112 - - [27/Mar/2018:16:39:00 -0300] "GET /cormun/servlet/hpexe_return? HTTP/1.1" 200 1003
200.112.49.112 - - [27/Mar/2018:16:39:00 -0300] "GET /cormun/servlet/trsolicitudot? HTTP/1.1" 200 8569
200.112.49.112 - - [27/Mar/2018:16:39:01 -0300] "GET /cormun/servlet/trsolicitudot? HTTP/1.1" 200 8565
201.214.54.200 - - [27/Mar/2018:16:39:06 -0300] "GET /cormun/servlet/prbanco?,MD,,gxPopupLevel%3D0%3B HTTP/1.1" 200 6672
186.79.173.73 - - [27/Mar/2018:16:39:06 -0300] "GET /cormun/static/gxcfg.js?20181161016094 HTTP/1.1" 200 953
200.112.49.112 - - [27/Mar/2018:16:39:06 -0300] "GET /cormun/servlet/trvisualizadoreventos? HTTP/1.1" 200 6730
200.112.49.112 - - [27/Mar/2018:16:39:07 -0300] "GET /cormun/servlet/trvisualizadoreventos? HTTP/1.1" 200 6730
201.214.54.200 - - [27/Mar/2018:16:39:08 -0300] "GET /cormun/static/prbanco.js?2018116101633 HTTP/1.1" 200 10693
200.112.49.112 - - [27/Mar/2018:16:39:08 -0300] "GET /cormun/servlet/trsolicitudot? HTTP/1.1" 200 8565
200.112.49.112 - - [27/Mar/2018:16:39:08 -0300] "GET /cormun/servlet/trsolicitudot? HTTP/1.1" 200 8565
