186.79.86.175 - - [26/Mar/2018:13:45:41 -0300] "GET /cormun/static/PXToolsJavascripts/pexe_oav.js HTTP/1.1" 200 645
186.79.86.175 - - [26/Mar/2018:13:45:41 -0300] "GET /cormun/static/PXToolsJavascripts/pexe_oavdivfix.js HTTP/1.1" 200 639
186.79.86.175 - - [26/Mar/2018:13:45:41 -0300] "GET /cormun/static/PXToolsJavascripts/pexe_tabdivfix.js HTTP/1.1" 200 876
186.79.86.175 - - [26/Mar/2018:13:45:41 -0300] "GET /cormun/static/PXToolsJavascripts/pexe_picture.js HTTP/1.1" 200 689
186.79.86.175 - - [26/Mar/2018:13:45:41 -0300] "GET /cormun/static/PXToolsJavascripts/PXToolsJavascriptsRender.js HTTP/1.1" 200 367
186.79.86.175 - - [26/Mar/2018:13:45:41 -0300] "GET /cormun/static/RunJS/RunJS.js HTTP/1.1" 200 288
186.79.86.175 - - [26/Mar/2018:13:45:41 -0300] "GET /cormun/static/hpexe_messagecontroller.js?20177611595012 HTTP/1.1" 200 870
186.79.86.175 - - [26/Mar/2018:13:45:41 -0300] "GET /cormun/static/hpexe_messagepopupcomponent.js?20161017169425 HTTP/1.1" 200 605
186.79.86.175 - - [26/Mar/2018:13:45:41 -0300] "GET /cormun/static/hpexe_messagegenexuscomponent.js?201752511465344 HTTP/1.1" 200 587
186.79.86.175 - - [26/Mar/2018:13:45:41 -0300] "GET /cormun/static/Resources/logo4.png HTTP/1.1" 200 6582
186.79.86.175 - - [26/Mar/2018:13:45:41 -0300] "GET /cormun/static/Resources/PXToolsHeaderActionsLeft.png HTTP/1.1" 200 1118
186.79.86.175 - - [26/Mar/2018:13:45:41 -0300] "GET /cormun/static/Resources/PXToolsFooterBackground2.png HTTP/1.1" 200 1172
186.79.86.175 - - [26/Mar/2018:13:45:41 -0300] "GET /cormun/static/Resources/PXToolsHeaderBackground2.png HTTP/1.1" 200 1174
186.79.86.175 - - [26/Mar/2018:13:45:41 -0300] "GET /cormun/static/Resources/PXToolsDataTitle.png HTTP/1.1" 200 1173
186.79.86.175 - - [26/Mar/2018:13:45:41 -0300] "GET /cormun/static/Resources/PXToolsHeaderActionsBackground.png HTTP/1.1" 200 484
186.79.86.175 - - [26/Mar/2018:13:45:42 -0300] "GET /cormun/static/SmoothNavMenu/resources/images/down.gif HTTP/1.1" 200 854
186.79.86.175 - - [26/Mar/2018:13:45:42 -0300] "GET /cormun/servlet/hhome HTTP/1.1" 200 4197
186.79.86.175 - - [26/Mar/2018:13:45:42 -0300] "GET /cormun/static/SmoothNavMenu/resources/images/right.gif HTTP/1.1" 200 860
186.79.136.34 - - [26/Mar/2018:13:45:44 -0300] "POST /cormun/servlet/solicitudot?gx-no-cache=1522082692909 HTTP/1.1" 200 1337
186.79.136.34 - - [26/Mar/2018:13:45:44 -0300] "POST /cormun/servlet/solicitudot?gx-no-cache=1522082693139 HTTP/1.1" 200 38
186.79.136.34 - - [26/Mar/2018:13:45:45 -0300] "GET /cormun/servlet/solicitudot?0e4b46e3e90181cbdb96763c668f42350594be49a0c3908cb021b2e55d3c9fa06c99a2e54da78a0c2c990962624db167a93ea90641bb0403ed2e528626847cb44133ca28b2b04f40c8cd7e94bf7454778220cf0833fe4a93c077de06afd4d1e02a4a47a860d1dec344715ec046a01f01364d25ef7401e3a3b1059504ae494ae70629a719f1f35d3d2daa9a3e967d65beedde8d7c2a6e297f0713b841d7ba4fb0,gx-no-cache=1522082693277 HTTP/1.1" 200 29
186.79.136.34 - - [26/Mar/2018:13:45:45 -0300] "POST /cormun/servlet/solicitudot?gx-no-cache=1522082693398 HTTP/1.1" 200 1319
186.79.136.34 - - [26/Mar/2018:13:45:45 -0300] "POST /cormun/servlet/solicitudot?gx-no-cache=1522082693649 HTTP/1.1" 200 1219
186.79.136.34 - - [26/Mar/2018:13:45:45 -0300] "GET /cormun/servlet/solicitudot?0e4b46e3e90181cbdb96763c668f423595aeea297886d8833e6e9752e6ca6123,gx-no-cache=1522082693852 HTTP/1.1" 200 30
186.79.86.175 - - [26/Mar/2018:13:45:47 -0300] "GET /cormun/servlet/trautorizarsolicitud? HTTP/1.1" 200 7315
186.79.86.175 - - [26/Mar/2018:13:45:47 -0300] "GET /cormun/static/gxui/gxui-all.css?120300 HTTP/1.1" 200 2179
186.79.86.175 - - [26/Mar/2018:13:45:47 -0300] "GET /cormun/static/calendar-system.css?85620 HTTP/1.1" 200 5572
186.79.86.175 - - [26/Mar/2018:13:45:47 -0300] "GET /cormun/static/gxcfg.js?2017111423403364 HTTP/1.1" 200 953
186.79.86.175 - - [26/Mar/2018:13:45:47 -0300] "GET /cormun/static/calendar.js?85251 HTTP/1.1" 304 -
186.79.86.175 - - [26/Mar/2018:13:45:47 -0300] "GET /cormun/static/Resources/Spanish/PXTools.css?1255365 HTTP/1.1" 200 16384
186.79.86.175 - - [26/Mar/2018:13:45:47 -0300] "GET /cormun/static/calendar-setup.js?85251 HTTP/1.1" 304 -
186.79.86.175 - - [26/Mar/2018:13:45:47 -0300] "GET /cormun/static/calendar-es.js?85251 HTTP/1.1" 304 -
186.79.86.175 - - [26/Mar/2018:13:45:47 -0300] "GET /cormun/static/gxdec.js?85251 HTTP/1.1" 304 -
186.79.86.175 - - [26/Mar/2018:13:45:47 -0300] "GET /cormun/static/Resources/PXToolsDataSearch.png HTTP/1.1" 200 419
186.79.86.175 - - [26/Mar/2018:13:45:47 -0300] "GET /cormun/static/Resources/PXToolsGridFirstDisabled.gif HTTP/1.1" 200 100
186.79.86.175 - - [26/Mar/2018:13:45:47 -0300] "GET /cormun/static/Resources/PXToolsGridNextDisabled.gif HTTP/1.1" 200 90
186.79.86.175 - - [26/Mar/2018:13:45:47 -0300] "GET /cormun/static/Resources/PXToolsGridPreviousDisabled.gif HTTP/1.1" 200 90
186.79.86.175 - - [26/Mar/2018:13:45:48 -0300] "GET /cormun/static/Resources/asc.gif HTTP/1.1" 200 67
186.79.86.175 - - [26/Mar/2018:13:45:48 -0300] "GET /cormun/servlet/trautorizarsolicitud? HTTP/1.1" 200 7315
186.79.86.175 - - [26/Mar/2018:13:45:55 -0300] "POST /cormun/servlet/trautorizarsolicitud?b42fa95049beb27545aaf153f91a5780,,gx-no-cache=1522082699244 HTTP/1.1" 200 17232
186.79.86.175 - - [26/Mar/2018:13:45:56 -0300] "GET /cormun//static/Resources/PXToolsRemoveAllAction.png HTTP/1.1" 200 3558
186.79.136.34 - - [26/Mar/2018:13:46:14 -0300] "POST /cormun/servlet/solicitudot?gx-no-cache=1522082722403 HTTP/1.1" 200 1337
186.79.136.34 - - [26/Mar/2018:13:46:14 -0300] "POST /cormun/servlet/solicitudot?gx-no-cache=1522082722767 HTTP/1.1" 200 38
186.79.136.34 - - [26/Mar/2018:13:46:28 -0300] "POST /cormun/servlet/solicitudot?gx-no-cache=1522082736589 HTTP/1.1" 200 1321
186.79.136.34 - - [26/Mar/2018:13:46:28 -0300] "POST /cormun/servlet/solicitudot?gx-no-cache=1522082737040 HTTP/1.1" 200 1219
186.79.136.34 - - [26/Mar/2018:13:46:39 -0300] "GET /cormun/servlet/solicitudot?0e4b46e3e90181cbdb96763c668f4235625d1396f70ae960d5571d3af68d5e43b881258b48ba7ae9ee941804a275309f,gx-no-cache=1522082747561 HTTP/1.1" 200 30
186.79.86.175 - - [26/Mar/2018:13:46:42 -0300] "POST /cormun/servlet/trautorizarsolicitud?b42fa95049beb27545aaf153f91a5780,,gx-no-cache=1522082744476 HTTP/1.1" 200 17245
186.79.86.175 - - [26/Mar/2018:13:46:42 -0300] "GET /cormun/static/Shared/jqueryui/images/ui-bg_highlight-soft_100_c6c2c8_1x100.png HTTP/1.1" 404 1117
186.79.86.175 - - [26/Mar/2018:13:46:42 -0300] "GET /cormun/static/Shared/jqueryui/images/ui-icons_82798d_256x240.png HTTP/1.1" 404 1089
186.79.86.175 - - [26/Mar/2018:13:46:42 -0300] "GET /cormun/static/Shared/jqueryui/images/ui-icons_8d78a5_256x240.png HTTP/1.1" 404 1089
186.79.86.175 - - [26/Mar/2018:13:46:42 -0300] "GET /cormun/static/Shared/jqueryui/images/ui-bg_flat_55_fafafa_40x100.png HTTP/1.1" 404 1097
186.79.136.34 - - [26/Mar/2018:13:46:47 -0300] "POST /cormun/servlet/solicitudot?gx-no-cache=1522082755863 HTTP/1.1" 200 33
186.79.86.175 - - [26/Mar/2018:13:47:06 -0300] "POST /cormun/servlet/trautorizarsolicitud?b42fa95049beb27545aaf153f91a5780,,gx-no-cache=1522082768528 HTTP/1.1" 200 17245
186.79.136.34 - - [26/Mar/2018:13:47:21 -0300] "POST /cormun/servlet/solicitudot?436828df0ec9cc5e289ad64416ad81fd,INS,0,0,,gx-no-cache=1522082788844 HTTP/1.1" 200 93
186.79.136.34 - - [26/Mar/2018:13:47:21 -0300] "GET /cormun/servlet/hpexe_return? HTTP/1.1" 200 1005
186.79.136.34 - - [26/Mar/2018:13:47:21 -0300] "GET /cormun/servlet/trsolicitudot HTTP/1.1" 200 8539
186.79.136.34 - - [26/Mar/2018:13:47:22 -0300] "GET /cormun/servlet/trsolicitudot HTTP/1.1" 200 8535
186.79.86.175 - - [26/Mar/2018:13:47:34 -0300] "POST /cormun/servlet/trautorizarsolicitud?b42fa95049beb27545aaf153f91a5780,,gx-no-cache=1522082796798 HTTP/1.1" 200 4402
186.79.86.175 - - [26/Mar/2018:13:47:40 -0300] "POST /cormun/servlet/trautorizarsolicitud?b42fa95049beb27545aaf153f91a5780,,gx-no-cache=1522082803780 HTTP/1.1" 200 4402
190.100.93.40 - - [26/Mar/2018:13:47:40 -0300] "GET /cormun/servlet/hlogin HTTP/1.1" 200 1717
190.100.93.40 - - [26/Mar/2018:13:47:42 -0300] "POST /cormun/servlet/hlogin?3a0fc2489ec79a2d3460000486c412f5,gx-no-cache=1522082809882 HTTP/1.1" 200 90
190.100.93.40 - - [26/Mar/2018:13:47:42 -0300] "GET /cormun/servlet/hpexe_link HTTP/1.1" 200 947
190.100.93.40 - - [26/Mar/2018:13:47:42 -0300] "GET /cormun/servlet/hhome HTTP/1.1" 200 4336
190.100.93.40 - - [26/Mar/2018:13:47:42 -0300] "GET /cormun/servlet/hhome HTTP/1.1" 200 4332
186.79.86.175 - - [26/Mar/2018:13:47:45 -0300] "POST /cormun/servlet/trautorizarsolicitud?b42fa95049beb27545aaf153f91a5780,,gx-no-cache=1522082808896 HTTP/1.1" 200 8496
186.79.86.175 - - [26/Mar/2018:13:48:20 -0300] "POST /cormun/servlet/trautorizarsolicitud?b42fa95049beb27545aaf153f91a5780,,gx-no-cache=1522082843648 HTTP/1.1" 200 8509
186.79.86.175 - - [26/Mar/2018:13:48:38 -0300] "POST /cormun/servlet/trautorizarsolicitud?b42fa95049beb27545aaf153f91a5780,,gx-no-cache=1522082862034 HTTP/1.1" 200 5779
190.100.93.40 - - [26/Mar/2018:13:48:46 -0300] "GET /cormun/servlet/trsolicitudot? HTTP/1.1" 200 7550
190.100.93.40 - - [26/Mar/2018:13:48:46 -0300] "GET /cormun/static/gxcfg.js?2017111422585916 HTTP/1.1" 200 953
190.100.93.40 - - [26/Mar/2018:13:48:46 -0300] "GET /cormun/servlet/trsolicitudot? HTTP/1.1" 200 7548
186.79.86.175 - - [26/Mar/2018:13:48:47 -0300] "POST /cormun/servlet/trautorizarsolicitud?b42fa95049beb27545aaf153f91a5780,,gx-no-cache=1522082871034 HTTP/1.1" 200 5791
190.100.93.40 - - [26/Mar/2018:13:48:50 -0300] "GET /cormun/servlet/solicitudot?INS,0,0, HTTP/1.1" 200 13789
190.100.93.40 - - [26/Mar/2018:13:48:50 -0300] "GET /cormun/static/gxcfg.js?201812313224582 HTTP/1.1" 200 953
190.100.93.40 - - [26/Mar/2018:13:48:50 -0300] "GET /cormun/static/solicitudot.js?201812313224831 HTTP/1.1" 200 72336
190.100.93.40 - - [26/Mar/2018:13:48:50 -0300] "GET /cormun/servlet/solicitudot?INS,0,0, HTTP/1.1" 200 13793
186.79.86.175 - - [26/Mar/2018:13:48:55 -0300] "GET /cormun/servlet/veautorizarsolicitud?2018,10628,, HTTP/1.1" 200 8606
186.79.86.175 - - [26/Mar/2018:13:48:56 -0300] "GET /cormun/pexe_scrolldiv.js HTTP/1.1" 404 1009
186.79.86.175 - - [26/Mar/2018:13:48:56 -0300] "GET /cormun/static/hwcviewtabs.js?20177611594913 HTTP/1.1" 200 1074
186.79.86.175 - - [26/Mar/2018:13:48:56 -0300] "GET /cormun/static/hpexe_tabsview.js?201610171694228 HTTP/1.1" 200 1661
186.79.86.175 - - [26/Mar/2018:13:48:56 -0300] "GET /cormun/static/veautorizarsolicitud.js?2017111423404756 HTTP/1.1" 200 6140
186.79.86.175 - - [26/Mar/2018:13:48:56 -0300] "GET /cormun/static/gxcfg.js?2017111423404691 HTTP/1.1" 304 -
186.79.86.175 - - [26/Mar/2018:13:48:56 -0300] "GET /cormun/static/tbautorizarsolicitud01.js?2017111423392092 HTTP/1.1" 200 30580
186.79.86.175 - - [26/Mar/2018:13:48:56 -0300] "GET /cormun/static/Resources/PXToolsTabLastUnselected.png HTTP/1.1" 200 1291
186.79.86.175 - - [26/Mar/2018:13:48:56 -0300] "GET /cormun/static/Resources/PXToolsTabFirstSelected.png HTTP/1.1" 200 1259
186.79.86.175 - - [26/Mar/2018:13:48:56 -0300] "GET /cormun/static/Resources/PXToolsTabPrevious.gif HTTP/1.1" 200 172
186.79.86.175 - - [26/Mar/2018:13:48:56 -0300] "GET /cormun/static/Resources/PXToolsTabNext.gif HTTP/1.1" 200 168
186.79.86.175 - - [26/Mar/2018:13:48:56 -0300] "GET /cormun/static/Resources/PXToolsHeaderBackground2.png HTTP/1.1" 200 1174
186.79.86.175 - - [26/Mar/2018:13:48:56 -0300] "GET /cormun/static/Resources/PXToolsFooterBackground2.png HTTP/1.1" 200 1172
186.79.86.175 - - [26/Mar/2018:13:48:56 -0300] "GET /cormun/pexe_scrolldiv.js HTTP/1.1" 404 1009
186.79.86.175 - - [26/Mar/2018:13:48:56 -0300] "GET /cormun/static/Resources/PXToolsButtonRight21.png HTTP/1.1" 200 1283
186.79.86.175 - - [26/Mar/2018:13:48:56 -0300] "GET /cormun/static/Resources/PXToolsButtonLeft21.png HTTP/1.1" 200 1287
186.79.86.175 - - [26/Mar/2018:13:48:56 -0300] "GET /cormun/static/Resources/PXToolsButtonBackground2.png HTTP/1.1" 200 1181
186.79.86.175 - - [26/Mar/2018:13:48:56 -0300] "GET /cormun/static/calendar-system.css HTTP/1.1" 200 5572
186.79.86.175 - - [26/Mar/2018:13:48:56 -0300] "GET /cormun/static/Resources/PXToolsTabSelectedUnselected.png HTTP/1.1" 200 1428
186.79.86.175 - - [26/Mar/2018:13:48:56 -0300] "GET /cormun/static/Resources/PXToolsTabUnselectedUnselected.png HTTP/1.1" 200 1459
186.79.86.175 - - [26/Mar/2018:13:48:56 -0300] "GET /cormun/static/Resources/PXToolsTabBackSelected.png HTTP/1.1" 200 1157
186.79.86.175 - - [26/Mar/2018:13:48:56 -0300] "GET /cormun/static/Resources/PXToolsTabBackUnselected.png HTTP/1.1" 200 1175
186.79.86.175 - - [26/Mar/2018:13:48:56 -0300] "GET /cormun/servlet/veautorizarsolicitud?2018,10628,, HTTP/1.1" 200 8605
186.79.86.175 - - [26/Mar/2018:13:48:59 -0300] "GET /cormun/servlet/veautorizarsolicitud?2018,10628,,SolicitudOTLog HTTP/1.1" 200 9599
186.79.86.175 - - [26/Mar/2018:13:48:59 -0300] "GET /cormun/pexe_scrolldiv.js HTTP/1.1" 404 1009
186.79.86.175 - - [26/Mar/2018:13:48:59 -0300] "GET /cormun/static/Resources/PXToolsTabLastSelected.png HTTP/1.1" 200 1262
186.79.86.175 - - [26/Mar/2018:13:48:59 -0300] "GET /cormun/static/tbautorizarsolicitud03.js?2017761159755 HTTP/1.1" 200 13367
186.79.86.175 - - [26/Mar/2018:13:48:59 -0300] "GET /cormun/static/Resources/PXToolsFooterBackground2.png HTTP/1.1" 200 1172
186.79.86.175 - - [26/Mar/2018:13:48:59 -0300] "GET /cormun/static/Resources/PXToolsHeaderBackground2.png HTTP/1.1" 200 1174
186.79.86.175 - - [26/Mar/2018:13:49:00 -0300] "GET /cormun/static/gxui/gxui-all.css HTTP/1.1" 200 2179
186.79.86.175 - - [26/Mar/2018:13:49:00 -0300] "GET /cormun/static/Resources/PXToolsTabUnselectedSelected.png HTTP/1.1" 200 1444
186.79.86.175 - - [26/Mar/2018:13:49:00 -0300] "GET /cormun/static/Resources/PXToolsTabFirstUnselected.png HTTP/1.1" 200 1264
186.79.86.175 - - [26/Mar/2018:13:49:00 -0300] "GET /cormun/servlet/veautorizarsolicitud?2018,10628,,SolicitudOTLog HTTP/1.1" 200 9600
186.79.86.175 - - [26/Mar/2018:13:49:01 -0300] "POST /cormun/servlet/acontrolpreferencessavestate?None,JPARRAGUEZ,true HTTP/1.1" 200 35
186.79.86.175 - - [26/Mar/2018:13:49:13 -0300] "GET /cormun/servlet/veautorizarsolicitud?2018,10628,,SolicitudOTAdjuntos HTTP/1.1" 200 10793
186.79.86.175 - - [26/Mar/2018:13:49:13 -0300] "GET /cormun/pexe_scrolldiv.js HTTP/1.1" 404 1009
186.79.86.175 - - [26/Mar/2018:13:49:13 -0300] "GET /cormun/static/tbautorizarsolicitud02.js?2017111423391281 HTTP/1.1" 200 14747
186.79.86.175 - - [26/Mar/2018:13:49:14 -0300] "GET /cormun/servlet/veautorizarsolicitud?2018,10628,,SolicitudOTAdjuntos HTTP/1.1" 200 10788
186.79.86.175 - - [26/Mar/2018:13:49:15 -0300] "POST /cormun/servlet/acontrolpreferencessavestate?None,JPARRAGUEZ,true HTTP/1.1" 200 35
190.100.93.40 - - [26/Mar/2018:13:49:17 -0300] "POST /cormun/servlet/solicitudot?gx-no-cache=1522082905615 HTTP/1.1" 200 3291
190.100.93.40 - - [26/Mar/2018:13:49:18 -0300] "POST /cormun/servlet/solicitudot?3a0fc2489ec79a2d3460000486c412f5,INS,0,0,,gx-no-cache=1522082905857 HTTP/1.1" 200 10444
190.100.93.40 - - [26/Mar/2018:13:49:18 -0300] "GET /cormun/servlet/solicitudot?db99307bfe347875d5f316ed448ed63c4c7d442cb0688bde2fa74443d1559cf827968c3bc0cc39f48d7ec3d9918ad426,gx-no-cache=1522082906110 HTTP/1.1" 200 111
190.100.93.40 - - [26/Mar/2018:13:49:18 -0300] "GET /cormun/static/Shared/jqueryui/images/ui-bg_highlight-soft_100_c6c2c8_1x100.png HTTP/1.1" 404 1117
190.100.93.40 - - [26/Mar/2018:13:49:18 -0300] "GET /cormun/static/Shared/jqueryui/images/ui-bg_flat_55_994d53_40x100.png HTTP/1.1" 404 1097
190.100.93.40 - - [26/Mar/2018:13:49:18 -0300] "GET /cormun/static/Shared/jqueryui/images/ui-icons_ebccce_256x240.png HTTP/1.1" 404 1089
190.100.93.40 - - [26/Mar/2018:13:49:18 -0300] "GET /cormun/static/Shared/jqueryui/images/ui-icons_82798d_256x240.png HTTP/1.1" 404 1089
190.100.93.40 - - [26/Mar/2018:13:49:28 -0300] "GET /cormun/servlet/solicitudot?db99307bfe347875d5f316ed448ed63cf3f180c766b15b930fd6f26d85cdfd50f7e41c29d61be8fce30e0ea178a27188,gx-no-cache=1522082916451 HTTP/1.1" 200 30
190.100.93.40 - - [26/Mar/2018:13:49:32 -0300] "POST /cormun/servlet/solicitudot?gx-no-cache=1522082919939 HTTP/1.1" 200 3351
186.79.86.175 - - [26/Mar/2018:13:49:32 -0300] "GET /cormun/servlet/veautorizarsolicitud?2018,10628,,General HTTP/1.1" 200 8611
186.79.86.175 - - [26/Mar/2018:13:49:32 -0300] "GET /cormun/pexe_scrolldiv.js HTTP/1.1" 404 1009
186.79.86.175 - - [26/Mar/2018:13:49:33 -0300] "GET /cormun/servlet/veautorizarsolicitud?2018,10628,,General HTTP/1.1" 200 8611
186.79.86.175 - - [26/Mar/2018:13:49:43 -0300] "POST /cormun/servlet/veautorizarsolicitud?b42fa95049beb27545aaf153f91a5780,2018,10628,,General,gx-no-cache=1522082927050 HTTP/1.1" 200 93
186.79.86.175 - - [26/Mar/2018:13:49:43 -0300] "GET /cormun/servlet/hpexe_return? HTTP/1.1" 200 1018
186.79.86.175 - - [26/Mar/2018:13:49:43 -0300] "GET /cormun/static/gxcfg.js?2016101716175148 HTTP/1.1" 200 953
186.79.86.175 - - [26/Mar/2018:13:49:43 -0300] "GET /cormun/static/Resources/Spanish/PXTools.css?167811 HTTP/1.1" 200 40960
186.79.86.175 - - [26/Mar/2018:13:49:43 -0300] "GET /cormun/servlet/trautorizarsolicitud? HTTP/1.1" 200 8689
186.79.86.175 - - [26/Mar/2018:13:49:44 -0300] "GET /cormun/static/gxui/gxui-all.css?120300 HTTP/1.1" 200 2179
186.79.86.175 - - [26/Mar/2018:13:49:44 -0300] "GET /cormun/servlet/trautorizarsolicitud? HTTP/1.1" 200 8685
186.79.86.175 - - [26/Mar/2018:13:49:56 -0300] "POST /cormun/servlet/trautorizarsolicitud?b42fa95049beb27545aaf153f91a5780,,gx-no-cache=1522082939796 HTTP/1.1" 200 4408
186.79.86.175 - - [26/Mar/2018:13:50:01 -0300] "POST /cormun/servlet/trautorizarsolicitud?b42fa95049beb27545aaf153f91a5780,,gx-no-cache=1522082944994 HTTP/1.1" 200 4407
186.79.136.34 - - [26/Mar/2018:13:50:02 -0300] "POST /cormun/servlet/trsolicitudot?436828df0ec9cc5e289ad64416ad81fd,gx-no-cache=1522082950339 HTTP/1.1" 200 4479
186.79.136.34 - - [26/Mar/2018:13:50:02 -0300] "GET /cormun/static/Shared/jqueryui/images/ui-bg_highlight-soft_100_c6c2c8_1x100.png HTTP/1.1" 404 1117
186.79.136.34 - - [26/Mar/2018:13:50:02 -0300] "GET /cormun/static/Shared/jqueryui/images/ui-icons_82798d_256x240.png HTTP/1.1" 404 1089
186.79.136.34 - - [26/Mar/2018:13:50:02 -0300] "GET /cormun/static/Shared/jqueryui/images/ui-bg_flat_55_fafafa_40x100.png HTTP/1.1" 404 1097
186.79.136.34 - - [26/Mar/2018:13:50:02 -0300] "GET /cormun/static/Shared/jqueryui/images/ui-icons_8d78a5_256x240.png HTTP/1.1" 404 1089
186.79.136.34 - - [26/Mar/2018:13:50:03 -0300] "POST /cormun/servlet/trsolicitudot?436828df0ec9cc5e289ad64416ad81fd,gx-no-cache=1522082951011 HTTP/1.1" 200 4255
186.79.86.175 - - [26/Mar/2018:13:50:04 -0300] "POST /cormun/servlet/trautorizarsolicitud?b42fa95049beb27545aaf153f91a5780,,gx-no-cache=1522082948252 HTTP/1.1" 200 4407
186.79.136.34 - - [26/Mar/2018:13:50:07 -0300] "GET /cormun/servlet/solicitudot?INS,0,0, HTTP/1.1" 200 13380
186.79.136.34 - - [26/Mar/2018:13:50:08 -0300] "GET /cormun/servlet/solicitudot?INS,0,0, HTTP/1.1" 200 13385
186.79.86.175 - - [26/Mar/2018:13:50:08 -0300] "POST /cormun/servlet/trautorizarsolicitud?b42fa95049beb27545aaf153f91a5780,,gx-no-cache=1522082952332 HTTP/1.1" 200 13739
190.100.93.40 - - [26/Mar/2018:13:50:20 -0300] "POST /cormun/servlet/solicitudot?gx-no-cache=1522082968161 HTTP/1.1" 200 3407
190.100.93.40 - - [26/Mar/2018:13:50:20 -0300] "POST /cormun/servlet/solicitudot?3a0fc2489ec79a2d3460000486c412f5,INS,0,0,,gx-no-cache=1522082968444 HTTP/1.1" 200 10636
186.79.136.34 - - [26/Mar/2018:13:50:37 -0300] "POST /cormun/servlet/solicitudot?gx-no-cache=1522082985441 HTTP/1.1" 200 3385
186.79.136.34 - - [26/Mar/2018:13:50:38 -0300] "POST /cormun/servlet/solicitudot?436828df0ec9cc5e289ad64416ad81fd,INS,0,0,,gx-no-cache=1522082985926 HTTP/1.1" 200 10359
186.79.86.175 - - [26/Mar/2018:13:50:42 -0300] "POST /cormun/servlet/trautorizarsolicitud?b42fa95049beb27545aaf153f91a5780,,gx-no-cache=1522082984852 HTTP/1.1" 200 13752
186.79.86.175 - - [26/Mar/2018:13:50:42 -0300] "GET /cormun/static/Shared/jqueryui/images/ui-bg_highlight-soft_100_c6c2c8_1x100.png HTTP/1.1" 404 1117
186.79.86.175 - - [26/Mar/2018:13:50:42 -0300] "GET /cormun/static/Shared/jqueryui/images/ui-bg_flat_55_fafafa_40x100.png HTTP/1.1" 404 1097
186.79.86.175 - - [26/Mar/2018:13:50:42 -0300] "GET /cormun/static/Shared/jqueryui/images/ui-icons_8d78a5_256x240.png HTTP/1.1" 404 1089
186.79.86.175 - - [26/Mar/2018:13:50:42 -0300] "GET /cormun/static/Shared/jqueryui/images/ui-icons_82798d_256x240.png HTTP/1.1" 404 1089
186.79.136.34 - - [26/Mar/2018:13:50:44 -0300] "GET /cormun/servlet/solicitudot?0e4b46e3e90181cbdb96763c668f4235b893e9807746066c8517fd468928fc2b2a052de26c360b9c3e6b7b3e668a2067,gx-no-cache=1522082992263 HTTP/1.1" 200 30
186.79.136.34 - - [26/Mar/2018:13:50:44 -0300] "GET /cormun/servlet/solicitudot?0e4b46e3e90181cbdb96763c668f42353d9d2b34de5cccad34d3a7e27bded280,gx-no-cache=1522082992448 HTTP/1.1" 200 103
186.79.136.34 - - [26/Mar/2018:13:50:44 -0300] "GET /cormun/static/Shared/jqueryui/images/ui-bg_highlight-soft_100_c6c2c8_1x100.png HTTP/1.1" 404 1117
186.79.136.34 - - [26/Mar/2018:13:50:44 -0300] "GET /cormun/static/Shared/jqueryui/images/ui-icons_82798d_256x240.png HTTP/1.1" 404 1089
186.79.136.34 - - [26/Mar/2018:13:50:44 -0300] "GET /cormun/servlet/solicitudot?0e4b46e3e90181cbdb96763c668f42353a0562fdc3dcefd1b11f57f41947232e,gx-no-cache=1522082992635 HTTP/1.1" 200 51
186.79.136.34 - - [26/Mar/2018:13:50:44 -0300] "GET /cormun/static/Shared/jqueryui/images/ui-bg_flat_55_994d53_40x100.png HTTP/1.1" 404 1097
186.79.136.34 - - [26/Mar/2018:13:50:44 -0300] "GET /cormun/static/Shared/jqueryui/images/ui-icons_ebccce_256x240.png HTTP/1.1" 404 1089
186.79.136.34 - - [26/Mar/2018:13:50:44 -0300] "POST /cormun/servlet/solicitudot?gx-no-cache=1522082992880 HTTP/1.1" 200 255
186.79.136.34 - - [26/Mar/2018:13:50:44 -0300] "GET /cormun/servlet/solicitudot?0e4b46e3e90181cbdb96763c668f4235f9964841fcab4bb19103b435d7700b6c9d1fe8a893841a8fdad4d80879d613073fb8a6885d4c270f3cb3273c4fda91cbeffc9e249db7f322ce3ffec091da1c2609cd747f5d1ff369d17c867cd2411b737fd3fe5ed14cfb4bc235290c5eaaba17bfa0c3f3c07e897fef5843bdc6a0f5ce19bfb0b7dac5e0aac76dc6aec50fc6d4802a14b1f36550fa97cfa4d1807fcb1d0c30ac420a041d7f427b22abb50c922afb3a860ddce42d6428202f13d44a4b3eddbe3354141b99b40513743396d56a36549afc494d8554d28dcdb236e9455d4b7f7ef84fde5f873ee03856838b246bc233d274166e54f91bdaafea47c97a4efd4f11ed91a6014a998ccdeabdfa968abb1d59a972bbd1a02e6bce264a072a19c6f29a4c0064ae0fdd410c30c31972f1a70a8aeb4a1a9299cb02fc4747278c66814302097ea8d5ed40dfbb2b3359af481e3befb6ba6dfc49ded9ef61cd346960f89674075ad253088d48d138be882cd3e53f322f4af58ae53e4066a89e6bb36047,gx-no-cache=1522082993063 HTTP/1.1" 200 30
186.79.86.175 - - [26/Mar/2018:13:50:50 -0300] "POST /cormun/servlet/trautorizarsolicitud?b42fa95049beb27545aaf153f91a5780,,gx-no-cache=1522082993658 HTTP/1.1" 200 4405
186.79.86.175 - - [26/Mar/2018:13:50:55 -0300] "POST /cormun/servlet/trautorizarsolicitud?b42fa95049beb27545aaf153f91a5780,,gx-no-cache=1522082999446 HTTP/1.1" 200 5802
186.79.136.34 - - [26/Mar/2018:13:51:00 -0300] "POST /cormun/servlet/solicitudot?gx-no-cache=1522083008599 HTTP/1.1" 200 30
186.79.136.34 - - [26/Mar/2018:13:51:05 -0300] "GET /cormun/servlet/prcontratosol?10109436,,,,,MD,,gxPopupLevel%3D0%3B HTTP/1.1" 200 7931
190.100.93.40 - - [26/Mar/2018:13:51:21 -0300] "POST /cormun/servlet/solicitudot?gx-no-cache=1522083029039 HTTP/1.1" 200 3436
190.100.93.40 - - [26/Mar/2018:13:51:30 -0300] "POST /cormun/servlet/solicitudot?gx-no-cache=1522083038158 HTTP/1.1" 200 3374
190.100.93.40 - - [26/Mar/2018:13:51:30 -0300] "POST /cormun/servlet/solicitudot?3a0fc2489ec79a2d3460000486c412f5,INS,0,0,,gx-no-cache=1522083038318 HTTP/1.1" 200 10634
186.79.136.34 - - [26/Mar/2018:13:51:35 -0300] "POST /cormun/servlet/solicitudot?gx-no-cache=1522083043177 HTTP/1.1" 200 1337
186.79.136.34 - - [26/Mar/2018:13:51:35 -0300] "POST /cormun/servlet/solicitudot?gx-no-cache=1522083043517 HTTP/1.1" 200 38
186.79.136.34 - - [26/Mar/2018:13:51:35 -0300] "GET /cormun/servlet/solicitudot?0e4b46e3e90181cbdb96763c668f42350594be49a0c3908cb021b2e55d3c9fa06c99a2e54da78a0c2c990962624db167a93ea90641bb0403ed2e528626847cb44133ca28b2b04f40c8cd7e94bf7454778220cf0833fe4a93c077de06afd4d1e02a4a47a860d1dec344715ec046a01f01364d25ef7401e3a3b1059504ae494ae70629a719f1f35d3d2daa9a3e967d65beedde8d7c2a6e297f0713b841d7ba4fb0,gx-no-cache=1522083043703 HTTP/1.1" 200 29
186.79.136.34 - - [26/Mar/2018:13:51:35 -0300] "POST /cormun/servlet/solicitudot?gx-no-cache=1522083043865 HTTP/1.1" 200 1319
186.79.136.34 - - [26/Mar/2018:13:51:35 -0300] "POST /cormun/servlet/solicitudot?gx-no-cache=1522083044065 HTTP/1.1" 200 1218
186.79.136.34 - - [26/Mar/2018:13:51:36 -0300] "GET /cormun/servlet/solicitudot?0e4b46e3e90181cbdb96763c668f423595aeea297886d8833e6e9752e6ca6123,gx-no-cache=1522083044263 HTTP/1.1" 200 30
190.100.93.40 - - [26/Mar/2018:13:51:39 -0300] "GET /cormun/servlet/solicitudot?INS,0,0, HTTP/1.1" 200 13787
190.100.93.40 - - [26/Mar/2018:13:51:39 -0300] "GET /cormun/servlet/solicitudot?INS,0,0, HTTP/1.1" 200 13792
190.100.93.40 - - [26/Mar/2018:13:51:39 -0300] "GET /favicon.ico HTTP/1.1" 200 21630
186.79.86.175 - - [26/Mar/2018:13:51:43 -0300] "GET /cormun/servlet/veautorizarsolicitud?2018,10704,, HTTP/1.1" 200 8521
186.79.86.175 - - [26/Mar/2018:13:51:43 -0300] "GET /cormun/pexe_scrolldiv.js HTTP/1.1" 404 1009
186.79.86.175 - - [26/Mar/2018:13:51:43 -0300] "GET /cormun/static/Resources/PXToolsTabFirstSelected.png HTTP/1.1" 200 1259
186.79.86.175 - - [26/Mar/2018:13:51:43 -0300] "GET /cormun/static/Resources/PXToolsTabNext.gif HTTP/1.1" 200 168
186.79.86.175 - - [26/Mar/2018:13:51:43 -0300] "GET /cormun/static/Resources/PXToolsTabLastUnselected.png HTTP/1.1" 200 1291
186.79.86.175 - - [26/Mar/2018:13:51:43 -0300] "GET /cormun/static/Resources/PXToolsTabPrevious.gif HTTP/1.1" 200 172
186.79.86.175 - - [26/Mar/2018:13:51:44 -0300] "GET /cormun/static/Resources/PXToolsTabUnselectedUnselected.png HTTP/1.1" 200 1459
186.79.86.175 - - [26/Mar/2018:13:51:44 -0300] "GET /cormun/static/Resources/PXToolsTabSelectedUnselected.png HTTP/1.1" 200 1428
186.79.86.175 - - [26/Mar/2018:13:51:44 -0300] "GET /cormun/servlet/veautorizarsolicitud?2018,10704,, HTTP/1.1" 200 8520
190.100.93.40 - - [26/Mar/2018:13:51:47 -0300] "POST /cormun/servlet/solicitudot?gx-no-cache=1522083055368 HTTP/1.1" 200 3284
190.100.93.40 - - [26/Mar/2018:13:51:47 -0300] "POST /cormun/servlet/solicitudot?3a0fc2489ec79a2d3460000486c412f5,INS,0,0,,gx-no-cache=1522083055606 HTTP/1.1" 200 10436
190.100.93.40 - - [26/Mar/2018:13:51:50 -0300] "GET /cormun/servlet/solicitudot?INS,0,0, HTTP/1.1" 200 13789
190.100.93.40 - - [26/Mar/2018:13:51:50 -0300] "GET /cormun/servlet/solicitudot?INS,0,0, HTTP/1.1" 200 13793
190.100.93.40 - - [26/Mar/2018:13:51:50 -0300] "GET /favicon.ico HTTP/1.1" 200 21630
186.79.136.34 - - [26/Mar/2018:13:52:01 -0300] "POST /cormun/servlet/solicitudot?gx-no-cache=1522083069511 HTTP/1.1" 200 1337
186.79.136.34 - - [26/Mar/2018:13:52:01 -0300] "POST /cormun/servlet/solicitudot?gx-no-cache=1522083069782 HTTP/1.1" 200 38
190.100.93.40 - - [26/Mar/2018:13:52:01 -0300] "POST /cormun/servlet/solicitudot?gx-no-cache=1522083069575 HTTP/1.1" 200 3284
190.100.93.40 - - [26/Mar/2018:13:52:02 -0300] "POST /cormun/servlet/solicitudot?3a0fc2489ec79a2d3460000486c412f5,INS,0,0,,gx-no-cache=1522083069771 HTTP/1.1" 200 10434
186.79.86.175 - - [26/Mar/2018:13:52:03 -0300] "GET /cormun/servlet/veautorizarsolicitud?2018,10704,,SolicitudOTAdjuntos HTTP/1.1" 200 7434
186.79.86.175 - - [26/Mar/2018:13:52:03 -0300] "GET /cormun/pexe_scrolldiv.js HTTP/1.1" 404 1009
186.79.86.175 - - [26/Mar/2018:13:52:04 -0300] "GET /cormun/static/gxui/gxui-all.css HTTP/1.1" 200 2179
186.79.86.175 - - [26/Mar/2018:13:52:04 -0300] "GET /cormun/static/Resources/PXToolsTabUnselectedSelected.png HTTP/1.1" 200 1444
186.79.86.175 - - [26/Mar/2018:13:52:04 -0300] "GET /cormun/static/Resources/PXToolsTabFirstUnselected.png HTTP/1.1" 200 1264
186.79.86.175 - - [26/Mar/2018:13:52:04 -0300] "GET /cormun/servlet/veautorizarsolicitud?2018,10704,,SolicitudOTAdjuntos HTTP/1.1" 200 7435
186.79.86.175 - - [26/Mar/2018:13:52:05 -0300] "POST /cormun/servlet/acontrolpreferencessavestate?None,JPARRAGUEZ,true HTTP/1.1" 200 35
190.100.93.40 - - [26/Mar/2018:13:52:05 -0300] "GET /cormun/servlet/trsolicitudot? HTTP/1.1" 200 7550
186.79.86.175 - - [26/Mar/2018:13:52:05 -0300] "GET /cormun/servlet/veautorizarsolicitud?2018,10704,,SolicitudOTLog HTTP/1.1" 200 9590
190.100.93.40 - - [26/Mar/2018:13:52:06 -0300] "GET /cormun/servlet/trsolicitudot? HTTP/1.1" 200 7548
186.79.86.175 - - [26/Mar/2018:13:52:06 -0300] "GET /cormun/pexe_scrolldiv.js HTTP/1.1" 404 1009
186.79.86.175 - - [26/Mar/2018:13:52:06 -0300] "GET /cormun/static/Resources/PXToolsTabLastSelected.png HTTP/1.1" 200 1262
186.79.86.175 - - [26/Mar/2018:13:52:06 -0300] "GET /cormun/static/gxui/gxui-all.css HTTP/1.1" 200 2179
186.79.86.175 - - [26/Mar/2018:13:52:06 -0300] "GET /cormun/servlet/veautorizarsolicitud?2018,10704,,SolicitudOTLog HTTP/1.1" 200 9590
186.79.86.175 - - [26/Mar/2018:13:52:07 -0300] "POST /cormun/servlet/acontrolpreferencessavestate?None,JPARRAGUEZ,true HTTP/1.1" 200 35
190.100.93.40 - - [26/Mar/2018:13:52:08 -0300] "GET /cormun/servlet/solicitudot?INS,0,0, HTTP/1.1" 200 13789
190.100.93.40 - - [26/Mar/2018:13:52:09 -0300] "GET /cormun/servlet/solicitudot?INS,0,0, HTTP/1.1" 200 13793
186.79.136.34 - - [26/Mar/2018:13:52:14 -0300] "POST /cormun/servlet/solicitudot?gx-no-cache=1522083082359 HTTP/1.1" 200 1337
186.79.136.34 - - [26/Mar/2018:13:52:14 -0300] "POST /cormun/servlet/solicitudot?gx-no-cache=1522083082625 HTTP/1.1" 200 38
192.168.10.96 - - [26/Mar/2018:13:52:15 -0300] "POST /cormun/servlet/trsolicitudgral?d45f721abe75e1f52dcb9873e5a9197f,,gx-no-cache=1522082966716 HTTP/1.1" 200 24119
186.79.86.175 - - [26/Mar/2018:13:52:16 -0300] "GET /cormun/servlet/veautorizarsolicitud?2018,10704,,General HTTP/1.1" 200 8526
186.79.86.175 - - [26/Mar/2018:13:52:16 -0300] "GET /cormun/pexe_scrolldiv.js HTTP/1.1" 404 1009
186.79.86.175 - - [26/Mar/2018:13:52:17 -0300] "GET /cormun/servlet/veautorizarsolicitud?2018,10704,,General HTTP/1.1" 200 8526
190.100.93.40 - - [26/Mar/2018:13:52:18 -0300] "POST /cormun/servlet/solicitudot?gx-no-cache=1522083086351 HTTP/1.1" 200 3291
190.100.93.40 - - [26/Mar/2018:13:52:18 -0300] "POST /cormun/servlet/solicitudot?3a0fc2489ec79a2d3460000486c412f5,INS,0,0,,gx-no-cache=1522083086511 HTTP/1.1" 200 10444
186.79.86.175 - - [26/Mar/2018:13:52:21 -0300] "POST /cormun/servlet/veautorizarsolicitud?b42fa95049beb27545aaf153f91a5780,2018,10704,,General,gx-no-cache=1522083085084 HTTP/1.1" 200 93
186.79.86.175 - - [26/Mar/2018:13:52:21 -0300] "GET /cormun/servlet/hpexe_return? HTTP/1.1" 200 1017
186.79.86.175 - - [26/Mar/2018:13:52:21 -0300] "GET /cormun/static/Resources/Spanish/PXTools.css?167811 HTTP/1.1" 200 16384
186.79.86.175 - - [26/Mar/2018:13:52:22 -0300] "GET /cormun/servlet/trautorizarsolicitud? HTTP/1.1" 200 8728
186.79.86.175 - - [26/Mar/2018:13:52:22 -0300] "GET /cormun/static/gxui/gxui-all.css?120300 HTTP/1.1" 200 2179
186.79.136.34 - - [26/Mar/2018:13:52:22 -0300] "POST /cormun/servlet/solicitudot?gx-no-cache=1522083090504 HTTP/1.1" 200 1320
186.79.86.175 - - [26/Mar/2018:13:52:22 -0300] "GET /cormun/static/Resources/PXToolsActionExcel.png HTTP/1.1" 200 3187
186.79.136.34 - - [26/Mar/2018:13:52:22 -0300] "POST /cormun/servlet/solicitudot?gx-no-cache=1522083090801 HTTP/1.1" 200 1218
186.79.86.175 - - [26/Mar/2018:13:52:22 -0300] "GET /cormun/servlet/trautorizarsolicitud? HTTP/1.1" 200 8725
192.168.10.96 - - [26/Mar/2018:13:52:26 -0300] "POST /cormun/servlet/trsolicitudgral?d45f721abe75e1f52dcb9873e5a9197f,,gx-no-cache=1522082978054 HTTP/1.1" 200 7583
186.79.136.34 - - [26/Mar/2018:13:52:32 -0300] "GET /cormun/servlet/solicitudot?0e4b46e3e90181cbdb96763c668f4235625d1396f70ae960d5571d3af68d5e43b881258b48ba7ae9ee941804a275309f,gx-no-cache=1522083100583 HTTP/1.1" 200 30
186.79.136.34 - - [26/Mar/2018:13:52:42 -0300] "POST /cormun/servlet/solicitudot?gx-no-cache=1522083110740 HTTP/1.1" 200 30
186.79.86.175 - - [26/Mar/2018:13:52:43 -0300] "GET /cormun/servlet/trvisualizadoreventos? HTTP/1.1" 200 6953
186.79.86.175 - - [26/Mar/2018:13:52:43 -0300] "GET /cormun/static/gxui/gxui-all.css?110300 HTTP/1.1" 200 2179
186.79.86.175 - - [26/Mar/2018:13:52:43 -0300] "GET /cormun/static/gxcfg.js?20175251251426 HTTP/1.1" 200 953
186.79.86.175 - - [26/Mar/2018:13:52:43 -0300] "GET /cormun/static/calendar-system.css?75620 HTTP/1.1" 200 5572
186.79.86.175 - - [26/Mar/2018:13:52:43 -0300] "GET /cormun/static/Resources/PXToolsActionPrint.png HTTP/1.1" 200 3317
186.79.86.175 - - [26/Mar/2018:13:52:43 -0300] "GET /cormun/static/trvisualizadoreventos.js?20175251251768 HTTP/1.1" 200 19318
186.79.86.175 - - [26/Mar/2018:13:52:43 -0300] "GET /cormun/servlet/trvisualizadoreventos? HTTP/1.1" 200 6952
186.79.86.175 - - [26/Mar/2018:13:52:49 -0300] "POST /cormun/servlet/trvisualizadoreventos?b42fa95049beb27545aaf153f91a5780,,gx-no-cache=1522083113264 HTTP/1.1" 200 4138
186.79.86.175 - - [26/Mar/2018:13:52:51 -0300] "POST /cormun/servlet/trvisualizadoreventos?b42fa95049beb27545aaf153f91a5780,,gx-no-cache=1522083115260 HTTP/1.1" 200 4138
186.79.86.175 - - [26/Mar/2018:13:52:55 -0300] "POST /cormun/servlet/trvisualizadoreventos?b42fa95049beb27545aaf153f91a5780,,gx-no-cache=1522083119010 HTTP/1.1" 200 4138
186.79.86.175 - - [26/Mar/2018:13:52:58 -0300] "GET /cormun/servlet/trcontratounov2? HTTP/1.1" 200 17472
186.79.86.175 - - [26/Mar/2018:13:52:58 -0300] "GET /cormun/static/gxcfg.js?201752512124396 HTTP/1.1" 200 953
186.79.86.175 - - [26/Mar/2018:13:52:58 -0300] "GET /cormun/static/trcontratounov2.js?201752512125146 HTTP/1.1" 200 38486
186.79.86.175 - - [26/Mar/2018:13:52:59 -0300] "GET /cormun/static/Resources/PXToolsGridNew.png HTTP/1.1" 200 2949
186.79.86.175 - - [26/Mar/2018:13:52:59 -0300] "GET /cormun/static/Resources/PXToolsAddSelectedAction.png HTTP/1.1" 200 3660
186.79.86.175 - - [26/Mar/2018:13:52:59 -0300] "GET /cormun//static/Resources/PXToolsActionDisabled.gif HTTP/1.1" 200 53
186.79.86.175 - - [26/Mar/2018:13:52:59 -0300] "GET /cormun/servlet/trcontratounov2? HTTP/1.1" 200 17470
190.100.93.40 - - [26/Mar/2018:13:53:38 -0300] "GET /cormun/servlet/hlogin HTTP/1.1" 200 1717
190.100.93.40 - - [26/Mar/2018:13:53:40 -0300] "POST /cormun/servlet/hlogin?3a0fc2489ec79a2d3460000486c412f5,gx-no-cache=1522083167916 HTTP/1.1" 200 90
190.100.93.40 - - [26/Mar/2018:13:53:40 -0300] "GET /cormun/servlet/hpexe_link HTTP/1.1" 200 960
190.100.93.40 - - [26/Mar/2018:13:53:40 -0300] "GET /cormun/servlet/solicitudot?INS,0,0, HTTP/1.1" 200 13788
190.100.93.40 - - [26/Mar/2018:13:53:41 -0300] "GET /cormun/servlet/solicitudot?INS,0,0, HTTP/1.1" 200 13792
186.79.136.34 - - [26/Mar/2018:13:53:43 -0300] "POST /cormun/servlet/solicitudot?436828df0ec9cc5e289ad64416ad81fd,INS,0,0,,gx-no-cache=1522083171111 HTTP/1.1" 200 11780
186.79.86.175 - - [26/Mar/2018:13:53:45 -0300] "GET /cormun/servlet/trcontratosolicitud? HTTP/1.1" 200 14393
186.79.86.175 - - [26/Mar/2018:13:53:45 -0300] "GET /cormun/static/gxcfg.js?20177612214014 HTTP/1.1" 200 953
186.79.86.175 - - [26/Mar/2018:13:53:45 -0300] "GET /cormun/static/trcontratosolicitud.js?20177612214349 HTTP/1.1" 200 28237
186.79.86.175 - - [26/Mar/2018:13:53:46 -0300] "GET /cormun//static/Resources/PXToolsGridNew.png HTTP/1.1" 200 2949
186.79.86.175 - - [26/Mar/2018:13:53:46 -0300] "GET /cormun/servlet/trcontratosolicitud? HTTP/1.1" 200 14393
190.100.93.40 - - [26/Mar/2018:13:53:48 -0300] "POST /cormun/servlet/solicitudot?gx-no-cache=1522083176197 HTTP/1.1" 200 3284
190.100.93.40 - - [26/Mar/2018:13:53:48 -0300] "POST /cormun/servlet/solicitudot?3a0fc2489ec79a2d3460000486c412f5,INS,0,0,,gx-no-cache=1522083176368 HTTP/1.1" 200 10435
190.100.93.40 - - [26/Mar/2018:13:53:48 -0300] "GET /cormun/servlet/solicitudot?db99307bfe347875d5f316ed448ed63c4c4db999d9a6397b29c117503779121a27968c3bc0cc39f48d7ec3d9918ad426,gx-no-cache=1522083176736 HTTP/1.1" 200 111
190.100.93.40 - - [26/Mar/2018:13:53:48 -0300] "GET /cormun/static/Shared/jqueryui/images/ui-bg_highlight-soft_100_c6c2c8_1x100.png HTTP/1.1" 404 1117
190.100.93.40 - - [26/Mar/2018:13:53:48 -0300] "GET /cormun/static/Shared/jqueryui/images/ui-icons_82798d_256x240.png HTTP/1.1" 404 1089
190.100.93.40 - - [26/Mar/2018:13:53:49 -0300] "GET /cormun/static/Shared/jqueryui/images/ui-bg_flat_55_994d53_40x100.png HTTP/1.1" 404 1097
190.100.93.40 - - [26/Mar/2018:13:53:49 -0300] "GET /cormun/static/Shared/jqueryui/images/ui-icons_ebccce_256x240.png HTTP/1.1" 404 1089
190.100.93.40 - - [26/Mar/2018:13:53:58 -0300] "GET /cormun/servlet/solicitudot?db99307bfe347875d5f316ed448ed63c91e8a7a8e9e997cf6829cb4d879a7c5bf7e41c29d61be8fce30e0ea178a27188,gx-no-cache=1522083186405 HTTP/1.1" 200 30
186.79.136.34 - - [26/Mar/2018:13:54:05 -0300] "GET /cormun/servlet/solicitudot?0e4b46e3e90181cbdb96763c668f4235426de2df43cf22a32d19c7eb07e6a4db43d61f423034122d8d560c215ded0c41fd1a98e39718b4369b2f303a5efcba9a,gx-no-cache=1522083193656 HTTP/1.1" 200 30
186.79.136.34 - - [26/Mar/2018:13:54:05 -0300] "POST /cormun/servlet/solicitudot?gx-no-cache=1522083193774 HTTP/1.1" 200 256
186.79.136.34 - - [26/Mar/2018:13:54:05 -0300] "GET /cormun/servlet/solicitudot?0e4b46e3e90181cbdb96763c668f4235f9964841fcab4bb19103b435d7700b6c9d1fe8a893841a8fdad4d80879d613073fb8a6885d4c270f3cb3273c4fda91cbeffc9e249db7f322ce3ffec091da1c2609cd747f5d1ff369d17c867cd2411b737fd3fe5ed14cfb4bc235290c5eaaba17bfa0c3f3c07e897fef5843bdc6a0f5ce19bfb0b7dac5e0aac76dc6aec50fc6d4802a14b1f36550fa97cfa4d1807fcb1d0c30ac420a041d7f427b22abb50c922afb3a860ddce42d6428202f13d44a4b3eddbe3354141b99b40513743396d56a36549afc494d8554d28dcdb236e9455d4b7f7ef84fde5f873ee03856838b246bc233d274166e54f91bdaafea47c97a4efd4f11ed91a6014a998ccdeabdfa968abb1d59a972bbd1a02e6bce264a072a19c6f29a4c0064ae0fdd410c30c31972f1a70a8aeb4a1a9299cb02fc4747278c66814302097ea8d5ed40dfbb2b3359af481e3befb6ba6dfc49ded9ef61cd346960f89674075ad253088d48d138be882cd3e5d272024519b8829b62f3ef73a56aef51,gx-no-cache=1522083193886 HTTP/1.1" 200 30
186.79.136.34 - - [26/Mar/2018:13:54:05 -0300] "POST /cormun/servlet/solicitudot?gx-no-cache=1522083194010 HTTP/1.1" 200 30
186.79.136.34 - - [26/Mar/2018:13:54:05 -0300] "POST /cormun/servlet/solicitudot?gx-no-cache=1522083194127 HTTP/1.1" 200 1337
186.79.136.34 - - [26/Mar/2018:13:54:06 -0300] "POST /cormun/servlet/solicitudot?gx-no-cache=1522083194337 HTTP/1.1" 200 41
186.79.136.34 - - [26/Mar/2018:13:54:06 -0300] "POST /cormun/servlet/solicitudot?gx-no-cache=1522083194435 HTTP/1.1" 200 1320
186.79.136.34 - - [26/Mar/2018:13:54:06 -0300] "POST /cormun/servlet/solicitudot?gx-no-cache=1522083194629 HTTP/1.1" 200 1218
186.79.136.34 - - [26/Mar/2018:13:54:06 -0300] "GET /cormun/servlet/solicitudot?0e4b46e3e90181cbdb96763c668f4235625d1396f70ae960d5571d3af68d5e43b881258b48ba7ae9ee941804a275309f,gx-no-cache=1522083194802 HTTP/1.1" 200 30
186.79.136.34 - - [26/Mar/2018:13:54:06 -0300] "POST /cormun/servlet/solicitudot?gx-no-cache=1522083194881 HTTP/1.1" 200 30
186.79.136.34 - - [26/Mar/2018:13:54:07 -0300] "POST /cormun/servlet/solicitudot?436828df0ec9cc5e289ad64416ad81fd,INS,0,0,,gx-no-cache=1522083195017 HTTP/1.1" 200 11833
186.79.136.34 - - [26/Mar/2018:13:55:00 -0300] "GET /cormun/servlet/solicitudot?0e4b46e3e90181cbdb96763c668f4235426de2df43cf22a32d19c7eb07e6a4db43d61f423034122d8d560c215ded0c41fd1a98e39718b4369b2f303a5efcba9a,gx-no-cache=1522083249126 HTTP/1.1" 200 30
186.79.136.34 - - [26/Mar/2018:13:55:01 -0300] "POST /cormun/servlet/solicitudot?gx-no-cache=1522083249268 HTTP/1.1" 200 256
186.79.136.34 - - [26/Mar/2018:13:55:01 -0300] "GET /cormun/servlet/solicitudot?0e4b46e3e90181cbdb96763c668f4235f9964841fcab4bb19103b435d7700b6c9d1fe8a893841a8fdad4d80879d613073fb8a6885d4c270f3cb3273c4fda91cbeffc9e249db7f322ce3ffec091da1c2609cd747f5d1ff369d17c867cd2411b737fd3fe5ed14cfb4bc235290c5eaaba17bfa0c3f3c07e897fef5843bdc6a0f5ce19bfb0b7dac5e0aac76dc6aec50fc6d4802a14b1f36550fa97cfa4d1807fcb1d0c30ac420a041d7f427b22abb50c922afb3a860ddce42d6428202f13d44a4b3eddbe3354141b99b40513743396d56a36549afc494d8554d28dcdb236e9455d4b7f7ef84fde5f873ee03856838b246bc233d274166e54f91bdaafea47c97a4efd4f11ed91a6014a998ccdeabdfa968abb1d59a972bbd1a02e6bce264a072a19c6f29a4c0064ae0fdd410c30c31972f1a70a8aeb4a1a9299cb02fc4747278c66814302097ea8d5ed40dfbb2b3359af481e3befb6ba6dfc49ded9ef61cd346960f89674075ad253088d48d138be882cd3e5d272024519b8829b62f3ef73a56aef51,gx-no-cache=1522083249412 HTTP/1.1" 200 30
186.79.136.34 - - [26/Mar/2018:13:55:01 -0300] "POST /cormun/servlet/solicitudot?gx-no-cache=1522083249521 HTTP/1.1" 200 30
186.103.157.98 - - [26/Mar/2018:13:55:01 -0300] "GET /cormun/static/Shared/ext/resources/css/ext-all.css?215870 HTTP/1.1" 200 212992
186.79.136.34 - - [26/Mar/2018:13:55:01 -0300] "POST /cormun/servlet/solicitudot?gx-no-cache=1522083249658 HTTP/1.1" 200 1337
186.79.136.34 - - [26/Mar/2018:13:55:02 -0300] "POST /cormun/servlet/solicitudot?gx-no-cache=1522083250289 HTTP/1.1" 200 41
186.79.136.34 - - [26/Mar/2018:13:55:02 -0300] "POST /cormun/servlet/solicitudot?gx-no-cache=1522083250403 HTTP/1.1" 200 1320
186.79.136.34 - - [26/Mar/2018:13:55:02 -0300] "POST /cormun/servlet/solicitudot?gx-no-cache=1522083250607 HTTP/1.1" 200 1218
186.79.136.34 - - [26/Mar/2018:13:55:02 -0300] "GET /cormun/servlet/solicitudot?0e4b46e3e90181cbdb96763c668f4235625d1396f70ae960d5571d3af68d5e43b881258b48ba7ae9ee941804a275309f,gx-no-cache=1522083250786 HTTP/1.1" 200 30
186.79.136.34 - - [26/Mar/2018:13:55:02 -0300] "POST /cormun/servlet/solicitudot?gx-no-cache=1522083250864 HTTP/1.1" 200 30
186.79.136.34 - - [26/Mar/2018:13:55:03 -0300] "POST /cormun/servlet/solicitudot?436828df0ec9cc5e289ad64416ad81fd,INS,0,0,,gx-no-cache=1522083250993 HTTP/1.1" 200 11882
192.168.10.89 - - [26/Mar/2018:13:55:05 -0300] "GET /cormun/servlet/trsolicitudgral? HTTP/1.1" 200 28924
192.168.10.89 - - [26/Mar/2018:13:55:15 -0300] "POST /cormun/servlet/trsolicitudgral?a43688a332d70b1cf95f6b000fc08834,,gx-no-cache=1522083146181 HTTP/1.1" 200 26008
186.79.86.175 - - [26/Mar/2018:13:55:17 -0300] "GET /cormun/servlet/trcontratoobservaciondir? HTTP/1.1" 200 11880
186.79.86.175 - - [26/Mar/2018:13:55:17 -0300] "GET /cormun/static/gxcfg.js?20175251262281 HTTP/1.1" 200 953
186.79.86.175 - - [26/Mar/2018:13:55:17 -0300] "GET /cormun/static/trcontratoobservaciondir.js?20175251262715 HTTP/1.1" 200 27185
186.79.86.175 - - [26/Mar/2018:13:55:17 -0300] "GET /cormun/static/Resources/PXToolsActionExcel.png HTTP/1.1" 200 3187
186.79.86.175 - - [26/Mar/2018:13:55:18 -0300] "GET /cormun//static/Resources/PXToolsGridUpdate.png HTTP/1.1" 200 2984
186.79.86.175 - - [26/Mar/2018:13:55:18 -0300] "GET /cormun//static/Resources/PXToolsGridDelete.png HTTP/1.1" 200 357
186.79.86.175 - - [26/Mar/2018:13:55:18 -0300] "GET /cormun/servlet/trcontratoobservaciondir? HTTP/1.1" 200 11880
186.79.136.34 - - [26/Mar/2018:13:55:55 -0300] "POST /cormun/servlet/solicitudot?436828df0ec9cc5e289ad64416ad81fd,INS,0,0,,gx-no-cache=1522083302271 HTTP/1.1" 200 11924
192.168.10.97 - - [26/Mar/2018:13:56:09 -0300] "GET /cormun/servlet/hlogin HTTP/1.1" 200 1725
192.168.10.97 - - [26/Mar/2018:13:56:11 -0300] "POST /cormun/servlet/hlogin?d11164f81bcc76e357ef2138158d9ce4,gx-no-cache=1522083202525 HTTP/1.1" 200 90
192.168.10.97 - - [26/Mar/2018:13:56:11 -0300] "GET /cormun/servlet/hpexe_link HTTP/1.1" 200 949
192.168.10.97 - - [26/Mar/2018:13:56:11 -0300] "GET /cormun/servlet/hhome HTTP/1.1" 200 4571
192.168.10.97 - - [26/Mar/2018:13:56:11 -0300] "GET /cormun/servlet/hhome HTTP/1.1" 200 4568
192.168.10.97 - - [26/Mar/2018:13:56:14 -0300] "GET /cormun/servlet/trsolicitudgral? HTTP/1.1" 200 10440
192.168.10.97 - - [26/Mar/2018:13:56:14 -0300] "GET /cormun/servlet/trsolicitudgral? HTTP/1.1" 200 10438
192.168.10.97 - - [26/Mar/2018:13:56:32 -0300] "POST /cormun/servlet/trsolicitudgral?d11164f81bcc76e357ef2138158d9ce4,,gx-no-cache=1522083224086 HTTP/1.1" 200 5920
192.168.10.97 - - [26/Mar/2018:13:56:43 -0300] "POST /cormun/servlet/trsolicitudgral?d11164f81bcc76e357ef2138158d9ce4,,gx-no-cache=1522083234478 HTTP/1.1" 200 5919
192.168.10.97 - - [26/Mar/2018:13:56:50 -0300] "POST /cormun/servlet/trsolicitudgral?d11164f81bcc76e357ef2138158d9ce4,,gx-no-cache=1522083241830 HTTP/1.1" 200 5919
192.168.10.97 - - [26/Mar/2018:13:57:01 -0300] "POST /cormun/servlet/trsolicitudgral?d11164f81bcc76e357ef2138158d9ce4,,gx-no-cache=1522083253039 HTTP/1.1" 200 5920
192.168.10.97 - - [26/Mar/2018:13:57:10 -0300] "POST /cormun/servlet/trsolicitudgral?d11164f81bcc76e357ef2138158d9ce4,,gx-no-cache=1522083262261 HTTP/1.1" 200 5921
192.168.10.97 - - [26/Mar/2018:13:57:20 -0300] "POST /cormun/servlet/trsolicitudgral?d11164f81bcc76e357ef2138158d9ce4,,gx-no-cache=1522083271607 HTTP/1.1" 200 5919
192.168.10.97 - - [26/Mar/2018:13:57:27 -0300] "POST /cormun/servlet/trsolicitudgral?d11164f81bcc76e357ef2138158d9ce4,,gx-no-cache=1522083278629 HTTP/1.1" 200 5917
192.168.10.97 - - [26/Mar/2018:13:57:33 -0300] "POST /cormun/servlet/trsolicitudgral?d11164f81bcc76e357ef2138158d9ce4,,gx-no-cache=1522083285021 HTTP/1.1" 200 5918
192.168.10.97 - - [26/Mar/2018:13:57:39 -0300] "POST /cormun/servlet/trsolicitudgral?d11164f81bcc76e357ef2138158d9ce4,,gx-no-cache=1522083290518 HTTP/1.1" 200 5916
192.168.10.97 - - [26/Mar/2018:13:57:43 -0300] "POST /cormun/servlet/trsolicitudgral?d11164f81bcc76e357ef2138158d9ce4,,gx-no-cache=1522083294994 HTTP/1.1" 200 5917
192.168.10.97 - - [26/Mar/2018:13:57:48 -0300] "POST /cormun/servlet/trsolicitudgral?d11164f81bcc76e357ef2138158d9ce4,,gx-no-cache=1522083299899 HTTP/1.1" 200 11753
192.168.10.97 - - [26/Mar/2018:13:57:55 -0300] "POST /cormun/servlet/trsolicitudgral?d11164f81bcc76e357ef2138158d9ce4,,gx-no-cache=1522083307155 HTTP/1.1" 200 5917
192.168.10.97 - - [26/Mar/2018:13:58:05 -0300] "GET /cormun/servlet/trcoordinadores? HTTP/1.1" 200 7633
192.168.10.97 - - [26/Mar/2018:13:58:06 -0300] "GET /cormun/servlet/trcoordinadores? HTTP/1.1" 200 7632
186.79.136.34 - - [26/Mar/2018:13:59:33 -0300] "GET /cormun/servlet/solicitudot?0e4b46e3e90181cbdb96763c668f423594c3c22fa3ed844dfd8c5a52dcf6ad51aebaedf69e84af5622a598f1b7a0fd9d5062d785176dba64f27c0265cbe336f1,gx-no-cache=1522083522102 HTTP/1.1" 200 30
186.79.136.34 - - [26/Mar/2018:13:59:34 -0300] "POST /cormun/servlet/solicitudot?gx-no-cache=1522083522239 HTTP/1.1" 200 256
186.79.136.34 - - [26/Mar/2018:13:59:34 -0300] "GET /cormun/servlet/solicitudot?0e4b46e3e90181cbdb96763c668f4235f9964841fcab4bb19103b435d7700b6c9d1fe8a893841a8fdad4d80879d613073fb8a6885d4c270f3cb3273c4fda91cbeffc9e249db7f322ce3ffec091da1c2609cd747f5d1ff369d17c867cd2411b737fd3fe5ed14cfb4bc235290c5eaaba17bfa0c3f3c07e897fef5843bdc6a0f5ce19bfb0b7dac5e0aac76dc6aec50fc6d4802a14b1f36550fa97cfa4d1807fcb1d0c30ac420a041d7f427b22abb50c922afb3a860ddce42d6428202f13d44a4b3eddbe3354141b99b40513743396d56a36549afc494d8554d28dcdb236e9455d4b7f7ef84fde5f873ee03856838b246bc233d274166e54f91bdaafea47c97a4efd4f11ed91a6014a998ccdeabdfa968abb1d59a972bbd1a02e6bce264a072a19c6f29a4c0064ae0fdd410c30c31972f1a70a8aeb4a1a9299cb02fc4747278c66814302097ea8d5ed40dfbb2b3359af481e3befb6ba6dfc49ded9ef61cd346960f89674075ad253088d48d138be882cd3e5d272024519b8829b62f3ef73a56aef51,gx-no-cache=1522083522380 HTTP/1.1" 200 30
186.79.136.34 - - [26/Mar/2018:13:59:34 -0300] "POST /cormun/servlet/solicitudot?gx-no-cache=1522083522496 HTTP/1.1" 200 30
186.79.136.34 - - [26/Mar/2018:13:59:34 -0300] "POST /cormun/servlet/solicitudot?gx-no-cache=1522083522638 HTTP/1.1" 200 1337
186.79.136.34 - - [26/Mar/2018:13:59:34 -0300] "POST /cormun/servlet/solicitudot?gx-no-cache=1522083522867 HTTP/1.1" 200 41
186.79.136.34 - - [26/Mar/2018:13:59:34 -0300] "POST /cormun/servlet/solicitudot?gx-no-cache=1522083522988 HTTP/1.1" 200 1320
186.79.136.34 - - [26/Mar/2018:13:59:35 -0300] "POST /cormun/servlet/solicitudot?gx-no-cache=1522083523215 HTTP/1.1" 200 1218
186.79.136.34 - - [26/Mar/2018:13:59:35 -0300] "GET /cormun/servlet/solicitudot?0e4b46e3e90181cbdb96763c668f4235625d1396f70ae960d5571d3af68d5e43b881258b48ba7ae9ee941804a275309f,gx-no-cache=1522083523452 HTTP/1.1" 200 30
186.79.136.34 - - [26/Mar/2018:13:59:35 -0300] "POST /cormun/servlet/solicitudot?gx-no-cache=1522083523556 HTTP/1.1" 200 30
186.79.136.34 - - [26/Mar/2018:13:59:36 -0300] "POST /cormun/servlet/solicitudot?436828df0ec9cc5e289ad64416ad81fd,INS,0,0,,gx-no-cache=1522083523710 HTTP/1.1" 200 11976
186.79.136.34 - - [26/Mar/2018:13:59:51 -0300] "GET /cormun/servlet/hlogin HTTP/1.1" 200 1716
186.79.136.34 - - [26/Mar/2018:13:59:53 -0300] "POST /cormun/servlet/hlogin?322498fa3978cfc350c4367e8693503e,gx-no-cache=1522083541627 HTTP/1.1" 200 90
186.79.136.34 - - [26/Mar/2018:13:59:53 -0300] "GET /cormun/servlet/hpexe_link HTTP/1.1" 200 945
186.79.136.34 - - [26/Mar/2018:13:59:53 -0300] "GET /cormun/servlet/hhome HTTP/1.1" 200 3926
186.79.136.34 - - [26/Mar/2018:13:59:54 -0300] "GET /cormun/servlet/hhome HTTP/1.1" 200 3922
186.79.136.34 - - [26/Mar/2018:13:59:57 -0300] "GET /cormun/servlet/trsolicitudot? HTTP/1.1" 200 7137
186.79.136.34 - - [26/Mar/2018:13:59:58 -0300] "GET /cormun/servlet/trsolicitudot? HTTP/1.1" 200 7136
186.79.136.34 - - [26/Mar/2018:14:00:00 -0300] "GET /cormun/servlet/solicitudot?INS,0,0, HTTP/1.1" 200 13377
186.79.136.34 - - [26/Mar/2018:14:00:01 -0300] "GET /cormun/servlet/solicitudot?INS,0,0, HTTP/1.1" 200 13382
186.79.136.34 - - [26/Mar/2018:14:00:16 -0300] "POST /cormun/servlet/solicitudot?gx-no-cache=1522083564480 HTTP/1.1" 200 3363
186.79.136.34 - - [26/Mar/2018:14:00:17 -0300] "POST /cormun/servlet/solicitudot?322498fa3978cfc350c4367e8693503e,INS,0,0,,gx-no-cache=1522083565076 HTTP/1.1" 200 10333
186.79.136.34 - - [26/Mar/2018:14:00:21 -0300] "GET /cormun/servlet/solicitudot?d8e54428875b877be62a6f1b8acbfb0783de5f604e91ee334630b219d444de3c46b4bbf83c25bc26eec7f9a3915acbb9,gx-no-cache=1522083569982 HTTP/1.1" 200 30
186.79.136.34 - - [26/Mar/2018:14:00:21 -0300] "GET /cormun/servlet/solicitudot?d8e54428875b877be62a6f1b8acbfb070de0092ddf1bf722b2359ca36703c523,gx-no-cache=1522083570149 HTTP/1.1" 200 103
186.79.136.34 - - [26/Mar/2018:14:00:22 -0300] "GET /cormun/static/Shared/jqueryui/images/ui-bg_highlight-soft_100_c6c2c8_1x100.png HTTP/1.1" 404 1117
