201.236.61.169 - - [26/Mar/2018:12:09:03 -0300] "GET /cormun/static/gxdec.js?85251 HTTP/1.1" 304 -
201.236.61.169 - - [26/Mar/2018:12:09:04 -0300] "GET /cormun/static/calendar-es.js?85251 HTTP/1.1" 304 -
201.236.61.169 - - [26/Mar/2018:12:09:04 -0300] "GET /cormun/servlet/trsolicitudot? HTTP/1.1" 200 7212
201.236.61.169 - - [26/Mar/2018:12:09:06 -0300] "GET /cormun/servlet/solicitudot?INS,0,0, HTTP/1.1" 200 13454
201.236.61.169 - - [26/Mar/2018:12:09:07 -0300] "GET /cormun/static/solicitudot.js?201812313224831 HTTP/1.1" 304 -
201.236.61.169 - - [26/Mar/2018:12:09:07 -0300] "GET /cormun/servlet/solicitudot?INS,0,0, HTTP/1.1" 200 13459
109.248.46.47 - - [26/Mar/2018:12:09:11 -0300] "*%àCookie: mstshash=Test " 400 -
109.248.46.47 - - [26/Mar/2018:12:09:12 -0300] "*%àCookie: mstshash=Test " 400 -
201.236.61.169 - - [26/Mar/2018:12:09:18 -0300] "POST /cormun/servlet/solicitudot?gx-no-cache=1522076904173 HTTP/1.1" 200 3405
201.236.61.169 - - [26/Mar/2018:12:09:19 -0300] "POST /cormun/servlet/solicitudot?97cb00846187f39940e68e5441806648,INS,0,0,,gx-no-cache=1522076905861 HTTP/1.1" 200 10365
186.103.159.46 - - [26/Mar/2018:12:09:58 -0300] "GET /cormun/servlet/trrenuncias? HTTP/1.1" 200 6819
186.103.159.46 - - [26/Mar/2018:12:10:00 -0300] "GET /cormun/servlet/trrenuncias? HTTP/1.1" 200 6819
186.103.159.46 - - [26/Mar/2018:12:10:16 -0300] "GET /cormun/servlet/renuncias?INS,0, HTTP/1.1" 200 6096
186.103.159.46 - - [26/Mar/2018:12:10:16 -0300] "GET /cormun/static/Resources/Spanish/PXTools.css?11294912 HTTP/1.1" 200 89042
186.103.159.46 - - [26/Mar/2018:12:10:16 -0300] "GET /cormun/static/gxcfg.js?2017426922787 HTTP/1.1" 200 953
186.103.159.46 - - [26/Mar/2018:12:10:16 -0300] "GET /cormun/static/renuncias.js?201742692287 HTTP/1.1" 200 14762
186.103.159.46 - - [26/Mar/2018:12:10:18 -0300] "GET /cormun/servlet/renuncias?INS,0, HTTP/1.1" 200 6097
201.236.61.169 - - [26/Mar/2018:12:10:33 -0300] "GET /cormun/servlet/solicitudot?c9ad34e86ea2c7dbb2081236f85028027f085ed1c1c26f96c2e99a606be31aa659861a15ec36a75f77fdf2930a7f15c9,gx-no-cache=1522076979587 HTTP/1.1" 200 30
201.236.61.169 - - [26/Mar/2018:12:10:33 -0300] "GET /cormun/servlet/solicitudot?c9ad34e86ea2c7dbb2081236f850280226df91ea12a6cae28fad66a2206c713b026e2ab9f6db596909e7db6dbb348b33,gx-no-cache=1522076979820 HTTP/1.1" 200 103
201.236.61.169 - - [26/Mar/2018:12:10:33 -0300] "GET /cormun/static/Shared/jqueryui/images/ui-bg_highlight-soft_100_c6c2c8_1x100.png HTTP/1.1" 404 1117
201.236.61.169 - - [26/Mar/2018:12:10:33 -0300] "GET /cormun/static/Shared/jqueryui/images/ui-icons_82798d_256x240.png HTTP/1.1" 404 1089
201.236.61.169 - - [26/Mar/2018:12:10:33 -0300] "GET /cormun/servlet/solicitudot?c9ad34e86ea2c7dbb2081236f85028025ae59c1b0a4cb207a9a99dc4cc7145ea,gx-no-cache=1522076980039 HTTP/1.1" 200 51
201.236.61.169 - - [26/Mar/2018:12:10:33 -0300] "GET /cormun/static/Shared/jqueryui/images/ui-bg_flat_55_994d53_40x100.png HTTP/1.1" 404 1097
201.236.61.169 - - [26/Mar/2018:12:10:33 -0300] "GET /cormun/static/Shared/jqueryui/images/ui-icons_ebccce_256x240.png HTTP/1.1" 404 1089
201.236.61.169 - - [26/Mar/2018:12:10:33 -0300] "POST /cormun/servlet/solicitudot?gx-no-cache=1522076980176 HTTP/1.1" 200 240
201.236.61.169 - - [26/Mar/2018:12:10:33 -0300] "GET /cormun/servlet/solicitudot?c9ad34e86ea2c7dbb2081236f85028020965ba19823552b254137957f3fae7d5c426b7ac8299bf49846868d580222c5be8ac4c2357145bf69c950568199efcc65639c645f7793f3c2ac0260fe2772e2d9f69abd21ee03413c911d2a96b01f60a52f033a71c855de2204cda9f00144b82bc387877b70b859d99a524476bc3f119f7a759e3673fd70053338655893e183d49d7bdc35a834b8a9b79b5f04125f9c6a7ad4ffe303ef59892a17d0f5a1c392ffbd8521a43ed0024229d221c807da6ecf3d63f01587c8d7db06334bc9dc33493aab5f4112c62ef3c7554d30ef6dbe0c7e07e1285d57f78cd50427476bf9288016cbe03aa3457c4f62874a444478dc35939710dbea5b6e6a55b54adecd2111c1f9241f96e6ce4220fc90db86341d7c18f9cc659a0814c2c9eadfe0a0bfce343a4a75bccc04817361d31a0a212db9be7477201cdc793234d6f5f2960df90711432ab04deb31471e3d1bcba3918c7db2bebe06b316c65f1f5e42d329c2e914343e6c6b1cbe222a9c3d83835aa45d58ae588,gx-no-cache=1522076980316 HTTP/1.1" 200 30
201.236.61.169 - - [26/Mar/2018:12:10:39 -0300] "POST /cormun/servlet/solicitudot?gx-no-cache=1522076986484 HTTP/1.1" 200 30
186.103.159.46 - - [26/Mar/2018:12:10:41 -0300] "POST /cormun/servlet/renuncias?241aad76992c7ae8c4a16bb05cd3312a,INS,0,,gx-no-cache=1522076989570 HTTP/1.1" 200 93
186.103.159.46 - - [26/Mar/2018:12:10:42 -0300] "GET /cormun/servlet/hpexe_return? HTTP/1.1" 200 1008
201.236.61.169 - - [26/Mar/2018:12:10:42 -0300] "POST /cormun/servlet/solicitudot?gx-no-cache=1522076988915 HTTP/1.1" 200 1337
201.236.61.169 - - [26/Mar/2018:12:10:42 -0300] "POST /cormun/servlet/solicitudot?gx-no-cache=1522076989157 HTTP/1.1" 200 38
186.103.159.46 - - [26/Mar/2018:12:10:42 -0300] "GET /cormun/servlet/trrenuncias HTTP/1.1" 200 6822
186.103.159.46 - - [26/Mar/2018:12:10:44 -0300] "GET /cormun/servlet/trrenuncias HTTP/1.1" 200 6819
201.236.61.169 - - [26/Mar/2018:12:10:51 -0300] "GET /cormun/servlet/solicitudot?c9ad34e86ea2c7dbb2081236f85028025dd7983e6f7db343b4bd784f6a70e456d0d941d570c53c613c949eafa574aa5c54ab6a233b52081384c0a3d31b7568335ee82a6b493a6b7f5c644c6b82472f0b9f33dcf80be262dcbc21528d625b01eec14738e266ce7cab0253af6f72d2ca6bb7a68a4074c5a2d466fbd08b3de54a021c112ef4c0052460b9e007318e1ebf1f83873079cb3173ea6b0d3612e083b619,gx-no-cache=1522076997974 HTTP/1.1" 200 29
201.236.61.169 - - [26/Mar/2018:12:10:51 -0300] "POST /cormun/servlet/solicitudot?gx-no-cache=1522076998165 HTTP/1.1" 200 1318
201.236.61.169 - - [26/Mar/2018:12:10:52 -0300] "POST /cormun/servlet/solicitudot?gx-no-cache=1522076998397 HTTP/1.1" 200 1218
201.236.61.169 - - [26/Mar/2018:12:10:52 -0300] "GET /cormun/static/menuarrow.gif HTTP/1.1" 404 1015
201.236.61.169 - - [26/Mar/2018:12:10:56 -0300] "POST /cormun/servlet/solicitudot?gx-no-cache=1522077002920 HTTP/1.1" 200 1318
201.236.61.169 - - [26/Mar/2018:12:10:56 -0300] "POST /cormun/servlet/solicitudot?gx-no-cache=1522077003219 HTTP/1.1" 200 1218
201.236.61.169 - - [26/Mar/2018:12:11:31 -0300] "GET /cormun/servlet/solicitudot?c9ad34e86ea2c7dbb2081236f85028022dca52a46ee0ce750149383b4b2cf83950e1f61b55bbd341d29dfe1c71d1364f,gx-no-cache=1522077038413 HTTP/1.1" 200 30
201.236.61.169 - - [26/Mar/2018:12:11:47 -0300] "POST /cormun/servlet/solicitudot?gx-no-cache=1522077053765 HTTP/1.1" 200 30
201.236.61.169 - - [26/Mar/2018:12:14:05 -0300] "GET /cormun/servlet/solicitudot?c9ad34e86ea2c7dbb2081236f850280226df91ea12a6cae28fad66a2206c713b69d38230b2615966821873db278ae94a10ef41f2a9436af15acf626dfef9d859,gx-no-cache=1522077191830 HTTP/1.1" 200 30
201.236.61.169 - - [26/Mar/2018:12:14:05 -0300] "POST /cormun/servlet/solicitudot?gx-no-cache=1522077192340 HTTP/1.1" 200 238
201.236.61.169 - - [26/Mar/2018:12:14:05 -0300] "GET /cormun/servlet/solicitudot?c9ad34e86ea2c7dbb2081236f85028020965ba19823552b254137957f3fae7d5c426b7ac8299bf49846868d580222c5be8ac4c2357145bf69c950568199efcc65639c645f7793f3c2ac0260fe2772e2d9f69abd21ee03413c911d2a96b01f60a52f033a71c855de2204cda9f00144b82bc387877b70b859d99a524476bc3f119f7a759e3673fd70053338655893e183d49d7bdc35a834b8a9b79b5f04125f9c6a7ad4ffe303ef59892a17d0f5a1c392ffbd8521a43ed0024229d221c807da6ecf3d63f01587c8d7db06334bc9dc33493aab5f4112c62ef3c7554d30ef6dbe0c7e07e1285d57f78cd50427476bf9288016cbe03aa3457c4f62874a444478dc35939710dbea5b6e6a55b54adecd2111c1f9241f96e6ce4220fc90db86341d7c18f9cc659a0814c2c9eadfe0a0bfce343a4a75bccc04817361d31a0a212db9be7477201cdc793234d6f5f2960df90711432ab04deb31471e3d1bcba3918c7db2bebe06b316c65f1f5e42d329c2e914343e6d0050aaeb403285ad7875bac544b714b,gx-no-cache=1522077192482 HTTP/1.1" 200 30
201.236.61.169 - - [26/Mar/2018:12:14:05 -0300] "POST /cormun/servlet/solicitudot?gx-no-cache=1522077192603 HTTP/1.1" 200 30
201.236.61.169 - - [26/Mar/2018:12:14:06 -0300] "POST /cormun/servlet/solicitudot?gx-no-cache=1522077192763 HTTP/1.1" 200 1336
201.236.61.169 - - [26/Mar/2018:12:14:06 -0300] "POST /cormun/servlet/solicitudot?gx-no-cache=1522077192998 HTTP/1.1" 200 41
201.236.61.169 - - [26/Mar/2018:12:14:06 -0300] "POST /cormun/servlet/solicitudot?gx-no-cache=1522077193156 HTTP/1.1" 200 1318
201.236.61.169 - - [26/Mar/2018:12:14:06 -0300] "POST /cormun/servlet/solicitudot?gx-no-cache=1522077193388 HTTP/1.1" 200 1218
201.236.61.169 - - [26/Mar/2018:12:14:06 -0300] "GET /cormun/servlet/solicitudot?c9ad34e86ea2c7dbb2081236f85028022dca52a46ee0ce750149383b4b2cf83950e1f61b55bbd341d29dfe1c71d1364f,gx-no-cache=1522077193592 HTTP/1.1" 200 30
201.236.61.169 - - [26/Mar/2018:12:14:07 -0300] "POST /cormun/servlet/solicitudot?gx-no-cache=1522077193693 HTTP/1.1" 200 30
103.26.77.101 - - [26/Mar/2018:12:14:18 -0300] "GET /manager/html HTTP/1.1" 401 2474
103.26.77.101 - - [26/Mar/2018:12:14:18 -0300] "GET /manager/html HTTP/1.1" 401 2474
103.26.77.101 - - [26/Mar/2018:12:14:19 -0300] "GET /manager/html HTTP/1.1" 401 2474
103.26.77.101 - - [26/Mar/2018:12:14:19 -0300] "GET /manager/html HTTP/1.1" 401 2474
103.26.77.101 - - [26/Mar/2018:12:14:20 -0300] "GET /manager/html HTTP/1.1" 401 2474
103.26.77.101 - - [26/Mar/2018:12:14:20 -0300] "GET /manager/html HTTP/1.1" 401 2474
103.26.77.101 - - [26/Mar/2018:12:14:20 -0300] "GET /manager/html HTTP/1.1" 401 2474
103.26.77.101 - tomcat [26/Mar/2018:12:14:21 -0300] "GET /manager/html HTTP/1.1" 403 3196
103.26.77.101 - - [26/Mar/2018:12:14:22 -0300] "GET /manager/html HTTP/1.1" 401 2474
103.26.77.101 - - [26/Mar/2018:12:14:25 -0300] "GET /manager/html HTTP/1.1" 401 2474
103.26.77.101 - - [26/Mar/2018:12:14:26 -0300] "GET /manager/html HTTP/1.1" 401 2474
201.236.61.169 - - [26/Mar/2018:12:14:38 -0300] "POST /cormun/servlet/solicitudot?97cb00846187f39940e68e5441806648,INS,0,0,,gx-no-cache=1522077224655 HTTP/1.1" 200 93
201.236.61.169 - - [26/Mar/2018:12:14:38 -0300] "GET /cormun/servlet/hpexe_return? HTTP/1.1" 200 1007
201.236.61.169 - - [26/Mar/2018:12:14:38 -0300] "GET /cormun/static/gxcfg.js?2016101716175148 HTTP/1.1" 304 -
201.236.61.169 - - [26/Mar/2018:12:14:39 -0300] "GET /cormun/static/Resources/Spanish/PXTools.css?167811 HTTP/1.1" 304 -
201.236.61.169 - - [26/Mar/2018:12:14:39 -0300] "GET /cormun/static/hpexe_return.js?2016101716175153 HTTP/1.1" 304 -
201.236.61.169 - - [26/Mar/2018:12:14:39 -0300] "GET /cormun/servlet/trsolicitudot HTTP/1.1" 200 8598
201.236.61.169 - - [26/Mar/2018:12:14:39 -0300] "GET /cormun/servlet/trsolicitudot HTTP/1.1" 200 8594
201.236.61.169 - - [26/Mar/2018:12:14:53 -0300] "POST /cormun/servlet/trsolicitudot?97cb00846187f39940e68e5441806648,gx-no-cache=1522077239389 HTTP/1.1" 200 106
201.236.61.169 - - [26/Mar/2018:12:14:53 -0300] "GET /cormun/servlet/trsolicitudadjuntos?2018,10828, HTTP/1.1" 200 6099
201.236.61.169 - - [26/Mar/2018:12:14:53 -0300] "GET /cormun/static/gxcfg.js?20177612135366 HTTP/1.1" 200 953
201.236.61.169 - - [26/Mar/2018:12:14:53 -0300] "GET /cormun/static/trsolicitudadjuntos.js?20177612135632 HTTP/1.1" 200 17922
201.236.61.169 - - [26/Mar/2018:12:14:53 -0300] "GET /cormun/servlet/trsolicitudadjuntos?2018,10828, HTTP/1.1" 200 6099
201.236.61.169 - - [26/Mar/2018:12:14:55 -0300] "GET /cormun/servlet/solicitudotadjuntos?INS,2018,10828,,1, HTTP/1.1" 200 6045
201.236.61.169 - - [26/Mar/2018:12:14:56 -0300] "GET /cormun/static/gxcfg.js?2017761244068 HTTP/1.1" 200 953
201.236.61.169 - - [26/Mar/2018:12:14:56 -0300] "GET /cormun/static/solicitudotadjuntos.js?2017761244086 HTTP/1.1" 200 11771
201.236.61.169 - - [26/Mar/2018:12:14:56 -0300] "GET /cormun/static/about:blank HTTP/1.1" 404 1011
201.236.61.169 - - [26/Mar/2018:12:14:56 -0300] "GET /cormun/servlet/solicitudotadjuntos?INS,2018,10828,,1, HTTP/1.1" 200 6039
201.236.61.169 - - [26/Mar/2018:12:14:57 -0300] "GET /cormun/servlet/solicitudotadjuntos?c9ad34e86ea2c7dbb2081236f8502802a4ce04195e2e6fa2d6ab82186dd55d9bbfeb86e246a860bc75e6d19b0db4f7d5,gx-no-cache=1522077243900 HTTP/1.1" 200 30
201.236.61.169 - - [26/Mar/2018:12:14:57 -0300] "POST /cormun/servlet/solicitudotadjuntos?97cb00846187f39940e68e5441806648,INS,2018,10828,,1,,gx-no-cache=1522077244021 HTTP/1.1" 200 3823
201.236.61.169 - - [26/Mar/2018:12:14:59 -0300] "POST /cormun/servlet/solicitudotadjuntos?gx-no-cache=1522077245856 HTTP/1.1" 200 26
201.236.61.169 - - [26/Mar/2018:12:15:10 -0300] "GET /cormun/servlet/solicitudotadjuntos?c9ad34e86ea2c7dbb2081236f85028026229044e138253175369738506d8a704,gx-no-cache=1522077257037 HTTP/1.1" 200 30
201.236.61.169 - - [26/Mar/2018:12:15:10 -0300] "GET /cormun/servlet/solicitudotadjuntos?c9ad34e86ea2c7dbb2081236f85028026229044e138253175369738506d8a704,gx-no-cache=1522077257642 HTTP/1.1" 200 30
201.236.61.169 - - [26/Mar/2018:12:15:16 -0300] "POST /cormun/servlet/solicitudotadjuntos?97cb00846187f39940e68e5441806648,INS,2018,10828,,1, HTTP/1.1" 200 116
201.236.61.169 - - [26/Mar/2018:12:15:17 -0300] "GET /cormun/servlet/hpexe_return? HTTP/1.1" 200 1026
201.236.61.169 - - [26/Mar/2018:12:15:17 -0300] "GET /cormun/servlet/trsolicitudadjuntos?2018,10828, HTTP/1.1" 200 8542
201.236.61.169 - - [26/Mar/2018:12:15:17 -0300] "GET /cormun/servlet/trsolicitudadjuntos?2018,10828, HTTP/1.1" 200 8538
201.236.61.169 - - [26/Mar/2018:12:15:20 -0300] "GET /cormun/servlet/solicitudotadjuntos?INS,2018,10828,,1, HTTP/1.1" 200 6045
201.236.61.169 - - [26/Mar/2018:12:15:20 -0300] "GET /cormun/static/about:blank HTTP/1.1" 404 1011
201.236.61.169 - - [26/Mar/2018:12:15:20 -0300] "GET /cormun/servlet/solicitudotadjuntos?INS,2018,10828,,1, HTTP/1.1" 200 6039
201.236.61.169 - - [26/Mar/2018:12:15:21 -0300] "GET /cormun/servlet/solicitudotadjuntos?c9ad34e86ea2c7dbb2081236f8502802a4ce04195e2e6fa2d6ab82186dd55d9bbfeb86e246a860bc75e6d19b0db4f7d5,gx-no-cache=1522077268065 HTTP/1.1" 200 30
201.236.61.169 - - [26/Mar/2018:12:15:21 -0300] "POST /cormun/servlet/solicitudotadjuntos?97cb00846187f39940e68e5441806648,INS,2018,10828,,1,,gx-no-cache=1522077268226 HTTP/1.1" 200 3823
201.236.61.169 - - [26/Mar/2018:12:15:29 -0300] "POST /cormun/servlet/solicitudotadjuntos?gx-no-cache=1522077276164 HTTP/1.1" 200 26
201.236.61.169 - - [26/Mar/2018:12:16:21 -0300] "GET /cormun/servlet/solicitudotadjuntos?c9ad34e86ea2c7dbb2081236f85028026229044e138253175369738506d8a704,gx-no-cache=1522077328270 HTTP/1.1" 200 30
201.236.61.169 - - [26/Mar/2018:12:16:21 -0300] "GET /cormun/servlet/solicitudotadjuntos?c9ad34e86ea2c7dbb2081236f85028026229044e138253175369738506d8a704,gx-no-cache=1522077328540 HTTP/1.1" 200 30
201.236.61.169 - - [26/Mar/2018:12:16:25 -0300] "POST /cormun/servlet/solicitudotadjuntos?97cb00846187f39940e68e5441806648,INS,2018,10828,,1, HTTP/1.1" 200 116
201.236.61.169 - - [26/Mar/2018:12:16:25 -0300] "GET /cormun/servlet/hpexe_return? HTTP/1.1" 200 1026
201.236.61.169 - - [26/Mar/2018:12:16:26 -0300] "GET /cormun/servlet/trsolicitudadjuntos?2018,10828, HTTP/1.1" 200 8778
201.236.61.169 - - [26/Mar/2018:12:16:26 -0300] "GET /cormun/servlet/trsolicitudadjuntos?2018,10828, HTTP/1.1" 200 8777
201.236.61.169 - - [26/Mar/2018:12:16:52 -0300] "GET /cormun/servlet/solicitudotadjuntos?INS,2018,10828,,1, HTTP/1.1" 200 6047
201.236.61.169 - - [26/Mar/2018:12:16:53 -0300] "GET /cormun/static/about:blank HTTP/1.1" 404 1011
201.236.61.169 - - [26/Mar/2018:12:16:53 -0300] "GET /cormun/servlet/solicitudotadjuntos?INS,2018,10828,,1, HTTP/1.1" 200 6040
201.236.61.169 - - [26/Mar/2018:12:16:53 -0300] "GET /cormun/servlet/solicitudotadjuntos?c9ad34e86ea2c7dbb2081236f8502802a4ce04195e2e6fa2d6ab82186dd55d9bbfeb86e246a860bc75e6d19b0db4f7d5,gx-no-cache=1522077360591 HTTP/1.1" 200 30
201.236.61.169 - - [26/Mar/2018:12:16:54 -0300] "POST /cormun/servlet/solicitudotadjuntos?97cb00846187f39940e68e5441806648,INS,2018,10828,,1,,gx-no-cache=1522077360728 HTTP/1.1" 200 3825
201.236.61.169 - - [26/Mar/2018:12:16:58 -0300] "POST /cormun/servlet/solicitudotadjuntos?gx-no-cache=1522077365101 HTTP/1.1" 200 26
201.236.61.169 - - [26/Mar/2018:12:17:04 -0300] "GET /cormun/servlet/solicitudotadjuntos?c9ad34e86ea2c7dbb2081236f85028026229044e138253175369738506d8a704,gx-no-cache=1522077371182 HTTP/1.1" 200 30
201.236.61.169 - - [26/Mar/2018:12:17:04 -0300] "GET /cormun/servlet/solicitudotadjuntos?c9ad34e86ea2c7dbb2081236f85028026229044e138253175369738506d8a704,gx-no-cache=1522077371354 HTTP/1.1" 200 30
201.236.61.169 - - [26/Mar/2018:12:17:08 -0300] "POST /cormun/servlet/solicitudotadjuntos?97cb00846187f39940e68e5441806648,INS,2018,10828,,1, HTTP/1.1" 200 116
201.236.61.169 - - [26/Mar/2018:12:17:08 -0300] "GET /cormun/servlet/hpexe_return? HTTP/1.1" 200 1026
201.236.61.169 - - [26/Mar/2018:12:17:08 -0300] "GET /cormun/servlet/trsolicitudadjuntos?2018,10828, HTTP/1.1" 200 8968
201.236.61.169 - - [26/Mar/2018:12:17:09 -0300] "GET /cormun/servlet/trsolicitudadjuntos?2018,10828, HTTP/1.1" 200 8966
201.236.61.169 - - [26/Mar/2018:12:17:23 -0300] "GET /cormun/servlet/solicitudotadjuntos?INS,2018,10828,,1, HTTP/1.1" 200 6047
201.236.61.169 - - [26/Mar/2018:12:17:24 -0300] "GET /cormun/static/about:blank HTTP/1.1" 404 1011
201.236.61.169 - - [26/Mar/2018:12:17:24 -0300] "GET /cormun/servlet/solicitudotadjuntos?INS,2018,10828,,1, HTTP/1.1" 200 6040
201.236.61.169 - - [26/Mar/2018:12:17:24 -0300] "GET /cormun/servlet/solicitudotadjuntos?c9ad34e86ea2c7dbb2081236f8502802a4ce04195e2e6fa2d6ab82186dd55d9bbfeb86e246a860bc75e6d19b0db4f7d5,gx-no-cache=1522077391383 HTTP/1.1" 200 30
201.236.61.169 - - [26/Mar/2018:12:17:25 -0300] "POST /cormun/servlet/solicitudotadjuntos?97cb00846187f39940e68e5441806648,INS,2018,10828,,1,,gx-no-cache=1522077391498 HTTP/1.1" 200 3825
201.236.61.169 - - [26/Mar/2018:12:17:28 -0300] "POST /cormun/servlet/solicitudotadjuntos?gx-no-cache=1522077395348 HTTP/1.1" 200 26
201.236.61.169 - - [26/Mar/2018:12:17:33 -0300] "GET /cormun/servlet/solicitudotadjuntos?c9ad34e86ea2c7dbb2081236f85028026229044e138253175369738506d8a704,gx-no-cache=1522077400151 HTTP/1.1" 200 30
201.236.61.169 - - [26/Mar/2018:12:17:33 -0300] "GET /cormun/servlet/solicitudotadjuntos?c9ad34e86ea2c7dbb2081236f85028026229044e138253175369738506d8a704,gx-no-cache=1522077400284 HTTP/1.1" 200 30
201.236.61.169 - - [26/Mar/2018:12:17:38 -0300] "POST /cormun/servlet/solicitudotadjuntos?97cb00846187f39940e68e5441806648,INS,2018,10828,,1, HTTP/1.1" 200 116
201.236.61.169 - - [26/Mar/2018:12:17:38 -0300] "GET /cormun/servlet/hpexe_return? HTTP/1.1" 200 1026
201.236.61.169 - - [26/Mar/2018:12:17:38 -0300] "GET /cormun/servlet/trsolicitudadjuntos?2018,10828, HTTP/1.1" 200 9159
201.236.61.169 - - [26/Mar/2018:12:17:39 -0300] "GET /cormun/servlet/trsolicitudadjuntos?2018,10828, HTTP/1.1" 200 9158
201.236.61.169 - - [26/Mar/2018:12:17:41 -0300] "GET /cormun/servlet/solicitudotadjuntos?INS,2018,10828,,1, HTTP/1.1" 200 6047
201.236.61.169 - - [26/Mar/2018:12:17:41 -0300] "GET /cormun/static/about:blank HTTP/1.1" 404 1011
201.236.61.169 - - [26/Mar/2018:12:17:41 -0300] "GET /cormun/servlet/solicitudotadjuntos?INS,2018,10828,,1, HTTP/1.1" 200 6040
201.236.61.169 - - [26/Mar/2018:12:17:42 -0300] "GET /cormun/servlet/solicitudotadjuntos?c9ad34e86ea2c7dbb2081236f8502802a4ce04195e2e6fa2d6ab82186dd55d9bbfeb86e246a860bc75e6d19b0db4f7d5,gx-no-cache=1522077408735 HTTP/1.1" 200 30
201.236.61.169 - - [26/Mar/2018:12:17:42 -0300] "POST /cormun/servlet/solicitudotadjuntos?97cb00846187f39940e68e5441806648,INS,2018,10828,,1,,gx-no-cache=1522077408867 HTTP/1.1" 200 3825
201.236.61.169 - - [26/Mar/2018:12:17:45 -0300] "POST /cormun/servlet/solicitudotadjuntos?gx-no-cache=1522077411806 HTTP/1.1" 200 26
186.103.159.46 - - [26/Mar/2018:12:17:49 -0300] "POST /cormun/servlet/hlogin?cf7d714ac9a9680673e90fe8a6a8e492,gx-no-cache=1522077412951 HTTP/1.1" 200 448
201.236.61.169 - - [26/Mar/2018:12:17:50 -0300] "GET /cormun/servlet/solicitudotadjuntos?c9ad34e86ea2c7dbb2081236f85028026229044e138253175369738506d8a704,gx-no-cache=1522077417509 HTTP/1.1" 200 30
201.236.61.169 - - [26/Mar/2018:12:17:51 -0300] "GET /cormun/servlet/solicitudotadjuntos?c9ad34e86ea2c7dbb2081236f85028026229044e138253175369738506d8a704,gx-no-cache=1522077417692 HTTP/1.1" 200 30
186.103.159.46 - - [26/Mar/2018:12:18:00 -0300] "POST /cormun/servlet/hlogin?cf7d714ac9a9680673e90fe8a6a8e492,gx-no-cache=1522077424133 HTTP/1.1" 200 448
201.236.61.169 - - [26/Mar/2018:12:18:04 -0300] "POST /cormun/servlet/solicitudotadjuntos?97cb00846187f39940e68e5441806648,INS,2018,10828,,1, HTTP/1.1" 200 116
201.236.61.169 - - [26/Mar/2018:12:18:04 -0300] "GET /cormun/servlet/hpexe_return? HTTP/1.1" 200 1026
201.236.61.169 - - [26/Mar/2018:12:18:04 -0300] "GET /cormun/servlet/trsolicitudadjuntos?2018,10828, HTTP/1.1" 200 9394
201.236.61.169 - - [26/Mar/2018:12:18:05 -0300] "GET /cormun/servlet/trsolicitudadjuntos?2018,10828, HTTP/1.1" 200 9393
201.236.61.169 - - [26/Mar/2018:12:18:08 -0300] "GET /cormun/servlet/solicitudotadjuntos?INS,2018,10828,,1, HTTP/1.1" 200 6047
201.236.61.169 - - [26/Mar/2018:12:18:08 -0300] "GET /cormun/static/about:blank HTTP/1.1" 404 1011
201.236.61.169 - - [26/Mar/2018:12:18:08 -0300] "GET /cormun/servlet/solicitudotadjuntos?INS,2018,10828,,1, HTTP/1.1" 200 6040
201.236.61.169 - - [26/Mar/2018:12:18:09 -0300] "GET /cormun/servlet/solicitudotadjuntos?c9ad34e86ea2c7dbb2081236f8502802a4ce04195e2e6fa2d6ab82186dd55d9bbfeb86e246a860bc75e6d19b0db4f7d5,gx-no-cache=1522077435858 HTTP/1.1" 200 30
186.103.159.46 - - [26/Mar/2018:12:18:09 -0300] "POST /cormun/servlet/hlogin?cf7d714ac9a9680673e90fe8a6a8e492,gx-no-cache=1522077433125 HTTP/1.1" 200 90
186.103.159.46 - - [26/Mar/2018:12:18:09 -0300] "GET /cormun/servlet/hpexe_link HTTP/1.1" 200 952
201.236.61.169 - - [26/Mar/2018:12:18:09 -0300] "POST /cormun/servlet/solicitudotadjuntos?97cb00846187f39940e68e5441806648,INS,2018,10828,,1,,gx-no-cache=1522077435998 HTTP/1.1" 200 3825
186.103.159.46 - - [26/Mar/2018:12:18:09 -0300] "GET /cormun/servlet/hhome HTTP/1.1" 200 3965
186.103.159.46 - - [26/Mar/2018:12:18:10 -0300] "GET /cormun/servlet/hhome HTTP/1.1" 200 3961
201.236.61.169 - - [26/Mar/2018:12:18:12 -0300] "POST /cormun/servlet/solicitudotadjuntos?gx-no-cache=1522077438917 HTTP/1.1" 200 26
201.236.61.169 - - [26/Mar/2018:12:18:21 -0300] "GET /cormun/servlet/solicitudotadjuntos?c9ad34e86ea2c7dbb2081236f85028026229044e138253175369738506d8a704,gx-no-cache=1522077448213 HTTP/1.1" 200 30
201.236.61.169 - - [26/Mar/2018:12:18:21 -0300] "GET /cormun/servlet/solicitudotadjuntos?c9ad34e86ea2c7dbb2081236f85028026229044e138253175369738506d8a704,gx-no-cache=1522077448380 HTTP/1.1" 200 30
201.236.61.169 - - [26/Mar/2018:12:18:28 -0300] "POST /cormun/servlet/solicitudotadjuntos?97cb00846187f39940e68e5441806648,INS,2018,10828,,1, HTTP/1.1" 200 116
201.236.61.169 - - [26/Mar/2018:12:18:29 -0300] "GET /cormun/servlet/hpexe_return? HTTP/1.1" 200 1026
201.236.61.169 - - [26/Mar/2018:12:18:29 -0300] "GET /cormun/servlet/trsolicitudadjuntos?2018,10828, HTTP/1.1" 200 9657
201.236.61.169 - - [26/Mar/2018:12:18:30 -0300] "GET /cormun/servlet/trsolicitudadjuntos?2018,10828, HTTP/1.1" 200 9651
201.236.61.169 - - [26/Mar/2018:12:18:34 -0300] "GET /cormun/servlet/trsolicitudot? HTTP/1.1" 200 8600
201.236.61.169 - - [26/Mar/2018:12:18:35 -0300] "GET /cormun/servlet/trsolicitudot? HTTP/1.1" 200 8594
186.103.159.46 - - [26/Mar/2018:12:18:35 -0300] "GET /cormun/servlet/trsolicitudot? HTTP/1.1" 200 8596
186.103.159.46 - - [26/Mar/2018:12:18:36 -0300] "GET /cormun/servlet/trsolicitudot? HTTP/1.1" 200 8593
201.236.61.169 - - [26/Mar/2018:12:18:42 -0300] "POST /cormun/servlet/trsolicitudot?97cb00846187f39940e68e5441806648,,gx-no-cache=1522077468461 HTTP/1.1" 200 4500
201.236.61.169 - - [26/Mar/2018:12:18:42 -0300] "GET /cormun/static/Shared/jqueryui/images/ui-bg_highlight-soft_100_c6c2c8_1x100.png HTTP/1.1" 404 1117
201.236.61.169 - - [26/Mar/2018:12:18:42 -0300] "GET /cormun/static/Shared/jqueryui/images/ui-icons_82798d_256x240.png HTTP/1.1" 404 1089
201.236.61.169 - - [26/Mar/2018:12:18:42 -0300] "GET /cormun/static/Shared/jqueryui/images/ui-bg_flat_55_fafafa_40x100.png HTTP/1.1" 404 1097
201.236.61.169 - - [26/Mar/2018:12:18:42 -0300] "GET /cormun/static/Shared/jqueryui/images/ui-icons_8d78a5_256x240.png HTTP/1.1" 404 1089
201.236.61.169 - - [26/Mar/2018:12:18:42 -0300] "POST /cormun/servlet/trsolicitudot?97cb00846187f39940e68e5441806648,,gx-no-cache=1522077469002 HTTP/1.1" 200 4273
200.73.230.197 - - [26/Mar/2018:12:18:42 -0300] "GET /cormun/servlet/hlogin HTTP/1.1" 200 1722
201.236.61.169 - - [26/Mar/2018:12:18:48 -0300] "GET /cormun/servlet/hlogin HTTP/1.1" 200 1720
186.103.159.46 - - [26/Mar/2018:12:18:49 -0300] "GET /cormun/servlet/trsolicitudot? HTTP/1.1" 200 8593
186.103.159.46 - - [26/Mar/2018:12:18:50 -0300] "GET /cormun/servlet/trsolicitudot? HTTP/1.1" 200 8593
201.236.61.169 - - [26/Mar/2018:12:18:52 -0300] "POST /cormun/servlet/hlogin?97cb00846187f39940e68e5441806648,gx-no-cache=1522077478839 HTTP/1.1" 200 90
201.236.61.169 - - [26/Mar/2018:12:18:52 -0300] "GET /cormun/servlet/hpexe_link HTTP/1.1" 200 951
201.236.61.169 - - [26/Mar/2018:12:18:52 -0300] "GET /cormun/servlet/hhome HTTP/1.1" 200 4204
201.236.61.169 - - [26/Mar/2018:12:18:53 -0300] "GET /cormun/servlet/hhome HTTP/1.1" 200 4200
200.73.230.197 - - [26/Mar/2018:12:18:54 -0300] "POST /cormun/servlet/hlogin?6e7747e5f143b5a22672977340d1754f,gx-no-cache=1522081078925 HTTP/1.1" 200 90
200.73.230.197 - - [26/Mar/2018:12:18:54 -0300] "GET /cormun/servlet/hpexe_link HTTP/1.1" 200 952
200.73.230.197 - - [26/Mar/2018:12:18:54 -0300] "GET /cormun/servlet/hhome HTTP/1.1" 200 3918
186.103.159.46 - - [26/Mar/2018:12:18:54 -0300] "GET /cormun/servlet/solicitudot?INS,0,0, HTTP/1.1" 200 13413
186.103.159.46 - - [26/Mar/2018:12:18:55 -0300] "GET /cormun/static/gxcfg.js?201812313224582 HTTP/1.1" 304 -
201.236.61.169 - - [26/Mar/2018:12:18:55 -0300] "GET /cormun/servlet/trautorizarsolicitud? HTTP/1.1" 200 8685
201.236.61.169 - - [26/Mar/2018:12:18:55 -0300] "GET /cormun/static/gxcfg.js?2017111423403364 HTTP/1.1" 200 953
201.236.61.169 - - [26/Mar/2018:12:18:55 -0300] "GET /cormun/static/trautorizarsolicitud.js?201711142340425 HTTP/1.1" 304 -
186.103.159.46 - - [26/Mar/2018:12:18:55 -0300] "GET /cormun/servlet/solicitudot?INS,0,0, HTTP/1.1" 200 13417
201.236.61.169 - - [26/Mar/2018:12:18:56 -0300] "GET /cormun/servlet/trautorizarsolicitud? HTTP/1.1" 200 8683
200.73.230.197 - - [26/Mar/2018:12:18:56 -0300] "GET /cormun/servlet/hhome HTTP/1.1" 200 3915
201.236.61.169 - - [26/Mar/2018:12:19:01 -0300] "POST /cormun/servlet/trautorizarsolicitud?97cb00846187f39940e68e5441806648,,gx-no-cache=1522077487498 HTTP/1.1" 200 4613
201.236.61.169 - - [26/Mar/2018:12:19:01 -0300] "GET /cormun/static/Shared/jqueryui/images/ui-bg_highlight-soft_100_c6c2c8_1x100.png HTTP/1.1" 404 1117
201.236.61.169 - - [26/Mar/2018:12:19:01 -0300] "GET /cormun/static/Shared/jqueryui/images/ui-icons_82798d_256x240.png HTTP/1.1" 404 1089
201.236.61.169 - - [26/Mar/2018:12:19:01 -0300] "GET /cormun/static/Shared/jqueryui/images/ui-bg_flat_55_fafafa_40x100.png HTTP/1.1" 404 1097
201.236.61.169 - - [26/Mar/2018:12:19:01 -0300] "GET /cormun/static/Shared/jqueryui/images/ui-icons_8d78a5_256x240.png HTTP/1.1" 404 1089
201.236.61.169 - - [26/Mar/2018:12:19:01 -0300] "POST /cormun/servlet/trautorizarsolicitud?97cb00846187f39940e68e5441806648,,gx-no-cache=1522077488162 HTTP/1.1" 200 4381
200.73.230.197 - - [26/Mar/2018:12:19:21 -0300] "GET /cormun/servlet/trpermisosgoce? HTTP/1.1" 200 8963
200.73.230.197 - - [26/Mar/2018:12:19:23 -0300] "GET /cormun/servlet/trpermisosgoce? HTTP/1.1" 200 8958
200.73.230.197 - - [26/Mar/2018:12:19:29 -0300] "GET /cormun/servlet/trpermisosadjuntos?10512872,20180326110346,P, HTTP/1.1" 200 6234
186.103.159.46 - - [26/Mar/2018:12:19:29 -0300] "GET /cormun/servlet/hlogin HTTP/1.1" 200 1727
200.73.230.197 - - [26/Mar/2018:12:19:31 -0300] "GET /cormun/servlet/trpermisosadjuntos?10512872,20180326110346,P, HTTP/1.1" 200 6234
200.73.230.197 - - [26/Mar/2018:12:19:33 -0300] "GET /cormun/servlet/permisosadjuntos?INS,10512872,P,20180326110346,, HTTP/1.1" 200 5561
200.73.230.197 - - [26/Mar/2018:12:19:33 -0300] "GET /cormun/static/about:blank HTTP/1.1" 404 1011
200.73.230.197 - - [26/Mar/2018:12:19:34 -0300] "GET /cormun/servlet/permisosadjuntos?INS,10512872,P,20180326110346,, HTTP/1.1" 200 5550
186.103.159.46 - - [26/Mar/2018:12:19:41 -0300] "POST /cormun/servlet/hlogin?cf7d714ac9a9680673e90fe8a6a8e492,gx-no-cache=1522077525771 HTTP/1.1" 200 90
186.103.159.46 - - [26/Mar/2018:12:19:41 -0300] "GET /cormun/servlet/hpexe_link HTTP/1.1" 200 952
186.103.159.46 - - [26/Mar/2018:12:19:42 -0300] "GET /cormun/servlet/hhome HTTP/1.1" 200 4110
186.103.159.46 - - [26/Mar/2018:12:19:43 -0300] "GET /cormun/servlet/hhome HTTP/1.1" 200 4106
186.103.159.46 - - [26/Mar/2018:12:19:54 -0300] "GET /cormun/servlet/trautorizarsolicitud? HTTP/1.1" 200 8584
186.103.159.46 - - [26/Mar/2018:12:19:55 -0300] "GET /cormun/servlet/trautorizarsolicitud? HTTP/1.1" 200 8582
200.73.230.197 - - [26/Mar/2018:12:20:00 -0300] "POST /cormun/servlet/permisosadjuntos?6e7747e5f143b5a22672977340d1754f,INS,10512872,P,20180326110346,, HTTP/1.1" 200 116
200.73.230.197 - - [26/Mar/2018:12:20:00 -0300] "GET /cormun/servlet/hpexe_return? HTTP/1.1" 200 1039
200.73.230.197 - - [26/Mar/2018:12:20:01 -0300] "GET /cormun/servlet/trpermisosadjuntos?10512872,20180326110346,P, HTTP/1.1" 200 6691
200.73.230.197 - - [26/Mar/2018:12:20:02 -0300] "GET /cormun/servlet/trpermisosadjuntos?10512872,20180326110346,P, HTTP/1.1" 200 6688
186.103.159.46 - - [26/Mar/2018:12:20:07 -0300] "POST /cormun/servlet/trautorizarsolicitud?cf7d714ac9a9680673e90fe8a6a8e492,,gx-no-cache=1522077551471 HTTP/1.1" 200 4609
186.103.159.46 - - [26/Mar/2018:12:20:07 -0300] "GET /cormun/static/Shared/jqueryui/images/ui-bg_highlight-soft_100_c6c2c8_1x100.png HTTP/1.1" 404 1117
186.103.159.46 - - [26/Mar/2018:12:20:07 -0300] "GET /cormun/static/Shared/jqueryui/images/ui-icons_82798d_256x240.png HTTP/1.1" 404 1089
186.103.159.46 - - [26/Mar/2018:12:20:07 -0300] "GET /cormun/static/Shared/jqueryui/images/ui-bg_flat_55_fafafa_40x100.png HTTP/1.1" 404 1097
186.103.159.46 - - [26/Mar/2018:12:20:07 -0300] "GET /cormun/static/Shared/jqueryui/images/ui-icons_8d78a5_256x240.png HTTP/1.1" 404 1089
186.103.159.46 - - [26/Mar/2018:12:20:08 -0300] "POST /cormun/servlet/trautorizarsolicitud?cf7d714ac9a9680673e90fe8a6a8e492,,gx-no-cache=1522077551973 HTTP/1.1" 200 4380
200.73.230.197 - - [26/Mar/2018:12:21:16 -0300] "GET /cormun/servlet/trpermisosgoce? HTTP/1.1" 200 8961
200.73.230.197 - - [26/Mar/2018:12:21:18 -0300] "GET /cormun/servlet/trpermisosgoce? HTTP/1.1" 200 8962
200.73.230.197 - - [26/Mar/2018:12:21:24 -0300] "POST /cormun/servlet/trpermisosgoce?6e7747e5f143b5a22672977340d1754f,,gx-no-cache=1522081229021 HTTP/1.1" 200 6235
200.73.230.197 - - [26/Mar/2018:12:21:24 -0300] "GET /cormun/static/Shared/jqueryui/images/ui-bg_highlight-soft_100_c6c2c8_1x100.png HTTP/1.1" 404 1117
200.73.230.197 - - [26/Mar/2018:12:21:24 -0300] "GET /cormun/static/Shared/jqueryui/images/ui-icons_82798d_256x240.png HTTP/1.1" 404 1089
200.73.230.197 - - [26/Mar/2018:12:21:24 -0300] "GET /cormun/static/Shared/jqueryui/images/ui-bg_flat_55_fafafa_40x100.png HTTP/1.1" 404 1097
200.73.230.197 - - [26/Mar/2018:12:21:24 -0300] "GET /cormun/static/Shared/jqueryui/images/ui-icons_8d78a5_256x240.png HTTP/1.1" 404 1089
200.73.230.197 - - [26/Mar/2018:12:21:32 -0300] "GET /cormun/servlet/trpermisosadjuntos?15125678,20180319083949,P, HTTP/1.1" 200 6237
200.73.230.197 - - [26/Mar/2018:12:21:34 -0300] "GET /cormun/servlet/trpermisosadjuntos?15125678,20180319083949,P, HTTP/1.1" 200 6237
200.73.230.197 - - [26/Mar/2018:12:21:37 -0300] "GET /cormun/servlet/permisosadjuntos?INS,15125678,P,20180319083949,, HTTP/1.1" 200 5561
200.73.230.197 - - [26/Mar/2018:12:21:37 -0300] "GET /cormun/static/about:blank HTTP/1.1" 404 1011
200.73.230.197 - - [26/Mar/2018:12:21:38 -0300] "GET /cormun/servlet/permisosadjuntos?INS,15125678,P,20180319083949,, HTTP/1.1" 200 5551
186.103.159.46 - - [26/Mar/2018:12:21:46 -0300] "POST /cormun/servlet/solicitudot?gx-no-cache=1522077649919 HTTP/1.1" 200 3367
186.103.159.46 - - [26/Mar/2018:12:21:46 -0300] "POST /cormun/servlet/solicitudot?cf7d714ac9a9680673e90fe8a6a8e492,INS,0,0,,gx-no-cache=1522077650275 HTTP/1.1" 200 10351
186.103.159.46 - - [26/Mar/2018:12:21:47 -0300] "GET /cormun/servlet/solicitudot?5f5d60804d64cf581a23235cf7c6051075a0e9bafa9961f5b53148d192bfd9e48c2c498b46804f4b08a2010f3a5829c2,gx-no-cache=1522077651047 HTTP/1.1" 200 30
186.103.159.46 - - [26/Mar/2018:12:21:51 -0300] "GET /cormun/servlet/solicitudot?5f5d60804d64cf581a23235cf7c605106e502e8f4203d6990ae61a39a5c034db,gx-no-cache=1522077655674 HTTP/1.1" 200 103
186.103.159.46 - - [26/Mar/2018:12:21:51 -0300] "GET /cormun/static/Shared/jqueryui/images/ui-bg_highlight-soft_100_c6c2c8_1x100.png HTTP/1.1" 404 1117
186.103.159.46 - - [26/Mar/2018:12:21:51 -0300] "GET /cormun/static/Shared/jqueryui/images/ui-icons_82798d_256x240.png HTTP/1.1" 404 1089
186.103.159.46 - - [26/Mar/2018:12:21:51 -0300] "GET /cormun/static/Shared/jqueryui/images/ui-bg_flat_55_994d53_40x100.png HTTP/1.1" 404 1097
186.103.159.46 - - [26/Mar/2018:12:21:51 -0300] "GET /cormun/servlet/solicitudot?5f5d60804d64cf581a23235cf7c6051093897e659107779009caea7ef31e8dc6,gx-no-cache=1522077655847 HTTP/1.1" 200 51
186.103.159.46 - - [26/Mar/2018:12:21:51 -0300] "GET /cormun/static/Shared/jqueryui/images/ui-icons_ebccce_256x240.png HTTP/1.1" 404 1089
186.103.159.46 - - [26/Mar/2018:12:21:51 -0300] "POST /cormun/servlet/solicitudot?gx-no-cache=1522077655951 HTTP/1.1" 200 255
186.103.159.46 - - [26/Mar/2018:12:21:52 -0300] "GET /cormun/servlet/solicitudot?5f5d60804d64cf581a23235cf7c605106384ad72b36ee27b29501747760362ed5e32eebc319bf77825e31cb1e742384c0e8efe28edbb9d340712d6bc0bb275ae1e347fa14217feb5f74bbf8698370dd2532861d9febee9ef1a3d4b163097f852cd025a6556fdbe2e0cffca79f1d0fa1e96d3ae60b03f27c305a164cd743cf3bc584c7f76153fea87fadbb5855452f2421242c4d0e90f612a1856d35a3d8b53898ae37a53c0d10fbd9f93846d23b15903e52d5ef55bb87415a892a19688c938f0cbd6d9813b49772d84a7c42598242f12f6446f6d4ce6924c04e7e4bfc5cc572043e486178fc4ffbf54f96463075eda8db0ed4677933571fdd52d080e94d7230079f2625f7744992a5a2829b3f2fede954b55b495ee23f3f9f2274e1f81f064fa0a2acf0eda5e8d7f9843f15764412dbdbf56578f116385a6051c2391b5ce7f057bf05cf4e9dd1c4bdc1f2648883d2412cc378929203cd14252d2f7330dd3282c16360071489764ac2ccf0e4bd6548e09f78bf1e7894b584ce0c2bf4e7251b461,gx-no-cache=1522077656055 HTTP/1.1" 200 30
186.103.159.46 - - [26/Mar/2018:12:21:53 -0300] "POST /cormun/servlet/solicitudot?gx-no-cache=1522077657789 HTTP/1.1" 200 30
186.103.159.46 - - [26/Mar/2018:12:21:57 -0300] "POST /cormun/servlet/solicitudot?gx-no-cache=1522077661012 HTTP/1.1" 200 1336
186.103.159.46 - - [26/Mar/2018:12:21:57 -0300] "POST /cormun/servlet/solicitudot?gx-no-cache=1522077661138 HTTP/1.1" 200 38
200.73.230.197 - - [26/Mar/2018:12:22:06 -0300] "POST /cormun/servlet/permisosadjuntos?6e7747e5f143b5a22672977340d1754f,INS,15125678,P,20180319083949,, HTTP/1.1" 200 116
200.73.230.197 - - [26/Mar/2018:12:22:06 -0300] "GET /cormun/servlet/hpexe_return? HTTP/1.1" 200 1039
200.73.230.197 - - [26/Mar/2018:12:22:07 -0300] "GET /cormun/servlet/trpermisosadjuntos?15125678,20180319083949,P, HTTP/1.1" 200 6699
200.73.230.197 - - [26/Mar/2018:12:22:08 -0300] "GET /cormun/servlet/trpermisosadjuntos?15125678,20180319083949,P, HTTP/1.1" 200 6695
200.73.230.197 - - [26/Mar/2018:12:22:12 -0300] "GET /cormun/servlet/trpermisosgoce? HTTP/1.1" 200 8975
200.73.230.197 - - [26/Mar/2018:12:22:13 -0300] "GET /cormun/servlet/trpermisosgoce? HTTP/1.1" 200 8976
200.73.230.197 - - [26/Mar/2018:12:22:21 -0300] "POST /cormun/servlet/trpermisosgoce?6e7747e5f143b5a22672977340d1754f,,gx-no-cache=1522081286254 HTTP/1.1" 200 6235
200.73.230.197 - - [26/Mar/2018:12:22:21 -0300] "GET /cormun/static/Shared/jqueryui/images/ui-bg_highlight-soft_100_c6c2c8_1x100.png HTTP/1.1" 404 1117
200.73.230.197 - - [26/Mar/2018:12:22:22 -0300] "GET /cormun/static/Shared/jqueryui/images/ui-bg_flat_55_fafafa_40x100.png HTTP/1.1" 404 1097
200.73.230.197 - - [26/Mar/2018:12:22:22 -0300] "GET /cormun/static/Shared/jqueryui/images/ui-icons_8d78a5_256x240.png HTTP/1.1" 404 1089
200.73.230.197 - - [26/Mar/2018:12:22:22 -0300] "GET /cormun/static/Shared/jqueryui/images/ui-icons_82798d_256x240.png HTTP/1.1" 404 1089
200.73.230.197 - - [26/Mar/2018:12:22:28 -0300] "GET /cormun/servlet/trpermisosadjuntos?8383429,20180319090734,P, HTTP/1.1" 200 6237
200.73.230.197 - - [26/Mar/2018:12:22:29 -0300] "GET /cormun/servlet/trpermisosadjuntos?8383429,20180319090734,P, HTTP/1.1" 200 6238
200.73.230.197 - - [26/Mar/2018:12:22:31 -0300] "GET /cormun/servlet/permisosadjuntos?INS,8383429,P,20180319090734,, HTTP/1.1" 200 5564
200.73.230.197 - - [26/Mar/2018:12:22:32 -0300] "GET /cormun/static/about:blank HTTP/1.1" 404 1011
200.73.230.197 - - [26/Mar/2018:12:22:32 -0300] "GET /cormun/servlet/permisosadjuntos?INS,8383429,P,20180319090734,, HTTP/1.1" 200 5554
186.103.159.46 - - [26/Mar/2018:12:22:45 -0300] "GET /cormun/servlet/solicitudot?5f5d60804d64cf581a23235cf7c60510f7e189144280cff888d93f172d2a19d12e330eb0e04b52abefd6efb21e9b84524859eeeba3f8b4bbe7e7848bd44f0d592670ed56f937dccd58748022e39181e2697775d6132f6f442e15a3b969e786d196d9f6831ad9a20aff0883271607bc25adec8075af2c3e904f55d89c8c38fac3e2e25f5f583995f1c20a7fd7a6aba952684353e18fcac15222dea7a9dc79777a,gx-no-cache=1522077709349 HTTP/1.1" 200 29
186.103.159.46 - - [26/Mar/2018:12:22:45 -0300] "POST /cormun/servlet/solicitudot?gx-no-cache=1522077709500 HTTP/1.1" 200 1318
186.103.159.46 - - [26/Mar/2018:12:22:46 -0300] "POST /cormun/servlet/solicitudot?gx-no-cache=1522077709646 HTTP/1.1" 200 1218
200.73.230.197 - - [26/Mar/2018:12:22:51 -0300] "POST /cormun/servlet/permisosadjuntos?6e7747e5f143b5a22672977340d1754f,INS,8383429,P,20180319090734,, HTTP/1.1" 200 116
200.73.230.197 - - [26/Mar/2018:12:22:51 -0300] "GET /cormun/servlet/hpexe_return? HTTP/1.1" 200 1038
200.73.230.197 - - [26/Mar/2018:12:22:52 -0300] "GET /cormun/servlet/trpermisosadjuntos?8383429,20180319090734,P, HTTP/1.1" 200 6698
200.73.230.197 - - [26/Mar/2018:12:22:53 -0300] "GET /cormun/servlet/trpermisosadjuntos?8383429,20180319090734,P, HTTP/1.1" 200 6694
200.73.230.197 - - [26/Mar/2018:12:22:58 -0300] "GET /cormun/servlet/trpermisosgoce? HTTP/1.1" 200 8969
200.73.230.197 - - [26/Mar/2018:12:22:59 -0300] "GET /cormun/servlet/trpermisosgoce? HTTP/1.1" 200 8967
186.103.159.46 - - [26/Mar/2018:12:23:04 -0300] "GET /cormun/servlet/solicitudot?5f5d60804d64cf581a23235cf7c60510ea0365fdfe93cab107222587760ab5274ba37a2d6e49e02c0cb6dd1b3c6590e6,gx-no-cache=1522077727933 HTTP/1.1" 200 30
186.103.159.46 - - [26/Mar/2018:12:23:04 -0300] "GET /cormun/static/menuarrow.gif HTTP/1.1" 404 1015
200.73.230.197 - - [26/Mar/2018:12:23:06 -0300] "POST /cormun/servlet/trpermisosgoce?6e7747e5f143b5a22672977340d1754f,,gx-no-cache=1522081331256 HTTP/1.1" 200 6229
200.73.230.197 - - [26/Mar/2018:12:23:06 -0300] "GET /cormun/static/Shared/jqueryui/images/ui-bg_highlight-soft_100_c6c2c8_1x100.png HTTP/1.1" 404 1117
200.73.230.197 - - [26/Mar/2018:12:23:07 -0300] "GET /cormun/static/Shared/jqueryui/images/ui-bg_flat_55_fafafa_40x100.png HTTP/1.1" 404 1097
200.73.230.197 - - [26/Mar/2018:12:23:07 -0300] "GET /cormun/static/Shared/jqueryui/images/ui-icons_8d78a5_256x240.png HTTP/1.1" 404 1089
200.73.230.197 - - [26/Mar/2018:12:23:07 -0300] "GET /cormun/static/Shared/jqueryui/images/ui-icons_82798d_256x240.png HTTP/1.1" 404 1089
200.73.230.197 - - [26/Mar/2018:12:23:15 -0300] "GET /cormun/servlet/trpermisosadjuntos?12692670,20180319084226,P, HTTP/1.1" 200 6232
200.73.230.197 - - [26/Mar/2018:12:23:16 -0300] "GET /cormun/servlet/trpermisosadjuntos?12692670,20180319084226,P, HTTP/1.1" 200 6232
200.73.230.197 - - [26/Mar/2018:12:23:19 -0300] "GET /cormun/servlet/permisosadjuntos?INS,12692670,P,20180319084226,, HTTP/1.1" 200 5559
200.73.230.197 - - [26/Mar/2018:12:23:20 -0300] "GET /cormun/static/about:blank HTTP/1.1" 404 1011
200.73.230.197 - - [26/Mar/2018:12:23:20 -0300] "GET /cormun/servlet/permisosadjuntos?INS,12692670,P,20180319084226,, HTTP/1.1" 200 5550
192.168.10.89 - - [26/Mar/2018:12:23:49 -0300] "POST /cormun/servlet/hlogin?35327bd588faa164751fd5e1aabfdec0,gx-no-cache=1522077660790 HTTP/1.1" 440 972
192.168.10.89 - - [26/Mar/2018:12:23:50 -0300] "GET /cormun/servlet/hlogin HTTP/1.1" 200 1732
200.73.230.197 - - [26/Mar/2018:12:23:54 -0300] "POST /cormun/servlet/permisosadjuntos?6e7747e5f143b5a22672977340d1754f,INS,12692670,P,20180319084226,, HTTP/1.1" 200 116
200.73.230.197 - - [26/Mar/2018:12:23:54 -0300] "GET /cormun/servlet/hpexe_return? HTTP/1.1" 200 1039
200.73.230.197 - - [26/Mar/2018:12:23:55 -0300] "GET /cormun/servlet/trpermisosadjuntos?12692670,20180319084226,P, HTTP/1.1" 200 6693
192.168.10.89 - - [26/Mar/2018:12:23:56 -0300] "POST /cormun/servlet/hlogin?4d2b4ea1372a0caa58023324350bb7ca,gx-no-cache=1522077667507 HTTP/1.1" 200 90
192.168.10.89 - - [26/Mar/2018:12:23:56 -0300] "GET /cormun/servlet/hpexe_link HTTP/1.1" 200 951
192.168.10.89 - - [26/Mar/2018:12:23:56 -0300] "GET /cormun/servlet/hhome HTTP/1.1" 200 4921
200.73.230.197 - - [26/Mar/2018:12:23:56 -0300] "GET /cormun/servlet/trpermisosadjuntos?12692670,20180319084226,P, HTTP/1.1" 200 6689
192.168.10.89 - - [26/Mar/2018:12:23:58 -0300] "GET /cormun/servlet/trsolicitudgral? HTTP/1.1" 200 28934
200.73.230.197 - - [26/Mar/2018:12:24:05 -0300] "GET /cormun/servlet/trpermisosgoce? HTTP/1.1" 200 8965
200.73.230.197 - - [26/Mar/2018:12:24:06 -0300] "GET /cormun/servlet/trpermisosgoce? HTTP/1.1" 200 8964
192.168.10.56 - - [26/Mar/2018:12:24:07 -0300] "POST /cormun/servlet/hlogin?64ea06d0ac3f74178ea9c3b1c41f7191,gx-no-cache=1522077678637 HTTP/1.1" 200 90
192.168.10.89 - - [26/Mar/2018:12:24:07 -0300] "POST /cormun/servlet/trsolicitudgral?4d2b4ea1372a0caa58023324350bb7ca,,gx-no-cache=1522077678575 HTTP/1.1" 200 7291
192.168.10.56 - - [26/Mar/2018:12:24:07 -0300] "GET /cormun/servlet/hpexe_link HTTP/1.1" 200 980
192.168.10.56 - - [26/Mar/2018:12:24:07 -0300] "GET /cormun/servlet/trsolicitudgral?gx-no-cache=1522075886977 HTTP/1.1" 200 18612
192.168.10.56 - - [26/Mar/2018:12:24:08 -0300] "GET /cormun/servlet/trsolicitudgral?gx-no-cache=1522075886977 HTTP/1.1" 200 18632
200.73.230.197 - - [26/Mar/2018:12:24:11 -0300] "POST /cormun/servlet/trpermisosgoce?6e7747e5f143b5a22672977340d1754f,,gx-no-cache=1522081396061 HTTP/1.1" 200 6229
200.73.230.197 - - [26/Mar/2018:12:24:11 -0300] "GET /cormun/static/Shared/jqueryui/images/ui-bg_highlight-soft_100_c6c2c8_1x100.png HTTP/1.1" 404 1117
200.73.230.197 - - [26/Mar/2018:12:24:11 -0300] "GET /cormun/static/Shared/jqueryui/images/ui-icons_82798d_256x240.png HTTP/1.1" 404 1089
200.73.230.197 - - [26/Mar/2018:12:24:11 -0300] "GET /cormun/static/Shared/jqueryui/images/ui-bg_flat_55_fafafa_40x100.png HTTP/1.1" 404 1097
200.73.230.197 - - [26/Mar/2018:12:24:12 -0300] "GET /cormun/static/Shared/jqueryui/images/ui-icons_8d78a5_256x240.png HTTP/1.1" 404 1089
192.168.10.89 - - [26/Mar/2018:12:24:16 -0300] "POST /cormun/servlet/trsolicitudgral?4d2b4ea1372a0caa58023324350bb7ca,,gx-no-cache=1522077688182 HTTP/1.1" 200 5923
192.168.10.89 - - [26/Mar/2018:12:24:17 -0300] "POST /cormun/servlet/trsolicitudgral?4d2b4ea1372a0caa58023324350bb7ca,,gx-no-cache=1522077689126 HTTP/1.1" 200 5924
192.168.10.56 - - [26/Mar/2018:12:24:23 -0300] "POST /cormun/servlet/trsolicitudgral?64ea06d0ac3f74178ea9c3b1c41f7191,gx-no-cache=1522075886977,gx-no-cache=1522077695082 HTTP/1.1" 200 15783
192.168.10.89 - - [26/Mar/2018:12:24:24 -0300] "POST /cormun/servlet/trsolicitudgral?4d2b4ea1372a0caa58023324350bb7ca,,gx-no-cache=1522077696028 HTTP/1.1" 200 7664
200.73.230.197 - - [26/Mar/2018:12:24:24 -0300] "GET /cormun/servlet/hlogin HTTP/1.1" 200 1722
200.73.230.197 - - [26/Mar/2018:12:24:34 -0300] "POST /cormun/servlet/hlogin?6e7747e5f143b5a22672977340d1754f,gx-no-cache=1522081419175 HTTP/1.1" 200 90
200.73.230.197 - - [26/Mar/2018:12:24:34 -0300] "GET /cormun/servlet/hpexe_link HTTP/1.1" 200 959
200.73.230.197 - - [26/Mar/2018:12:24:34 -0300] "GET /cormun/servlet/trpermisosgoce? HTTP/1.1" 200 8967
200.73.230.197 - - [26/Mar/2018:12:24:36 -0300] "GET /cormun/servlet/trpermisosgoce? HTTP/1.1" 200 8963
192.168.10.56 - - [26/Mar/2018:12:24:39 -0300] "POST /cormun/servlet/trsolicitudgral?64ea06d0ac3f74178ea9c3b1c41f7191,gx-no-cache=1522075886977,gx-no-cache=1522077710797 HTTP/1.1" 200 115
192.168.10.56 - - [26/Mar/2018:12:24:39 -0300] "GET /cormun/servlet/solicitudotlog?INS,2018,9619,0,REC, HTTP/1.1" 200 6328
192.168.10.56 - - [26/Mar/2018:12:24:39 -0300] "GET /cormun/servlet/solicitudotlog?INS,2018,9619,0,REC, HTTP/1.1" 200 6304
192.168.10.56 - - [26/Mar/2018:12:24:40 -0300] "GET /cormun/servlet/solicitudotlog?e99d08b32fcee45df5a7bd80226637d051939c5bd703dcae529939d0971d1558a144887d9ff68e208137d7c0441a8de5089e409683918d425ccb7d4ac55f4e798153d399602deb0e1df2272af9f7ed146fd86d9311bbedfb7d823e180aae52f9901cc2dc97ed006156273300875d8766d59a47e6c5851ec1301d671707a35b520c40b4f96c8aa6c6b087d2a74a6eaec06420967edc88920685b2793bd85f0a5d,gx-no-cache=1522077711731 HTTP/1.1" 200 94
200.73.230.197 - - [26/Mar/2018:12:24:47 -0300] "GET /cormun/servlet/hlogin HTTP/1.1" 200 1722
192.168.10.56 - - [26/Mar/2018:12:24:50 -0300] "POST /cormun/servlet/solicitudotlog?64ea06d0ac3f74178ea9c3b1c41f7191,INS,2018,9619,0,REC,,gx-no-cache=1522077722225 HTTP/1.1" 200 93
192.168.10.56 - - [26/Mar/2018:12:24:50 -0300] "GET /cormun/servlet/hpexe_return? HTTP/1.1" 200 1046
192.168.10.56 - - [26/Mar/2018:12:24:51 -0300] "GET /cormun/servlet/trsolicitudgral?gx-no-cache=1522075886977 HTTP/1.1" 200 18321
192.168.10.56 - - [26/Mar/2018:12:24:51 -0300] "GET /cormun/servlet/trsolicitudgral?gx-no-cache=1522075886977 HTTP/1.1" 200 18339
200.73.230.197 - - [26/Mar/2018:12:24:58 -0300] "POST /cormun/servlet/hlogin?6e7747e5f143b5a22672977340d1754f,gx-no-cache=1522081443633 HTTP/1.1" 200 90
200.73.230.197 - - [26/Mar/2018:12:24:59 -0300] "GET /cormun/servlet/hpexe_link HTTP/1.1" 200 952
200.73.230.197 - - [26/Mar/2018:12:24:59 -0300] "GET /cormun/servlet/hhome HTTP/1.1" 200 4119
200.73.230.197 - - [26/Mar/2018:12:25:00 -0300] "GET /cormun/servlet/hhome HTTP/1.1" 200 4116
200.73.230.197 - - [26/Mar/2018:12:25:07 -0300] "GET /cormun/servlet/trautorizarpermisogoce? HTTP/1.1" 200 8537
200.73.230.197 - - [26/Mar/2018:12:25:07 -0300] "GET /cormun/static/gxcfg.js?20177612165975 HTTP/1.1" 200 953
200.73.230.197 - - [26/Mar/2018:12:25:07 -0300] "GET /cormun/static/trautorizarpermisogoce.js?2017761217384 HTTP/1.1" 200 34948
200.73.230.197 - - [26/Mar/2018:12:25:08 -0300] "GET /cormun/servlet/trautorizarpermisogoce? HTTP/1.1" 200 8537
186.103.159.46 - - [26/Mar/2018:12:25:27 -0300] "POST /cormun/servlet/solicitudot?gx-no-cache=1522077871496 HTTP/1.1" 200 30
190.151.99.26 - - [26/Mar/2018:12:25:28 -0300] "GET /cormun/servlet/hlogin HTTP/1.1" 200 1730
186.103.159.46 - - [26/Mar/2018:12:25:28 -0300] "POST /cormun/servlet/solicitudot?cf7d714ac9a9680673e90fe8a6a8e492,INS,0,0,,gx-no-cache=1522077871654 HTTP/1.1" 200 11728
190.151.99.26 - - [26/Mar/2018:12:25:31 -0300] "POST /cormun/servlet/hlogin?5449771a221c9cbd2640d88f79961824,gx-no-cache=1522077879012 HTTP/1.1" 200 90
200.73.230.197 - - [26/Mar/2018:12:25:31 -0300] "POST /cormun/servlet/trautorizarpermisogoce?6e7747e5f143b5a22672977340d1754f,,gx-no-cache=1522081475859 HTTP/1.1" 200 5621
190.151.99.26 - - [26/Mar/2018:12:25:31 -0300] "GET /cormun/servlet/hpexe_link HTTP/1.1" 200 955
190.151.99.26 - - [26/Mar/2018:12:25:31 -0300] "GET /cormun/servlet/hhome HTTP/1.1" 200 4212
200.73.230.197 - - [26/Mar/2018:12:25:31 -0300] "GET /cormun/static/Shared/jqueryui/images/ui-bg_highlight-soft_100_c6c2c8_1x100.png HTTP/1.1" 404 1117
200.73.230.197 - - [26/Mar/2018:12:25:31 -0300] "GET /cormun/static/Shared/jqueryui/images/ui-icons_82798d_256x240.png HTTP/1.1" 404 1089
200.73.230.197 - - [26/Mar/2018:12:25:31 -0300] "GET /cormun/static/Shared/jqueryui/images/ui-bg_flat_55_fafafa_40x100.png HTTP/1.1" 404 1097
200.73.230.197 - - [26/Mar/2018:12:25:31 -0300] "GET /cormun/static/Shared/jqueryui/images/ui-icons_8d78a5_256x240.png HTTP/1.1" 404 1089
190.151.99.26 - - [26/Mar/2018:12:25:32 -0300] "GET /cormun/servlet/hhome HTTP/1.1" 200 4208
200.73.230.197 - - [26/Mar/2018:12:25:34 -0300] "POST /cormun/servlet/trautorizarpermisogoce?6e7747e5f143b5a22672977340d1754f,,gx-no-cache=1522081479139 HTTP/1.1" 200 5396
152.231.70.146 - - [26/Mar/2018:12:25:39 -0300] "GET /cormun/servlet/trcontratounov2? HTTP/1.1" 200 16457
152.231.70.146 - - [26/Mar/2018:12:25:39 -0300] "GET /cormun/static/gxcfg.js?201752512124396 HTTP/1.1" 200 953
152.231.70.146 - - [26/Mar/2018:12:25:39 -0300] "GET /cormun/static/Resources/PXToolsAddSelectedAction.png HTTP/1.1" 200 3660
152.231.70.146 - - [26/Mar/2018:12:25:44 -0300] "GET /cormun/static/trcontratounov2.js?201752512125146 HTTP/1.1" 200 38486
200.73.230.197 - - [26/Mar/2018:12:25:44 -0300] "POST /cormun/servlet/trautorizarpermisogoce?6e7747e5f143b5a22672977340d1754f,,gx-no-cache=1522081488509 HTTP/1.1" 200 5116
200.73.230.197 - - [26/Mar/2018:12:25:47 -0300] "POST /cormun/servlet/trautorizarpermisogoce?6e7747e5f143b5a22672977340d1754f,,gx-no-cache=1522081492108 HTTP/1.1" 200 4359
152.231.70.146 - - [26/Mar/2018:12:25:57 -0300] "GET /cormun//static/Resources/PXToolsActionDisabled.gif HTTP/1.1" 200 53
152.231.70.146 - - [26/Mar/2018:12:25:57 -0300] "GET /cormun/servlet/trcontratounov2? HTTP/1.1" 200 16453
200.73.230.197 - - [26/Mar/2018:12:26:05 -0300] "GET /cormun/servlet/hlogin HTTP/1.1" 200 1722
186.103.159.46 - - [26/Mar/2018:12:26:19 -0300] "POST /cormun/servlet/solicitudot?gx-no-cache=1522077923447 HTTP/1.1" 200 30
186.103.159.46 - - [26/Mar/2018:12:26:23 -0300] "GET /cormun/servlet/prcontratosol?11888967,,,,,MD,,gxPopupLevel%3D0%3B HTTP/1.1" 200 8270
186.103.159.46 - - [26/Mar/2018:12:26:23 -0300] "GET /cormun/static/gxcfg.js?201761413223964 HTTP/1.1" 304 -
192.168.10.56 - - [26/Mar/2018:12:26:29 -0300] "POST /cormun/servlet/trsolicitudgral?64ea06d0ac3f74178ea9c3b1c41f7191,gx-no-cache=1522075886977,gx-no-cache=1522077820678 HTTP/1.1" 200 6183
192.168.10.56 - - [26/Mar/2018:12:26:29 -0300] "GET /cormun/static/Shared/jqueryui/images/ui-bg_highlight-soft_100_c6c2c8_1x100.png HTTP/1.1" 404 1117
