66.249.85.29 - - [26/Mar/2018:15:33:07 -0300] "GET /cormun/static/Resources/PXToolsActionExcel.png HTTP/1.1" 200 3187
66.249.85.29 - - [26/Mar/2018:15:33:08 -0300] "GET /cormun/static/Resources/asc.gif HTTP/1.1" 200 67
66.249.85.28 - - [26/Mar/2018:15:33:08 -0300] "GET /cormun/servlet/trautorizarsolicitud? HTTP/1.1" 200 9758
66.249.85.29 - - [26/Mar/2018:15:33:08 -0300] "GET /cormun/static/Resources/desc.gif HTTP/1.1" 200 65
66.249.85.28 - - [26/Mar/2018:15:33:08 -0300] "GET /cormun//static/Resources/PXToolsGridDelete.png HTTP/1.1" 200 357
66.249.85.27 - - [26/Mar/2018:15:33:08 -0300] "GET /cormun//static/Resources/PXToolsRemoveAllAction.png HTTP/1.1" 200 3558
66.249.85.29 - - [26/Mar/2018:15:33:08 -0300] "GET /cormun//static/Resources/PXToolsActionView.png HTTP/1.1" 200 2995
66.249.85.29 - - [26/Mar/2018:15:33:08 -0300] "GET /cormun//static/Resources/PXToolsGridUpdate.png HTTP/1.1" 200 2984
66.249.85.28 - - [26/Mar/2018:15:33:08 -0300] "GET /cormun//static/Resources/PXTools/ActionInsert.png HTTP/1.1" 200 1482
66.249.85.29 - - [26/Mar/2018:15:33:08 -0300] "GET /cormun/static/Shared/ext/resources/themes/images/default/panel/bg-headersPanel.png HTTP/1.1" 200 255
66.249.85.28 - - [26/Mar/2018:15:33:08 -0300] "GET /cormun/static/Shared/ext/resources/themes/images/default/tools/tool-sprites.gif HTTP/1.1" 200 5434
186.103.159.44 - - [26/Mar/2018:15:33:12 -0300] "POST /cormun/servlet/solicitudot?gx-no-cache=1522089142988 HTTP/1.1" 200 3401
186.103.159.44 - - [26/Mar/2018:15:33:13 -0300] "POST /cormun/servlet/solicitudot?9aa8e270c364fc27141d801a8396238f,INS,0,0,,gx-no-cache=1522089143304 HTTP/1.1" 200 10560
186.79.189.240 - - [26/Mar/2018:15:33:16 -0300] "GET /cormun/static/menuarrow.gif HTTP/1.1" 404 1015
186.79.189.240 - - [26/Mar/2018:15:33:19 -0300] "GET /cormun/servlet/solicitudot?516d3b4e2fc88b56d22c6703fc9f6b5c3618547980637a55bf09521d922b9dfaa86e0f50176aed6a2bf8c45436c82ec6,gx-no-cache=1522089143492 HTTP/1.1" 200 30
186.103.159.44 - - [26/Mar/2018:15:33:20 -0300] "GET /cormun/servlet/solicitudot?6a91b4d32048021099adb513d4a4065c9589acff669bc69880d8a013deb5ffc776d01baebff10bcfe72511f4bd481558,gx-no-cache=1522089150380 HTTP/1.1" 200 30
186.103.159.44 - - [26/Mar/2018:15:33:20 -0300] "GET /cormun/servlet/solicitudot?6a91b4d32048021099adb513d4a4065c306f955f8af49312b654336becda924161caae7cef8030118a564a0a515d5dac76d01baebff10bcfe72511f4bd481558,gx-no-cache=1522089150459 HTTP/1.1" 200 30
186.103.159.44 - - [26/Mar/2018:15:33:20 -0300] "GET /cormun/servlet/solicitudot?6a91b4d32048021099adb513d4a4065cdbff79669013e74b03c603bd138ae31b,gx-no-cache=1522089150504 HTTP/1.1" 200 53
186.103.159.44 - - [26/Mar/2018:15:33:20 -0300] "POST /cormun/servlet/solicitudot?gx-no-cache=1522089150542 HTTP/1.1" 200 297
186.103.159.44 - - [26/Mar/2018:15:33:20 -0300] "GET /cormun/servlet/solicitudot?6a91b4d32048021099adb513d4a4065cea2ad188b89d2f71174ed6c0559f2cfc561ebf17cea9f7c0097deed3e40fdcbead3ce7f65fc356f53bdd5d9d3c94bb8aa2f18fed3ab98784a37d884e6482f3612e7442339ace7a43f4acf3848cca3ec54be803c21730fab015ae8da6a3c0aa35c4058e2bd815059937df9817cb0762b7028fa7e8f6c639ee6dbf57181c8f95e14f288be41dd7df40cd74b1ceb3441f4b21957f0db79478397c10c9abad3358b05ceb4c0978060e55ce34bd7d66ce3eb9b81fb6462426567615230b35fce8b6118243ab2fe6b6c5e35d88b1532c718549f1cb112e60198ce9377feeb8440ab3f2acfce3cbe6b42ba99ab42980e4db73780bcebe4f8f0f06e74919852e47ad0e3fa36421cf75cd1486d53d5085a479a6a710a470f50191054a9c343d3b76fe3f2838cac0c3a0c18a9bbfa87c2ac776545b4b991f79b3f778a8f4abca0d57fa28db94da19f28d3bcf7a0eac39a96aa8f9d8f2ac95415ae51bcf87bb68a25875f5d1780bd1b19cad67216688ed812e120797bd3fa7890f7a185e7f0fb3f700ab1aec,gx-no-cache=1522089150593 HTTP/1.1" 200 30
201.219.237.7 - - [26/Mar/2018:15:33:21 -0300] "POST /cormun/servlet/trautorizarsolicitud?d2203b76ef62b90d997641fe813c0104,,gx-no-cache=1522089149097 HTTP/1.1" 200 6577
66.249.85.27 - - [26/Mar/2018:15:33:22 -0300] "GET /cormun/static/Shared/jqueryui/images/ui-bg_highlight-soft_100_c6c2c8_1x100.png HTTP/1.1" 404 1117
66.249.85.29 - - [26/Mar/2018:15:33:22 -0300] "GET /cormun/static/Shared/jqueryui/images/ui-icons_82798d_256x240.png HTTP/1.1" 404 1089
66.249.85.27 - - [26/Mar/2018:15:33:22 -0300] "GET /cormun/static/Shared/jqueryui/images/ui-bg_flat_55_fafafa_40x100.png HTTP/1.1" 404 1097
66.249.85.29 - - [26/Mar/2018:15:33:22 -0300] "GET /cormun/static/Shared/jqueryui/images/ui-icons_8d78a5_256x240.png HTTP/1.1" 404 1089
186.103.159.44 - - [26/Mar/2018:15:33:22 -0300] "POST /cormun/servlet/solicitudot?gx-no-cache=1522089152449 HTTP/1.1" 200 30
201.219.237.7 - - [26/Mar/2018:15:33:22 -0300] "POST /cormun/servlet/trautorizarsolicitud?d2203b76ef62b90d997641fe813c0104,,gx-no-cache=1522089149728 HTTP/1.1" 200 6522
186.103.159.44 - - [26/Mar/2018:15:33:23 -0300] "GET /cormun/servlet/prcontratosol?16255269,,,,,MD,,gxPopupLevel%3D0%3B HTTP/1.1" 200 7957
201.219.237.7 - - [26/Mar/2018:15:33:24 -0300] "POST /cormun/servlet/trautorizarsolicitud?d2203b76ef62b90d997641fe813c0104,,gx-no-cache=1522089151466 HTTP/1.1" 200 6202
201.219.237.7 - - [26/Mar/2018:15:33:24 -0300] "POST /cormun/servlet/trautorizarsolicitud?d2203b76ef62b90d997641fe813c0104,,gx-no-cache=1522089152051 HTTP/1.1" 200 6145
201.219.237.7 - - [26/Mar/2018:15:33:27 -0300] "POST /cormun/servlet/trautorizarsolicitud?d2203b76ef62b90d997641fe813c0104,,gx-no-cache=1522089154908 HTTP/1.1" 200 5804
201.219.237.7 - - [26/Mar/2018:15:33:28 -0300] "POST /cormun/servlet/trautorizarsolicitud?d2203b76ef62b90d997641fe813c0104,,gx-no-cache=1522089155438 HTTP/1.1" 200 5749
186.103.159.46 - - [26/Mar/2018:15:33:29 -0300] "POST /cormun/servlet/solicitudot?gx-no-cache=1522089153564 HTTP/1.1" 200 33
186.103.159.46 - - [26/Mar/2018:15:33:30 -0300] "POST /cormun/servlet/solicitudot?37660e0a8d594f5aa0c655698c086c90,INS,0,0,,gx-no-cache=1522089153782 HTTP/1.1" 200 93
201.219.237.7 - - [26/Mar/2018:15:33:30 -0300] "POST /cormun/servlet/trautorizarsolicitud?d2203b76ef62b90d997641fe813c0104,,gx-no-cache=1522089157399 HTTP/1.1" 200 4598
186.103.159.46 - - [26/Mar/2018:15:33:30 -0300] "GET /cormun/servlet/hpexe_return? HTTP/1.1" 200 1006
186.103.159.46 - - [26/Mar/2018:15:33:30 -0300] "GET /cormun/servlet/trsolicitudot HTTP/1.1" 200 8722
201.219.237.7 - - [26/Mar/2018:15:33:30 -0300] "POST /cormun/servlet/trautorizarsolicitud?d2203b76ef62b90d997641fe813c0104,,gx-no-cache=1522089157920 HTTP/1.1" 200 4374
186.103.159.46 - - [26/Mar/2018:15:33:31 -0300] "GET /cormun/servlet/trsolicitudot HTTP/1.1" 200 8718
186.79.189.240 - - [26/Mar/2018:15:33:31 -0300] "POST /cormun/servlet/solicitudot?gx-no-cache=1522089155604 HTTP/1.1" 200 30
186.79.189.240 - - [26/Mar/2018:15:33:32 -0300] "POST /cormun/servlet/solicitudot?b42fa95049beb27545aaf153f91a5780,INS,0,0,,gx-no-cache=1522089155738 HTTP/1.1" 200 93
186.79.189.240 - - [26/Mar/2018:15:33:32 -0300] "GET /cormun/servlet/hpexe_return? HTTP/1.1" 200 1022
186.79.189.240 - - [26/Mar/2018:15:33:33 -0300] "GET /cormun/static/Resources/Spanish/PXTools.css?167811 HTTP/1.1" 304 -
186.79.189.240 - - [26/Mar/2018:15:33:33 -0300] "GET /cormun/static/hpexe_return.js?2016101716175153 HTTP/1.1" 304 -
186.79.189.240 - - [26/Mar/2018:15:33:33 -0300] "GET /cormun/servlet/trsolicitudot?gx-no-cache=1522086716160 HTTP/1.1" 200 8766
186.79.189.240 - - [26/Mar/2018:15:33:33 -0300] "GET /cormun/static/Resources/PXToolsDataSearch.png HTTP/1.1" 200 419
186.79.189.240 - - [26/Mar/2018:15:33:33 -0300] "GET /cormun/static/Resources/PXToolsGridNextDisabled.gif HTTP/1.1" 200 90
186.79.189.240 - - [26/Mar/2018:15:33:33 -0300] "GET /cormun/static/Resources/PXToolsGridPage.gif HTTP/1.1" 200 725
186.79.189.240 - - [26/Mar/2018:15:33:33 -0300] "GET /cormun/static/Resources/PXToolsGridPreviousDisabled.gif HTTP/1.1" 200 90
186.79.189.240 - - [26/Mar/2018:15:33:34 -0300] "GET /cormun/static/Resources/PXToolsGridFirstDisabled.gif HTTP/1.1" 200 100
186.79.189.240 - - [26/Mar/2018:15:33:34 -0300] "GET /cormun/static/Resources/PXToolsGridLastDisabled.gif HTTP/1.1" 200 98
186.79.189.240 - - [26/Mar/2018:15:33:34 -0300] "GET /cormun/servlet/trsolicitudot?gx-no-cache=1522086716160 HTTP/1.1" 200 8783
186.103.159.44 - - [26/Mar/2018:15:33:34 -0300] "POST /cormun/servlet/solicitudot?gx-no-cache=1522089164555 HTTP/1.1" 200 1337
186.79.189.240 - - [26/Mar/2018:15:33:34 -0300] "GET /cormun/static/Shared/ext/resources/themes/images/default/tools/tool-sprites.gif HTTP/1.1" 200 5434
186.79.189.240 - - [26/Mar/2018:15:33:34 -0300] "GET /cormun/static/Shared/ext/resources/themes/images/default/panel/bg-headersPanel.png HTTP/1.1" 200 255
186.103.159.44 - - [26/Mar/2018:15:33:35 -0300] "POST /cormun/servlet/solicitudot?gx-no-cache=1522089164817 HTTP/1.1" 200 38
186.79.189.240 - - [26/Mar/2018:15:33:37 -0300] "POST /cormun/servlet/trsolicitudot?b42fa95049beb27545aaf153f91a5780,gx-no-cache=1522086716160,gx-no-cache=1522089160500 HTTP/1.1" 200 6043
186.79.189.240 - - [26/Mar/2018:15:33:37 -0300] "GET /cormun/static/Shared/jqueryui/images/ui-bg_highlight-soft_100_c6c2c8_1x100.png HTTP/1.1" 404 1117
186.79.189.240 - - [26/Mar/2018:15:33:37 -0300] "GET /cormun/static/Shared/jqueryui/images/ui-icons_82798d_256x240.png HTTP/1.1" 404 1089
186.79.189.240 - - [26/Mar/2018:15:33:37 -0300] "GET /cormun/static/Shared/jqueryui/images/ui-icons_8d78a5_256x240.png HTTP/1.1" 404 1089
186.79.189.240 - - [26/Mar/2018:15:33:37 -0300] "GET /cormun/static/Shared/jqueryui/images/ui-bg_flat_55_fafafa_40x100.png HTTP/1.1" 404 1097
186.103.159.44 - - [26/Mar/2018:15:33:37 -0300] "GET /cormun/servlet/solicitudot?6a91b4d32048021099adb513d4a4065cfa12edce569e35efeb486c44aa9ea77f2c6c98d20ff193edd0dd1b882867f5c2cbb7c7413fd0033f329c9409cf327f7bdd339c120c7a76239837266742f745125aefe4a8987263e83071c3027ecf7de2ecfe132b7938c2bef9908aa34b69c935,gx-no-cache=1522089165860 HTTP/1.1" 200 29
186.103.159.44 - - [26/Mar/2018:15:33:37 -0300] "POST /cormun/servlet/solicitudot?gx-no-cache=1522089168025 HTTP/1.1" 200 1318
186.103.159.44 - - [26/Mar/2018:15:33:38 -0300] "POST /cormun/servlet/solicitudot?gx-no-cache=1522089168301 HTTP/1.1" 200 1217
186.103.159.44 - - [26/Mar/2018:15:33:38 -0300] "GET /cormun/servlet/solicitudot?6a91b4d32048021099adb513d4a4065c2adbd19566cc38df70a2c8abc096b454,gx-no-cache=1522089168465 HTTP/1.1" 200 30
40.77.167.208 - - [26/Mar/2018:15:33:42 -0300] "GET /cormun/static/PXToolsJavascripts/pexe_scrolldiv.js HTTP/1.1" 200 4138
40.77.167.208 - - [26/Mar/2018:15:33:44 -0300] "GET /cormun/static/Shared/jquery/jquery-1.10.2.min.js HTTP/1.1" 200 273199
186.103.159.44 - - [26/Mar/2018:15:33:59 -0300] "POST /cormun/servlet/solicitudot?gx-no-cache=1522089189331 HTTP/1.1" 200 1337
186.103.159.44 - - [26/Mar/2018:15:33:59 -0300] "POST /cormun/servlet/solicitudot?gx-no-cache=1522089189522 HTTP/1.1" 200 38
186.103.159.44 - - [26/Mar/2018:15:34:06 -0300] "POST /cormun/servlet/solicitudot?gx-no-cache=1522089197032 HTTP/1.1" 200 1317
186.103.159.44 - - [26/Mar/2018:15:34:06 -0300] "POST /cormun/servlet/solicitudot?gx-no-cache=1522089197109 HTTP/1.1" 200 1217
186.103.159.44 - - [26/Mar/2018:15:34:06 -0300] "GET /cormun/static/menuarrow.gif HTTP/1.1" 404 1015
186.103.159.44 - - [26/Mar/2018:15:34:08 -0300] "POST /cormun/servlet/solicitudot?gx-no-cache=1522089198721 HTTP/1.1" 200 1317
186.103.159.44 - - [26/Mar/2018:15:34:08 -0300] "POST /cormun/servlet/solicitudot?gx-no-cache=1522089198821 HTTP/1.1" 200 1217
186.103.159.44 - - [26/Mar/2018:15:34:12 -0300] "GET /cormun/servlet/solicitudot?6a91b4d32048021099adb513d4a4065ce0af667233f44cd49be3360656e33a8a5c27f044a74de69a0a1c122964d38c0d,gx-no-cache=1522089203142 HTTP/1.1" 200 30
186.103.159.44 - - [26/Mar/2018:15:34:22 -0300] "POST /cormun/servlet/solicitudot?gx-no-cache=1522089212502 HTTP/1.1" 200 33
186.79.189.240 - - [26/Mar/2018:15:34:30 -0300] "POST /cormun/servlet/trsolicitudot?b42fa95049beb27545aaf153f91a5780,gx-no-cache=1522086716160,gx-no-cache=1522089214032 HTTP/1.1" 200 107
186.79.189.240 - - [26/Mar/2018:15:34:30 -0300] "GET /cormun/servlet/trsolicitudadjuntos?2018,10847, HTTP/1.1" 200 6321
186.79.189.240 - - [26/Mar/2018:15:34:31 -0300] "GET /cormun/servlet/trsolicitudadjuntos?2018,10847, HTTP/1.1" 200 6299
186.79.189.240 - - [26/Mar/2018:15:34:33 -0300] "GET /cormun/servlet/solicitudotadjuntos?INS,2018,10847,,1, HTTP/1.1" 200 6246
186.79.189.240 - - [26/Mar/2018:15:34:33 -0300] "GET /cormun/static/about:blank HTTP/1.1" 404 1011
186.79.189.240 - - [26/Mar/2018:15:34:34 -0300] "GET /cormun/servlet/solicitudotadjuntos?INS,2018,10847,,1, HTTP/1.1" 200 6239
186.79.189.240 - - [26/Mar/2018:15:34:34 -0300] "GET /cormun/servlet/solicitudotadjuntos?516d3b4e2fc88b56d22c6703fc9f6b5c1a61d7e6dc52ced2eccce44290eb242c8cf90041f22a245564615312048f4eb6,gx-no-cache=1522089218572 HTTP/1.1" 200 30
186.79.189.240 - - [26/Mar/2018:15:34:35 -0300] "POST /cormun/servlet/solicitudotadjuntos?b42fa95049beb27545aaf153f91a5780,INS,2018,10847,,1,,gx-no-cache=1522089218656 HTTP/1.1" 200 3992
186.103.159.46 - - [26/Mar/2018:15:34:36 -0300] "POST /cormun/servlet/trsolicitudot?37660e0a8d594f5aa0c655698c086c90,gx-no-cache=1522089220272 HTTP/1.1" 200 4688
186.103.159.46 - - [26/Mar/2018:15:34:36 -0300] "GET /cormun/static/Shared/jqueryui/images/ui-bg_highlight-soft_100_c6c2c8_1x100.png HTTP/1.1" 404 1117
186.103.159.46 - - [26/Mar/2018:15:34:36 -0300] "GET /cormun/static/Shared/jqueryui/images/ui-icons_82798d_256x240.png HTTP/1.1" 404 1089
186.103.159.46 - - [26/Mar/2018:15:34:36 -0300] "GET /cormun/static/Shared/jqueryui/images/ui-bg_flat_55_fafafa_40x100.png HTTP/1.1" 404 1097
186.103.159.46 - - [26/Mar/2018:15:34:36 -0300] "GET /cormun/static/Shared/jqueryui/images/ui-icons_8d78a5_256x240.png HTTP/1.1" 404 1089
186.103.159.46 - - [26/Mar/2018:15:34:36 -0300] "POST /cormun/servlet/trsolicitudot?37660e0a8d594f5aa0c655698c086c90,gx-no-cache=1522089220568 HTTP/1.1" 200 4452
186.79.189.240 - - [26/Mar/2018:15:34:36 -0300] "POST /cormun/servlet/solicitudotadjuntos?gx-no-cache=1522089220686 HTTP/1.1" 200 26
186.103.159.44 - - [26/Mar/2018:15:34:58 -0300] "POST /cormun/servlet/solicitudot?9aa8e270c364fc27141d801a8396238f,INS,0,0,,gx-no-cache=1522089248230 HTTP/1.1" 200 93
186.103.159.44 - - [26/Mar/2018:15:34:58 -0300] "GET /cormun/servlet/hpexe_return? HTTP/1.1" 200 1004
186.103.159.44 - - [26/Mar/2018:15:34:58 -0300] "GET /cormun/servlet/trsolicitudot HTTP/1.1" 200 8725
192.168.10.96 - - [26/Mar/2018:15:35:26 -0300] "GET /cormun/servlet/trsolicitudgral? HTTP/1.1" 200 16356
192.168.10.96 - - [26/Mar/2018:15:35:27 -0300] "GET /cormun/servlet/trsolicitudgral? HTTP/1.1" 200 16356
192.168.10.96 - - [26/Mar/2018:15:36:04 -0300] "POST /cormun/servlet/trsolicitudgral?0a48325d901ab68450a17d5c5b925593,,gx-no-cache=1522089195599 HTTP/1.1" 200 24391
192.168.10.96 - - [26/Mar/2018:15:36:09 -0300] "POST /cormun/servlet/trsolicitudgral?0a48325d901ab68450a17d5c5b925593,,gx-no-cache=1522089200889 HTTP/1.1" 200 10579
186.103.159.44 - - [26/Mar/2018:15:36:20 -0300] "POST /cormun/servlet/trsolicitudot?9aa8e270c364fc27141d801a8396238f,gx-no-cache=1522089330973 HTTP/1.1" 200 4676
186.103.159.44 - - [26/Mar/2018:15:36:21 -0300] "POST /cormun/servlet/trsolicitudot?9aa8e270c364fc27141d801a8396238f,gx-no-cache=1522089331319 HTTP/1.1" 200 4442
186.103.159.44 - - [26/Mar/2018:15:36:21 -0300] "GET /cormun/static/Shared/jqueryui/images/ui-bg_highlight-soft_100_c6c2c8_1x100.png HTTP/1.1" 404 1117
186.103.159.44 - - [26/Mar/2018:15:36:21 -0300] "GET /cormun/static/Shared/jqueryui/images/ui-bg_flat_55_fafafa_40x100.png HTTP/1.1" 404 1097
186.103.159.44 - - [26/Mar/2018:15:36:21 -0300] "GET /cormun/static/Shared/jqueryui/images/ui-icons_82798d_256x240.png HTTP/1.1" 404 1089
186.103.159.44 - - [26/Mar/2018:15:36:21 -0300] "GET /cormun/static/Shared/jqueryui/images/ui-icons_8d78a5_256x240.png HTTP/1.1" 404 1089
186.79.189.240 - - [26/Mar/2018:15:37:22 -0300] "GET /cormun/servlet/solicitudotadjuntos?516d3b4e2fc88b56d22c6703fc9f6b5c4e136a681aebeea83a27b8ab52dae04f,gx-no-cache=1522089386024 HTTP/1.1" 200 30
186.79.189.240 - - [26/Mar/2018:15:37:22 -0300] "GET /cormun/servlet/solicitudotadjuntos?516d3b4e2fc88b56d22c6703fc9f6b5c4e136a681aebeea83a27b8ab52dae04f,gx-no-cache=1522089386200 HTTP/1.1" 200 30
186.79.189.240 - - [26/Mar/2018:15:37:24 -0300] "POST /cormun/servlet/solicitudotadjuntos?b42fa95049beb27545aaf153f91a5780,INS,2018,10847,,1, HTTP/1.1" 200 116
186.79.189.240 - - [26/Mar/2018:15:37:24 -0300] "GET /cormun/servlet/hpexe_return? HTTP/1.1" 200 1022
186.79.189.240 - - [26/Mar/2018:15:37:25 -0300] "GET /cormun/servlet/trsolicitudadjuntos?2018,10847, HTTP/1.1" 200 8750
186.79.189.240 - - [26/Mar/2018:15:37:26 -0300] "GET /cormun/servlet/trsolicitudadjuntos?2018,10847, HTTP/1.1" 200 8744
186.79.189.240 - - [26/Mar/2018:15:37:28 -0300] "GET /cormun/servlet/solicitudotadjuntos?INS,2018,10847,,1, HTTP/1.1" 200 6244
186.79.189.240 - - [26/Mar/2018:15:37:29 -0300] "GET /cormun/static/about:blank HTTP/1.1" 404 1011
186.79.189.240 - - [26/Mar/2018:15:37:29 -0300] "GET /cormun/servlet/solicitudotadjuntos?INS,2018,10847,,1, HTTP/1.1" 200 6238
186.79.189.240 - - [26/Mar/2018:15:37:30 -0300] "GET /cormun/servlet/solicitudotadjuntos?516d3b4e2fc88b56d22c6703fc9f6b5c1a61d7e6dc52ced2eccce44290eb242c8cf90041f22a245564615312048f4eb6,gx-no-cache=1522089394016 HTTP/1.1" 200 30
186.79.189.240 - - [26/Mar/2018:15:37:30 -0300] "POST /cormun/servlet/solicitudotadjuntos?b42fa95049beb27545aaf153f91a5780,INS,2018,10847,,1,,gx-no-cache=1522089394138 HTTP/1.1" 200 3990
186.79.189.240 - - [26/Mar/2018:15:37:32 -0300] "POST /cormun/servlet/solicitudotadjuntos?gx-no-cache=1522089396530 HTTP/1.1" 200 26
186.79.189.240 - - [26/Mar/2018:15:37:38 -0300] "GET /cormun/servlet/solicitudotadjuntos?516d3b4e2fc88b56d22c6703fc9f6b5c4e136a681aebeea83a27b8ab52dae04f,gx-no-cache=1522089402346 HTTP/1.1" 200 30
186.79.189.240 - - [26/Mar/2018:15:37:38 -0300] "GET /cormun/servlet/solicitudotadjuntos?516d3b4e2fc88b56d22c6703fc9f6b5c4e136a681aebeea83a27b8ab52dae04f,gx-no-cache=1522089402410 HTTP/1.1" 200 30
186.79.189.240 - - [26/Mar/2018:15:37:40 -0300] "POST /cormun/servlet/solicitudotadjuntos?b42fa95049beb27545aaf153f91a5780,INS,2018,10847,,1, HTTP/1.1" 200 116
186.79.189.240 - - [26/Mar/2018:15:37:41 -0300] "GET /cormun/servlet/hpexe_return? HTTP/1.1" 200 1022
186.79.189.240 - - [26/Mar/2018:15:37:41 -0300] "GET /cormun/servlet/trsolicitudadjuntos?2018,10847, HTTP/1.1" 200 8952
186.79.189.240 - - [26/Mar/2018:15:37:42 -0300] "GET /cormun/servlet/trsolicitudadjuntos?2018,10847, HTTP/1.1" 200 8952
186.79.189.240 - - [26/Mar/2018:15:37:45 -0300] "GET /cormun/servlet/solicitudotadjuntos?INS,2018,10847,,1, HTTP/1.1" 200 6244
186.79.189.240 - - [26/Mar/2018:15:37:45 -0300] "GET /cormun/static/about:blank HTTP/1.1" 404 1011
186.79.189.240 - - [26/Mar/2018:15:37:45 -0300] "GET /cormun/servlet/solicitudotadjuntos?INS,2018,10847,,1, HTTP/1.1" 200 6238
186.79.189.240 - - [26/Mar/2018:15:37:46 -0300] "GET /cormun/servlet/solicitudotadjuntos?516d3b4e2fc88b56d22c6703fc9f6b5c1a61d7e6dc52ced2eccce44290eb242c8cf90041f22a245564615312048f4eb6,gx-no-cache=1522089410232 HTTP/1.1" 200 30
186.79.189.240 - - [26/Mar/2018:15:37:46 -0300] "POST /cormun/servlet/solicitudotadjuntos?b42fa95049beb27545aaf153f91a5780,INS,2018,10847,,1,,gx-no-cache=1522089410342 HTTP/1.1" 200 3990
186.79.189.240 - - [26/Mar/2018:15:37:48 -0300] "POST /cormun/servlet/solicitudotadjuntos?gx-no-cache=1522089412704 HTTP/1.1" 200 26
186.79.189.240 - - [26/Mar/2018:15:37:53 -0300] "GET /cormun/servlet/solicitudotadjuntos?516d3b4e2fc88b56d22c6703fc9f6b5c4e136a681aebeea83a27b8ab52dae04f,gx-no-cache=1522089417360 HTTP/1.1" 200 30
186.79.189.240 - - [26/Mar/2018:15:37:53 -0300] "GET /cormun/servlet/solicitudotadjuntos?516d3b4e2fc88b56d22c6703fc9f6b5c4e136a681aebeea83a27b8ab52dae04f,gx-no-cache=1522089417422 HTTP/1.1" 200 30
186.79.189.240 - - [26/Mar/2018:15:37:56 -0300] "POST /cormun/servlet/solicitudotadjuntos?b42fa95049beb27545aaf153f91a5780,INS,2018,10847,,1, HTTP/1.1" 200 116
186.79.189.240 - - [26/Mar/2018:15:37:56 -0300] "GET /cormun/servlet/hpexe_return? HTTP/1.1" 200 1022
186.79.189.240 - - [26/Mar/2018:15:37:56 -0300] "GET /cormun/servlet/trsolicitudadjuntos?2018,10847, HTTP/1.1" 200 9115
186.79.189.240 - - [26/Mar/2018:15:37:57 -0300] "GET /cormun/servlet/trsolicitudadjuntos?2018,10847, HTTP/1.1" 200 9114
186.79.189.240 - - [26/Mar/2018:15:37:59 -0300] "GET /cormun/servlet/solicitudotadjuntos?INS,2018,10847,,1, HTTP/1.1" 200 6246
186.79.189.240 - - [26/Mar/2018:15:37:59 -0300] "GET /cormun/static/about:blank HTTP/1.1" 404 1011
186.79.189.240 - - [26/Mar/2018:15:38:00 -0300] "GET /cormun/servlet/solicitudotadjuntos?INS,2018,10847,,1, HTTP/1.1" 200 6239
186.79.189.240 - - [26/Mar/2018:15:38:00 -0300] "GET /cormun/servlet/solicitudotadjuntos?516d3b4e2fc88b56d22c6703fc9f6b5c1a61d7e6dc52ced2eccce44290eb242c8cf90041f22a245564615312048f4eb6,gx-no-cache=1522089424332 HTTP/1.1" 200 30
186.79.189.240 - - [26/Mar/2018:15:38:00 -0300] "POST /cormun/servlet/solicitudotadjuntos?b42fa95049beb27545aaf153f91a5780,INS,2018,10847,,1,,gx-no-cache=1522089424406 HTTP/1.1" 200 3992
186.79.189.240 - - [26/Mar/2018:15:38:04 -0300] "POST /cormun/servlet/solicitudotadjuntos?gx-no-cache=1522089428118 HTTP/1.1" 200 26
186.79.189.240 - - [26/Mar/2018:15:38:10 -0300] "GET /cormun/servlet/solicitudotadjuntos?516d3b4e2fc88b56d22c6703fc9f6b5c4e136a681aebeea83a27b8ab52dae04f,gx-no-cache=1522089434462 HTTP/1.1" 200 30
186.79.189.240 - - [26/Mar/2018:15:38:10 -0300] "GET /cormun/servlet/solicitudotadjuntos?516d3b4e2fc88b56d22c6703fc9f6b5c4e136a681aebeea83a27b8ab52dae04f,gx-no-cache=1522089434536 HTTP/1.1" 200 30
186.79.189.240 - - [26/Mar/2018:15:38:13 -0300] "POST /cormun/servlet/solicitudotadjuntos?b42fa95049beb27545aaf153f91a5780,INS,2018,10847,,1, HTTP/1.1" 200 116
186.79.189.240 - - [26/Mar/2018:15:38:13 -0300] "GET /cormun/servlet/hpexe_return? HTTP/1.1" 200 1022
186.79.189.240 - - [26/Mar/2018:15:38:13 -0300] "GET /cormun/servlet/trsolicitudadjuntos?2018,10847, HTTP/1.1" 200 9328
186.79.189.240 - - [26/Mar/2018:15:38:14 -0300] "GET /cormun/servlet/trsolicitudadjuntos?2018,10847, HTTP/1.1" 200 9326
186.79.189.240 - - [26/Mar/2018:15:38:17 -0300] "GET /cormun/servlet/solicitudotadjuntos?INS,2018,10847,,1, HTTP/1.1" 200 6246
186.79.189.240 - - [26/Mar/2018:15:38:18 -0300] "GET /cormun/static/about:blank HTTP/1.1" 404 1011
186.79.189.240 - - [26/Mar/2018:15:38:18 -0300] "GET /cormun/servlet/solicitudotadjuntos?INS,2018,10847,,1, HTTP/1.1" 200 6239
186.79.189.240 - - [26/Mar/2018:15:38:18 -0300] "GET /cormun/servlet/solicitudotadjuntos?516d3b4e2fc88b56d22c6703fc9f6b5c1a61d7e6dc52ced2eccce44290eb242c8cf90041f22a245564615312048f4eb6,gx-no-cache=1522089442770 HTTP/1.1" 200 30
186.79.189.240 - - [26/Mar/2018:15:38:19 -0300] "POST /cormun/servlet/solicitudotadjuntos?b42fa95049beb27545aaf153f91a5780,INS,2018,10847,,1,,gx-no-cache=1522089442866 HTTP/1.1" 200 3992
186.103.156.24 - - [26/Mar/2018:15:38:21 -0300] "GET /cormun/servlet/hlogin HTTP/1.1" 200 1726
186.103.156.24 - - [26/Mar/2018:15:38:21 -0300] "GET /cormun/static/gxtimezone.js?85251 HTTP/1.1" 304 -
186.103.156.24 - - [26/Mar/2018:15:38:21 -0300] "GET /cormun/static/gxcfg.js?20175251213516 HTTP/1.1" 304 -
186.103.156.24 - - [26/Mar/2018:15:38:21 -0300] "GET /cormun/static/messages.spa.js?85251 HTTP/1.1" 304 -
186.103.156.24 - - [26/Mar/2018:15:38:21 -0300] "GET /cormun/servlet/hlogin HTTP/1.1" 200 1737
186.79.189.240 - - [26/Mar/2018:15:38:22 -0300] "POST /cormun/servlet/solicitudotadjuntos?gx-no-cache=1522089446404 HTTP/1.1" 200 26
186.79.189.240 - - [26/Mar/2018:15:38:29 -0300] "GET /cormun/servlet/solicitudotadjuntos?516d3b4e2fc88b56d22c6703fc9f6b5c4e136a681aebeea83a27b8ab52dae04f,gx-no-cache=1522089452904 HTTP/1.1" 200 30
186.79.189.240 - - [26/Mar/2018:15:38:29 -0300] "GET /cormun/servlet/solicitudotadjuntos?516d3b4e2fc88b56d22c6703fc9f6b5c4e136a681aebeea83a27b8ab52dae04f,gx-no-cache=1522089452994 HTTP/1.1" 200 30
186.103.156.24 - - [26/Mar/2018:15:38:31 -0300] "POST /cormun/servlet/hlogin?2955e9d844e5d668bc290aba2322fc56,gx-no-cache=1522089461575 HTTP/1.1" 200 90
186.79.189.240 - - [26/Mar/2018:15:38:31 -0300] "POST /cormun/servlet/solicitudotadjuntos?b42fa95049beb27545aaf153f91a5780,INS,2018,10847,,1, HTTP/1.1" 200 116
186.103.156.24 - - [26/Mar/2018:15:38:31 -0300] "GET /cormun/servlet/hpexe_link HTTP/1.1" 200 956
186.79.189.240 - - [26/Mar/2018:15:38:31 -0300] "GET /cormun/servlet/hpexe_return? HTTP/1.1" 200 1022
186.103.156.24 - - [26/Mar/2018:15:38:31 -0300] "GET /cormun/static/gxcfg.js?20177612121792 HTTP/1.1" 304 -
186.79.189.240 - - [26/Mar/2018:15:38:32 -0300] "GET /cormun/servlet/trsolicitudadjuntos?2018,10847, HTTP/1.1" 200 9517
186.103.156.24 - - [26/Mar/2018:15:38:32 -0300] "GET /cormun/servlet/hhome HTTP/1.1" 200 4234
186.103.156.24 - - [26/Mar/2018:15:38:32 -0300] "GET /cormun/static/gxcfg.js?20175251212442 HTTP/1.1" 304 -
186.103.156.24 - - [26/Mar/2018:15:38:32 -0300] "GET /cormun/servlet/hhome HTTP/1.1" 200 4230
186.79.189.240 - - [26/Mar/2018:15:38:33 -0300] "GET /cormun/servlet/trsolicitudadjuntos?2018,10847, HTTP/1.1" 200 9517
186.79.189.240 - - [26/Mar/2018:15:38:35 -0300] "GET /cormun/servlet/solicitudotadjuntos?INS,2018,10847,,1, HTTP/1.1" 200 6246
186.79.189.240 - - [26/Mar/2018:15:38:36 -0300] "GET /cormun/static/about:blank HTTP/1.1" 404 1011
186.79.189.240 - - [26/Mar/2018:15:38:36 -0300] "GET /cormun/servlet/solicitudotadjuntos?INS,2018,10847,,1, HTTP/1.1" 200 6239
186.79.189.240 - - [26/Mar/2018:15:38:36 -0300] "GET /cormun/servlet/solicitudotadjuntos?516d3b4e2fc88b56d22c6703fc9f6b5c1a61d7e6dc52ced2eccce44290eb242c8cf90041f22a245564615312048f4eb6,gx-no-cache=1522089460708 HTTP/1.1" 200 30
186.103.156.24 - - [26/Mar/2018:15:38:37 -0300] "GET /cormun/servlet/trsolicitudot? HTTP/1.1" 200 7447
186.103.156.24 - - [26/Mar/2018:15:38:37 -0300] "GET /cormun/static/calendar.js?85251 HTTP/1.1" 304 -
186.79.189.240 - - [26/Mar/2018:15:38:37 -0300] "POST /cormun/servlet/solicitudotadjuntos?b42fa95049beb27545aaf153f91a5780,INS,2018,10847,,1,,gx-no-cache=1522089460790 HTTP/1.1" 200 3992
186.103.156.24 - - [26/Mar/2018:15:38:37 -0300] "GET /cormun/static/calendar-setup.js?85251 HTTP/1.1" 304 -
186.103.156.24 - - [26/Mar/2018:15:38:37 -0300] "GET /cormun/static/calendar-es.js?85251 HTTP/1.1" 304 -
186.103.156.24 - - [26/Mar/2018:15:38:37 -0300] "GET /cormun/static/gxdec.js?85251 HTTP/1.1" 304 -
186.103.156.24 - - [26/Mar/2018:15:38:37 -0300] "GET /cormun/static/gxcfg.js?2017111422585916 HTTP/1.1" 304 -
186.103.156.24 - - [26/Mar/2018:15:38:37 -0300] "GET /cormun/static/trsolicitudot.js?201711142259839 HTTP/1.1" 304 -
186.103.156.24 - - [26/Mar/2018:15:38:37 -0300] "GET /cormun/servlet/trsolicitudot? HTTP/1.1" 200 7447
186.79.189.240 - - [26/Mar/2018:15:38:39 -0300] "POST /cormun/servlet/solicitudotadjuntos?gx-no-cache=1522089463282 HTTP/1.1" 200 26
186.103.156.24 - - [26/Mar/2018:15:38:39 -0300] "GET /cormun/static/menuarrow.gif HTTP/1.1" 404 1015
186.79.189.240 - - [26/Mar/2018:15:38:44 -0300] "GET /cormun/servlet/solicitudotadjuntos?516d3b4e2fc88b56d22c6703fc9f6b5c4e136a681aebeea83a27b8ab52dae04f,gx-no-cache=1522089468568 HTTP/1.1" 200 30
186.79.189.240 - - [26/Mar/2018:15:38:44 -0300] "GET /cormun/servlet/solicitudotadjuntos?516d3b4e2fc88b56d22c6703fc9f6b5c4e136a681aebeea83a27b8ab52dae04f,gx-no-cache=1522089468710 HTTP/1.1" 200 30
186.79.189.240 - - [26/Mar/2018:15:38:47 -0300] "POST /cormun/servlet/solicitudotadjuntos?b42fa95049beb27545aaf153f91a5780,INS,2018,10847,,1, HTTP/1.1" 200 116
186.79.189.240 - - [26/Mar/2018:15:38:47 -0300] "GET /cormun/servlet/hpexe_return? HTTP/1.1" 200 1022
186.79.189.240 - - [26/Mar/2018:15:38:48 -0300] "GET /cormun/servlet/trsolicitudadjuntos?2018,10847, HTTP/1.1" 200 9743
186.103.156.24 - - [26/Mar/2018:15:38:48 -0300] "POST /cormun/servlet/trsolicitudot?2955e9d844e5d668bc290aba2322fc56,,gx-no-cache=1522089477832 HTTP/1.1" 200 22950
186.79.189.240 - - [26/Mar/2018:15:38:49 -0300] "GET /cormun/servlet/trsolicitudadjuntos?2018,10847, HTTP/1.1" 200 9740
186.79.189.240 - - [26/Mar/2018:15:38:53 -0300] "GET /cormun/servlet/trsolicitudot? HTTP/1.1" 200 8771
186.79.189.240 - - [26/Mar/2018:15:38:54 -0300] "GET /cormun//static/Resources/PXToolsGridUpdate.png HTTP/1.1" 304 -
186.79.189.240 - - [26/Mar/2018:15:38:56 -0300] "GET /cormun/servlet/trsolicitudot? HTTP/1.1" 200 8762
186.79.189.240 - - [26/Mar/2018:15:39:00 -0300] "POST /cormun/servlet/trsolicitudot?b42fa95049beb27545aaf153f91a5780,,gx-no-cache=1522089484070 HTTP/1.1" 200 4691
186.79.189.240 - - [26/Mar/2018:15:39:00 -0300] "GET /cormun/static/Shared/jqueryui/images/ui-bg_highlight-soft_100_c6c2c8_1x100.png HTTP/1.1" 404 1117
186.79.189.240 - - [26/Mar/2018:15:39:00 -0300] "GET /cormun/static/Shared/jqueryui/images/ui-icons_82798d_256x240.png HTTP/1.1" 404 1089
186.79.189.240 - - [26/Mar/2018:15:39:01 -0300] "GET /cormun/static/Shared/jqueryui/images/ui-bg_flat_55_fafafa_40x100.png HTTP/1.1" 404 1097
186.79.189.240 - - [26/Mar/2018:15:39:01 -0300] "GET /cormun/static/Shared/jqueryui/images/ui-icons_8d78a5_256x240.png HTTP/1.1" 404 1089
186.79.189.240 - - [26/Mar/2018:15:39:01 -0300] "POST /cormun/servlet/trsolicitudot?b42fa95049beb27545aaf153f91a5780,,gx-no-cache=1522089484766 HTTP/1.1" 200 4472
186.103.156.24 - - [26/Mar/2018:15:39:08 -0300] "POST /cormun/servlet/trsolicitudot?2955e9d844e5d668bc290aba2322fc56,,gx-no-cache=1522089497979 HTTP/1.1" 200 22950
186.103.156.24 - - [26/Mar/2018:15:39:12 -0300] "POST /cormun/servlet/trsolicitudot?2955e9d844e5d668bc290aba2322fc56,,gx-no-cache=1522089501009 HTTP/1.1" 200 17750
186.79.189.240 - - [26/Mar/2018:15:39:23 -0300] "GET /cormun/servlet/solicitudot?INS,0,0, HTTP/1.1" 200 13656
186.79.189.240 - - [26/Mar/2018:15:39:24 -0300] "GET /cormun/static/Resources/prompt.gif HTTP/1.1" 200 902
186.79.189.240 - - [26/Mar/2018:15:39:24 -0300] "GET /cormun/servlet/solicitudot?INS,0,0, HTTP/1.1" 200 13660
192.168.10.96 - - [26/Mar/2018:15:39:30 -0300] "POST /cormun/servlet/trsolicitudgral?0a48325d901ab68450a17d5c5b925593,,gx-no-cache=1522089401364 HTTP/1.1" 200 8855
186.79.189.240 - - [26/Mar/2018:15:39:43 -0300] "GET /cormun/static/Resources/resize.gif HTTP/1.1" 200 77
186.79.189.240 - - [26/Mar/2018:15:39:44 -0300] "GET /cormun/servlet/prfichaempleado?,MD,,gxPopupLevel%3D0%3B HTTP/1.1" 200 9361
186.79.189.240 - - [26/Mar/2018:15:39:44 -0300] "GET /cormun/static/prfichaempleado.js?20177612134999 HTTP/1.1" 304 -
186.79.189.240 - - [26/Mar/2018:15:39:44 -0300] "GET /cormun/static/Resources/PXToolsMenuSearchCancel.png HTTP/1.1" 200 2972
186.79.189.240 - - [26/Mar/2018:15:39:44 -0300] "GET /cormun/static/Resources/PXToolsMenuSearch.png HTTP/1.1" 200 2914
186.79.189.240 - - [26/Mar/2018:15:40:00 -0300] "POST /cormun/servlet/prfichaempleado?b42fa95049beb27545aaf153f91a5780,,MD,,gxPopupLevel%3D0%3B,gx-no-cache=1522089543990 HTTP/1.1" 200 3193
93.158.161.6 - - [26/Mar/2018:15:40:28 -0300] "GET /robots.txt HTTP/1.1" 404 981
93.158.161.6 - - [26/Mar/2018:15:40:31 -0300] "GET /examples/jsp/jsp2/el/composite.jsp.html HTTP/1.1" 200 4498
192.168.10.96 - - [26/Mar/2018:15:40:42 -0300] "POST /cormun/servlet/trsolicitudgral?0a48325d901ab68450a17d5c5b925593,,gx-no-cache=1522089473346 HTTP/1.1" 200 8070
186.79.189.240 - - [26/Mar/2018:15:41:03 -0300] "POST /cormun/servlet/solicitudot?gx-no-cache=1522089606552 HTTP/1.1" 200 3291
186.79.189.240 - - [26/Mar/2018:15:41:03 -0300] "POST /cormun/servlet/solicitudot?b42fa95049beb27545aaf153f91a5780,INS,0,0,,gx-no-cache=1522089607034 HTTP/1.1" 200 10447
192.168.10.96 - - [26/Mar/2018:15:41:25 -0300] "POST /cormun/servlet/trsolicitudgral?0a48325d901ab68450a17d5c5b925593,,gx-no-cache=1522089516428 HTTP/1.1" 200 8041
186.79.189.240 - - [26/Mar/2018:15:41:52 -0300] "GET /cormun/servlet/solicitudot?516d3b4e2fc88b56d22c6703fc9f6b5cc5dec6935bd456ba56bfc74f6d28eadba352923da348043f10f669e6698ad54a,gx-no-cache=1522089656056 HTTP/1.1" 200 111
186.79.189.240 - - [26/Mar/2018:15:41:52 -0300] "GET /cormun/static/Shared/jqueryui/images/ui-bg_highlight-soft_100_c6c2c8_1x100.png HTTP/1.1" 404 1117
186.79.189.240 - - [26/Mar/2018:15:41:52 -0300] "GET /cormun/static/Shared/jqueryui/images/ui-icons_82798d_256x240.png HTTP/1.1" 404 1089
186.79.189.240 - - [26/Mar/2018:15:41:52 -0300] "GET /cormun/static/Shared/jqueryui/images/ui-bg_flat_55_994d53_40x100.png HTTP/1.1" 404 1097
186.79.189.240 - - [26/Mar/2018:15:41:52 -0300] "GET /cormun/static/Shared/jqueryui/images/ui-icons_ebccce_256x240.png HTTP/1.1" 404 1089
186.79.189.240 - - [26/Mar/2018:15:42:03 -0300] "GET /cormun/servlet/solicitudot?516d3b4e2fc88b56d22c6703fc9f6b5c6b01017293b5651ee310e32b7f3766035188c8d3dc747e10d704639edd961445,gx-no-cache=1522089666958 HTTP/1.1" 200 30
192.168.10.96 - - [26/Mar/2018:15:42:10 -0300] "POST /cormun/servlet/trsolicitudgral?0a48325d901ab68450a17d5c5b925593,,gx-no-cache=1522089561491 HTTP/1.1" 200 8041
192.168.10.96 - - [26/Mar/2018:15:42:10 -0300] "POST /cormun/servlet/trsolicitudgral?0a48325d901ab68450a17d5c5b925593,,gx-no-cache=1522089561773 HTTP/1.1" 200 8041
192.168.10.96 - - [26/Mar/2018:15:43:18 -0300] "POST /cormun/servlet/trsolicitudgral?0a48325d901ab68450a17d5c5b925593,,gx-no-cache=1522089629474 HTTP/1.1" 200 7891
186.79.189.240 - - [26/Mar/2018:15:43:23 -0300] "GET /cormun/servlet/solicitudot?516d3b4e2fc88b56d22c6703fc9f6b5c31954efc0df1cc5a0ef5f3295050756677774038c3f329f345d394871ba639418657e75eef52a07b5ab51ee27a14716d,gx-no-cache=1522089746744 HTTP/1.1" 200 30
186.79.189.240 - - [26/Mar/2018:15:43:23 -0300] "GET /cormun/servlet/solicitudot?516d3b4e2fc88b56d22c6703fc9f6b5c271e9293b527912cda05b1058f90aaee,gx-no-cache=1522089746934 HTTP/1.1" 200 29
186.79.189.240 - - [26/Mar/2018:15:43:23 -0300] "POST /cormun/servlet/solicitudot?gx-no-cache=1522089747014 HTTP/1.1" 200 297
186.79.189.240 - - [26/Mar/2018:15:43:23 -0300] "GET /cormun/servlet/solicitudot?516d3b4e2fc88b56d22c6703fc9f6b5ce6be20118aa70960591ee39ec0932a357a48337dc1ffc93fc5b3ec75bf10c99480f1bfee6b17eedc1686330b3f323303a3a31c5cf3038a3feca81effbbbae7059bb0fa393eef176df0265a74b2def10748238696ed1f625cc0f08519771b96397fc6465aa75d9f22a609b5fc2ce0596c998f4aca5085202b79ff06d34f8d87d8786d6e493a20f8411460e4a57582d6d97ba3a93c19c73d364a6c591c5e1388795327c657600a798c52e2b1343696e12dfb2d9a4bc4613bf62ae12eff0212645307b929ed480d58863509f3339acc9ecd4c58034509c0d2d244e863b3831e1d7ac8f99de0cbb7742accd55327899aa8710718efd1146953d620c7d355c5f93cc825620ddf642d2036c7fa015570b17d54b5430813aeabdc6fe1c988d68a4eb29e783126bacf8504aa47de3fbde0f6499c2b7646ac1ed2319c08e271adfa9de39c7ae21410e857fd08ff540c41b08cf119c4e3da92e788608e5b21399abf70bbdad2a6ffd3ca3f4891f6a4a6b46d6554ea125a531e6769084aa72b38affa8bb66d,gx-no-cache=1522089747112 HTTP/1.1" 200 30
186.79.189.240 - - [26/Mar/2018:15:43:25 -0300] "POST /cormun/servlet/solicitudot?gx-no-cache=1522089749088 HTTP/1.1" 200 30
186.79.189.240 - - [26/Mar/2018:15:43:28 -0300] "POST /cormun/servlet/solicitudot?gx-no-cache=1522089752158 HTTP/1.1" 200 1337
186.79.189.240 - - [26/Mar/2018:15:43:28 -0300] "POST /cormun/servlet/solicitudot?gx-no-cache=1522089752330 HTTP/1.1" 200 38
186.79.189.240 - - [26/Mar/2018:15:43:55 -0300] "GET /cormun/servlet/solicitudot?516d3b4e2fc88b56d22c6703fc9f6b5c09870b449864fdb8d025f5bc8aa0857114d6ad5477a801faefac987b7939301ec180cc4227f0d8645f1cc7c9a7c10844d3030994d67bda8d57cf378277b2c0f5ac6dcf35b6265bf6298a70472a7ccbae3af6345c7eac0ebdff4a7c627e2201d5,gx-no-cache=1522089778968 HTTP/1.1" 200 29
186.79.189.240 - - [26/Mar/2018:15:43:55 -0300] "POST /cormun/servlet/solicitudot?gx-no-cache=1522089779128 HTTP/1.1" 200 1318
186.79.189.240 - - [26/Mar/2018:15:43:55 -0300] "POST /cormun/servlet/solicitudot?gx-no-cache=1522089779306 HTTP/1.1" 200 1218
186.79.189.240 - - [26/Mar/2018:15:44:00 -0300] "GET /cormun/static/menuarrow.gif HTTP/1.1" 404 1015
186.79.189.240 - - [26/Mar/2018:15:44:02 -0300] "GET /cormun/servlet/solicitudot?516d3b4e2fc88b56d22c6703fc9f6b5c3618547980637a55bf09521d922b9dfaa86e0f50176aed6a2bf8c45436c82ec6,gx-no-cache=1522089786684 HTTP/1.1" 200 30
186.103.156.24 - - [26/Mar/2018:15:44:09 -0300] "POST /cormun/servlet/trsolicitudot?2955e9d844e5d668bc290aba2322fc56,,gx-no-cache=1522089797288 HTTP/1.1" 200 22950
192.168.10.96 - - [26/Mar/2018:15:44:12 -0300] "POST /cormun/servlet/trsolicitudgral?0a48325d901ab68450a17d5c5b925593,,gx-no-cache=1522089684139 HTTP/1.1" 200 7654
186.79.189.240 - - [26/Mar/2018:15:44:18 -0300] "POST /cormun/servlet/solicitudot?gx-no-cache=1522089802530 HTTP/1.1" 200 30
186.79.189.240 - - [26/Mar/2018:15:44:19 -0300] "POST /cormun/servlet/solicitudot?b42fa95049beb27545aaf153f91a5780,INS,0,0,,gx-no-cache=1522089802662 HTTP/1.1" 200 93
186.79.189.240 - - [26/Mar/2018:15:44:19 -0300] "GET /cormun/servlet/hpexe_return? HTTP/1.1" 200 1001
186.79.189.240 - - [26/Mar/2018:15:44:19 -0300] "GET /cormun/servlet/trsolicitudot? HTTP/1.1" 200 8779
186.79.189.240 - - [26/Mar/2018:15:44:20 -0300] "GET /cormun//static/Resources/PXTools/ActionInsert.png HTTP/1.1" 200 1482
186.79.189.240 - - [26/Mar/2018:15:44:20 -0300] "GET /cormun/servlet/trsolicitudot? HTTP/1.1" 200 8777
186.79.189.240 - - [26/Mar/2018:15:44:25 -0300] "POST /cormun/servlet/trsolicitudot?b42fa95049beb27545aaf153f91a5780,,gx-no-cache=1522089809358 HTTP/1.1" 200 4687
186.79.189.240 - - [26/Mar/2018:15:44:26 -0300] "GET /cormun/static/Shared/jqueryui/images/ui-bg_highlight-soft_100_c6c2c8_1x100.png HTTP/1.1" 404 1117
186.79.189.240 - - [26/Mar/2018:15:44:26 -0300] "GET /cormun/static/Shared/jqueryui/images/ui-icons_82798d_256x240.png HTTP/1.1" 404 1089
186.79.189.240 - - [26/Mar/2018:15:44:26 -0300] "GET /cormun/static/Shared/jqueryui/images/ui-icons_8d78a5_256x240.png HTTP/1.1" 404 1089
186.79.189.240 - - [26/Mar/2018:15:44:26 -0300] "GET /cormun/static/Shared/jqueryui/images/ui-bg_flat_55_fafafa_40x100.png HTTP/1.1" 404 1097
186.79.189.240 - - [26/Mar/2018:15:44:26 -0300] "POST /cormun/servlet/trsolicitudot?b42fa95049beb27545aaf153f91a5780,,gx-no-cache=1522089809870 HTTP/1.1" 200 4459
186.79.189.240 - - [26/Mar/2018:15:44:52 -0300] "GET /cormun/servlet/solicitudot?INS,0,0, HTTP/1.1" 200 13655
186.79.189.240 - - [26/Mar/2018:15:44:52 -0300] "GET /cormun/static/gxcfg.js?201812313224582 HTTP/1.1" 200 953
186.79.189.240 - - [26/Mar/2018:15:44:52 -0300] "GET /cormun/servlet/solicitudot?INS,0,0, HTTP/1.1" 200 13660
186.79.189.240 - - [26/Mar/2018:15:44:57 -0300] "GET /cormun/servlet/trautorizarsolicitud? HTTP/1.1" 200 17885
186.79.189.240 - - [26/Mar/2018:15:44:57 -0300] "GET /cormun/static/gxcfg.js?2017111423403364 HTTP/1.1" 200 953
186.79.189.240 - - [26/Mar/2018:15:44:58 -0300] "GET /cormun/servlet/trautorizarsolicitud? HTTP/1.1" 200 17880
186.79.189.240 - - [26/Mar/2018:15:45:05 -0300] "POST /cormun/servlet/trautorizarsolicitud?b42fa95049beb27545aaf153f91a5780,,gx-no-cache=1522089848396 HTTP/1.1" 200 15080
186.79.189.240 - - [26/Mar/2018:15:45:06 -0300] "GET /cormun/static/Shared/jqueryui/images/ui-bg_highlight-soft_100_c6c2c8_1x100.png HTTP/1.1" 404 1117
186.79.189.240 - - [26/Mar/2018:15:45:06 -0300] "GET /cormun/static/Shared/jqueryui/images/ui-icons_82798d_256x240.png HTTP/1.1" 404 1089
186.79.189.240 - - [26/Mar/2018:15:45:06 -0300] "GET /cormun/static/Shared/jqueryui/images/ui-bg_flat_55_fafafa_40x100.png HTTP/1.1" 404 1097
186.79.189.240 - - [26/Mar/2018:15:45:06 -0300] "GET /cormun/static/Shared/jqueryui/images/ui-icons_8d78a5_256x240.png HTTP/1.1" 404 1089
186.79.189.240 - - [26/Mar/2018:15:45:09 -0300] "POST /cormun/servlet/trautorizarsolicitud?b42fa95049beb27545aaf153f91a5780,,gx-no-cache=1522089852466 HTTP/1.1" 200 15080
192.168.10.96 - - [26/Mar/2018:15:45:10 -0300] "POST /cormun/servlet/trsolicitudgral?0a48325d901ab68450a17d5c5b925593,,gx-no-cache=1522089742047 HTTP/1.1" 200 7921
186.79.189.240 - - [26/Mar/2018:15:45:18 -0300] "POST /cormun/servlet/trautorizarsolicitud?b42fa95049beb27545aaf153f91a5780,,gx-no-cache=1522089861144 HTTP/1.1" 200 15080
186.79.189.240 - - [26/Mar/2018:15:45:28 -0300] "POST /cormun/servlet/trautorizarsolicitud?b42fa95049beb27545aaf153f91a5780,,gx-no-cache=1522089871336 HTTP/1.1" 200 15080
186.79.189.240 - - [26/Mar/2018:15:45:51 -0300] "POST /cormun/servlet/trautorizarsolicitud?b42fa95049beb27545aaf153f91a5780,,gx-no-cache=1522089893946 HTTP/1.1" 200 15080
186.103.156.24 - - [26/Mar/2018:15:45:55 -0300] "POST /cormun/servlet/trsolicitudot?2955e9d844e5d668bc290aba2322fc56,,gx-no-cache=1522089904257 HTTP/1.1" 200 17750
186.79.189.240 - - [26/Mar/2018:15:45:55 -0300] "POST /cormun/servlet/trautorizarsolicitud?b42fa95049beb27545aaf153f91a5780,,gx-no-cache=1522089897836 HTTP/1.1" 200 15080
186.79.189.240 - - [26/Mar/2018:15:46:02 -0300] "POST /cormun/servlet/trautorizarsolicitud?b42fa95049beb27545aaf153f91a5780,,gx-no-cache=1522089904866 HTTP/1.1" 200 15080
186.79.189.240 - - [26/Mar/2018:15:46:04 -0300] "POST /cormun/servlet/trautorizarsolicitud?b42fa95049beb27545aaf153f91a5780,,gx-no-cache=1522089907212 HTTP/1.1" 200 15081
186.79.189.240 - - [26/Mar/2018:15:46:06 -0300] "POST /cormun/servlet/trautorizarsolicitud?b42fa95049beb27545aaf153f91a5780,,gx-no-cache=1522089909576 HTTP/1.1" 200 15081
192.168.10.96 - - [26/Mar/2018:15:46:07 -0300] "POST /cormun/servlet/trsolicitudgral?0a48325d901ab68450a17d5c5b925593,,gx-no-cache=1522089798419 HTTP/1.1" 200 9646
192.168.10.96 - - [26/Mar/2018:15:46:15 -0300] "POST /cormun/servlet/trsolicitudgral?0a48325d901ab68450a17d5c5b925593,,gx-no-cache=1522089806371 HTTP/1.1" 200 7908
186.79.189.240 - - [26/Mar/2018:15:46:18 -0300] "POST /cormun/servlet/trautorizarsolicitud?b42fa95049beb27545aaf153f91a5780,,gx-no-cache=1522089920276 HTTP/1.1" 200 23423
186.79.189.240 - - [26/Mar/2018:15:46:18 -0300] "GET /cormun/static/Resources/PXToolsGridNext.gif HTTP/1.1" 200 369
186.79.189.240 - - [26/Mar/2018:15:46:18 -0300] "GET /cormun/static/Resources/PXToolsGridLast.gif HTTP/1.1" 200 370
192.168.10.89 - - [26/Mar/2018:15:46:43 -0300] "POST /cormun/servlet/trsolicitudgral?20cf74bca4009f86b7d3e38079e4dad5,,gx-no-cache=1522089834774 HTTP/1.1" 200 7614
186.79.189.240 - - [26/Mar/2018:15:46:47 -0300] "POST /cormun/servlet/trautorizarsolicitud?b42fa95049beb27545aaf153f91a5780,,gx-no-cache=1522089949058 HTTP/1.1" 200 23437
186.103.156.24 - - [26/Mar/2018:15:46:52 -0300] "POST /cormun/servlet/trsolicitudot?2955e9d844e5d668bc290aba2322fc56,,gx-no-cache=1522089961510 HTTP/1.1" 200 22950
192.168.10.96 - - [26/Mar/2018:15:46:56 -0300] "POST /cormun/servlet/trsolicitudgral?0a48325d901ab68450a17d5c5b925593,,gx-no-cache=1522089847427 HTTP/1.1" 200 7652
186.79.189.240 - - [26/Mar/2018:15:47:34 -0300] "POST /cormun/servlet/trautorizarsolicitud?b42fa95049beb27545aaf153f91a5780,,gx-no-cache=1522089995874 HTTP/1.1" 200 23461
186.79.189.240 - - [26/Mar/2018:15:47:38 -0300] "POST /cormun/servlet/trautorizarsolicitud?b42fa95049beb27545aaf153f91a5780,,gx-no-cache=1522089999624 HTTP/1.1" 200 23403
186.79.189.240 - - [26/Mar/2018:15:47:46 -0300] "POST /cormun/servlet/trautorizarsolicitud?b42fa95049beb27545aaf153f91a5780,,gx-no-cache=1522090008240 HTTP/1.1" 200 23465
186.79.189.240 - - [26/Mar/2018:15:47:50 -0300] "POST /cormun/servlet/trautorizarsolicitud?b42fa95049beb27545aaf153f91a5780,,gx-no-cache=1522090011988 HTTP/1.1" 200 23409
186.79.189.240 - - [26/Mar/2018:15:47:57 -0300] "POST /cormun/servlet/trautorizarsolicitud?b42fa95049beb27545aaf153f91a5780,,gx-no-cache=1522090018506 HTTP/1.1" 200 23446
186.79.189.240 - - [26/Mar/2018:15:48:05 -0300] "POST /cormun/servlet/trautorizarsolicitud?b42fa95049beb27545aaf153f91a5780,,gx-no-cache=1522090026680 HTTP/1.1" 200 23446
186.79.189.240 - - [26/Mar/2018:15:48:10 -0300] "POST /cormun/servlet/trautorizarsolicitud?b42fa95049beb27545aaf153f91a5780,,gx-no-cache=1522090032444 HTTP/1.1" 200 23463
186.79.189.240 - - [26/Mar/2018:15:48:14 -0300] "POST /cormun/servlet/trautorizarsolicitud?b42fa95049beb27545aaf153f91a5780,,gx-no-cache=1522090036384 HTTP/1.1" 200 23407
186.79.189.240 - - [26/Mar/2018:15:48:19 -0300] "POST /cormun/servlet/trautorizarsolicitud?b42fa95049beb27545aaf153f91a5780,,gx-no-cache=1522090041018 HTTP/1.1" 200 23461
186.79.189.240 - - [26/Mar/2018:15:48:23 -0300] "POST /cormun/servlet/trautorizarsolicitud?b42fa95049beb27545aaf153f91a5780,,gx-no-cache=1522090045108 HTTP/1.1" 200 23405
186.79.189.240 - - [26/Mar/2018:15:48:28 -0300] "POST /cormun/servlet/trautorizarsolicitud?b42fa95049beb27545aaf153f91a5780,,gx-no-cache=1522090050224 HTTP/1.1" 200 23461
186.79.189.240 - - [26/Mar/2018:15:48:33 -0300] "POST /cormun/servlet/trautorizarsolicitud?b42fa95049beb27545aaf153f91a5780,,gx-no-cache=1522090054704 HTTP/1.1" 200 23401
186.79.189.240 - - [26/Mar/2018:15:48:38 -0300] "POST /cormun/servlet/trautorizarsolicitud?b42fa95049beb27545aaf153f91a5780,,gx-no-cache=1522090059596 HTTP/1.1" 200 23459
186.79.189.240 - - [26/Mar/2018:15:48:42 -0300] "POST /cormun/servlet/trautorizarsolicitud?b42fa95049beb27545aaf153f91a5780,,gx-no-cache=1522090063908 HTTP/1.1" 200 23401
186.79.189.240 - - [26/Mar/2018:15:48:48 -0300] "POST /cormun/servlet/trautorizarsolicitud?b42fa95049beb27545aaf153f91a5780,,gx-no-cache=1522090069776 HTTP/1.1" 200 23456
186.79.189.240 - - [26/Mar/2018:15:48:52 -0300] "POST /cormun/servlet/trautorizarsolicitud?b42fa95049beb27545aaf153f91a5780,,gx-no-cache=1522090074288 HTTP/1.1" 200 23398
186.79.189.240 - - [26/Mar/2018:15:48:58 -0300] "POST /cormun/servlet/trautorizarsolicitud?b42fa95049beb27545aaf153f91a5780,,gx-no-cache=1522090079768 HTTP/1.1" 200 23452
186.79.189.240 - - [26/Mar/2018:15:49:02 -0300] "POST /cormun/servlet/trautorizarsolicitud?b42fa95049beb27545aaf153f91a5780,,gx-no-cache=1522090084408 HTTP/1.1" 200 23394
186.79.189.240 - - [26/Mar/2018:15:49:08 -0300] "POST /cormun/servlet/trautorizarsolicitud?b42fa95049beb27545aaf153f91a5780,,gx-no-cache=1522090089820 HTTP/1.1" 200 23432
186.79.189.240 - - [26/Mar/2018:15:49:17 -0300] "POST /cormun/servlet/trautorizarsolicitud?b42fa95049beb27545aaf153f91a5780,,gx-no-cache=1522090098870 HTTP/1.1" 200 23432
186.79.189.240 - - [26/Mar/2018:15:49:26 -0300] "POST /cormun/servlet/trautorizarsolicitud?b42fa95049beb27545aaf153f91a5780,,gx-no-cache=1522090108374 HTTP/1.1" 200 23432
186.79.189.240 - - [26/Mar/2018:15:49:36 -0300] "POST /cormun/servlet/trautorizarsolicitud?b42fa95049beb27545aaf153f91a5780,,gx-no-cache=1522090117894 HTTP/1.1" 200 23432
186.79.189.240 - - [26/Mar/2018:15:49:46 -0300] "POST /cormun/servlet/trautorizarsolicitud?b42fa95049beb27545aaf153f91a5780,,gx-no-cache=1522090128506 HTTP/1.1" 200 23432
186.79.189.240 - - [26/Mar/2018:15:49:54 -0300] "POST /cormun/servlet/trautorizarsolicitud?b42fa95049beb27545aaf153f91a5780,,gx-no-cache=1522090135736 HTTP/1.1" 200 23433
186.79.189.240 - - [26/Mar/2018:15:50:02 -0300] "POST /cormun/servlet/trautorizarsolicitud?b42fa95049beb27545aaf153f91a5780,,gx-no-cache=1522090144210 HTTP/1.1" 200 23432
186.79.189.240 - - [26/Mar/2018:15:50:17 -0300] "POST /cormun/servlet/trautorizarsolicitud?b42fa95049beb27545aaf153f91a5780,,gx-no-cache=1522090159042 HTTP/1.1" 200 23431
186.79.189.240 - - [26/Mar/2018:15:50:26 -0300] "POST /cormun/servlet/trautorizarsolicitud?b42fa95049beb27545aaf153f91a5780,,gx-no-cache=1522090168314 HTTP/1.1" 200 23442
186.79.189.240 - - [26/Mar/2018:15:50:32 -0300] "POST /cormun/servlet/trautorizarsolicitud?b42fa95049beb27545aaf153f91a5780,,gx-no-cache=1522090173684 HTTP/1.1" 200 23384
186.79.189.240 - - [26/Mar/2018:15:50:36 -0300] "POST /cormun/servlet/trautorizarsolicitud?b42fa95049beb27545aaf153f91a5780,,gx-no-cache=1522090177862 HTTP/1.1" 200 23422
186.79.189.240 - - [26/Mar/2018:15:50:43 -0300] "POST /cormun/servlet/trautorizarsolicitud?b42fa95049beb27545aaf153f91a5780,,gx-no-cache=1522090185430 HTTP/1.1" 200 23423
186.79.189.240 - - [26/Mar/2018:15:50:50 -0300] "POST /cormun/servlet/trautorizarsolicitud?b42fa95049beb27545aaf153f91a5780,,gx-no-cache=1522090192066 HTTP/1.1" 200 23421
186.103.158.250 - - [26/Mar/2018:15:50:59 -0300] "GET /cormun/servlet/hlogin HTTP/1.1" 200 1715
186.103.158.250 - - [26/Mar/2018:15:51:00 -0300] "GET /cormun/static/gxtimezone.js?85251 HTTP/1.1" 304 -
186.103.158.250 - - [26/Mar/2018:15:51:00 -0300] "GET /cormun/static/gxcfg.js?20175251213516 HTTP/1.1" 304 -
186.79.189.240 - - [26/Mar/2018:15:51:00 -0300] "POST /cormun/servlet/trautorizarsolicitud?b42fa95049beb27545aaf153f91a5780,,gx-no-cache=1522090202042 HTTP/1.1" 200 23421
186.103.158.250 - - [26/Mar/2018:15:51:00 -0300] "GET /cormun/static/messages.spa.js?85251 HTTP/1.1" 304 -
186.103.158.250 - - [26/Mar/2018:15:51:01 -0300] "GET /cormun/servlet/hlogin HTTP/1.1" 200 1726
186.79.189.240 - - [26/Mar/2018:15:51:07 -0300] "POST /cormun/servlet/trautorizarsolicitud?b42fa95049beb27545aaf153f91a5780,,gx-no-cache=1522090209420 HTTP/1.1" 200 23421
186.103.158.250 - - [26/Mar/2018:15:51:09 -0300] "GET /favicon.ico HTTP/1.1" 200 21630
186.79.189.240 - - [26/Mar/2018:15:51:17 -0300] "POST /cormun/servlet/trautorizarsolicitud?b42fa95049beb27545aaf153f91a5780,,gx-no-cache=1522090218240 HTTP/1.1" 200 23421
186.103.158.250 - - [26/Mar/2018:15:51:19 -0300] "POST /cormun/servlet/hlogin?06dc2a922c07b055891896463a4f6c2f,gx-no-cache=1522090227526 HTTP/1.1" 200 90
186.103.158.250 - - [26/Mar/2018:15:51:19 -0300] "GET /cormun/servlet/hpexe_link HTTP/1.1" 200 947
186.103.158.250 - - [26/Mar/2018:15:51:19 -0300] "GET /cormun/static/gxcfg.js?20177612121792 HTTP/1.1" 304 -
186.103.158.250 - - [26/Mar/2018:15:51:19 -0300] "GET /cormun/servlet/hhome HTTP/1.1" 200 4191
186.103.158.250 - - [26/Mar/2018:15:51:20 -0300] "GET /cormun/static/gxcfg.js?20175251212442 HTTP/1.1" 304 -
186.103.158.250 - - [26/Mar/2018:15:51:24 -0300] "GET /cormun/servlet/hhome HTTP/1.1" 200 4187
186.79.189.240 - - [26/Mar/2018:15:51:26 -0300] "POST /cormun/servlet/trautorizarsolicitud?b42fa95049beb27545aaf153f91a5780,,gx-no-cache=1522090228064 HTTP/1.1" 200 23422
186.103.158.250 - - [26/Mar/2018:15:51:31 -0300] "GET /cormun/servlet/trautorizarsolicitud? HTTP/1.1" 200 7305
186.103.158.250 - - [26/Mar/2018:15:51:31 -0300] "GET /cormun/static/gxcfg.js?2017111423403364 HTTP/1.1" 304 -
186.103.158.250 - - [26/Mar/2018:15:51:31 -0300] "GET /cormun/static/calendar.js?85251 HTTP/1.1" 304 -
186.103.158.250 - - [26/Mar/2018:15:51:31 -0300] "GET /cormun/static/calendar-setup.js?85251 HTTP/1.1" 304 -
186.103.158.250 - - [26/Mar/2018:15:51:31 -0300] "GET /cormun/static/calendar-es.js?85251 HTTP/1.1" 304 -
