201.239.228.226 - - [26/Mar/2018:17:46:12 -0300] "POST /cormun/servlet/solicitudot?gx-no-cache=1522097117694 HTTP/1.1" 200 30
201.239.228.226 - - [26/Mar/2018:17:46:29 -0300] "POST /cormun/servlet/solicitudot?2d2d897e2f189f11d27cc622795e5712,INS,0,0,,gx-no-cache=1522097134574 HTTP/1.1" 200 11945
201.239.228.226 - - [26/Mar/2018:17:46:37 -0300] "POST /cormun/servlet/solicitudot?2d2d897e2f189f11d27cc622795e5712,INS,0,0,,gx-no-cache=1522097142121 HTTP/1.1" 200 90
201.239.228.226 - - [26/Mar/2018:17:46:37 -0300] "GET /cormun/servlet/hpexe_link HTTP/1.1" 200 963
201.239.228.226 - - [26/Mar/2018:17:46:37 -0300] "GET /cormun/servlet/trsolicitudot HTTP/1.1" 200 7471
201.239.228.226 - - [26/Mar/2018:17:46:38 -0300] "GET /cormun/servlet/trsolicitudot HTTP/1.1" 200 7470
201.239.228.226 - - [26/Mar/2018:17:46:42 -0300] "GET /cormun/servlet/trautorizarsolicitud? HTTP/1.1" 200 7375
201.239.228.226 - - [26/Mar/2018:17:46:42 -0300] "GET /cormun/static/gxcfg.js?2017111423403364 HTTP/1.1" 304 -
201.239.228.226 - - [26/Mar/2018:17:46:42 -0300] "GET /cormun/static/trautorizarsolicitud.js?201711142340425 HTTP/1.1" 304 -
201.239.228.226 - - [26/Mar/2018:17:46:42 -0300] "GET /cormun/servlet/trautorizarsolicitud? HTTP/1.1" 200 7374
201.239.228.226 - - [26/Mar/2018:17:46:45 -0300] "GET /cormun/servlet/trsolicitudot? HTTP/1.1" 200 7471
201.239.228.226 - - [26/Mar/2018:17:46:46 -0300] "GET /cormun/servlet/trsolicitudot? HTTP/1.1" 200 7470
200.54.247.70 - - [26/Mar/2018:17:48:04 -0300] "GET /cormun/servlet/hlogin HTTP/1.1" 200 1718
200.54.247.70 - - [26/Mar/2018:17:48:04 -0300] "GET /cormun/static/gxtimezone.js?85251 HTTP/1.1" 304 -
200.54.247.70 - - [26/Mar/2018:17:48:04 -0300] "GET /cormun/static/gxgral.js?85251 HTTP/1.1" 304 -
200.54.247.70 - - [26/Mar/2018:17:48:04 -0300] "GET /cormun/static/gxcfg.js?20175251213516 HTTP/1.1" 304 -
200.54.247.70 - - [26/Mar/2018:17:48:04 -0300] "GET /cormun/static/Resources/ComunLogin.png HTTP/1.1" 304 -
200.54.247.70 - - [26/Mar/2018:17:48:04 -0300] "GET /cormun/static/Resources/Spanish/PXTools.css?11423723 HTTP/1.1" 304 -
200.54.247.70 - - [26/Mar/2018:17:48:04 -0300] "GET /cormun/static/messages.spa.js?85251 HTTP/1.1" 304 -
200.54.247.70 - - [26/Mar/2018:17:48:04 -0300] "GET /cormun/static/hlogin.js?20175251213537 HTTP/1.1" 304 -
200.54.247.70 - - [26/Mar/2018:17:48:04 -0300] "GET /cormun/static/Resources/indicator.gif HTTP/1.1" 304 -
201.239.228.226 - - [26/Mar/2018:17:48:15 -0300] "POST /cormun/servlet/trsolicitudot?2d2d897e2f189f11d27cc622795e5712,,gx-no-cache=1522097240874 HTTP/1.1" 200 4510
201.239.228.226 - - [26/Mar/2018:17:48:18 -0300] "GET /cormun/servlet/solicitudot?INS,0,0, HTTP/1.1" 200 13697
201.239.228.226 - - [26/Mar/2018:17:48:19 -0300] "GET /cormun/servlet/solicitudot?INS,0,0, HTTP/1.1" 200 13703
200.54.247.70 - - [26/Mar/2018:17:48:19 -0300] "POST /cormun/servlet/hlogin?dc297e91a3c939b4f41bdafcefcc1911,gx-no-cache=1522097241633 HTTP/1.1" 200 90
200.54.247.70 - - [26/Mar/2018:17:48:19 -0300] "GET /cormun/servlet/hpexe_link HTTP/1.1" 200 948
200.54.247.70 - - [26/Mar/2018:17:48:20 -0300] "GET /cormun/servlet/hhome HTTP/1.1" 200 4231
200.54.247.70 - - [26/Mar/2018:17:48:27 -0300] "GET /cormun/servlet/trsolicitudot? HTTP/1.1" 200 8789
201.239.228.226 - - [26/Mar/2018:17:48:30 -0300] "POST /cormun/servlet/solicitudot?gx-no-cache=1522097255597 HTTP/1.1" 200 3446
200.54.247.70 - - [26/Mar/2018:17:48:37 -0300] "POST /cormun/servlet/trsolicitudot?dc297e91a3c939b4f41bdafcefcc1911,,gx-no-cache=1522097259009 HTTP/1.1" 200 4655
200.54.247.70 - - [26/Mar/2018:17:48:37 -0300] "POST /cormun/servlet/trsolicitudot?dc297e91a3c939b4f41bdafcefcc1911,,gx-no-cache=1522097259353 HTTP/1.1" 200 4444
200.54.247.70 - - [26/Mar/2018:17:48:37 -0300] "GET /cormun/static/Shared/jqueryui/images/ui-bg_highlight-soft_100_c6c2c8_1x100.png HTTP/1.1" 404 1117
200.54.247.70 - - [26/Mar/2018:17:48:37 -0300] "GET /cormun/static/Shared/jqueryui/images/ui-icons_82798d_256x240.png HTTP/1.1" 404 1089
200.54.247.70 - - [26/Mar/2018:17:48:37 -0300] "GET /cormun/static/Shared/jqueryui/images/ui-bg_flat_55_fafafa_40x100.png HTTP/1.1" 404 1097
200.54.247.70 - - [26/Mar/2018:17:48:37 -0300] "GET /cormun/static/Shared/jqueryui/images/ui-icons_8d78a5_256x240.png HTTP/1.1" 404 1089
200.54.247.70 - - [26/Mar/2018:17:48:41 -0300] "GET /cormun/servlet/trautorizarsolicitud? HTTP/1.1" 200 8683
186.103.159.204 - - [26/Mar/2018:17:48:42 -0300] "GET /cormun/servlet/hlogin HTTP/1.1" 200 1726
201.239.228.226 - - [26/Mar/2018:17:48:44 -0300] "GET /cormun/servlet/solicitudot?9855d23748ef0bf10fc167d30cef40aaaa9fae50bacf98026b530c42c187bd9027223c58b120fd50241f0cc85535f4c9,gx-no-cache=1522097269779 HTTP/1.1" 200 111
200.54.247.70 - - [26/Mar/2018:17:48:44 -0300] "POST /cormun/servlet/trautorizarsolicitud?dc297e91a3c939b4f41bdafcefcc1911,,gx-no-cache=1522097266490 HTTP/1.1" 200 4591
200.54.247.70 - - [26/Mar/2018:17:48:44 -0300] "POST /cormun/servlet/trautorizarsolicitud?dc297e91a3c939b4f41bdafcefcc1911,,gx-no-cache=1522097266798 HTTP/1.1" 200 4382
200.54.247.70 - - [26/Mar/2018:17:48:44 -0300] "GET /cormun/static/Shared/jqueryui/images/ui-bg_flat_55_fafafa_40x100.png HTTP/1.1" 404 1097
200.54.247.70 - - [26/Mar/2018:17:48:44 -0300] "GET /cormun/static/Shared/jqueryui/images/ui-icons_82798d_256x240.png HTTP/1.1" 404 1089
200.54.247.70 - - [26/Mar/2018:17:48:45 -0300] "GET /cormun/static/Shared/jqueryui/images/ui-icons_8d78a5_256x240.png HTTP/1.1" 404 1089
200.54.247.70 - - [26/Mar/2018:17:48:45 -0300] "GET /cormun/static/Shared/jqueryui/images/ui-bg_highlight-soft_100_c6c2c8_1x100.png HTTP/1.1" 404 1117
200.54.247.70 - - [26/Mar/2018:17:48:49 -0300] "GET /cormun/servlet/trsolicitudot? HTTP/1.1" 200 7448
200.54.247.70 - - [26/Mar/2018:17:48:51 -0300] "GET /cormun/servlet/solicitudot?INS,0,0, HTTP/1.1" 200 13675
186.103.159.204 - - [26/Mar/2018:17:48:58 -0300] "POST /cormun/servlet/hlogin?af9eed84b934f9c251ce864a3db98385,gx-no-cache=1522097285020 HTTP/1.1" 200 436
200.54.247.70 - - [26/Mar/2018:17:49:03 -0300] "POST /cormun/servlet/solicitudot?gx-no-cache=1522097285518 HTTP/1.1" 200 3396
200.54.247.70 - - [26/Mar/2018:17:49:03 -0300] "POST /cormun/servlet/solicitudot?dc297e91a3c939b4f41bdafcefcc1911,INS,0,0,,gx-no-cache=1522097285819 HTTP/1.1" 200 10561
186.103.159.204 - - [26/Mar/2018:17:49:03 -0300] "POST /cormun/servlet/hlogin?af9eed84b934f9c251ce864a3db98385,gx-no-cache=1522097290874 HTTP/1.1" 200 90
186.103.159.204 - - [26/Mar/2018:17:49:03 -0300] "GET /cormun/servlet/hpexe_link HTTP/1.1" 200 952
186.103.159.204 - - [26/Mar/2018:17:49:04 -0300] "GET /cormun/servlet/hhome HTTP/1.1" 200 3880
186.103.159.204 - - [26/Mar/2018:17:49:04 -0300] "GET /cormun/servlet/hhome HTTP/1.1" 200 3876
200.54.247.70 - - [26/Mar/2018:17:49:06 -0300] "GET /cormun/servlet/solicitudot?6db2d2c7f234997c8ef66213ec27c4275d4c5333ea082728e10427949809d443ed3cb23189cc988535fc874d0dac1d92,gx-no-cache=1522097288301 HTTP/1.1" 200 30
200.54.247.70 - - [26/Mar/2018:17:49:06 -0300] "GET /cormun/servlet/solicitudot?6db2d2c7f234997c8ef66213ec27c4277dd4c68d1ed7963e0e703f5da77783813eef3be5addeeb63e485e418d75f986eed3cb23189cc988535fc874d0dac1d92,gx-no-cache=1522097288366 HTTP/1.1" 200 30
200.54.247.70 - - [26/Mar/2018:17:49:06 -0300] "GET /cormun/servlet/solicitudot?6db2d2c7f234997c8ef66213ec27c4279384a2ce01b8852c6a2dc0847b7f14d4,gx-no-cache=1522097288393 HTTP/1.1" 200 51
200.54.247.70 - - [26/Mar/2018:17:49:06 -0300] "POST /cormun/servlet/solicitudot?gx-no-cache=1522097288428 HTTP/1.1" 200 255
200.54.247.70 - - [26/Mar/2018:17:49:06 -0300] "GET /cormun/servlet/solicitudot?6db2d2c7f234997c8ef66213ec27c427e84c484ac3c0cb52c470639a43d2a95e7a7f3d729a08e2dd83e7bd8993bad460cc6c5c264217c0816c1a0db5e58407ac4a80129867565bee1279b3fbc6d39889893a3530ac12bc527a7afa1492725ecb7cefa2abb1311bc5d9f52250b08fba304ae3561038fcd90892ad1a76205a8641c94a6fb950dca5b0a50d3f76ba1a555898c1f2c7fcce7ede79a5827194c9d72e00d1dbbf3a8fecc53fd95c0fdd89521586c01c53532614edf67a1bdd56b4999078b2592e13da696fb871b8f711d2d65b72111f3f46f94b0a9a68c7168f2f0a9d4af800cc35483cc5680550e3234be49fb160b97739e2f5a6b2fefc9a773a0e10a75eee1368cd32fdd976d7d690108301dd76e010081925383dc3f510ec223152573a03b0a0bee4daf99ee1736d74b1dd74815e7e2f77c6b672e45ec7ee582e2f862e97526242c1e9add1143b30255469984dad972c1e2e48da24a6df52fd340d396fd3357cda65cec3a0b72b153d10e42d122f273fa3e97fff67fe9de9b9f187,gx-no-cache=1522097288470 HTTP/1.1" 200 30
186.103.159.204 - - [26/Mar/2018:17:49:07 -0300] "GET /cormun/servlet/trsolicitudot? HTTP/1.1" 200 8766
200.54.247.70 - - [26/Mar/2018:17:49:08 -0300] "POST /cormun/servlet/solicitudot?gx-no-cache=1522097290078 HTTP/1.1" 200 30
186.103.159.204 - - [26/Mar/2018:17:49:08 -0300] "GET /cormun/servlet/trsolicitudot? HTTP/1.1" 200 8766
200.54.247.70 - - [26/Mar/2018:17:49:11 -0300] "GET /cormun/servlet/prcontratosol?13720781,,,,,MD,,gxPopupLevel%3D0%3B HTTP/1.1" 200 8700
186.103.159.204 - - [26/Mar/2018:17:49:11 -0300] "POST /cormun/servlet/trsolicitudot?af9eed84b934f9c251ce864a3db98385,,gx-no-cache=1522097298423 HTTP/1.1" 200 107
186.103.159.204 - - [26/Mar/2018:17:49:11 -0300] "GET /cormun/servlet/trsolicitudadjuntos?2018,10835, HTTP/1.1" 200 9064
186.103.159.204 - - [26/Mar/2018:17:49:11 -0300] "GET /cormun/servlet/trsolicitudadjuntos?2018,10835, HTTP/1.1" 200 9065
200.54.247.70 - - [26/Mar/2018:17:49:13 -0300] "GET /cormun/static/gxcfg.js?201761413223964 HTTP/1.1" 304 -
186.103.159.204 - - [26/Mar/2018:17:49:17 -0300] "GET /cormun/servlet/solicitudotadjuntos?INS,2018,10835,,1, HTTP/1.1" 200 5931
186.103.159.204 - - [26/Mar/2018:17:49:17 -0300] "GET /cormun/static/about:blank HTTP/1.1" 404 1011
186.103.159.204 - - [26/Mar/2018:17:49:17 -0300] "GET /cormun/servlet/solicitudotadjuntos?INS,2018,10835,,1, HTTP/1.1" 200 5925
186.103.159.204 - - [26/Mar/2018:17:49:18 -0300] "GET /cormun/servlet/solicitudotadjuntos?200dfd07377f12c1f82b602f221b6be8ed39138f415ac1ce184e3a264aae38650125477df8a023ab83ba7c4852e4afbd,gx-no-cache=1522097305162 HTTP/1.1" 200 30
200.54.247.70 - - [26/Mar/2018:17:49:18 -0300] "POST /cormun/servlet/solicitudot?gx-no-cache=1522097300332 HTTP/1.1" 200 1336
186.103.159.204 - - [26/Mar/2018:17:49:18 -0300] "POST /cormun/servlet/solicitudotadjuntos?af9eed84b934f9c251ce864a3db98385,INS,2018,10835,,1,,gx-no-cache=1522097305224 HTTP/1.1" 200 3836
200.54.247.70 - - [26/Mar/2018:17:49:18 -0300] "POST /cormun/servlet/solicitudot?gx-no-cache=1522097300537 HTTP/1.1" 200 38
200.54.247.70 - - [26/Mar/2018:17:49:18 -0300] "GET /cormun/servlet/solicitudot?6db2d2c7f234997c8ef66213ec27c427aa90e85bcdb85c0bbdb24c9c708876af36ab2892d85015008ed8474d83629629c6559a37f66b1d4caebb5730be3bc092542cc7e709723e6a363275df1b997a3938a718c013b6b9fa11a5d12f16fb85d131796155e251ce4cff8effe7965fc18582d80c61c96a120516931bdb17fe4333bc633546d48950f3349170a8c833fd75f35aff64c49615104f129e3f538ba9e5,gx-no-cache=1522097300571 HTTP/1.1" 200 29
200.54.247.70 - - [26/Mar/2018:17:49:18 -0300] "POST /cormun/servlet/solicitudot?gx-no-cache=1522097300608 HTTP/1.1" 200 1318
200.54.247.70 - - [26/Mar/2018:17:49:18 -0300] "POST /cormun/servlet/solicitudot?gx-no-cache=1522097300665 HTTP/1.1" 200 1218
200.54.247.70 - - [26/Mar/2018:17:49:18 -0300] "GET /cormun/servlet/solicitudot?6db2d2c7f234997c8ef66213ec27c427c644fef7b93d386fc4a519d818d3df0651362d5cabe2e9692b6db588da9c132e,gx-no-cache=1522097300712 HTTP/1.1" 200 30
186.103.159.204 - - [26/Mar/2018:17:49:23 -0300] "POST /cormun/servlet/solicitudotadjuntos?gx-no-cache=1522097310714 HTTP/1.1" 200 26
200.54.247.70 - - [26/Mar/2018:17:49:33 -0300] "POST /cormun/servlet/solicitudot?gx-no-cache=1522097315113 HTTP/1.1" 200 1317
200.54.247.70 - - [26/Mar/2018:17:49:33 -0300] "POST /cormun/servlet/solicitudot?gx-no-cache=1522097315177 HTTP/1.1" 200 1218
186.103.159.204 - - [26/Mar/2018:17:49:40 -0300] "GET /cormun/servlet/solicitudotadjuntos?200dfd07377f12c1f82b602f221b6be8ff00436daf7e109a4ca3cab606a0391c,gx-no-cache=1522097327290 HTTP/1.1" 200 30
186.103.159.204 - - [26/Mar/2018:17:49:40 -0300] "GET /cormun/servlet/solicitudotadjuntos?200dfd07377f12c1f82b602f221b6be8ff00436daf7e109a4ca3cab606a0391c,gx-no-cache=1522097327310 HTTP/1.1" 200 30
186.103.159.204 - - [26/Mar/2018:17:49:40 -0300] "POST /cormun/servlet/solicitudotadjuntos?af9eed84b934f9c251ce864a3db98385,INS,2018,10835,,1, HTTP/1.1" 200 116
186.103.159.204 - - [26/Mar/2018:17:49:40 -0300] "GET /cormun/servlet/hpexe_return? HTTP/1.1" 200 1029
186.103.159.204 - - [26/Mar/2018:17:49:40 -0300] "GET /cormun/servlet/trsolicitudadjuntos?2018,10835, HTTP/1.1" 200 9358
186.103.159.204 - - [26/Mar/2018:17:49:41 -0300] "GET /cormun/servlet/trsolicitudadjuntos?2018,10835, HTTP/1.1" 200 9359
186.103.159.204 - - [26/Mar/2018:17:49:45 -0300] "GET /cormun/servlet/solicitudotadjuntos?INS,2018,10835,,1, HTTP/1.1" 200 5931
186.103.159.204 - - [26/Mar/2018:17:49:45 -0300] "GET /cormun/static/about:blank HTTP/1.1" 404 1011
186.103.159.204 - - [26/Mar/2018:17:49:45 -0300] "GET /cormun/servlet/solicitudotadjuntos?INS,2018,10835,,1, HTTP/1.1" 200 5925
186.103.159.204 - - [26/Mar/2018:17:49:45 -0300] "GET /cormun/servlet/solicitudotadjuntos?200dfd07377f12c1f82b602f221b6be8ed39138f415ac1ce184e3a264aae38650125477df8a023ab83ba7c4852e4afbd,gx-no-cache=1522097332877 HTTP/1.1" 200 30
186.103.159.204 - - [26/Mar/2018:17:49:45 -0300] "POST /cormun/servlet/solicitudotadjuntos?af9eed84b934f9c251ce864a3db98385,INS,2018,10835,,1,,gx-no-cache=1522097332899 HTTP/1.1" 200 3836
201.239.228.226 - - [26/Mar/2018:17:49:46 -0300] "POST /cormun/servlet/solicitudot?2d2d897e2f189f11d27cc622795e5712,INS,0,0,,gx-no-cache=1522097331472 HTTP/1.1" 200 90
201.239.228.226 - - [26/Mar/2018:17:49:46 -0300] "GET /cormun/servlet/hpexe_link HTTP/1.1" 200 963
201.239.228.226 - - [26/Mar/2018:17:49:46 -0300] "GET /cormun/servlet/trsolicitudot? HTTP/1.1" 200 7511
201.239.228.226 - - [26/Mar/2018:17:49:47 -0300] "GET /cormun/servlet/trsolicitudot? HTTP/1.1" 200 7509
186.103.159.204 - - [26/Mar/2018:17:49:49 -0300] "POST /cormun/servlet/solicitudotadjuntos?gx-no-cache=1522097336579 HTTP/1.1" 200 26
186.103.159.204 - - [26/Mar/2018:17:49:58 -0300] "GET /cormun/servlet/solicitudotadjuntos?200dfd07377f12c1f82b602f221b6be8ff00436daf7e109a4ca3cab606a0391c,gx-no-cache=1522097345771 HTTP/1.1" 200 30
186.103.159.204 - - [26/Mar/2018:17:49:58 -0300] "GET /cormun/servlet/solicitudotadjuntos?200dfd07377f12c1f82b602f221b6be8ff00436daf7e109a4ca3cab606a0391c,gx-no-cache=1522097345786 HTTP/1.1" 200 30
186.103.159.204 - - [26/Mar/2018:17:49:58 -0300] "POST /cormun/servlet/solicitudotadjuntos?af9eed84b934f9c251ce864a3db98385,INS,2018,10835,,1, HTTP/1.1" 200 116
186.103.159.204 - - [26/Mar/2018:17:49:58 -0300] "GET /cormun/servlet/hpexe_return? HTTP/1.1" 200 1029
186.103.159.204 - - [26/Mar/2018:17:49:59 -0300] "GET /cormun/servlet/trsolicitudadjuntos?2018,10835, HTTP/1.1" 200 9657
186.103.159.204 - - [26/Mar/2018:17:49:59 -0300] "GET /cormun/servlet/trsolicitudadjuntos?2018,10835, HTTP/1.1" 200 9655
186.103.159.204 - - [26/Mar/2018:17:50:09 -0300] "GET /cormun/servlet/solicitudotadjuntos?INS,2018,10835,,1, HTTP/1.1" 200 5931
186.103.159.204 - - [26/Mar/2018:17:50:09 -0300] "GET /cormun/static/about:blank HTTP/1.1" 404 1011
186.103.159.204 - - [26/Mar/2018:17:50:09 -0300] "GET /cormun/servlet/solicitudotadjuntos?INS,2018,10835,,1, HTTP/1.1" 200 5925
186.103.159.204 - - [26/Mar/2018:17:50:10 -0300] "GET /cormun/servlet/solicitudotadjuntos?200dfd07377f12c1f82b602f221b6be8ed39138f415ac1ce184e3a264aae38650125477df8a023ab83ba7c4852e4afbd,gx-no-cache=1522097357035 HTTP/1.1" 200 30
186.103.159.204 - - [26/Mar/2018:17:50:10 -0300] "POST /cormun/servlet/solicitudotadjuntos?af9eed84b934f9c251ce864a3db98385,INS,2018,10835,,1,,gx-no-cache=1522097357079 HTTP/1.1" 200 3836
186.103.159.204 - - [26/Mar/2018:17:50:16 -0300] "GET /cormun/servlet/trsolicitudot? HTTP/1.1" 200 8776
186.103.159.204 - - [26/Mar/2018:17:50:16 -0300] "GET /cormun/servlet/trsolicitudot? HTTP/1.1" 200 8766
201.239.228.226 - - [26/Mar/2018:17:50:17 -0300] "GET /cormun/servlet/solicitudot?INS,0,0, HTTP/1.1" 200 13698
201.239.228.226 - - [26/Mar/2018:17:50:18 -0300] "GET /cormun/servlet/solicitudot?INS,0,0, HTTP/1.1" 200 13703
201.239.228.226 - - [26/Mar/2018:17:50:26 -0300] "POST /cormun/servlet/solicitudot?gx-no-cache=1522097371865 HTTP/1.1" 200 3409
201.239.228.226 - - [26/Mar/2018:17:50:26 -0300] "POST /cormun/servlet/solicitudot?2d2d897e2f189f11d27cc622795e5712,INS,0,0,,gx-no-cache=1522097372144 HTTP/1.1" 200 10574
186.103.159.204 - - [26/Mar/2018:17:50:27 -0300] "POST /cormun/servlet/trsolicitudot?af9eed84b934f9c251ce864a3db98385,,gx-no-cache=1522097373974 HTTP/1.1" 200 5704
186.103.159.204 - - [26/Mar/2018:17:50:27 -0300] "GET /cormun/static/Shared/jqueryui/images/ui-bg_highlight-soft_100_c6c2c8_1x100.png HTTP/1.1" 404 1117
186.103.159.204 - - [26/Mar/2018:17:50:27 -0300] "GET /cormun/static/Shared/jqueryui/images/ui-icons_82798d_256x240.png HTTP/1.1" 404 1089
186.103.159.204 - - [26/Mar/2018:17:50:27 -0300] "GET /cormun/static/Shared/jqueryui/images/ui-bg_flat_55_fafafa_40x100.png HTTP/1.1" 404 1097
186.103.159.204 - - [26/Mar/2018:17:50:27 -0300] "GET /cormun/static/Shared/jqueryui/images/ui-icons_8d78a5_256x240.png HTTP/1.1" 404 1089
186.103.159.204 - - [26/Mar/2018:17:50:27 -0300] "POST /cormun/servlet/trsolicitudot?af9eed84b934f9c251ce864a3db98385,,gx-no-cache=1522097374285 HTTP/1.1" 200 5647
192.168.10.96 - - [26/Mar/2018:17:50:44 -0300] "POST /cormun/servlet/trsolicitudgral?279a4ba53953978c25cdd38311031c47,,gx-no-cache=1522097275427 HTTP/1.1" 200 7634
186.103.159.204 - - [26/Mar/2018:17:50:44 -0300] "POST /cormun/servlet/trsolicitudot?af9eed84b934f9c251ce864a3db98385,,gx-no-cache=1522097391186 HTTP/1.1" 200 4496
186.103.159.204 - - [26/Mar/2018:17:50:44 -0300] "POST /cormun/servlet/trsolicitudot?af9eed84b934f9c251ce864a3db98385,,gx-no-cache=1522097391353 HTTP/1.1" 200 4279
201.239.228.226 - - [26/Mar/2018:17:50:47 -0300] "GET /cormun/servlet/solicitudot?9855d23748ef0bf10fc167d30cef40aae2bef98ffbba5e0e33a5dad17dffe20c21d1e8268bbe06c86e8fb6646dce987e,gx-no-cache=1522097393274 HTTP/1.1" 200 30
201.239.228.226 - - [26/Mar/2018:17:50:47 -0300] "GET /cormun/servlet/solicitudot?9855d23748ef0bf10fc167d30cef40aa4e410fd2ae76053d7740a4aa7905799c3d752759d1837151d6535c0b6a034325778093b8b9861063648396f82caa27bf,gx-no-cache=1522097393399 HTTP/1.1" 200 30
201.239.228.226 - - [26/Mar/2018:17:50:47 -0300] "GET /cormun/servlet/solicitudot?9855d23748ef0bf10fc167d30cef40aaef2828e8f441f26891081da48535c4de,gx-no-cache=1522097393449 HTTP/1.1" 200 51
186.103.159.204 - - [26/Mar/2018:17:50:51 -0300] "POST /cormun/servlet/trsolicitudot?af9eed84b934f9c251ce864a3db98385,,gx-no-cache=1522097398555 HTTP/1.1" 200 5967
201.239.228.226 - - [26/Mar/2018:17:50:54 -0300] "POST /cormun/servlet/solicitudot?gx-no-cache=1522097399787 HTTP/1.1" 200 297
201.239.228.226 - - [26/Mar/2018:17:50:54 -0300] "GET /cormun/servlet/solicitudot?9855d23748ef0bf10fc167d30cef40aa2cbefcaa1e2ecce990b0206966b7b8f473f1a2aa423757cb8408f5a16bd2dcfb70fdf27b688c2421bb181168ed28ef356a0109900d2be6e5d41e8a7a5b0aef213a43d8f65c71a2ed1ca269440fdc825ac4f7b952e00bcebfc7d9fc715fdcdeaf31b18c85b44e39c1032a864abd05ddb1ae5460a2980b6c6fbb49d5cfa1c4663c70beeab7de05d019baddf17ef5ae1842c4113fd4a1baee86322980bb70401f86f689dcb311fe57e1a8760a4d40a0905c1061be91b596871ca1a9105dd22e0a982676d25ad7be9502e74fad029f60509b5176b43e4a87b309d58b846548f44285e068f9c2c3abfaec4c7fe486b35da0e2951c9a69a89c2ee8c4c31b63d37d55d8542c948aeb0913a8eb12baad79486d647e0fe14e4c8a32a0ea1f806e1b9d2c37bdaa5f62dd97cd70329211c9a006e2dfd616ecefb41c4a55b149f3e2efc6d82bd8b2a9bb81b8805119afb58a6bfd64b52b7300384acddf0dc9a5bea6aada722438b152c4d9783719db9d4f4b405edac65b5be1810744f5f589a11f43a5ee7802,gx-no-cache=1522097399905 HTTP/1.1" 200 30
201.239.228.226 - - [26/Mar/2018:17:50:56 -0300] "POST /cormun/servlet/solicitudot?gx-no-cache=1522097401994 HTTP/1.1" 200 30
201.239.228.226 - - [26/Mar/2018:17:50:58 -0300] "POST /cormun/servlet/solicitudot?2d2d897e2f189f11d27cc622795e5712,INS,0,0,,gx-no-cache=1522097404146 HTTP/1.1" 200 10700
192.168.10.96 - - [26/Mar/2018:17:51:01 -0300] "POST /cormun/servlet/trsolicitudgral?279a4ba53953978c25cdd38311031c47,,gx-no-cache=1522097292803 HTTP/1.1" 200 7909
201.239.228.226 - - [26/Mar/2018:17:51:12 -0300] "GET /cormun/servlet/solicitudot?9855d23748ef0bf10fc167d30cef40aae2bef98ffbba5e0e33a5dad17dffe20c3720d44b69adfff7ae45cb5511c3379b,gx-no-cache=1522097418323 HTTP/1.1" 200 30
201.239.228.226 - - [26/Mar/2018:17:51:13 -0300] "GET /cormun/servlet/solicitudot?9855d23748ef0bf10fc167d30cef40aa4e410fd2ae76053d7740a4aa7905799c3d752759d1837151d6535c0b6a03432507fba773cdd25b9f62eba546d834e4bb,gx-no-cache=1522097418449 HTTP/1.1" 200 30
201.239.228.226 - - [26/Mar/2018:17:51:13 -0300] "GET /cormun/servlet/solicitudot?9855d23748ef0bf10fc167d30cef40aa01bec00b5420e0920919e61a7e468c3d960ec1f60c81b30d8a7d42b28f5536e1b8cec0d636d07a4c2857a18445859de5,gx-no-cache=1522097418545 HTTP/1.1" 200 51
201.239.228.226 - - [26/Mar/2018:17:51:13 -0300] "POST /cormun/servlet/solicitudot?gx-no-cache=1522097418623 HTTP/1.1" 200 297
201.239.228.226 - - [26/Mar/2018:17:51:13 -0300] "GET /cormun/servlet/solicitudot?9855d23748ef0bf10fc167d30cef40aa2cbefcaa1e2ecce990b0206966b7b8f473f1a2aa423757cb8408f5a16bd2dcfb70fdf27b688c2421bb181168ed28ef356a0109900d2be6e5d41e8a7a5b0aef213a43d8f65c71a2ed1ca269440fdc825ac4f7b952e00bcebfc7d9fc715fdcdeaf31b18c85b44e39c1032a864abd05ddb1ae5460a2980b6c6fbb49d5cfa1c4663c70beeab7de05d019baddf17ef5ae1842c4113fd4a1baee86322980bb70401f86f689dcb311fe57e1a8760a4d40a0905c1061be91b596871ca1a9105dd22e0a982676d25ad7be9502e74fad029f60509b5176b43e4a87b309d58b846548f44285e068f9c2c3abfaec4c7fe486b35da0e2951c9a69a89c2ee8c4c31b63d37d55d8542c948aeb0913a8eb12baad79486d647e0fe14e4c8a32a0ea1f806e1b9d2c37bdaa5f62dd97cd70329211c9a006e2dfd616ecefb41c4a55b149f3e2efc6d82bd8b2a9bb81b8805119afb58a6bfd64b52b7300384acddf0dc9a5bea6aada7224268739e1a7900293838fe284bf9022265b5be1810744f5f589a11f43a5ee7802,gx-no-cache=1522097418685 HTTP/1.1" 200 30
201.239.228.226 - - [26/Mar/2018:17:51:13 -0300] "POST /cormun/servlet/solicitudot?gx-no-cache=1522097418742 HTTP/1.1" 200 30
201.239.228.226 - - [26/Mar/2018:17:51:13 -0300] "POST /cormun/servlet/solicitudot?gx-no-cache=1522097418803 HTTP/1.1" 200 1337
201.239.228.226 - - [26/Mar/2018:17:51:13 -0300] "POST /cormun/servlet/solicitudot?gx-no-cache=1522097418895 HTTP/1.1" 200 38
192.168.10.96 - - [26/Mar/2018:17:51:19 -0300] "POST /cormun/servlet/trsolicitudgral?279a4ba53953978c25cdd38311031c47,,gx-no-cache=1522097310883 HTTP/1.1" 200 7903
201.239.228.226 - - [26/Mar/2018:17:51:22 -0300] "GET /cormun/servlet/solicitudot?9855d23748ef0bf10fc167d30cef40aa410006f3b046d768c505e101fe65a4883b4eacdd8f2c405ec414f876c9be3a7afd41dc27af5d2155517f8966bf354585137d25c932324eacf8d9564d5d6ea75309007d259e8df67fda9ae8cc680af6311038ec7b6046fd8f090aa71e1837b483,gx-no-cache=1522097428228 HTTP/1.1" 200 29
201.239.228.226 - - [26/Mar/2018:17:51:22 -0300] "POST /cormun/servlet/solicitudot?gx-no-cache=1522097428320 HTTP/1.1" 200 1319
201.239.228.226 - - [26/Mar/2018:17:51:22 -0300] "POST /cormun/servlet/solicitudot?gx-no-cache=1522097428418 HTTP/1.1" 200 1218
201.239.228.226 - - [26/Mar/2018:17:51:25 -0300] "POST /cormun/servlet/solicitudot?gx-no-cache=1522097431062 HTTP/1.1" 200 1319
201.239.228.226 - - [26/Mar/2018:17:51:25 -0300] "POST /cormun/servlet/solicitudot?gx-no-cache=1522097431172 HTTP/1.1" 200 1218
201.239.228.226 - - [26/Mar/2018:17:51:27 -0300] "GET /cormun/servlet/solicitudot?9855d23748ef0bf10fc167d30cef40aaf8c530858c6523f59f5a8e2b320c72df1cc0a871ac5d3ed62f5a8c679f9aec46,gx-no-cache=1522097433311 HTTP/1.1" 200 30
201.239.228.226 - - [26/Mar/2018:17:51:47 -0300] "POST /cormun/servlet/solicitudot?gx-no-cache=1522097452582 HTTP/1.1" 200 30
192.168.10.96 - - [26/Mar/2018:17:51:49 -0300] "POST /cormun/servlet/trsolicitudgral?279a4ba53953978c25cdd38311031c47,,gx-no-cache=1522097340863 HTTP/1.1" 200 7926
201.239.228.226 - - [26/Mar/2018:17:51:58 -0300] "POST /cormun/servlet/solicitudot?2d2d897e2f189f11d27cc622795e5712,INS,0,0,,gx-no-cache=1522097463660 HTTP/1.1" 200 93
201.239.228.226 - - [26/Mar/2018:17:51:58 -0300] "GET /cormun/servlet/hpexe_return? HTTP/1.1" 200 1008
201.239.228.226 - - [26/Mar/2018:17:51:58 -0300] "GET /cormun/static/Resources/Spanish/PXTools.css?167811 HTTP/1.1" 304 -
201.239.228.226 - - [26/Mar/2018:17:51:58 -0300] "GET /cormun/static/gxcfg.js?2016101716175148 HTTP/1.1" 304 -
201.239.228.226 - - [26/Mar/2018:17:51:59 -0300] "GET /cormun/static/hpexe_return.js?2016101716175153 HTTP/1.1" 304 -
201.239.228.226 - - [26/Mar/2018:17:51:59 -0300] "GET /cormun/servlet/trsolicitudot HTTP/1.1" 200 8869
192.168.10.89 - - [26/Mar/2018:17:51:59 -0300] "GET /cormun/servlet/hlogin HTTP/1.1" 200 1732
201.239.228.226 - - [26/Mar/2018:17:52:00 -0300] "GET /cormun/servlet/trsolicitudot HTTP/1.1" 200 8866
201.239.228.226 - - [26/Mar/2018:17:52:04 -0300] "POST /cormun/servlet/trsolicitudot?2d2d897e2f189f11d27cc622795e5712,gx-no-cache=1522097469984 HTTP/1.1" 200 107
201.239.228.226 - - [26/Mar/2018:17:52:04 -0300] "GET /cormun/servlet/trsolicitudadjuntos?2018,10863, HTTP/1.1" 200 6349
201.239.228.226 - - [26/Mar/2018:17:52:04 -0300] "GET /cormun/static/gxui/gxui-all.css?110300 HTTP/1.1" 200 2179
201.239.228.226 - - [26/Mar/2018:17:52:04 -0300] "GET /cormun/static/calendar-system.css?75620 HTTP/1.1" 200 5572
201.239.228.226 - - [26/Mar/2018:17:52:04 -0300] "GET /cormun/static/gxcfg.js?20177612135366 HTTP/1.1" 200 953
201.239.228.226 - - [26/Mar/2018:17:52:04 -0300] "GET /cormun/static/trsolicitudadjuntos.js?20177612135632 HTTP/1.1" 200 17922
201.239.228.226 - - [26/Mar/2018:17:52:05 -0300] "GET /cormun/static/Shared/ext/resources/css/ext-all.css?205870 HTTP/1.1" 200 416045
192.168.10.89 - - [26/Mar/2018:17:52:05 -0300] "POST /cormun/servlet/hlogin?4f8df03fa73b953d30d59fcdfd57a9bc,gx-no-cache=1522097356617 HTTP/1.1" 200 90
192.168.10.89 - - [26/Mar/2018:17:52:05 -0300] "GET /cormun/servlet/hpexe_link HTTP/1.1" 200 945
192.168.10.89 - - [26/Mar/2018:17:52:05 -0300] "GET /cormun/servlet/hhome HTTP/1.1" 200 4912
201.239.228.226 - - [26/Mar/2018:17:52:05 -0300] "GET /cormun/servlet/trsolicitudadjuntos?2018,10863, HTTP/1.1" 200 6349
192.168.10.89 - - [26/Mar/2018:17:52:08 -0300] "GET /cormun/servlet/trsolicitudgral? HTTP/1.1" 200 28663
201.239.228.226 - - [26/Mar/2018:17:52:11 -0300] "GET /cormun/servlet/solicitudotadjuntos?INS,2018,10863,,1, HTTP/1.1" 200 6296
201.239.228.226 - - [26/Mar/2018:17:52:11 -0300] "GET /cormun/static/gxcfg.js?2017761244068 HTTP/1.1" 200 953
201.239.228.226 - - [26/Mar/2018:17:52:11 -0300] "GET /cormun/static/solicitudotadjuntos.js?2017761244086 HTTP/1.1" 200 11771
201.239.228.226 - - [26/Mar/2018:17:52:11 -0300] "GET /cormun/static/about:blank HTTP/1.1" 404 1011
201.239.228.226 - - [26/Mar/2018:17:52:12 -0300] "GET /cormun/servlet/solicitudotadjuntos?INS,2018,10863,,1, HTTP/1.1" 200 6289
201.239.228.226 - - [26/Mar/2018:17:52:12 -0300] "GET /cormun/servlet/solicitudotadjuntos?9855d23748ef0bf10fc167d30cef40aace9b1dadc142a791a515dd422c1e8c8a5ed73861c3d61f19a7afcfebfda317f7,gx-no-cache=1522097478014 HTTP/1.1" 200 30
201.239.228.226 - - [26/Mar/2018:17:52:12 -0300] "POST /cormun/servlet/solicitudotadjuntos?2d2d897e2f189f11d27cc622795e5712,INS,2018,10863,,1,,gx-no-cache=1522097478084 HTTP/1.1" 200 3992
201.239.228.226 - - [26/Mar/2018:17:52:14 -0300] "POST /cormun/servlet/solicitudotadjuntos?gx-no-cache=1522097480385 HTTP/1.1" 200 26
192.168.10.89 - - [26/Mar/2018:17:52:21 -0300] "POST /cormun/servlet/trsolicitudgral?4f8df03fa73b953d30d59fcdfd57a9bc,,gx-no-cache=1522097372263 HTTP/1.1" 200 7274
201.239.228.226 - - [26/Mar/2018:17:52:34 -0300] "GET /cormun/servlet/solicitudotadjuntos?9855d23748ef0bf10fc167d30cef40aac79578930ee082587eed5e8df28797e5,gx-no-cache=1522097500142 HTTP/1.1" 200 30
201.239.228.226 - - [26/Mar/2018:17:52:34 -0300] "GET /cormun/servlet/solicitudotadjuntos?9855d23748ef0bf10fc167d30cef40aac79578930ee082587eed5e8df28797e5,gx-no-cache=1522097500192 HTTP/1.1" 200 30
201.239.228.226 - - [26/Mar/2018:17:52:35 -0300] "POST /cormun/servlet/solicitudotadjuntos?2d2d897e2f189f11d27cc622795e5712,INS,2018,10863,,1, HTTP/1.1" 200 116
201.239.228.226 - - [26/Mar/2018:17:52:35 -0300] "GET /cormun/servlet/hpexe_return? HTTP/1.1" 200 1027
201.239.228.226 - - [26/Mar/2018:17:52:35 -0300] "GET /cormun/servlet/trsolicitudadjuntos?2018,10863, HTTP/1.1" 200 8804
201.239.228.226 - - [26/Mar/2018:17:52:36 -0300] "GET /cormun/servlet/trsolicitudadjuntos?2018,10863, HTTP/1.1" 200 8804
201.239.228.226 - - [26/Mar/2018:17:52:39 -0300] "GET /cormun/servlet/solicitudotadjuntos?INS,2018,10863,,1, HTTP/1.1" 200 6296
201.239.228.226 - - [26/Mar/2018:17:52:39 -0300] "GET /cormun/static/about:blank HTTP/1.1" 404 1011
201.239.228.226 - - [26/Mar/2018:17:52:39 -0300] "GET /cormun/servlet/solicitudotadjuntos?INS,2018,10863,,1, HTTP/1.1" 200 6289
201.239.228.226 - - [26/Mar/2018:17:52:40 -0300] "GET /cormun/servlet/solicitudotadjuntos?9855d23748ef0bf10fc167d30cef40aace9b1dadc142a791a515dd422c1e8c8a5ed73861c3d61f19a7afcfebfda317f7,gx-no-cache=1522097505701 HTTP/1.1" 200 30
201.239.228.226 - - [26/Mar/2018:17:52:40 -0300] "POST /cormun/servlet/solicitudotadjuntos?2d2d897e2f189f11d27cc622795e5712,INS,2018,10863,,1,,gx-no-cache=1522097505814 HTTP/1.1" 200 3992
201.239.228.226 - - [26/Mar/2018:17:52:42 -0300] "POST /cormun/servlet/solicitudotadjuntos?gx-no-cache=1522097508380 HTTP/1.1" 200 26
192.168.10.96 - - [26/Mar/2018:17:52:51 -0300] "POST /cormun/servlet/trsolicitudgral?279a4ba53953978c25cdd38311031c47,,gx-no-cache=1522097402751 HTTP/1.1" 200 7873
201.239.228.226 - - [26/Mar/2018:17:52:58 -0300] "POST /cormun/servlet/solicitudotadjuntos?gx-no-cache=1522097523809 HTTP/1.1" 200 26
201.239.228.226 - - [26/Mar/2018:17:53:05 -0300] "GET /cormun/servlet/solicitudotadjuntos?9855d23748ef0bf10fc167d30cef40aac79578930ee082587eed5e8df28797e5,gx-no-cache=1522097530773 HTTP/1.1" 200 30
201.239.228.226 - - [26/Mar/2018:17:53:05 -0300] "GET /cormun/servlet/solicitudotadjuntos?9855d23748ef0bf10fc167d30cef40aac79578930ee082587eed5e8df28797e5,gx-no-cache=1522097530834 HTTP/1.1" 200 30
201.239.228.226 - - [26/Mar/2018:17:53:05 -0300] "POST /cormun/servlet/solicitudotadjuntos?2d2d897e2f189f11d27cc622795e5712,INS,2018,10863,,1, HTTP/1.1" 200 116
201.239.228.226 - - [26/Mar/2018:17:53:05 -0300] "GET /cormun/servlet/hpexe_return? HTTP/1.1" 200 1027
201.239.228.226 - - [26/Mar/2018:17:53:06 -0300] "GET /cormun/servlet/trsolicitudadjuntos?2018,10863, HTTP/1.1" 200 9028
201.239.228.226 - - [26/Mar/2018:17:53:06 -0300] "GET /cormun/servlet/trsolicitudadjuntos?2018,10863, HTTP/1.1" 200 9027
201.239.228.226 - - [26/Mar/2018:17:53:08 -0300] "GET /cormun/servlet/solicitudotadjuntos?INS,2018,10863,,1, HTTP/1.1" 200 6295
201.239.228.226 - - [26/Mar/2018:17:53:09 -0300] "GET /cormun/static/about:blank HTTP/1.1" 404 1011
201.239.228.226 - - [26/Mar/2018:17:53:09 -0300] "GET /cormun/servlet/solicitudotadjuntos?INS,2018,10863,,1, HTTP/1.1" 200 6289
201.239.228.226 - - [26/Mar/2018:17:53:10 -0300] "GET /cormun/servlet/solicitudotadjuntos?9855d23748ef0bf10fc167d30cef40aace9b1dadc142a791a515dd422c1e8c8a5ed73861c3d61f19a7afcfebfda317f7,gx-no-cache=1522097535589 HTTP/1.1" 200 30
201.239.228.226 - - [26/Mar/2018:17:53:10 -0300] "POST /cormun/servlet/solicitudotadjuntos?2d2d897e2f189f11d27cc622795e5712,INS,2018,10863,,1,,gx-no-cache=1522097535654 HTTP/1.1" 200 3992
201.239.228.226 - - [26/Mar/2018:17:53:12 -0300] "POST /cormun/servlet/solicitudotadjuntos?gx-no-cache=1522097537701 HTTP/1.1" 200 26
201.239.228.226 - - [26/Mar/2018:17:53:23 -0300] "GET /cormun/servlet/solicitudotadjuntos?9855d23748ef0bf10fc167d30cef40aac79578930ee082587eed5e8df28797e5,gx-no-cache=1522097549026 HTTP/1.1" 200 30
201.239.228.226 - - [26/Mar/2018:17:53:23 -0300] "GET /cormun/servlet/solicitudotadjuntos?9855d23748ef0bf10fc167d30cef40aac79578930ee082587eed5e8df28797e5,gx-no-cache=1522097549086 HTTP/1.1" 200 30
201.239.228.226 - - [26/Mar/2018:17:53:24 -0300] "POST /cormun/servlet/solicitudotadjuntos?2d2d897e2f189f11d27cc622795e5712,INS,2018,10863,,1, HTTP/1.1" 200 116
201.239.228.226 - - [26/Mar/2018:17:53:24 -0300] "GET /cormun/servlet/hpexe_return? HTTP/1.1" 200 1027
201.239.228.226 - - [26/Mar/2018:17:53:24 -0300] "GET /cormun/servlet/trsolicitudadjuntos?2018,10863, HTTP/1.1" 200 9198
192.168.10.96 - - [26/Mar/2018:17:53:24 -0300] "POST /cormun/servlet/trsolicitudgral?279a4ba53953978c25cdd38311031c47,,gx-no-cache=1522097436247 HTTP/1.1" 200 7302
201.239.228.226 - - [26/Mar/2018:17:53:25 -0300] "GET /cormun/servlet/trsolicitudadjuntos?2018,10863, HTTP/1.1" 200 9193
201.239.228.226 - - [26/Mar/2018:17:53:27 -0300] "GET /cormun/servlet/solicitudotadjuntos?INS,2018,10863,,1, HTTP/1.1" 200 6295
201.239.228.226 - - [26/Mar/2018:17:53:27 -0300] "GET /cormun/static/about:blank HTTP/1.1" 404 1011
201.239.228.226 - - [26/Mar/2018:17:53:27 -0300] "GET /cormun/servlet/solicitudotadjuntos?INS,2018,10863,,1, HTTP/1.1" 200 6289
201.239.228.226 - - [26/Mar/2018:17:53:28 -0300] "GET /cormun/servlet/solicitudotadjuntos?9855d23748ef0bf10fc167d30cef40aace9b1dadc142a791a515dd422c1e8c8a5ed73861c3d61f19a7afcfebfda317f7,gx-no-cache=1522097553916 HTTP/1.1" 200 30
201.239.228.226 - - [26/Mar/2018:17:53:28 -0300] "POST /cormun/servlet/solicitudotadjuntos?2d2d897e2f189f11d27cc622795e5712,INS,2018,10863,,1,,gx-no-cache=1522097553982 HTTP/1.1" 200 3992
201.239.228.226 - - [26/Mar/2018:17:53:31 -0300] "POST /cormun/servlet/solicitudotadjuntos?gx-no-cache=1522097556508 HTTP/1.1" 200 26
201.239.228.226 - - [26/Mar/2018:17:53:38 -0300] "GET /cormun/servlet/solicitudotadjuntos?9855d23748ef0bf10fc167d30cef40aac79578930ee082587eed5e8df28797e5,gx-no-cache=1522097563539 HTTP/1.1" 200 30
201.239.228.226 - - [26/Mar/2018:17:53:38 -0300] "GET /cormun/servlet/solicitudotadjuntos?9855d23748ef0bf10fc167d30cef40aac79578930ee082587eed5e8df28797e5,gx-no-cache=1522097563642 HTTP/1.1" 200 30
201.239.228.226 - - [26/Mar/2018:17:53:38 -0300] "POST /cormun/servlet/solicitudotadjuntos?2d2d897e2f189f11d27cc622795e5712,INS,2018,10863,,1, HTTP/1.1" 200 116
201.239.228.226 - - [26/Mar/2018:17:53:38 -0300] "GET /cormun/servlet/hpexe_return? HTTP/1.1" 200 1027
201.239.228.226 - - [26/Mar/2018:17:53:39 -0300] "GET /cormun/servlet/trsolicitudadjuntos?2018,10863, HTTP/1.1" 200 9432
200.54.247.70 - - [26/Mar/2018:17:53:39 -0300] "POST /cormun/servlet/solicitudot?gx-no-cache=1522097561542 HTTP/1.1" 200 33
201.239.228.226 - - [26/Mar/2018:17:53:39 -0300] "GET /cormun/servlet/trsolicitudadjuntos?2018,10863, HTTP/1.1" 200 9428
200.54.247.70 - - [26/Mar/2018:17:53:39 -0300] "POST /cormun/servlet/solicitudot?dc297e91a3c939b4f41bdafcefcc1911,INS,0,0,,gx-no-cache=1522097561636 HTTP/1.1" 200 93
200.54.247.70 - - [26/Mar/2018:17:53:39 -0300] "GET /cormun/servlet/hpexe_return? HTTP/1.1" 200 1002
200.54.247.70 - - [26/Mar/2018:17:53:40 -0300] "GET /cormun/servlet/trsolicitudot HTTP/1.1" 200 8851
201.239.228.226 - - [26/Mar/2018:17:53:41 -0300] "GET /cormun/servlet/solicitudotadjuntos?INS,2018,10863,,1, HTTP/1.1" 200 6295
201.239.228.226 - - [26/Mar/2018:17:53:41 -0300] "GET /cormun/static/about:blank HTTP/1.1" 404 1011
201.239.228.226 - - [26/Mar/2018:17:53:42 -0300] "GET /cormun/servlet/solicitudotadjuntos?INS,2018,10863,,1, HTTP/1.1" 200 6289
201.239.228.226 - - [26/Mar/2018:17:53:42 -0300] "GET /cormun/servlet/solicitudotadjuntos?9855d23748ef0bf10fc167d30cef40aace9b1dadc142a791a515dd422c1e8c8a5ed73861c3d61f19a7afcfebfda317f7,gx-no-cache=1522097568321 HTTP/1.1" 200 30
201.239.228.226 - - [26/Mar/2018:17:53:42 -0300] "POST /cormun/servlet/solicitudotadjuntos?2d2d897e2f189f11d27cc622795e5712,INS,2018,10863,,1,,gx-no-cache=1522097568374 HTTP/1.1" 200 3992
200.54.247.70 - - [26/Mar/2018:17:53:43 -0300] "POST /cormun/servlet/trsolicitudot?dc297e91a3c939b4f41bdafcefcc1911,gx-no-cache=1522097565017 HTTP/1.1" 200 4681
200.54.247.70 - - [26/Mar/2018:17:53:43 -0300] "POST /cormun/servlet/trsolicitudot?dc297e91a3c939b4f41bdafcefcc1911,gx-no-cache=1522097565297 HTTP/1.1" 200 4447
200.54.247.70 - - [26/Mar/2018:17:53:43 -0300] "GET /cormun/static/Shared/jqueryui/images/ui-icons_8d78a5_256x240.png HTTP/1.1" 404 1089
200.54.247.70 - - [26/Mar/2018:17:53:43 -0300] "GET /cormun/static/Shared/jqueryui/images/ui-bg_highlight-soft_100_c6c2c8_1x100.png HTTP/1.1" 404 1117
200.54.247.70 - - [26/Mar/2018:17:53:43 -0300] "GET /cormun/static/Shared/jqueryui/images/ui-icons_82798d_256x240.png HTTP/1.1" 404 1089
200.54.247.70 - - [26/Mar/2018:17:53:43 -0300] "GET /cormun/static/Shared/jqueryui/images/ui-bg_flat_55_fafafa_40x100.png HTTP/1.1" 404 1097
200.54.247.70 - - [26/Mar/2018:17:53:46 -0300] "GET /cormun/servlet/trautorizarsolicitud? HTTP/1.1" 200 8741
201.239.228.226 - - [26/Mar/2018:17:53:47 -0300] "POST /cormun/servlet/solicitudotadjuntos?gx-no-cache=1522097572553 HTTP/1.1" 200 26
200.54.247.70 - - [26/Mar/2018:17:53:50 -0300] "POST /cormun/servlet/trautorizarsolicitud?dc297e91a3c939b4f41bdafcefcc1911,,gx-no-cache=1522097572048 HTTP/1.1" 200 4613
200.54.247.70 - - [26/Mar/2018:17:53:50 -0300] "POST /cormun/servlet/trautorizarsolicitud?dc297e91a3c939b4f41bdafcefcc1911,,gx-no-cache=1522097572353 HTTP/1.1" 200 4380
200.54.247.70 - - [26/Mar/2018:17:53:50 -0300] "GET /cormun/static/Shared/jqueryui/images/ui-icons_82798d_256x240.png HTTP/1.1" 404 1089
200.54.247.70 - - [26/Mar/2018:17:53:50 -0300] "GET /cormun/static/Shared/jqueryui/images/ui-icons_8d78a5_256x240.png HTTP/1.1" 404 1089
200.54.247.70 - - [26/Mar/2018:17:53:50 -0300] "GET /cormun/static/Shared/jqueryui/images/ui-bg_flat_55_fafafa_40x100.png HTTP/1.1" 404 1097
200.54.247.70 - - [26/Mar/2018:17:53:50 -0300] "GET /cormun/static/Shared/jqueryui/images/ui-bg_highlight-soft_100_c6c2c8_1x100.png HTTP/1.1" 404 1117
186.67.203.186 - - [26/Mar/2018:17:53:52 -0300] "GET /cormun/servlet/hlogin HTTP/1.1" 200 1724
200.54.247.70 - - [26/Mar/2018:17:53:53 -0300] "GET /cormun/servlet/trsolicitudot? HTTP/1.1" 200 7448
201.239.228.226 - - [26/Mar/2018:17:53:54 -0300] "GET /cormun/servlet/solicitudotadjuntos?9855d23748ef0bf10fc167d30cef40aac79578930ee082587eed5e8df28797e5,gx-no-cache=1522097579892 HTTP/1.1" 200 30
201.239.228.226 - - [26/Mar/2018:17:53:54 -0300] "GET /cormun/servlet/solicitudotadjuntos?9855d23748ef0bf10fc167d30cef40aac79578930ee082587eed5e8df28797e5,gx-no-cache=1522097579942 HTTP/1.1" 200 30
201.239.228.226 - - [26/Mar/2018:17:53:54 -0300] "POST /cormun/servlet/solicitudotadjuntos?2d2d897e2f189f11d27cc622795e5712,INS,2018,10863,,1, HTTP/1.1" 200 116
201.239.228.226 - - [26/Mar/2018:17:53:54 -0300] "GET /cormun/servlet/hpexe_return? HTTP/1.1" 200 1027
201.239.228.226 - - [26/Mar/2018:17:53:55 -0300] "GET /cormun/servlet/trsolicitudadjuntos?2018,10863, HTTP/1.1" 200 9637
201.239.228.226 - - [26/Mar/2018:17:53:55 -0300] "GET /cormun/servlet/trsolicitudadjuntos?2018,10863, HTTP/1.1" 200 9638
200.54.247.70 - - [26/Mar/2018:17:53:57 -0300] "GET /cormun/servlet/solicitudot?INS,0,0, HTTP/1.1" 200 13675
192.168.10.96 - - [26/Mar/2018:17:54:00 -0300] "POST /cormun/servlet/trsolicitudgral?279a4ba53953978c25cdd38311031c47,,gx-no-cache=1522097471437 HTTP/1.1" 200 7900
200.54.247.70 - - [26/Mar/2018:17:54:08 -0300] "POST /cormun/servlet/solicitudot?gx-no-cache=1522097589969 HTTP/1.1" 200 3402
200.54.247.70 - - [26/Mar/2018:17:54:08 -0300] "POST /cormun/servlet/solicitudot?dc297e91a3c939b4f41bdafcefcc1911,INS,0,0,,gx-no-cache=1522097590217 HTTP/1.1" 200 10568
200.54.247.70 - - [26/Mar/2018:17:54:10 -0300] "GET /cormun/servlet/solicitudot?6db2d2c7f234997c8ef66213ec27c427f01d904ce678043862a958ee4ab7b684ed3cb23189cc988535fc874d0dac1d92,gx-no-cache=1522097592670 HTTP/1.1" 200 30
200.54.247.70 - - [26/Mar/2018:17:54:10 -0300] "GET /cormun/servlet/solicitudot?6db2d2c7f234997c8ef66213ec27c427ebd992c4a1dacffb7f8fd370ea1c69ea0d869a6bb9a5b90e26054af678550f604a5f713212c207fa66be90ae40f6d6fb,gx-no-cache=1522097592712 HTTP/1.1" 200 30
200.54.247.70 - - [26/Mar/2018:17:54:10 -0300] "GET /cormun/servlet/solicitudot?6db2d2c7f234997c8ef66213ec27c42711d31f46cfa6aa99ae37318a1f8a712d,gx-no-cache=1522097592738 HTTP/1.1" 200 123
200.54.247.70 - - [26/Mar/2018:17:54:10 -0300] "POST /cormun/servlet/solicitudot?gx-no-cache=1522097592794 HTTP/1.1" 200 255
200.54.247.70 - - [26/Mar/2018:17:54:10 -0300] "GET /cormun/servlet/solicitudot?6db2d2c7f234997c8ef66213ec27c427e84c484ac3c0cb52c470639a43d2a95e7a7f3d729a08e2dd83e7bd8993bad460cc6c5c264217c0816c1a0db5e58407ac4a80129867565bee1279b3fbc6d39889893a3530ac12bc527a7afa1492725ecb7cefa2abb1311bc5d9f52250b08fba304ae3561038fcd90892ad1a76205a8641c94a6fb950dca5b0a50d3f76ba1a555898c1f2c7fcce7ede79a5827194c9d72e00d1dbbf3a8fecc53fd95c0fdd89521586c01c53532614edf67a1bdd56b4999078b2592e13da696fb871b8f711d2d65b72111f3f46f94b0a9a68c7168f2f0a9d4af800cc35483cc5680550e3234be49fb160b97739e2f5a6b2fefc9a773a0e10a75eee1368cd32fdd976d7d690108301dd76e010081925383dc3f510ec223152573a03b0a0bee4daf99ee1736d74b1dd74815e7e2f77c6b672e45ec7ee582e2f862e97526242c1e9add1143b30255469984dad972c1e2e48da24a6df52fd340d396fd3357cda65cec3a0b72b153d10e42d122f273fa3e97fff67fe9de9b9f187,gx-no-cache=1522097592827 HTTP/1.1" 200 30
200.54.247.70 - - [26/Mar/2018:17:54:10 -0300] "GET /cormun/static/Shared/jqueryui/images/ui-icons_82798d_256x240.png HTTP/1.1" 404 1089
200.54.247.70 - - [26/Mar/2018:17:54:10 -0300] "GET /cormun/static/Shared/jqueryui/images/ui-icons_ebccce_256x240.png HTTP/1.1" 404 1089
200.54.247.70 - - [26/Mar/2018:17:54:10 -0300] "GET /cormun/static/Shared/jqueryui/images/ui-bg_highlight-soft_100_c6c2c8_1x100.png HTTP/1.1" 404 1117
200.54.247.70 - - [26/Mar/2018:17:54:10 -0300] "GET /cormun/static/Shared/jqueryui/images/ui-bg_flat_55_994d53_40x100.png HTTP/1.1" 404 1097
200.54.247.70 - - [26/Mar/2018:17:54:20 -0300] "GET /cormun/servlet/prbanco?,MD,,gxPopupLevel%3D0%3B HTTP/1.1" 200 6672
200.54.247.70 - - [26/Mar/2018:17:54:20 -0300] "GET /cormun/static/prbanco.js?2018116101633 HTTP/1.1" 304 -
186.67.203.186 - - [26/Mar/2018:17:54:29 -0300] "POST /cormun/servlet/hlogin?acf7acdc65034fc5b9875cd47ab6020a,gx-no-cache=1522097616709 HTTP/1.1" 200 90
186.67.203.186 - - [26/Mar/2018:17:54:29 -0300] "GET /cormun/servlet/hpexe_link HTTP/1.1" 200 953
186.67.203.186 - - [26/Mar/2018:17:54:30 -0300] "GET /cormun/servlet/hhome HTTP/1.1" 200 4204
186.67.203.186 - - [26/Mar/2018:17:54:31 -0300] "GET /cormun/servlet/hhome HTTP/1.1" 200 4200
192.168.10.96 - - [26/Mar/2018:17:54:40 -0300] "POST /cormun/servlet/trsolicitudgral?279a4ba53953978c25cdd38311031c47,,gx-no-cache=1522097511613 HTTP/1.1" 200 7903
186.67.203.186 - - [26/Mar/2018:17:54:45 -0300] "GET /cormun/servlet/trautorizarsolicitud? HTTP/1.1" 200 7315
186.67.203.186 - - [26/Mar/2018:17:54:46 -0300] "GET /cormun/static/trautorizarsolicitud.js?201711142340425 HTTP/1.1" 304 -
186.67.203.186 - - [26/Mar/2018:17:54:46 -0300] "GET /cormun/servlet/trautorizarsolicitud? HTTP/1.1" 200 7314
200.72.197.82 - - [26/Mar/2018:17:54:52 -0300] "POST /cormun/servlet/trautorizarsolicitud?acf7acdc65034fc5b9875cd47ab6020a,,gx-no-cache=1522097640380 HTTP/1.1" 200 9187
200.54.247.70 - - [26/Mar/2018:17:55:03 -0300] "GET /cormun/servlet/trsolicitudot? HTTP/1.1" 200 7448
200.54.247.70 - - [26/Mar/2018:17:55:05 -0300] "GET /cormun/servlet/solicitudot?INS,0,0, HTTP/1.1" 200 13675
186.67.203.186 - - [26/Mar/2018:17:55:13 -0300] "POST /cormun/servlet/trautorizarsolicitud?acf7acdc65034fc5b9875cd47ab6020a,,gx-no-cache=1522097660797 HTTP/1.1" 200 6823
200.54.247.70 - - [26/Mar/2018:17:55:16 -0300] "POST /cormun/servlet/solicitudot?gx-no-cache=1522097658938 HTTP/1.1" 200 3402
200.54.247.70 - - [26/Mar/2018:17:55:17 -0300] "POST /cormun/servlet/solicitudot?dc297e91a3c939b4f41bdafcefcc1911,INS,0,0,,gx-no-cache=1522097659184 HTTP/1.1" 200 10539
186.67.203.186 - - [26/Mar/2018:17:55:20 -0300] "POST /cormun/servlet/trautorizarsolicitud?acf7acdc65034fc5b9875cd47ab6020a,,gx-no-cache=1522097668659 HTTP/1.1" 200 4404
200.54.247.70 - - [26/Mar/2018:17:55:20 -0300] "GET /cormun/servlet/solicitudot?6db2d2c7f234997c8ef66213ec27c427e25d58279a7c184ecb8a5f6ee1fa64a9810b604cf3de75bf958b5a79eab5c0a7,gx-no-cache=1522097662903 HTTP/1.1" 200 30
200.54.247.70 - - [26/Mar/2018:17:55:20 -0300] "GET /cormun/servlet/solicitudot?6db2d2c7f234997c8ef66213ec27c427a109234893fe4aec064025bb0976265fdeabbb3680dfe7e86196f30db7d9fe92a88abe1156289abbe169e4ddbea03afb,gx-no-cache=1522097662952 HTTP/1.1" 200 30
200.54.247.70 - - [26/Mar/2018:17:55:20 -0300] "GET /cormun/servlet/solicitudot?6db2d2c7f234997c8ef66213ec27c427843ebf499a33b940c2e3177254d0986f,gx-no-cache=1522097662993 HTTP/1.1" 200 53
200.54.247.70 - - [26/Mar/2018:17:55:21 -0300] "POST /cormun/servlet/solicitudot?gx-no-cache=1522097663038 HTTP/1.1" 200 240
200.54.247.70 - - [26/Mar/2018:17:55:21 -0300] "GET /cormun/servlet/solicitudot?6db2d2c7f234997c8ef66213ec27c427e84c484ac3c0cb52c470639a43d2a95e85b2812b843df392ed55a19394ede147cc6c5c264217c0816c1a0db5e58407ac4a80129867565bee1279b3fbc6d39889893a3530ac12bc527a7afa1492725ecb7cefa2abb1311bc5d9f52250b08fba304ae3561038fcd90892ad1a76205a8641c94a6fb950dca5b0a50d3f76ba1a555898c1f2c7fcce7ede79a5827194c9d72e00d1dbbf3a8fecc53fd95c0fdd89521586c01c53532614edf67a1bdd56b4999078b2592e13da696fb871b8f711d2d65b72111f3f46f94b0a9a68c7168f2f0a9d4af800cc35483cc5680550e3234be49fb160b97739e2f5a6b2fefc9a773a0e10a75eee1368cd32fdd976d7d690108301a3d96b0a2d501ff6091be11c4bfc84278750c893abddc564e512757aa8ee20d71b41fd6e620de841706604174a615070c8dde858d1ebd7acdf5e21b69615c3cadb20fdf584e3636961d2b850776e232a9b2044384515e1bb2929f18c79a9022101908da82d217162989d6ac0645ab24f,gx-no-cache=1522097663093 HTTP/1.1" 200 30
200.54.247.70 - - [26/Mar/2018:17:55:22 -0300] "POST /cormun/servlet/solicitudot?gx-no-cache=1522097665032 HTTP/1.1" 200 30
186.67.203.186 - - [26/Mar/2018:17:55:30 -0300] "POST /cormun/servlet/trautorizarsolicitud?acf7acdc65034fc5b9875cd47ab6020a,,gx-no-cache=1522097677359 HTTP/1.1" 200 17182
186.67.203.186 - - [26/Mar/2018:17:55:45 -0300] "GET /cormun/servlet/veautorizarsolicitud?2018,10378,, HTTP/1.1" 200 8626
200.111.122.170 - - [26/Mar/2018:17:55:45 -0300] "GET /cormun/pexe_scrolldiv.js HTTP/1.1" 404 1009
190.151.100.218 - - [26/Mar/2018:17:55:45 -0300] "GET /cormun/static/gxcfg.js?2017111423404691 HTTP/1.1" 304 -
200.111.122.170 - - [26/Mar/2018:17:55:46 -0300] "GET /cormun/static/tbautorizarsolicitud01.js?2017111423392092 HTTP/1.1" 304 -
186.67.203.186 - - [26/Mar/2018:17:55:46 -0300] "GET /cormun/static/veautorizarsolicitud.js?2017111423404756 HTTP/1.1" 304 -
186.67.203.186 - - [26/Mar/2018:17:55:47 -0300] "GET /cormun/servlet/veautorizarsolicitud?2018,10378,, HTTP/1.1" 200 8626
200.54.247.70 - - [26/Mar/2018:17:57:12 -0300] "POST /cormun/servlet/solicitudot?gx-no-cache=1522097774171 HTTP/1.1" 200 1337
200.54.247.70 - - [26/Mar/2018:17:57:12 -0300] "POST /cormun/servlet/solicitudot?gx-no-cache=1522097774395 HTTP/1.1" 200 38
201.239.228.226 - - [26/Mar/2018:17:58:35 -0300] "GET /cormun/servlet/solicitudotadjuntos?INS,2018,10863,,1, HTTP/1.1" 200 6295
201.239.228.226 - - [26/Mar/2018:17:58:35 -0300] "GET /cormun/static/about:blank HTTP/1.1" 404 1011
201.239.228.226 - - [26/Mar/2018:17:58:36 -0300] "GET /cormun/servlet/solicitudotadjuntos?INS,2018,10863,,1, HTTP/1.1" 200 6288
201.239.228.226 - - [26/Mar/2018:17:58:36 -0300] "GET /cormun/servlet/solicitudotadjuntos?9855d23748ef0bf10fc167d30cef40aace9b1dadc142a791a515dd422c1e8c8a5ed73861c3d61f19a7afcfebfda317f7,gx-no-cache=1522097862293 HTTP/1.1" 200 30
201.239.228.226 - - [26/Mar/2018:17:58:36 -0300] "POST /cormun/servlet/solicitudotadjuntos?2d2d897e2f189f11d27cc622795e5712,INS,2018,10863,,1,,gx-no-cache=1522097862351 HTTP/1.1" 200 3991
200.54.247.70 - - [26/Mar/2018:17:59:25 -0300] "POST /cormun/servlet/solicitudot?gx-no-cache=1522097907615 HTTP/1.1" 200 30
200.54.247.70 - - [26/Mar/2018:17:59:25 -0300] "POST /cormun/servlet/solicitudot?gx-no-cache=1522097907678 HTTP/1.1" 200 1337
200.54.247.70 - - [26/Mar/2018:17:59:25 -0300] "POST /cormun/servlet/solicitudot?gx-no-cache=1522097907747 HTTP/1.1" 200 38
200.54.247.70 - - [26/Mar/2018:17:59:36 -0300] "GET /cormun/servlet/solicitudot?6db2d2c7f234997c8ef66213ec27c427aa90e85bcdb85c0bbdb24c9c708876af36ab2892d85015008ed8474d83629629c6559a37f66b1d4caebb5730be3bc092542cc7e709723e6a363275df1b997a3938a718c013b6b9fa11a5d12f16fb85d131796155e251ce4cff8effe7965fc18582d80c61c96a120516931bdb17fe4333bc633546d48950f3349170a8c833fd75f35aff64c49615104f129e3f538ba9e5,gx-no-cache=1522097918372 HTTP/1.1" 200 29
200.54.247.70 - - [26/Mar/2018:17:59:36 -0300] "POST /cormun/servlet/solicitudot?gx-no-cache=1522097918410 HTTP/1.1" 200 1318
200.54.247.70 - - [26/Mar/2018:17:59:36 -0300] "POST /cormun/servlet/solicitudot?gx-no-cache=1522097918493 HTTP/1.1" 200 1219
200.54.247.70 - - [26/Mar/2018:17:59:36 -0300] "GET /cormun/static/menuarrow.gif HTTP/1.1" 404 1015
200.54.247.70 - - [26/Mar/2018:17:59:38 -0300] "POST /cormun/servlet/solicitudot?gx-no-cache=1522097920079 HTTP/1.1" 200 1318
200.54.247.70 - - [26/Mar/2018:17:59:38 -0300] "POST /cormun/servlet/solicitudot?gx-no-cache=1522097920202 HTTP/1.1" 200 1219
200.54.247.70 - - [26/Mar/2018:17:59:39 -0300] "GET /cormun/servlet/solicitudot?6db2d2c7f234997c8ef66213ec27c427c644fef7b93d386fc4a519d818d3df0651362d5cabe2e9692b6db588da9c132e,gx-no-cache=1522097921792 HTTP/1.1" 200 30
201.239.228.226 - - [26/Mar/2018:18:00:01 -0300] "POST /cormun/servlet/solicitudotadjuntos?gx-no-cache=1522097946740 HTTP/1.1" 200 26
200.54.247.70 - - [26/Mar/2018:18:00:04 -0300] "POST /cormun/servlet/solicitudot?gx-no-cache=1522097946707 HTTP/1.1" 200 30
200.54.247.70 - - [26/Mar/2018:18:00:05 -0300] "POST /cormun/servlet/solicitudot?dc297e91a3c939b4f41bdafcefcc1911,INS,0,0,,gx-no-cache=1522097946828 HTTP/1.1" 200 93
200.54.247.70 - - [26/Mar/2018:18:00:05 -0300] "GET /cormun/servlet/hpexe_return? HTTP/1.1" 200 1002
200.54.247.70 - - [26/Mar/2018:18:00:05 -0300] "GET /cormun/servlet/trsolicitudot HTTP/1.1" 200 8830
201.239.228.226 - - [26/Mar/2018:18:00:06 -0300] "POST /cormun/servlet/solicitudotadjuntos?gx-no-cache=1522097952254 HTTP/1.1" 200 26
200.54.247.70 - - [26/Mar/2018:18:00:09 -0300] "POST /cormun/servlet/trsolicitudot?dc297e91a3c939b4f41bdafcefcc1911,gx-no-cache=1522097951278 HTTP/1.1" 200 4674
