186.103.156.24 - - [26/Mar/2018:17:28:16 -0300] "POST /cormun/servlet/solicitudot?gx-no-cache=1522096046702 HTTP/1.1" 200 1319
186.103.156.24 - - [26/Mar/2018:17:28:16 -0300] "POST /cormun/servlet/solicitudot?gx-no-cache=1522096046744 HTTP/1.1" 200 1218
186.103.156.24 - - [26/Mar/2018:17:28:16 -0300] "GET /cormun/static/menuarrow.gif HTTP/1.1" 404 1015
186.67.84.236 - - [26/Mar/2018:17:28:19 -0300] "GET /cormun/servlet/solicitudot?635f0e624a01ccb616a4dc33335021b621efb5cb2f75a70ec2bf5e95440319197730551c691481e3fa39ed648862e61f,gx-no-cache=1522096046589 HTTP/1.1" 200 30
186.103.156.24 - - [26/Mar/2018:17:28:21 -0300] "POST /cormun/servlet/solicitudot?gx-no-cache=1522096051860 HTTP/1.1" 200 1319
186.103.156.24 - - [26/Mar/2018:17:28:21 -0300] "POST /cormun/servlet/solicitudot?gx-no-cache=1522096051901 HTTP/1.1" 200 1218
186.103.156.24 - - [26/Mar/2018:17:28:26 -0300] "GET /cormun/servlet/solicitudot?0b68b7e5f4143c3c6011c5fc710ad9e1a98b44a9bae65be134c8b0c7444bf24200fdd39a526b7389e6a5a04e106297a7,gx-no-cache=1522096056757 HTTP/1.1" 200 30
186.103.156.24 - - [26/Mar/2018:17:28:26 -0300] "POST /cormun/servlet/solicitudot?gx-no-cache=1522096056805 HTTP/1.1" 200 34
186.103.156.24 - - [26/Mar/2018:17:28:42 -0300] "POST /cormun/servlet/solicitudot?245e92caa0565632b200840fc199defe,INS,0,0,,gx-no-cache=1522096071827 HTTP/1.1" 200 93
186.103.156.24 - - [26/Mar/2018:17:28:42 -0300] "GET /cormun/servlet/hpexe_return? HTTP/1.1" 200 1007
186.103.156.24 - - [26/Mar/2018:17:28:42 -0300] "GET /cormun/servlet/trsolicitudot HTTP/1.1" 200 8859
186.103.156.24 - - [26/Mar/2018:17:28:43 -0300] "GET /cormun/servlet/trsolicitudot HTTP/1.1" 200 8855
186.103.156.24 - - [26/Mar/2018:17:28:47 -0300] "POST /cormun/servlet/trsolicitudot?245e92caa0565632b200840fc199defe,gx-no-cache=1522096077319 HTTP/1.1" 200 107
186.103.156.24 - - [26/Mar/2018:17:28:47 -0300] "GET /cormun/servlet/trsolicitudadjuntos?2018,10859, HTTP/1.1" 200 6326
186.103.156.24 - - [26/Mar/2018:17:28:47 -0300] "GET /cormun/static/gxcfg.js?20177612135366 HTTP/1.1" 200 953
186.103.156.24 - - [26/Mar/2018:17:28:47 -0300] "GET /cormun/static/trsolicitudadjuntos.js?20177612135632 HTTP/1.1" 200 17922
186.103.156.24 - - [26/Mar/2018:17:28:47 -0300] "GET /cormun/servlet/trsolicitudadjuntos?2018,10859, HTTP/1.1" 200 6326
186.103.156.24 - - [26/Mar/2018:17:28:51 -0300] "GET /cormun/servlet/solicitudotadjuntos?INS,2018,10859,,1, HTTP/1.1" 200 6272
186.103.156.24 - - [26/Mar/2018:17:28:51 -0300] "GET /cormun/static/gxcfg.js?2017761244068 HTTP/1.1" 200 953
186.103.156.24 - - [26/Mar/2018:17:28:51 -0300] "GET /cormun/static/about:blank HTTP/1.1" 404 1011
186.103.156.24 - - [26/Mar/2018:17:28:51 -0300] "GET /cormun/servlet/solicitudotadjuntos?INS,2018,10859,,1, HTTP/1.1" 200 6265
186.103.156.24 - - [26/Mar/2018:17:28:52 -0300] "GET /cormun/servlet/solicitudotadjuntos?0b68b7e5f4143c3c6011c5fc710ad9e1fe4b61596a3d0aad677e9e3085eef877f19ba4c5510720fe5ebe05de9fd877cc,gx-no-cache=1522096082178 HTTP/1.1" 200 30
186.103.156.24 - - [26/Mar/2018:17:28:52 -0300] "POST /cormun/servlet/solicitudotadjuntos?245e92caa0565632b200840fc199defe,INS,2018,10859,,1,,gx-no-cache=1522096082198 HTTP/1.1" 200 3986
186.103.156.24 - - [26/Mar/2018:17:28:56 -0300] "POST /cormun/servlet/solicitudotadjuntos?gx-no-cache=1522096086488 HTTP/1.1" 200 26
186.103.196.90 - - [26/Mar/2018:17:28:58 -0300] "GET /cormun/servlet/solicitudot?635f0e624a01ccb616a4dc33335021b6d3c76c4c6c55f6e2bf67ffe9a2f4ee9315ffc8ef18e3e89dcb7a0b839cebf7192a52ed894f7d7c339f37c6a7816afc87a1b1324e4c15b1ad22724150d9fac9be8115e113122d453b89863ba952d32fc22b07db46d194950394aa0bd1edbe37c871ba517571bf403558a428c8536af4587cc4dae9e157d1a2a137c3b69ef3776539da32996eaf4112d888d3eb67107c63,gx-no-cache=1522096085736 HTTP/1.1" 200 29
186.103.156.24 - - [26/Mar/2018:17:29:04 -0300] "GET /cormun/servlet/solicitudotadjuntos?0b68b7e5f4143c3c6011c5fc710ad9e1e80bb811f4e1a98891377518472953fd,gx-no-cache=1522096094345 HTTP/1.1" 200 30
186.103.156.24 - - [26/Mar/2018:17:29:04 -0300] "GET /cormun/servlet/solicitudotadjuntos?0b68b7e5f4143c3c6011c5fc710ad9e1e80bb811f4e1a98891377518472953fd,gx-no-cache=1522096094360 HTTP/1.1" 200 30
186.103.156.24 - - [26/Mar/2018:17:29:05 -0300] "POST /cormun/servlet/solicitudotadjuntos?245e92caa0565632b200840fc199defe,INS,2018,10859,,1, HTTP/1.1" 200 116
186.103.156.24 - - [26/Mar/2018:17:29:05 -0300] "GET /cormun/servlet/hpexe_return? HTTP/1.1" 200 1027
186.103.156.24 - - [26/Mar/2018:17:29:05 -0300] "GET /cormun/servlet/trsolicitudadjuntos?2018,10859, HTTP/1.1" 200 8784
186.103.156.24 - - [26/Mar/2018:17:29:06 -0300] "GET /cormun/servlet/trsolicitudadjuntos?2018,10859, HTTP/1.1" 200 8781
186.103.196.90 - - [26/Mar/2018:17:29:08 -0300] "POST /cormun/servlet/solicitudot?gx-no-cache=1522096095784 HTTP/1.1" 200 1318
186.103.196.90 - - [26/Mar/2018:17:29:08 -0300] "POST /cormun/servlet/solicitudot?gx-no-cache=1522096095872 HTTP/1.1" 200 1218
186.103.196.90 - - [26/Mar/2018:17:29:08 -0300] "POST /cormun/servlet/solicitudot?gx-no-cache=1522096095940 HTTP/1.1" 200 33
186.103.156.24 - - [26/Mar/2018:17:29:10 -0300] "GET /cormun/servlet/solicitudotadjuntos?INS,2018,10859,,1, HTTP/1.1" 200 6272
186.103.156.24 - - [26/Mar/2018:17:29:10 -0300] "GET /cormun/static/about:blank HTTP/1.1" 404 1011
186.103.156.24 - - [26/Mar/2018:17:29:10 -0300] "GET /cormun/servlet/solicitudotadjuntos?INS,2018,10859,,1, HTTP/1.1" 200 6265
186.103.156.24 - - [26/Mar/2018:17:29:11 -0300] "GET /cormun/servlet/solicitudotadjuntos?0b68b7e5f4143c3c6011c5fc710ad9e1fe4b61596a3d0aad677e9e3085eef877f19ba4c5510720fe5ebe05de9fd877cc,gx-no-cache=1522096101102 HTTP/1.1" 200 30
186.103.156.24 - - [26/Mar/2018:17:29:11 -0300] "POST /cormun/servlet/solicitudotadjuntos?245e92caa0565632b200840fc199defe,INS,2018,10859,,1,,gx-no-cache=1522096101158 HTTP/1.1" 200 3986
186.103.156.24 - - [26/Mar/2018:17:29:14 -0300] "POST /cormun/servlet/solicitudotadjuntos?gx-no-cache=1522096104183 HTTP/1.1" 200 26
200.112.233.47 - - [26/Mar/2018:17:29:18 -0300] "GET /cormun/servlet/hlogin HTTP/1.1" 200 1732
186.103.156.24 - - [26/Mar/2018:17:29:23 -0300] "GET /cormun/servlet/solicitudotadjuntos?0b68b7e5f4143c3c6011c5fc710ad9e1e80bb811f4e1a98891377518472953fd,gx-no-cache=1522096113168 HTTP/1.1" 200 30
186.103.156.24 - - [26/Mar/2018:17:29:23 -0300] "GET /cormun/servlet/solicitudotadjuntos?0b68b7e5f4143c3c6011c5fc710ad9e1e80bb811f4e1a98891377518472953fd,gx-no-cache=1522096113184 HTTP/1.1" 200 30
186.103.156.24 - - [26/Mar/2018:17:29:24 -0300] "POST /cormun/servlet/solicitudotadjuntos?245e92caa0565632b200840fc199defe,INS,2018,10859,,1, HTTP/1.1" 200 116
186.103.156.24 - - [26/Mar/2018:17:29:24 -0300] "GET /cormun/servlet/hpexe_return? HTTP/1.1" 200 1027
186.103.156.24 - - [26/Mar/2018:17:29:25 -0300] "GET /cormun/servlet/trsolicitudadjuntos?2018,10859, HTTP/1.1" 200 9012
186.103.156.24 - - [26/Mar/2018:17:29:25 -0300] "GET /cormun/servlet/trsolicitudadjuntos?2018,10859, HTTP/1.1" 200 9010
186.103.156.24 - - [26/Mar/2018:17:29:28 -0300] "GET /cormun/servlet/solicitudotadjuntos?INS,2018,10859,,1, HTTP/1.1" 200 6272
186.103.156.24 - - [26/Mar/2018:17:29:28 -0300] "GET /cormun/static/about:blank HTTP/1.1" 404 1011
186.103.156.24 - - [26/Mar/2018:17:29:28 -0300] "GET /cormun/servlet/solicitudotadjuntos?INS,2018,10859,,1, HTTP/1.1" 200 6265
186.103.156.24 - - [26/Mar/2018:17:29:29 -0300] "GET /cormun/servlet/solicitudotadjuntos?0b68b7e5f4143c3c6011c5fc710ad9e1fe4b61596a3d0aad677e9e3085eef877f19ba4c5510720fe5ebe05de9fd877cc,gx-no-cache=1522096119142 HTTP/1.1" 200 30
186.103.156.24 - - [26/Mar/2018:17:29:29 -0300] "POST /cormun/servlet/solicitudotadjuntos?245e92caa0565632b200840fc199defe,INS,2018,10859,,1,,gx-no-cache=1522096119182 HTTP/1.1" 200 3986
186.103.196.90 - - [26/Mar/2018:17:29:31 -0300] "POST /cormun/servlet/solicitudot?34ec6c4397080e14890eebd80ca20164,INS,0,0,,gx-no-cache=1522096118708 HTTP/1.1" 200 93
186.103.196.90 - - [26/Mar/2018:17:29:31 -0300] "GET /cormun/servlet/hpexe_return? HTTP/1.1" 200 1009
186.103.196.90 - - [26/Mar/2018:17:29:31 -0300] "GET /cormun/servlet/trsolicitudot? HTTP/1.1" 200 8795
186.103.196.90 - - [26/Mar/2018:17:29:32 -0300] "GET /cormun/servlet/trsolicitudot? HTTP/1.1" 200 8791
186.103.156.24 - - [26/Mar/2018:17:29:32 -0300] "POST /cormun/servlet/solicitudotadjuntos?gx-no-cache=1522096122703 HTTP/1.1" 200 26
186.103.196.84 - - [26/Mar/2018:17:29:37 -0300] "POST /cormun/servlet/trsolicitudot?34ec6c4397080e14890eebd80ca20164,,gx-no-cache=1522096124606 HTTP/1.1" 200 4684
186.103.196.84 - - [26/Mar/2018:17:29:37 -0300] "GET /cormun/static/Shared/jqueryui/images/ui-bg_highlight-soft_100_c6c2c8_1x100.png HTTP/1.1" 404 1117
186.67.84.236 - - [26/Mar/2018:17:29:37 -0300] "GET /cormun/static/Shared/jqueryui/images/ui-icons_8d78a5_256x240.png HTTP/1.1" 404 1089
186.67.84.236 - - [26/Mar/2018:17:29:37 -0300] "GET /cormun/static/Shared/jqueryui/images/ui-bg_flat_55_fafafa_40x100.png HTTP/1.1" 404 1097
186.67.84.236 - - [26/Mar/2018:17:29:37 -0300] "GET /cormun/static/Shared/jqueryui/images/ui-icons_82798d_256x240.png HTTP/1.1" 404 1089
186.103.196.84 - - [26/Mar/2018:17:29:37 -0300] "POST /cormun/servlet/trsolicitudot?34ec6c4397080e14890eebd80ca20164,,gx-no-cache=1522096124859 HTTP/1.1" 200 4460
186.103.196.84 - - [26/Mar/2018:17:29:43 -0300] "POST /cormun/servlet/trsolicitudot?34ec6c4397080e14890eebd80ca20164,,gx-no-cache=1522096130425 HTTP/1.1" 200 11004
186.103.196.84 - - [26/Mar/2018:17:29:47 -0300] "POST /cormun/servlet/trsolicitudot?34ec6c4397080e14890eebd80ca20164,,gx-no-cache=1522096135084 HTTP/1.1" 200 10979
186.103.156.24 - - [26/Mar/2018:17:29:50 -0300] "GET /cormun/servlet/solicitudotadjuntos?0b68b7e5f4143c3c6011c5fc710ad9e1e80bb811f4e1a98891377518472953fd,gx-no-cache=1522096140225 HTTP/1.1" 200 30
186.103.156.24 - - [26/Mar/2018:17:29:50 -0300] "GET /cormun/servlet/solicitudotadjuntos?0b68b7e5f4143c3c6011c5fc710ad9e1e80bb811f4e1a98891377518472953fd,gx-no-cache=1522096140264 HTTP/1.1" 200 30
186.103.156.24 - - [26/Mar/2018:17:29:50 -0300] "POST /cormun/servlet/solicitudotadjuntos?245e92caa0565632b200840fc199defe,INS,2018,10859,,1, HTTP/1.1" 200 116
186.103.156.24 - - [26/Mar/2018:17:29:50 -0300] "GET /cormun/servlet/hpexe_return? HTTP/1.1" 200 1027
186.103.156.24 - - [26/Mar/2018:17:29:51 -0300] "GET /cormun/servlet/trsolicitudadjuntos?2018,10859, HTTP/1.1" 200 9190
186.103.156.24 - - [26/Mar/2018:17:29:51 -0300] "GET /cormun/servlet/trsolicitudadjuntos?2018,10859, HTTP/1.1" 200 9188
186.103.196.84 - - [26/Mar/2018:17:29:52 -0300] "POST /cormun/servlet/trsolicitudot?34ec6c4397080e14890eebd80ca20164,,gx-no-cache=1522096139768 HTTP/1.1" 200 4476
186.103.156.24 - - [26/Mar/2018:17:29:53 -0300] "GET /cormun/servlet/solicitudotadjuntos?INS,2018,10859,,1, HTTP/1.1" 200 6272
186.103.156.24 - - [26/Mar/2018:17:29:54 -0300] "GET /cormun/static/about:blank HTTP/1.1" 404 1011
186.103.156.24 - - [26/Mar/2018:17:29:54 -0300] "GET /cormun/servlet/solicitudotadjuntos?INS,2018,10859,,1, HTTP/1.1" 200 6265
186.103.196.84 - - [26/Mar/2018:17:29:54 -0300] "GET /cormun/servlet/solicitudot?INS,0,0, HTTP/1.1" 200 13658
186.103.156.24 - - [26/Mar/2018:17:29:54 -0300] "GET /cormun/servlet/solicitudotadjuntos?0b68b7e5f4143c3c6011c5fc710ad9e1fe4b61596a3d0aad677e9e3085eef877f19ba4c5510720fe5ebe05de9fd877cc,gx-no-cache=1522096144858 HTTP/1.1" 200 30
186.103.156.24 - - [26/Mar/2018:17:29:54 -0300] "POST /cormun/servlet/solicitudotadjuntos?245e92caa0565632b200840fc199defe,INS,2018,10859,,1,,gx-no-cache=1522096144902 HTTP/1.1" 200 3986
186.103.196.84 - - [26/Mar/2018:17:29:55 -0300] "GET /cormun/servlet/solicitudot?INS,0,0, HTTP/1.1" 200 13663
186.67.84.236 - - [26/Mar/2018:17:29:57 -0300] "GET /cormun/servlet/prfichaempleado?,MD,,gxPopupLevel%3D0%3B HTTP/1.1" 200 9364
186.103.156.24 - - [26/Mar/2018:17:29:58 -0300] "POST /cormun/servlet/solicitudotadjuntos?gx-no-cache=1522096148904 HTTP/1.1" 200 26
186.67.84.236 - - [26/Mar/2018:17:30:12 -0300] "POST /cormun/servlet/prfichaempleado?34ec6c4397080e14890eebd80ca20164,,MD,,gxPopupLevel%3D0%3B,gx-no-cache=1522096160044 HTTP/1.1" 200 3430
186.103.156.24 - - [26/Mar/2018:17:30:16 -0300] "GET /cormun/servlet/solicitudotadjuntos?0b68b7e5f4143c3c6011c5fc710ad9e1e80bb811f4e1a98891377518472953fd,gx-no-cache=1522096166136 HTTP/1.1" 200 30
186.103.156.24 - - [26/Mar/2018:17:30:16 -0300] "GET /cormun/servlet/solicitudotadjuntos?0b68b7e5f4143c3c6011c5fc710ad9e1e80bb811f4e1a98891377518472953fd,gx-no-cache=1522096166152 HTTP/1.1" 200 30
186.103.156.24 - - [26/Mar/2018:17:30:16 -0300] "POST /cormun/servlet/solicitudotadjuntos?245e92caa0565632b200840fc199defe,INS,2018,10859,,1, HTTP/1.1" 200 116
186.103.156.24 - - [26/Mar/2018:17:30:16 -0300] "GET /cormun/servlet/hpexe_return? HTTP/1.1" 200 1027
186.103.156.24 - - [26/Mar/2018:17:30:16 -0300] "GET /cormun/servlet/trsolicitudadjuntos?2018,10859, HTTP/1.1" 200 9433
186.67.84.236 - - [26/Mar/2018:17:30:16 -0300] "POST /cormun/servlet/solicitudot?gx-no-cache=1522096164328 HTTP/1.1" 200 3401
186.103.156.24 - - [26/Mar/2018:17:30:17 -0300] "GET /cormun/servlet/trsolicitudadjuntos?2018,10859, HTTP/1.1" 200 9433
186.67.84.236 - - [26/Mar/2018:17:30:17 -0300] "POST /cormun/servlet/solicitudot?34ec6c4397080e14890eebd80ca20164,INS,0,0,,gx-no-cache=1522096164897 HTTP/1.1" 200 10573
186.67.84.236 - - [26/Mar/2018:17:30:17 -0300] "GET /cormun/servlet/solicitudot?635f0e624a01ccb616a4dc33335021b6e57ec64e8a608b484fc3b65d34b85513240c7ca1dc5d918b39932c93d4741a7d,gx-no-cache=1522096165188 HTTP/1.1" 200 30
186.103.156.24 - - [26/Mar/2018:17:30:20 -0300] "GET /cormun/servlet/solicitudotadjuntos?INS,2018,10859,,1, HTTP/1.1" 200 6272
186.103.156.24 - - [26/Mar/2018:17:30:20 -0300] "GET /cormun/static/about:blank HTTP/1.1" 404 1011
186.103.156.24 - - [26/Mar/2018:17:30:20 -0300] "GET /cormun/servlet/solicitudotadjuntos?INS,2018,10859,,1, HTTP/1.1" 200 6265
186.103.156.24 - - [26/Mar/2018:17:30:21 -0300] "GET /cormun/servlet/solicitudotadjuntos?0b68b7e5f4143c3c6011c5fc710ad9e1fe4b61596a3d0aad677e9e3085eef877f19ba4c5510720fe5ebe05de9fd877cc,gx-no-cache=1522096171353 HTTP/1.1" 200 30
186.103.156.24 - - [26/Mar/2018:17:30:21 -0300] "POST /cormun/servlet/solicitudotadjuntos?245e92caa0565632b200840fc199defe,INS,2018,10859,,1,,gx-no-cache=1522096171402 HTTP/1.1" 200 3986
186.67.84.236 - - [26/Mar/2018:17:30:24 -0300] "GET /cormun/servlet/solicitudot?635f0e624a01ccb616a4dc33335021b6bb766d6fead21135e7a62e34c9a0f5578a5e1a84d2ae0fda45bf5d54eb1756d9240c7ca1dc5d918b39932c93d4741a7d,gx-no-cache=1522096171986 HTTP/1.1" 200 30
186.67.84.236 - - [26/Mar/2018:17:30:24 -0300] "GET /cormun/servlet/solicitudot?635f0e624a01ccb616a4dc33335021b6284ade95c1e109f5d803bf9c0d156739,gx-no-cache=1522096172034 HTTP/1.1" 200 53
186.67.84.236 - - [26/Mar/2018:17:30:24 -0300] "POST /cormun/servlet/solicitudot?gx-no-cache=1522096172072 HTTP/1.1" 200 297
186.67.84.236 - - [26/Mar/2018:17:30:24 -0300] "GET /cormun/servlet/solicitudot?635f0e624a01ccb616a4dc33335021b6bbbf08bc6c1acfbeebeca9a689813ecdba735261456a070d6160026699d9d2094aa9da9742b677af0833466af623d1d11f314c164b58e1120139e2d4e085c845a623336ab7dc53dc079ecaf7d7a105ab1b58d098423e692ce8138261652fac61e8565e6ab9272f303e04f40e9e2fd0fb1b506e8f3b5a9088bdae05693059ccda43b9b774b1906716494d1316e0fcc5c010b90b551ad6f8577376e70ff01adbeeb673a0a67485d402dd5a65f9670e8d9ae4f74c32288d6e5215810a60e2a800efa60bf9aa8fcb23cb9eb31342b8b7163a1389122b9bd9aeaebc24facd711c76cac4f0a10adc2157beb5eb46dc60c340f93906ee202dfd0794a30d37bbd5b8804744c66e3ed09ae0f93d6352becfb5f22f45cefc429b89a115d32c2b6b6453d7756c55c64fc61e12a434b0ec25af558808e801413d51f21729ed233f0bb9982ed0646862a11b6c5ecddca045715b8ef04ef26e2e4065d8956448129e887b402aa4d9fb3f32015c6cea5c0062e0abb06048ee635b2ac78d89b1b490335f797c3962,gx-no-cache=1522096172121 HTTP/1.1" 200 30
186.103.156.24 - - [26/Mar/2018:17:30:24 -0300] "POST /cormun/servlet/solicitudotadjuntos?gx-no-cache=1522096174960 HTTP/1.1" 200 26
186.67.84.236 - - [26/Mar/2018:17:30:27 -0300] "POST /cormun/servlet/solicitudot?gx-no-cache=1522096174815 HTTP/1.1" 200 30
186.67.84.236 - - [26/Mar/2018:17:30:29 -0300] "GET /cormun/servlet/prcontratosol?16255269,,,,,MD,,gxPopupLevel%3D0%3B HTTP/1.1" 200 8030
186.103.156.24 - - [26/Mar/2018:17:30:33 -0300] "GET /cormun/servlet/solicitudotadjuntos?0b68b7e5f4143c3c6011c5fc710ad9e1e80bb811f4e1a98891377518472953fd,gx-no-cache=1522096183200 HTTP/1.1" 200 30
186.103.156.24 - - [26/Mar/2018:17:30:33 -0300] "GET /cormun/servlet/solicitudotadjuntos?0b68b7e5f4143c3c6011c5fc710ad9e1e80bb811f4e1a98891377518472953fd,gx-no-cache=1522096183231 HTTP/1.1" 200 30
186.103.156.24 - - [26/Mar/2018:17:30:34 -0300] "POST /cormun/servlet/solicitudotadjuntos?245e92caa0565632b200840fc199defe,INS,2018,10859,,1, HTTP/1.1" 200 116
186.103.156.24 - - [26/Mar/2018:17:30:34 -0300] "GET /cormun/servlet/hpexe_return? HTTP/1.1" 200 1027
186.103.156.24 - - [26/Mar/2018:17:30:35 -0300] "GET /cormun/servlet/trsolicitudadjuntos?2018,10859, HTTP/1.1" 200 9649
186.103.156.24 - - [26/Mar/2018:17:30:35 -0300] "GET /cormun/servlet/trsolicitudadjuntos?2018,10859, HTTP/1.1" 200 9649
186.103.156.24 - - [26/Mar/2018:17:30:38 -0300] "GET /cormun/servlet/solicitudotadjuntos?INS,2018,10859,,1, HTTP/1.1" 200 6272
186.103.156.24 - - [26/Mar/2018:17:30:38 -0300] "GET /cormun/static/about:blank HTTP/1.1" 404 1011
186.103.156.24 - - [26/Mar/2018:17:30:38 -0300] "GET /cormun/servlet/solicitudotadjuntos?INS,2018,10859,,1, HTTP/1.1" 200 6265
186.103.156.24 - - [26/Mar/2018:17:30:39 -0300] "GET /cormun/servlet/solicitudotadjuntos?0b68b7e5f4143c3c6011c5fc710ad9e1fe4b61596a3d0aad677e9e3085eef877f19ba4c5510720fe5ebe05de9fd877cc,gx-no-cache=1522096189255 HTTP/1.1" 200 30
186.103.156.24 - - [26/Mar/2018:17:30:39 -0300] "POST /cormun/servlet/solicitudotadjuntos?245e92caa0565632b200840fc199defe,INS,2018,10859,,1,,gx-no-cache=1522096189284 HTTP/1.1" 200 3986
186.103.156.24 - - [26/Mar/2018:17:30:42 -0300] "POST /cormun/servlet/solicitudotadjuntos?gx-no-cache=1522096192608 HTTP/1.1" 200 26
200.54.18.125 - - [26/Mar/2018:17:30:50 -0300] "POST /cormun/servlet/solicitudot?gx-no-cache=1522096197719 HTTP/1.1" 200 1337
200.54.18.125 - - [26/Mar/2018:17:30:50 -0300] "POST /cormun/servlet/solicitudot?gx-no-cache=1522096197910 HTTP/1.1" 200 38
200.54.18.125 - - [26/Mar/2018:17:30:50 -0300] "GET /cormun/servlet/solicitudot?635f0e624a01ccb616a4dc33335021b6d3c76c4c6c55f6e2bf67ffe9a2f4ee9315ffc8ef18e3e89dcb7a0b839cebf7192a52ed894f7d7c339f37c6a7816afc87098b9d0d187890e3899be7a36c5c25b46044b2e152abf7f8c3a89e317d1f2dbac11be8ce0054b13c8f57e4d01d7b3cf3,gx-no-cache=1522096197960 HTTP/1.1" 200 29
200.54.18.125 - - [26/Mar/2018:17:30:50 -0300] "POST /cormun/servlet/solicitudot?gx-no-cache=1522096198005 HTTP/1.1" 200 1318
200.54.18.125 - - [26/Mar/2018:17:30:50 -0300] "POST /cormun/servlet/solicitudot?gx-no-cache=1522096198088 HTTP/1.1" 200 1217
200.54.18.125 - - [26/Mar/2018:17:30:50 -0300] "GET /cormun/servlet/solicitudot?635f0e624a01ccb616a4dc33335021b621efb5cb2f75a70ec2bf5e95440319197730551c691481e3fa39ed648862e61f,gx-no-cache=1522096198169 HTTP/1.1" 200 30
186.103.156.24 - - [26/Mar/2018:17:30:54 -0300] "GET /cormun/servlet/solicitudotadjuntos?0b68b7e5f4143c3c6011c5fc710ad9e1e80bb811f4e1a98891377518472953fd,gx-no-cache=1522096204672 HTTP/1.1" 200 30
186.103.156.24 - - [26/Mar/2018:17:30:54 -0300] "GET /cormun/servlet/solicitudotadjuntos?0b68b7e5f4143c3c6011c5fc710ad9e1e80bb811f4e1a98891377518472953fd,gx-no-cache=1522096204703 HTTP/1.1" 200 30
186.103.156.24 - - [26/Mar/2018:17:30:56 -0300] "POST /cormun/servlet/solicitudotadjuntos?245e92caa0565632b200840fc199defe,INS,2018,10859,,1, HTTP/1.1" 200 116
186.103.156.24 - - [26/Mar/2018:17:30:56 -0300] "GET /cormun/servlet/hpexe_return? HTTP/1.1" 200 1027
186.103.156.24 - - [26/Mar/2018:17:30:56 -0300] "GET /cormun/servlet/trsolicitudadjuntos?2018,10859, HTTP/1.1" 200 9922
186.103.156.24 - - [26/Mar/2018:17:30:57 -0300] "GET /cormun/servlet/trsolicitudadjuntos?2018,10859, HTTP/1.1" 200 9923
186.103.156.24 - - [26/Mar/2018:17:31:09 -0300] "POST /cormun/servlet/trsolicitudadjuntos?245e92caa0565632b200840fc199defe,2018,10859,,gx-no-cache=1522096219535 HTTP/1.1" 200 90
186.103.156.24 - - [26/Mar/2018:17:31:09 -0300] "GET /cormun/servlet/hpexe_link HTTP/1.1" 200 970
186.103.156.24 - - [26/Mar/2018:17:31:10 -0300] "GET /cormun/servlet/trsolicitudot HTTP/1.1" 200 8856
186.103.156.24 - - [26/Mar/2018:17:31:10 -0300] "GET /cormun/servlet/trsolicitudot HTTP/1.1" 200 8855
186.103.156.24 - - [26/Mar/2018:17:31:17 -0300] "POST /cormun/servlet/trsolicitudot?245e92caa0565632b200840fc199defe,gx-no-cache=1522096227295 HTTP/1.1" 200 4700
186.103.156.24 - - [26/Mar/2018:17:31:17 -0300] "GET /cormun/static/Shared/jqueryui/images/ui-bg_highlight-soft_100_c6c2c8_1x100.png HTTP/1.1" 404 1117
186.103.156.24 - - [26/Mar/2018:17:31:17 -0300] "GET /cormun/static/Shared/jqueryui/images/ui-icons_82798d_256x240.png HTTP/1.1" 404 1089
186.103.156.24 - - [26/Mar/2018:17:31:17 -0300] "GET /cormun/static/Shared/jqueryui/images/ui-bg_flat_55_fafafa_40x100.png HTTP/1.1" 404 1097
186.103.156.24 - - [26/Mar/2018:17:31:17 -0300] "GET /cormun/static/Shared/jqueryui/images/ui-icons_8d78a5_256x240.png HTTP/1.1" 404 1089
186.103.156.24 - - [26/Mar/2018:17:31:17 -0300] "POST /cormun/servlet/trsolicitudot?245e92caa0565632b200840fc199defe,gx-no-cache=1522096227514 HTTP/1.1" 200 4449
186.103.156.24 - - [26/Mar/2018:17:31:22 -0300] "GET /cormun/servlet/trautorizarsolicitud? HTTP/1.1" 200 9241
186.103.156.24 - - [26/Mar/2018:17:31:22 -0300] "GET /cormun/static/gxcfg.js?2017111423403364 HTTP/1.1" 200 953
186.103.156.24 - - [26/Mar/2018:17:31:22 -0300] "GET /cormun/static/trautorizarsolicitud.js?201711142340425 HTTP/1.1" 200 53910
186.103.156.24 - - [26/Mar/2018:17:31:22 -0300] "GET /cormun/servlet/trautorizarsolicitud? HTTP/1.1" 200 9241
186.67.84.236 - - [26/Mar/2018:17:31:24 -0300] "POST /cormun/servlet/solicitudot?gx-no-cache=1522096231669 HTTP/1.1" 200 1317
186.67.84.236 - - [26/Mar/2018:17:31:24 -0300] "POST /cormun/servlet/solicitudot?gx-no-cache=1522096231786 HTTP/1.1" 200 1217
186.67.84.236 - - [26/Mar/2018:17:31:24 -0300] "POST /cormun/servlet/solicitudot?gx-no-cache=1522096231870 HTTP/1.1" 200 33
186.103.156.24 - - [26/Mar/2018:17:31:30 -0300] "POST /cormun/servlet/trautorizarsolicitud?245e92caa0565632b200840fc199defe,,gx-no-cache=1522096240715 HTTP/1.1" 200 5780
186.103.156.24 - - [26/Mar/2018:17:31:30 -0300] "GET /cormun/static/Shared/jqueryui/images/ui-bg_highlight-soft_100_c6c2c8_1x100.png HTTP/1.1" 404 1117
186.103.156.24 - - [26/Mar/2018:17:31:30 -0300] "GET /cormun/static/Shared/jqueryui/images/ui-icons_82798d_256x240.png HTTP/1.1" 404 1089
186.103.156.24 - - [26/Mar/2018:17:31:30 -0300] "GET /cormun/static/Shared/jqueryui/images/ui-bg_flat_55_fafafa_40x100.png HTTP/1.1" 404 1097
186.103.156.24 - - [26/Mar/2018:17:31:30 -0300] "GET /cormun/static/Shared/jqueryui/images/ui-icons_8d78a5_256x240.png HTTP/1.1" 404 1089
186.103.156.24 - - [26/Mar/2018:17:31:31 -0300] "POST /cormun/servlet/trautorizarsolicitud?245e92caa0565632b200840fc199defe,,gx-no-cache=1522096240933 HTTP/1.1" 200 5725
190.151.99.26 - - [26/Mar/2018:17:31:52 -0300] "POST /cormun/servlet/solicitudot?34ec6c4397080e14890eebd80ca20164,INS,0,0,,gx-no-cache=1522096259939 HTTP/1.1" 200 93
190.151.99.26 - - [26/Mar/2018:17:31:52 -0300] "GET /cormun/servlet/hpexe_return? HTTP/1.1" 200 1009
190.151.99.26 - - [26/Mar/2018:17:31:53 -0300] "GET /cormun/servlet/trsolicitudot? HTTP/1.1" 200 8782
190.151.99.26 - - [26/Mar/2018:17:31:54 -0300] "GET /cormun/servlet/trsolicitudot? HTTP/1.1" 200 8778
186.103.196.84 - - [26/Mar/2018:17:31:57 -0300] "POST /cormun/servlet/trsolicitudot?34ec6c4397080e14890eebd80ca20164,,gx-no-cache=1522096264878 HTTP/1.1" 200 4686
186.103.196.84 - - [26/Mar/2018:17:31:57 -0300] "GET /cormun/static/Shared/jqueryui/images/ui-bg_highlight-soft_100_c6c2c8_1x100.png HTTP/1.1" 404 1117
190.151.124.170 - - [26/Mar/2018:17:31:57 -0300] "GET /cormun/static/Shared/jqueryui/images/ui-bg_flat_55_fafafa_40x100.png HTTP/1.1" 404 1097
186.103.196.90 - - [26/Mar/2018:17:31:57 -0300] "GET /cormun/static/Shared/jqueryui/images/ui-icons_8d78a5_256x240.png HTTP/1.1" 404 1089
200.54.18.125 - - [26/Mar/2018:17:31:57 -0300] "GET /cormun/static/Shared/jqueryui/images/ui-icons_82798d_256x240.png HTTP/1.1" 404 1089
186.103.196.84 - - [26/Mar/2018:17:31:57 -0300] "POST /cormun/servlet/trsolicitudot?34ec6c4397080e14890eebd80ca20164,,gx-no-cache=1522096265206 HTTP/1.1" 200 4459
186.103.196.84 - - [26/Mar/2018:17:32:02 -0300] "POST /cormun/servlet/trsolicitudot?34ec6c4397080e14890eebd80ca20164,,gx-no-cache=1522096269529 HTTP/1.1" 200 11487
186.103.196.84 - - [26/Mar/2018:17:32:07 -0300] "POST /cormun/servlet/trsolicitudot?34ec6c4397080e14890eebd80ca20164,,gx-no-cache=1522096274916 HTTP/1.1" 200 11446
192.168.10.96 - - [26/Mar/2018:17:35:11 -0300] "POST /cormun/servlet/trsolicitudgral?0a48325d901ab68450a17d5c5b925593,,gx-no-cache=1522096342634 HTTP/1.1" 440 972
192.168.10.96 - - [26/Mar/2018:17:35:12 -0300] "GET /cormun/servlet/trsolicitudgral? HTTP/1.1" 500 10
192.168.10.96 - - [26/Mar/2018:17:35:16 -0300] "GET /cormun/servlet/hlogin HTTP/1.1" 200 1721
192.168.10.96 - - [26/Mar/2018:17:35:16 -0300] "GET /cormun/servlet/hlogin HTTP/1.1" 200 1721
192.168.10.96 - - [26/Mar/2018:17:35:21 -0300] "POST /cormun/servlet/hlogin?279a4ba53953978c25cdd38311031c47,gx-no-cache=1522096353147 HTTP/1.1" 200 90
192.168.10.96 - - [26/Mar/2018:17:35:21 -0300] "GET /cormun/servlet/hpexe_link HTTP/1.1" 200 950
192.168.10.96 - - [26/Mar/2018:17:35:22 -0300] "GET /cormun/servlet/hhome HTTP/1.1" 200 4704
192.168.10.96 - - [26/Mar/2018:17:35:22 -0300] "GET /cormun/static/Resources/Spanish/PXTools.css?11423723 HTTP/1.1" 200 89042
192.168.10.96 - - [26/Mar/2018:17:35:22 -0300] "GET /cormun/servlet/hhome HTTP/1.1" 200 4700
192.168.10.96 - - [26/Mar/2018:17:35:24 -0300] "GET /cormun/servlet/trsolicitudgral? HTTP/1.1" 200 28423
192.168.10.96 - - [26/Mar/2018:17:35:25 -0300] "GET /cormun/servlet/trsolicitudgral? HTTP/1.1" 200 28421
200.86.95.220 - - [26/Mar/2018:17:35:40 -0300] "GET /cormun/servlet/solicitudot?6debc550058e2ffcbca05b2da8879280f9f54eb54d6a751176e887d65054e80255c8c85a323ae0c41254bd2c4da3734cb3b40253cbcbcc9249c08c67c56af5a4555e31816bf3018b5546e0f716d1cbfa73ff5749581c6f6ae7a80c0530d5fa8aff991f137025c73787525479bdfa57ef5164f87269993c3257293eb46671877682dc643eb28fd788e98c938cb8400de6004fbed37da66321fef3d9d84a379a14b0c085a9ad1a1235e404a621190bdfcfca39f834a818f3179f3976b7fe46fb0a1465a4c95a404e118ba38403095ce48a,gx-no-cache=1522096489197 HTTP/1.1" 200 29
192.168.10.96 - - [26/Mar/2018:17:35:43 -0300] "POST /cormun/servlet/trsolicitudgral?279a4ba53953978c25cdd38311031c47,,gx-no-cache=1522096374281 HTTP/1.1" 200 24759
200.86.95.220 - - [26/Mar/2018:17:35:43 -0300] "POST /cormun/servlet/solicitudot?gx-no-cache=1522096492874 HTTP/1.1" 200 1319
200.86.95.220 - - [26/Mar/2018:17:35:43 -0300] "POST /cormun/servlet/solicitudot?gx-no-cache=1522096492958 HTTP/1.1" 200 1218
200.86.95.220 - - [26/Mar/2018:17:35:44 -0300] "POST /cormun/servlet/solicitudot?gx-no-cache=1522096493028 HTTP/1.1" 200 33
200.86.95.220 - - [26/Mar/2018:17:35:44 -0300] "POST /cormun/servlet/solicitudot?fdb715216e96fe4df83511b8e5e2c21c,INS,0,0,,gx-no-cache=1522096493113 HTTP/1.1" 200 93
200.86.95.220 - - [26/Mar/2018:17:35:44 -0300] "GET /cormun/servlet/hpexe_return? HTTP/1.1" 200 1009
200.86.95.220 - - [26/Mar/2018:17:35:44 -0300] "GET /cormun/servlet/trsolicitudot HTTP/1.1" 200 9762
200.86.95.220 - - [26/Mar/2018:17:35:46 -0300] "GET /cormun/servlet/trsolicitudot HTTP/1.1" 200 9757
192.168.10.96 - - [26/Mar/2018:17:35:50 -0300] "POST /cormun/servlet/trsolicitudgral?279a4ba53953978c25cdd38311031c47,,gx-no-cache=1522096382114 HTTP/1.1" 200 7912
200.86.95.220 - - [26/Mar/2018:17:35:53 -0300] "POST /cormun/servlet/trsolicitudot?fdb715216e96fe4df83511b8e5e2c21c,gx-no-cache=1522096502800 HTTP/1.1" 200 6541
200.86.95.220 - - [26/Mar/2018:17:35:54 -0300] "GET /cormun/static/Shared/jqueryui/images/ui-bg_highlight-soft_100_c6c2c8_1x100.png HTTP/1.1" 404 1117
200.86.95.220 - - [26/Mar/2018:17:35:54 -0300] "GET /cormun/static/Shared/jqueryui/images/ui-icons_82798d_256x240.png HTTP/1.1" 404 1089
200.86.95.220 - - [26/Mar/2018:17:35:54 -0300] "GET /cormun/static/Shared/jqueryui/images/ui-bg_flat_55_fafafa_40x100.png HTTP/1.1" 404 1097
200.86.95.220 - - [26/Mar/2018:17:35:54 -0300] "GET /cormun/static/Shared/jqueryui/images/ui-icons_8d78a5_256x240.png HTTP/1.1" 404 1089
200.86.95.220 - - [26/Mar/2018:17:35:54 -0300] "POST /cormun/servlet/trsolicitudot?fdb715216e96fe4df83511b8e5e2c21c,gx-no-cache=1522096503242 HTTP/1.1" 200 6484
200.86.95.220 - - [26/Mar/2018:17:35:56 -0300] "POST /cormun/servlet/trsolicitudot?fdb715216e96fe4df83511b8e5e2c21c,gx-no-cache=1522096505348 HTTP/1.1" 200 6124
200.86.95.220 - - [26/Mar/2018:17:35:56 -0300] "POST /cormun/servlet/trsolicitudot?fdb715216e96fe4df83511b8e5e2c21c,gx-no-cache=1522096505707 HTTP/1.1" 200 6067
200.86.95.220 - - [26/Mar/2018:17:36:55 -0300] "GET /cormun/servlet/hlogin HTTP/1.1" 200 1722
200.86.95.220 - - [26/Mar/2018:17:37:06 -0300] "POST /cormun/servlet/hlogin?fdb715216e96fe4df83511b8e5e2c21c,gx-no-cache=1522096574677 HTTP/1.1" 200 90
200.86.95.220 - - [26/Mar/2018:17:37:06 -0300] "GET /cormun/servlet/hpexe_link HTTP/1.1" 200 953
200.86.95.220 - - [26/Mar/2018:17:37:06 -0300] "GET /cormun/servlet/hhome HTTP/1.1" 200 4119
200.86.95.220 - - [26/Mar/2018:17:37:07 -0300] "GET /cormun/servlet/hhome HTTP/1.1" 200 4116
200.86.95.220 - - [26/Mar/2018:17:37:07 -0300] "GET /cormun/static/SmoothNavMenu/resources/images/right.gif HTTP/1.1" 200 860
200.86.95.220 - - [26/Mar/2018:17:37:10 -0300] "GET /cormun/servlet/trautorizarsolicitud? HTTP/1.1" 200 9037
200.86.95.220 - - [26/Mar/2018:17:37:11 -0300] "GET /cormun/static/gxcfg.js?2017111423403364 HTTP/1.1" 200 953
200.86.95.220 - - [26/Mar/2018:17:37:11 -0300] "GET /cormun/static/trautorizarsolicitud.js?201711142340425 HTTP/1.1" 200 53910
200.86.95.220 - - [26/Mar/2018:17:37:12 -0300] "GET /cormun/servlet/trautorizarsolicitud? HTTP/1.1" 200 9035
200.86.95.220 - - [26/Mar/2018:17:37:27 -0300] "POST /cormun/servlet/trautorizarsolicitud?fdb715216e96fe4df83511b8e5e2c21c,,gx-no-cache=1522096596082 HTTP/1.1" 200 5835
200.86.95.220 - - [26/Mar/2018:17:37:27 -0300] "GET /cormun/static/Shared/jqueryui/images/ui-bg_highlight-soft_100_c6c2c8_1x100.png HTTP/1.1" 404 1117
200.86.95.220 - - [26/Mar/2018:17:37:27 -0300] "GET /cormun/static/Shared/jqueryui/images/ui-icons_82798d_256x240.png HTTP/1.1" 404 1089
200.86.95.220 - - [26/Mar/2018:17:37:27 -0300] "GET /cormun/static/Shared/jqueryui/images/ui-bg_flat_55_fafafa_40x100.png HTTP/1.1" 404 1097
200.86.95.220 - - [26/Mar/2018:17:37:27 -0300] "GET /cormun/static/Shared/jqueryui/images/ui-icons_8d78a5_256x240.png HTTP/1.1" 404 1089
200.86.95.220 - - [26/Mar/2018:17:37:27 -0300] "POST /cormun/servlet/trautorizarsolicitud?fdb715216e96fe4df83511b8e5e2c21c,,gx-no-cache=1522096596466 HTTP/1.1" 200 5780
200.86.95.220 - - [26/Mar/2018:17:37:28 -0300] "POST /cormun/servlet/trautorizarsolicitud?fdb715216e96fe4df83511b8e5e2c21c,,gx-no-cache=1522096597513 HTTP/1.1" 200 4613
200.86.95.220 - - [26/Mar/2018:17:37:28 -0300] "POST /cormun/servlet/trautorizarsolicitud?fdb715216e96fe4df83511b8e5e2c21c,,gx-no-cache=1522096597773 HTTP/1.1" 200 4379
192.168.10.96 - - [26/Mar/2018:17:38:29 -0300] "POST /cormun/servlet/trsolicitudgral?279a4ba53953978c25cdd38311031c47,,gx-no-cache=1522096541091 HTTP/1.1" 200 7631
186.103.159.182 - - [26/Mar/2018:17:38:34 -0300] "GET /cormun/servlet/hlogin HTTP/1.1" 200 1728
186.103.159.182 - - [26/Mar/2018:17:38:37 -0300] "GET /cormun/servlet/hlogin HTTP/1.1" 200 1725
186.103.159.182 - - [26/Mar/2018:17:38:42 -0300] "POST /cormun/servlet/hlogin?73c2fa4b03a74af600e1544e31c1ed1b,gx-no-cache=1522096670130 HTTP/1.1" 200 90
186.103.159.182 - - [26/Mar/2018:17:38:42 -0300] "GET /cormun/servlet/hpexe_link HTTP/1.1" 200 950
186.103.159.182 - - [26/Mar/2018:17:38:42 -0300] "GET /cormun/servlet/hhome HTTP/1.1" 200 4260
186.103.159.182 - - [26/Mar/2018:17:38:43 -0300] "GET /cormun/servlet/hhome HTTP/1.1" 200 4256
186.103.159.182 - - [26/Mar/2018:17:38:45 -0300] "GET /cormun/servlet/trsolicitudot? HTTP/1.1" 200 7473
186.103.159.182 - - [26/Mar/2018:17:38:46 -0300] "GET /cormun/servlet/trsolicitudot? HTTP/1.1" 200 7472
192.168.10.96 - - [26/Mar/2018:17:38:47 -0300] "POST /cormun/servlet/trsolicitudgral?279a4ba53953978c25cdd38311031c47,,gx-no-cache=1522096558635 HTTP/1.1" 200 7628
186.103.159.182 - - [26/Mar/2018:17:38:48 -0300] "GET /cormun/static/menuarrow.gif HTTP/1.1" 404 1015
186.103.159.182 - - [26/Mar/2018:17:38:56 -0300] "POST /cormun/servlet/trsolicitudot?73c2fa4b03a74af600e1544e31c1ed1b,,gx-no-cache=1522096682682 HTTP/1.1" 200 23567
186.103.159.182 - - [26/Mar/2018:17:39:05 -0300] "POST /cormun/servlet/trsolicitudot?73c2fa4b03a74af600e1544e31c1ed1b,,gx-no-cache=1522096692285 HTTP/1.1" 200 6156
192.168.10.96 - - [26/Mar/2018:17:39:17 -0300] "POST /cormun/servlet/trsolicitudgral?279a4ba53953978c25cdd38311031c47,,gx-no-cache=1522096588874 HTTP/1.1" 200 7610
201.239.228.226 - - [26/Mar/2018:17:39:31 -0300] "GET /cormun/servlet/hlogin HTTP/1.1" 200 1725
201.239.228.226 - - [26/Mar/2018:17:39:31 -0300] "GET /cormun/static/gxcfg.js?20175251213516 HTTP/1.1" 304 -
201.239.228.226 - - [26/Mar/2018:17:39:31 -0300] "GET /cormun/static/gxtimezone.js?85251 HTTP/1.1" 304 -
201.239.228.226 - - [26/Mar/2018:17:39:31 -0300] "GET /cormun/static/Resources/Spanish/PXTools.css?11423723 HTTP/1.1" 304 -
201.239.228.226 - - [26/Mar/2018:17:39:31 -0300] "GET /cormun/static/messages.spa.js?85251 HTTP/1.1" 304 -
201.239.228.226 - - [26/Mar/2018:17:39:31 -0300] "GET /cormun/static/hlogin.js?20175251213537 HTTP/1.1" 304 -
201.239.228.226 - - [26/Mar/2018:17:39:31 -0300] "GET /cormun/servlet/hlogin HTTP/1.1" 200 1729
201.239.228.226 - - [26/Mar/2018:17:39:33 -0300] "POST /cormun/servlet/hlogin?2d2d897e2f189f11d27cc622795e5712,gx-no-cache=1522096718722 HTTP/1.1" 200 90
201.239.228.226 - - [26/Mar/2018:17:39:33 -0300] "GET /cormun/servlet/hpexe_link HTTP/1.1" 200 952
201.239.228.226 - - [26/Mar/2018:17:39:33 -0300] "GET /cormun/static/Resources/Spanish/PXTools.css?1155365 HTTP/1.1" 304 -
201.239.228.226 - - [26/Mar/2018:17:39:33 -0300] "GET /cormun/static/hpexe_link.js?20177612121795 HTTP/1.1" 304 -
201.239.228.226 - - [26/Mar/2018:17:39:33 -0300] "GET /cormun/static/gxcfg.js?20177612121792 HTTP/1.1" 304 -
201.239.228.226 - - [26/Mar/2018:17:39:33 -0300] "GET /cormun/servlet/hhome HTTP/1.1" 200 4251
201.239.228.226 - - [26/Mar/2018:17:39:33 -0300] "GET /cormun/static/gxcfg.js?20175251212442 HTTP/1.1" 304 -
201.239.228.226 - - [26/Mar/2018:17:39:34 -0300] "GET /cormun/static/hhome.js?20175251212450 HTTP/1.1" 304 -
201.239.228.226 - - [26/Mar/2018:17:39:34 -0300] "GET /cormun/static/hwchdr01.js?201752511465785 HTTP/1.1" 304 -
201.239.228.226 - - [26/Mar/2018:17:39:34 -0300] "GET /cormun/static/hpexe_messagepopupcomponent.js?20161017169425 HTTP/1.1" 304 -
201.239.228.226 - - [26/Mar/2018:17:39:34 -0300] "GET /cormun/static/hpexe_messagecontroller.js?20177611595012 HTTP/1.1" 304 -
201.239.228.226 - - [26/Mar/2018:17:39:34 -0300] "GET /cormun/static/hpexe_messagegenexuscomponent.js?201752511465344 HTTP/1.1" 304 -
201.239.228.226 - - [26/Mar/2018:17:39:34 -0300] "GET /cormun/static/hpexe_scripts.js?201752511465715 HTTP/1.1" 304 -
201.239.228.226 - - [26/Mar/2018:17:39:34 -0300] "GET /cormun/static/hpexe_recentlink.js?20177611595044 HTTP/1.1" 304 -
201.239.228.226 - - [26/Mar/2018:17:39:34 -0300] "GET /cormun/static/cmcontrolpreferences.js?201752511465670 HTTP/1.1" 304 -
201.239.228.226 - - [26/Mar/2018:17:39:34 -0300] "GET /cormun/static/hmpwkw03.js?20177612122668 HTTP/1.1" 304 -
201.239.228.226 - - [26/Mar/2018:17:39:35 -0300] "GET /cormun/servlet/hhome HTTP/1.1" 200 4248
201.239.228.226 - - [26/Mar/2018:17:39:39 -0300] "GET /cormun/servlet/trsolicitudot? HTTP/1.1" 200 7471
201.239.228.226 - - [26/Mar/2018:17:39:39 -0300] "GET /cormun/static/gxcfg.js?2017111422585916 HTTP/1.1" 304 -
201.239.228.226 - - [26/Mar/2018:17:39:39 -0300] "GET /cormun/static/calendar-setup.js?85251 HTTP/1.1" 304 -
201.239.228.226 - - [26/Mar/2018:17:39:39 -0300] "GET /cormun/static/Resources/Spanish/PXTools.css?1255365 HTTP/1.1" 304 -
201.239.228.226 - - [26/Mar/2018:17:39:39 -0300] "GET /cormun/static/calendar.js?85251 HTTP/1.1" 304 -
201.239.228.226 - - [26/Mar/2018:17:39:39 -0300] "GET /cormun/static/calendar-es.js?85251 HTTP/1.1" 304 -
201.239.228.226 - - [26/Mar/2018:17:39:39 -0300] "GET /cormun/static/gxdec.js?85251 HTTP/1.1" 304 -
201.239.228.226 - - [26/Mar/2018:17:39:39 -0300] "GET /cormun/static/trsolicitudot.js?201711142259839 HTTP/1.1" 304 -
201.239.228.226 - - [26/Mar/2018:17:39:40 -0300] "GET /cormun/servlet/trsolicitudot? HTTP/1.1" 200 7470
192.168.10.56 - - [26/Mar/2018:17:39:45 -0300] "GET /cormun/servlet/hlogin HTTP/1.1" 200 1722
201.239.228.226 - - [26/Mar/2018:17:39:45 -0300] "GET /cormun/servlet/solicitudot?INS,0,0, HTTP/1.1" 200 13697
201.239.228.226 - - [26/Mar/2018:17:39:45 -0300] "GET /cormun/static/gxcfg.js?201812313224582 HTTP/1.1" 304 -
201.239.228.226 - - [26/Mar/2018:17:39:46 -0300] "GET /cormun/static/solicitudot.js?201812313224831 HTTP/1.1" 304 -
192.168.10.96 - - [26/Mar/2018:17:39:46 -0300] "POST /cormun/servlet/trsolicitudgral?279a4ba53953978c25cdd38311031c47,,gx-no-cache=1522096617674 HTTP/1.1" 200 8180
201.239.228.226 - - [26/Mar/2018:17:39:46 -0300] "GET /cormun/servlet/solicitudot?INS,0,0, HTTP/1.1" 200 13703
186.103.159.182 - - [26/Mar/2018:17:39:47 -0300] "POST /cormun/servlet/trsolicitudot?73c2fa4b03a74af600e1544e31c1ed1b,,gx-no-cache=1522096734301 HTTP/1.1" 200 5817
192.168.10.56 - - [26/Mar/2018:17:39:50 -0300] "POST /cormun/servlet/hlogin?a6b2a502f930c024caccdef9044fe32f,gx-no-cache=1522096621954 HTTP/1.1" 200 90
192.168.10.56 - - [26/Mar/2018:17:39:50 -0300] "GET /cormun/servlet/hpexe_link HTTP/1.1" 200 952
192.168.10.56 - - [26/Mar/2018:17:39:50 -0300] "GET /cormun/servlet/hhome HTTP/1.1" 200 4500
192.168.10.56 - - [26/Mar/2018:17:39:51 -0300] "GET /cormun/servlet/hhome HTTP/1.1" 200 4497
192.168.10.56 - - [26/Mar/2018:17:39:54 -0300] "GET /cormun/servlet/trsolicitudgral? HTTP/1.1" 200 28148
192.168.10.56 - - [26/Mar/2018:17:39:56 -0300] "GET /cormun/servlet/trsolicitudgral? HTTP/1.1" 200 28146
201.239.228.226 - - [26/Mar/2018:17:39:56 -0300] "POST /cormun/servlet/solicitudot?gx-no-cache=1522096742201 HTTP/1.1" 200 3446
201.239.228.226 - - [26/Mar/2018:17:39:56 -0300] "GET /cormun/static/Shared/jqueryui/images/ui-bg_flat_55_994d53_40x100.png HTTP/1.1" 404 1097
201.239.228.226 - - [26/Mar/2018:17:39:56 -0300] "GET /cormun/static/Shared/jqueryui/images/ui-icons_ebccce_256x240.png HTTP/1.1" 404 1089
201.239.228.226 - - [26/Mar/2018:17:39:56 -0300] "GET /cormun/static/Shared/jqueryui/images/ui-icons_82798d_256x240.png HTTP/1.1" 404 1089
201.239.228.226 - - [26/Mar/2018:17:39:56 -0300] "GET /cormun/static/Shared/jqueryui/images/ui-bg_highlight-soft_100_c6c2c8_1x100.png HTTP/1.1" 404 1117
192.168.10.56 - - [26/Mar/2018:17:39:57 -0300] "GET /cormun/static/menuarrow.gif HTTP/1.1" 404 1015
201.239.228.226 - - [26/Mar/2018:17:40:01 -0300] "GET /cormun/servlet/solicitudot?9855d23748ef0bf10fc167d30cef40aaaa9fae50bacf98026b530c42c187bd9027223c58b120fd50241f0cc85535f4c9,gx-no-cache=1522096747125 HTTP/1.1" 200 111
201.239.228.226 - - [26/Mar/2018:17:40:08 -0300] "GET /cormun/servlet/solicitudot?9855d23748ef0bf10fc167d30cef40aae2bef98ffbba5e0e33a5dad17dffe20c21d1e8268bbe06c86e8fb6646dce987e,gx-no-cache=1522096753580 HTTP/1.1" 200 30
192.168.10.56 - - [26/Mar/2018:17:40:09 -0300] "POST /cormun/servlet/trsolicitudgral?a6b2a502f930c024caccdef9044fe32f,,gx-no-cache=1522096640567 HTTP/1.1" 200 8621
192.168.10.56 - - [26/Mar/2018:17:40:22 -0300] "POST /cormun/servlet/trsolicitudgral?a6b2a502f930c024caccdef9044fe32f,,gx-no-cache=1522096654207 HTTP/1.1" 200 7646
192.168.10.96 - - [26/Mar/2018:17:40:33 -0300] "POST /cormun/servlet/trsolicitudgral?279a4ba53953978c25cdd38311031c47,,gx-no-cache=1522096665219 HTTP/1.1" 200 8010
192.168.10.62 - - [26/Mar/2018:17:40:44 -0300] "GET /cormun/servlet/hlogin HTTP/1.1" 200 1716
192.168.10.56 - - [26/Mar/2018:17:40:49 -0300] "POST /cormun/servlet/trsolicitudgral?a6b2a502f930c024caccdef9044fe32f,,gx-no-cache=1522096680994 HTTP/1.1" 200 8943
192.168.10.96 - - [26/Mar/2018:17:40:54 -0300] "POST /cormun/servlet/trsolicitudgral?279a4ba53953978c25cdd38311031c47,,gx-no-cache=1522096686026 HTTP/1.1" 200 9126
192.168.10.62 - - [26/Mar/2018:17:40:54 -0300] "POST /cormun/servlet/hlogin?138cfd884e9e98d99e995209f4652c54,gx-no-cache=1522096686107 HTTP/1.1" 200 90
192.168.10.62 - - [26/Mar/2018:17:40:54 -0300] "GET /cormun/servlet/hpexe_link HTTP/1.1" 200 948
192.168.10.62 - - [26/Mar/2018:17:40:54 -0300] "GET /cormun/servlet/hhome HTTP/1.1" 200 4483
192.168.10.62 - - [26/Mar/2018:17:40:55 -0300] "GET /cormun/servlet/hhome HTTP/1.1" 200 4479
192.168.10.62 - - [26/Mar/2018:17:40:58 -0300] "GET /cormun/servlet/trsolicitudgral? HTTP/1.1" 200 28125
201.239.228.226 - - [26/Mar/2018:17:40:58 -0300] "GET /cormun/servlet/solicitudot?9855d23748ef0bf10fc167d30cef40aad667de4764d2c889482c1900ec58dab6,gx-no-cache=1522096803889 HTTP/1.1" 200 94
192.168.10.62 - - [26/Mar/2018:17:40:59 -0300] "GET /cormun/servlet/trsolicitudgral? HTTP/1.1" 200 28123
192.168.10.96 - - [26/Mar/2018:17:41:09 -0300] "POST /cormun/servlet/trsolicitudgral?279a4ba53953978c25cdd38311031c47,,gx-no-cache=1522096700514 HTTP/1.1" 200 8240
192.168.10.62 - - [26/Mar/2018:17:41:12 -0300] "POST /cormun/servlet/trsolicitudgral?138cfd884e9e98d99e995209f4652c54,,gx-no-cache=1522096704000 HTTP/1.1" 200 7750
192.168.10.62 - - [26/Mar/2018:17:41:22 -0300] "POST /cormun/servlet/trsolicitudgral?138cfd884e9e98d99e995209f4652c54,,gx-no-cache=1522096713500 HTTP/1.1" 200 6126
192.168.10.62 - - [26/Mar/2018:17:41:22 -0300] "GET /cormun/static/Shared/jqueryui/images/ui-icons_82798d_256x240.png HTTP/1.1" 404 1089
192.168.10.62 - - [26/Mar/2018:17:41:22 -0300] "GET /cormun/static/Shared/jqueryui/images/ui-bg_highlight-soft_100_c6c2c8_1x100.png HTTP/1.1" 404 1117
192.168.10.62 - - [26/Mar/2018:17:41:22 -0300] "GET /cormun/static/Shared/jqueryui/images/ui-bg_flat_55_fafafa_40x100.png HTTP/1.1" 404 1097
192.168.10.62 - - [26/Mar/2018:17:41:22 -0300] "GET /cormun/static/Shared/jqueryui/images/ui-icons_8d78a5_256x240.png HTTP/1.1" 404 1089
192.168.10.62 - - [26/Mar/2018:17:41:25 -0300] "POST /cormun/servlet/trsolicitudgral?138cfd884e9e98d99e995209f4652c54,,gx-no-cache=1522096716601 HTTP/1.1" 200 5927
192.168.10.96 - - [26/Mar/2018:17:41:27 -0300] "POST /cormun/servlet/trsolicitudgral?279a4ba53953978c25cdd38311031c47,,gx-no-cache=1522096718609 HTTP/1.1" 200 7899
192.168.10.62 - - [26/Mar/2018:17:41:30 -0300] "POST /cormun/servlet/trsolicitudgral?138cfd884e9e98d99e995209f4652c54,,gx-no-cache=1522096721282 HTTP/1.1" 200 5927
192.168.10.62 - - [26/Mar/2018:17:41:31 -0300] "POST /cormun/servlet/trsolicitudgral?138cfd884e9e98d99e995209f4652c54,,gx-no-cache=1522096722498 HTTP/1.1" 200 5927
192.168.10.96 - - [26/Mar/2018:17:41:44 -0300] "POST /cormun/servlet/trsolicitudgral?279a4ba53953978c25cdd38311031c47,,gx-no-cache=1522096735274 HTTP/1.1" 200 9084
192.168.10.96 - - [26/Mar/2018:17:41:51 -0300] "POST /cormun/servlet/trsolicitudgral?279a4ba53953978c25cdd38311031c47,,gx-no-cache=1522096742505 HTTP/1.1" 200 7912
192.168.10.56 - - [26/Mar/2018:17:41:57 -0300] "POST /cormun/servlet/trsolicitudgral?a6b2a502f930c024caccdef9044fe32f,,gx-no-cache=1522096748828 HTTP/1.1" 200 7331
192.168.10.56 - - [26/Mar/2018:17:41:57 -0300] "GET /cormun/static/Shared/jqueryui/images/ui-bg_highlight-soft_100_c6c2c8_1x100.png HTTP/1.1" 404 1117
192.168.10.56 - - [26/Mar/2018:17:41:57 -0300] "GET /cormun/static/Shared/jqueryui/images/ui-icons_82798d_256x240.png HTTP/1.1" 404 1089
192.168.10.56 - - [26/Mar/2018:17:41:57 -0300] "GET /cormun/static/Shared/jqueryui/images/ui-bg_flat_55_fafafa_40x100.png HTTP/1.1" 404 1097
192.168.10.56 - - [26/Mar/2018:17:41:57 -0300] "GET /cormun/static/Shared/jqueryui/images/ui-icons_8d78a5_256x240.png HTTP/1.1" 404 1089
192.168.10.56 - - [26/Mar/2018:17:42:08 -0300] "GET /cormun/servlet/hlogin HTTP/1.1" 200 1741
192.168.10.56 - - [26/Mar/2018:17:42:11 -0300] "POST /cormun/servlet/hlogin?a6b2a502f930c024caccdef9044fe32f,gx-no-cache=1522096762442 HTTP/1.1" 200 90
192.168.10.56 - - [26/Mar/2018:17:42:11 -0300] "GET /cormun/servlet/hpexe_link HTTP/1.1" 200 952
192.168.10.56 - - [26/Mar/2018:17:42:11 -0300] "GET /cormun/servlet/hhome HTTP/1.1" 200 3837
192.168.10.56 - - [26/Mar/2018:17:42:11 -0300] "GET /cormun/servlet/hhome HTTP/1.1" 200 3834
192.168.10.56 - - [26/Mar/2018:17:42:14 -0300] "GET /cormun/servlet/trautorizarot? HTTP/1.1" 200 11940
192.168.10.56 - - [26/Mar/2018:17:42:15 -0300] "GET /cormun/servlet/trautorizarot? HTTP/1.1" 200 11938
192.168.10.56 - - [26/Mar/2018:17:42:16 -0300] "GET /cormun/static/menuarrow.gif HTTP/1.1" 404 1015
192.168.10.56 - - [26/Mar/2018:17:42:20 -0300] "POST /cormun/servlet/trautorizarot?a6b2a502f930c024caccdef9044fe32f,,gx-no-cache=1522096772100 HTTP/1.1" 200 9340
192.168.10.56 - - [26/Mar/2018:17:42:24 -0300] "POST /cormun/servlet/trautorizarot?a6b2a502f930c024caccdef9044fe32f,,gx-no-cache=1522096775179 HTTP/1.1" 200 5322
192.168.10.56 - - [26/Mar/2018:17:42:25 -0300] "GET /cormun/servlet/hlogin HTTP/1.1" 200 1740
192.168.10.96 - - [26/Mar/2018:17:42:27 -0300] "POST /cormun/servlet/trsolicitudgral?279a4ba53953978c25cdd38311031c47,,gx-no-cache=1522096778465 HTTP/1.1" 200 5934
192.168.10.96 - - [26/Mar/2018:17:42:31 -0300] "POST /cormun/servlet/trsolicitudgral?279a4ba53953978c25cdd38311031c47,,gx-no-cache=1522096782738 HTTP/1.1" 200 8171
192.168.10.96 - - [26/Mar/2018:17:43:02 -0300] "POST /cormun/servlet/trsolicitudgral?279a4ba53953978c25cdd38311031c47,,gx-no-cache=1522096813464 HTTP/1.1" 200 7909
201.239.228.226 - - [26/Mar/2018:17:43:07 -0300] "POST /cormun/servlet/solicitudot?2d2d897e2f189f11d27cc622795e5712,INS,0,0,,gx-no-cache=1522096932267 HTTP/1.1" 200 10554
201.239.228.226 - - [26/Mar/2018:17:43:07 -0300] "GET /cormun/static/Shared/jqueryui/images/ui-icons_8d78a5_256x240.png HTTP/1.1" 404 1089
201.239.228.226 - - [26/Mar/2018:17:43:07 -0300] "GET /cormun/static/Shared/jqueryui/images/ui-bg_flat_55_fafafa_40x100.png HTTP/1.1" 404 1097
190.151.124.170 - - [26/Mar/2018:17:43:08 -0300] "POST /cormun/servlet/trsolicitudot?34ec6c4397080e14890eebd80ca20164,,gx-no-cache=1522096935124 HTTP/1.1" 200 103
190.151.124.170 - - [26/Mar/2018:17:43:08 -0300] "GET /cormun/SolicitudOT-7913.xls HTTP/1.1" 200 11264
201.239.228.226 - - [26/Mar/2018:17:43:24 -0300] "POST /cormun/servlet/solicitudot?gx-no-cache=1522096949493 HTTP/1.1" 200 3465
201.239.228.226 - - [26/Mar/2018:17:43:24 -0300] "GET /cormun/servlet/solicitudot?9855d23748ef0bf10fc167d30cef40aa4e410fd2ae76053d7740a4aa7905799c3d752759d1837151d6535c0b6a034325778093b8b9861063648396f82caa27bf,gx-no-cache=1522096949827 HTTP/1.1" 200 30
201.239.228.226 - - [26/Mar/2018:17:43:24 -0300] "GET /cormun/servlet/solicitudot?9855d23748ef0bf10fc167d30cef40aa1700a76d92be6bcc20de3dc7b9eff2ee,gx-no-cache=1522096949928 HTTP/1.1" 200 29
201.239.228.226 - - [26/Mar/2018:17:43:24 -0300] "POST /cormun/servlet/solicitudot?gx-no-cache=1522096950029 HTTP/1.1" 200 297
186.103.159.182 - - [26/Mar/2018:17:43:25 -0300] "POST /cormun/servlet/trsolicitudot?73c2fa4b03a74af600e1544e31c1ed1b,,gx-no-cache=1522096953164 HTTP/1.1" 200 6156
201.239.228.226 - - [26/Mar/2018:17:43:27 -0300] "GET /cormun/servlet/solicitudot?9855d23748ef0bf10fc167d30cef40aa2cbefcaa1e2ecce990b0206966b7b8f473f1a2aa423757cb8408f5a16bd2dcfb70fdf27b688c2421bb181168ed28ef356a0109900d2be6e5d41e8a7a5b0aef213a43d8f65c71a2ed1ca269440fdc825ac4f7b952e00bcebfc7d9fc715fdcdeaf31b18c85b44e39c1032a864abd05ddb1ae5460a2980b6c6fbb49d5cfa1c4663c70beeab7de05d019baddf17ef5ae1842c4113fd4a1baee86322980bb70401f86f689dcb311fe57e1a8760a4d40a0905c1061be91b596871ca1a9105dd22e0a982676d25ad7be9502e74fad029f60509b5176b43e4a87b309d58b846548f44285e068f9c2c3abfaec4c7fe486b35da0e2951c9a69a89c2ee8c4c31b63d37d55d8542c948aeb0913a8eb12baad79486d647e0fe14e4c8a32a0ea1f806e1b9d2c37bdaa5f62dd97cd70329211c9a006e2dfd616ecefb41c4a55b149f3e2efc6d82bd8b2a9bb81b8805119afb58a6bfd64b52b7300384acddf0dc9a5bea6aada722438b152c4d9783719db9d4f4b405edac65b5be1810744f5f589a11f43a5ee7802,gx-no-cache=1522096952680 HTTP/1.1" 200 30
192.168.10.96 - - [26/Mar/2018:17:43:27 -0300] "POST /cormun/servlet/trsolicitudgral?279a4ba53953978c25cdd38311031c47,,gx-no-cache=1522096839233 HTTP/1.1" 200 7894
201.239.228.226 - - [26/Mar/2018:17:43:30 -0300] "POST /cormun/servlet/solicitudot?gx-no-cache=1522096955764 HTTP/1.1" 200 30
201.239.228.226 - - [26/Mar/2018:17:43:36 -0300] "POST /cormun/servlet/solicitudot?gx-no-cache=1522096962354 HTTP/1.1" 200 1331
201.239.228.226 - - [26/Mar/2018:17:43:37 -0300] "POST /cormun/servlet/solicitudot?gx-no-cache=1522096962511 HTTP/1.1" 200 38
192.168.10.96 - - [26/Mar/2018:17:43:57 -0300] "POST /cormun/servlet/trsolicitudgral?279a4ba53953978c25cdd38311031c47,,gx-no-cache=1522096868456 HTTP/1.1" 200 7268
201.239.228.226 - - [26/Mar/2018:17:44:42 -0300] "GET /cormun/servlet/solicitudot?9855d23748ef0bf10fc167d30cef40aa410006f3b046d768c505e101fe65a4883b4eacdd8f2c405ec414f876c9be3a7ab89ae5f26723cccd6a280948949098ba2df6665a3818d24597c6c2561d9063af,gx-no-cache=1522097027666 HTTP/1.1" 200 29
201.239.228.226 - - [26/Mar/2018:17:44:42 -0300] "POST /cormun/servlet/solicitudot?gx-no-cache=1522097027855 HTTP/1.1" 200 1318
201.239.228.226 - - [26/Mar/2018:17:44:42 -0300] "POST /cormun/servlet/solicitudot?gx-no-cache=1522097028044 HTTP/1.1" 200 1215
201.239.228.226 - - [26/Mar/2018:17:44:48 -0300] "POST /cormun/servlet/solicitudot?gx-no-cache=1522097033929 HTTP/1.1" 200 1318
201.239.228.226 - - [26/Mar/2018:17:44:48 -0300] "POST /cormun/servlet/solicitudot?gx-no-cache=1522097034066 HTTP/1.1" 200 1215
201.239.228.226 - - [26/Mar/2018:17:45:49 -0300] "GET /cormun/static/menuarrow.gif HTTP/1.1" 404 1015
201.239.228.226 - - [26/Mar/2018:17:46:00 -0300] "GET /cormun/servlet/solicitudot?9855d23748ef0bf10fc167d30cef40aaf8c530858c6523f59f5a8e2b320c72df1cc0a871ac5d3ed62f5a8c679f9aec46,gx-no-cache=1522097105732 HTTP/1.1" 200 30
