186.79.136.34 - - [26/Mar/2018:16:24:09 -0300] "GET /cormun/servlet/trsolicitudot? HTTP/1.1" 200 7139
186.79.136.34 - - [26/Mar/2018:16:24:15 -0300] "GET /cormun/servlet/solicitudot?INS,0,0, HTTP/1.1" 200 13378
186.79.136.34 - - [26/Mar/2018:16:24:16 -0300] "GET /cormun/servlet/solicitudot?INS,0,0, HTTP/1.1" 200 13383
186.103.159.188 - - [26/Mar/2018:16:24:21 -0300] "POST /cormun/servlet/renuncias?640873bd0d4dab6ec3e13b611de08d6a,INS,0,,gx-no-cache=1522092209708 HTTP/1.1" 200 93
186.103.159.188 - - [26/Mar/2018:16:24:21 -0300] "GET /cormun/servlet/hpexe_return? HTTP/1.1" 200 1008
186.103.159.188 - - [26/Mar/2018:16:24:21 -0300] "GET /cormun/static/Resources/Spanish/PXTools.css?167811 HTTP/1.1" 304 -
186.103.159.188 - - [26/Mar/2018:16:24:21 -0300] "GET /cormun/static/hpexe_return.js?2016101716175153 HTTP/1.1" 304 -
186.103.159.188 - - [26/Mar/2018:16:24:21 -0300] "GET /cormun/servlet/trrenuncias? HTTP/1.1" 200 6823
186.103.159.188 - - [26/Mar/2018:16:24:22 -0300] "GET /cormun/servlet/trrenuncias? HTTP/1.1" 200 6819
186.79.136.34 - - [26/Mar/2018:16:24:31 -0300] "GET /cormun/servlet/hlogin HTTP/1.1" 200 1721
186.79.136.34 - - [26/Mar/2018:16:24:33 -0300] "POST /cormun/servlet/hlogin?068ba5de8bc8b1cbedecfc9b1d4419c5,gx-no-cache=1522092222028 HTTP/1.1" 200 90
186.79.136.34 - - [26/Mar/2018:16:24:33 -0300] "GET /cormun/servlet/hpexe_link HTTP/1.1" 200 952
186.79.136.34 - - [26/Mar/2018:16:24:34 -0300] "GET /cormun/servlet/hhome HTTP/1.1" 200 3933
186.79.136.34 - - [26/Mar/2018:16:24:34 -0300] "GET /cormun/servlet/hhome HTTP/1.1" 200 3933
186.79.136.34 - - [26/Mar/2018:16:24:37 -0300] "GET /cormun/servlet/trlicencias? HTTP/1.1" 200 10935
186.79.136.34 - - [26/Mar/2018:16:24:38 -0300] "GET /cormun/servlet/trlicencias? HTTP/1.1" 200 10933
186.79.136.34 - - [26/Mar/2018:16:24:46 -0300] "GET /cormun/servlet/alicenciaprn?15106120,L,20180326000000,PU HTTP/1.1" 200 1545
192.168.10.96 - - [26/Mar/2018:16:24:49 -0300] "POST /cormun/servlet/trsolicitudgral?0a48325d901ab68450a17d5c5b925593,,gx-no-cache=1522092119899 HTTP/1.1" 200 24391
192.168.10.96 - - [26/Mar/2018:16:24:51 -0300] "POST /cormun/servlet/trsolicitudgral?0a48325d901ab68450a17d5c5b925593,,gx-no-cache=1522092122984 HTTP/1.1" 200 10580
192.168.10.96 - - [26/Mar/2018:16:24:58 -0300] "POST /cormun/servlet/trsolicitudgral?0a48325d901ab68450a17d5c5b925593,,gx-no-cache=1522092130266 HTTP/1.1" 200 5930
192.168.10.96 - - [26/Mar/2018:16:25:02 -0300] "POST /cormun/servlet/trsolicitudgral?0a48325d901ab68450a17d5c5b925593,,gx-no-cache=1522092134010 HTTP/1.1" 200 10578
186.79.136.34 - - [26/Mar/2018:16:25:18 -0300] "GET /cormun/servlet/alicenciaprn?15738839,L,20180326000000,PU HTTP/1.1" 200 1606
192.168.10.96 - - [26/Mar/2018:16:25:20 -0300] "POST /cormun/servlet/trsolicitudgral?0a48325d901ab68450a17d5c5b925593,,gx-no-cache=1522092151842 HTTP/1.1" 200 105
192.168.10.96 - - [26/Mar/2018:16:25:20 -0300] "GET /cormun/SolicitudGral-3568.xls HTTP/1.1" 200 13312
192.168.10.96 - - [26/Mar/2018:16:25:56 -0300] "POST /cormun/servlet/trsolicitudgral?0a48325d901ab68450a17d5c5b925593,,gx-no-cache=1522092188104 HTTP/1.1" 200 7646
192.168.10.96 - - [26/Mar/2018:16:26:19 -0300] "POST /cormun/servlet/trsolicitudgral?0a48325d901ab68450a17d5c5b925593,,gx-no-cache=1522092210496 HTTP/1.1" 200 7949
186.79.136.34 - - [26/Mar/2018:16:26:47 -0300] "GET /cormun/servlet/alicenciaprn?15106120,L,20180326000000,PU HTTP/1.1" 200 1546
192.168.10.96 - - [26/Mar/2018:16:26:50 -0300] "POST /cormun/servlet/trsolicitudgral?0a48325d901ab68450a17d5c5b925593,,gx-no-cache=1522092241421 HTTP/1.1" 200 7309
192.168.10.96 - - [26/Mar/2018:16:27:05 -0300] "POST /cormun/servlet/trsolicitudgral?0a48325d901ab68450a17d5c5b925593,,gx-no-cache=1522092256989 HTTP/1.1" 200 7310
192.168.10.96 - - [26/Mar/2018:16:27:33 -0300] "POST /cormun/servlet/trsolicitudgral?0a48325d901ab68450a17d5c5b925593,,gx-no-cache=1522092284676 HTTP/1.1" 200 7288
192.168.10.96 - - [26/Mar/2018:16:28:00 -0300] "POST /cormun/servlet/trsolicitudgral?0a48325d901ab68450a17d5c5b925593,,gx-no-cache=1522092312275 HTTP/1.1" 200 7661
186.103.159.182 - - [26/Mar/2018:16:28:38 -0300] "GET /cormun/servlet/solicitudot?INS,0,0, HTTP/1.1" 200 13696
186.103.159.182 - - [26/Mar/2018:16:28:40 -0300] "GET /cormun/servlet/solicitudot?INS,0,0, HTTP/1.1" 200 13701
186.103.159.182 - - [26/Mar/2018:16:28:41 -0300] "GET /favicon.ico HTTP/1.1" 200 21630
192.168.10.96 - - [26/Mar/2018:16:28:50 -0300] "POST /cormun/servlet/trsolicitudgral?0a48325d901ab68450a17d5c5b925593,,gx-no-cache=1522092362265 HTTP/1.1" 200 7284
186.103.159.182 - - [26/Mar/2018:16:28:55 -0300] "GET /cormun/servlet/prfichaempleado?,MD,,gxPopupLevel%3D0%3B HTTP/1.1" 200 9422
186.103.159.182 - - [26/Mar/2018:16:29:03 -0300] "POST /cormun/servlet/prfichaempleado?df63c697f4b97a32a971f0f7afc2de31,,MD,,gxPopupLevel%3D0%3B,gx-no-cache=1522092490704 HTTP/1.1" 200 3476
192.168.10.96 - - [26/Mar/2018:16:29:06 -0300] "POST /cormun/servlet/trsolicitudgral?0a48325d901ab68450a17d5c5b925593,,gx-no-cache=1522092377001 HTTP/1.1" 200 17333
186.103.159.182 - - [26/Mar/2018:16:29:07 -0300] "POST /cormun/servlet/solicitudot?gx-no-cache=1522092495056 HTTP/1.1" 200 3403
186.103.159.182 - - [26/Mar/2018:16:29:08 -0300] "POST /cormun/servlet/solicitudot?df63c697f4b97a32a971f0f7afc2de31,INS,0,0,,gx-no-cache=1522092495302 HTTP/1.1" 200 10574
192.168.10.96 - - [26/Mar/2018:16:29:12 -0300] "POST /cormun/servlet/trsolicitudgral?0a48325d901ab68450a17d5c5b925593,,gx-no-cache=1522092383692 HTTP/1.1" 200 7290
186.103.159.182 - - [26/Mar/2018:16:29:15 -0300] "GET /cormun/servlet/solicitudot?2ba41c90cca088944a4c5c7120527ff155f35a76741aea635d9cbe083ab5f4c039d38bc99103f504f02ec753f1514405,gx-no-cache=1522092503386 HTTP/1.1" 200 30
192.168.10.96 - - [26/Mar/2018:16:29:30 -0300] "POST /cormun/servlet/trsolicitudgral?0a48325d901ab68450a17d5c5b925593,,gx-no-cache=1522092401098 HTTP/1.1" 200 24391
192.168.10.96 - - [26/Mar/2018:16:29:41 -0300] "POST /cormun/servlet/trsolicitudgral?0a48325d901ab68450a17d5c5b925593,,gx-no-cache=1522092412813 HTTP/1.1" 200 7342
186.79.136.34 - - [26/Mar/2018:16:29:48 -0300] "POST /cormun/servlet/trlicencias?068ba5de8bc8b1cbedecfc9b1d4419c5,,gx-no-cache=1522092536345 HTTP/1.1" 200 8368
186.79.136.34 - - [26/Mar/2018:16:29:49 -0300] "GET /cormun/static/Shared/jqueryui/images/ui-bg_highlight-soft_100_c6c2c8_1x100.png HTTP/1.1" 404 1117
186.79.136.34 - - [26/Mar/2018:16:29:49 -0300] "GET /cormun/static/Shared/jqueryui/images/ui-icons_82798d_256x240.png HTTP/1.1" 404 1089
186.79.136.34 - - [26/Mar/2018:16:29:49 -0300] "GET /cormun/static/Shared/jqueryui/images/ui-bg_flat_55_fafafa_40x100.png HTTP/1.1" 404 1097
186.79.136.34 - - [26/Mar/2018:16:29:49 -0300] "GET /cormun/static/Shared/jqueryui/images/ui-icons_8d78a5_256x240.png HTTP/1.1" 404 1089
192.168.10.96 - - [26/Mar/2018:16:30:15 -0300] "POST /cormun/servlet/trsolicitudgral?0a48325d901ab68450a17d5c5b925593,,gx-no-cache=1522092446882 HTTP/1.1" 200 7953
186.79.136.34 - - [26/Mar/2018:16:30:17 -0300] "POST /cormun/servlet/trlicencias?068ba5de8bc8b1cbedecfc9b1d4419c5,,gx-no-cache=1522092564404 HTTP/1.1" 200 8388
186.79.136.34 - - [26/Mar/2018:16:30:36 -0300] "GET /cormun/servlet/trlicenciaspermisosadjuntos?15738839,20180326000000,L, HTTP/1.1" 200 6259
186.79.136.34 - - [26/Mar/2018:16:30:37 -0300] "GET /cormun/servlet/trlicenciaspermisosadjuntos?15738839,20180326000000,L, HTTP/1.1" 200 6260
186.103.159.188 - - [26/Mar/2018:16:30:38 -0300] "GET /cormun/servlet/hlogin HTTP/1.1" 200 1727
192.168.10.96 - - [26/Mar/2018:16:30:44 -0300] "POST /cormun/servlet/trsolicitudgral?0a48325d901ab68450a17d5c5b925593,,gx-no-cache=1522092475882 HTTP/1.1" 200 7941
186.103.159.188 - - [26/Mar/2018:16:30:44 -0300] "POST /cormun/servlet/hlogin?79d082870e8f3404ac1a15071d40ab60,gx-no-cache=1522092593114 HTTP/1.1" 200 90
186.103.159.188 - - [26/Mar/2018:16:30:44 -0300] "GET /cormun/servlet/hpexe_link HTTP/1.1" 200 953
186.103.159.188 - - [26/Mar/2018:16:30:45 -0300] "GET /cormun/servlet/hhome HTTP/1.1" 200 3949
186.103.159.188 - - [26/Mar/2018:16:30:45 -0300] "GET /cormun/servlet/hhome HTTP/1.1" 200 3945
186.103.159.188 - - [26/Mar/2018:16:30:48 -0300] "GET /cormun/servlet/trsolicitudot? HTTP/1.1" 200 7163
186.103.159.188 - - [26/Mar/2018:16:30:48 -0300] "GET /cormun/static/Resources/Spanish/PXTools.css?1255365 HTTP/1.1" 304 -
186.103.159.188 - - [26/Mar/2018:16:30:48 -0300] "GET /cormun/static/trsolicitudot.js?201711142259839 HTTP/1.1" 304 -
186.103.159.188 - - [26/Mar/2018:16:30:49 -0300] "GET /cormun/servlet/trsolicitudot? HTTP/1.1" 200 7162
186.103.159.188 - - [26/Mar/2018:16:30:58 -0300] "GET /cormun/servlet/solicitudot?INS,0,0, HTTP/1.1" 200 13395
186.103.159.188 - - [26/Mar/2018:16:30:58 -0300] "GET /cormun/static/gxcfg.js?201812313224582 HTTP/1.1" 304 -
186.103.159.188 - - [26/Mar/2018:16:30:58 -0300] "GET /cormun/static/solicitudot.js?201812313224831 HTTP/1.1" 304 -
186.103.159.188 - - [26/Mar/2018:16:30:58 -0300] "GET /cormun/servlet/solicitudot?INS,0,0, HTTP/1.1" 200 13399
186.79.136.34 - - [26/Mar/2018:16:31:01 -0300] "GET /cormun/servlet/hlogin HTTP/1.1" 200 1716
186.79.136.34 - - [26/Mar/2018:16:31:04 -0300] "POST /cormun/servlet/hlogin?8628cb422610876c111c01b372b1f74c,gx-no-cache=1522092613234 HTTP/1.1" 200 90
186.79.136.34 - - [26/Mar/2018:16:31:05 -0300] "GET /cormun/servlet/hpexe_link HTTP/1.1" 200 945
186.79.136.34 - - [26/Mar/2018:16:31:05 -0300] "GET /cormun/servlet/hhome HTTP/1.1" 200 3926
186.79.136.34 - - [26/Mar/2018:16:31:06 -0300] "GET /cormun/servlet/hhome HTTP/1.1" 200 3923
192.168.10.96 - - [26/Mar/2018:16:31:12 -0300] "POST /cormun/servlet/trsolicitudgral?0a48325d901ab68450a17d5c5b925593,,gx-no-cache=1522092503392 HTTP/1.1" 200 7659
186.79.136.34 - - [26/Mar/2018:16:31:14 -0300] "GET /cormun/servlet/trlicencias? HTTP/1.1" 200 10871
186.79.136.34 - - [26/Mar/2018:16:31:15 -0300] "GET /cormun/servlet/trlicencias? HTTP/1.1" 200 10838
186.103.159.188 - - [26/Mar/2018:16:31:16 -0300] "POST /cormun/servlet/solicitudot?gx-no-cache=1522092624499 HTTP/1.1" 200 3397
186.103.159.188 - - [26/Mar/2018:16:31:16 -0300] "POST /cormun/servlet/solicitudot?79d082870e8f3404ac1a15071d40ab60,INS,0,0,,gx-no-cache=1522092625106 HTTP/1.1" 200 10369
186.103.159.188 - - [26/Mar/2018:16:31:21 -0300] "GET /cormun/servlet/solicitudot?337237272f91476eeb65a6b0021c40729cbe1b151e5306478a9cb565d79d334516b14ea0e8384b218111e243d2e3a168,gx-no-cache=1522092629978 HTTP/1.1" 200 30
186.103.159.188 - - [26/Mar/2018:16:31:21 -0300] "GET /cormun/servlet/solicitudot?337237272f91476eeb65a6b0021c4072b252fd165bdb347ad50ed200bf710cb20955b7a854ec1e47c56ee8dcfa0a949eb9f8dcf2910c8a6c2a68f1788ca07180,gx-no-cache=1522092630046 HTTP/1.1" 200 30
186.103.159.188 - - [26/Mar/2018:16:31:21 -0300] "GET /cormun/servlet/solicitudot?337237272f91476eeb65a6b0021c40729d61a26e76579580679dfe8bbe1192ca,gx-no-cache=1522092630088 HTTP/1.1" 200 53
186.103.159.188 - - [26/Mar/2018:16:31:21 -0300] "POST /cormun/servlet/solicitudot?gx-no-cache=1522092630115 HTTP/1.1" 200 255
186.103.159.188 - - [26/Mar/2018:16:31:21 -0300] "GET /cormun/servlet/solicitudot?337237272f91476eeb65a6b0021c4072e23a569ff24b624b22374eeb20992a651d44a4afa44862e3eba022f0553186a0b798d44485675f51c0e185fc70260a97752a638a03dec8da0d5ca8d4f3ed0f81c65a3089c5a170af463da4da5a5ecff133c8b22d85f1eb3b7f1d50b9e63c6950719d4f1d712ccc1e9d94d8254c11c341451eaca6388b4502b256571ef146e660bea05da43442d8a308c0b6564ae4643f380314661f18a0bc5d855ef9068a9822d3d56cf4f925504621c18d9e3890a63c89ff33bbc47569bced448df884f4714d54e86a444a6c3c3a3347622f308525d2a22a7580f96f8b3632bf3ac94d087bdbdb9d782919f952f033da9eb9305102548b09dac63757b9cb13856b0878f103c1797ab380c05c9e658069ec92829e8840bf361cddab5feba79739902061b65f794f03376f17fbf0e1faf8ee8a7e98ee62f40bc6dc1ebe7be23981cd9da91b80feff46f0dec4f6e1da0e3587b95a4e9268b17ee98447e86d2330bf55c1e2a648e0f99932e9ef6b04a846de49a2ec03e1f3,gx-no-cache=1522092630159 HTTP/1.1" 200 30
186.103.159.188 - - [26/Mar/2018:16:31:25 -0300] "POST /cormun/servlet/solicitudot?gx-no-cache=1522092633712 HTTP/1.1" 200 30
186.103.159.188 - - [26/Mar/2018:16:31:28 -0300] "GET /cormun/servlet/prcontratosol?7677020,,,,,MD,,gxPopupLevel%3D0%3B HTTP/1.1" 200 7796
186.103.159.188 - - [26/Mar/2018:16:31:28 -0300] "GET /cormun/static/gxcfg.js?201761413223964 HTTP/1.1" 304 -
186.103.159.188 - - [26/Mar/2018:16:31:33 -0300] "POST /cormun/servlet/solicitudot?gx-no-cache=1522092642199 HTTP/1.1" 200 1337
186.103.159.188 - - [26/Mar/2018:16:31:33 -0300] "POST /cormun/servlet/solicitudot?gx-no-cache=1522092642277 HTTP/1.1" 200 38
186.103.159.188 - - [26/Mar/2018:16:31:33 -0300] "GET /cormun/servlet/solicitudot?337237272f91476eeb65a6b0021c407223ac9791e59e98a1d24ad3a22b9828bcf4ebf89296595eddeb87cec72ce4ed8231b33a068d4220ad98f3c6da49e3d6d8ee040022ca0c08c632d462101c7011b6cf70fc82c62bde252718fcfe6c98d61cbee27d0831214151914bc59e4635824b52691e782ae4a60c07326beee3bf2494bf1124002a8570f4a11ed072d4d7d10c992995ae2c802dea4d5709560eb81063,gx-no-cache=1522092642311 HTTP/1.1" 200 29
186.103.159.188 - - [26/Mar/2018:16:31:34 -0300] "POST /cormun/servlet/solicitudot?gx-no-cache=1522092642348 HTTP/1.1" 200 1319
186.103.159.188 - - [26/Mar/2018:16:31:34 -0300] "POST /cormun/servlet/solicitudot?gx-no-cache=1522092642400 HTTP/1.1" 200 1219
186.103.159.188 - - [26/Mar/2018:16:31:34 -0300] "GET /cormun/servlet/solicitudot?337237272f91476eeb65a6b0021c407213c2765fc81fa1780661f20b7bb57f64c06b04695df3fbd32f8917d26c93db7e,gx-no-cache=1522092642441 HTTP/1.1" 200 134
186.103.159.188 - - [26/Mar/2018:16:31:34 -0300] "GET /cormun/static/Shared/jqueryui/images/ui-bg_highlight-soft_100_c6c2c8_1x100.png HTTP/1.1" 404 1117
186.103.159.188 - - [26/Mar/2018:16:31:34 -0300] "GET /cormun/static/Shared/jqueryui/images/ui-icons_82798d_256x240.png HTTP/1.1" 404 1089
186.103.159.188 - - [26/Mar/2018:16:31:34 -0300] "GET /cormun/static/Shared/jqueryui/images/ui-bg_flat_55_994d53_40x100.png HTTP/1.1" 404 1097
186.103.159.188 - - [26/Mar/2018:16:31:34 -0300] "GET /cormun/static/Shared/jqueryui/images/ui-icons_ebccce_256x240.png HTTP/1.1" 404 1089
186.103.159.188 - - [26/Mar/2018:16:31:54 -0300] "GET /cormun/servlet/prsolicitudot?7677020,,,,,MD,,gxPopupLevel%3D0%3B HTTP/1.1" 200 6853
186.103.159.188 - - [26/Mar/2018:16:31:54 -0300] "GET /cormun/static/gxcfg.js?2017111422591492 HTTP/1.1" 304 -
186.103.159.188 - - [26/Mar/2018:16:31:58 -0300] "POST /cormun/servlet/solicitudot?gx-no-cache=1522092666904 HTTP/1.1" 200 1337
186.103.159.188 - - [26/Mar/2018:16:31:58 -0300] "POST /cormun/servlet/solicitudot?gx-no-cache=1522092666971 HTTP/1.1" 200 41
186.103.159.188 - - [26/Mar/2018:16:31:58 -0300] "POST /cormun/servlet/solicitudot?gx-no-cache=1522092667006 HTTP/1.1" 200 1319
186.103.159.188 - - [26/Mar/2018:16:31:58 -0300] "POST /cormun/servlet/solicitudot?gx-no-cache=1522092667062 HTTP/1.1" 200 1219
186.103.159.188 - - [26/Mar/2018:16:31:58 -0300] "GET /cormun/servlet/solicitudot?337237272f91476eeb65a6b0021c4072856f5f917acb6109f5230717b7ccd834c06b04695df3fbd32f8917d26c93db7e,gx-no-cache=1522092667115 HTTP/1.1" 200 30
192.168.10.96 - - [26/Mar/2018:16:32:01 -0300] "POST /cormun/servlet/trsolicitudgral?0a48325d901ab68450a17d5c5b925593,,gx-no-cache=1522092552663 HTTP/1.1" 200 7659
192.168.10.96 - - [26/Mar/2018:16:32:01 -0300] "POST /cormun/servlet/trsolicitudgral?0a48325d901ab68450a17d5c5b925593,,gx-no-cache=1522092552901 HTTP/1.1" 200 7659
192.168.10.96 - - [26/Mar/2018:16:32:01 -0300] "POST /cormun/servlet/trsolicitudgral?0a48325d901ab68450a17d5c5b925593,,gx-no-cache=1522092553097 HTTP/1.1" 200 7659
186.103.159.188 - - [26/Mar/2018:16:32:08 -0300] "POST /cormun/servlet/solicitudot?gx-no-cache=1522092676795 HTTP/1.1" 200 33
186.103.159.188 - - [26/Mar/2018:16:32:09 -0300] "POST /cormun/servlet/solicitudot?79d082870e8f3404ac1a15071d40ab60,INS,0,0,,gx-no-cache=1522092676853 HTTP/1.1" 200 93
186.103.159.188 - - [26/Mar/2018:16:32:09 -0300] "GET /cormun/servlet/hpexe_return? HTTP/1.1" 200 1008
186.103.159.188 - - [26/Mar/2018:16:32:09 -0300] "GET /cormun/servlet/trsolicitudot HTTP/1.1" 200 8560
186.103.159.188 - - [26/Mar/2018:16:32:10 -0300] "GET /cormun/servlet/trsolicitudot HTTP/1.1" 200 8556
186.79.136.34 - - [26/Mar/2018:16:32:17 -0300] "GET /cormun/servlet/licenciaspermisos?DSP,15738839,L,20180326000000, HTTP/1.1" 200 7061
186.79.136.34 - - [26/Mar/2018:16:32:18 -0300] "GET /cormun/servlet/licenciaspermisos?DSP,15738839,L,20180326000000, HTTP/1.1" 200 7060
186.79.136.34 - - [26/Mar/2018:16:32:41 -0300] "POST /cormun/servlet/licenciaspermisos?8628cb422610876c111c01b372b1f74c,DSP,15738839,L,20180326000000,,gx-no-cache=1522092709768 HTTP/1.1" 200 93
186.79.136.34 - - [26/Mar/2018:16:32:41 -0300] "GET /cormun/servlet/hpexe_return? HTTP/1.1" 200 1023
186.79.136.34 - - [26/Mar/2018:16:32:42 -0300] "GET /cormun/servlet/trlicencias HTTP/1.1" 200 10846
186.79.136.34 - - [26/Mar/2018:16:32:42 -0300] "GET /cormun/servlet/trlicencias HTTP/1.1" 200 10869
190.161.236.41 - - [26/Mar/2018:16:32:47 -0300] "POST /cormun/servlet/trsolicitudot?79d082870e8f3404ac1a15071d40ab60,gx-no-cache=1522092715340 HTTP/1.1" 200 4297
190.161.236.41 - - [26/Mar/2018:16:32:52 -0300] "GET /cormun/servlet/solicitudot?INS,0,0, HTTP/1.1" 200 13395
190.161.236.41 - - [26/Mar/2018:16:32:53 -0300] "GET /cormun/servlet/solicitudot?INS,0,0, HTTP/1.1" 200 13400
190.161.236.41 - - [26/Mar/2018:16:33:02 -0300] "POST /cormun/servlet/solicitudot?gx-no-cache=1522092730295 HTTP/1.1" 200 3406
190.161.236.41 - - [26/Mar/2018:16:33:02 -0300] "POST /cormun/servlet/solicitudot?79d082870e8f3404ac1a15071d40ab60,INS,0,0,,gx-no-cache=1522092730613 HTTP/1.1" 200 10379
190.161.236.41 - - [26/Mar/2018:16:33:04 -0300] "GET /cormun/servlet/solicitudot?337237272f91476eeb65a6b0021c4072acebac5168405752239b0225ff79849bf6aea8e4c5d1482c3b3f9431a7c90157,gx-no-cache=1522092733002 HTTP/1.1" 200 30
190.161.236.41 - - [26/Mar/2018:16:33:04 -0300] "GET /cormun/servlet/solicitudot?337237272f91476eeb65a6b0021c4072ba769a951a7659b8f8477b8b5f83722e0b9bba26183b8932fd1609102534725dda1a6f554d59026f5a73f624252d3ac5,gx-no-cache=1522092733071 HTTP/1.1" 200 30
190.161.236.41 - - [26/Mar/2018:16:33:04 -0300] "GET /cormun/servlet/solicitudot?337237272f91476eeb65a6b0021c4072c2203fa8c0d5f57ebea558fbd0d089ac,gx-no-cache=1522092733143 HTTP/1.1" 200 51
190.161.236.41 - - [26/Mar/2018:16:33:04 -0300] "POST /cormun/servlet/solicitudot?gx-no-cache=1522092733179 HTTP/1.1" 200 255
190.161.236.41 - - [26/Mar/2018:16:33:04 -0300] "GET /cormun/servlet/solicitudot?337237272f91476eeb65a6b0021c4072e23a569ff24b624b22374eeb20992a651d44a4afa44862e3eba022f0553186a0b798d44485675f51c0e185fc70260a97752a638a03dec8da0d5ca8d4f3ed0f81c65a3089c5a170af463da4da5a5ecff133c8b22d85f1eb3b7f1d50b9e63c6950719d4f1d712ccc1e9d94d8254c11c341451eaca6388b4502b256571ef146e660bea05da43442d8a308c0b6564ae4643f380314661f18a0bc5d855ef9068a9822d3d56cf4f925504621c18d9e3890a63c89ff33bbc47569bced448df884f4714d54e86a444a6c3c3a3347622f308525d2a22a7580f96f8b3632bf3ac94d087bdbdb9d782919f952f033da9eb9305102548b09dac63757b9cb13856b0878f103c1797ab380c05c9e658069ec92829e8840bf361cddab5feba79739902061b65f794f03376f17fbf0e1faf8ee8a7e98ee62f40bc6dc1ebe7be23981cd9da91b80feff46f0dec4f6e1da0e3587b95a4e9268b17ee98447e86d2330bf55c1e2a648e0f99932e9ef6b04a846de49a2ec03e1f3,gx-no-cache=1522092733237 HTTP/1.1" 200 30
190.161.236.41 - - [26/Mar/2018:16:33:08 -0300] "POST /cormun/servlet/solicitudot?gx-no-cache=1522092736687 HTTP/1.1" 200 30
190.161.236.41 - - [26/Mar/2018:16:33:18 -0300] "GET /cormun/servlet/prcontratosol?14156547,,,,,MD,,gxPopupLevel%3D0%3B HTTP/1.1" 200 10250
190.161.236.41 - - [26/Mar/2018:16:33:22 -0300] "POST /cormun/servlet/solicitudot?gx-no-cache=1522092750786 HTTP/1.1" 200 1337
190.161.236.41 - - [26/Mar/2018:16:33:22 -0300] "POST /cormun/servlet/solicitudot?gx-no-cache=1522092750914 HTTP/1.1" 200 38
190.161.236.41 - - [26/Mar/2018:16:33:22 -0300] "GET /cormun/servlet/solicitudot?337237272f91476eeb65a6b0021c407223ac9791e59e98a1d24ad3a22b9828bcf4ebf89296595eddeb87cec72ce4ed8231b33a068d4220ad98f3c6da49e3d6d8ee040022ca0c08c632d462101c7011b6cf70fc82c62bde252718fcfe6c98d61cbee27d0831214151914bc59e4635824b52691e782ae4a60c07326beee3bf2494bf1124002a8570f4a11ed072d4d7d10c992995ae2c802dea4d5709560eb81063,gx-no-cache=1522092751002 HTTP/1.1" 200 29
190.161.236.41 - - [26/Mar/2018:16:33:22 -0300] "POST /cormun/servlet/solicitudot?gx-no-cache=1522092751087 HTTP/1.1" 200 1319
190.161.236.41 - - [26/Mar/2018:16:33:22 -0300] "POST /cormun/servlet/solicitudot?gx-no-cache=1522092751156 HTTP/1.1" 200 1219
190.161.236.41 - - [26/Mar/2018:16:33:22 -0300] "GET /cormun/servlet/solicitudot?337237272f91476eeb65a6b0021c40729b9b12b673bdc669c793b57799de092d,gx-no-cache=1522092751223 HTTP/1.1" 200 30
190.161.236.41 - - [26/Mar/2018:16:33:24 -0300] "GET /cormun/servlet/prcontratosol?14156547,,,,,MD,,gxPopupLevel%3D0%3B HTTP/1.1" 200 10250
190.161.236.41 - - [26/Mar/2018:16:33:30 -0300] "POST /cormun/servlet/solicitudot?gx-no-cache=1522092758442 HTTP/1.1" 200 1337
190.161.236.41 - - [26/Mar/2018:16:33:30 -0300] "POST /cormun/servlet/solicitudot?gx-no-cache=1522092758526 HTTP/1.1" 200 38
190.161.236.41 - - [26/Mar/2018:16:33:30 -0300] "POST /cormun/servlet/solicitudot?gx-no-cache=1522092758572 HTTP/1.1" 200 1319
190.161.236.41 - - [26/Mar/2018:16:33:30 -0300] "POST /cormun/servlet/solicitudot?gx-no-cache=1522092758636 HTTP/1.1" 200 1219
190.161.236.41 - - [26/Mar/2018:16:33:30 -0300] "GET /cormun/servlet/solicitudot?337237272f91476eeb65a6b0021c4072856f5f917acb6109f5230717b7ccd834c06b04695df3fbd32f8917d26c93db7e,gx-no-cache=1522092758696 HTTP/1.1" 200 30
192.168.10.96 - - [26/Mar/2018:16:33:37 -0300] "POST /cormun/servlet/trsolicitudgral?0a48325d901ab68450a17d5c5b925593,,gx-no-cache=1522092648961 HTTP/1.1" 200 7292
190.161.236.41 - - [26/Mar/2018:16:33:47 -0300] "POST /cormun/servlet/solicitudot?gx-no-cache=1522092775827 HTTP/1.1" 200 1321
190.161.236.41 - - [26/Mar/2018:16:33:47 -0300] "POST /cormun/servlet/solicitudot?gx-no-cache=1522092775903 HTTP/1.1" 200 1219
190.161.236.41 - - [26/Mar/2018:16:33:47 -0300] "POST /cormun/servlet/solicitudot?gx-no-cache=1522092775963 HTTP/1.1" 200 33
190.161.236.41 - - [26/Mar/2018:16:33:48 -0300] "POST /cormun/servlet/solicitudot?79d082870e8f3404ac1a15071d40ab60,INS,0,0,,gx-no-cache=1522092776052 HTTP/1.1" 200 93
190.161.236.41 - - [26/Mar/2018:16:33:48 -0300] "GET /cormun/servlet/hpexe_return? HTTP/1.1" 200 1031
190.161.236.41 - - [26/Mar/2018:16:33:48 -0300] "GET /cormun/servlet/trsolicitudot?gx-no-cache=1522092715340 HTTP/1.1" 200 8581
190.161.236.41 - - [26/Mar/2018:16:33:48 -0300] "GET /cormun/servlet/trsolicitudot?gx-no-cache=1522092715340 HTTP/1.1" 200 8600
186.103.159.188 - - [26/Mar/2018:16:34:11 -0300] "GET /cormun/servlet/trsolicitudot? HTTP/1.1" 200 8600
186.103.159.188 - - [26/Mar/2018:16:34:11 -0300] "GET /cormun/servlet/trsolicitudot? HTTP/1.1" 200 8577
186.103.159.188 - - [26/Mar/2018:16:34:44 -0300] "POST /cormun/servlet/trsolicitudot?79d082870e8f3404ac1a15071d40ab60,,gx-no-cache=1522092832638 HTTP/1.1" 200 4509
186.103.159.188 - - [26/Mar/2018:16:34:44 -0300] "GET /cormun/static/Shared/jqueryui/images/ui-bg_highlight-soft_100_c6c2c8_1x100.png HTTP/1.1" 404 1117
190.161.236.41 - - [26/Mar/2018:16:34:44 -0300] "GET /cormun/static/Shared/jqueryui/images/ui-bg_flat_55_fafafa_40x100.png HTTP/1.1" 404 1097
190.161.236.41 - - [26/Mar/2018:16:34:44 -0300] "GET /cormun/static/Shared/jqueryui/images/ui-icons_8d78a5_256x240.png HTTP/1.1" 404 1089
186.103.159.188 - - [26/Mar/2018:16:34:44 -0300] "POST /cormun/servlet/trsolicitudot?79d082870e8f3404ac1a15071d40ab60,,gx-no-cache=1522092833032 HTTP/1.1" 200 4285
186.103.159.188 - - [26/Mar/2018:16:34:45 -0300] "GET /cormun/static/Shared/jqueryui/images/ui-icons_82798d_256x240.png HTTP/1.1" 404 1089
186.103.159.188 - - [26/Mar/2018:16:35:10 -0300] "GET /cormun/servlet/hlogin HTTP/1.1" 200 1718
186.103.159.188 - - [26/Mar/2018:16:35:17 -0300] "POST /cormun/servlet/hlogin?762fc9bf617dcca113b1cf0cd84aadc3,gx-no-cache=1522092865474 HTTP/1.1" 200 90
186.103.159.188 - - [26/Mar/2018:16:35:17 -0300] "GET /cormun/servlet/hpexe_link HTTP/1.1" 200 946
186.103.159.188 - - [26/Mar/2018:16:35:17 -0300] "GET /cormun/servlet/hhome HTTP/1.1" 200 3942
186.103.159.188 - - [26/Mar/2018:16:35:17 -0300] "GET /cormun/servlet/hhome HTTP/1.1" 200 3939
186.103.159.188 - - [26/Mar/2018:16:35:22 -0300] "GET /cormun/servlet/trsolicitudot? HTTP/1.1" 200 8553
186.103.159.188 - - [26/Mar/2018:16:35:22 -0300] "GET /cormun/servlet/trsolicitudot? HTTP/1.1" 200 8550
192.168.10.96 - - [26/Mar/2018:16:35:28 -0300] "POST /cormun/servlet/trsolicitudgral?0a48325d901ab68450a17d5c5b925593,,gx-no-cache=1522092759960 HTTP/1.1" 200 8069
186.103.159.188 - - [26/Mar/2018:16:35:33 -0300] "POST /cormun/servlet/trsolicitudot?762fc9bf617dcca113b1cf0cd84aadc3,,gx-no-cache=1522092881427 HTTP/1.1" 200 4477
186.103.159.188 - - [26/Mar/2018:16:35:33 -0300] "GET /cormun/static/Shared/jqueryui/images/ui-bg_highlight-soft_100_c6c2c8_1x100.png HTTP/1.1" 404 1117
186.103.159.188 - - [26/Mar/2018:16:35:33 -0300] "GET /cormun/static/Shared/jqueryui/images/ui-icons_82798d_256x240.png HTTP/1.1" 404 1089
186.103.159.188 - - [26/Mar/2018:16:35:33 -0300] "GET /cormun/static/Shared/jqueryui/images/ui-bg_flat_55_fafafa_40x100.png HTTP/1.1" 404 1097
186.103.159.188 - - [26/Mar/2018:16:35:33 -0300] "GET /cormun/static/Shared/jqueryui/images/ui-icons_8d78a5_256x240.png HTTP/1.1" 404 1089
186.103.159.188 - - [26/Mar/2018:16:35:33 -0300] "POST /cormun/servlet/trsolicitudot?762fc9bf617dcca113b1cf0cd84aadc3,,gx-no-cache=1522092881672 HTTP/1.1" 200 4254
192.168.10.96 - - [26/Mar/2018:16:35:50 -0300] "GET /cormun/servlet/vesolicitudgral?2018,9722,, HTTP/1.1" 200 9369
192.168.10.96 - - [26/Mar/2018:16:35:50 -0300] "GET /cormun/pexe_scrolldiv.js HTTP/1.1" 404 1009
192.168.10.96 - - [26/Mar/2018:16:35:50 -0300] "GET /cormun/pexe_scrolldiv.js HTTP/1.1" 404 1009
192.168.10.96 - - [26/Mar/2018:16:35:50 -0300] "GET /cormun/servlet/vesolicitudgral?2018,9722,, HTTP/1.1" 200 9368
192.168.10.96 - - [26/Mar/2018:16:35:52 -0300] "GET /cormun/servlet/vesolicitudgral?2018,9722,,SolicitudOTLog HTTP/1.1" 200 10869
192.168.10.96 - - [26/Mar/2018:16:35:52 -0300] "GET /cormun/pexe_scrolldiv.js HTTP/1.1" 404 1009
192.168.10.96 - - [26/Mar/2018:16:35:52 -0300] "GET /cormun/pexe_scrolldiv.js HTTP/1.1" 404 1009
192.168.10.96 - - [26/Mar/2018:16:35:53 -0300] "GET /cormun/servlet/vesolicitudgral?2018,9722,,SolicitudOTLog HTTP/1.1" 200 10870
192.168.10.96 - - [26/Mar/2018:16:35:53 -0300] "POST /cormun/servlet/acontrolpreferencessavestate?None,DZAMUDIO,true HTTP/1.1" 200 35
192.168.10.96 - - [26/Mar/2018:16:37:02 -0300] "GET /cormun/servlet/trsolicitudgral? HTTP/1.1" 200 11330
192.168.10.96 - - [26/Mar/2018:16:37:02 -0300] "GET /cormun/servlet/trsolicitudgral? HTTP/1.1" 200 11324
192.168.10.96 - - [26/Mar/2018:16:37:12 -0300] "POST /cormun/servlet/trsolicitudgral?0a48325d901ab68450a17d5c5b925593,,gx-no-cache=1522092863117 HTTP/1.1" 200 7662
192.168.10.96 - - [26/Mar/2018:16:37:26 -0300] "POST /cormun/servlet/trsolicitudgral?0a48325d901ab68450a17d5c5b925593,,gx-no-cache=1522092877763 HTTP/1.1" 200 7955
192.168.10.96 - - [26/Mar/2018:16:37:43 -0300] "POST /cormun/servlet/trsolicitudgral?0a48325d901ab68450a17d5c5b925593,,gx-no-cache=1522092894675 HTTP/1.1" 200 7638
192.168.10.96 - - [26/Mar/2018:16:39:27 -0300] "POST /cormun/servlet/trsolicitudgral?0a48325d901ab68450a17d5c5b925593,,gx-no-cache=1522092998611 HTTP/1.1" 200 23972
192.168.10.96 - - [26/Mar/2018:16:39:43 -0300] "POST /cormun/servlet/trsolicitudgral?0a48325d901ab68450a17d5c5b925593,,gx-no-cache=1522093015267 HTTP/1.1" 200 7314
192.168.10.96 - - [26/Mar/2018:16:39:51 -0300] "POST /cormun/servlet/trsolicitudgral?0a48325d901ab68450a17d5c5b925593,,gx-no-cache=1522093023011 HTTP/1.1" 200 7315
192.168.10.96 - - [26/Mar/2018:16:39:51 -0300] "POST /cormun/servlet/trsolicitudgral?0a48325d901ab68450a17d5c5b925593,,gx-no-cache=1522093023195 HTTP/1.1" 200 7316
192.168.10.96 - - [26/Mar/2018:16:39:52 -0300] "POST /cormun/servlet/trsolicitudgral?0a48325d901ab68450a17d5c5b925593,,gx-no-cache=1522093023398 HTTP/1.1" 200 7315
192.168.10.96 - - [26/Mar/2018:16:39:52 -0300] "POST /cormun/servlet/trsolicitudgral?0a48325d901ab68450a17d5c5b925593,,gx-no-cache=1522093023604 HTTP/1.1" 200 7315
186.103.159.182 - - [26/Mar/2018:16:41:54 -0300] "GET /cormun/servlet/hlogin HTTP/1.1" 200 1720
192.168.10.96 - - [26/Mar/2018:16:41:57 -0300] "POST /cormun/servlet/trsolicitudgral?0a48325d901ab68450a17d5c5b925593,,gx-no-cache=1522093149186 HTTP/1.1" 200 7299
186.103.159.182 - - [26/Mar/2018:16:42:19 -0300] "GET /cormun/servlet/hlogin HTTP/1.1" 200 1720
192.168.10.96 - - [26/Mar/2018:16:42:28 -0300] "POST /cormun/servlet/trsolicitudgral?0a48325d901ab68450a17d5c5b925593,,gx-no-cache=1522093180145 HTTP/1.1" 200 7658
186.103.159.182 - - [26/Mar/2018:16:42:33 -0300] "POST /cormun/servlet/hlogin?df63c697f4b97a32a971f0f7afc2de31,gx-no-cache=1522093300274 HTTP/1.1" 200 432
186.103.159.182 - - [26/Mar/2018:16:42:39 -0300] "POST /cormun/servlet/hlogin?df63c697f4b97a32a971f0f7afc2de31,gx-no-cache=1522093306601 HTTP/1.1" 200 432
186.103.159.182 - - [26/Mar/2018:16:42:46 -0300] "POST /cormun/servlet/hlogin?df63c697f4b97a32a971f0f7afc2de31,gx-no-cache=1522093313680 HTTP/1.1" 200 90
186.103.159.182 - - [26/Mar/2018:16:42:46 -0300] "GET /cormun/servlet/hpexe_link HTTP/1.1" 200 957
186.103.159.182 - - [26/Mar/2018:16:42:47 -0300] "GET /cormun/servlet/solicitudot?INS,0,0, HTTP/1.1" 200 13696
186.103.159.182 - - [26/Mar/2018:16:42:48 -0300] "GET /cormun/servlet/solicitudot?INS,0,0, HTTP/1.1" 200 13700
186.103.159.182 - - [26/Mar/2018:16:43:03 -0300] "GET /cormun/servlet/prfichaempleado?,MD,,gxPopupLevel%3D0%3B HTTP/1.1" 200 9422
186.103.159.182 - - [26/Mar/2018:16:43:11 -0300] "POST /cormun/servlet/prfichaempleado?df63c697f4b97a32a971f0f7afc2de31,,MD,,gxPopupLevel%3D0%3B,gx-no-cache=1522093338965 HTTP/1.1" 200 3476
186.103.159.187 - - [26/Mar/2018:16:43:14 -0300] "GET /cormun/servlet/hhome HTTP/1.1" 200 3397
186.103.159.182 - - [26/Mar/2018:16:43:14 -0300] "POST /cormun/servlet/solicitudot?gx-no-cache=1522093342218 HTTP/1.1" 200 3403
186.103.159.182 - - [26/Mar/2018:16:43:15 -0300] "POST /cormun/servlet/solicitudot?df63c697f4b97a32a971f0f7afc2de31,INS,0,0,,gx-no-cache=1522093342353 HTTP/1.1" 200 10571
186.103.159.187 - - [26/Mar/2018:16:43:16 -0300] "GET /cormun/servlet/hhome HTTP/1.1" 200 3406
186.103.159.187 - - [26/Mar/2018:16:43:16 -0300] "GET /cormun/servlet/hlogin HTTP/1.1" 200 1732
186.103.159.182 - - [26/Mar/2018:16:43:17 -0300] "GET /cormun/servlet/solicitudot?2ba41c90cca088944a4c5c7120527ff155f35a76741aea635d9cbe083ab5f4c039d38bc99103f504f02ec753f1514405,gx-no-cache=1522093345240 HTTP/1.1" 200 30
186.103.159.187 - - [26/Mar/2018:16:43:24 -0300] "POST /cormun/servlet/hlogin?8633ce3726586ce70c8671f031fcce0d,gx-no-cache=1522097041071 HTTP/1.1" 200 90
186.103.159.187 - - [26/Mar/2018:16:43:24 -0300] "GET /cormun/servlet/hpexe_link HTTP/1.1" 200 951
186.103.159.187 - - [26/Mar/2018:16:43:24 -0300] "GET /cormun/servlet/hhome HTTP/1.1" 200 3930
186.103.159.187 - - [26/Mar/2018:16:43:25 -0300] "GET /cormun/servlet/hhome HTTP/1.1" 200 3927
186.103.159.187 - - [26/Mar/2018:16:43:28 -0300] "GET /cormun/servlet/trlicencias? HTTP/1.1" 200 9036
186.103.159.187 - - [26/Mar/2018:16:43:29 -0300] "GET /cormun/servlet/trlicencias? HTTP/1.1" 200 9034
186.103.159.187 - - [26/Mar/2018:16:43:32 -0300] "GET /cormun/servlet/licenciaspermisos?INS,0,,, HTTP/1.1" 200 7456
192.168.10.96 - - [26/Mar/2018:16:43:32 -0300] "POST /cormun/servlet/trsolicitudgral?0a48325d901ab68450a17d5c5b925593,,gx-no-cache=1522093243954 HTTP/1.1" 200 7328
186.103.159.187 - - [26/Mar/2018:16:43:33 -0300] "GET /cormun/servlet/licenciaspermisos?INS,0,,, HTTP/1.1" 200 7456
186.103.159.187 - - [26/Mar/2018:16:43:47 -0300] "GET /cormun/servlet/prfichaempleado?,MD,,gxPopupLevel%3D0%3B HTTP/1.1" 200 9275
186.103.159.187 - - [26/Mar/2018:16:43:55 -0300] "GET /cormun/servlet/licenciaspermisos?ec600db4074703634dc853b97f39b836dc5379af1155418602ed175c609d28f5c391e1e471f93342de946653a5c206a9,gx-no-cache=1522097072803 HTTP/1.1" 200 87
186.103.159.187 - - [26/Mar/2018:16:43:55 -0300] "POST /cormun/servlet/licenciaspermisos?8633ce3726586ce70c8671f031fcce0d,INS,0,,,,gx-no-cache=1522097072863 HTTP/1.1" 200 4678
192.168.10.62 - - [26/Mar/2018:16:44:04 -0300] "GET /cormun/servlet/hlogin HTTP/1.1" 200 1741
186.103.159.182 - - [26/Mar/2018:16:44:08 -0300] "POST /cormun/servlet/solicitudot?df63c697f4b97a32a971f0f7afc2de31,INS,0,0,,gx-no-cache=1522093395250 HTTP/1.1" 200 10695
186.103.159.182 - - [26/Mar/2018:16:44:08 -0300] "GET /cormun/static/Shared/jqueryui/images/ui-bg_highlight-soft_100_c6c2c8_1x100.png HTTP/1.1" 404 1117
186.103.159.182 - - [26/Mar/2018:16:44:08 -0300] "GET /cormun/static/Shared/jqueryui/images/ui-icons_82798d_256x240.png HTTP/1.1" 404 1089
186.103.159.182 - - [26/Mar/2018:16:44:08 -0300] "GET /cormun/static/Shared/jqueryui/images/ui-bg_flat_55_fafafa_40x100.png HTTP/1.1" 404 1097
186.103.159.182 - - [26/Mar/2018:16:44:08 -0300] "GET /cormun/static/Shared/jqueryui/images/ui-icons_8d78a5_256x240.png HTTP/1.1" 404 1089
186.103.159.187 - - [26/Mar/2018:16:44:10 -0300] "GET /cormun/static/menuarrow.gif HTTP/1.1" 404 1015
192.168.10.96 - - [26/Mar/2018:16:44:14 -0300] "POST /cormun/servlet/trsolicitudgral?0a48325d901ab68450a17d5c5b925593,,gx-no-cache=1522093286002 HTTP/1.1" 200 5953
186.103.159.182 - - [26/Mar/2018:16:44:25 -0300] "GET /cormun/servlet/solicitudot?2ba41c90cca088944a4c5c7120527ff155f35a76741aea635d9cbe083ab5f4c0860a5eca398ee6c54357472807769a5e,gx-no-cache=1522093413158 HTTP/1.1" 200 30
186.103.159.182 - - [26/Mar/2018:16:44:25 -0300] "GET /cormun/servlet/solicitudot?2ba41c90cca088944a4c5c7120527ff1d89d5ae13c8d42ee8857f8f08694b760eec9e8b7bd99a0b91ce060fe3daafe4f808abf107b935672d745ca9f63d385ba,gx-no-cache=1522093413190 HTTP/1.1" 200 30
186.103.159.182 - - [26/Mar/2018:16:44:25 -0300] "GET /cormun/servlet/solicitudot?2ba41c90cca088944a4c5c7120527ff1413b1075fd51ce545161406e61ca872a,gx-no-cache=1522093413219 HTTP/1.1" 200 123
186.103.159.182 - - [26/Mar/2018:16:44:25 -0300] "GET /cormun/static/Shared/jqueryui/images/ui-icons_ebccce_256x240.png HTTP/1.1" 404 1089
186.103.159.182 - - [26/Mar/2018:16:44:25 -0300] "GET /cormun/static/Shared/jqueryui/images/ui-bg_flat_55_994d53_40x100.png HTTP/1.1" 404 1097
186.103.159.182 - - [26/Mar/2018:16:44:25 -0300] "POST /cormun/servlet/solicitudot?gx-no-cache=1522093413256 HTTP/1.1" 200 297
186.103.159.182 - - [26/Mar/2018:16:44:26 -0300] "GET /cormun/servlet/solicitudot?2ba41c90cca088944a4c5c7120527ff16d776505e7e77a112693dc7d57ee610314b3a27d04eab7562d958c08dcfd01f08a6234fa64d85cded38b9bcd76e84d9b6ed685da7060152d49a8086e18d8ba7c30f32447a10cd7e54c068ad9249ddefc8c915e0f0201668fbdbdcf2a76a1f09941fb16c075c94de311b45d4b11fbe7d546182c07b5c706e016429a6b631aee7da14247637f78148b6645f8cf22b53ee7ea6c104c529b5c2b9158251c9de660c74f571f1a13442455a600d9c08af0211455657aed5409ab26abdaa6b9bb949ce699d2f87d68f4cc5a8164103b3f44494501449a0492c3bc534cdd5eeb025b9b2302ceacd4649cb506a07e2380220cae054c0881b7b897f85951f83b7c043d967cd1ba1c82cef0951b3080ab84a4053b1686d4b872641794fd91dcd66e29ac2d3d4d2eda1400635e4ec01fd5c989f1ed2df535909dfb9bf612d7ae2a3e104a651d8baa760094abd3f56226704bce832dd1acd405565443e0c3a4eb6aaab461b72ef99a6377bfd067487b4355e1ed79e15b80ac5c249535f8445112d300c22a50e6,gx-no-cache=1522093413303 HTTP/1.1" 200 30
192.168.10.96 - - [26/Mar/2018:16:44:34 -0300] "POST /cormun/servlet/trsolicitudgral?0a48325d901ab68450a17d5c5b925593,,gx-no-cache=1522093305377 HTTP/1.1" 200 7904
186.103.159.182 - - [26/Mar/2018:16:44:38 -0300] "POST /cormun/servlet/solicitudot?gx-no-cache=1522093425736 HTTP/1.1" 200 30
186.103.156.24 - - [26/Mar/2018:16:44:51 -0300] "GET /cormun/servlet/hlogin HTTP/1.1" 200 1720
186.103.159.182 - - [26/Mar/2018:16:44:52 -0300] "POST /cormun/servlet/solicitudot?gx-no-cache=1522093440192 HTTP/1.1" 200 1336
186.103.159.182 - - [26/Mar/2018:16:44:52 -0300] "POST /cormun/servlet/solicitudot?gx-no-cache=1522093440255 HTTP/1.1" 200 38
186.103.159.182 - - [26/Mar/2018:16:44:59 -0300] "GET /cormun/servlet/solicitudot?2ba41c90cca088944a4c5c7120527ff1df4136e3bdf28a1886d1c5071a5cce281dab79c1a214913bafe3e4f62ccb46d2b7611ab5fe2838a93aa6b72c484fadb798c9f72b60aed5bb0ec24aab87b5c02a82577206e3d4c9cb1336eb55700e4b182567ab581dcae78fb5a756f8afabcf42,gx-no-cache=1522093447267 HTTP/1.1" 200 29
186.103.159.182 - - [26/Mar/2018:16:44:59 -0300] "POST /cormun/servlet/solicitudot?gx-no-cache=1522093447316 HTTP/1.1" 200 1319
186.103.159.182 - - [26/Mar/2018:16:44:59 -0300] "POST /cormun/servlet/solicitudot?gx-no-cache=1522093447364 HTTP/1.1" 200 1218
186.103.156.24 - - [26/Mar/2018:16:45:02 -0300] "POST /cormun/servlet/hlogin?245e92caa0565632b200840fc199defe,gx-no-cache=1522093452152 HTTP/1.1" 200 90
186.103.156.24 - - [26/Mar/2018:16:45:02 -0300] "GET /cormun/servlet/hpexe_link HTTP/1.1" 200 952
186.103.156.24 - - [26/Mar/2018:16:45:02 -0300] "GET /cormun/servlet/hhome HTTP/1.1" 200 4229
186.103.156.24 - - [26/Mar/2018:16:45:03 -0300] "GET /cormun/servlet/hhome HTTP/1.1" 200 4226
186.103.156.24 - - [26/Mar/2018:16:45:09 -0300] "GET /cormun/servlet/trlicencias? HTTP/1.1" 200 10472
186.103.156.24 - - [26/Mar/2018:16:45:10 -0300] "GET /cormun/servlet/trlicencias? HTTP/1.1" 200 10470
192.168.10.96 - - [26/Mar/2018:16:45:11 -0300] "POST /cormun/servlet/trsolicitudgral?0a48325d901ab68450a17d5c5b925593,,gx-no-cache=1522093342450 HTTP/1.1" 200 7347
186.103.156.24 - - [26/Mar/2018:16:45:14 -0300] "GET /cormun/servlet/licenciaspermisos?INS,0,,, HTTP/1.1" 200 7760
186.103.156.24 - - [26/Mar/2018:16:45:14 -0300] "GET /cormun/servlet/licenciaspermisos?INS,0,,, HTTP/1.1" 200 7768
186.103.159.182 - - [26/Mar/2018:16:45:16 -0300] "GET /cormun/servlet/prbanco?,MD,,gxPopupLevel%3D0%3B HTTP/1.1" 200 6707
186.103.159.182 - - [26/Mar/2018:16:45:16 -0300] "GET /cormun/static/gxcfg.js?20181161016094 HTTP/1.1" 304 -
190.100.93.40 - - [26/Mar/2018:16:45:31 -0300] "GET /cormun/servlet/hlogin HTTP/1.1" 200 1715
186.103.159.182 - - [26/Mar/2018:16:45:36 -0300] "GET /cormun/servlet/solicitudot?2ba41c90cca088944a4c5c7120527ff1d5ebd74c9be9a293f6cb9cd92286529b,gx-no-cache=1522093483712 HTTP/1.1" 200 51
186.103.159.182 - - [26/Mar/2018:16:45:36 -0300] "POST /cormun/servlet/solicitudot?gx-no-cache=1522093483748 HTTP/1.1" 200 297
186.103.159.182 - - [26/Mar/2018:16:45:36 -0300] "GET /cormun/servlet/solicitudot?2ba41c90cca088944a4c5c7120527ff16d776505e7e77a112693dc7d57ee610314b3a27d04eab7562d958c08dcfd01f08a6234fa64d85cded38b9bcd76e84d9b6ed685da7060152d49a8086e18d8ba7c30f32447a10cd7e54c068ad9249ddefc8c915e0f0201668fbdbdcf2a76a1f09941fb16c075c94de311b45d4b11fbe7d546182c07b5c706e016429a6b631aee7da14247637f78148b6645f8cf22b53ee7ea6c104c529b5c2b9158251c9de660c74f571f1a13442455a600d9c08af0211455657aed5409ab26abdaa6b9bb949ce699d2f87d68f4cc5a8164103b3f44494501449a0492c3bc534cdd5eeb025b9b2302ceacd4649cb506a07e2380220cae054c0881b7b897f85951f83b7c043d967cd1ba1c82cef0951b3080ab84a4053b1686d4b872641794fd91dcd66e29ac2d3d4d2eda1400635e4ec01fd5c989f1ed2df535909dfb9bf612d7ae2a3e104a651d8baa760094abd3f56226704bce832dd1acd405565443e0c3a4eb6aaab461b72ed5cf29f2cb4635b89b36bfd545a7b5a880ac5c249535f8445112d300c22a50e6,gx-no-cache=1522093483808 HTTP/1.1" 200 30
186.103.159.182 - - [26/Mar/2018:16:45:36 -0300] "POST /cormun/servlet/solicitudot?gx-no-cache=1522093484171 HTTP/1.1" 200 30
186.103.159.182 - - [26/Mar/2018:16:45:36 -0300] "POST /cormun/servlet/solicitudot?gx-no-cache=1522093484211 HTTP/1.1" 200 1336
186.103.159.182 - - [26/Mar/2018:16:45:36 -0300] "POST /cormun/servlet/solicitudot?gx-no-cache=1522093484280 HTTP/1.1" 200 38
186.103.159.182 - - [26/Mar/2018:16:45:36 -0300] "POST /cormun/servlet/solicitudot?gx-no-cache=1522093484309 HTTP/1.1" 200 1319
186.103.159.182 - - [26/Mar/2018:16:45:36 -0300] "POST /cormun/servlet/solicitudot?gx-no-cache=1522093484368 HTTP/1.1" 200 1218
186.103.159.182 - - [26/Mar/2018:16:45:36 -0300] "GET /cormun/static/menuarrow.gif HTTP/1.1" 404 1015
186.103.156.24 - - [26/Mar/2018:16:45:37 -0300] "GET /cormun/servlet/licenciaspermisos?786c721519945c4cae7d7bd3adf4dc66128c4ec2d55623db905ea9cf6ab5220808f057fbcd756b1bd26f926db9f6da02,gx-no-cache=1522093487627 HTTP/1.1" 200 97
186.103.156.24 - - [26/Mar/2018:16:45:38 -0300] "POST /cormun/servlet/licenciaspermisos?245e92caa0565632b200840fc199defe,INS,0,,,,gx-no-cache=1522093487675 HTTP/1.1" 200 4896
186.103.159.182 - - [26/Mar/2018:16:45:39 -0300] "POST /cormun/servlet/solicitudot?gx-no-cache=1522093486454 HTTP/1.1" 200 297
186.103.159.182 - - [26/Mar/2018:16:45:39 -0300] "GET /cormun/servlet/solicitudot?2ba41c90cca088944a4c5c7120527ff16d776505e7e77a112693dc7d57ee610314b3a27d04eab7562d958c08dcfd01f08a6234fa64d85cded38b9bcd76e84d9b6ed685da7060152d49a8086e18d8ba7c30f32447a10cd7e54c068ad9249ddefc8c915e0f0201668fbdbdcf2a76a1f09941fb16c075c94de311b45d4b11fbe7d546182c07b5c706e016429a6b631aee7da14247637f78148b6645f8cf22b53ee7ea6c104c529b5c2b9158251c9de660c74f571f1a13442455a600d9c08af0211455657aed5409ab26abdaa6b9bb949ce699d2f87d68f4cc5a8164103b3f44494501449a0492c3bc534cdd5eeb025b9b2302ceacd4649cb506a07e2380220cae054c0881b7b897f85951f83b7c043d967cd1ba1c82cef0951b3080ab84a4053b1686d4b872641794fd91dcd66e29ac2d3d4d2eda1400635e4ec01fd5c989f1ed2df535909dfb9bf612d7ae2a3e104a651d8baa760094abd3f56226704bce832dd1acd405565443e0c3a4eb6aaab461b72ed5cf29f2cb4635b89b36bfd545a7b5a880ac5c249535f8445112d300c22a50e6,gx-no-cache=1522093486493 HTTP/1.1" 200 30
186.103.159.182 - - [26/Mar/2018:16:45:39 -0300] "POST /cormun/servlet/solicitudot?gx-no-cache=1522093486555 HTTP/1.1" 200 30
186.103.159.182 - - [26/Mar/2018:16:45:39 -0300] "POST /cormun/servlet/solicitudot?gx-no-cache=1522093486587 HTTP/1.1" 200 1336
186.103.159.182 - - [26/Mar/2018:16:45:39 -0300] "POST /cormun/servlet/solicitudot?gx-no-cache=1522093486645 HTTP/1.1" 200 38
186.103.159.182 - - [26/Mar/2018:16:45:39 -0300] "POST /cormun/servlet/solicitudot?gx-no-cache=1522093486678 HTTP/1.1" 200 1319
186.103.159.182 - - [26/Mar/2018:16:45:39 -0300] "POST /cormun/servlet/solicitudot?gx-no-cache=1522093486747 HTTP/1.1" 200 1218
186.103.159.182 - - [26/Mar/2018:16:45:41 -0300] "GET /cormun/servlet/solicitudot?2ba41c90cca088944a4c5c7120527ff1b32f6cac45022afd85bca569b813d92bb2dc92c4ad7db39198cee05ee503d513,gx-no-cache=1522093488527 HTTP/1.1" 200 30
190.100.93.40 - - [26/Mar/2018:16:45:47 -0300] "POST /cormun/servlet/hlogin?6ad3516d3e3fcaaeab2468453cb8e786,gx-no-cache=1522093494629 HTTP/1.1" 200 90
190.100.93.40 - - [26/Mar/2018:16:45:47 -0300] "GET /cormun/servlet/hpexe_link HTTP/1.1" 200 946
190.100.93.40 - - [26/Mar/2018:16:45:47 -0300] "GET /cormun/servlet/hhome HTTP/1.1" 200 4334
190.100.93.40 - - [26/Mar/2018:16:45:47 -0300] "GET /cormun/servlet/hhome HTTP/1.1" 200 4330
190.100.93.40 - - [26/Mar/2018:16:45:49 -0300] "GET /cormun/servlet/trsolicitudot? HTTP/1.1" 200 7549
190.100.93.40 - - [26/Mar/2018:16:45:50 -0300] "GET /cormun/servlet/trsolicitudot? HTTP/1.1" 200 7547
190.100.93.40 - - [26/Mar/2018:16:45:52 -0300] "GET /cormun/servlet/solicitudot?INS,0,0, HTTP/1.1" 200 13788
190.100.93.40 - - [26/Mar/2018:16:45:52 -0300] "GET /cormun/servlet/solicitudot?INS,0,0, HTTP/1.1" 200 13794
186.103.159.187 - - [26/Mar/2018:16:45:56 -0300] "GET /cormun/servlet/licenciaspermisos?ec600db4074703634dc853b97f39b836ad29f7401b1206dea36cb4e599d5861b9672ee0593ad61fce1ad4b8590e7c2218ea5aaa972ac53ec5799852ae513a61ac8e7982fbb3e8a944c7cabe2d2c7138bbcf7fa2b81573ba6c21204875f82a554746f8ea25b91598353569c179bdac98a890db10ffdce4f10d2c4e3399ed39c8cabae722d58aae8bb2a016431056beb445dbd389f9b9c3d9fa1c3080b780b695a189ec6eac994f00eae716653a39c9d4c,gx-no-cache=1522097193745 HTTP/1.1" 200 30
186.103.159.187 - - [26/Mar/2018:16:45:56 -0300] "GET /cormun/servlet/licenciaspermisos?ec600db4074703634dc853b97f39b8362d8b3d6756f0144bca3e6f0bd0e8aa2d3328ba7195b6ef4375a8d2accc22726e54c3de17a99f52e0b741511b84e6a301aa723619855a68548bbf4fbee7e5ff9da36ea9830ad2c12990efdf1300816ffbbf5316b4a7b8f12350a97d0e23e9157d7fe30244da67068fd1cf9ff132d016dcd1ce6ea9f06ca3dfe0a03b1b0a7acbe7a3360eb0f7fdc24aafb44059167a323fb6d4cbdf190fa5da7be7e12c852c7abb,gx-no-cache=1522097193863 HTTP/1.1" 200 29
186.103.159.187 - - [26/Mar/2018:16:45:57 -0300] "POST /cormun/servlet/licenciaspermisos?8633ce3726586ce70c8671f031fcce0d,INS,0,,,,gx-no-cache=1522097193919 HTTP/1.1" 200 4856
186.103.159.187 - - [26/Mar/2018:16:45:57 -0300] "GET /cormun/static/Shared/jqueryui/images/ui-bg_highlight-soft_100_c6c2c8_1x100.png HTTP/1.1" 404 1117
186.103.159.187 - - [26/Mar/2018:16:45:57 -0300] "GET /cormun/static/Shared/jqueryui/images/ui-icons_82798d_256x240.png HTTP/1.1" 404 1089
186.103.159.187 - - [26/Mar/2018:16:45:57 -0300] "GET /cormun/static/Shared/jqueryui/images/ui-bg_flat_55_994d53_40x100.png HTTP/1.1" 404 1097
186.103.159.187 - - [26/Mar/2018:16:45:57 -0300] "GET /cormun/static/Shared/jqueryui/images/ui-icons_ebccce_256x240.png HTTP/1.1" 404 1089
186.103.156.24 - - [26/Mar/2018:16:46:00 -0300] "GET /cormun/static/menuarrow.gif HTTP/1.1" 404 1015
190.100.93.40 - - [26/Mar/2018:16:46:01 -0300] "POST /cormun/servlet/solicitudot?gx-no-cache=1522093508479 HTTP/1.1" 200 3395
190.100.93.40 - - [26/Mar/2018:16:46:02 -0300] "POST /cormun/servlet/solicitudot?6ad3516d3e3fcaaeab2468453cb8e786,INS,0,0,,gx-no-cache=1522093509309 HTTP/1.1" 200 10564
190.100.93.40 - - [26/Mar/2018:16:46:02 -0300] "GET /cormun/servlet/solicitudot?134e03ef03dad04783ec5034633f32ca89fe0856407ac7cee39b903d60753882500f4e30bd884b47e0265d41acdac0da,gx-no-cache=1522093510101 HTTP/1.1" 200 30
192.168.10.96 - - [26/Mar/2018:16:46:05 -0300] "POST /cormun/servlet/trsolicitudgral?0a48325d901ab68450a17d5c5b925593,,gx-no-cache=1522093396537 HTTP/1.1" 200 7357
190.100.93.40 - - [26/Mar/2018:16:46:07 -0300] "GET /cormun/servlet/trsolicitudot? HTTP/1.1" 200 7548
190.100.93.40 - - [26/Mar/2018:16:46:08 -0300] "GET /cormun/servlet/trsolicitudot? HTTP/1.1" 200 7547
186.103.159.182 - - [26/Mar/2018:16:46:08 -0300] "POST /cormun/servlet/solicitudot?gx-no-cache=1522093516112 HTTP/1.1" 200 30
186.103.159.182 - - [26/Mar/2018:16:46:09 -0300] "POST /cormun/servlet/solicitudot?df63c697f4b97a32a971f0f7afc2de31,INS,0,0,,gx-no-cache=1522093516173 HTTP/1.1" 200 93
186.103.159.182 - - [26/Mar/2018:16:46:09 -0300] "GET /cormun/servlet/hpexe_return? HTTP/1.1" 200 1002
186.103.159.182 - - [26/Mar/2018:16:46:09 -0300] "GET /cormun/servlet/trsolicitudot HTTP/1.1" 200 7471
186.103.159.182 - - [26/Mar/2018:16:46:10 -0300] "GET /cormun/servlet/trsolicitudot HTTP/1.1" 200 7467
186.103.159.182 - - [26/Mar/2018:16:46:21 -0300] "POST /cormun/servlet/trsolicitudot?df63c697f4b97a32a971f0f7afc2de31,gx-no-cache=1522093529155 HTTP/1.1" 200 5823
186.103.159.182 - - [26/Mar/2018:16:46:26 -0300] "POST /cormun/servlet/trsolicitudot?df63c697f4b97a32a971f0f7afc2de31,gx-no-cache=1522093533652 HTTP/1.1" 200 107
186.103.159.182 - - [26/Mar/2018:16:46:26 -0300] "GET /cormun/servlet/trsolicitudadjuntos?2018,10855, HTTP/1.1" 200 6350
190.100.93.40 - - [26/Mar/2018:16:46:27 -0300] "GET /cormun/servlet/trcontratosolicitud? HTTP/1.1" 200 14997
186.103.159.182 - - [26/Mar/2018:16:46:27 -0300] "GET /cormun/static/gxcfg.js?20177612135366 HTTP/1.1" 304 -
186.103.159.182 - - [26/Mar/2018:16:46:27 -0300] "GET /cormun/servlet/trsolicitudadjuntos?2018,10855, HTTP/1.1" 200 6349
190.100.93.40 - - [26/Mar/2018:16:46:27 -0300] "GET /cormun/servlet/trcontratosolicitud? HTTP/1.1" 200 15037
186.103.159.182 - - [26/Mar/2018:16:46:31 -0300] "GET /cormun/servlet/solicitudotadjuntos?INS,2018,10855,,1, HTTP/1.1" 200 6297
186.103.159.182 - - [26/Mar/2018:16:46:31 -0300] "GET /cormun/static/gxcfg.js?2017761244068 HTTP/1.1" 304 -
186.103.159.182 - - [26/Mar/2018:16:46:31 -0300] "GET /cormun/static/about:blank HTTP/1.1" 404 1011
186.103.159.182 - - [26/Mar/2018:16:46:31 -0300] "GET /cormun/servlet/solicitudotadjuntos?INS,2018,10855,,1, HTTP/1.1" 200 6290
186.103.159.182 - - [26/Mar/2018:16:46:32 -0300] "GET /cormun/servlet/solicitudotadjuntos?2ba41c90cca088944a4c5c7120527ff1ab3c9f989e15ae34e035dd88085e1b1384c36b5e4a26ca682be2d28e30743c08,gx-no-cache=1522093539677 HTTP/1.1" 200 30
186.103.159.182 - - [26/Mar/2018:16:46:33 -0300] "POST /cormun/servlet/solicitudotadjuntos?df63c697f4b97a32a971f0f7afc2de31,INS,2018,10855,,1,,gx-no-cache=1522093540118 HTTP/1.1" 200 3978
186.103.159.182 - - [26/Mar/2018:16:46:37 -0300] "POST /cormun/servlet/solicitudotadjuntos?gx-no-cache=1522093544560 HTTP/1.1" 200 26
190.100.93.40 - - [26/Mar/2018:16:46:42 -0300] "POST /cormun/servlet/trcontratosolicitud?6ad3516d3e3fcaaeab2468453cb8e786,,gx-no-cache=1522093549466 HTTP/1.1" 200 12560
192.168.10.96 - - [26/Mar/2018:16:46:44 -0300] "POST /cormun/servlet/trsolicitudgral?0a48325d901ab68450a17d5c5b925593,,gx-no-cache=1522093436089 HTTP/1.1" 200 5954
192.168.10.96 - - [26/Mar/2018:16:46:50 -0300] "POST /cormun/servlet/trsolicitudgral?0a48325d901ab68450a17d5c5b925593,,gx-no-cache=1522093441537 HTTP/1.1" 200 7337
186.103.159.187 - - [26/Mar/2018:16:47:05 -0300] "GET /cormun/servlet/licenciaspermisos?ec600db4074703634dc853b97f39b836ad29f7401b1206dea36cb4e599d5861b9672ee0593ad61fce1ad4b8590e7c2218ea5aaa972ac53ec5799852ae513a61ac8e7982fbb3e8a944c7cabe2d2c7138bbcf7fa2b81573ba6c21204875f82a5545610eebd7bd3376adbc77fd614bca2c1890db10ffdce4f10d2c4e3399ed39c8c47d247bba2b3492870a488bf5060b59fadfb8880edd8ece82cd236659501220410ad74ff56e86b69b702eda2b974c43e6a426e90d7d00de48314195090bd684edf55aec496d72ba7398ffbc741b9ab40cf9ee97784b3b4f378a40443adf8f9d3,gx-no-cache=1522097262188 HTTP/1.1" 200 30
186.103.159.187 - - [26/Mar/2018:16:47:05 -0300] "GET /cormun/servlet/licenciaspermisos?ec600db4074703634dc853b97f39b8362d8b3d6756f0144bca3e6f0bd0e8aa2d3328ba7195b6ef4375a8d2accc22726e54c3de17a99f52e0b741511b84e6a301aa723619855a68548bbf4fbee7e5ff9da36ea9830ad2c12990efdf1300816ffb3dce239aba1a9964cd2fbb0ca665c2d97fe30244da67068fd1cf9ff132d016dcbcfae333fc12842f52859d504b4308dfeedfbbe372cb752a24ebb021a685a01d7e715c9fd77248a89342ed478853fcec686f8707dc71552c6dbf1e1ce96d5987bcf9b7bc79bed095a27e97c32852bca597b5bb1aa9ff854183dad0555ea8e7a4,gx-no-cache=1522097262278 HTTP/1.1" 200 29
