186.103.158.250 - - [26/Mar/2018:15:51:32 -0300] "GET /cormun/static/gxdec.js?85251 HTTP/1.1" 304 -
186.103.158.250 - - [26/Mar/2018:15:51:32 -0300] "GET /cormun/static/trautorizarsolicitud.js?201711142340425 HTTP/1.1" 304 -
186.103.158.250 - - [26/Mar/2018:15:51:34 -0300] "GET /cormun/servlet/trautorizarsolicitud? HTTP/1.1" 200 7305
186.79.189.240 - - [26/Mar/2018:15:51:37 -0300] "POST /cormun/servlet/trautorizarsolicitud?b42fa95049beb27545aaf153f91a5780,,gx-no-cache=1522090239392 HTTP/1.1" 200 23421
186.79.189.240 - - [26/Mar/2018:15:51:48 -0300] "POST /cormun/servlet/trautorizarsolicitud?b42fa95049beb27545aaf153f91a5780,,gx-no-cache=1522090249984 HTTP/1.1" 200 23422
186.103.158.250 - - [26/Mar/2018:15:51:52 -0300] "POST /cormun/servlet/trautorizarsolicitud?06dc2a922c07b055891896463a4f6c2f,,gx-no-cache=1522090260215 HTTP/1.1" 200 4391
186.103.158.250 - - [26/Mar/2018:15:51:53 -0300] "POST /cormun/servlet/trautorizarsolicitud?06dc2a922c07b055891896463a4f6c2f,,gx-no-cache=1522090261355 HTTP/1.1" 200 4391
186.79.189.240 - - [26/Mar/2018:15:51:55 -0300] "POST /cormun/servlet/trautorizarsolicitud?b42fa95049beb27545aaf153f91a5780,,gx-no-cache=1522090257538 HTTP/1.1" 200 23421
186.103.158.250 - - [26/Mar/2018:15:51:59 -0300] "GET /cormun/servlet/trsolicitudot? HTTP/1.1" 200 7407
186.103.158.250 - - [26/Mar/2018:15:51:59 -0300] "GET /cormun/static/gxcfg.js?2017111422585916 HTTP/1.1" 304 -
186.103.158.250 - - [26/Mar/2018:15:52:00 -0300] "GET /cormun/static/trsolicitudot.js?201711142259839 HTTP/1.1" 304 -
186.103.158.250 - - [26/Mar/2018:15:52:01 -0300] "GET /cormun/servlet/trsolicitudot? HTTP/1.1" 200 7406
186.103.158.250 - - [26/Mar/2018:15:52:04 -0300] "POST /cormun/servlet/trsolicitudot?06dc2a922c07b055891896463a4f6c2f,,gx-no-cache=1522090272203 HTTP/1.1" 200 4467
186.79.189.240 - - [26/Mar/2018:15:52:06 -0300] "POST /cormun/servlet/trautorizarsolicitud?b42fa95049beb27545aaf153f91a5780,,gx-no-cache=1522090267882 HTTP/1.1" 200 23421
186.103.158.250 - - [26/Mar/2018:15:52:07 -0300] "GET /cormun/servlet/trsolicitudot? HTTP/1.1" 200 7406
186.103.158.250 - - [26/Mar/2018:15:52:09 -0300] "GET /cormun/servlet/trsolicitudot? HTTP/1.1" 200 7406
186.103.158.250 - - [26/Mar/2018:15:52:13 -0300] "GET /cormun/servlet/trvisualizadoreventos? HTTP/1.1" 200 6955
186.103.158.250 - - [26/Mar/2018:15:52:13 -0300] "GET /cormun/static/gxcfg.js?20175251251426 HTTP/1.1" 304 -
186.103.158.250 - - [26/Mar/2018:15:52:13 -0300] "GET /cormun/static/trvisualizadoreventos.js?20175251251768 HTTP/1.1" 304 -
186.103.158.250 - - [26/Mar/2018:15:52:15 -0300] "GET /cormun/servlet/trvisualizadoreventos? HTTP/1.1" 200 6954
186.103.158.250 - - [26/Mar/2018:15:52:18 -0300] "POST /cormun/servlet/trvisualizadoreventos?06dc2a922c07b055891896463a4f6c2f,,gx-no-cache=1522090286011 HTTP/1.1" 200 4134
186.79.189.240 - - [26/Mar/2018:15:52:18 -0300] "POST /cormun/servlet/trautorizarsolicitud?b42fa95049beb27545aaf153f91a5780,,gx-no-cache=1522090280074 HTTP/1.1" 200 23422
186.103.158.250 - - [26/Mar/2018:15:52:19 -0300] "POST /cormun/servlet/trvisualizadoreventos?06dc2a922c07b055891896463a4f6c2f,,gx-no-cache=1522090287203 HTTP/1.1" 200 4134
186.103.158.250 - - [26/Mar/2018:15:52:27 -0300] "GET /cormun/servlet/trcontratounov2? HTTP/1.1" 200 17513
186.103.158.250 - - [26/Mar/2018:15:52:28 -0300] "GET /cormun/static/gxcfg.js?201752512124396 HTTP/1.1" 200 953
186.103.158.250 - - [26/Mar/2018:15:52:28 -0300] "GET /cormun/static/Resources/PXToolsAddSelectedAction.png HTTP/1.1" 200 3660
186.103.158.250 - - [26/Mar/2018:15:52:28 -0300] "GET /cormun/static/trcontratounov2.js?201752512125146 HTTP/1.1" 200 38486
186.103.158.250 - - [26/Mar/2018:15:52:30 -0300] "GET /cormun/servlet/trcontratounov2? HTTP/1.1" 200 17507
186.79.189.240 - - [26/Mar/2018:15:52:30 -0300] "POST /cormun/servlet/trautorizarsolicitud?b42fa95049beb27545aaf153f91a5780,,gx-no-cache=1522090291988 HTTP/1.1" 200 23422
200.54.247.70 - - [26/Mar/2018:15:52:32 -0300] "GET /cormun/servlet/hlogin HTTP/1.1" 200 1721
200.54.247.70 - - [26/Mar/2018:15:52:32 -0300] "GET /cormun/static/Resources/Spanish/PXTools.css?11423723 HTTP/1.1" 304 -
200.54.247.70 - - [26/Mar/2018:15:52:32 -0300] "GET /cormun/static/gxtimezone.js?85251 HTTP/1.1" 304 -
200.54.247.70 - - [26/Mar/2018:15:52:32 -0300] "GET /cormun/static/gxcfg.js?20175251213516 HTTP/1.1" 304 -
200.54.247.70 - - [26/Mar/2018:15:52:32 -0300] "GET /cormun/static/gxgral.js?85251 HTTP/1.1" 304 -
200.54.247.70 - - [26/Mar/2018:15:52:32 -0300] "GET /cormun/static/Resources/ComunLogin.png HTTP/1.1" 304 -
200.54.247.70 - - [26/Mar/2018:15:52:32 -0300] "GET /cormun/static/messages.spa.js?85251 HTTP/1.1" 304 -
200.54.247.70 - - [26/Mar/2018:15:52:32 -0300] "GET /cormun/static/hlogin.js?20175251213537 HTTP/1.1" 304 -
200.54.247.70 - - [26/Mar/2018:15:52:33 -0300] "GET /cormun/static/Resources/indicator.gif HTTP/1.1" 304 -
186.79.189.240 - - [26/Mar/2018:15:52:44 -0300] "POST /cormun/servlet/trautorizarsolicitud?b42fa95049beb27545aaf153f91a5780,,gx-no-cache=1522090305858 HTTP/1.1" 200 23422
186.103.158.250 - - [26/Mar/2018:15:52:45 -0300] "GET /cormun/servlet/trsolicitudot? HTTP/1.1" 200 7407
186.103.158.250 - - [26/Mar/2018:15:52:46 -0300] "GET /cormun/servlet/trsolicitudot? HTTP/1.1" 200 7406
186.103.158.250 - - [26/Mar/2018:15:52:49 -0300] "GET /cormun/servlet/solicitudot?INS,0,0, HTTP/1.1" 200 13639
186.103.158.250 - - [26/Mar/2018:15:52:49 -0300] "GET /cormun/static/gxcfg.js?201812313224582 HTTP/1.1" 304 -
186.103.158.250 - - [26/Mar/2018:15:52:49 -0300] "GET /cormun/static/solicitudot.js?201812313224831 HTTP/1.1" 304 -
186.103.158.250 - - [26/Mar/2018:15:52:51 -0300] "GET /cormun/servlet/solicitudot?INS,0,0, HTTP/1.1" 200 13644
186.79.189.240 - - [26/Mar/2018:15:52:54 -0300] "POST /cormun/servlet/trautorizarsolicitud?b42fa95049beb27545aaf153f91a5780,,gx-no-cache=1522090315934 HTTP/1.1" 200 23421
186.103.158.250 - - [26/Mar/2018:15:52:55 -0300] "GET /cormun/servlet/trsolicitudot? HTTP/1.1" 200 7407
186.103.158.250 - - [26/Mar/2018:15:52:56 -0300] "GET /cormun/servlet/trsolicitudot? HTTP/1.1" 200 7406
186.79.189.240 - - [26/Mar/2018:15:53:08 -0300] "POST /cormun/servlet/trautorizarsolicitud?b42fa95049beb27545aaf153f91a5780,,gx-no-cache=1522090330048 HTTP/1.1" 200 23422
186.79.189.240 - - [26/Mar/2018:15:53:18 -0300] "POST /cormun/servlet/trautorizarsolicitud?b42fa95049beb27545aaf153f91a5780,,gx-no-cache=1522090339940 HTTP/1.1" 200 23421
186.79.189.240 - - [26/Mar/2018:15:53:28 -0300] "POST /cormun/servlet/trautorizarsolicitud?b42fa95049beb27545aaf153f91a5780,,gx-no-cache=1522090349830 HTTP/1.1" 200 23423
186.79.189.240 - - [26/Mar/2018:15:53:37 -0300] "POST /cormun/servlet/trautorizarsolicitud?b42fa95049beb27545aaf153f91a5780,,gx-no-cache=1522090359270 HTTP/1.1" 200 23421
186.79.189.240 - - [26/Mar/2018:15:53:48 -0300] "POST /cormun/servlet/trautorizarsolicitud?b42fa95049beb27545aaf153f91a5780,,gx-no-cache=1522090369584 HTTP/1.1" 200 23422
186.79.189.240 - - [26/Mar/2018:15:53:57 -0300] "POST /cormun/servlet/trautorizarsolicitud?b42fa95049beb27545aaf153f91a5780,,gx-no-cache=1522090378990 HTTP/1.1" 200 23421
186.79.189.240 - - [26/Mar/2018:15:54:05 -0300] "POST /cormun/servlet/trautorizarsolicitud?b42fa95049beb27545aaf153f91a5780,,gx-no-cache=1522090387516 HTTP/1.1" 200 23421
200.54.247.70 - - [26/Mar/2018:15:54:13 -0300] "POST /cormun/servlet/hlogin?ceb0bcf77f33dfc7f08bb6dce825d739,gx-no-cache=1522090395535 HTTP/1.1" 200 90
200.54.247.70 - - [26/Mar/2018:15:54:13 -0300] "GET /cormun/servlet/hpexe_link HTTP/1.1" 200 948
200.54.247.70 - - [26/Mar/2018:15:54:13 -0300] "GET /cormun/servlet/hhome HTTP/1.1" 200 4233
186.79.189.240 - - [26/Mar/2018:15:54:14 -0300] "POST /cormun/servlet/trautorizarsolicitud?b42fa95049beb27545aaf153f91a5780,,gx-no-cache=1522090396558 HTTP/1.1" 200 23422
186.103.159.182 - - [26/Mar/2018:15:54:20 -0300] "GET /cormun/servlet/hlogin HTTP/1.1" 200 1720
186.79.189.240 - - [26/Mar/2018:15:54:24 -0300] "POST /cormun/servlet/trautorizarsolicitud?b42fa95049beb27545aaf153f91a5780,,gx-no-cache=1522090405892 HTTP/1.1" 200 23421
186.103.159.182 - - [26/Mar/2018:15:54:26 -0300] "POST /cormun/servlet/hlogin?df63c697f4b97a32a971f0f7afc2de31,gx-no-cache=1522090414280 HTTP/1.1" 200 90
186.103.159.182 - - [26/Mar/2018:15:54:26 -0300] "GET /cormun/servlet/hpexe_link HTTP/1.1" 200 945
186.103.159.182 - - [26/Mar/2018:15:54:27 -0300] "GET /cormun/servlet/hhome HTTP/1.1" 200 4256
186.103.159.182 - - [26/Mar/2018:15:54:28 -0300] "GET /cormun/servlet/hhome HTTP/1.1" 200 4252
186.103.159.182 - - [26/Mar/2018:15:54:31 -0300] "GET /cormun/servlet/trsolicitudot? HTTP/1.1" 200 7468
186.103.159.182 - - [26/Mar/2018:15:54:32 -0300] "GET /cormun/servlet/trsolicitudot? HTTP/1.1" 200 7467
186.103.159.182 - - [26/Mar/2018:15:54:35 -0300] "GET /cormun/servlet/solicitudot?INS,0,0, HTTP/1.1" 200 13695
192.168.10.96 - - [26/Mar/2018:15:54:36 -0300] "POST /cormun/servlet/trsolicitudgral?0a48325d901ab68450a17d5c5b925593,,gx-no-cache=1522090307698 HTTP/1.1" 200 8079
186.103.159.182 - - [26/Mar/2018:15:54:36 -0300] "GET /cormun/servlet/solicitudot?INS,0,0, HTTP/1.1" 200 13700
186.103.159.182 - - [26/Mar/2018:15:54:45 -0300] "POST /cormun/servlet/solicitudot?gx-no-cache=1522090433149 HTTP/1.1" 200 3392
186.103.159.182 - - [26/Mar/2018:15:54:46 -0300] "POST /cormun/servlet/solicitudot?df63c697f4b97a32a971f0f7afc2de31,INS,0,0,,gx-no-cache=1522090433335 HTTP/1.1" 200 10543
192.168.10.96 - - [26/Mar/2018:15:54:46 -0300] "POST /cormun/servlet/trsolicitudgral?0a48325d901ab68450a17d5c5b925593,,gx-no-cache=1522090317402 HTTP/1.1" 200 8079
186.79.189.240 - - [26/Mar/2018:15:54:47 -0300] "POST /cormun/servlet/trautorizarsolicitud?b42fa95049beb27545aaf153f91a5780,,gx-no-cache=1522090429090 HTTP/1.1" 200 23421
186.79.189.240 - - [26/Mar/2018:15:54:56 -0300] "POST /cormun/servlet/trautorizarsolicitud?b42fa95049beb27545aaf153f91a5780,,gx-no-cache=1522090438178 HTTP/1.1" 200 23421
192.168.10.96 - - [26/Mar/2018:15:55:00 -0300] "POST /cormun/servlet/trsolicitudgral?0a48325d901ab68450a17d5c5b925593,,gx-no-cache=1522090331675 HTTP/1.1" 200 5930
186.79.189.240 - - [26/Mar/2018:15:55:05 -0300] "POST /cormun/servlet/trautorizarsolicitud?b42fa95049beb27545aaf153f91a5780,,gx-no-cache=1522090447400 HTTP/1.1" 200 23421
186.103.159.182 - - [26/Mar/2018:15:55:05 -0300] "GET /cormun/servlet/solicitudot?2ba41c90cca088944a4c5c7120527ff1ef46cc89b01f302a9ea0f236ca8852e739d38bc99103f504f02ec753f1514405,gx-no-cache=1522090453386 HTTP/1.1" 200 30
186.103.159.182 - - [26/Mar/2018:15:55:05 -0300] "GET /cormun/servlet/solicitudot?2ba41c90cca088944a4c5c7120527ff150e499de4536afd742969f99973d6c9de1411463f50800c880636a141cb6f1db80ac5c249535f8445112d300c22a50e6,gx-no-cache=1522090453428 HTTP/1.1" 200 30
186.103.159.182 - - [26/Mar/2018:15:55:06 -0300] "GET /cormun/servlet/solicitudot?2ba41c90cca088944a4c5c7120527ff1e932778732e3db80e8e1d129a2e30dc5,gx-no-cache=1522090453466 HTTP/1.1" 200 60
186.103.159.182 - - [26/Mar/2018:15:55:06 -0300] "POST /cormun/servlet/solicitudot?gx-no-cache=1522090453503 HTTP/1.1" 200 255
186.103.159.182 - - [26/Mar/2018:15:55:06 -0300] "GET /cormun/servlet/solicitudot?2ba41c90cca088944a4c5c7120527ff16d776505e7e77a112693dc7d57ee61032925cf9488ed5a5b98b86be8488e733d8a6234fa64d85cded38b9bcd76e84d9b6ed685da7060152d49a8086e18d8ba7c30f32447a10cd7e54c068ad9249ddefc8c915e0f0201668fbdbdcf2a76a1f09941fb16c075c94de311b45d4b11fbe7d546182c07b5c706e016429a6b631aee7da14247637f78148b6645f8cf22b53ee7ea6c104c529b5c2b9158251c9de660c74f571f1a13442455a600d9c08af0211455657aed5409ab26abdaa6b9bb949ce699d2f87d68f4cc5a8164103b3f44494501449a0492c3bc534cdd5eeb025b9b23263e35bdb8a4fa5c03d648e44840db014c0881b7b897f85951f83b7c043d967cdc7c95b95c0c62a66da3285bdfe5c6d571c38fb82c88f5d6b70a81f51be5941e11f229586f02c28dde313a50fa38571d59cdeafc915332334b48ab9e63bda8f27ed84ac3ccf356e30e175e5a6f7727e2b640f0753adcba2260d3a168374ffac14d09298a2efd2f25351ef8a92e8bbcdf,gx-no-cache=1522090453548 HTTP/1.1" 200 30
186.103.159.182 - - [26/Mar/2018:15:55:06 -0300] "POST /cormun/servlet/solicitudot?gx-no-cache=1522090453895 HTTP/1.1" 200 30
186.103.159.182 - - [26/Mar/2018:15:55:06 -0300] "POST /cormun/servlet/solicitudot?gx-no-cache=1522090453951 HTTP/1.1" 200 1337
186.103.159.182 - - [26/Mar/2018:15:55:06 -0300] "POST /cormun/servlet/solicitudot?gx-no-cache=1522090454169 HTTP/1.1" 200 38
186.103.159.182 - - [26/Mar/2018:15:55:10 -0300] "GET /cormun/servlet/solicitudot?2ba41c90cca088944a4c5c7120527ff1df4136e3bdf28a1886d1c5071a5cce281dab79c1a214913bafe3e4f62ccb46d2dcea2dc7de4d256ac57f0cbb9b03091218847416dc6f6f77e21cd076aef6e1b0f9e2a7ed0cc6dccdfa9e1d835cf375ffb6ed25107e9b24c2db690ac4e760a5c5bbeaca7a9d10c5d2c79e25233a75863edea654558626d91e83f6abeaef26665621d2312d805f6d85ec76b1049f225ca6,gx-no-cache=1522090458169 HTTP/1.1" 200 29
186.103.159.182 - - [26/Mar/2018:15:55:10 -0300] "POST /cormun/servlet/solicitudot?gx-no-cache=1522090458202 HTTP/1.1" 200 1321
186.103.159.182 - - [26/Mar/2018:15:55:10 -0300] "POST /cormun/servlet/solicitudot?gx-no-cache=1522090458253 HTTP/1.1" 200 1219
192.168.10.96 - - [26/Mar/2018:15:55:12 -0300] "POST /cormun/servlet/trsolicitudgral?0a48325d901ab68450a17d5c5b925593,,gx-no-cache=1522090343377 HTTP/1.1" 200 7706
186.79.136.34 - - [26/Mar/2018:15:55:12 -0300] "GET /cormun/servlet/hlogin HTTP/1.1" 200 1722
186.79.136.34 - - [26/Mar/2018:15:55:14 -0300] "POST /cormun/servlet/hlogin?4c46b9537d10e639ab8497db3ef6e7e8,gx-no-cache=1522090462614 HTTP/1.1" 200 90
186.79.136.34 - - [26/Mar/2018:15:55:14 -0300] "GET /cormun/servlet/hpexe_link HTTP/1.1" 200 951
186.79.136.34 - - [26/Mar/2018:15:55:14 -0300] "GET /cormun/servlet/hhome HTTP/1.1" 200 3932
186.79.189.240 - - [26/Mar/2018:15:55:15 -0300] "POST /cormun/servlet/trautorizarsolicitud?b42fa95049beb27545aaf153f91a5780,,gx-no-cache=1522090456744 HTTP/1.1" 200 23421
186.79.136.34 - - [26/Mar/2018:15:55:15 -0300] "GET /cormun/servlet/hhome HTTP/1.1" 200 3929
186.103.159.182 - - [26/Mar/2018:15:55:16 -0300] "POST /cormun/servlet/solicitudot?gx-no-cache=1522090463456 HTTP/1.1" 200 1321
186.103.159.182 - - [26/Mar/2018:15:55:16 -0300] "POST /cormun/servlet/solicitudot?gx-no-cache=1522090463508 HTTP/1.1" 200 1219
186.103.159.182 - - [26/Mar/2018:15:55:16 -0300] "GET /cormun/static/menuarrow.gif HTTP/1.1" 404 1015
186.103.159.182 - - [26/Mar/2018:15:55:18 -0300] "POST /cormun/servlet/solicitudot?gx-no-cache=1522090465710 HTTP/1.1" 200 1321
186.103.159.182 - - [26/Mar/2018:15:55:18 -0300] "POST /cormun/servlet/solicitudot?gx-no-cache=1522090465765 HTTP/1.1" 200 1219
186.79.136.34 - - [26/Mar/2018:15:55:18 -0300] "GET /cormun/servlet/trlicencias? HTTP/1.1" 200 10172
186.79.136.34 - - [26/Mar/2018:15:55:19 -0300] "GET /cormun/servlet/trlicencias? HTTP/1.1" 200 10169
186.103.159.182 - - [26/Mar/2018:15:55:19 -0300] "GET /cormun/servlet/solicitudot?2ba41c90cca088944a4c5c7120527ff1b32f6cac45022afd85bca569b813d92b039de02fb7dac4e80a4ef9c0289c2475,gx-no-cache=1522090467325 HTTP/1.1" 200 30
186.79.136.34 - - [26/Mar/2018:15:55:24 -0300] "GET /cormun/servlet/licenciaspermisos?INS,0,,, HTTP/1.1" 200 7457
186.79.136.34 - - [26/Mar/2018:15:55:24 -0300] "GET /cormun/servlet/licenciaspermisos?INS,0,,, HTTP/1.1" 200 7457
186.79.189.240 - - [26/Mar/2018:15:55:24 -0300] "POST /cormun/servlet/trautorizarsolicitud?b42fa95049beb27545aaf153f91a5780,,gx-no-cache=1522090466366 HTTP/1.1" 200 23421
186.79.189.240 - - [26/Mar/2018:15:55:34 -0300] "POST /cormun/servlet/trautorizarsolicitud?b42fa95049beb27545aaf153f91a5780,,gx-no-cache=1522090475694 HTTP/1.1" 200 23421
186.103.159.182 - - [26/Mar/2018:15:55:42 -0300] "POST /cormun/servlet/solicitudot?gx-no-cache=1522090490029 HTTP/1.1" 200 30
186.79.189.240 - - [26/Mar/2018:15:55:42 -0300] "POST /cormun/servlet/trautorizarsolicitud?b42fa95049beb27545aaf153f91a5780,,gx-no-cache=1522090484258 HTTP/1.1" 200 23422
192.168.10.96 - - [26/Mar/2018:15:55:55 -0300] "POST /cormun/servlet/trsolicitudgral?0a48325d901ab68450a17d5c5b925593,,gx-no-cache=1522090386362 HTTP/1.1" 200 8392
186.103.159.182 - - [26/Mar/2018:15:55:55 -0300] "POST /cormun/servlet/solicitudot?gx-no-cache=1522090502600 HTTP/1.1" 200 1337
186.103.159.182 - - [26/Mar/2018:15:55:55 -0300] "POST /cormun/servlet/solicitudot?gx-no-cache=1522090502728 HTTP/1.1" 200 41
186.103.159.182 - - [26/Mar/2018:15:55:55 -0300] "POST /cormun/servlet/solicitudot?gx-no-cache=1522090503253 HTTP/1.1" 200 1321
186.103.159.182 - - [26/Mar/2018:15:55:56 -0300] "POST /cormun/servlet/solicitudot?gx-no-cache=1522090503442 HTTP/1.1" 200 1219
186.103.159.182 - - [26/Mar/2018:15:55:56 -0300] "POST /cormun/servlet/solicitudot?gx-no-cache=1522090503517 HTTP/1.1" 200 30
186.103.159.182 - - [26/Mar/2018:15:55:56 -0300] "POST /cormun/servlet/solicitudot?df63c697f4b97a32a971f0f7afc2de31,INS,0,0,,gx-no-cache=1522090503597 HTTP/1.1" 200 93
186.103.159.182 - - [26/Mar/2018:15:55:56 -0300] "GET /cormun/servlet/hpexe_return? HTTP/1.1" 200 1002
186.103.159.182 - - [26/Mar/2018:15:55:56 -0300] "GET /cormun/static/gxcfg.js?2016101716175148 HTTP/1.1" 304 -
186.103.159.182 - - [26/Mar/2018:15:55:57 -0300] "GET /cormun/servlet/trsolicitudot HTTP/1.1" 200 8852
186.103.159.182 - - [26/Mar/2018:15:55:57 -0300] "GET /cormun/servlet/trsolicitudot HTTP/1.1" 200 8848
186.79.189.240 - - [26/Mar/2018:15:55:59 -0300] "POST /cormun/servlet/trautorizarsolicitud?b42fa95049beb27545aaf153f91a5780,,gx-no-cache=1522090500368 HTTP/1.1" 200 23422
192.168.10.96 - - [26/Mar/2018:15:56:07 -0300] "POST /cormun/servlet/trsolicitudgral?0a48325d901ab68450a17d5c5b925593,,gx-no-cache=1522090398377 HTTP/1.1" 200 8391
192.168.10.96 - - [26/Mar/2018:15:56:07 -0300] "POST /cormun/servlet/trsolicitudgral?0a48325d901ab68450a17d5c5b925593,,gx-no-cache=1522090398663 HTTP/1.1" 200 8392
192.168.10.96 - - [26/Mar/2018:15:56:07 -0300] "POST /cormun/servlet/trsolicitudgral?0a48325d901ab68450a17d5c5b925593,,gx-no-cache=1522090398965 HTTP/1.1" 200 8393
186.103.159.182 - - [26/Mar/2018:15:56:08 -0300] "POST /cormun/servlet/trsolicitudot?df63c697f4b97a32a971f0f7afc2de31,gx-no-cache=1522090516323 HTTP/1.1" 200 4675
186.103.159.182 - - [26/Mar/2018:15:56:09 -0300] "GET /cormun/static/Shared/jqueryui/images/ui-bg_highlight-soft_100_c6c2c8_1x100.png HTTP/1.1" 404 1117
186.79.189.240 - - [26/Mar/2018:15:56:09 -0300] "POST /cormun/servlet/trautorizarsolicitud?b42fa95049beb27545aaf153f91a5780,,gx-no-cache=1522090511278 HTTP/1.1" 200 23421
186.103.159.182 - - [26/Mar/2018:15:56:09 -0300] "POST /cormun/servlet/trsolicitudot?df63c697f4b97a32a971f0f7afc2de31,gx-no-cache=1522090516547 HTTP/1.1" 200 4445
186.103.159.182 - - [26/Mar/2018:15:56:09 -0300] "GET /cormun/static/Shared/jqueryui/images/ui-icons_82798d_256x240.png HTTP/1.1" 404 1089
186.103.159.182 - - [26/Mar/2018:15:56:10 -0300] "GET /cormun/static/Shared/jqueryui/images/ui-bg_flat_55_fafafa_40x100.png HTTP/1.1" 404 1097
186.103.159.182 - - [26/Mar/2018:15:56:10 -0300] "GET /cormun/static/Shared/jqueryui/images/ui-icons_8d78a5_256x240.png HTTP/1.1" 404 1089
186.103.159.182 - - [26/Mar/2018:15:56:14 -0300] "POST /cormun/servlet/trsolicitudot?df63c697f4b97a32a971f0f7afc2de31,gx-no-cache=1522090521303 HTTP/1.1" 200 5844
186.103.159.182 - - [26/Mar/2018:15:56:16 -0300] "GET /cormun/servlet/trautorizarsolicitud? HTTP/1.1" 200 8738
186.103.159.182 - - [26/Mar/2018:15:56:16 -0300] "GET /cormun/static/gxcfg.js?2017111423403364 HTTP/1.1" 304 -
186.103.159.182 - - [26/Mar/2018:15:56:17 -0300] "GET /cormun/servlet/trautorizarsolicitud? HTTP/1.1" 200 8738
186.79.189.240 - - [26/Mar/2018:15:56:20 -0300] "POST /cormun/servlet/trautorizarsolicitud?b42fa95049beb27545aaf153f91a5780,,gx-no-cache=1522090521532 HTTP/1.1" 200 23421
186.103.159.182 - - [26/Mar/2018:15:56:23 -0300] "POST /cormun/servlet/trautorizarsolicitud?df63c697f4b97a32a971f0f7afc2de31,,gx-no-cache=1522090530731 HTTP/1.1" 200 4605
186.103.159.182 - - [26/Mar/2018:15:56:23 -0300] "GET /cormun/static/Shared/jqueryui/images/ui-bg_highlight-soft_100_c6c2c8_1x100.png HTTP/1.1" 404 1117
186.103.159.182 - - [26/Mar/2018:15:56:23 -0300] "GET /cormun/static/Shared/jqueryui/images/ui-icons_82798d_256x240.png HTTP/1.1" 404 1089
186.103.159.182 - - [26/Mar/2018:15:56:23 -0300] "GET /cormun/static/Shared/jqueryui/images/ui-icons_8d78a5_256x240.png HTTP/1.1" 404 1089
186.103.159.182 - - [26/Mar/2018:15:56:23 -0300] "GET /cormun/static/Shared/jqueryui/images/ui-bg_flat_55_fafafa_40x100.png HTTP/1.1" 404 1097
186.103.159.182 - - [26/Mar/2018:15:56:23 -0300] "POST /cormun/servlet/trautorizarsolicitud?df63c697f4b97a32a971f0f7afc2de31,,gx-no-cache=1522090531275 HTTP/1.1" 200 4379
186.103.159.182 - - [26/Mar/2018:15:56:31 -0300] "POST /cormun/servlet/trautorizarsolicitud?df63c697f4b97a32a971f0f7afc2de31,,gx-no-cache=1522090538511 HTTP/1.1" 200 4395
186.103.159.182 - - [26/Mar/2018:15:56:33 -0300] "POST /cormun/servlet/trautorizarsolicitud?df63c697f4b97a32a971f0f7afc2de31,,gx-no-cache=1522090540791 HTTP/1.1" 200 4395
186.103.159.182 - - [26/Mar/2018:15:56:36 -0300] "POST /cormun/servlet/trautorizarsolicitud?df63c697f4b97a32a971f0f7afc2de31,,gx-no-cache=1522090544087 HTTP/1.1" 200 4395
186.103.159.182 - - [26/Mar/2018:15:56:37 -0300] "POST /cormun/servlet/trautorizarsolicitud?df63c697f4b97a32a971f0f7afc2de31,,gx-no-cache=1522090544911 HTTP/1.1" 200 4395
186.79.189.240 - - [26/Mar/2018:15:56:40 -0300] "POST /cormun/servlet/trautorizarsolicitud?b42fa95049beb27545aaf153f91a5780,,gx-no-cache=1522090542206 HTTP/1.1" 200 109
186.79.189.240 - - [26/Mar/2018:15:56:40 -0300] "GET /cormun/AutorizarSolicitud-688.xls HTTP/1.1" 200 39424
192.168.10.96 - - [26/Mar/2018:15:56:45 -0300] "POST /cormun/servlet/trsolicitudgral?0a48325d901ab68450a17d5c5b925593,,gx-no-cache=1522090435962 HTTP/1.1" 200 25125
200.54.247.70 - - [26/Mar/2018:15:56:51 -0300] "GET /cormun/servlet/trsolicitudot? HTTP/1.1" 200 7450
200.54.247.70 - - [26/Mar/2018:15:56:54 -0300] "GET /cormun/servlet/solicitudot?INS,0,0, HTTP/1.1" 200 13678
200.54.247.70 - - [26/Mar/2018:15:56:54 -0300] "GET /cormun/static/gxcfg.js?201812313224582 HTTP/1.1" 304 -
200.54.247.70 - - [26/Mar/2018:15:56:54 -0300] "GET /cormun/static/solicitudot.js?201812313224831 HTTP/1.1" 304 -
186.79.189.240 - - [26/Mar/2018:15:56:54 -0300] "POST /cormun/servlet/trautorizarsolicitud?b42fa95049beb27545aaf153f91a5780,,gx-no-cache=1522090556560 HTTP/1.1" 200 110
186.79.189.240 - - [26/Mar/2018:15:56:54 -0300] "GET /cormun/AutorizarSolicitud-6870.xls HTTP/1.1" 200 39424
200.54.247.70 - - [26/Mar/2018:15:57:05 -0300] "POST /cormun/servlet/solicitudot?gx-no-cache=1522090567031 HTTP/1.1" 200 3387
200.54.247.70 - - [26/Mar/2018:15:57:05 -0300] "POST /cormun/servlet/solicitudot?ceb0bcf77f33dfc7f08bb6dce825d739,INS,0,0,,gx-no-cache=1522090567310 HTTP/1.1" 200 10534
200.54.247.70 - - [26/Mar/2018:15:57:09 -0300] "GET /cormun/servlet/solicitudot?afeb8e09803fbf4c2d18835fbf471905d04dc968c471173a278e5b1985c829cf300365684f6eaa1536fc7e9a1f9bdb9d,gx-no-cache=1522090571799 HTTP/1.1" 200 30
200.54.247.70 - - [26/Mar/2018:15:57:09 -0300] "GET /cormun/servlet/solicitudot?afeb8e09803fbf4c2d18835fbf47190562f58d6d55c9704174299de9c061f4330c9247caefa56a9aa4d6103e7f001783,gx-no-cache=1522090571863 HTTP/1.1" 200 103
200.54.247.70 - - [26/Mar/2018:15:57:10 -0300] "GET /cormun/servlet/solicitudot?afeb8e09803fbf4c2d18835fbf471905e8d831165d1526a2e4b0cf351be9a375,gx-no-cache=1522090571946 HTTP/1.1" 200 51
200.54.247.70 - - [26/Mar/2018:15:57:10 -0300] "POST /cormun/servlet/solicitudot?gx-no-cache=1522090572008 HTTP/1.1" 200 256
200.54.247.70 - - [26/Mar/2018:15:57:10 -0300] "GET /cormun/servlet/solicitudot?afeb8e09803fbf4c2d18835fbf471905fd3481488d2fc293d310b42a5278739247edd34e1bfc0933752d2de94eeb469bea339e884d0984531faa137b0ad1309c06ee925ad1ceb8b8fdc726427f362220cd6f9d1293ff15e501cdadc80ee37a23132a36d4f767c361c3f91694aa45900b07f918955902e0d40f1a4b6c12f6934ea6af1d5f46af9d7d3f1975eb82b0f37b9363db666c58a88787d29b49a00f710e74efc73762598670f454f7efd5b12c7e49b3d04de4b732861351f5fe99bf6dfdaa39c59102fd591d4aef6c71b2f6e9b1c9d0b0976d55cfcbf7b6cd3fc5967ba8e77539516606d69e6a77f0d478f33542ca488c7eed6f2d9791ddb69b580460ade0a296a65a9fe470381092f9137286d30ac7dfdbe64e7e610f94ecd6e306e2c878ee4cb863c9a5f3876c3fa425bc78a1be2ae06af1493d8182b94143326c99d016468dee1bd4c538d6cba9c7efff1f8be65d2875a4443b1cd34aeb4e51351c37966693c412c8098adac7ccbdad498b9983c933e6a8536222f2e2ed4d6a9356db,gx-no-cache=1522090572061 HTTP/1.1" 200 30
200.54.247.70 - - [26/Mar/2018:15:57:10 -0300] "GET /cormun/static/Shared/jqueryui/images/ui-bg_highlight-soft_100_c6c2c8_1x100.png HTTP/1.1" 404 1117
200.54.247.70 - - [26/Mar/2018:15:57:10 -0300] "GET /cormun/static/Shared/jqueryui/images/ui-icons_ebccce_256x240.png HTTP/1.1" 404 1089
200.54.247.70 - - [26/Mar/2018:15:57:10 -0300] "GET /cormun/static/Shared/jqueryui/images/ui-bg_flat_55_994d53_40x100.png HTTP/1.1" 404 1097
200.54.247.70 - - [26/Mar/2018:15:57:10 -0300] "GET /cormun/static/Shared/jqueryui/images/ui-icons_82798d_256x240.png HTTP/1.1" 404 1089
186.79.136.34 - - [26/Mar/2018:15:57:23 -0300] "GET /cormun/servlet/licenciaspermisos?0c5535429e147ab4939885d5e2a1e8e7d7e302b1d568ec5b7540a7cb10d1dd69467c3d936d1efd97461c91cb2b866554,gx-no-cache=1522090591511 HTTP/1.1" 200 87
186.79.136.34 - - [26/Mar/2018:15:57:23 -0300] "POST /cormun/servlet/licenciaspermisos?4c46b9537d10e639ab8497db3ef6e7e8,INS,0,,,,gx-no-cache=1522090591709 HTTP/1.1" 200 4694
200.54.247.70 - - [26/Mar/2018:15:57:24 -0300] "GET /cormun/servlet/trsolicitudot? HTTP/1.1" 200 7450
200.54.247.70 - - [26/Mar/2018:15:57:37 -0300] "POST /cormun/servlet/trsolicitudot?ceb0bcf77f33dfc7f08bb6dce825d739,,gx-no-cache=1522090599189 HTTP/1.1" 200 20764
200.54.247.70 - - [26/Mar/2018:15:58:24 -0300] "GET /cormun/servlet/trsolicitudot? HTTP/1.1" 200 23537
186.103.159.189 - - [26/Mar/2018:15:58:26 -0300] "GET /cormun/servlet/hlogin HTTP/1.1" 200 1712
200.54.247.70 - - [26/Mar/2018:15:58:35 -0300] "POST /cormun/servlet/trsolicitudot?ceb0bcf77f33dfc7f08bb6dce825d739,,gx-no-cache=1522090657094 HTTP/1.1" 200 20736
200.54.247.70 - - [26/Mar/2018:15:58:39 -0300] "GET /cormun/servlet/trsolicitudot? HTTP/1.1" 200 23537
200.54.247.70 - - [26/Mar/2018:15:58:48 -0300] "GET /cormun/servlet/solicitudot?INS,0,0, HTTP/1.1" 200 13678
186.103.159.189 - - [26/Mar/2018:15:58:56 -0300] "POST /cormun/servlet/hlogin?17a304dbfb96eddf1c471c79979b4a1a,gx-no-cache=1522090684732 HTTP/1.1" 200 419
186.103.159.189 - - [26/Mar/2018:15:59:10 -0300] "POST /cormun/servlet/hlogin?17a304dbfb96eddf1c471c79979b4a1a,gx-no-cache=1522090698597 HTTP/1.1" 200 419
186.79.189.240 - - [26/Mar/2018:15:59:11 -0300] "GET /cormun/servlet/trautorizarsolicitud? HTTP/1.1" 200 26228
186.79.189.240 - - [26/Mar/2018:15:59:11 -0300] "GET /cormun/static/gxcfg.js?2017111423403364 HTTP/1.1" 200 953
186.79.189.240 - - [26/Mar/2018:15:59:11 -0300] "GET /cormun/static/Resources/PXToolsHeaderActionsLeft.png HTTP/1.1" 200 1118
186.79.189.240 - - [26/Mar/2018:15:59:11 -0300] "GET /cormun/static/Resources/PXToolsHeaderHome.png HTTP/1.1" 200 4147
186.79.189.240 - - [26/Mar/2018:15:59:11 -0300] "GET /cormun/static/Resources/logo4.png HTTP/1.1" 200 6582
186.79.189.240 - - [26/Mar/2018:15:59:11 -0300] "GET /cormun/static/Resources/PXToolsHeaderLogin.png HTTP/1.1" 200 4279
186.79.189.240 - - [26/Mar/2018:15:59:11 -0300] "GET /cormun/static/Resources/PXToolsHeaderPreferences.png HTTP/1.1" 200 4189
186.79.189.240 - - [26/Mar/2018:15:59:11 -0300] "GET /cormun/static/Resources/PXToolsHeaderSecurity.png HTTP/1.1" 200 4166
186.79.189.240 - - [26/Mar/2018:15:59:11 -0300] "GET /cormun/static/Resources/PXToolsHeaderActionsRight.png HTTP/1.1" 200 1201
186.79.189.240 - - [26/Mar/2018:15:59:11 -0300] "GET /cormun/static/Resources/PXTools/calendar.png HTTP/1.1" 200 1306
186.79.189.240 - - [26/Mar/2018:15:59:12 -0300] "GET /cormun//static/Resources/PXTools/ActionInsert.png HTTP/1.1" 200 1482
186.79.189.240 - - [26/Mar/2018:15:59:13 -0300] "GET /cormun/servlet/trautorizarsolicitud? HTTP/1.1" 200 26228
186.103.159.189 - - [26/Mar/2018:15:59:15 -0300] "POST /cormun/servlet/hlogin?17a304dbfb96eddf1c471c79979b4a1a,gx-no-cache=1522090703490 HTTP/1.1" 200 90
186.103.159.189 - - [26/Mar/2018:15:59:15 -0300] "GET /cormun/servlet/hpexe_link HTTP/1.1" 200 945
186.103.159.189 - - [26/Mar/2018:15:59:15 -0300] "GET /cormun/servlet/hhome HTTP/1.1" 200 3978
186.103.159.189 - - [26/Mar/2018:15:59:16 -0300] "GET /cormun/servlet/hhome HTTP/1.1" 200 3975
192.168.10.96 - - [26/Mar/2018:15:59:21 -0300] "POST /cormun/servlet/trsolicitudgral?0a48325d901ab68450a17d5c5b925593,,gx-no-cache=1522090592669 HTTP/1.1" 200 9777
186.79.189.240 - - [26/Mar/2018:15:59:22 -0300] "POST /cormun/servlet/trautorizarsolicitud?b42fa95049beb27545aaf153f91a5780,,gx-no-cache=1522090703706 HTTP/1.1" 200 4412
192.168.10.96 - - [26/Mar/2018:15:59:28 -0300] "POST /cormun/servlet/trsolicitudgral?0a48325d901ab68450a17d5c5b925593,,gx-no-cache=1522090599899 HTTP/1.1" 200 8726
186.79.189.240 - - [26/Mar/2018:15:59:31 -0300] "POST /cormun/servlet/trautorizarsolicitud?b42fa95049beb27545aaf153f91a5780,,gx-no-cache=1522090715364 HTTP/1.1" 200 4413
186.79.189.240 - - [26/Mar/2018:15:59:39 -0300] "POST /cormun/servlet/trautorizarsolicitud?b42fa95049beb27545aaf153f91a5780,,gx-no-cache=1522090722216 HTTP/1.1" 200 21086
200.54.247.70 - - [26/Mar/2018:15:59:39 -0300] "POST /cormun/servlet/solicitudot?gx-no-cache=1522090721334 HTTP/1.1" 200 3387
200.54.247.70 - - [26/Mar/2018:15:59:39 -0300] "POST /cormun/servlet/solicitudot?ceb0bcf77f33dfc7f08bb6dce825d739,INS,0,0,,gx-no-cache=1522090721623 HTTP/1.1" 200 10534
200.54.247.70 - - [26/Mar/2018:15:59:44 -0300] "GET /cormun/servlet/solicitudot?afeb8e09803fbf4c2d18835fbf471905d04dc968c471173a278e5b1985c829cf300365684f6eaa1536fc7e9a1f9bdb9d,gx-no-cache=1522090726857 HTTP/1.1" 200 30
186.79.189.240 - - [26/Mar/2018:15:59:53 -0300] "POST /cormun/servlet/trautorizarsolicitud?b42fa95049beb27545aaf153f91a5780,,gx-no-cache=1522090735326 HTTP/1.1" 200 109
186.79.189.240 - - [26/Mar/2018:15:59:53 -0300] "GET /cormun/AutorizarSolicitud-1008.xls HTTP/1.1" 200 24064
200.54.247.70 - - [26/Mar/2018:16:00:02 -0300] "GET /cormun/servlet/solicitudot?afeb8e09803fbf4c2d18835fbf471905442b872b69f47b6cbf0560c492b00a25b7f9a9bb580d0afb2ba7d87204e26efd0ba8edd89f7da98a00ab42f734869003,gx-no-cache=1522090744724 HTTP/1.1" 200 30
200.54.247.70 - - [26/Mar/2018:16:00:02 -0300] "GET /cormun/servlet/solicitudot?afeb8e09803fbf4c2d18835fbf471905e8d831165d1526a2e4b0cf351be9a375,gx-no-cache=1522090744758 HTTP/1.1" 200 51
200.54.247.70 - - [26/Mar/2018:16:00:02 -0300] "POST /cormun/servlet/solicitudot?gx-no-cache=1522090744812 HTTP/1.1" 200 256
200.54.247.70 - - [26/Mar/2018:16:00:02 -0300] "GET /cormun/servlet/solicitudot?afeb8e09803fbf4c2d18835fbf471905fd3481488d2fc293d310b42a5278739247edd34e1bfc0933752d2de94eeb469bea339e884d0984531faa137b0ad1309c06ee925ad1ceb8b8fdc726427f362220cd6f9d1293ff15e501cdadc80ee37a23132a36d4f767c361c3f91694aa45900b07f918955902e0d40f1a4b6c12f6934ea6af1d5f46af9d7d3f1975eb82b0f37b9363db666c58a88787d29b49a00f710e74efc73762598670f454f7efd5b12c7e49b3d04de4b732861351f5fe99bf6dfdaa39c59102fd591d4aef6c71b2f6e9b1c9d0b0976d55cfcbf7b6cd3fc5967ba8e77539516606d69e6a77f0d478f33542ca488c7eed6f2d9791ddb69b580460ade0a296a65a9fe470381092f9137286d30ac7dfdbe64e7e610f94ecd6e306e2c878ee4cb863c9a5f3876c3fa425bc78a1be2ae06af1493d8182b94143326c99d016468dee1bd4c538d6cba9c7efff1f8be65d2875a4443b1cd34aeb4e51351c37966693c412c8098adac7ccbdad498b9983c933e6a8536222f2e2ed4d6a9356db,gx-no-cache=1522090744856 HTTP/1.1" 200 30
200.54.247.70 - - [26/Mar/2018:16:00:16 -0300] "POST /cormun/servlet/solicitudot?gx-no-cache=1522090758042 HTTP/1.1" 200 30
200.54.247.70 - - [26/Mar/2018:16:00:20 -0300] "POST /cormun/servlet/solicitudot?gx-no-cache=1522090762126 HTTP/1.1" 200 1337
200.54.247.70 - - [26/Mar/2018:16:00:20 -0300] "POST /cormun/servlet/solicitudot?gx-no-cache=1522090762312 HTTP/1.1" 200 38
192.168.10.96 - - [26/Mar/2018:16:00:24 -0300] "POST /cormun/servlet/trsolicitudgral?0a48325d901ab68450a17d5c5b925593,,gx-no-cache=1522090656275 HTTP/1.1" 200 7659
200.54.247.70 - - [26/Mar/2018:16:00:25 -0300] "GET /cormun/servlet/solicitudot?afeb8e09803fbf4c2d18835fbf471905980ff24815f8c7116d6b7362acb357e3844873880954addd712f637199476e2b2753910205b8c598818729952773a419e4e66c878202b59ac3bd3f71f0c9cb75877c64f19349d549ef663390a8404c3035a91d8cc7252ab0e639d2ae487c1327,gx-no-cache=1522090767066 HTTP/1.1" 200 29
200.54.247.70 - - [26/Mar/2018:16:00:25 -0300] "POST /cormun/servlet/solicitudot?gx-no-cache=1522090767149 HTTP/1.1" 200 1318
200.54.247.70 - - [26/Mar/2018:16:00:25 -0300] "POST /cormun/servlet/solicitudot?gx-no-cache=1522090767241 HTTP/1.1" 200 1218
186.79.189.240 - - [26/Mar/2018:16:01:09 -0300] "GET /cormun/servlet/veautorizarsolicitud?2018,9407,, HTTP/1.1" 200 8574
186.79.189.240 - - [26/Mar/2018:16:01:09 -0300] "GET /cormun/static/gxcfg.js?2017111423404691 HTTP/1.1" 200 953
186.79.189.240 - - [26/Mar/2018:16:01:09 -0300] "GET /cormun/static/Resources/PXToolsTabFirstSelected.png HTTP/1.1" 200 1259
186.79.189.240 - - [26/Mar/2018:16:01:09 -0300] "GET /cormun/pexe_scrolldiv.js HTTP/1.1" 404 1009
186.79.189.240 - - [26/Mar/2018:16:01:09 -0300] "GET /cormun/static/Resources/PXToolsTabLastUnselected.png HTTP/1.1" 200 1291
186.79.189.240 - - [26/Mar/2018:16:01:09 -0300] "GET /cormun/static/Resources/PXToolsTabPrevious.gif HTTP/1.1" 200 172
186.79.189.240 - - [26/Mar/2018:16:01:09 -0300] "GET /cormun/static/Resources/PXToolsTabNext.gif HTTP/1.1" 200 168
186.79.189.240 - - [26/Mar/2018:16:01:09 -0300] "GET /cormun/static/Resources/logo4.png HTTP/1.1" 200 6582
186.79.189.240 - - [26/Mar/2018:16:01:09 -0300] "GET /cormun/static/Resources/PXToolsHeaderActionsLeft.png HTTP/1.1" 200 1118
186.79.189.240 - - [26/Mar/2018:16:01:09 -0300] "GET /cormun/static/Resources/PXToolsHeaderHome.png HTTP/1.1" 200 4147
186.79.189.240 - - [26/Mar/2018:16:01:09 -0300] "GET /cormun/static/Resources/PXToolsHeaderLogin.png HTTP/1.1" 200 4279
186.79.189.240 - - [26/Mar/2018:16:01:09 -0300] "GET /cormun/static/Resources/PXToolsHeaderPreferences.png HTTP/1.1" 200 4189
186.79.189.240 - - [26/Mar/2018:16:01:09 -0300] "GET /cormun/static/Resources/PXToolsHeaderSecurity.png HTTP/1.1" 200 4166
186.79.189.240 - - [26/Mar/2018:16:01:09 -0300] "GET /cormun/static/Resources/PXToolsHeaderActionsRight.png HTTP/1.1" 200 1201
186.79.189.240 - - [26/Mar/2018:16:01:09 -0300] "GET /cormun/static/Resources/PXTools/calendar.png HTTP/1.1" 200 1306
186.79.189.240 - - [26/Mar/2018:16:01:10 -0300] "GET /cormun/static/calendar-system.css HTTP/1.1" 200 5572
186.79.189.240 - - [26/Mar/2018:16:01:10 -0300] "GET /cormun/static/Resources/PXToolsTabSelectedUnselected.png HTTP/1.1" 200 1428
186.79.189.240 - - [26/Mar/2018:16:01:10 -0300] "GET /cormun/servlet/veautorizarsolicitud?2018,9407,, HTTP/1.1" 200 8573
200.54.247.70 - - [26/Mar/2018:16:01:15 -0300] "GET /cormun/static/menuarrow.gif HTTP/1.1" 404 1015
186.79.189.240 - - [26/Mar/2018:16:01:15 -0300] "GET /cormun/servlet/veautorizarsolicitud?2018,9407,,SolicitudOTLog HTTP/1.1" 200 9798
186.79.189.240 - - [26/Mar/2018:16:01:15 -0300] "GET /cormun/pexe_scrolldiv.js HTTP/1.1" 404 1009
186.79.189.240 - - [26/Mar/2018:16:01:15 -0300] "GET /cormun/static/Resources/PXToolsTabLastSelected.png HTTP/1.1" 200 1262
186.79.189.240 - - [26/Mar/2018:16:01:15 -0300] "GET /cormun/static/tbautorizarsolicitud03.js?2017761159755 HTTP/1.1" 200 13367
186.79.189.240 - - [26/Mar/2018:16:01:15 -0300] "GET /cormun/static/Resources/logo4.png HTTP/1.1" 200 6582
186.79.189.240 - - [26/Mar/2018:16:01:16 -0300] "GET /cormun/static/gxui/gxui-all.css HTTP/1.1" 200 2179
186.79.189.240 - - [26/Mar/2018:16:01:16 -0300] "GET /cormun/static/Resources/PXToolsTabUnselectedSelected.png HTTP/1.1" 200 1444
186.79.189.240 - - [26/Mar/2018:16:01:16 -0300] "GET /cormun/static/Resources/PXToolsTabFirstUnselected.png HTTP/1.1" 200 1264
186.79.189.240 - - [26/Mar/2018:16:01:16 -0300] "GET /cormun/servlet/veautorizarsolicitud?2018,9407,,SolicitudOTLog HTTP/1.1" 200 9799
186.79.189.240 - - [26/Mar/2018:16:01:17 -0300] "POST /cormun/servlet/acontrolpreferencessavestate?None,JPARRAGUEZ,true HTTP/1.1" 200 35
192.168.10.96 - - [26/Mar/2018:16:01:19 -0300] "POST /cormun/servlet/trsolicitudgral?0a48325d901ab68450a17d5c5b925593,,gx-no-cache=1522090711138 HTTP/1.1" 200 7640
200.54.247.70 - - [26/Mar/2018:16:01:27 -0300] "GET /cormun/servlet/solicitudot?afeb8e09803fbf4c2d18835fbf471905994a94fe54d8fece356d2e5ba15b29bebcb536b91964c7f543c47bd021e5a6cb,gx-no-cache=1522090829496 HTTP/1.1" 200 30
186.79.189.240 - - [26/Mar/2018:16:01:29 -0300] "GET /cormun/servlet/veautorizarsolicitud?2018,9407,,SolicitudOTAdjuntos HTTP/1.1" 200 9724
186.79.189.240 - - [26/Mar/2018:16:01:29 -0300] "GET /cormun/pexe_scrolldiv.js HTTP/1.1" 404 1009
186.79.189.240 - - [26/Mar/2018:16:01:29 -0300] "GET /cormun/static/tbautorizarsolicitud02.js?2017111423391281 HTTP/1.1" 200 14747
186.79.189.240 - - [26/Mar/2018:16:01:29 -0300] "GET /cormun/static/Resources/logo4.png HTTP/1.1" 200 6582
186.79.189.240 - - [26/Mar/2018:16:01:30 -0300] "GET /cormun/servlet/veautorizarsolicitud?2018,9407,,SolicitudOTAdjuntos HTTP/1.1" 200 9724
186.79.189.240 - - [26/Mar/2018:16:01:31 -0300] "POST /cormun/servlet/acontrolpreferencessavestate?None,JPARRAGUEZ,true HTTP/1.1" 200 35
186.79.189.240 - - [26/Mar/2018:16:01:32 -0300] "GET /cormun/servlet/veautorizarsolicitud?2018,9407,,General HTTP/1.1" 200 8579
186.79.189.240 - - [26/Mar/2018:16:01:33 -0300] "GET /cormun/pexe_scrolldiv.js HTTP/1.1" 404 1009
186.79.189.240 - - [26/Mar/2018:16:01:33 -0300] "GET /cormun/static/Resources/logo4.png HTTP/1.1" 200 6582
186.79.189.240 - - [26/Mar/2018:16:01:33 -0300] "GET /cormun/static/Resources/PXToolsHeaderActionsLeft.png HTTP/1.1" 200 1118
186.79.189.240 - - [26/Mar/2018:16:01:33 -0300] "GET /cormun/servlet/veautorizarsolicitud?2018,9407,,General HTTP/1.1" 200 8579
186.79.136.34 - - [26/Mar/2018:16:01:35 -0300] "GET /cormun/servlet/licenciaspermisos?0c5535429e147ab4939885d5e2a1e8e723e201bc919b94e741721203cc7f8de56a02d40eb959a58e8a771031a915ada7749e2152c8e3fe811a2b93a21de6ecfc1f87f7832c285e495f92ab41e2dff442c99103c8dac0460069ad89b140ec0d44e8bba9c69686316e640bd93b0bc911dddf7ac79fe7589f6dbf947545b877fa4f3313f6185b06d6d5e2231ebc28944eb6ae22640b3dd355a45d429fef407a6c1eaae06c507ed4f18dce36c5ef8a31cccb14b9fd7a3664b04093f5ce450758cf488422700fd72ed369f7bee8e0b695894e02071663d85242fe97aa5d2c4b2f3878,gx-no-cache=1522090843676 HTTP/1.1" 200 30
186.79.136.34 - - [26/Mar/2018:16:01:35 -0300] "GET /cormun/servlet/licenciaspermisos?0c5535429e147ab4939885d5e2a1e8e72e695ef91ec3edc7683c6e3f88440a235778895744501cda34cdb0e3be86cb9c99f8b661e6b7d9030bb57e1a6567e60e4eeeb34395bf94d13077edfd12cce0770b9a0b8634ebacd6679e1d419e643813145331413a0f037eb596a3666cbe676e57eaf7c5c93b8555a5db36a1adf2fcbbf67fee6e0f4816e844d52b2718802aa19c0b935f5eac23e471bc4fa58393fa1c1982780d976f76a38dc810d4927c69339f4d54bce2e78ed9f378630009666f1f2354098350557ab76d22180a7c3b271bde43b0138dd85791b8bcf6f6f00d4917,gx-no-cache=1522090843816 HTTP/1.1" 200 29
186.79.136.34 - - [26/Mar/2018:16:01:36 -0300] "POST /cormun/servlet/licenciaspermisos?4c46b9537d10e639ab8497db3ef6e7e8,INS,0,,,,gx-no-cache=1522090843910 HTTP/1.1" 200 93
186.79.136.34 - - [26/Mar/2018:16:01:36 -0300] "GET /cormun/servlet/hpexe_return? HTTP/1.1" 200 1012
186.79.136.34 - - [26/Mar/2018:16:01:37 -0300] "GET /cormun/servlet/trlicencias HTTP/1.1" 200 10627
186.79.136.34 - - [26/Mar/2018:16:01:38 -0300] "GET /cormun/servlet/trlicencias HTTP/1.1" 200 10622
186.79.136.34 - - [26/Mar/2018:16:01:46 -0300] "GET /cormun/servlet/alicenciaprn?10861333,L,20180326000000,PU HTTP/1.1" 200 1558
186.79.189.240 - - [26/Mar/2018:16:01:58 -0300] "GET /cormun/servlet/trsolicitudot? HTTP/1.1" 200 7435
186.79.189.240 - - [26/Mar/2018:16:01:59 -0300] "GET /cormun/static/gxcfg.js?2017111422585916 HTTP/1.1" 200 953
186.79.189.240 - - [26/Mar/2018:16:01:59 -0300] "GET /cormun/servlet/trsolicitudot? HTTP/1.1" 200 7419
200.54.247.70 - - [26/Mar/2018:16:02:03 -0300] "POST /cormun/servlet/solicitudot?gx-no-cache=1522090865041 HTTP/1.1" 200 30
186.79.189.240 - - [26/Mar/2018:16:02:05 -0300] "POST /cormun/servlet/trsolicitudot?b42fa95049beb27545aaf153f91a5780,,gx-no-cache=1522090869144 HTTP/1.1" 200 4507
186.79.189.240 - - [26/Mar/2018:16:02:12 -0300] "POST /cormun/servlet/trsolicitudot?b42fa95049beb27545aaf153f91a5780,,gx-no-cache=1522090875792 HTTP/1.1" 200 4508
186.79.189.240 - - [26/Mar/2018:16:02:20 -0300] "GET /cormun/servlet/trautorizarsolicitud? HTTP/1.1" 200 23744
186.79.189.240 - - [26/Mar/2018:16:02:20 -0300] "GET /cormun/static/Resources/logo4.png HTTP/1.1" 200 6582
186.79.189.240 - - [26/Mar/2018:16:02:21 -0300] "GET /cormun//static/Resources/PXTools/ActionInsert.png HTTP/1.1" 200 1482
186.79.189.240 - - [26/Mar/2018:16:02:21 -0300] "GET /cormun/servlet/trautorizarsolicitud? HTTP/1.1" 200 23744
192.168.10.96 - - [26/Mar/2018:16:02:23 -0300] "POST /cormun/servlet/trsolicitudgral?0a48325d901ab68450a17d5c5b925593,,gx-no-cache=1522090774167 HTTP/1.1" 200 25125
192.168.10.96 - - [26/Mar/2018:16:02:33 -0300] "POST /cormun/servlet/trsolicitudgral?0a48325d901ab68450a17d5c5b925593,,gx-no-cache=1522090784964 HTTP/1.1" 200 9728
192.168.10.96 - - [26/Mar/2018:16:02:41 -0300] "POST /cormun/servlet/trsolicitudgral?0a48325d901ab68450a17d5c5b925593,,gx-no-cache=1522090793128 HTTP/1.1" 200 7652
186.79.189.240 - - [26/Mar/2018:16:03:01 -0300] "POST /cormun/servlet/trautorizarsolicitud?b42fa95049beb27545aaf153f91a5780,,gx-no-cache=1522090923304 HTTP/1.1" 200 21102
186.79.189.240 - - [26/Mar/2018:16:03:02 -0300] "GET /cormun/static/Shared/jqueryui/images/ui-bg_highlight-soft_100_c6c2c8_1x100.png HTTP/1.1" 404 1117
186.79.189.240 - - [26/Mar/2018:16:03:02 -0300] "GET /cormun/static/Shared/jqueryui/images/ui-icons_82798d_256x240.png HTTP/1.1" 404 1089
186.79.189.240 - - [26/Mar/2018:16:03:02 -0300] "GET /cormun/static/Shared/jqueryui/images/ui-icons_8d78a5_256x240.png HTTP/1.1" 404 1089
186.79.189.240 - - [26/Mar/2018:16:03:02 -0300] "GET /cormun/static/Shared/jqueryui/images/ui-bg_flat_55_fafafa_40x100.png HTTP/1.1" 404 1097
200.54.247.70 - - [26/Mar/2018:16:03:03 -0300] "POST /cormun/servlet/solicitudot?ceb0bcf77f33dfc7f08bb6dce825d739,INS,0,0,,gx-no-cache=1522090924873 HTTP/1.1" 200 11971
200.54.247.70 - - [26/Mar/2018:16:03:03 -0300] "GET /cormun/static/Shared/jqueryui/images/ui-icons_82798d_256x240.png HTTP/1.1" 404 1089
200.54.247.70 - - [26/Mar/2018:16:03:03 -0300] "GET /cormun/static/Shared/jqueryui/images/ui-bg_highlight-soft_100_c6c2c8_1x100.png HTTP/1.1" 404 1117
200.54.247.70 - - [26/Mar/2018:16:03:03 -0300] "GET /cormun/static/Shared/jqueryui/images/ui-bg_flat_55_994d53_40x100.png HTTP/1.1" 404 1097
200.54.247.70 - - [26/Mar/2018:16:03:03 -0300] "GET /cormun/static/Shared/jqueryui/images/ui-icons_ebccce_256x240.png HTTP/1.1" 404 1089
186.79.189.240 - - [26/Mar/2018:16:03:17 -0300] "GET /cormun/servlet/trfichaempleado? HTTP/1.1" 200 12567
186.79.189.240 - - [26/Mar/2018:16:03:18 -0300] "GET /cormun/static/gxcfg.js?20177616262612 HTTP/1.1" 200 953
186.79.189.240 - - [26/Mar/2018:16:03:18 -0300] "POST /cormun/servlet/trautorizarsolicitud?b42fa95049beb27545aaf153f91a5780,,gx-no-cache=1522090940456 HTTP/1.1" 200 21117
186.79.189.240 - - [26/Mar/2018:16:03:27 -0300] "GET /cormun/servlet/veautorizarsolicitud?2018,9407,, HTTP/1.1" 200 8570
186.79.189.240 - - [26/Mar/2018:16:03:27 -0300] "GET /cormun/pexe_scrolldiv.js HTTP/1.1" 404 1009
186.79.189.240 - - [26/Mar/2018:16:03:27 -0300] "GET /cormun/static/Resources/PXToolsTabFirstSelected.png HTTP/1.1" 200 1259
186.79.189.240 - - [26/Mar/2018:16:03:27 -0300] "GET /cormun/static/Resources/logo4.png HTTP/1.1" 200 6582
186.79.189.240 - - [26/Mar/2018:16:03:28 -0300] "GET /cormun/static/Resources/PXToolsTabSelectedUnselected.png HTTP/1.1" 200 1428
186.79.189.240 - - [26/Mar/2018:16:03:28 -0300] "GET /cormun/static/Resources/PXToolsTabUnselectedUnselected.png HTTP/1.1" 200 1459
186.79.189.240 - - [26/Mar/2018:16:03:28 -0300] "GET /cormun/static/Resources/PXToolsTabBackUnselected.png HTTP/1.1" 200 1175
186.79.189.240 - - [26/Mar/2018:16:03:28 -0300] "GET /cormun/static/Resources/PXToolsTabBackSelected.png HTTP/1.1" 200 1157
186.79.189.240 - - [26/Mar/2018:16:03:28 -0300] "GET /cormun/servlet/veautorizarsolicitud?2018,9407,, HTTP/1.1" 200 8570
192.168.10.96 - - [26/Mar/2018:16:03:29 -0300] "POST /cormun/servlet/trsolicitudgral?0a48325d901ab68450a17d5c5b925593,,gx-no-cache=1522090840913 HTTP/1.1" 200 7887
200.54.247.70 - - [26/Mar/2018:16:03:35 -0300] "GET /cormun/servlet/solicitudot?afeb8e09803fbf4c2d18835fbf471905442b872b69f47b6cbf0560c492b00a25b7f9a9bb580d0afb2ba7d87204e26efd0ba8edd89f7da98a00ab42f734869003,gx-no-cache=1522090957312 HTTP/1.1" 200 30
200.54.247.70 - - [26/Mar/2018:16:03:35 -0300] "POST /cormun/servlet/solicitudot?gx-no-cache=1522090957351 HTTP/1.1" 200 256
200.54.247.70 - - [26/Mar/2018:16:03:35 -0300] "GET /cormun/servlet/solicitudot?afeb8e09803fbf4c2d18835fbf471905fd3481488d2fc293d310b42a5278739247edd34e1bfc0933752d2de94eeb469bea339e884d0984531faa137b0ad1309c06ee925ad1ceb8b8fdc726427f362220cd6f9d1293ff15e501cdadc80ee37a23132a36d4f767c361c3f91694aa45900b07f918955902e0d40f1a4b6c12f6934ea6af1d5f46af9d7d3f1975eb82b0f37b9363db666c58a88787d29b49a00f710e74efc73762598670f454f7efd5b12c7e49b3d04de4b732861351f5fe99bf6dfdaa39c59102fd591d4aef6c71b2f6e9b1c9d0b0976d55cfcbf7b6cd3fc5967ba8e77539516606d69e6a77f0d478f33542ca488c7eed6f2d9791ddb69b580460ade0a296a65a9fe470381092f9137286d30ac7dfdbe64e7e610f94ecd6e306e2c878ee4cb863c9a5f3876c3fa425bc78a1be2ae06af1493d8182b94143326c99d016468dee1bd4c538d6cba9c7efff1f8be65d2875a4443b1cd34aeb4e51351c37966693c412c8098adac7ccbdad498b9908347abcad106b3712c50541b192ced7,gx-no-cache=1522090957395 HTTP/1.1" 200 30
200.54.247.70 - - [26/Mar/2018:16:03:35 -0300] "POST /cormun/servlet/solicitudot?gx-no-cache=1522090957423 HTTP/1.1" 200 30
200.54.247.70 - - [26/Mar/2018:16:03:35 -0300] "POST /cormun/servlet/solicitudot?gx-no-cache=1522090957471 HTTP/1.1" 200 1337
200.54.247.70 - - [26/Mar/2018:16:03:35 -0300] "POST /cormun/servlet/solicitudot?gx-no-cache=1522090957523 HTTP/1.1" 200 40
200.54.247.70 - - [26/Mar/2018:16:03:35 -0300] "POST /cormun/servlet/solicitudot?gx-no-cache=1522090957598 HTTP/1.1" 200 1318
200.54.247.70 - - [26/Mar/2018:16:03:35 -0300] "POST /cormun/servlet/solicitudot?gx-no-cache=1522090957664 HTTP/1.1" 200 1218
200.54.247.70 - - [26/Mar/2018:16:03:35 -0300] "GET /cormun/servlet/solicitudot?afeb8e09803fbf4c2d18835fbf471905994a94fe54d8fece356d2e5ba15b29bebcb536b91964c7f543c47bd021e5a6cb,gx-no-cache=1522090957725 HTTP/1.1" 200 30
186.79.136.34 - - [26/Mar/2018:16:03:35 -0300] "POST /cormun/servlet/trlicencias?4c46b9537d10e639ab8497db3ef6e7e8,gx-no-cache=1522090962893 HTTP/1.1" 200 8136
200.54.247.70 - - [26/Mar/2018:16:03:35 -0300] "POST /cormun/servlet/solicitudot?gx-no-cache=1522090957765 HTTP/1.1" 200 30
186.79.136.34 - - [26/Mar/2018:16:03:35 -0300] "GET /cormun/static/Shared/jqueryui/images/ui-bg_highlight-soft_100_c6c2c8_1x100.png HTTP/1.1" 404 1117
200.54.247.70 - - [26/Mar/2018:16:03:36 -0300] "POST /cormun/servlet/solicitudot?ceb0bcf77f33dfc7f08bb6dce825d739,INS,0,0,,gx-no-cache=1522090957806 HTTP/1.1" 200 12026
186.79.136.34 - - [26/Mar/2018:16:03:36 -0300] "GET /cormun/static/Shared/jqueryui/images/ui-icons_82798d_256x240.png HTTP/1.1" 404 1089
186.79.136.34 - - [26/Mar/2018:16:03:36 -0300] "GET /cormun/static/Shared/jqueryui/images/ui-bg_flat_55_fafafa_40x100.png HTTP/1.1" 404 1097
186.79.136.34 - - [26/Mar/2018:16:03:36 -0300] "GET /cormun/static/Shared/jqueryui/images/ui-icons_8d78a5_256x240.png HTTP/1.1" 404 1089
186.79.136.34 - - [26/Mar/2018:16:03:41 -0300] "GET /cormun/servlet/trlicenciaspermisosadjuntos?10861333,20180326000000,L, HTTP/1.1" 200 6279
186.79.136.34 - - [26/Mar/2018:16:03:41 -0300] "GET /cormun/static/gxcfg.js?20177612163414 HTTP/1.1" 304 -
186.79.136.34 - - [26/Mar/2018:16:03:42 -0300] "GET /cormun/servlet/trlicenciaspermisosadjuntos?10861333,20180326000000,L, HTTP/1.1" 200 6279
186.79.136.34 - - [26/Mar/2018:16:03:48 -0300] "GET /cormun/servlet/licenciaspermisosadjuntos?INS,10861333,L,20180326000000,, HTTP/1.1" 200 5574
186.79.136.34 - - [26/Mar/2018:16:03:48 -0300] "GET /cormun/static/gxcfg.js?2017761263592 HTTP/1.1" 304 -
186.79.136.34 - - [26/Mar/2018:16:03:48 -0300] "GET /cormun/static/about:blank HTTP/1.1" 404 1011
186.79.136.34 - - [26/Mar/2018:16:03:48 -0300] "GET /cormun/servlet/licenciaspermisosadjuntos?INS,10861333,L,20180326000000,, HTTP/1.1" 200 5564
186.103.159.189 - - [26/Mar/2018:16:03:54 -0300] "GET /cormun/servlet/trsolicitudot? HTTP/1.1" 200 7188
186.103.159.189 - - [26/Mar/2018:16:03:56 -0300] "GET /cormun/servlet/trsolicitudot? HTTP/1.1" 200 7187
186.103.159.189 - - [26/Mar/2018:16:04:30 -0300] "GET /cormun/servlet/solicitudot?INS,0,0, HTTP/1.1" 200 13429
186.103.159.189 - - [26/Mar/2018:16:04:32 -0300] "GET /cormun/servlet/solicitudot?INS,0,0, HTTP/1.1" 200 13434
186.103.159.189 - - [26/Mar/2018:16:04:35 -0300] "GET /cormun/servlet/prfichaempleado?,MD,,gxPopupLevel%3D0%3B HTTP/1.1" 200 9327
186.103.159.189 - - [26/Mar/2018:16:04:48 -0300] "POST /cormun/servlet/prfichaempleado?17a304dbfb96eddf1c471c79979b4a1a,,MD,,gxPopupLevel%3D0%3B,gx-no-cache=1522091037230 HTTP/1.1" 200 3408
186.103.159.189 - - [26/Mar/2018:16:04:55 -0300] "POST /cormun/servlet/solicitudot?gx-no-cache=1522091043313 HTTP/1.1" 200 3391
186.103.159.189 - - [26/Mar/2018:16:04:55 -0300] "POST /cormun/servlet/solicitudot?17a304dbfb96eddf1c471c79979b4a1a,INS,0,0,,gx-no-cache=1522091043615 HTTP/1.1" 200 10352
186.79.136.34 - - [26/Mar/2018:16:04:57 -0300] "POST /cormun/servlet/licenciaspermisosadjuntos?4c46b9537d10e639ab8497db3ef6e7e8,INS,10861333,L,20180326000000,, HTTP/1.1" 200 116
186.79.136.34 - - [26/Mar/2018:16:04:58 -0300] "GET /cormun/servlet/hpexe_return? HTTP/1.1" 200 1042
186.79.136.34 - - [26/Mar/2018:16:04:58 -0300] "GET /cormun/servlet/trlicenciaspermisosadjuntos?10861333,20180326000000,L, HTTP/1.1" 200 6757
186.79.136.34 - - [26/Mar/2018:16:04:59 -0300] "GET /cormun/servlet/trlicenciaspermisosadjuntos?10861333,20180326000000,L, HTTP/1.1" 200 6754
