186.103.159.187 - - [26/Mar/2018:16:47:05 -0300] "POST /cormun/servlet/licenciaspermisos?8633ce3726586ce70c8671f031fcce0d,INS,0,,,,gx-no-cache=1522097262313 HTTP/1.1" 200 93
186.103.159.187 - - [26/Mar/2018:16:47:05 -0300] "GET /cormun/servlet/hpexe_return? HTTP/1.1" 200 1011
186.103.159.187 - - [26/Mar/2018:16:47:06 -0300] "GET /cormun/servlet/trlicencias HTTP/1.1" 200 9397
186.103.159.182 - - [26/Mar/2018:16:47:06 -0300] "GET /cormun/servlet/solicitudotadjuntos?2ba41c90cca088944a4c5c7120527ff1ee4bdeff0b5bf7651c1d456f647bbec2,gx-no-cache=1522093573680 HTTP/1.1" 200 30
186.103.159.182 - - [26/Mar/2018:16:47:06 -0300] "GET /cormun/servlet/solicitudotadjuntos?2ba41c90cca088944a4c5c7120527ff1ee4bdeff0b5bf7651c1d456f647bbec2,gx-no-cache=1522093573705 HTTP/1.1" 200 30
186.103.159.187 - - [26/Mar/2018:16:47:07 -0300] "GET /cormun/servlet/trlicencias HTTP/1.1" 200 9392
186.103.159.182 - - [26/Mar/2018:16:47:08 -0300] "POST /cormun/servlet/solicitudotadjuntos?df63c697f4b97a32a971f0f7afc2de31,INS,2018,10855,,1, HTTP/1.1" 200 116
186.103.159.182 - - [26/Mar/2018:16:47:08 -0300] "GET /cormun/servlet/hpexe_return? HTTP/1.1" 200 1022
186.103.159.182 - - [26/Mar/2018:16:47:09 -0300] "GET /cormun/servlet/trsolicitudadjuntos?2018,10855, HTTP/1.1" 200 8786
186.103.159.182 - - [26/Mar/2018:16:47:09 -0300] "GET /cormun/servlet/trsolicitudadjuntos?2018,10855, HTTP/1.1" 200 8785
192.168.10.96 - - [26/Mar/2018:16:47:12 -0300] "POST /cormun/servlet/trsolicitudgral?0a48325d901ab68450a17d5c5b925593,,gx-no-cache=1522093463657 HTTP/1.1" 200 8112
186.103.159.187 - - [26/Mar/2018:16:47:14 -0300] "GET /cormun/servlet/alicenciaprn?9543879,L,20180326000000,PU HTTP/1.1" 200 1544
186.103.159.182 - - [26/Mar/2018:16:47:17 -0300] "GET /cormun/servlet/solicitudotadjuntos?INS,2018,10855,,1, HTTP/1.1" 200 6297
186.103.159.182 - - [26/Mar/2018:16:47:17 -0300] "GET /cormun/static/about:blank HTTP/1.1" 404 1011
186.103.159.182 - - [26/Mar/2018:16:47:17 -0300] "GET /cormun/servlet/solicitudotadjuntos?INS,2018,10855,,1, HTTP/1.1" 200 6290
186.103.159.182 - - [26/Mar/2018:16:47:18 -0300] "GET /cormun/servlet/solicitudotadjuntos?2ba41c90cca088944a4c5c7120527ff1ab3c9f989e15ae34e035dd88085e1b1384c36b5e4a26ca682be2d28e30743c08,gx-no-cache=1522093585796 HTTP/1.1" 200 30
186.103.159.182 - - [26/Mar/2018:16:47:23 -0300] "POST /cormun/servlet/solicitudotadjuntos?df63c697f4b97a32a971f0f7afc2de31,INS,2018,10855,,1,,gx-no-cache=1522093590810 HTTP/1.1" 200 3978
186.103.159.182 - - [26/Mar/2018:16:47:27 -0300] "POST /cormun/servlet/solicitudotadjuntos?gx-no-cache=1522093594912 HTTP/1.1" 200 26
186.103.159.187 - - [26/Mar/2018:16:47:29 -0300] "GET /cormun/servlet/trlicenciaspermisosadjuntos?9543879,20180326000000,L, HTTP/1.1" 200 6280
186.103.159.187 - - [26/Mar/2018:16:47:30 -0300] "GET /cormun/servlet/trlicenciaspermisosadjuntos?9543879,20180326000000,L, HTTP/1.1" 200 6281
186.103.159.187 - - [26/Mar/2018:16:47:32 -0300] "GET /cormun/servlet/licenciaspermisosadjuntos?INS,9543879,L,20180326000000,, HTTP/1.1" 200 5575
186.103.159.187 - - [26/Mar/2018:16:47:33 -0300] "GET /cormun/static/about:blank HTTP/1.1" 404 1011
186.103.159.187 - - [26/Mar/2018:16:47:33 -0300] "GET /cormun/servlet/licenciaspermisosadjuntos?INS,9543879,L,20180326000000,, HTTP/1.1" 200 5566
186.103.159.182 - - [26/Mar/2018:16:47:38 -0300] "GET /cormun/servlet/solicitudotadjuntos?2ba41c90cca088944a4c5c7120527ff1ee4bdeff0b5bf7651c1d456f647bbec2,gx-no-cache=1522093606288 HTTP/1.1" 200 30
186.103.159.182 - - [26/Mar/2018:16:47:38 -0300] "GET /cormun/servlet/solicitudotadjuntos?2ba41c90cca088944a4c5c7120527ff1ee4bdeff0b5bf7651c1d456f647bbec2,gx-no-cache=1522093606305 HTTP/1.1" 200 30
186.103.159.182 - - [26/Mar/2018:16:47:40 -0300] "POST /cormun/servlet/solicitudotadjuntos?df63c697f4b97a32a971f0f7afc2de31,INS,2018,10855,,1, HTTP/1.1" 200 116
186.103.159.182 - - [26/Mar/2018:16:47:40 -0300] "GET /cormun/servlet/hpexe_return? HTTP/1.1" 200 1022
186.103.159.182 - - [26/Mar/2018:16:47:41 -0300] "GET /cormun/servlet/trsolicitudadjuntos?2018,10855, HTTP/1.1" 200 8999
186.103.159.182 - - [26/Mar/2018:16:47:41 -0300] "GET /cormun/servlet/trsolicitudadjuntos?2018,10855, HTTP/1.1" 200 8997
192.168.10.96 - - [26/Mar/2018:16:47:44 -0300] "POST /cormun/servlet/trsolicitudgral?0a48325d901ab68450a17d5c5b925593,,gx-no-cache=1522093496074 HTTP/1.1" 200 7343
186.103.159.182 - - [26/Mar/2018:16:47:46 -0300] "GET /cormun/servlet/solicitudotadjuntos?INS,2018,10855,,1, HTTP/1.1" 200 6297
186.103.159.182 - - [26/Mar/2018:16:47:46 -0300] "GET /cormun/static/about:blank HTTP/1.1" 404 1011
186.103.159.187 - - [26/Mar/2018:16:47:46 -0300] "POST /cormun/servlet/licenciaspermisosadjuntos?8633ce3726586ce70c8671f031fcce0d,INS,9543879,L,20180326000000,, HTTP/1.1" 200 116
186.103.159.182 - - [26/Mar/2018:16:47:46 -0300] "GET /cormun/servlet/solicitudotadjuntos?INS,2018,10855,,1, HTTP/1.1" 200 6290
186.103.159.187 - - [26/Mar/2018:16:47:47 -0300] "GET /cormun/servlet/hpexe_return? HTTP/1.1" 200 1042
186.103.159.182 - - [26/Mar/2018:16:47:47 -0300] "GET /cormun/servlet/solicitudotadjuntos?2ba41c90cca088944a4c5c7120527ff1ab3c9f989e15ae34e035dd88085e1b1384c36b5e4a26ca682be2d28e30743c08,gx-no-cache=1522093614829 HTTP/1.1" 200 30
186.103.159.187 - - [26/Mar/2018:16:47:47 -0300] "GET /cormun/servlet/trlicenciaspermisosadjuntos?9543879,20180326000000,L, HTTP/1.1" 200 6763
186.103.159.182 - - [26/Mar/2018:16:47:47 -0300] "POST /cormun/servlet/solicitudotadjuntos?df63c697f4b97a32a971f0f7afc2de31,INS,2018,10855,,1,,gx-no-cache=1522093614871 HTTP/1.1" 200 3978
186.103.159.187 - - [26/Mar/2018:16:47:48 -0300] "GET /cormun/servlet/trlicenciaspermisosadjuntos?9543879,20180326000000,L, HTTP/1.1" 200 6760
186.103.159.182 - - [26/Mar/2018:16:47:52 -0300] "POST /cormun/servlet/solicitudotadjuntos?gx-no-cache=1522093619567 HTTP/1.1" 200 26
186.103.159.187 - - [26/Mar/2018:16:47:52 -0300] "POST /cormun/servlet/trlicenciaspermisosadjuntos?8633ce3726586ce70c8671f031fcce0d,9543879,20180326000000,L,,gx-no-cache=1522097309096 HTTP/1.1" 200 90
186.103.159.187 - - [26/Mar/2018:16:47:52 -0300] "GET /cormun/servlet/hpexe_link HTTP/1.1" 200 985
186.103.159.187 - - [26/Mar/2018:16:47:52 -0300] "GET /cormun/servlet/trlicencias HTTP/1.1" 200 9394
186.103.159.187 - - [26/Mar/2018:16:47:53 -0300] "GET /cormun/servlet/trlicencias HTTP/1.1" 200 9392
186.103.159.182 - - [26/Mar/2018:16:48:00 -0300] "GET /cormun/servlet/solicitudotadjuntos?2ba41c90cca088944a4c5c7120527ff1ee4bdeff0b5bf7651c1d456f647bbec2,gx-no-cache=1522093627536 HTTP/1.1" 200 30
186.103.159.182 - - [26/Mar/2018:16:48:00 -0300] "GET /cormun/servlet/solicitudotadjuntos?2ba41c90cca088944a4c5c7120527ff1ee4bdeff0b5bf7651c1d456f647bbec2,gx-no-cache=1522093627559 HTTP/1.1" 200 30
186.103.159.182 - - [26/Mar/2018:16:48:04 -0300] "POST /cormun/servlet/solicitudotadjuntos?df63c697f4b97a32a971f0f7afc2de31,INS,2018,10855,,1, HTTP/1.1" 200 116
186.103.159.182 - - [26/Mar/2018:16:48:04 -0300] "GET /cormun/servlet/hpexe_return? HTTP/1.1" 200 1022
186.103.159.187 - - [26/Mar/2018:16:48:04 -0300] "POST /cormun/servlet/trlicencias?8633ce3726586ce70c8671f031fcce0d,gx-no-cache=1522097321126 HTTP/1.1" 200 6796
186.103.159.187 - - [26/Mar/2018:16:48:04 -0300] "GET /cormun/static/Shared/jqueryui/images/ui-bg_highlight-soft_100_c6c2c8_1x100.png HTTP/1.1" 404 1117
186.103.159.187 - - [26/Mar/2018:16:48:04 -0300] "GET /cormun/static/Shared/jqueryui/images/ui-icons_82798d_256x240.png HTTP/1.1" 404 1089
186.103.159.187 - - [26/Mar/2018:16:48:04 -0300] "GET /cormun/static/Shared/jqueryui/images/ui-bg_flat_55_fafafa_40x100.png HTTP/1.1" 404 1097
186.103.159.187 - - [26/Mar/2018:16:48:04 -0300] "GET /cormun/static/Shared/jqueryui/images/ui-icons_8d78a5_256x240.png HTTP/1.1" 404 1089
186.103.159.182 - - [26/Mar/2018:16:48:04 -0300] "GET /cormun/servlet/trsolicitudadjuntos?2018,10855, HTTP/1.1" 200 9167
186.103.159.182 - - [26/Mar/2018:16:48:05 -0300] "GET /cormun/servlet/trsolicitudadjuntos?2018,10855, HTTP/1.1" 200 9167
186.103.159.182 - - [26/Mar/2018:16:48:17 -0300] "GET /cormun/servlet/solicitudotadjuntos?INS,2018,10855,,1, HTTP/1.1" 200 6296
186.103.159.182 - - [26/Mar/2018:16:48:18 -0300] "GET /cormun/static/about:blank HTTP/1.1" 404 1011
186.103.159.182 - - [26/Mar/2018:16:48:18 -0300] "GET /cormun/servlet/solicitudotadjuntos?INS,2018,10855,,1, HTTP/1.1" 200 6289
186.103.159.182 - - [26/Mar/2018:16:48:18 -0300] "GET /cormun/servlet/solicitudotadjuntos?2ba41c90cca088944a4c5c7120527ff1ab3c9f989e15ae34e035dd88085e1b1384c36b5e4a26ca682be2d28e30743c08,gx-no-cache=1522093646328 HTTP/1.1" 200 30
186.103.159.182 - - [26/Mar/2018:16:48:18 -0300] "POST /cormun/servlet/solicitudotadjuntos?df63c697f4b97a32a971f0f7afc2de31,INS,2018,10855,,1,,gx-no-cache=1522093646352 HTTP/1.1" 200 3977
186.103.159.182 - - [26/Mar/2018:16:48:21 -0300] "POST /cormun/servlet/solicitudotadjuntos?gx-no-cache=1522093649127 HTTP/1.1" 200 26
186.103.159.182 - - [26/Mar/2018:16:48:29 -0300] "GET /cormun/servlet/solicitudotadjuntos?2ba41c90cca088944a4c5c7120527ff1ee4bdeff0b5bf7651c1d456f647bbec2,gx-no-cache=1522093656560 HTTP/1.1" 200 30
186.103.159.182 - - [26/Mar/2018:16:48:29 -0300] "GET /cormun/servlet/solicitudotadjuntos?2ba41c90cca088944a4c5c7120527ff1ee4bdeff0b5bf7651c1d456f647bbec2,gx-no-cache=1522093656576 HTTP/1.1" 200 30
186.103.159.182 - - [26/Mar/2018:16:48:30 -0300] "POST /cormun/servlet/solicitudotadjuntos?df63c697f4b97a32a971f0f7afc2de31,INS,2018,10855,,1, HTTP/1.1" 200 116
186.103.159.182 - - [26/Mar/2018:16:48:30 -0300] "GET /cormun/servlet/hpexe_return? HTTP/1.1" 200 1022
186.103.159.182 - - [26/Mar/2018:16:48:31 -0300] "GET /cormun/servlet/trsolicitudadjuntos?2018,10855, HTTP/1.1" 200 9395
186.103.159.182 - - [26/Mar/2018:16:48:32 -0300] "GET /cormun/servlet/trsolicitudadjuntos?2018,10855, HTTP/1.1" 200 9395
186.103.159.182 - - [26/Mar/2018:16:48:36 -0300] "GET /cormun/servlet/solicitudotadjuntos?INS,2018,10855,,1, HTTP/1.1" 200 6296
186.103.159.182 - - [26/Mar/2018:16:48:36 -0300] "GET /cormun/static/about:blank HTTP/1.1" 404 1011
186.103.159.182 - - [26/Mar/2018:16:48:36 -0300] "GET /cormun/servlet/solicitudotadjuntos?INS,2018,10855,,1, HTTP/1.1" 200 6289
186.103.159.182 - - [26/Mar/2018:16:48:36 -0300] "GET /cormun/servlet/solicitudotadjuntos?2ba41c90cca088944a4c5c7120527ff1ab3c9f989e15ae34e035dd88085e1b1384c36b5e4a26ca682be2d28e30743c08,gx-no-cache=1522093664289 HTTP/1.1" 200 30
186.103.159.182 - - [26/Mar/2018:16:48:37 -0300] "POST /cormun/servlet/solicitudotadjuntos?df63c697f4b97a32a971f0f7afc2de31,INS,2018,10855,,1,,gx-no-cache=1522093664335 HTTP/1.1" 200 3977
186.103.159.182 - - [26/Mar/2018:16:48:40 -0300] "POST /cormun/servlet/solicitudotadjuntos?gx-no-cache=1522093668231 HTTP/1.1" 200 26
186.103.159.182 - - [26/Mar/2018:16:48:47 -0300] "GET /cormun/servlet/solicitudotadjuntos?2ba41c90cca088944a4c5c7120527ff1ee4bdeff0b5bf7651c1d456f647bbec2,gx-no-cache=1522093674991 HTTP/1.1" 200 30
186.103.159.182 - - [26/Mar/2018:16:48:47 -0300] "GET /cormun/servlet/solicitudotadjuntos?2ba41c90cca088944a4c5c7120527ff1ee4bdeff0b5bf7651c1d456f647bbec2,gx-no-cache=1522093675031 HTTP/1.1" 200 30
186.103.159.182 - - [26/Mar/2018:16:48:48 -0300] "POST /cormun/servlet/solicitudotadjuntos?df63c697f4b97a32a971f0f7afc2de31,INS,2018,10855,,1, HTTP/1.1" 200 116
186.103.159.182 - - [26/Mar/2018:16:48:48 -0300] "GET /cormun/servlet/hpexe_return? HTTP/1.1" 200 1022
186.103.159.182 - - [26/Mar/2018:16:48:48 -0300] "GET /cormun/servlet/trsolicitudadjuntos?2018,10855, HTTP/1.1" 200 9602
186.103.159.182 - - [26/Mar/2018:16:48:49 -0300] "GET /cormun/servlet/trsolicitudadjuntos?2018,10855, HTTP/1.1" 200 9599
186.103.159.182 - - [26/Mar/2018:16:48:54 -0300] "GET /cormun/servlet/solicitudotadjuntos?INS,2018,10855,,1, HTTP/1.1" 200 6297
186.103.159.182 - - [26/Mar/2018:16:48:55 -0300] "GET /cormun/static/about:blank HTTP/1.1" 404 1011
186.103.159.182 - - [26/Mar/2018:16:48:55 -0300] "GET /cormun/servlet/solicitudotadjuntos?INS,2018,10855,,1, HTTP/1.1" 200 6290
186.103.159.182 - - [26/Mar/2018:16:48:56 -0300] "GET /cormun/servlet/solicitudotadjuntos?2ba41c90cca088944a4c5c7120527ff1ab3c9f989e15ae34e035dd88085e1b1384c36b5e4a26ca682be2d28e30743c08,gx-no-cache=1522093683432 HTTP/1.1" 200 30
186.103.159.182 - - [26/Mar/2018:16:48:56 -0300] "POST /cormun/servlet/solicitudotadjuntos?df63c697f4b97a32a971f0f7afc2de31,INS,2018,10855,,1,,gx-no-cache=1522093683502 HTTP/1.1" 200 3978
186.103.159.182 - - [26/Mar/2018:16:48:59 -0300] "POST /cormun/servlet/solicitudotadjuntos?gx-no-cache=1522093687039 HTTP/1.1" 200 26
186.103.159.182 - - [26/Mar/2018:16:49:07 -0300] "GET /cormun/servlet/solicitudotadjuntos?2ba41c90cca088944a4c5c7120527ff1ee4bdeff0b5bf7651c1d456f647bbec2,gx-no-cache=1522093694472 HTTP/1.1" 200 30
186.103.159.182 - - [26/Mar/2018:16:49:07 -0300] "GET /cormun/servlet/solicitudotadjuntos?2ba41c90cca088944a4c5c7120527ff1ee4bdeff0b5bf7651c1d456f647bbec2,gx-no-cache=1522093694496 HTTP/1.1" 200 30
186.103.159.182 - - [26/Mar/2018:16:49:09 -0300] "POST /cormun/servlet/solicitudotadjuntos?df63c697f4b97a32a971f0f7afc2de31,INS,2018,10855,,1, HTTP/1.1" 200 116
186.103.159.182 - - [26/Mar/2018:16:49:09 -0300] "GET /cormun/servlet/hpexe_return? HTTP/1.1" 200 1022
186.103.159.182 - - [26/Mar/2018:16:49:10 -0300] "GET /cormun/servlet/trsolicitudadjuntos?2018,10855, HTTP/1.1" 200 9856
186.103.159.182 - - [26/Mar/2018:16:49:11 -0300] "GET /cormun/servlet/trsolicitudadjuntos?2018,10855, HTTP/1.1" 200 9858
186.103.157.98 - - [26/Mar/2018:16:49:38 -0300] "POST /cormun/servlet/solicitudot?gx-no-cache=1522093725884 HTTP/1.1" 440 972
186.103.157.98 - - [26/Mar/2018:16:49:41 -0300] "POST /cormun/servlet/solicitudot?bacf86c1a20217d03e515005a546b43b,INS,0,0,,gx-no-cache=1522093729541 HTTP/1.1" 440 972
186.103.157.98 - - [26/Mar/2018:16:49:42 -0300] "GET /cormun/servlet/solicitudot?a8e2d7980b009a1efcebc2d0c971ac728bdc9f9cca960ba78777218170110d7c71833824226c961f6ccf217d317d5ffb,gx-no-cache=1522093730734 HTTP/1.1" 440 972
186.103.157.98 - - [26/Mar/2018:16:49:43 -0300] "GET /cormun/servlet/solicitudot?INS,0,0, HTTP/1.1" 200 12658
186.103.157.98 - - [26/Mar/2018:16:49:45 -0300] "GET /cormun/servlet/solicitudot?INS,0,0, HTTP/1.1" 200 12658
186.103.157.98 - - [26/Mar/2018:16:49:45 -0300] "GET /cormun/servlet/hlogin HTTP/1.1" 200 1740
186.103.157.98 - - [26/Mar/2018:16:49:47 -0300] "POST /cormun/servlet/hlogin?2a42e9a045bd4c993c1f77b35d7c1b46,gx-no-cache=1522093735559 HTTP/1.1" 200 90
186.103.157.98 - - [26/Mar/2018:16:49:47 -0300] "GET /cormun/servlet/hpexe_link HTTP/1.1" 200 962
186.103.157.98 - - [26/Mar/2018:16:49:47 -0300] "GET /cormun/servlet/solicitudot?INS,0,0, HTTP/1.1" 200 13528
186.103.157.98 - - [26/Mar/2018:16:49:48 -0300] "GET /cormun/servlet/solicitudot?INS,0,0, HTTP/1.1" 200 13533
186.103.157.98 - - [26/Mar/2018:16:49:56 -0300] "POST /cormun/servlet/solicitudot?gx-no-cache=1522093744778 HTTP/1.1" 200 3446
186.103.157.98 - - [26/Mar/2018:16:49:57 -0300] "GET /cormun/static/Shared/jqueryui/images/ui-bg_highlight-soft_100_c6c2c8_1x100.png HTTP/1.1" 404 1117
186.103.157.98 - - [26/Mar/2018:16:49:57 -0300] "GET /cormun/static/Shared/jqueryui/images/ui-icons_82798d_256x240.png HTTP/1.1" 404 1089
186.103.157.98 - - [26/Mar/2018:16:49:57 -0300] "GET /cormun/static/Shared/jqueryui/images/ui-icons_ebccce_256x240.png HTTP/1.1" 404 1089
186.103.157.98 - - [26/Mar/2018:16:49:57 -0300] "GET /cormun/static/Shared/jqueryui/images/ui-bg_flat_55_994d53_40x100.png HTTP/1.1" 404 1097
192.168.10.96 - - [26/Mar/2018:16:49:58 -0300] "POST /cormun/servlet/trsolicitudgral?0a48325d901ab68450a17d5c5b925593,,gx-no-cache=1522093629762 HTTP/1.1" 200 7654
186.103.157.98 - - [26/Mar/2018:16:50:01 -0300] "GET /cormun/servlet/solicitudot?b2e5400e8064436b7abc0a77e0c871f68dee092353e22c9baf3ca2179eea6ed705c2c867f89eb4235b92933df5ca00e0,gx-no-cache=1522093748908 HTTP/1.1" 200 30
186.103.159.182 - - [26/Mar/2018:16:50:07 -0300] "POST /cormun/servlet/trsolicitudadjuntos?df63c697f4b97a32a971f0f7afc2de31,2018,10855,,gx-no-cache=1522093754436 HTTP/1.1" 200 90
186.103.159.182 - - [26/Mar/2018:16:50:07 -0300] "GET /cormun/servlet/hpexe_link HTTP/1.1" 200 984
186.103.159.182 - - [26/Mar/2018:16:50:07 -0300] "GET /cormun/servlet/trsolicitudot?gx-no-cache=1522093529155 HTTP/1.1" 200 8830
186.103.159.182 - - [26/Mar/2018:16:50:08 -0300] "GET /cormun/servlet/trsolicitudot?gx-no-cache=1522093529155 HTTP/1.1" 200 8849
186.103.159.182 - - [26/Mar/2018:16:50:13 -0300] "POST /cormun/servlet/trsolicitudot?df63c697f4b97a32a971f0f7afc2de31,gx-no-cache=1522093529155,gx-no-cache=1522093760710 HTTP/1.1" 200 4667
186.103.159.182 - - [26/Mar/2018:16:50:13 -0300] "GET /cormun/static/Shared/jqueryui/images/ui-bg_highlight-soft_100_c6c2c8_1x100.png HTTP/1.1" 404 1117
186.103.159.182 - - [26/Mar/2018:16:50:13 -0300] "GET /cormun/static/Shared/jqueryui/images/ui-icons_8d78a5_256x240.png HTTP/1.1" 404 1089
186.103.159.182 - - [26/Mar/2018:16:50:13 -0300] "GET /cormun/static/Shared/jqueryui/images/ui-bg_flat_55_fafafa_40x100.png HTTP/1.1" 404 1097
186.103.159.182 - - [26/Mar/2018:16:50:13 -0300] "GET /cormun/static/Shared/jqueryui/images/ui-icons_82798d_256x240.png HTTP/1.1" 404 1089
186.103.159.182 - - [26/Mar/2018:16:50:13 -0300] "POST /cormun/servlet/trsolicitudot?df63c697f4b97a32a971f0f7afc2de31,gx-no-cache=1522093529155,gx-no-cache=1522093760869 HTTP/1.1" 200 4443
186.103.156.24 - - [26/Mar/2018:16:50:14 -0300] "GET /cormun/servlet/licenciaspermisos?786c721519945c4cae7d7bd3adf4dc666b975e0d73499ec854359c081720fde795b44c5ed4f461bfa7895ef41d69c6e8e3fdae96db439f0dc7478b7c995ea5de3101297505ad00ad2d9127509966ca8fdcdd511014fd97919308dd9fafe25d6787e71af210077feda8d8d362e1ea5a887fd2f3d5fb579a190f70b140fd6df577427ba66ead40154c87837c31d776930161c162bab7117fc42138e24a216ba927d904537313dc66ff177a490e0fb57e0b48ca6ddeca7c2ac3a6a60db08fb09a78c46f537e6da367cfc47ee8ac148db9475f99522a7a106ffcd4084e71b2394de2,gx-no-cache=1522093764713 HTTP/1.1" 200 30
186.103.156.24 - - [26/Mar/2018:16:50:14 -0300] "GET /cormun/servlet/licenciaspermisos?786c721519945c4cae7d7bd3adf4dc66b9785cc428b2be481df1297b83d0e81864c0450a161396976a40d946db5941796ce65e76c6b6779240c5b8b6f58658c0ac11c96943fd3cbe8887752013e093aec6a9b5c29ce0626d67034a998e42237149f00946454b28f22e6d5ef3ef7bacb3ca2b69f9fd39e95f073008769edba4cbfc35e1d4304389a81874e41fe6e591ddbb5dff36fa90d4dfa28897fd71dea15660d999871391ba50a0659e9e048d0ef53e12bbbfa72034d542cb968e8a248b5f9ecee114fa141d7a8775a2b2a48be1df3b743aa336cce7f3bc057b3b003f78d1,gx-no-cache=1522093764764 HTTP/1.1" 200 29
186.103.156.24 - - [26/Mar/2018:16:50:15 -0300] "POST /cormun/servlet/licenciaspermisos?245e92caa0565632b200840fc199defe,INS,0,,,,gx-no-cache=1522093764788 HTTP/1.1" 200 93
186.103.156.24 - - [26/Mar/2018:16:50:15 -0300] "GET /cormun/servlet/hpexe_return? HTTP/1.1" 200 1012
186.103.156.24 - - [26/Mar/2018:16:50:15 -0300] "GET /cormun/servlet/trlicencias HTTP/1.1" 200 10811
186.103.159.182 - - [26/Mar/2018:16:50:16 -0300] "GET /cormun/servlet/trautorizarsolicitud? HTTP/1.1" 200 7390
186.103.156.24 - - [26/Mar/2018:16:50:16 -0300] "GET /cormun/servlet/trlicencias HTTP/1.1" 200 10806
186.103.159.182 - - [26/Mar/2018:16:50:17 -0300] "GET /cormun/servlet/trautorizarsolicitud? HTTP/1.1" 200 7369
186.103.156.24 - - [26/Mar/2018:16:50:19 -0300] "GET /cormun/servlet/trlicenciaspermisosadjuntos?17378428,20180326000000,L, HTTP/1.1" 200 6575
186.103.156.24 - - [26/Mar/2018:16:50:20 -0300] "GET /cormun/servlet/trlicenciaspermisosadjuntos?17378428,20180326000000,L, HTTP/1.1" 200 6576
186.103.156.24 - - [26/Mar/2018:16:50:22 -0300] "GET /cormun/servlet/licenciaspermisosadjuntos?INS,17378428,L,20180326000000,, HTTP/1.1" 200 5876
186.103.156.24 - - [26/Mar/2018:16:50:22 -0300] "GET /cormun/static/gxcfg.js?2017761263592 HTTP/1.1" 200 953
186.103.156.24 - - [26/Mar/2018:16:50:22 -0300] "GET /cormun/static/about:blank HTTP/1.1" 404 1011
186.103.156.24 - - [26/Mar/2018:16:50:22 -0300] "GET /cormun/servlet/licenciaspermisosadjuntos?INS,17378428,L,20180326000000,, HTTP/1.1" 200 5866
186.103.159.182 - - [26/Mar/2018:16:50:23 -0300] "POST /cormun/servlet/trautorizarsolicitud?df63c697f4b97a32a971f0f7afc2de31,,gx-no-cache=1522093770457 HTTP/1.1" 200 5756
192.168.10.96 - - [26/Mar/2018:16:50:25 -0300] "POST /cormun/servlet/trsolicitudgral?0a48325d901ab68450a17d5c5b925593,,gx-no-cache=1522093656305 HTTP/1.1" 200 7904
186.103.159.182 - - [26/Mar/2018:16:50:29 -0300] "POST /cormun/servlet/trautorizarsolicitud?df63c697f4b97a32a971f0f7afc2de31,,gx-no-cache=1522093776434 HTTP/1.1" 200 4612
186.103.159.182 - - [26/Mar/2018:16:50:29 -0300] "POST /cormun/servlet/trautorizarsolicitud?df63c697f4b97a32a971f0f7afc2de31,,gx-no-cache=1522093776926 HTTP/1.1" 200 4389
186.103.156.24 - - [26/Mar/2018:16:50:42 -0300] "POST /cormun/servlet/licenciaspermisosadjuntos?245e92caa0565632b200840fc199defe,INS,17378428,L,20180326000000,, HTTP/1.1" 200 116
186.103.156.24 - - [26/Mar/2018:16:50:42 -0300] "GET /cormun/servlet/hpexe_return? HTTP/1.1" 200 1042
186.103.156.24 - - [26/Mar/2018:16:50:43 -0300] "GET /cormun/servlet/trlicenciaspermisosadjuntos?17378428,20180326000000,L, HTTP/1.1" 200 7081
186.103.156.24 - - [26/Mar/2018:16:50:43 -0300] "GET /cormun/servlet/trlicenciaspermisosadjuntos?17378428,20180326000000,L, HTTP/1.1" 200 7085
186.103.156.24 - - [26/Mar/2018:16:50:46 -0300] "GET /cormun/servlet/trlicencias? HTTP/1.1" 200 10807
186.103.156.24 - - [26/Mar/2018:16:50:47 -0300] "GET /cormun/servlet/trlicencias? HTTP/1.1" 200 10771
186.103.156.24 - - [26/Mar/2018:16:50:51 -0300] "GET /cormun/servlet/alicenciaprn?17378428,L,20180326000000,PU HTTP/1.1" 200 1557
186.79.136.34 - - [26/Mar/2018:16:51:00 -0300] "GET /cormun/servlet/hlogin HTTP/1.1" 200 1722
186.79.136.34 - - [26/Mar/2018:16:51:02 -0300] "POST /cormun/servlet/hlogin?4294127fcc6967012afdf83d434b3cf4,gx-no-cache=1522093810968 HTTP/1.1" 200 90
186.79.136.34 - - [26/Mar/2018:16:51:02 -0300] "GET /cormun/servlet/hpexe_link HTTP/1.1" 200 954
186.79.136.34 - - [26/Mar/2018:16:51:02 -0300] "GET /cormun/servlet/hhome HTTP/1.1" 200 3933
186.79.136.34 - - [26/Mar/2018:16:51:03 -0300] "GET /cormun/servlet/hhome HTTP/1.1" 200 3934
186.79.136.34 - - [26/Mar/2018:16:51:07 -0300] "GET /cormun/servlet/trlicencias? HTTP/1.1" 200 10848
186.79.136.34 - - [26/Mar/2018:16:51:08 -0300] "GET /cormun/servlet/trlicencias? HTTP/1.1" 200 10845
192.168.10.96 - - [26/Mar/2018:16:51:30 -0300] "POST /cormun/servlet/trsolicitudgral?0a48325d901ab68450a17d5c5b925593,,gx-no-cache=1522093720833 HTTP/1.1" 200 25196
192.168.10.96 - - [26/Mar/2018:16:51:36 -0300] "POST /cormun/servlet/trsolicitudgral?0a48325d901ab68450a17d5c5b925593,,gx-no-cache=1522093727260 HTTP/1.1" 200 7618
186.103.157.98 - - [26/Mar/2018:16:51:49 -0300] "GET /cormun/servlet/solicitudot?b2e5400e8064436b7abc0a77e0c871f64570dd928c679fe82d22bff7ccdef26f,gx-no-cache=1522093857733 HTTP/1.1" 200 94
186.103.159.188 - - [26/Mar/2018:16:52:03 -0300] "GET /cormun/servlet/hlogin HTTP/1.1" 200 1723
186.103.159.188 - - [26/Mar/2018:16:52:03 -0300] "GET /cormun/static/gxtimezone.js?85251 HTTP/1.1" 304 -
186.103.159.188 - - [26/Mar/2018:16:52:03 -0300] "GET /cormun/static/messages.spa.js?85251 HTTP/1.1" 304 -
186.103.159.188 - - [26/Mar/2018:16:52:04 -0300] "GET /cormun/servlet/hlogin HTTP/1.1" 200 1731
186.103.157.98 - - [26/Mar/2018:16:52:06 -0300] "GET /cormun/servlet/solicitudot?b2e5400e8064436b7abc0a77e0c871f6e4bae95378b68f426ab3f59fa3e28d5ca688ac7d7cd13ab35fafe517bd48a723831b1369c387d0699e63f753e5286219,gx-no-cache=1522093874827 HTTP/1.1" 200 30
186.103.157.98 - - [26/Mar/2018:16:52:06 -0300] "GET /cormun/servlet/solicitudot?b2e5400e8064436b7abc0a77e0c871f6c1867798d64927d0fc7f1f1285d83f0d,gx-no-cache=1522093874866 HTTP/1.1" 200 29
186.103.159.188 - - [26/Mar/2018:16:52:14 -0300] "POST /cormun/servlet/hlogin?0991b5cc25a022b37e0849470e97e190,gx-no-cache=1522093881846 HTTP/1.1" 200 90
186.103.159.188 - - [26/Mar/2018:16:52:14 -0300] "GET /cormun/servlet/hpexe_link HTTP/1.1" 200 950
186.103.159.188 - - [26/Mar/2018:16:52:14 -0300] "GET /cormun/servlet/hhome HTTP/1.1" 200 4142
186.103.159.188 - - [26/Mar/2018:16:52:14 -0300] "GET /cormun/servlet/hhome HTTP/1.1" 200 4139
186.103.157.98 - - [26/Mar/2018:16:52:16 -0300] "GET /cormun/servlet/solicitudot?b2e5400e8064436b7abc0a77e0c871f69cd496aa9631babc5939ad0dbc0164155a2d3f82444f3fb9124667e9f1fa9749e621c47d95d2d2ee21bd59cdcb12eb61f7271687bf468946cc8046bc2b4df3c7e590bb1c1c72119448789921f8d9324417a7e612aecb93cc5a458a8cfcaa88d910f81d213ae679a2b168347c85b3a3f2c1afb45251bf47172113ae1f3bebe87bb081b39eaf849ce7580cd0e6c6401819dcd96692ac98650c0df1b9ab163dc147547818ccb3991486458fd0d2f273546d2514e05a69d12da660dee712af837574a3c0e17b4afed5fd89df9664a4e8154227cb175017f9a1b27acc2af480dfda9f889c9ef61afff1abfc5140cf50dbd1694545e26a1d0bf2b2cd857ae57d6d54fc07b960963fc97a4d15459fbf3cb661c3ec5e23ea89808c514f5bb529618b2ee8d8e833536aea3a579f68a029674231e8a5cf0e4f089d0604969b84b7acf7450a,gx-no-cache=1522093884500 HTTP/1.1" 200 297
186.103.159.188 - - [26/Mar/2018:16:52:18 -0300] "GET /cormun/servlet/trautorizarsolicitud? HTTP/1.1" 200 9030
186.103.159.188 - - [26/Mar/2018:16:52:18 -0300] "GET /cormun/static/calendar.js?85251 HTTP/1.1" 304 -
186.103.159.188 - - [26/Mar/2018:16:52:18 -0300] "GET /cormun/static/calendar-setup.js?85251 HTTP/1.1" 304 -
186.103.159.188 - - [26/Mar/2018:16:52:18 -0300] "GET /cormun/static/calendar-es.js?85251 HTTP/1.1" 304 -
186.103.159.188 - - [26/Mar/2018:16:52:18 -0300] "GET /cormun/static/gxdec.js?85251 HTTP/1.1" 304 -
186.103.159.188 - - [26/Mar/2018:16:52:18 -0300] "GET /cormun/static/trautorizarsolicitud.js?201711142340425 HTTP/1.1" 304 -
186.103.159.188 - - [26/Mar/2018:16:52:19 -0300] "GET /cormun/servlet/trautorizarsolicitud? HTTP/1.1" 200 9028
186.103.157.98 - - [26/Mar/2018:16:52:20 -0300] "GET /cormun/servlet/solicitudot?b2e5400e8064436b7abc0a77e0c871f6d97a0e9ecb2f10ec6575bd8d75056680890879509269c9a50d1610aef7b936d03744819b90b750dabdfea09d57e9012d3cad91b9cec525e0365aa245bc21cf3d60a0d1d7b0819f455a2ffa7c40bb4f4ebb3e69bc8ecb90758cd67fb69a2aa6632ecb828bd84b21b576f982fed36179a562ae0cbc0ea560eec2a265c6b8d772b0e8ed5648ef3f72c0363dddf8645e462c0bda4d1b6856970fa2207a3069cde3e84e537a7b134264df32ccf5ca6d282db12bd1dbb63e9c3bb6cea35f6c58dc5b1c738b13cfc6502bfe407a7e71a04e90e2107afec8dbe2c109178fa91d714d3d7c7fc70ed639ab394b3ef56b66de685cb86aa7889bae167a692b7d98c76f201ea5675b1d15d8abca356f4729bb6f7e48a0c5803d2605956020f9c99e9e3457b9052730f1b1c39a954911ce3d15e52ebfe93956c33fbfb257b3c77fb3c9d2e3af9b8e897e561c6dab33a0d4ab0641ad114e69bd3d846af976dfed0c1ee128152140b6f0c19e2efaf3e9ea5d192ca1872cd506c9ef5d9a24cdc1f5366666debbc0f2,gx-no-cache=1522093888757 HTTP/1.1" 200 30
186.103.157.98 - - [26/Mar/2018:16:52:25 -0300] "POST /cormun/servlet/solicitudot?gx-no-cache=1522093893056 HTTP/1.1" 200 30
186.103.157.98 - - [26/Mar/2018:16:52:27 -0300] "POST /cormun/servlet/solicitudot?gx-no-cache=1522093895224 HTTP/1.1" 200 1331
186.103.157.98 - - [26/Mar/2018:16:52:27 -0300] "POST /cormun/servlet/solicitudot?gx-no-cache=1522093895320 HTTP/1.1" 200 38
186.103.159.188 - - [26/Mar/2018:16:52:27 -0300] "POST /cormun/servlet/trautorizarsolicitud?0991b5cc25a022b37e0849470e97e190,,gx-no-cache=1522093895416 HTTP/1.1" 200 5815
186.103.159.188 - - [26/Mar/2018:16:52:27 -0300] "GET /cormun/static/Shared/jqueryui/images/ui-bg_highlight-soft_100_c6c2c8_1x100.png HTTP/1.1" 404 1117
186.103.159.188 - - [26/Mar/2018:16:52:27 -0300] "GET /cormun/static/Shared/jqueryui/images/ui-icons_82798d_256x240.png HTTP/1.1" 404 1089
186.103.159.188 - - [26/Mar/2018:16:52:27 -0300] "GET /cormun/static/Shared/jqueryui/images/ui-icons_8d78a5_256x240.png HTTP/1.1" 404 1089
190.161.236.41 - - [26/Mar/2018:16:52:27 -0300] "GET /cormun/static/Shared/jqueryui/images/ui-bg_flat_55_fafafa_40x100.png HTTP/1.1" 404 1097
186.103.159.188 - - [26/Mar/2018:16:52:28 -0300] "POST /cormun/servlet/trautorizarsolicitud?0991b5cc25a022b37e0849470e97e190,,gx-no-cache=1522093895774 HTTP/1.1" 200 5762
186.103.159.188 - - [26/Mar/2018:16:52:30 -0300] "POST /cormun/servlet/trautorizarsolicitud?0991b5cc25a022b37e0849470e97e190,,gx-no-cache=1522093897574 HTTP/1.1" 200 4609
186.103.159.188 - - [26/Mar/2018:16:52:30 -0300] "POST /cormun/servlet/trautorizarsolicitud?0991b5cc25a022b37e0849470e97e190,,gx-no-cache=1522093898215 HTTP/1.1" 200 4383
186.103.157.98 - - [26/Mar/2018:16:52:51 -0300] "GET /cormun/servlet/solicitudot?b2e5400e8064436b7abc0a77e0c871f607302a5d789f05b987135c2faf407430889c9ef61afff1abfc5140cf50dbd1694545e26a1d0bf2b2cd857ae57d6d54fc58813e5d6a148c60f4fd843db3369685,gx-no-cache=1522093919286 HTTP/1.1" 200 29
186.103.157.98 - - [26/Mar/2018:16:52:51 -0300] "POST /cormun/servlet/solicitudot?gx-no-cache=1522093919338 HTTP/1.1" 200 1318
186.103.157.98 - - [26/Mar/2018:16:52:51 -0300] "POST /cormun/servlet/solicitudot?gx-no-cache=1522093919408 HTTP/1.1" 200 1215
192.168.10.96 - - [26/Mar/2018:16:53:15 -0300] "POST /cormun/servlet/trsolicitudgral?0a48325d901ab68450a17d5c5b925593,,gx-no-cache=1522093827066 HTTP/1.1" 200 7756
186.103.157.98 - - [26/Mar/2018:16:53:37 -0300] "GET /cormun/servlet/solicitudot?b2e5400e8064436b7abc0a77e0c871f623c4908b2be64612cf9255a2f948c8e6ee8fd4fff5108d3383c5f4eef9e56167,gx-no-cache=1522093965045 HTTP/1.1" 200 30
186.103.157.98 - - [26/Mar/2018:16:53:39 -0300] "POST /cormun/servlet/solicitudot?gx-no-cache=1522093967077 HTTP/1.1" 200 30
192.168.10.96 - - [26/Mar/2018:16:55:24 -0300] "GET /cormun/static/menuarrow.gif HTTP/1.1" 404 1015
192.168.10.96 - - [26/Mar/2018:16:55:29 -0300] "POST /cormun/servlet/trsolicitudgral?0a48325d901ab68450a17d5c5b925593,,gx-no-cache=1522093960761 HTTP/1.1" 200 7307
192.168.4.251 - - [26/Mar/2018:16:55:44 -0300] "GET /cormun/servlet/hlogin HTTP/1.1" 200 1728
192.168.4.251 - - [26/Mar/2018:16:55:44 -0300] "GET /cormun/static/gxtimezone.js?85251 HTTP/1.1" 304 -
192.168.4.251 - - [26/Mar/2018:16:55:44 -0300] "GET /cormun/static/gxcfg.js?20175251213516 HTTP/1.1" 304 -
192.168.4.251 - - [26/Mar/2018:16:55:44 -0300] "GET /cormun/static/messages.spa.js?85251 HTTP/1.1" 304 -
192.168.4.251 - - [26/Mar/2018:16:55:44 -0300] "GET /cormun/servlet/hlogin HTTP/1.1" 200 1732
192.168.4.251 - - [26/Mar/2018:16:55:45 -0300] "GET /favicon.ico HTTP/1.1" 200 21630
192.168.4.251 - - [26/Mar/2018:16:55:46 -0300] "POST /cormun/servlet/hlogin?44c6ef1df5a1fd90c3afa7433864cd95,gx-no-cache=1522094096408 HTTP/1.1" 200 90
192.168.4.251 - - [26/Mar/2018:16:55:46 -0300] "GET /cormun/servlet/hpexe_link HTTP/1.1" 200 954
192.168.4.251 - - [26/Mar/2018:16:55:46 -0300] "GET /cormun/static/gxcfg.js?20177612121792 HTTP/1.1" 304 -
192.168.4.251 - - [26/Mar/2018:16:55:46 -0300] "GET /cormun/servlet/hhome HTTP/1.1" 200 4463
192.168.4.251 - - [26/Mar/2018:16:55:46 -0300] "GET /cormun/static/gxcfg.js?20175251212442 HTTP/1.1" 304 -
192.168.4.251 - - [26/Mar/2018:16:55:48 -0300] "GET /cormun/servlet/hhome HTTP/1.1" 200 4459
192.168.4.251 - - [26/Mar/2018:16:55:56 -0300] "GET /cormun/servlet/trsolicitudgral? HTTP/1.1" 200 27987
192.168.4.251 - - [26/Mar/2018:16:55:56 -0300] "GET /cormun/static/gxcfg.js?201813119461163 HTTP/1.1" 304 -
192.168.4.251 - - [26/Mar/2018:16:55:56 -0300] "GET /cormun/static/calendar.js?85251 HTTP/1.1" 304 -
192.168.4.251 - - [26/Mar/2018:16:55:56 -0300] "GET /cormun/static/calendar-setup.js?85251 HTTP/1.1" 304 -
192.168.4.251 - - [26/Mar/2018:16:55:56 -0300] "GET /cormun/static/calendar-es.js?85251 HTTP/1.1" 304 -
192.168.4.251 - - [26/Mar/2018:16:55:56 -0300] "GET /cormun/static/gxdec.js?85251 HTTP/1.1" 304 -
192.168.4.251 - - [26/Mar/2018:16:55:56 -0300] "GET /cormun/static/trsolicitudgral.js?201813119462015 HTTP/1.1" 304 -
192.168.4.251 - - [26/Mar/2018:16:56:09 -0300] "POST /cormun/servlet/trsolicitudgral?44c6ef1df5a1fd90c3afa7433864cd95,,gx-no-cache=1522094118821 HTTP/1.1" 200 13522
192.168.4.251 - - [26/Mar/2018:16:56:26 -0300] "POST /cormun/servlet/trsolicitudgral?44c6ef1df5a1fd90c3afa7433864cd95,,gx-no-cache=1522094135786 HTTP/1.1" 200 5930
192.168.10.96 - - [26/Mar/2018:16:56:27 -0300] "POST /cormun/servlet/trsolicitudgral?0a48325d901ab68450a17d5c5b925593,,gx-no-cache=1522094018605 HTTP/1.1" 200 7306
186.103.156.24 - - [26/Mar/2018:16:56:31 -0300] "POST /cormun/servlet/trlicencias?245e92caa0565632b200840fc199defe,,gx-no-cache=1522094140436 HTTP/1.1" 200 8094
186.103.156.24 - - [26/Mar/2018:16:56:31 -0300] "GET /cormun/static/Shared/jqueryui/images/ui-bg_highlight-soft_100_c6c2c8_1x100.png HTTP/1.1" 404 1117
186.103.156.24 - - [26/Mar/2018:16:56:31 -0300] "GET /cormun/static/Shared/jqueryui/images/ui-icons_82798d_256x240.png HTTP/1.1" 404 1089
186.103.156.24 - - [26/Mar/2018:16:56:31 -0300] "GET /cormun/static/Shared/jqueryui/images/ui-bg_flat_55_fafafa_40x100.png HTTP/1.1" 404 1097
186.103.156.24 - - [26/Mar/2018:16:56:31 -0300] "GET /cormun/static/Shared/jqueryui/images/ui-icons_8d78a5_256x240.png HTTP/1.1" 404 1089
192.168.4.251 - - [26/Mar/2018:16:56:44 -0300] "POST /cormun/servlet/trsolicitudgral?44c6ef1df5a1fd90c3afa7433864cd95,,gx-no-cache=1522094154277 HTTP/1.1" 200 5914
192.168.4.251 - - [26/Mar/2018:16:56:45 -0300] "POST /cormun/servlet/trsolicitudgral?44c6ef1df5a1fd90c3afa7433864cd95,,gx-no-cache=1522094155075 HTTP/1.1" 200 5930
192.168.4.251 - - [26/Mar/2018:16:56:46 -0300] "POST /cormun/servlet/trsolicitudgral?44c6ef1df5a1fd90c3afa7433864cd95,,gx-no-cache=1522094156381 HTTP/1.1" 200 5930
190.100.93.40 - - [26/Mar/2018:16:57:08 -0300] "GET /cormun/servlet/trsolicitudot? HTTP/1.1" 200 7548
190.100.93.40 - - [26/Mar/2018:16:57:08 -0300] "GET /cormun/servlet/trsolicitudot? HTTP/1.1" 200 7547
190.100.93.40 - - [26/Mar/2018:16:57:10 -0300] "GET /cormun/servlet/solicitudot?INS,0,0, HTTP/1.1" 200 13788
190.100.93.40 - - [26/Mar/2018:16:57:10 -0300] "GET /cormun/servlet/solicitudot?INS,0,0, HTTP/1.1" 200 13794
190.100.93.40 - - [26/Mar/2018:16:57:24 -0300] "POST /cormun/servlet/solicitudot?gx-no-cache=1522094191756 HTTP/1.1" 200 3395
190.100.93.40 - - [26/Mar/2018:16:57:24 -0300] "POST /cormun/servlet/solicitudot?6ad3516d3e3fcaaeab2468453cb8e786,INS,0,0,,gx-no-cache=1522094192034 HTTP/1.1" 200 10564
190.100.93.40 - - [26/Mar/2018:16:57:27 -0300] "GET /cormun/servlet/solicitudot?134e03ef03dad04783ec5034633f32ca89fe0856407ac7cee39b903d60753882500f4e30bd884b47e0265d41acdac0da,gx-no-cache=1522094195260 HTTP/1.1" 200 30
190.100.93.40 - - [26/Mar/2018:16:57:27 -0300] "GET /cormun/servlet/solicitudot?134e03ef03dad04783ec5034633f32caaf47fab19b33857caa58ac9d617bb9e15b92a36e4adae4ec19f2a9d272e6e001,gx-no-cache=1522094195330 HTTP/1.1" 200 30
190.100.93.40 - - [26/Mar/2018:16:57:27 -0300] "GET /cormun/servlet/solicitudot?134e03ef03dad04783ec5034633f32caac8c5d280cd4512ae1c27c78bb813c18,gx-no-cache=1522094195419 HTTP/1.1" 200 53
190.100.93.40 - - [26/Mar/2018:16:57:27 -0300] "POST /cormun/servlet/solicitudot?gx-no-cache=1522094195465 HTTP/1.1" 200 255
190.100.93.40 - - [26/Mar/2018:16:57:27 -0300] "GET /cormun/servlet/solicitudot?134e03ef03dad04783ec5034633f32cad989b8894793aee547341c1d87646500b7b00516358c0a0912541624cd441581f459c8b14da7e1c9b09ed4d1e404b1c63afcc48faff4bc831da013beb151e1f627c7259db1d8aabd4d46e3e1dd0fd8478d260a525f9b22e0a133915439d652179f4c0f5a047c473bf3ca9c14c60ba0838be81849d5c54f9075f77a7e3e69da9866732ee68bbaca6c8b4f851f94e3ed1ec391df95de0f7521df65fc6698e1f8cc0ea97fcb2bcfd5dc66c9c42b86266efaefd07d3a92b87494df166e20aa76db3914651e28348d04f36c7a357967c5c12f5c1c04a340c7af2173bc47aa4c9d9aebe4da424ae5e5679c01ba9dfda34f1b508ce1d5a2642c69c2eb494ac8fce72ab273bb54c432f2728ffd92140c19a45768882442c366b52aee24231ec6915e38ef63e1e762cdfaf8439ae0407372a33a9976e577f3c03cf2bcb425128106d2981cb4571bf93fad6f6f70b6f59811d0492d233c1035097a20806a9b27977dae623fe81064be32f1af07ba007dda8a5db997,gx-no-cache=1522094195523 HTTP/1.1" 200 30
190.100.93.40 - - [26/Mar/2018:16:57:29 -0300] "POST /cormun/servlet/solicitudot?gx-no-cache=1522094197192 HTTP/1.1" 200 30
190.100.93.40 - - [26/Mar/2018:16:57:40 -0300] "POST /cormun/servlet/solicitudot?gx-no-cache=1522094208347 HTTP/1.1" 200 1337
190.100.93.40 - - [26/Mar/2018:16:57:40 -0300] "POST /cormun/servlet/solicitudot?gx-no-cache=1522094208442 HTTP/1.1" 200 38
190.100.93.40 - - [26/Mar/2018:16:57:46 -0300] "GET /cormun/servlet/solicitudot?134e03ef03dad04783ec5034633f32ca68ae7b246a131e1999bd0030e3bfcdd434426deea18ba8a945c79e07d76c39cbe04d8b20922ded5761b1ce0bbde4b9ff828eb18fe720214331b103fbadfb8551a6047cb9bb70f93f56d454115435da7a6b708826fdf4c834fb2fe5624a18bb3c78a0a00c3e12f1e0cde81d6d0f3465b0e008b1ffd0dc0554fee9e4edbd8a36dce299671f34e0e624f7ef691845b7a99e,gx-no-cache=1522094214111 HTTP/1.1" 200 29
190.100.93.40 - - [26/Mar/2018:16:57:46 -0300] "POST /cormun/servlet/solicitudot?gx-no-cache=1522094214171 HTTP/1.1" 200 1321
190.100.93.40 - - [26/Mar/2018:16:57:46 -0300] "POST /cormun/servlet/solicitudot?gx-no-cache=1522094214257 HTTP/1.1" 200 1219
190.100.93.40 - - [26/Mar/2018:16:57:46 -0300] "GET /cormun/static/menuarrow.gif HTTP/1.1" 404 1015
190.100.93.40 - - [26/Mar/2018:16:57:48 -0300] "POST /cormun/servlet/solicitudot?gx-no-cache=1522094215878 HTTP/1.1" 200 1321
190.100.93.40 - - [26/Mar/2018:16:57:48 -0300] "POST /cormun/servlet/solicitudot?gx-no-cache=1522094215951 HTTP/1.1" 200 1219
190.100.93.40 - - [26/Mar/2018:16:57:51 -0300] "GET /cormun/servlet/solicitudot?134e03ef03dad04783ec5034633f32ca1d485db5449253c34c2d5e8f65e14d84467dfa85305ae4fd056f9701bef78450,gx-no-cache=1522094219492 HTTP/1.1" 200 30
190.100.93.40 - - [26/Mar/2018:16:58:03 -0300] "POST /cormun/servlet/solicitudot?gx-no-cache=1522094230842 HTTP/1.1" 200 33
190.100.93.40 - - [26/Mar/2018:16:58:33 -0300] "POST /cormun/servlet/solicitudot?6ad3516d3e3fcaaeab2468453cb8e786,INS,0,0,,gx-no-cache=1522094260449 HTTP/1.1" 200 93
190.100.93.40 - - [26/Mar/2018:16:58:33 -0300] "GET /cormun/servlet/hpexe_return? HTTP/1.1" 200 1003
190.100.93.40 - - [26/Mar/2018:16:58:33 -0300] "GET /cormun/servlet/trsolicitudot HTTP/1.1" 200 8962
190.100.93.40 - - [26/Mar/2018:16:58:33 -0300] "GET /cormun/servlet/trsolicitudot HTTP/1.1" 200 8958
190.151.99.26 - - [26/Mar/2018:17:00:12 -0300] "GET /cormun/servlet/hlogin HTTP/1.1" 200 1729
190.151.99.26 - - [26/Mar/2018:17:00:14 -0300] "POST /cormun/servlet/hlogin?34ec6c4397080e14890eebd80ca20164,gx-no-cache=1522094361842 HTTP/1.1" 200 90
190.151.99.26 - - [26/Mar/2018:17:00:14 -0300] "GET /cormun/servlet/hpexe_link HTTP/1.1" 200 953
190.151.99.26 - - [26/Mar/2018:17:00:14 -0300] "GET /cormun/servlet/hhome HTTP/1.1" 200 4206
190.151.99.26 - - [26/Mar/2018:17:00:15 -0300] "GET /cormun/servlet/hhome HTTP/1.1" 200 4202
190.151.124.170 - - [26/Mar/2018:17:00:17 -0300] "GET /cormun/servlet/trautorizarsolicitud? HTTP/1.1" 200 13429
190.151.124.170 - - [26/Mar/2018:17:00:17 -0300] "GET /cormun/servlet/trautorizarsolicitud? HTTP/1.1" 200 13427
186.67.84.236 - - [26/Mar/2018:17:00:27 -0300] "POST /cormun/servlet/trautorizarsolicitud?34ec6c4397080e14890eebd80ca20164,,gx-no-cache=1522094374555 HTTP/1.1" 200 10128
186.67.84.236 - - [26/Mar/2018:17:00:27 -0300] "GET /cormun/static/Shared/jqueryui/images/ui-bg_highlight-soft_100_c6c2c8_1x100.png HTTP/1.1" 404 1117
186.103.196.84 - - [26/Mar/2018:17:00:27 -0300] "GET /cormun/static/Shared/jqueryui/images/ui-icons_82798d_256x240.png HTTP/1.1" 404 1089
186.67.84.236 - - [26/Mar/2018:17:00:27 -0300] "GET /cormun/static/Shared/jqueryui/images/ui-bg_flat_55_fafafa_40x100.png HTTP/1.1" 404 1097
190.151.99.26 - - [26/Mar/2018:17:00:27 -0300] "GET /cormun/static/Shared/jqueryui/images/ui-icons_8d78a5_256x240.png HTTP/1.1" 404 1089
186.103.196.84 - - [26/Mar/2018:17:00:28 -0300] "POST /cormun/servlet/trautorizarsolicitud?34ec6c4397080e14890eebd80ca20164,,gx-no-cache=1522094375016 HTTP/1.1" 200 10072
190.151.124.170 - - [26/Mar/2018:17:01:02 -0300] "GET /cormun/servlet/trvisualizadoreventos? HTTP/1.1" 200 6963
190.151.124.170 - - [26/Mar/2018:17:01:04 -0300] "GET /cormun/servlet/trvisualizadoreventos? HTTP/1.1" 200 6963
186.67.84.236 - - [26/Mar/2018:17:01:06 -0300] "GET /cormun/servlet/trsolicitudot? HTTP/1.1" 200 7422
186.67.84.236 - - [26/Mar/2018:17:01:06 -0300] "GET /cormun/servlet/trsolicitudot? HTTP/1.1" 200 7422
200.54.18.125 - - [26/Mar/2018:17:01:09 -0300] "GET /cormun/servlet/solicitudot?INS,0,0, HTTP/1.1" 200 13656
200.54.18.125 - - [26/Mar/2018:17:01:09 -0300] "GET /cormun/servlet/solicitudot?INS,0,0, HTTP/1.1" 200 13661
190.151.124.170 - - [26/Mar/2018:17:01:12 -0300] "GET /cormun/servlet/trsolicitudot? HTTP/1.1" 200 7422
190.151.124.170 - - [26/Mar/2018:17:01:13 -0300] "GET /cormun/servlet/trsolicitudot? HTTP/1.1" 200 7422
186.103.196.84 - - [26/Mar/2018:17:01:17 -0300] "GET /cormun/servlet/trautorizarsolicitud? HTTP/1.1" 200 13045
186.103.196.84 - - [26/Mar/2018:17:01:17 -0300] "GET /cormun/servlet/trautorizarsolicitud? HTTP/1.1" 200 13045
186.103.196.90 - - [26/Mar/2018:17:01:55 -0300] "POST /cormun/servlet/trautorizarsolicitud?34ec6c4397080e14890eebd80ca20164,,gx-no-cache=1522094462396 HTTP/1.1" 200 4405
186.103.196.90 - - [26/Mar/2018:17:01:57 -0300] "GET /cormun/static/menuarrow.gif HTTP/1.1" 404 1015
186.103.196.90 - - [26/Mar/2018:17:02:00 -0300] "POST /cormun/servlet/trautorizarsolicitud?34ec6c4397080e14890eebd80ca20164,,gx-no-cache=1522094467938 HTTP/1.1" 200 4404
186.103.196.90 - - [26/Mar/2018:17:02:10 -0300] "POST /cormun/servlet/trautorizarsolicitud?34ec6c4397080e14890eebd80ca20164,,gx-no-cache=1522094478385 HTTP/1.1" 200 4402
186.103.196.90 - - [26/Mar/2018:17:02:15 -0300] "POST /cormun/servlet/trautorizarsolicitud?34ec6c4397080e14890eebd80ca20164,,gx-no-cache=1522094482058 HTTP/1.1" 200 8672
190.151.124.170 - - [26/Mar/2018:17:02:59 -0300] "POST /cormun/servlet/trautorizarsolicitud?34ec6c4397080e14890eebd80ca20164,,gx-no-cache=1522094526777 HTTP/1.1" 200 4421
190.151.124.170 - - [26/Mar/2018:17:03:06 -0300] "GET /cormun/servlet/trsolicitudot? HTTP/1.1" 200 7420
190.151.124.170 - - [26/Mar/2018:17:03:07 -0300] "GET /cormun/servlet/trsolicitudot? HTTP/1.1" 200 7419
186.103.196.84 - - [26/Mar/2018:17:03:16 -0300] "GET /cormun/servlet/solicitudot?INS,0,0, HTTP/1.1" 200 13656
186.103.196.84 - - [26/Mar/2018:17:03:16 -0300] "GET /cormun/servlet/solicitudot?INS,0,0, HTTP/1.1" 200 13661
190.151.99.26 - - [26/Mar/2018:17:03:26 -0300] "POST /cormun/servlet/solicitudot?gx-no-cache=1522094553564 HTTP/1.1" 200 3284
190.151.99.26 - - [26/Mar/2018:17:03:28 -0300] "POST /cormun/servlet/solicitudot?34ec6c4397080e14890eebd80ca20164,INS,0,0,,gx-no-cache=1522094554088 HTTP/1.1" 200 10442
190.151.99.26 - - [26/Mar/2018:17:03:30 -0300] "GET /cormun/servlet/solicitudot?635f0e624a01ccb616a4dc33335021b6980f5878af4ea009b52e12711c15c35c240c7ca1dc5d918b39932c93d4741a7d,gx-no-cache=1522094558061 HTTP/1.1" 200 30
186.103.196.90 - - [26/Mar/2018:17:05:30 -0300] "GET /cormun/static/Resources/resize.gif HTTP/1.1" 200 77
186.67.84.236 - - [26/Mar/2018:17:05:30 -0300] "GET /cormun/servlet/prbanco?,MD,,gxPopupLevel%3D0%3B HTTP/1.1" 200 6645
186.67.84.236 - - [26/Mar/2018:17:05:30 -0300] "GET /cormun/static/gxcfg.js?20181161016094 HTTP/1.1" 200 953
186.103.196.90 - - [26/Mar/2018:17:05:30 -0300] "GET /cormun/static/prbanco.js?2018116101633 HTTP/1.1" 200 10693
186.67.84.236 - - [26/Mar/2018:17:05:30 -0300] "GET /cormun/static/Resources/PXToolsMenuSearch.png HTTP/1.1" 200 2914
152.231.70.146 - - [26/Mar/2018:17:05:30 -0300] "GET /cormun/static/Resources/PXToolsMenuSearchCancel.png HTTP/1.1" 200 2972
186.103.196.90 - - [26/Mar/2018:17:05:33 -0300] "GET /cormun/servlet/solicitudot?635f0e624a01ccb616a4dc33335021b6bbd63a70565387b2c86af84fed4b1c6b7886ee6fc19483d7ae8681455338c4fab8fc50136facfc4fca26f2fb85786d4c,gx-no-cache=1522094680523 HTTP/1.1" 200 30
186.103.196.90 - - [26/Mar/2018:17:05:33 -0300] "GET /cormun/servlet/solicitudot?635f0e624a01ccb616a4dc33335021b6284ade95c1e109f5d803bf9c0d156739,gx-no-cache=1522094681413 HTTP/1.1" 200 53
186.103.196.90 - - [26/Mar/2018:17:05:46 -0300] "POST /cormun/servlet/solicitudot?gx-no-cache=1522094694268 HTTP/1.1" 200 297
186.103.196.90 - - [26/Mar/2018:17:05:46 -0300] "GET /cormun/servlet/solicitudot?635f0e624a01ccb616a4dc33335021b6bbbf08bc6c1acfbeebeca9a689813ecdba735261456a070d6160026699d9d2094aa9da9742b677af0833466af623d1d11f314c164b58e1120139e2d4e085c845a623336ab7dc53dc079ecaf7d7a105ab1b58d098423e692ce8138261652fac61e8565e6ab9272f303e04f40e9e2fd0fb1b506e8f3b5a9088bdae05693059ccda43b9b774b1906716494d1316e0fcc5c010b90b551ad6f8577376e70ff01adbeeb673a0a67485d402dd5a65f9670e8d9ae4f74c32288d6e5215810a60e2a800efa60bf9aa8fcb23cb9eb31342b8b7163a1389122b9bd9aeaebc24facd711c76cac4f0a10adc2157beb5eb46dc60c340f93906ee202dfd0794a30d37bbd5b8804744c66e3ed09ae0f93d6352becfb5f22f45cefc429b89a115d32c2b6b6453d7756c55c64fc61e12a434b0ec25af558808e801413d51f21729ed233f0bb9982ed0646862a11b6c5ecddca045715b8ef04ef26e2e4065d8956448129e887b402aa4d9fb3f32015c6cea5c0062e0abb06048ee635b2ac78d89b1b490335f797c3962,gx-no-cache=1522094694441 HTTP/1.1" 200 30
186.103.196.90 - - [26/Mar/2018:17:05:49 -0300] "POST /cormun/servlet/solicitudot?gx-no-cache=1522094696991 HTTP/1.1" 200 30
186.103.196.90 - - [26/Mar/2018:17:05:51 -0300] "POST /cormun/servlet/solicitudot?gx-no-cache=1522094698856 HTTP/1.1" 200 1333
186.103.196.90 - - [26/Mar/2018:17:05:51 -0300] "POST /cormun/servlet/solicitudot?gx-no-cache=1522094699097 HTTP/1.1" 200 38
190.151.124.170 - - [26/Mar/2018:17:06:23 -0300] "GET /cormun/servlet/solicitudot?635f0e624a01ccb616a4dc33335021b6d3c76c4c6c55f6e2bf67ffe9a2f4ee9315ffc8ef18e3e89dcb7a0b839cebf7192a52ed894f7d7c339f37c6a7816afc87098b9d0d187890e3899be7a36c5c25b46044b2e152abf7f8c3a89e317d1f2dbac11be8ce0054b13c8f57e4d01d7b3cf3,gx-no-cache=1522094730837 HTTP/1.1" 200 29
190.151.124.170 - - [26/Mar/2018:17:06:24 -0300] "POST /cormun/servlet/solicitudot?gx-no-cache=1522094731008 HTTP/1.1" 200 1319
190.151.124.170 - - [26/Mar/2018:17:06:24 -0300] "POST /cormun/servlet/solicitudot?gx-no-cache=1522094731797 HTTP/1.1" 200 1215
190.151.124.170 - - [26/Mar/2018:17:06:30 -0300] "GET /cormun/static/menuarrow.gif HTTP/1.1" 404 1015
190.151.124.170 - - [26/Mar/2018:17:06:42 -0300] "GET /cormun/servlet/solicitudot?635f0e624a01ccb616a4dc33335021b62828fcebdc2080f66bf231b7e306fb38c343fee75e0725d9ac1470ba3f4c63ff,gx-no-cache=1522094750255 HTTP/1.1" 200 30
190.151.124.170 - - [26/Mar/2018:17:06:50 -0300] "POST /cormun/servlet/solicitudot?gx-no-cache=1522094757163 HTTP/1.1" 200 30
190.151.124.170 - - [26/Mar/2018:17:07:01 -0300] "POST /cormun/servlet/solicitudot?34ec6c4397080e14890eebd80ca20164,INS,0,0,,gx-no-cache=1522094768690 HTTP/1.1" 200 93
190.151.124.170 - - [26/Mar/2018:17:07:01 -0300] "GET /cormun/servlet/hpexe_return? HTTP/1.1" 200 1009
190.151.124.170 - - [26/Mar/2018:17:07:01 -0300] "GET /cormun/servlet/trsolicitudot HTTP/1.1" 200 8793
190.151.124.170 - - [26/Mar/2018:17:07:02 -0300] "GET /cormun/servlet/trsolicitudot HTTP/1.1" 200 8789
200.54.18.125 - - [26/Mar/2018:17:07:09 -0300] "POST /cormun/servlet/trsolicitudot?34ec6c4397080e14890eebd80ca20164,gx-no-cache=1522094776846 HTTP/1.1" 200 107
200.54.18.125 - - [26/Mar/2018:17:07:09 -0300] "GET /cormun/servlet/trsolicitudadjuntos?2018,10857, HTTP/1.1" 200 6305
200.54.18.125 - - [26/Mar/2018:17:07:09 -0300] "GET /cormun/static/gxcfg.js?20177612135366 HTTP/1.1" 200 953
200.54.18.125 - - [26/Mar/2018:17:07:09 -0300] "GET /cormun/servlet/trsolicitudadjuntos?2018,10857, HTTP/1.1" 200 6305
152.231.70.146 - - [26/Mar/2018:17:07:11 -0300] "GET /cormun/servlet/solicitudotadjuntos?INS,2018,10857,,1, HTTP/1.1" 200 6252
152.231.70.146 - - [26/Mar/2018:17:07:11 -0300] "GET /cormun/static/about:blank HTTP/1.1" 404 1011
186.67.84.236 - - [26/Mar/2018:17:07:12 -0300] "GET /cormun/servlet/solicitudotadjuntos?INS,2018,10857,,1, HTTP/1.1" 200 6245
152.231.70.146 - - [26/Mar/2018:17:07:12 -0300] "GET /cormun/servlet/solicitudotadjuntos?635f0e624a01ccb616a4dc33335021b617a9e044716fa339ec31d937e43761f4c12cad3247865918a503dafd7c0a87df,gx-no-cache=1522094779930 HTTP/1.1" 200 30
152.231.70.146 - - [26/Mar/2018:17:07:12 -0300] "POST /cormun/servlet/solicitudotadjuntos?34ec6c4397080e14890eebd80ca20164,INS,2018,10857,,1,,gx-no-cache=1522094779984 HTTP/1.1" 200 3992
152.231.70.146 - - [26/Mar/2018:17:07:15 -0300] "POST /cormun/servlet/solicitudotadjuntos?gx-no-cache=1522094782603 HTTP/1.1" 200 26
152.231.70.146 - - [26/Mar/2018:17:09:42 -0300] "GET /cormun/servlet/solicitudotadjuntos?635f0e624a01ccb616a4dc33335021b6fb5e633b3fdd96a215552b84a584bd33,gx-no-cache=1522094929800 HTTP/1.1" 200 30
152.231.70.146 - - [26/Mar/2018:17:09:42 -0300] "GET /cormun/servlet/solicitudotadjuntos?635f0e624a01ccb616a4dc33335021b6fb5e633b3fdd96a215552b84a584bd33,gx-no-cache=1522094930145 HTTP/1.1" 200 30
200.86.95.220 - - [26/Mar/2018:17:09:44 -0300] "GET /cormun/servlet/hlogin HTTP/1.1" 200 1722
152.231.70.146 - - [26/Mar/2018:17:09:44 -0300] "POST /cormun/servlet/solicitudotadjuntos?34ec6c4397080e14890eebd80ca20164,INS,2018,10857,,1, HTTP/1.1" 200 116
152.231.70.146 - - [26/Mar/2018:17:09:44 -0300] "GET /cormun/servlet/hpexe_return? HTTP/1.1" 200 1029
200.86.95.220 - - [26/Mar/2018:17:09:44 -0300] "GET /cormun/static/gxtimezone.js?85251 HTTP/1.1" 200 5781
200.86.95.220 - - [26/Mar/2018:17:09:44 -0300] "GET /cormun/static/gxcfg.js?20175251213516 HTTP/1.1" 200 953
200.86.95.220 - - [26/Mar/2018:17:09:44 -0300] "GET /cormun/static/Resources/Spanish/PXTools.css?11423723 HTTP/1.1" 200 89042
200.86.95.220 - - [26/Mar/2018:17:09:44 -0300] "GET /cormun/static/messages.spa.js?85251 HTTP/1.1" 200 30736
152.231.70.146 - - [26/Mar/2018:17:09:45 -0300] "GET /cormun/servlet/trsolicitudadjuntos?2018,10857, HTTP/1.1" 200 8746
200.86.95.220 - - [26/Mar/2018:17:09:45 -0300] "GET /cormun/static/hlogin.js?20175251213537 HTTP/1.1" 200 2136
200.86.95.220 - - [26/Mar/2018:17:09:45 -0300] "GET /cormun/static/Resources/ComunLogin.png HTTP/1.1" 200 17326
200.86.95.220 - - [26/Mar/2018:17:09:45 -0300] "GET /cormun/static/gxgral.js?85251 HTTP/1.1" 200 384558
200.86.95.220 - - [26/Mar/2018:17:09:45 -0300] "GET /cormun/static/Resources/PXToolsLoginBottom.png HTTP/1.1" 200 1389
200.86.95.220 - - [26/Mar/2018:17:09:45 -0300] "GET /cormun/static/Resources/PXToolsButtonRight21.png HTTP/1.1" 200 1283
200.86.95.220 - - [26/Mar/2018:17:09:45 -0300] "GET /cormun/static/Resources/PXToolsLoginTop.png HTTP/1.1" 200 1337
200.86.95.220 - - [26/Mar/2018:17:09:45 -0300] "GET /cormun/static/Resources/PXToolsButtonLeft21.png HTTP/1.1" 200 1287
