186.103.159.189 - - [26/Mar/2018:16:04:59 -0300] "GET /cormun/servlet/solicitudot?1fbe7df47dab23a941a051521926a3d8cc65a78fd61a653f7bf50b72b2bfcdf397a122c2ef26321701c4ef6d82eff29a,gx-no-cache=1522091047859 HTTP/1.1" 200 30
186.103.159.189 - - [26/Mar/2018:16:04:59 -0300] "GET /cormun/servlet/solicitudot?1fbe7df47dab23a941a051521926a3d8de30f125710ea984fc0bbe53e20dbcf6c909ad926400801539d415f61f7374bc97a122c2ef26321701c4ef6d82eff29a,gx-no-cache=1522091047923 HTTP/1.1" 200 30
186.103.159.189 - - [26/Mar/2018:16:04:59 -0300] "GET /cormun/servlet/solicitudot?1fbe7df47dab23a941a051521926a3d8a85432607da6d33a0428110d124950e7,gx-no-cache=1522091047965 HTTP/1.1" 200 51
186.103.159.189 - - [26/Mar/2018:16:04:59 -0300] "POST /cormun/servlet/solicitudot?gx-no-cache=1522091048019 HTTP/1.1" 200 255
186.103.159.189 - - [26/Mar/2018:16:04:59 -0300] "GET /cormun/servlet/solicitudot?1fbe7df47dab23a941a051521926a3d84ac95f09e3c3492d8721ec1a2d15a3ab4bdd2979e31987894153b8a3a317cd63a7054fcc52337b5f28fb2c6f9ba6fabe0dbd425c297a8a36ab004d6a2b0f8015bab76d3615ef6334502c55fbc73f3a8e88dbc5a6b40dffbb7686ecd897b4d46c58ec683e1da385efef5a6c056c2b19173d0e312a9db533080e99f5f6b4154ad9593852e76aa33527c66d146d190d03b3e9b4f591b0fee0a164cc596d95817bc6862791d71b6923331aaf87d753d2fb0cbbfafdec9d159ec4504354e4504555902a18c039616fc987d46096f81e1e0252152652e2465836a40120c99d818eb4ee8b16098b14f4e528c59e277f92d6a061db86ee18d484f0cfd639c2e00adfef765a5f03120a3a7cf45ffe93ccc517b9f19aaeddd0f6735b2deb84eee923e33b3f2f1a148c76618c837eacec9396177c709f3e095723d481784002f23d9bf4158935d6e40dc7070a1aa2cd6c58d7842995492ed6a7caaf24a8f22de3eb9583ea422d17c92087a29f66528153bcacb5d51e,gx-no-cache=1522091048073 HTTP/1.1" 200 30
186.103.159.189 - - [26/Mar/2018:16:05:03 -0300] "POST /cormun/servlet/solicitudot?gx-no-cache=1522091051760 HTTP/1.1" 200 30
186.79.136.34 - - [26/Mar/2018:16:05:05 -0300] "GET /cormun/servlet/licenciaspermisosadjuntos?INS,10861333,L,20180326000000,, HTTP/1.1" 200 5577
186.79.136.34 - - [26/Mar/2018:16:05:06 -0300] "GET /cormun/servlet/licenciaspermisosadjuntos?INS,10861333,L,20180326000000,, HTTP/1.1" 200 5567
186.103.159.189 - - [26/Mar/2018:16:05:06 -0300] "GET /cormun/servlet/prcontratosol?15122762,,,,,MD,,gxPopupLevel%3D0%3B HTTP/1.1" 200 8002
186.103.159.189 - - [26/Mar/2018:16:05:07 -0300] "GET /cormun/static/gxcfg.js?201761413223964 HTTP/1.1" 304 -
186.79.136.34 - - [26/Mar/2018:16:05:10 -0300] "POST /cormun/servlet/licenciaspermisosadjuntos?4c46b9537d10e639ab8497db3ef6e7e8,INS,10861333,L,20180326000000,,,gx-no-cache=1522091057846 HTTP/1.1" 200 93
186.79.136.34 - - [26/Mar/2018:16:05:10 -0300] "GET /cormun/servlet/hpexe_return? HTTP/1.1" 200 1042
186.103.159.189 - - [26/Mar/2018:16:05:10 -0300] "POST /cormun/servlet/solicitudot?gx-no-cache=1522091058818 HTTP/1.1" 200 1337
186.79.136.34 - - [26/Mar/2018:16:05:11 -0300] "GET /cormun/servlet/trlicenciaspermisosadjuntos?10861333,20180326000000,L, HTTP/1.1" 200 6828
186.103.159.189 - - [26/Mar/2018:16:05:11 -0300] "POST /cormun/servlet/solicitudot?gx-no-cache=1522091058998 HTTP/1.1" 200 38
186.79.136.34 - - [26/Mar/2018:16:05:11 -0300] "GET /cormun/servlet/trlicenciaspermisosadjuntos?10861333,20180326000000,L, HTTP/1.1" 200 6825
186.103.159.189 - - [26/Mar/2018:16:05:11 -0300] "GET /cormun/servlet/solicitudot?1fbe7df47dab23a941a051521926a3d8ca5d19ede3a73814e3d9be5a3b6c7bd0372be477132f32fc127b301ffc47d058b7e001c58da3a95e9c47b6afb4f0aca7967836b8804c1b34b04c6934061b8029e6b7820105a06bb957c733d7cd65b31c36b8792eb0fa76fe1c513d3f6e5c985fbef5858f066ed3a1e110bed6413b179a3c1ca5f27bde5fdefdfb6c75f4643b046d755c5d920ff1a757e9765c51e8837a,gx-no-cache=1522091060120 HTTP/1.1" 200 29
186.103.159.189 - - [26/Mar/2018:16:05:11 -0300] "POST /cormun/servlet/solicitudot?gx-no-cache=1522091060209 HTTP/1.1" 200 1319
186.103.159.189 - - [26/Mar/2018:16:05:11 -0300] "POST /cormun/servlet/solicitudot?gx-no-cache=1522091060349 HTTP/1.1" 200 1219
186.103.159.189 - - [26/Mar/2018:16:05:12 -0300] "GET /cormun/servlet/solicitudot?1fbe7df47dab23a941a051521926a3d806b3865f4088178f72e4a3594231156765e1e87d85ce2c1955250d09440edd34,gx-no-cache=1522091060438 HTTP/1.1" 200 30
186.103.159.189 - - [26/Mar/2018:16:05:20 -0300] "POST /cormun/servlet/solicitudot?gx-no-cache=1522091069307 HTTP/1.1" 200 1319
186.103.159.189 - - [26/Mar/2018:16:05:21 -0300] "POST /cormun/servlet/solicitudot?gx-no-cache=1522091069385 HTTP/1.1" 200 1219
186.103.159.189 - - [26/Mar/2018:16:05:21 -0300] "POST /cormun/servlet/solicitudot?gx-no-cache=1522091069454 HTTP/1.1" 200 33
192.168.10.96 - - [26/Mar/2018:16:05:21 -0300] "POST /cormun/servlet/trsolicitudgral?0a48325d901ab68450a17d5c5b925593,,gx-no-cache=1522090953129 HTTP/1.1" 200 7645
186.79.136.34 - - [26/Mar/2018:16:05:26 -0300] "GET /cormun/servlet/hlogin HTTP/1.1" 200 1720
186.79.136.34 - - [26/Mar/2018:16:05:28 -0300] "POST /cormun/servlet/hlogin?6b1351c1133e285088f46a7e71397df5,gx-no-cache=1522091077046 HTTP/1.1" 200 90
186.79.136.34 - - [26/Mar/2018:16:05:28 -0300] "GET /cormun/servlet/hpexe_link HTTP/1.1" 200 950
186.79.136.34 - - [26/Mar/2018:16:05:29 -0300] "GET /cormun/servlet/hhome HTTP/1.1" 200 3932
186.79.136.34 - - [26/Mar/2018:16:05:29 -0300] "GET /cormun/servlet/hhome HTTP/1.1" 200 3928
186.79.136.34 - - [26/Mar/2018:16:05:34 -0300] "GET /cormun/servlet/trlicencias? HTTP/1.1" 200 10624
186.79.136.34 - - [26/Mar/2018:16:05:35 -0300] "GET /cormun/servlet/trlicencias? HTTP/1.1" 200 10621
192.168.10.96 - - [26/Mar/2018:16:05:42 -0300] "POST /cormun/servlet/trsolicitudgral?0a48325d901ab68450a17d5c5b925593,,gx-no-cache=1522090974217 HTTP/1.1" 200 7298
186.79.136.34 - - [26/Mar/2018:16:05:43 -0300] "POST /cormun/servlet/trlicencias?6b1351c1133e285088f46a7e71397df5,,gx-no-cache=1522091090199 HTTP/1.1" 200 8036
186.79.136.34 - - [26/Mar/2018:16:05:43 -0300] "GET /cormun/static/Shared/jqueryui/images/ui-bg_highlight-soft_100_c6c2c8_1x100.png HTTP/1.1" 404 1117
186.79.136.34 - - [26/Mar/2018:16:05:43 -0300] "GET /cormun/static/Shared/jqueryui/images/ui-icons_82798d_256x240.png HTTP/1.1" 404 1089
186.79.136.34 - - [26/Mar/2018:16:05:43 -0300] "GET /cormun/static/Shared/jqueryui/images/ui-bg_flat_55_fafafa_40x100.png HTTP/1.1" 404 1097
186.79.136.34 - - [26/Mar/2018:16:05:43 -0300] "GET /cormun/static/Shared/jqueryui/images/ui-icons_8d78a5_256x240.png HTTP/1.1" 404 1089
186.79.136.34 - - [26/Mar/2018:16:06:25 -0300] "POST /cormun/servlet/trlicencias?6b1351c1133e285088f46a7e71397df5,,gx-no-cache=1522091133262 HTTP/1.1" 200 8006
192.168.10.96 - - [26/Mar/2018:16:06:30 -0300] "POST /cormun/servlet/trsolicitudgral?0a48325d901ab68450a17d5c5b925593,,gx-no-cache=1522091021465 HTTP/1.1" 200 5938
192.168.10.96 - - [26/Mar/2018:16:06:31 -0300] "POST /cormun/servlet/trsolicitudgral?0a48325d901ab68450a17d5c5b925593,,gx-no-cache=1522091022424 HTTP/1.1" 200 5939
192.168.10.96 - - [26/Mar/2018:16:06:31 -0300] "POST /cormun/servlet/trsolicitudgral?0a48325d901ab68450a17d5c5b925593,,gx-no-cache=1522091022615 HTTP/1.1" 200 5937
186.79.136.34 - - [26/Mar/2018:16:06:32 -0300] "GET /cormun/servlet/licenciaspermisos?DSP,10861333,L,20180326000000, HTTP/1.1" 200 7046
186.79.136.34 - - [26/Mar/2018:16:06:33 -0300] "GET /cormun/servlet/licenciaspermisos?DSP,10861333,L,20180326000000, HTTP/1.1" 200 7045
186.103.159.189 - - [26/Mar/2018:16:06:35 -0300] "POST /cormun/servlet/solicitudot?17a304dbfb96eddf1c471c79979b4a1a,INS,0,0,,gx-no-cache=1522091143307 HTTP/1.1" 200 93
186.103.159.189 - - [26/Mar/2018:16:06:35 -0300] "GET /cormun/servlet/hpexe_return? HTTP/1.1" 200 1001
186.103.159.189 - - [26/Mar/2018:16:06:35 -0300] "GET /cormun/servlet/trsolicitudot HTTP/1.1" 200 8592
186.103.159.189 - - [26/Mar/2018:16:06:37 -0300] "GET /cormun/servlet/trsolicitudot HTTP/1.1" 200 8588
186.79.189.240 - - [26/Mar/2018:16:06:38 -0300] "POST /cormun/servlet/trfichaempleado?b42fa95049beb27545aaf153f91a5780,,gx-no-cache=1522091142042 HTTP/1.1" 200 90
186.79.189.240 - - [26/Mar/2018:16:06:38 -0300] "GET /cormun/servlet/hpexe_link HTTP/1.1" 200 966
186.79.189.240 - - [26/Mar/2018:16:06:39 -0300] "GET /cormun/static/gxcfg.js?20177612121792 HTTP/1.1" 200 953
186.79.189.240 - - [26/Mar/2018:16:06:39 -0300] "GET /cormun/static/hpexe_link.js?20177612121795 HTTP/1.1" 200 625
186.79.189.240 - - [26/Mar/2018:16:06:39 -0300] "GET /cormun/servlet/trautorizarsolicitud? HTTP/1.1" 200 23745
186.79.189.240 - - [26/Mar/2018:16:06:40 -0300] "GET /cormun/static/Resources/PXTools/calendar.png HTTP/1.1" 200 1306
186.79.189.240 - - [26/Mar/2018:16:06:40 -0300] "GET /cormun//static/Resources/PXTools/ActionInsert.png HTTP/1.1" 200 1482
186.79.189.240 - - [26/Mar/2018:16:06:41 -0300] "GET /cormun/servlet/trautorizarsolicitud? HTTP/1.1" 200 23744
186.79.136.34 - - [26/Mar/2018:16:06:44 -0300] "POST /cormun/servlet/licenciaspermisos?6b1351c1133e285088f46a7e71397df5,DSP,10861333,L,20180326000000,,gx-no-cache=1522091152224 HTTP/1.1" 200 93
186.79.136.34 - - [26/Mar/2018:16:06:44 -0300] "GET /cormun/servlet/hpexe_return? HTTP/1.1" 200 1029
186.79.136.34 - - [26/Mar/2018:16:06:44 -0300] "GET /cormun/servlet/trlicencias? HTTP/1.1" 200 10521
186.79.136.34 - - [26/Mar/2018:16:06:45 -0300] "GET /cormun/servlet/trlicencias? HTTP/1.1" 200 10516
186.79.189.240 - - [26/Mar/2018:16:06:46 -0300] "POST /cormun/servlet/trautorizarsolicitud?b42fa95049beb27545aaf153f91a5780,,gx-no-cache=1522091148598 HTTP/1.1" 200 21101
186.79.189.240 - - [26/Mar/2018:16:06:47 -0300] "GET /cormun/static/Shared/jqueryui/images/ui-bg_highlight-soft_100_c6c2c8_1x100.png HTTP/1.1" 404 1117
186.79.189.240 - - [26/Mar/2018:16:06:47 -0300] "GET /cormun/static/Shared/jqueryui/images/ui-icons_82798d_256x240.png HTTP/1.1" 404 1089
186.79.189.240 - - [26/Mar/2018:16:06:47 -0300] "GET /cormun/static/Shared/jqueryui/images/ui-icons_8d78a5_256x240.png HTTP/1.1" 404 1089
186.79.189.240 - - [26/Mar/2018:16:06:47 -0300] "GET /cormun/static/Shared/jqueryui/images/ui-bg_flat_55_fafafa_40x100.png HTTP/1.1" 404 1097
186.79.189.240 - - [26/Mar/2018:16:06:52 -0300] "POST /cormun/servlet/trautorizarsolicitud?b42fa95049beb27545aaf153f91a5780,,gx-no-cache=1522091154620 HTTP/1.1" 200 21102
186.79.189.240 - - [26/Mar/2018:16:07:05 -0300] "POST /cormun/servlet/trautorizarsolicitud?b42fa95049beb27545aaf153f91a5780,,gx-no-cache=1522091167740 HTTP/1.1" 200 21087
186.103.159.189 - - [26/Mar/2018:16:07:06 -0300] "POST /cormun/servlet/trsolicitudot?17a304dbfb96eddf1c471c79979b4a1a,gx-no-cache=1522091174866 HTTP/1.1" 200 4478
186.103.159.189 - - [26/Mar/2018:16:07:06 -0300] "GET /cormun/static/Shared/jqueryui/images/ui-bg_highlight-soft_100_c6c2c8_1x100.png HTTP/1.1" 404 1117
186.103.159.189 - - [26/Mar/2018:16:07:06 -0300] "GET /cormun/static/Shared/jqueryui/images/ui-icons_82798d_256x240.png HTTP/1.1" 404 1089
186.103.159.189 - - [26/Mar/2018:16:07:06 -0300] "GET /cormun/static/Shared/jqueryui/images/ui-bg_flat_55_fafafa_40x100.png HTTP/1.1" 404 1097
186.103.159.189 - - [26/Mar/2018:16:07:06 -0300] "GET /cormun/static/Shared/jqueryui/images/ui-icons_8d78a5_256x240.png HTTP/1.1" 404 1089
186.103.159.189 - - [26/Mar/2018:16:07:06 -0300] "POST /cormun/servlet/trsolicitudot?17a304dbfb96eddf1c471c79979b4a1a,gx-no-cache=1522091175287 HTTP/1.1" 200 4248
186.103.159.189 - - [26/Mar/2018:16:07:11 -0300] "GET /cormun/servlet/hlogin HTTP/1.1" 200 1712
186.79.189.240 - - [26/Mar/2018:16:07:12 -0300] "POST /cormun/servlet/trautorizarsolicitud?b42fa95049beb27545aaf153f91a5780,,gx-no-cache=1522091174600 HTTP/1.1" 200 21103
186.103.159.189 - - [26/Mar/2018:16:07:26 -0300] "POST /cormun/servlet/hlogin?17a304dbfb96eddf1c471c79979b4a1a,gx-no-cache=1522091195162 HTTP/1.1" 200 90
186.103.159.189 - - [26/Mar/2018:16:07:26 -0300] "GET /cormun/servlet/hpexe_link HTTP/1.1" 200 945
186.103.159.189 - - [26/Mar/2018:16:07:27 -0300] "GET /cormun/servlet/hhome HTTP/1.1" 200 4166
186.103.159.189 - - [26/Mar/2018:16:07:28 -0300] "GET /cormun/servlet/hhome HTTP/1.1" 200 4162
192.168.10.96 - - [26/Mar/2018:16:07:41 -0300] "POST /cormun/servlet/trsolicitudgral?0a48325d901ab68450a17d5c5b925593,,gx-no-cache=1522091093231 HTTP/1.1" 200 7908
186.103.159.189 - - [26/Mar/2018:16:07:45 -0300] "GET /cormun/servlet/trautorizarsolicitud? HTTP/1.1" 200 8664
192.168.10.96 - - [26/Mar/2018:16:07:45 -0300] "POST /cormun/servlet/trsolicitudgral?0a48325d901ab68450a17d5c5b925593,,gx-no-cache=1522091097025 HTTP/1.1" 200 8169
186.103.159.189 - - [26/Mar/2018:16:07:45 -0300] "GET /cormun/static/gxcfg.js?2017111423403364 HTTP/1.1" 304 -
186.103.159.189 - - [26/Mar/2018:16:07:46 -0300] "GET /cormun/servlet/trautorizarsolicitud? HTTP/1.1" 200 8662
186.103.159.182 - - [26/Mar/2018:16:08:10 -0300] "GET /cormun/servlet/trsolicitudot? HTTP/1.1" 200 7468
186.103.159.182 - - [26/Mar/2018:16:08:11 -0300] "GET /cormun/servlet/trsolicitudot? HTTP/1.1" 200 7467
186.103.159.182 - - [26/Mar/2018:16:08:13 -0300] "GET /cormun/servlet/solicitudot?INS,0,0, HTTP/1.1" 200 13695
186.103.159.182 - - [26/Mar/2018:16:08:14 -0300] "GET /cormun/servlet/solicitudot?INS,0,0, HTTP/1.1" 200 13701
186.103.159.189 - - [26/Mar/2018:16:08:16 -0300] "POST /cormun/servlet/trautorizarsolicitud?17a304dbfb96eddf1c471c79979b4a1a,,gx-no-cache=1522091244933 HTTP/1.1" 200 4604
186.103.159.189 - - [26/Mar/2018:16:08:16 -0300] "GET /cormun/static/Shared/jqueryui/images/ui-bg_highlight-soft_100_c6c2c8_1x100.png HTTP/1.1" 404 1117
186.103.159.189 - - [26/Mar/2018:16:08:16 -0300] "GET /cormun/static/Shared/jqueryui/images/ui-icons_82798d_256x240.png HTTP/1.1" 404 1089
186.103.159.189 - - [26/Mar/2018:16:08:16 -0300] "GET /cormun/static/Shared/jqueryui/images/ui-bg_flat_55_fafafa_40x100.png HTTP/1.1" 404 1097
186.103.159.189 - - [26/Mar/2018:16:08:16 -0300] "GET /cormun/static/Shared/jqueryui/images/ui-icons_8d78a5_256x240.png HTTP/1.1" 404 1089
186.103.159.189 - - [26/Mar/2018:16:08:17 -0300] "POST /cormun/servlet/trautorizarsolicitud?17a304dbfb96eddf1c471c79979b4a1a,,gx-no-cache=1522091245360 HTTP/1.1" 200 4370
186.103.159.189 - - [26/Mar/2018:16:08:29 -0300] "POST /cormun/servlet/trautorizarsolicitud?17a304dbfb96eddf1c471c79979b4a1a,,gx-no-cache=1522091257951 HTTP/1.1" 200 5776
186.103.159.189 - - [26/Mar/2018:16:08:36 -0300] "POST /cormun/servlet/trautorizarsolicitud?17a304dbfb96eddf1c471c79979b4a1a,,gx-no-cache=1522091264493 HTTP/1.1" 200 4391
186.103.159.189 - - [26/Mar/2018:16:08:47 -0300] "GET /cormun/static/menuarrow.gif HTTP/1.1" 404 1015
139.162.79.87 - - [26/Mar/2018:16:08:48 -0300] "GET / HTTP/1.1" 200 11217
186.103.159.182 - - [26/Mar/2018:16:09:08 -0300] "GET /cormun/servlet/prfichaempleado?,MD,,gxPopupLevel%3D0%3B HTTP/1.1" 200 9422
186.103.159.182 - - [26/Mar/2018:16:09:18 -0300] "POST /cormun/servlet/prfichaempleado?df63c697f4b97a32a971f0f7afc2de31,,MD,,gxPopupLevel%3D0%3B,gx-no-cache=1522091306289 HTTP/1.1" 200 3476
186.79.189.240 - - [26/Mar/2018:16:09:21 -0300] "GET /cormun/servlet/trfichaempleado? HTTP/1.1" 200 12567
186.103.159.182 - - [26/Mar/2018:16:09:29 -0300] "POST /cormun/servlet/solicitudot?gx-no-cache=1522091316361 HTTP/1.1" 200 3423
186.103.159.182 - - [26/Mar/2018:16:09:29 -0300] "GET /cormun/static/Shared/jqueryui/images/ui-bg_highlight-soft_100_c6c2c8_1x100.png HTTP/1.1" 404 1117
186.103.159.182 - - [26/Mar/2018:16:09:29 -0300] "GET /cormun/static/Shared/jqueryui/images/ui-icons_82798d_256x240.png HTTP/1.1" 404 1089
186.103.159.182 - - [26/Mar/2018:16:09:29 -0300] "GET /cormun/static/Shared/jqueryui/images/ui-icons_ebccce_256x240.png HTTP/1.1" 404 1089
186.103.159.182 - - [26/Mar/2018:16:09:29 -0300] "GET /cormun/static/Shared/jqueryui/images/ui-bg_flat_55_994d53_40x100.png HTTP/1.1" 404 1097
186.103.159.182 - - [26/Mar/2018:16:09:29 -0300] "GET /cormun/servlet/solicitudot?2ba41c90cca088944a4c5c7120527ff10522fc9ac7f46d263c4231f8218bf6cad600b2e81c7270b59258ad269042f22b,gx-no-cache=1522091316843 HTTP/1.1" 200 111
186.103.159.182 - - [26/Mar/2018:16:09:29 -0300] "GET /cormun/servlet/solicitudot?2ba41c90cca088944a4c5c7120527ff1147b15c6a955f1986dbeb0ad3d26f856,gx-no-cache=1522091316892 HTTP/1.1" 200 94
186.103.159.182 - - [26/Mar/2018:16:09:29 -0300] "GET /cormun/servlet/solicitudot?2ba41c90cca088944a4c5c7120527ff1c310c39c27d480a3d7e73c75528533e8,gx-no-cache=1522091316924 HTTP/1.1" 200 29
186.103.159.182 - - [26/Mar/2018:16:09:34 -0300] "GET /cormun/servlet/prfichaempleado?,MD,,gxPopupLevel%3D0%3B HTTP/1.1" 200 9422
186.103.159.182 - - [26/Mar/2018:16:09:44 -0300] "POST /cormun/servlet/prfichaempleado?df63c697f4b97a32a971f0f7afc2de31,,MD,,gxPopupLevel%3D0%3B,gx-no-cache=1522091331400 HTTP/1.1" 200 3476
186.103.159.182 - - [26/Mar/2018:16:09:58 -0300] "GET /cormun/servlet/prfichaempleado?,MD,,gxPopupLevel%3D0%3B HTTP/1.1" 200 9422
186.103.159.182 - - [26/Mar/2018:16:10:06 -0300] "POST /cormun/servlet/prfichaempleado?df63c697f4b97a32a971f0f7afc2de31,,MD,,gxPopupLevel%3D0%3B,gx-no-cache=1522091353936 HTTP/1.1" 200 3476
186.103.159.182 - - [26/Mar/2018:16:10:12 -0300] "POST /cormun/servlet/solicitudot?gx-no-cache=1522091359392 HTTP/1.1" 200 3423
186.103.159.182 - - [26/Mar/2018:16:10:12 -0300] "GET /cormun/servlet/solicitudot?2ba41c90cca088944a4c5c7120527ff10522fc9ac7f46d263c4231f8218bf6cad600b2e81c7270b59258ad269042f22b,gx-no-cache=1522091359510 HTTP/1.1" 200 111
200.54.247.70 - - [26/Mar/2018:16:10:27 -0300] "GET /cormun/servlet/solicitudot?afeb8e09803fbf4c2d18835fbf471905442b872b69f47b6cbf0560c492b00a25b7f9a9bb580d0afb2ba7d87204e26efd0ba8edd89f7da98a00ab42f734869003,gx-no-cache=1522091369630 HTTP/1.1" 200 30
200.54.247.70 - - [26/Mar/2018:16:10:27 -0300] "POST /cormun/servlet/solicitudot?gx-no-cache=1522091369671 HTTP/1.1" 200 256
200.54.247.70 - - [26/Mar/2018:16:10:27 -0300] "GET /cormun/servlet/solicitudot?afeb8e09803fbf4c2d18835fbf471905fd3481488d2fc293d310b42a5278739247edd34e1bfc0933752d2de94eeb469bea339e884d0984531faa137b0ad1309c06ee925ad1ceb8b8fdc726427f362220cd6f9d1293ff15e501cdadc80ee37a23132a36d4f767c361c3f91694aa45900b07f918955902e0d40f1a4b6c12f6934ea6af1d5f46af9d7d3f1975eb82b0f37b9363db666c58a88787d29b49a00f710e74efc73762598670f454f7efd5b12c7e49b3d04de4b732861351f5fe99bf6dfdaa39c59102fd591d4aef6c71b2f6e9b1c9d0b0976d55cfcbf7b6cd3fc5967ba8e77539516606d69e6a77f0d478f33542ca488c7eed6f2d9791ddb69b580460ade0a296a65a9fe470381092f9137286d30ac7dfdbe64e7e610f94ecd6e306e2c878ee4cb863c9a5f3876c3fa425bc78a1be2ae06af1493d8182b94143326c99d016468dee1bd4c538d6cba9c7efff1f8be65d2875a4443b1cd34aeb4e51351c37966693c412c8098adac7ccbdad498b9908347abcad106b3712c50541b192ced7,gx-no-cache=1522091369720 HTTP/1.1" 200 30
200.54.247.70 - - [26/Mar/2018:16:10:27 -0300] "POST /cormun/servlet/solicitudot?gx-no-cache=1522091369764 HTTP/1.1" 200 30
200.54.247.70 - - [26/Mar/2018:16:10:27 -0300] "POST /cormun/servlet/solicitudot?gx-no-cache=1522091369815 HTTP/1.1" 200 1337
200.54.247.70 - - [26/Mar/2018:16:10:27 -0300] "POST /cormun/servlet/solicitudot?gx-no-cache=1522091369868 HTTP/1.1" 200 40
200.54.247.70 - - [26/Mar/2018:16:10:27 -0300] "POST /cormun/servlet/solicitudot?gx-no-cache=1522091369907 HTTP/1.1" 200 1318
200.54.247.70 - - [26/Mar/2018:16:10:28 -0300] "POST /cormun/servlet/solicitudot?gx-no-cache=1522091369966 HTTP/1.1" 200 1218
200.54.247.70 - - [26/Mar/2018:16:10:28 -0300] "GET /cormun/servlet/solicitudot?afeb8e09803fbf4c2d18835fbf471905994a94fe54d8fece356d2e5ba15b29bebcb536b91964c7f543c47bd021e5a6cb,gx-no-cache=1522091370017 HTTP/1.1" 200 30
200.54.247.70 - - [26/Mar/2018:16:10:28 -0300] "POST /cormun/servlet/solicitudot?gx-no-cache=1522091370055 HTTP/1.1" 200 30
200.54.247.70 - - [26/Mar/2018:16:10:28 -0300] "POST /cormun/servlet/solicitudot?ceb0bcf77f33dfc7f08bb6dce825d739,INS,0,0,,gx-no-cache=1522091370089 HTTP/1.1" 200 93
200.54.247.70 - - [26/Mar/2018:16:10:28 -0300] "GET /cormun/servlet/hpexe_return? HTTP/1.1" 200 1004
200.54.247.70 - - [26/Mar/2018:16:10:29 -0300] "GET /cormun/servlet/trsolicitudot HTTP/1.1" 200 23541
186.103.159.182 - - [26/Mar/2018:16:10:40 -0300] "POST /cormun/servlet/solicitudot?gx-no-cache=1522091387654 HTTP/1.1" 200 3423
186.103.159.182 - - [26/Mar/2018:16:10:43 -0300] "GET /cormun/servlet/solicitudot?2ba41c90cca088944a4c5c7120527ff155f35a76741aea635d9cbe083ab5f4c039d38bc99103f504f02ec753f1514405,gx-no-cache=1522091390567 HTTP/1.1" 200 30
192.168.10.96 - - [26/Mar/2018:16:11:15 -0300] "POST /cormun/servlet/trsolicitudgral?0a48325d901ab68450a17d5c5b925593,,gx-no-cache=1522091306777 HTTP/1.1" 200 7307
192.168.10.96 - - [26/Mar/2018:16:11:42 -0300] "POST /cormun/servlet/trsolicitudgral?0a48325d901ab68450a17d5c5b925593,,gx-no-cache=1522091333980 HTTP/1.1" 200 8307
192.168.10.96 - - [26/Mar/2018:16:11:53 -0300] "POST /cormun/servlet/trsolicitudgral?0a48325d901ab68450a17d5c5b925593,,gx-no-cache=1522091345218 HTTP/1.1" 200 7593
186.103.159.182 - - [26/Mar/2018:16:13:20 -0300] "GET /cormun/servlet/solicitudot?2ba41c90cca088944a4c5c7120527ff1d89d5ae13c8d42ee8857f8f08694b760eec9e8b7bd99a0b91ce060fe3daafe4f808abf107b935672d745ca9f63d385ba,gx-no-cache=1522091547499 HTTP/1.1" 200 30
186.103.159.182 - - [26/Mar/2018:16:13:20 -0300] "GET /cormun/servlet/solicitudot?2ba41c90cca088944a4c5c7120527ff1bb9a4e7ca8e67360c12d230843aa744856e989394bdf5dee353b5b1f111c982d2dac079d154bda490bfb68b48239bd8dae475ffa25c69cee31c42013c9e06652fe382dcf2f60d9d06efabdd3271fe10e683ae7101fc6bc83744c52a06d40e8e199209e155cc4c091ebe06dfcda2a9bdaadae6570a7ae93df3aa1e75c283e89ce7a89b8424a17904251018e4331ff1cf01e3cd082bd76b9dfd18041ea0e2c9fce86565adebf1f96c1d0fe3316a748d6012be76e5eba807cc0e3ba734d5e65a2b4a83786217ced4a554a06fcb10eb502d41479e365067a513bb2b48301522bffb21dab79c1a214913bafe3e4f62ccb46d263e6f1af8f75edb460238b7bccca62ed18f7708195f195940473fab60b70c2072fc7e8076c90117da3b2fc277948b2bcf59ff66d5c5536f5b8cfa59a175b0a43d5b4d1bcc7fb297348d63594abb00e4d,gx-no-cache=1522091547555 HTTP/1.1" 200 297
186.103.159.182 - - [26/Mar/2018:16:13:20 -0300] "GET /cormun/servlet/solicitudot?2ba41c90cca088944a4c5c7120527ff16d776505e7e77a112693dc7d57ee610314b3a27d04eab7562d958c08dcfd01f08a6234fa64d85cded38b9bcd76e84d9b6ed685da7060152d49a8086e18d8ba7c30f32447a10cd7e54c068ad9249ddefc8c915e0f0201668fbdbdcf2a76a1f09941fb16c075c94de311b45d4b11fbe7d546182c07b5c706e016429a6b631aee7da14247637f78148b6645f8cf22b53ee7ea6c104c529b5c2b9158251c9de660c74f571f1a13442455a600d9c08af0211455657aed5409ab26abdaa6b9bb949ce699d2f87d68f4cc5a8164103b3f44494501449a0492c3bc534cdd5eeb025b9b2302ceacd4649cb506a07e2380220cae054c0881b7b897f85951f83b7c043d967cd1ba1c82cef0951b3080ab84a4053b1686d4b872641794fd91dcd66e29ac2d3d4d2eda1400635e4ec01fd5c989f1ed2df535909dfb9bf612d7ae2a3e104a651d8baa760094abd3f56226704bce832dd1acd405565443e0c3a4eb6aaab461b72ef99a6377bfd067487b4355e1ed79e15b80ac5c249535f8445112d300c22a50e6,gx-no-cache=1522091547902 HTTP/1.1" 200 30
186.103.159.182 - - [26/Mar/2018:16:13:20 -0300] "POST /cormun/servlet/solicitudot?gx-no-cache=1522091548248 HTTP/1.1" 200 30
186.103.159.182 - - [26/Mar/2018:16:13:20 -0300] "POST /cormun/servlet/solicitudot?gx-no-cache=1522091548286 HTTP/1.1" 200 1331
186.103.159.182 - - [26/Mar/2018:16:13:20 -0300] "POST /cormun/servlet/solicitudot?gx-no-cache=1522091548344 HTTP/1.1" 200 38
186.103.159.182 - - [26/Mar/2018:16:13:53 -0300] "POST /cormun/servlet/solicitudot?gx-no-cache=1522091580547 HTTP/1.1" 200 30
186.103.159.182 - - [26/Mar/2018:16:13:57 -0300] "POST /cormun/servlet/solicitudot?gx-no-cache=1522091585371 HTTP/1.1" 200 1331
186.103.159.182 - - [26/Mar/2018:16:13:58 -0300] "POST /cormun/servlet/solicitudot?gx-no-cache=1522091585458 HTTP/1.1" 200 38
186.103.159.182 - - [26/Mar/2018:16:14:02 -0300] "GET /cormun/servlet/solicitudot?2ba41c90cca088944a4c5c7120527ff1df4136e3bdf28a1886d1c5071a5cce281dab79c1a214913bafe3e4f62ccb46d263e6f1af8f75edb460238b7bccca62edfab4443018f5089023bef16821905d00,gx-no-cache=1522091589782 HTTP/1.1" 200 29
186.103.159.182 - - [26/Mar/2018:16:14:02 -0300] "POST /cormun/servlet/solicitudot?gx-no-cache=1522091589863 HTTP/1.1" 200 1319
186.103.159.182 - - [26/Mar/2018:16:14:02 -0300] "POST /cormun/servlet/solicitudot?gx-no-cache=1522091590156 HTTP/1.1" 200 1215
186.103.159.188 - - [26/Mar/2018:16:14:51 -0300] "GET /cormun/servlet/hlogin HTTP/1.1" 200 1729
186.103.159.188 - - [26/Mar/2018:16:14:51 -0300] "GET /cormun/static/Resources/Spanish/PXTools.css?11423723 HTTP/1.1" 304 -
186.103.159.188 - - [26/Mar/2018:16:14:51 -0300] "GET /cormun/static/gxtimezone.js?85251 HTTP/1.1" 304 -
186.103.159.188 - - [26/Mar/2018:16:14:51 -0300] "GET /cormun/static/hlogin.js?20175251213537 HTTP/1.1" 304 -
186.103.159.188 - - [26/Mar/2018:16:14:52 -0300] "GET /cormun/servlet/hlogin HTTP/1.1" 200 1732
200.72.197.82 - - [26/Mar/2018:16:14:58 -0300] "GET /cormun/servlet/hlogin HTTP/1.1" 200 1723
200.72.197.82 - - [26/Mar/2018:16:14:58 -0300] "GET /cormun/static/gxtimezone.js?85251 HTTP/1.1" 304 -
186.103.161.206 - - [26/Mar/2018:16:14:58 -0300] "GET /cormun/static/gxcfg.js?20175251213516 HTTP/1.1" 304 -
200.72.197.82 - - [26/Mar/2018:16:14:58 -0300] "GET /cormun/static/messages.spa.js?85251 HTTP/1.1" 304 -
200.72.197.82 - - [26/Mar/2018:16:14:59 -0300] "GET /cormun/servlet/hlogin HTTP/1.1" 200 1733
186.103.159.188 - - [26/Mar/2018:16:15:02 -0300] "POST /cormun/servlet/hlogin?640873bd0d4dab6ec3e13b611de08d6a,gx-no-cache=1522091650787 HTTP/1.1" 200 90
186.103.159.188 - - [26/Mar/2018:16:15:02 -0300] "GET /cormun/servlet/hpexe_link HTTP/1.1" 200 953
186.103.159.188 - - [26/Mar/2018:16:15:02 -0300] "GET /cormun/static/hpexe_link.js?20177612121795 HTTP/1.1" 304 -
186.103.159.188 - - [26/Mar/2018:16:15:02 -0300] "GET /cormun/static/Resources/Spanish/PXTools.css?1155365 HTTP/1.1" 304 -
186.103.159.188 - - [26/Mar/2018:16:15:02 -0300] "GET /cormun/servlet/hhome HTTP/1.1" 200 3951
186.103.159.188 - - [26/Mar/2018:16:15:02 -0300] "GET /cormun/static/hwchdr01.js?201752511465785 HTTP/1.1" 304 -
186.103.159.188 - - [26/Mar/2018:16:15:02 -0300] "GET /cormun/static/hhome.js?20175251212450 HTTP/1.1" 304 -
186.103.159.188 - - [26/Mar/2018:16:15:02 -0300] "GET /cormun/static/hpexe_recentlink.js?20177611595044 HTTP/1.1" 304 -
186.103.159.188 - - [26/Mar/2018:16:15:02 -0300] "GET /cormun/static/hpexe_scripts.js?201752511465715 HTTP/1.1" 304 -
186.103.159.188 - - [26/Mar/2018:16:15:02 -0300] "GET /cormun/static/hpexe_messagepopupcomponent.js?20161017169425 HTTP/1.1" 304 -
186.103.159.188 - - [26/Mar/2018:16:15:02 -0300] "GET /cormun/static/hpexe_messagecontroller.js?20177611595012 HTTP/1.1" 304 -
186.103.159.188 - - [26/Mar/2018:16:15:02 -0300] "GET /cormun/static/hpexe_messagegenexuscomponent.js?201752511465344 HTTP/1.1" 304 -
186.103.159.188 - - [26/Mar/2018:16:15:02 -0300] "GET /cormun/static/cmcontrolpreferences.js?201752511465670 HTTP/1.1" 304 -
186.103.159.188 - - [26/Mar/2018:16:15:02 -0300] "GET /cormun/static/hmpwkw03.js?20177612122668 HTTP/1.1" 304 -
186.103.159.188 - - [26/Mar/2018:16:15:03 -0300] "GET /cormun/servlet/hhome HTTP/1.1" 200 3947
186.103.159.188 - - [26/Mar/2018:16:15:13 -0300] "GET /cormun/servlet/trrenuncias? HTTP/1.1" 200 6801
186.103.159.188 - - [26/Mar/2018:16:15:13 -0300] "GET /cormun/static/calendar-setup.js?85251 HTTP/1.1" 304 -
186.103.159.188 - - [26/Mar/2018:16:15:13 -0300] "GET /cormun/static/calendar.js?85251 HTTP/1.1" 304 -
186.103.159.188 - - [26/Mar/2018:16:15:13 -0300] "GET /cormun/static/calendar-es.js?85251 HTTP/1.1" 304 -
186.103.159.188 - - [26/Mar/2018:16:15:13 -0300] "GET /cormun/static/gxcfg.js?20175251282642 HTTP/1.1" 200 953
186.103.159.188 - - [26/Mar/2018:16:15:13 -0300] "GET /cormun/static/gxdec.js?85251 HTTP/1.1" 304 -
186.103.159.188 - - [26/Mar/2018:16:15:13 -0300] "GET /cormun/static/trrenuncias.js?20175251283179 HTTP/1.1" 200 31174
186.103.159.188 - - [26/Mar/2018:16:15:13 -0300] "GET /cormun/servlet/trrenuncias? HTTP/1.1" 200 6800
200.111.122.170 - - [26/Mar/2018:16:15:19 -0300] "POST /cormun/servlet/hlogin?826601411dbe9e72902c1bcb6f8609fb,gx-no-cache=1522091667608 HTTP/1.1" 200 90
200.111.122.170 - - [26/Mar/2018:16:15:19 -0300] "GET /cormun/servlet/hpexe_link HTTP/1.1" 200 954
200.111.122.170 - - [26/Mar/2018:16:15:20 -0300] "GET /cormun/static/gxcfg.js?20177612121792 HTTP/1.1" 304 -
200.111.122.170 - - [26/Mar/2018:16:15:20 -0300] "GET /cormun/servlet/hhome HTTP/1.1" 200 4204
200.111.122.170 - - [26/Mar/2018:16:15:20 -0300] "GET /cormun/static/gxcfg.js?20175251212442 HTTP/1.1" 304 -
200.111.122.170 - - [26/Mar/2018:16:15:22 -0300] "GET /cormun/servlet/hhome HTTP/1.1" 200 4200
186.67.203.186 - - [26/Mar/2018:16:15:30 -0300] "GET /cormun/servlet/trcontratosolicitud? HTTP/1.1" 200 14799
200.111.122.170 - - [26/Mar/2018:16:15:30 -0300] "GET /cormun/static/gxcfg.js?20177612214014 HTTP/1.1" 200 953
186.103.132.155 - - [26/Mar/2018:16:15:30 -0300] "GET /cormun/static/calendar-es.js?85251 HTTP/1.1" 304 -
200.72.197.82 - - [26/Mar/2018:16:15:30 -0300] "GET /cormun/static/calendar-setup.js?85251 HTTP/1.1" 304 -
190.151.100.218 - - [26/Mar/2018:16:15:30 -0300] "GET /cormun/static/calendar.js?85251 HTTP/1.1" 304 -
200.111.122.170 - - [26/Mar/2018:16:15:31 -0300] "GET /cormun/static/gxdec.js?85251 HTTP/1.1" 304 -
200.111.122.170 - - [26/Mar/2018:16:15:31 -0300] "GET /cormun/static/trcontratosolicitud.js?20177612214349 HTTP/1.1" 200 28237
190.151.100.218 - - [26/Mar/2018:16:15:33 -0300] "GET /cormun//static/Resources/PXToolsGridNew.png HTTP/1.1" 200 2949
200.111.122.170 - - [26/Mar/2018:16:15:33 -0300] "GET /cormun/servlet/trcontratosolicitud? HTTP/1.1" 200 14783
190.161.236.41 - - [26/Mar/2018:16:15:40 -0300] "POST /cormun/servlet/trrenuncias?640873bd0d4dab6ec3e13b611de08d6a,,gx-no-cache=1522091688534 HTTP/1.1" 200 4092
190.161.236.41 - - [26/Mar/2018:16:15:43 -0300] "GET /cormun/servlet/renuncias?INS,0, HTTP/1.1" 200 6083
190.161.236.41 - - [26/Mar/2018:16:15:43 -0300] "GET /cormun/static/gxcfg.js?2017426922787 HTTP/1.1" 200 953
190.161.236.41 - - [26/Mar/2018:16:15:44 -0300] "GET /cormun/static/Resources/Spanish/PXTools.css?11294912 HTTP/1.1" 200 89042
190.161.236.41 - - [26/Mar/2018:16:15:44 -0300] "GET /cormun/static/renuncias.js?201742692287 HTTP/1.1" 200 14762
190.161.236.41 - - [26/Mar/2018:16:15:44 -0300] "GET /cormun/servlet/renuncias?INS,0, HTTP/1.1" 200 6083
200.111.122.170 - - [26/Mar/2018:16:15:44 -0300] "GET /cormun/servlet/trautorizarsolicitud? HTTP/1.1" 200 7312
200.111.122.170 - - [26/Mar/2018:16:15:44 -0300] "GET /cormun/static/gxcfg.js?2017111423403364 HTTP/1.1" 304 -
200.111.122.170 - - [26/Mar/2018:16:15:45 -0300] "GET /cormun/servlet/trautorizarsolicitud? HTTP/1.1" 200 7312
190.151.100.218 - - [26/Mar/2018:16:15:55 -0300] "POST /cormun/servlet/trautorizarsolicitud?826601411dbe9e72902c1bcb6f8609fb,,gx-no-cache=1522091702824 HTTP/1.1" 200 9193
190.161.236.41 - - [26/Mar/2018:16:16:00 -0300] "GET /cormun/static/menuarrow.gif HTTP/1.1" 404 1015
186.103.159.182 - - [26/Mar/2018:16:16:00 -0300] "GET /cormun/static/menuarrow.gif HTTP/1.1" 404 1015
186.103.159.182 - - [26/Mar/2018:16:16:04 -0300] "GET /cormun/servlet/solicitudot?2ba41c90cca088944a4c5c7120527ff1b32f6cac45022afd85bca569b813d92bb2dc92c4ad7db39198cee05ee503d513,gx-no-cache=1522091712243 HTTP/1.1" 200 30
190.161.236.41 - - [26/Mar/2018:16:16:05 -0300] "GET /cormun/servlet/renuncias?f68272a93f5c4526c8b52bcace54122862167bd1fdae0f4bb9548616ebb13380fa44e3866c0dde109e86ab6874e9dbdc,gx-no-cache=1522091713611 HTTP/1.1" 200 33
186.67.203.186 - - [26/Mar/2018:16:16:15 -0300] "POST /cormun/servlet/trautorizarsolicitud?826601411dbe9e72902c1bcb6f8609fb,,gx-no-cache=1522091723255 HTTP/1.1" 200 4407
186.67.203.186 - - [26/Mar/2018:16:16:22 -0300] "POST /cormun/servlet/trautorizarsolicitud?826601411dbe9e72902c1bcb6f8609fb,,gx-no-cache=1522091729970 HTTP/1.1" 200 17191
186.103.159.182 - - [26/Mar/2018:16:16:25 -0300] "POST /cormun/servlet/solicitudot?gx-no-cache=1522091733053 HTTP/1.1" 200 30
186.103.159.182 - - [26/Mar/2018:16:16:27 -0300] "POST /cormun/servlet/solicitudot?df63c697f4b97a32a971f0f7afc2de31,INS,0,0,,gx-no-cache=1522091733468 HTTP/1.1" 200 11784
186.103.159.188 - - [26/Mar/2018:16:16:36 -0300] "GET /cormun/servlet/renuncias?f68272a93f5c4526c8b52bcace541228a3ce757ab5fb193341bbdf63ac2dcaa2524a39bbc9cc534293f94975b79e220b,gx-no-cache=1522091744536 HTTP/1.1" 200 230
186.103.159.188 - - [26/Mar/2018:16:16:36 -0300] "GET /cormun/static/Shared/jqueryui/images/ui-icons_82798d_256x240.png HTTP/1.1" 404 1089
186.103.159.188 - - [26/Mar/2018:16:16:36 -0300] "GET /cormun/static/Shared/jqueryui/images/ui-bg_flat_55_994d53_40x100.png HTTP/1.1" 404 1097
186.103.159.188 - - [26/Mar/2018:16:16:36 -0300] "GET /cormun/static/Shared/jqueryui/images/ui-bg_highlight-soft_100_c6c2c8_1x100.png HTTP/1.1" 404 1117
190.161.236.41 - - [26/Mar/2018:16:16:36 -0300] "GET /cormun/static/Shared/jqueryui/images/ui-icons_ebccce_256x240.png HTTP/1.1" 404 1089
190.161.236.41 - - [26/Mar/2018:16:16:58 -0300] "GET /cormun/servlet/prfichaempleado?,MD,,gxPopupLevel%3D0%3B HTTP/1.1" 200 9289
190.161.236.41 - - [26/Mar/2018:16:16:58 -0300] "GET /cormun/static/menusearch.js?201610171694467 HTTP/1.1" 304 -
186.103.159.188 - - [26/Mar/2018:16:16:58 -0300] "GET /cormun/static/hmpwkw011.js?20177612121862 HTTP/1.1" 304 -
186.103.159.188 - - [26/Mar/2018:16:16:58 -0300] "GET /cormun/static/gxcfg.js?20177612134814 HTTP/1.1" 304 -
190.161.236.41 - - [26/Mar/2018:16:16:58 -0300] "GET /cormun/servlet/renuncias?f68272a93f5c4526c8b52bcace541228e4bbf0bb17a52486557740e3906254204472fb333d6e99293e832ff03706aab0,gx-no-cache=1522091766443 HTTP/1.1" 200 67
190.161.236.41 - - [26/Mar/2018:16:17:07 -0300] "GET /cormun/servlet/prfichaempleado?,MD,,gxPopupLevel%3D0%3B HTTP/1.1" 200 9289
201.214.54.200 - - [26/Mar/2018:16:17:44 -0300] "GET /cormun/servlet/hlogin HTTP/1.1" 200 1724
201.214.54.200 - - [26/Mar/2018:16:17:57 -0300] "POST /cormun/servlet/hlogin?cf125dcb334a9d8104d8f0d8ea70b50c,gx-no-cache=1522091839196 HTTP/1.1" 200 90
201.214.54.200 - - [26/Mar/2018:16:17:57 -0300] "GET /cormun/servlet/hpexe_link HTTP/1.1" 200 953
201.214.54.200 - - [26/Mar/2018:16:17:57 -0300] "GET /cormun/servlet/hhome HTTP/1.1" 200 4234
201.214.54.200 - - [26/Mar/2018:16:17:58 -0300] "GET /cormun/servlet/hhome HTTP/1.1" 200 4230
201.214.54.200 - - [26/Mar/2018:16:18:01 -0300] "GET /cormun/servlet/trcontratounov2? HTTP/1.1" 200 17622
186.67.203.186 - - [26/Mar/2018:16:18:03 -0300] "GET /cormun/servlet/trcontratounov2? HTTP/1.1" 200 17791
186.67.203.186 - - [26/Mar/2018:16:18:03 -0300] "GET /cormun/static/gxcfg.js?201752512124396 HTTP/1.1" 200 953
186.103.161.206 - - [26/Mar/2018:16:18:03 -0300] "GET /cormun/static/Resources/PXToolsAddSelectedAction.png HTTP/1.1" 200 3660
201.214.54.200 - - [26/Mar/2018:16:18:03 -0300] "GET /cormun/servlet/trcontratounov2? HTTP/1.1" 200 17639
186.103.161.206 - - [26/Mar/2018:16:18:03 -0300] "GET /cormun/static/trcontratounov2.js?201752512125146 HTTP/1.1" 200 38486
186.103.161.206 - - [26/Mar/2018:16:18:05 -0300] "GET /cormun/servlet/trcontratounov2? HTTP/1.1" 200 17775
201.214.54.200 - - [26/Mar/2018:16:18:13 -0300] "POST /cormun/servlet/trcontratounov2?cf125dcb334a9d8104d8f0d8ea70b50c,,gx-no-cache=1522091854937 HTTP/1.1" 200 17585
201.214.54.200 - - [26/Mar/2018:16:18:14 -0300] "GET /cormun/static/Resources/PXToolsGridNext.gif HTTP/1.1" 200 369
201.214.54.200 - - [26/Mar/2018:16:18:14 -0300] "GET /cormun/static/Resources/PXToolsGridLast.gif HTTP/1.1" 200 370
186.79.136.34 - - [26/Mar/2018:16:18:26 -0300] "GET /cormun/servlet/hlogin HTTP/1.1" 200 1718
186.79.136.34 - - [26/Mar/2018:16:18:29 -0300] "POST /cormun/servlet/hlogin?2a0cc1ca51142ed046f1ab3ff200ae00,gx-no-cache=1522091857143 HTTP/1.1" 200 90
186.79.136.34 - - [26/Mar/2018:16:18:29 -0300] "GET /cormun/servlet/hpexe_link HTTP/1.1" 200 949
186.79.136.34 - - [26/Mar/2018:16:18:30 -0300] "GET /cormun/servlet/hhome HTTP/1.1" 200 3932
186.79.136.34 - - [26/Mar/2018:16:18:31 -0300] "GET /cormun/servlet/hhome HTTP/1.1" 200 3929
186.79.136.34 - - [26/Mar/2018:16:18:33 -0300] "GET /cormun/servlet/trlicencias? HTTP/1.1" 200 10518
186.79.136.34 - - [26/Mar/2018:16:18:34 -0300] "GET /cormun/servlet/trlicencias? HTTP/1.1" 200 10529
186.79.136.34 - - [26/Mar/2018:16:18:40 -0300] "GET /cormun/servlet/licenciaspermisos?INS,0,,, HTTP/1.1" 200 7455
186.79.136.34 - - [26/Mar/2018:16:18:41 -0300] "GET /cormun/servlet/licenciaspermisos?INS,0,,, HTTP/1.1" 200 7455
190.161.236.41 - - [26/Mar/2018:16:18:46 -0300] "POST /cormun/servlet/prfichaempleado?640873bd0d4dab6ec3e13b611de08d6a,,MD,,gxPopupLevel%3D0%3B,gx-no-cache=1522091874238 HTTP/1.1" 200 3422
201.214.54.200 - - [26/Mar/2018:16:18:58 -0300] "POST /cormun/servlet/trcontratounov2?cf125dcb334a9d8104d8f0d8ea70b50c,,gx-no-cache=1522091899652 HTTP/1.1" 200 15323
201.214.54.200 - - [26/Mar/2018:16:19:07 -0300] "POST /cormun/servlet/trcontratounov2?cf125dcb334a9d8104d8f0d8ea70b50c,,gx-no-cache=1522091909138 HTTP/1.1" 200 9464
186.79.136.34 - - [26/Mar/2018:16:19:08 -0300] "GET /cormun/servlet/prfichaempleado?,MD,,gxPopupLevel%3D0%3B HTTP/1.1" 200 9276
201.214.54.200 - - [26/Mar/2018:16:19:17 -0300] "POST /cormun/servlet/trcontratounov2?cf125dcb334a9d8104d8f0d8ea70b50c,,gx-no-cache=1522091919013 HTTP/1.1" 200 9446
186.79.136.34 - - [26/Mar/2018:16:19:18 -0300] "GET /cormun/servlet/prfichaempleado?,MD,,gxPopupLevel%3D0%3B HTTP/1.1" 200 9276
201.214.54.200 - - [26/Mar/2018:16:19:22 -0300] "GET /cormun/servlet/hlogin HTTP/1.1" 200 1740
200.72.197.82 - - [26/Mar/2018:16:19:44 -0300] "GET /cormun/servlet/trcontratoobservaciondir? HTTP/1.1" 200 7101
200.72.197.82 - - [26/Mar/2018:16:19:44 -0300] "GET /cormun/static/gxcfg.js?20175251262281 HTTP/1.1" 200 953
186.67.203.186 - - [26/Mar/2018:16:19:45 -0300] "GET /cormun/static/trcontratoobservaciondir.js?20175251262715 HTTP/1.1" 200 27185
186.67.203.186 - - [26/Mar/2018:16:19:46 -0300] "GET /cormun/servlet/trcontratoobservaciondir? HTTP/1.1" 200 7101
186.79.136.34 - - [26/Mar/2018:16:19:51 -0300] "GET /cormun/servlet/licenciaspermisos?4604d1c94517d2d6fb09844925cf8dda05c9ef668d14f2e86453379a50c992a12f92356c72520a4ecc9e5f78f3de74ec,gx-no-cache=1522091940165 HTTP/1.1" 200 107
186.79.136.34 - - [26/Mar/2018:16:19:52 -0300] "POST /cormun/servlet/licenciaspermisos?2a0cc1ca51142ed046f1ab3ff200ae00,INS,0,,,,gx-no-cache=1522091940365 HTTP/1.1" 200 4685
186.67.203.186 - - [26/Mar/2018:16:20:01 -0300] "GET /cormun/servlet/trvisualizadoreventos? HTTP/1.1" 200 6956
200.72.197.82 - - [26/Mar/2018:16:20:01 -0300] "GET /cormun/static/gxcfg.js?20175251251426 HTTP/1.1" 200 953
186.67.203.186 - - [26/Mar/2018:16:20:02 -0300] "GET /cormun/static/Resources/PXToolsActionPrint.png HTTP/1.1" 200 3317
200.72.197.82 - - [26/Mar/2018:16:20:02 -0300] "GET /cormun/static/trvisualizadoreventos.js?20175251251768 HTTP/1.1" 200 19318
200.72.197.82 - - [26/Mar/2018:16:20:02 -0300] "GET /cormun/servlet/trvisualizadoreventos? HTTP/1.1" 200 6955
186.67.203.186 - - [26/Mar/2018:16:20:07 -0300] "POST /cormun/servlet/trvisualizadoreventos?826601411dbe9e72902c1bcb6f8609fb,,gx-no-cache=1522091954843 HTTP/1.1" 200 4145
186.67.203.186 - - [26/Mar/2018:16:20:11 -0300] "POST /cormun/servlet/trvisualizadoreventos?826601411dbe9e72902c1bcb6f8609fb,,gx-no-cache=1522091959768 HTTP/1.1" 200 4144
186.67.203.186 - - [26/Mar/2018:16:20:16 -0300] "GET /cormun/servlet/trautorizarsolicitud? HTTP/1.1" 200 19977
186.67.203.186 - - [26/Mar/2018:16:20:18 -0300] "GET /cormun/servlet/trautorizarsolicitud? HTTP/1.1" 200 19977
190.151.100.218 - - [26/Mar/2018:16:20:47 -0300] "POST /cormun/servlet/trautorizarsolicitud?826601411dbe9e72902c1bcb6f8609fb,,gx-no-cache=1522091992587 HTTP/1.1" 200 4408
190.151.100.218 - - [26/Mar/2018:16:20:55 -0300] "POST /cormun/servlet/trautorizarsolicitud?826601411dbe9e72902c1bcb6f8609fb,,gx-no-cache=1522092002996 HTTP/1.1" 200 6827
190.151.100.218 - - [26/Mar/2018:16:21:11 -0300] "POST /cormun/servlet/trautorizarsolicitud?826601411dbe9e72902c1bcb6f8609fb,,gx-no-cache=1522092019644 HTTP/1.1" 200 6847
190.151.100.218 - - [26/Mar/2018:16:21:11 -0300] "GET /cormun/static/Shared/jqueryui/images/ui-bg_highlight-soft_100_c6c2c8_1x100.png HTTP/1.1" 404 1117
200.72.197.82 - - [26/Mar/2018:16:21:11 -0300] "GET /cormun/static/Shared/jqueryui/images/ui-icons_82798d_256x240.png HTTP/1.1" 404 1089
190.151.100.218 - - [26/Mar/2018:16:21:12 -0300] "GET /cormun/static/Shared/jqueryui/images/ui-bg_flat_55_fafafa_40x100.png HTTP/1.1" 404 1097
200.72.197.82 - - [26/Mar/2018:16:21:12 -0300] "GET /cormun/static/Shared/jqueryui/images/ui-icons_8d78a5_256x240.png HTTP/1.1" 404 1089
200.72.197.82 - - [26/Mar/2018:16:21:19 -0300] "POST /cormun/servlet/trautorizarsolicitud?826601411dbe9e72902c1bcb6f8609fb,,gx-no-cache=1522092027388 HTTP/1.1" 200 107
200.72.197.82 - - [26/Mar/2018:16:21:19 -0300] "GET /cormun/servlet/trsolicitudadjuntos?2018,10026, HTTP/1.1" 200 6236
200.72.197.82 - - [26/Mar/2018:16:21:20 -0300] "GET /cormun/static/gxcfg.js?20177612135366 HTTP/1.1" 304 -
200.72.197.82 - - [26/Mar/2018:16:21:21 -0300] "GET /cormun/servlet/trsolicitudadjuntos?2018,10026, HTTP/1.1" 200 6236
200.72.197.82 - - [26/Mar/2018:16:21:37 -0300] "POST /cormun/servlet/trsolicitudadjuntos?826601411dbe9e72902c1bcb6f8609fb,2018,10026,,gx-no-cache=1522092045571 HTTP/1.1" 200 90
200.72.197.82 - - [26/Mar/2018:16:21:37 -0300] "GET /cormun/servlet/hpexe_link HTTP/1.1" 200 980
200.72.197.82 - - [26/Mar/2018:16:21:38 -0300] "GET /cormun/servlet/trautorizarsolicitud? HTTP/1.1" 200 9698
200.72.197.82 - - [26/Mar/2018:16:21:39 -0300] "GET /cormun/servlet/trautorizarsolicitud? HTTP/1.1" 200 9696
200.72.197.82 - - [26/Mar/2018:16:21:42 -0300] "POST /cormun/servlet/trautorizarsolicitud?826601411dbe9e72902c1bcb6f8609fb,,gx-no-cache=1522092050409 HTTP/1.1" 200 6841
200.72.197.82 - - [26/Mar/2018:16:21:42 -0300] "GET /cormun/static/Shared/jqueryui/images/ui-bg_highlight-soft_100_c6c2c8_1x100.png HTTP/1.1" 404 1117
186.67.203.186 - - [26/Mar/2018:16:21:42 -0300] "GET /cormun/static/Shared/jqueryui/images/ui-icons_82798d_256x240.png HTTP/1.1" 404 1089
186.67.203.186 - - [26/Mar/2018:16:21:42 -0300] "GET /cormun/static/Shared/jqueryui/images/ui-bg_flat_55_fafafa_40x100.png HTTP/1.1" 404 1097
200.72.197.82 - - [26/Mar/2018:16:21:42 -0300] "GET /cormun/static/Shared/jqueryui/images/ui-icons_8d78a5_256x240.png HTTP/1.1" 404 1089
186.67.203.186 - - [26/Mar/2018:16:21:50 -0300] "POST /cormun/servlet/trautorizarsolicitud?826601411dbe9e72902c1bcb6f8609fb,,gx-no-cache=1522092057817 HTTP/1.1" 200 6841
186.67.203.186 - - [26/Mar/2018:16:21:55 -0300] "POST /cormun/servlet/trautorizarsolicitud?826601411dbe9e72902c1bcb6f8609fb,,gx-no-cache=1522092063591 HTTP/1.1" 200 107
186.67.203.186 - - [26/Mar/2018:16:21:55 -0300] "GET /cormun/servlet/trsolicitudadjuntos?2018,10026, HTTP/1.1" 200 6236
186.67.203.186 - - [26/Mar/2018:16:21:56 -0300] "GET /cormun/servlet/trsolicitudadjuntos?2018,10026, HTTP/1.1" 200 6236
186.67.203.186 - - [26/Mar/2018:16:22:04 -0300] "POST /cormun/servlet/trsolicitudadjuntos?826601411dbe9e72902c1bcb6f8609fb,2018,10026,,gx-no-cache=1522092072085 HTTP/1.1" 200 90
186.67.203.186 - - [26/Mar/2018:16:22:04 -0300] "GET /cormun/servlet/hpexe_link HTTP/1.1" 200 980
186.67.203.186 - - [26/Mar/2018:16:22:04 -0300] "GET /cormun/servlet/trautorizarsolicitud? HTTP/1.1" 200 9698
186.67.203.186 - - [26/Mar/2018:16:22:06 -0300] "GET /cormun/servlet/trautorizarsolicitud? HTTP/1.1" 200 9696
190.151.100.218 - - [26/Mar/2018:16:22:14 -0300] "POST /cormun/servlet/trautorizarsolicitud?826601411dbe9e72902c1bcb6f8609fb,,gx-no-cache=1522092082042 HTTP/1.1" 200 6842
190.151.100.218 - - [26/Mar/2018:16:22:14 -0300] "GET /cormun/static/Shared/jqueryui/images/ui-bg_highlight-soft_100_c6c2c8_1x100.png HTTP/1.1" 404 1117
200.111.122.170 - - [26/Mar/2018:16:22:14 -0300] "GET /cormun/static/Shared/jqueryui/images/ui-icons_82798d_256x240.png HTTP/1.1" 404 1089
200.111.122.170 - - [26/Mar/2018:16:22:14 -0300] "GET /cormun/static/Shared/jqueryui/images/ui-bg_flat_55_fafafa_40x100.png HTTP/1.1" 404 1097
190.151.100.218 - - [26/Mar/2018:16:22:14 -0300] "GET /cormun/static/Shared/jqueryui/images/ui-icons_8d78a5_256x240.png HTTP/1.1" 404 1089
186.79.136.34 - - [26/Mar/2018:16:22:14 -0300] "GET /cormun/servlet/licenciaspermisos?4604d1c94517d2d6fb09844925cf8ddacdd8152064a1cfc948c9a9d99861103b2dd6c6cf6836da6205518cb05c622f4019a3046f6c8afc6fadd71b9f1ba29191e9f64d9f93ce264c0588220a3869e0ce82b157d76dca71ea0886abee93407909fe8859bfff0f72ea96e4746b5a81e8aef8e0fdf84caf66b71eae7256400fe5f9b42362a8755efa048ccf93bf37ee45cc553ab94ed5f0fd210911f269fcacb5bc912f2e01f2a31d0902073bab5fac8c27,gx-no-cache=1522092083291 HTTP/1.1" 200 30
186.79.136.34 - - [26/Mar/2018:16:22:15 -0300] "GET /cormun/servlet/licenciaspermisos?4604d1c94517d2d6fb09844925cf8dda9aa47d90ca7cae3e9551537a25238a5ca730258b60a742fd6947f5f98cfff3a1e3d808047d27fde59ee3cdaeba895ea57bc5386a2c0b518b1d36d4b9a84a131ab1e90fc6f73969f0b59bb7cd8507cc6e734dfbd2845b5608543613b5ac40332277ae242dd9a8c27f53da1e6ca106eac23b741aee57652d90399edc303376ba475ef01bc394274b560cdc81aec081708771dcb68bfd3725ba079a918fcbefd65d,gx-no-cache=1522092083438 HTTP/1.1" 200 29
186.79.136.34 - - [26/Mar/2018:16:22:15 -0300] "POST /cormun/servlet/licenciaspermisos?2a0cc1ca51142ed046f1ab3ff200ae00,INS,0,,,,gx-no-cache=1522092083519 HTTP/1.1" 200 93
186.79.136.34 - - [26/Mar/2018:16:22:15 -0300] "GET /cormun/servlet/hpexe_return? HTTP/1.1" 200 1010
186.79.136.34 - - [26/Mar/2018:16:22:16 -0300] "GET /cormun/servlet/trlicencias HTTP/1.1" 200 10908
186.79.136.34 - - [26/Mar/2018:16:22:17 -0300] "GET /cormun/servlet/trlicencias HTTP/1.1" 200 10937
192.168.10.96 - - [26/Mar/2018:16:22:21 -0300] "GET /cormun/servlet/trsolicitudgral? HTTP/1.1" 200 10848
192.168.10.96 - - [26/Mar/2018:16:22:21 -0300] "GET /cormun/servlet/trsolicitudgral? HTTP/1.1" 200 10848
190.151.100.218 - - [26/Mar/2018:16:22:25 -0300] "POST /cormun/servlet/trautorizarsolicitud?826601411dbe9e72902c1bcb6f8609fb,,gx-no-cache=1522092093027 HTTP/1.1" 200 6840
192.168.10.96 - - [26/Mar/2018:16:22:29 -0300] "POST /cormun/servlet/trsolicitudgral?0a48325d901ab68450a17d5c5b925593,,gx-no-cache=1522091980444 HTTP/1.1" 200 5940
192.168.10.96 - - [26/Mar/2018:16:22:29 -0300] "POST /cormun/servlet/trsolicitudgral?0a48325d901ab68450a17d5c5b925593,,gx-no-cache=1522091980650 HTTP/1.1" 200 5939
192.168.10.96 - - [26/Mar/2018:16:22:29 -0300] "POST /cormun/servlet/trsolicitudgral?0a48325d901ab68450a17d5c5b925593,,gx-no-cache=1522091980864 HTTP/1.1" 200 5940
186.79.136.34 - - [26/Mar/2018:16:22:29 -0300] "GET /cormun/servlet/trlicenciaspermisosadjuntos?15106120,20180326000000,L, HTTP/1.1" 200 6280
186.79.136.34 - - [26/Mar/2018:16:22:30 -0300] "GET /cormun/servlet/trlicenciaspermisosadjuntos?15106120,20180326000000,L, HTTP/1.1" 200 6280
186.79.136.34 - - [26/Mar/2018:16:22:35 -0300] "GET /cormun/servlet/licenciaspermisosadjuntos?INS,15106120,L,20180326000000,, HTTP/1.1" 200 5579
186.79.136.34 - - [26/Mar/2018:16:22:35 -0300] "GET /cormun/static/about:blank HTTP/1.1" 404 1011
186.79.136.34 - - [26/Mar/2018:16:22:35 -0300] "GET /cormun/servlet/licenciaspermisosadjuntos?INS,15106120,L,20180326000000,, HTTP/1.1" 200 5569
190.151.100.218 - - [26/Mar/2018:16:22:40 -0300] "POST /cormun/servlet/trautorizarsolicitud?826601411dbe9e72902c1bcb6f8609fb,,gx-no-cache=1522092108218 HTTP/1.1" 200 9188
190.151.100.218 - - [26/Mar/2018:16:22:56 -0300] "POST /cormun/servlet/trautorizarsolicitud?826601411dbe9e72902c1bcb6f8609fb,,gx-no-cache=1522092123763 HTTP/1.1" 200 6822
186.79.136.34 - - [26/Mar/2018:16:23:29 -0300] "POST /cormun/servlet/licenciaspermisosadjuntos?2a0cc1ca51142ed046f1ab3ff200ae00,INS,15106120,L,20180326000000,, HTTP/1.1" 200 116
186.79.136.34 - - [26/Mar/2018:16:23:30 -0300] "GET /cormun/servlet/hpexe_return? HTTP/1.1" 200 1041
186.79.136.34 - - [26/Mar/2018:16:23:30 -0300] "GET /cormun/servlet/trlicenciaspermisosadjuntos?15106120,20180326000000,L, HTTP/1.1" 200 6763
186.79.136.34 - - [26/Mar/2018:16:23:31 -0300] "GET /cormun/servlet/trlicenciaspermisosadjuntos?15106120,20180326000000,L, HTTP/1.1" 200 6760
186.79.136.34 - - [26/Mar/2018:16:23:42 -0300] "GET /cormun/servlet/licenciaspermisosadjuntos?INS,15106120,L,20180326000000,, HTTP/1.1" 200 5579
186.79.136.34 - - [26/Mar/2018:16:23:42 -0300] "GET /cormun/static/about:blank HTTP/1.1" 404 1011
186.79.136.34 - - [26/Mar/2018:16:23:42 -0300] "GET /cormun/servlet/licenciaspermisosadjuntos?INS,15106120,L,20180326000000,, HTTP/1.1" 200 5568
190.161.236.41 - - [26/Mar/2018:16:23:45 -0300] "GET /cormun/servlet/renuncias?f68272a93f5c4526c8b52bcace5412288dbeb465571a4847cf3bed1a0fade735da89a02e1bb6fc92092eb2f87abcfa24a98f29e9fd72aa75e2ac23f6a456bbdb43bc8cba92965a70131137dcbed01f1cabaccb57dddbc02ac31c646b7a59288c,gx-no-cache=1522092173291 HTTP/1.1" 200 67
186.79.136.34 - - [26/Mar/2018:16:23:45 -0300] "POST /cormun/servlet/licenciaspermisosadjuntos?2a0cc1ca51142ed046f1ab3ff200ae00,INS,15106120,L,20180326000000,,,gx-no-cache=1522092173694 HTTP/1.1" 200 93
186.79.136.34 - - [26/Mar/2018:16:23:45 -0300] "GET /cormun/servlet/hpexe_return? HTTP/1.1" 200 1041
186.79.136.34 - - [26/Mar/2018:16:23:45 -0300] "GET /cormun/servlet/trlicenciaspermisosadjuntos?15106120,20180326000000,L, HTTP/1.1" 200 6763
186.79.136.34 - - [26/Mar/2018:16:23:46 -0300] "GET /cormun/servlet/trlicenciaspermisosadjuntos?15106120,20180326000000,L, HTTP/1.1" 200 6760
190.161.236.41 - - [26/Mar/2018:16:23:51 -0300] "GET /cormun/servlet/prcontrato?16491293,,,MD,,gxPopupLevel%3D0%3B HTTP/1.1" 200 6025
190.161.236.41 - - [26/Mar/2018:16:23:52 -0300] "GET /cormun/static/gxcfg.js?20175251232326 HTTP/1.1" 200 953
186.103.159.188 - - [26/Mar/2018:16:23:52 -0300] "GET /cormun/static/prcontrato.js?20175251232552 HTTP/1.1" 200 13820
192.168.10.96 - - [26/Mar/2018:16:23:58 -0300] "POST /cormun/servlet/trsolicitudgral?0a48325d901ab68450a17d5c5b925593,,gx-no-cache=1522092069605 HTTP/1.1" 200 7287
186.79.136.34 - - [26/Mar/2018:16:23:59 -0300] "GET /cormun/servlet/hlogin HTTP/1.1" 200 1716
186.79.136.34 - - [26/Mar/2018:16:24:01 -0300] "POST /cormun/servlet/hlogin?b85db74394b656c67074dfd8e113ebb3,gx-no-cache=1522092189735 HTTP/1.1" 200 90
186.79.136.34 - - [26/Mar/2018:16:24:01 -0300] "GET /cormun/servlet/hpexe_link HTTP/1.1" 200 948
186.79.136.34 - - [26/Mar/2018:16:24:01 -0300] "GET /cormun/servlet/hhome HTTP/1.1" 200 3927
186.79.136.34 - - [26/Mar/2018:16:24:02 -0300] "GET /cormun/servlet/hhome HTTP/1.1" 200 3927
186.79.136.34 - - [26/Mar/2018:16:24:08 -0300] "GET /cormun/servlet/trsolicitudot? HTTP/1.1" 200 7140
