186.103.159.182 - - [23/Mar/2018:13:55:15 -0300] "GET /cormun/servlet/hlogin HTTP/1.1" 200 1720
186.103.159.182 - - [23/Mar/2018:13:55:16 -0300] "GET /cormun/servlet/hlogin HTTP/1.1" 200 1730
186.103.159.182 - - [23/Mar/2018:13:55:18 -0300] "POST /cormun/servlet/hlogin?cd1bdff6f96f4e51997615938ba5f064,gx-no-cache=1521824065397 HTTP/1.1" 200 90
186.103.159.182 - - [23/Mar/2018:13:55:18 -0300] "GET /cormun/servlet/hpexe_link HTTP/1.1" 200 950
186.103.159.182 - - [23/Mar/2018:13:55:18 -0300] "GET /cormun/servlet/hhome HTTP/1.1" 200 4259
186.103.159.182 - - [23/Mar/2018:13:55:19 -0300] "GET /cormun/servlet/hhome HTTP/1.1" 200 4255
186.103.159.182 - - [23/Mar/2018:13:55:23 -0300] "GET /cormun/servlet/trlicencias? HTTP/1.1" 200 9791
186.103.159.182 - - [23/Mar/2018:13:55:25 -0300] "GET /cormun/servlet/trlicencias? HTTP/1.1" 200 9788
186.103.159.182 - - [23/Mar/2018:13:55:38 -0300] "GET /cormun/static/menuarrow.gif HTTP/1.1" 404 1015
186.103.159.182 - - [23/Mar/2018:13:55:58 -0300] "GET /cormun/servlet/licenciaspermisos?INS,0,,, HTTP/1.1" 200 7799
186.103.159.182 - - [23/Mar/2018:13:56:00 -0300] "GET /cormun/servlet/licenciaspermisos?INS,0,,, HTTP/1.1" 200 7807
186.103.159.182 - - [23/Mar/2018:13:56:10 -0300] "GET /cormun/servlet/prfichaempleado?,MD,,gxPopupLevel%3D0%3B HTTP/1.1" 200 9432
186.103.159.182 - - [23/Mar/2018:13:56:21 -0300] "POST /cormun/servlet/prfichaempleado?cd1bdff6f96f4e51997615938ba5f064,,MD,,gxPopupLevel%3D0%3B,gx-no-cache=1521824129226 HTTP/1.1" 200 3479
186.103.159.182 - - [23/Mar/2018:13:56:36 -0300] "GET /cormun/servlet/licenciaspermisos?355e939774e9587ced795a1e86543f7ef2a97f5c780be39a0795c2984ba482fbb1a0103ef265a693aac8ce17ac614284,gx-no-cache=1521824143659 HTTP/1.1" 200 77
186.103.159.182 - - [23/Mar/2018:13:56:36 -0300] "POST /cormun/servlet/licenciaspermisos?cd1bdff6f96f4e51997615938ba5f064,INS,0,,,,gx-no-cache=1521824143777 HTTP/1.1" 200 4869
186.103.159.46 - - [23/Mar/2018:13:57:10 -0300] "GET /cormun/servlet/trlicencias?gx-no-cache=1521823063893 HTTP/1.1" 200 10596
186.103.159.46 - - [23/Mar/2018:13:57:12 -0300] "GET /cormun/servlet/trlicencias?gx-no-cache=1521823063893 HTTP/1.1" 200 10616
186.103.159.182 - - [23/Mar/2018:13:57:46 -0300] "GET /cormun/static/menuarrow.gif HTTP/1.1" 404 1015
186.103.159.46 - - [23/Mar/2018:13:58:01 -0300] "GET /cormun/servlet/licenciaspermisos?DSP,9517647,L,20180323000000, HTTP/1.1" 200 7129
186.103.159.46 - - [23/Mar/2018:13:58:03 -0300] "GET /cormun/servlet/licenciaspermisos?DSP,9517647,L,20180323000000, HTTP/1.1" 200 7107
186.103.159.46 - - [23/Mar/2018:13:58:11 -0300] "GET /cormun/servlet/trlicencias?gx-no-cache=1521823063893 HTTP/1.1" 200 10590
186.103.159.46 - - [23/Mar/2018:13:58:13 -0300] "GET /cormun/servlet/trlicencias?gx-no-cache=1521823063893 HTTP/1.1" 200 10610
186.103.159.46 - - [23/Mar/2018:13:58:21 -0300] "GET /cormun/servlet/alicenciaprn?9517647,L,20180323000000,PU HTTP/1.1" 200 1599
186.103.159.46 - - [23/Mar/2018:13:58:35 -0300] "GET /cormun/servlet/trlicenciaspermisosadjuntos?9517647,20180323000000,L, HTTP/1.1" 200 6322
186.103.159.46 - - [23/Mar/2018:13:58:36 -0300] "GET /cormun/servlet/trlicenciaspermisosadjuntos?9517647,20180323000000,L, HTTP/1.1" 200 6300
186.103.159.46 - - [23/Mar/2018:13:59:09 -0300] "POST /cormun/servlet/trlicenciaspermisosadjuntos?49e4d85f83d36b09f7620ca625d2a81b,9517647,20180323000000,L,,gx-no-cache=1521824297964 HTTP/1.1" 200 90
186.103.159.46 - - [23/Mar/2018:13:59:09 -0300] "GET /cormun/servlet/hpexe_link HTTP/1.1" 200 1004
186.103.159.46 - - [23/Mar/2018:13:59:10 -0300] "GET /cormun/servlet/trlicencias?gx-no-cache=1521823063893 HTTP/1.1" 200 10591
186.103.159.46 - - [23/Mar/2018:13:59:12 -0300] "GET /cormun/servlet/trlicencias?gx-no-cache=1521823063893 HTTP/1.1" 200 10610
186.103.159.182 - - [23/Mar/2018:13:59:38 -0300] "GET /cormun/servlet/licenciaspermisos?355e939774e9587ced795a1e86543f7ec6c8073fa048437395d8635a0f8e825eaa357c907acae143b95691a858361642b1e5258dbcfe878f5b5b4b3f94c7244eb3d2cb163582001edfc7cf657f0926fa590fb25e85cb736d6393b8f701aa40846f1d9d660a3eb747823177290f16b1ef495fed442317a75a485d081473c808f3020c8b87b5e2668deda9e3ac3a0dd0d92c7d99157d56a0c439223b10a001bdec8147fdc4e347a497d3187d4d8c93d670,gx-no-cache=1521824326392 HTTP/1.1" 200 30
186.103.159.182 - - [23/Mar/2018:13:59:39 -0300] "POST /cormun/servlet/licenciaspermisos?cd1bdff6f96f4e51997615938ba5f064,INS,0,,,,gx-no-cache=1521824326501 HTTP/1.1" 200 4975
186.103.159.46 - - [23/Mar/2018:14:00:20 -0300] "GET /cormun/servlet/trlicenciaspermisoslog?9517647,L,20180323000000, HTTP/1.1" 200 6561
186.103.159.46 - - [23/Mar/2018:14:00:22 -0300] "GET /cormun/servlet/trlicenciaspermisoslog?9517647,L,20180323000000, HTTP/1.1" 200 6538
66.249.65.222 - - [23/Mar/2018:14:00:27 -0300] "GET /robots.txt HTTP/1.1" 404 981
66.249.65.222 - - [23/Mar/2018:14:00:28 -0300] "GET /cormun/servlet/hlogin HTTP/1.1" 200 1707
66.249.65.221 - - [23/Mar/2018:14:00:41 -0300] "GET /cormun/static/Resources/Spanish/PXTools.css?11423723 HTTP/1.1" 200 89042
186.103.159.46 - - [23/Mar/2018:14:00:46 -0300] "GET /cormun/servlet/trlicencias?gx-no-cache=1521823063893 HTTP/1.1" 200 10591
200.72.197.82 - - [23/Mar/2018:14:00:47 -0300] "GET /cormun/servlet/hlogin HTTP/1.1" 200 1715
186.103.159.46 - - [23/Mar/2018:14:00:47 -0300] "GET /cormun/servlet/trlicencias?gx-no-cache=1521823063893 HTTP/1.1" 200 10610
200.72.197.82 - - [23/Mar/2018:14:00:59 -0300] "POST /cormun/servlet/hlogin?658ba2ae8f53582b59d92ac7be4126f3,gx-no-cache=1521824406664 HTTP/1.1" 200 90
200.72.197.82 - - [23/Mar/2018:14:00:59 -0300] "GET /cormun/servlet/hpexe_link HTTP/1.1" 200 947
200.72.197.82 - - [23/Mar/2018:14:00:59 -0300] "GET /cormun/servlet/hhome HTTP/1.1" 200 4210
200.72.197.82 - - [23/Mar/2018:14:01:00 -0300] "GET /cormun/servlet/hhome HTTP/1.1" 200 4207
186.103.159.46 - - [23/Mar/2018:14:01:01 -0300] "GET /cormun/servlet/trlicenciaspermisosadjuntos?9517647,20180323000000,L, HTTP/1.1" 200 6322
200.72.197.82 - - [23/Mar/2018:14:01:02 -0300] "GET /cormun/servlet/trsolicitudot? HTTP/1.1" 200 8792
186.103.159.46 - - [23/Mar/2018:14:01:02 -0300] "GET /cormun/servlet/trlicenciaspermisosadjuntos?9517647,20180323000000,L, HTTP/1.1" 200 6300
200.72.197.82 - - [23/Mar/2018:14:01:03 -0300] "GET /cormun/servlet/trsolicitudot? HTTP/1.1" 200 8789
186.103.159.46 - - [23/Mar/2018:14:01:28 -0300] "POST /cormun/servlet/acontrolpreferencessavestate?None,CA-JAR,true HTTP/1.1" 200 35
186.103.159.46 - - [23/Mar/2018:14:01:52 -0300] "GET /cormun/servlet/trlicencias?gx-no-cache=1521823063893 HTTP/1.1" 200 10591
186.103.159.46 - - [23/Mar/2018:14:01:54 -0300] "GET /cormun/servlet/trlicencias?gx-no-cache=1521823063893 HTTP/1.1" 200 10611
186.103.157.235 - - [23/Mar/2018:14:01:56 -0300] "GET /cormun/servlet/permisogoce?INS,0,,, HTTP/1.1" 200 7084
186.103.157.235 - - [23/Mar/2018:14:01:58 -0300] "GET /cormun/servlet/permisogoce?INS,0,,, HTTP/1.1" 200 7083
200.72.197.82 - - [23/Mar/2018:14:02:00 -0300] "GET /cormun/static/menuarrow.gif HTTP/1.1" 404 1015
200.72.197.82 - - [23/Mar/2018:14:02:05 -0300] "POST /cormun/servlet/trsolicitudot?658ba2ae8f53582b59d92ac7be4126f3,,gx-no-cache=1521824472116 HTTP/1.1" 200 21820
186.103.159.182 - - [23/Mar/2018:14:02:29 -0300] "GET /cormun/servlet/prfichaempleado?,MD,,gxPopupLevel%3D0%3B HTTP/1.1" 200 9432
186.103.159.182 - - [23/Mar/2018:14:02:45 -0300] "POST /cormun/servlet/prfichaempleado?cd1bdff6f96f4e51997615938ba5f064,,MD,,gxPopupLevel%3D0%3B,gx-no-cache=1521824512439 HTTP/1.1" 200 3424
186.103.159.182 - - [23/Mar/2018:14:02:54 -0300] "GET /cormun/servlet/licenciaspermisos?355e939774e9587ced795a1e86543f7eb808d545f30657831386460fd308c9c6f0e084a25ab669f4b0c797fa4df58a5e407293c0a23f0adc2db5f785c75d6e1966b8a96721231c88fba99f8c5f74b89f8dd8a768f325df4360998aab2ce18370a99c045f9210048f81c9c619b2bd168dfe9d5105292bf06dbd98d489dba8f20d5cb49bf4070d0d9adb640bbf13a5a9c44ec620f1bfb42d98b5bf1ad28f9ace860772f1cc6339061ec9e62b59df085804ae18e220f7245f3b9840f7bf9514c8e14a85a0b77983dc426072083bf6897f5098b3b4a28b87088f8867a68b67581c1c83d0b4679b80ae05fd68d3dd79bcc92b,gx-no-cache=1521824521223 HTTP/1.1" 200 63
186.103.159.182 - - [23/Mar/2018:14:02:54 -0300] "POST /cormun/servlet/licenciaspermisos?cd1bdff6f96f4e51997615938ba5f064,INS,0,,,,gx-no-cache=1521824521660 HTTP/1.1" 200 5059
186.103.159.182 - - [23/Mar/2018:14:02:54 -0300] "GET /cormun/static/Shared/jqueryui/images/ui-bg_highlight-soft_100_c6c2c8_1x100.png HTTP/1.1" 404 1117
186.103.159.182 - - [23/Mar/2018:14:02:54 -0300] "GET /cormun/static/Shared/jqueryui/images/ui-icons_82798d_256x240.png HTTP/1.1" 404 1089
186.103.159.182 - - [23/Mar/2018:14:02:55 -0300] "GET /cormun/static/Shared/jqueryui/images/ui-icons_ebccce_256x240.png HTTP/1.1" 404 1089
186.103.159.182 - - [23/Mar/2018:14:02:55 -0300] "GET /cormun/static/Shared/jqueryui/images/ui-bg_flat_55_994d53_40x100.png HTTP/1.1" 404 1097
200.72.197.82 - - [23/Mar/2018:14:03:19 -0300] "POST /cormun/servlet/trsolicitudot?658ba2ae8f53582b59d92ac7be4126f3,,gx-no-cache=1521824546997 HTTP/1.1" 200 5844
200.72.197.82 - - [23/Mar/2018:14:03:30 -0300] "POST /cormun/servlet/trsolicitudot?658ba2ae8f53582b59d92ac7be4126f3,,gx-no-cache=1521824557915 HTTP/1.1" 200 5822
186.103.159.46 - - [23/Mar/2018:14:03:31 -0300] "GET /cormun/servlet/hhome HTTP/1.1" 200 3950
186.103.159.46 - - [23/Mar/2018:14:03:33 -0300] "GET /cormun/servlet/hhome HTTP/1.1" 200 3959
200.72.197.82 - - [23/Mar/2018:14:03:36 -0300] "GET /cormun/servlet/hlogin HTTP/1.1" 200 1733
186.103.159.46 - - [23/Mar/2018:14:03:40 -0300] "GET /cormun/servlet/trlicencias? HTTP/1.1" 200 10592
186.103.159.46 - - [23/Mar/2018:14:03:42 -0300] "GET /cormun/servlet/trlicencias? HTTP/1.1" 200 10590
200.72.197.82 - - [23/Mar/2018:14:03:48 -0300] "POST /cormun/servlet/hlogin?658ba2ae8f53582b59d92ac7be4126f3,gx-no-cache=1521824575995 HTTP/1.1" 200 90
200.72.197.82 - - [23/Mar/2018:14:03:48 -0300] "GET /cormun/servlet/hpexe_link HTTP/1.1" 200 954
200.72.197.82 - - [23/Mar/2018:14:03:48 -0300] "GET /cormun/servlet/trsolicitudot? HTTP/1.1" 200 8808
200.72.197.82 - - [23/Mar/2018:14:03:49 -0300] "GET /cormun/servlet/trsolicitudot? HTTP/1.1" 200 8806
186.103.159.46 - - [23/Mar/2018:14:03:53 -0300] "GET /cormun/servlet/trlicenciaspermisosadjuntos?9517647,20180323000000,L, HTTP/1.1" 200 6300
186.103.159.46 - - [23/Mar/2018:14:03:54 -0300] "GET /cormun/servlet/trlicenciaspermisosadjuntos?9517647,20180323000000,L, HTTP/1.1" 200 6300
200.111.122.170 - - [23/Mar/2018:14:03:56 -0300] "POST /cormun/servlet/trsolicitudot?658ba2ae8f53582b59d92ac7be4126f3,,gx-no-cache=1521824583902 HTTP/1.1" 200 5823
200.111.122.170 - - [23/Mar/2018:14:04:04 -0300] "POST /cormun/servlet/trsolicitudot?658ba2ae8f53582b59d92ac7be4126f3,,gx-no-cache=1521824591876 HTTP/1.1" 200 5822
200.111.122.170 - - [23/Mar/2018:14:04:05 -0300] "POST /cormun/servlet/trsolicitudot?658ba2ae8f53582b59d92ac7be4126f3,,gx-no-cache=1521824593011 HTTP/1.1" 200 5822
200.111.122.170 - - [23/Mar/2018:14:04:07 -0300] "POST /cormun/servlet/trsolicitudot?658ba2ae8f53582b59d92ac7be4126f3,,gx-no-cache=1521824595197 HTTP/1.1" 200 5844
186.103.159.204 - - [23/Mar/2018:14:04:10 -0300] "POST /cormun/servlet/solicitudot?gx-no-cache=1521824591514 HTTP/1.1" 200 30
200.111.122.170 - - [23/Mar/2018:14:04:10 -0300] "POST /cormun/servlet/trsolicitudot?658ba2ae8f53582b59d92ac7be4126f3,,gx-no-cache=1521824598061 HTTP/1.1" 200 5845
200.111.122.170 - - [23/Mar/2018:14:04:12 -0300] "POST /cormun/servlet/trsolicitudot?658ba2ae8f53582b59d92ac7be4126f3,,gx-no-cache=1521824600223 HTTP/1.1" 200 5821
186.103.159.46 - - [23/Mar/2018:14:04:13 -0300] "POST /cormun/servlet/trlicenciaspermisosadjuntos?49e4d85f83d36b09f7620ca625d2a81b,9517647,20180323000000,L,,gx-no-cache=1521824601518 HTTP/1.1" 200 4015
186.103.159.204 - - [23/Mar/2018:14:04:17 -0300] "POST /cormun/servlet/solicitudot?gx-no-cache=1521824598376 HTTP/1.1" 200 30
200.111.122.170 - - [23/Mar/2018:14:04:21 -0300] "POST /cormun/servlet/trsolicitudot?658ba2ae8f53582b59d92ac7be4126f3,,gx-no-cache=1521824608676 HTTP/1.1" 200 5821
192.168.10.96 - - [23/Mar/2018:14:04:39 -0300] "GET /cormun/servlet/trsolicitudgral? HTTP/1.1" 200 10551
192.168.10.96 - - [23/Mar/2018:14:04:39 -0300] "GET /cormun/servlet/trsolicitudgral? HTTP/1.1" 200 10545
186.103.132.155 - - [23/Mar/2018:14:04:41 -0300] "POST /cormun/servlet/trsolicitudot?658ba2ae8f53582b59d92ac7be4126f3,,gx-no-cache=1521824628974 HTTP/1.1" 200 5823
186.103.159.204 - - [23/Mar/2018:14:04:46 -0300] "POST /cormun/servlet/solicitudot?gx-no-cache=1521824627163 HTTP/1.1" 200 1337
186.103.159.204 - - [23/Mar/2018:14:04:46 -0300] "POST /cormun/servlet/solicitudot?gx-no-cache=1521824627231 HTTP/1.1" 200 38
186.103.159.46 - - [23/Mar/2018:14:04:52 -0300] "GET /cormun/servlet/trlicencias? HTTP/1.1" 200 10592
186.103.159.46 - - [23/Mar/2018:14:04:55 -0300] "GET /cormun/servlet/trlicencias? HTTP/1.1" 200 10590
192.168.10.96 - - [23/Mar/2018:14:05:10 -0300] "POST /cormun/servlet/trsolicitudgral?455996c10ccfa6b35b8d1be27cf5e3e1,,gx-no-cache=1521824543061 HTTP/1.1" 200 10654
192.168.10.96 - - [23/Mar/2018:14:05:16 -0300] "GET /cormun/servlet/vesolicitudgral?2018,10078,, HTTP/1.1" 200 9311
192.168.10.96 - - [23/Mar/2018:14:05:16 -0300] "GET /cormun/pexe_scrolldiv.js HTTP/1.1" 404 1009
192.168.10.96 - - [23/Mar/2018:14:05:16 -0300] "GET /cormun/pexe_scrolldiv.js HTTP/1.1" 404 1009
192.168.10.96 - - [23/Mar/2018:14:05:16 -0300] "GET /cormun/servlet/vesolicitudgral?2018,10078,, HTTP/1.1" 200 9310
192.168.10.96 - - [23/Mar/2018:14:05:18 -0300] "GET /cormun/servlet/vesolicitudgral?2018,10078,,SolicitudOTAdjuntos HTTP/1.1" 200 7961
192.168.10.96 - - [23/Mar/2018:14:05:18 -0300] "GET /cormun/pexe_scrolldiv.js HTTP/1.1" 404 1009
192.168.10.96 - - [23/Mar/2018:14:05:18 -0300] "GET /cormun/pexe_scrolldiv.js HTTP/1.1" 404 1009
192.168.10.96 - - [23/Mar/2018:14:05:18 -0300] "GET /cormun/servlet/vesolicitudgral?2018,10078,,SolicitudOTAdjuntos HTTP/1.1" 200 7962
192.168.10.96 - - [23/Mar/2018:14:05:19 -0300] "POST /cormun/servlet/acontrolpreferencessavestate?None,DZAMUDIO,true HTTP/1.1" 200 35
192.168.10.96 - - [23/Mar/2018:14:05:26 -0300] "POST /cormun/servlet/vesolicitudgral?455996c10ccfa6b35b8d1be27cf5e3e1,2018,10078,,SolicitudOTAdjuntos,gx-no-cache=1521824559494 HTTP/1.1" 200 90
192.168.10.96 - - [23/Mar/2018:14:05:26 -0300] "GET /cormun/servlet/hpexe_link HTTP/1.1" 200 982
192.168.10.96 - - [23/Mar/2018:14:05:27 -0300] "GET /cormun/servlet/trsolicitudgral? HTTP/1.1" 200 13856
192.168.10.96 - - [23/Mar/2018:14:05:27 -0300] "GET /cormun/servlet/trsolicitudgral? HTTP/1.1" 200 13854
186.103.161.206 - - [23/Mar/2018:14:05:38 -0300] "POST /cormun/servlet/trsolicitudot?658ba2ae8f53582b59d92ac7be4126f3,,gx-no-cache=1521824685183 HTTP/1.1" 200 5823
186.103.161.206 - - [23/Mar/2018:14:05:39 -0300] "POST /cormun/servlet/trsolicitudot?658ba2ae8f53582b59d92ac7be4126f3,,gx-no-cache=1521824687080 HTTP/1.1" 200 5823
186.103.161.206 - - [23/Mar/2018:14:05:46 -0300] "GET /cormun/servlet/hlogin HTTP/1.1" 200 1733
186.103.161.206 - - [23/Mar/2018:14:05:55 -0300] "POST /cormun/servlet/hlogin?658ba2ae8f53582b59d92ac7be4126f3,gx-no-cache=1521824702990 HTTP/1.1" 200 90
186.103.161.206 - - [23/Mar/2018:14:05:55 -0300] "GET /cormun/servlet/hpexe_link HTTP/1.1" 200 954
186.103.161.206 - - [23/Mar/2018:14:05:55 -0300] "GET /cormun/servlet/trsolicitudot? HTTP/1.1" 200 8808
186.103.161.206 - - [23/Mar/2018:14:05:56 -0300] "GET /cormun/servlet/trsolicitudot? HTTP/1.1" 200 8806
186.103.159.46 - - [23/Mar/2018:14:05:58 -0300] "GET /cormun/servlet/alicenciaprn?9517647,L,20180323000000,PU HTTP/1.1" 200 1602
186.103.161.206 - - [23/Mar/2018:14:06:00 -0300] "POST /cormun/servlet/trsolicitudot?658ba2ae8f53582b59d92ac7be4126f3,,gx-no-cache=1521824707417 HTTP/1.1" 200 5823
186.103.159.46 - - [23/Mar/2018:14:06:09 -0300] "GET /cormun/servlet/trlicenciaspermisosadjuntos?11142601,20180322000000,L, HTTP/1.1" 200 6741
186.103.159.46 - - [23/Mar/2018:14:06:11 -0300] "GET /cormun/servlet/trlicenciaspermisosadjuntos?11142601,20180322000000,L, HTTP/1.1" 200 6741
186.103.161.206 - - [23/Mar/2018:14:06:14 -0300] "POST /cormun/servlet/trsolicitudot?658ba2ae8f53582b59d92ac7be4126f3,,gx-no-cache=1521824721513 HTTP/1.1" 200 5822
186.103.161.206 - - [23/Mar/2018:14:06:15 -0300] "POST /cormun/servlet/trsolicitudot?658ba2ae8f53582b59d92ac7be4126f3,,gx-no-cache=1521824722650 HTTP/1.1" 200 5822
186.103.161.206 - - [23/Mar/2018:14:06:15 -0300] "POST /cormun/servlet/trsolicitudot?658ba2ae8f53582b59d92ac7be4126f3,,gx-no-cache=1521824723000 HTTP/1.1" 200 5822
186.103.161.206 - - [23/Mar/2018:14:06:16 -0300] "GET /cormun/servlet/vesolicitudot?2018,10792,, HTTP/1.1" 200 8599
186.103.161.206 - - [23/Mar/2018:14:06:16 -0300] "GET /cormun/pexe_scrolldiv.js HTTP/1.1" 404 1009
186.103.161.206 - - [23/Mar/2018:14:06:17 -0300] "GET /cormun/pexe_scrolldiv.js HTTP/1.1" 404 1009
186.103.161.206 - - [23/Mar/2018:14:06:17 -0300] "GET /cormun/servlet/vesolicitudot?2018,10792,, HTTP/1.1" 200 8599
186.103.161.206 - - [23/Mar/2018:14:06:19 -0300] "POST /cormun/servlet/vesolicitudot?658ba2ae8f53582b59d92ac7be4126f3,2018,10792,,,gx-no-cache=1521824726617 HTTP/1.1" 200 93
186.103.161.206 - - [23/Mar/2018:14:06:19 -0300] "GET /cormun/servlet/hpexe_return? HTTP/1.1" 200 1007
186.103.161.206 - - [23/Mar/2018:14:06:19 -0300] "GET /cormun/servlet/trsolicitudot? HTTP/1.1" 200 8811
186.103.161.206 - - [23/Mar/2018:14:06:19 -0300] "GET /cormun/servlet/trsolicitudot? HTTP/1.1" 200 8806
186.103.157.235 - - [23/Mar/2018:14:06:20 -0300] "GET /cormun/servlet/permisogoce?f06dfaf893c713e171d1475663798e97499c98dc4e17195098b5d6d95f70d64c050691ce0f4b74d66e3bf942ffe2ab99e4547322ac4eac4975afcf17092762e8,gx-no-cache=1521824716045 HTTP/1.1" 200 83
186.103.157.235 - - [23/Mar/2018:14:06:23 -0300] "GET /cormun/static/menuarrow.gif HTTP/1.1" 404 1015
186.103.159.46 - - [23/Mar/2018:14:06:25 -0300] "GET /cormun/servlet/trlicencias? HTTP/1.1" 200 10592
186.103.159.46 - - [23/Mar/2018:14:06:27 -0300] "GET /cormun/servlet/trlicencias? HTTP/1.1" 200 10590
186.103.161.206 - - [23/Mar/2018:14:06:29 -0300] "POST /cormun/servlet/trsolicitudot?658ba2ae8f53582b59d92ac7be4126f3,,gx-no-cache=1521824736416 HTTP/1.1" 200 5824
186.103.157.235 - - [23/Mar/2018:14:06:30 -0300] "GET /cormun/servlet/permisogoce?f06dfaf893c713e171d1475663798e977ccc8c2b4f37ab2466c09977ef113ec4cdb3531937fb8d42edafe5404c1a11c17d53dbc6e00d2b38d5153d07b78c41c5,gx-no-cache=1521824726503 HTTP/1.1" 200 129
186.103.157.235 - - [23/Mar/2018:14:06:30 -0300] "GET /cormun/static/Shared/jqueryui/images/ui-bg_highlight-soft_100_c6c2c8_1x100.png HTTP/1.1" 404 1117
186.103.157.235 - - [23/Mar/2018:14:06:30 -0300] "GET /cormun/static/Shared/jqueryui/images/ui-icons_82798d_256x240.png HTTP/1.1" 404 1089
186.103.157.235 - - [23/Mar/2018:14:06:30 -0300] "GET /cormun/static/Shared/jqueryui/images/ui-bg_flat_55_994d53_40x100.png HTTP/1.1" 404 1097
186.103.157.235 - - [23/Mar/2018:14:06:30 -0300] "GET /cormun/static/Shared/jqueryui/images/ui-icons_ebccce_256x240.png HTTP/1.1" 404 1089
186.103.161.206 - - [23/Mar/2018:14:06:32 -0300] "GET /cormun/servlet/hlogin HTTP/1.1" 200 1733
186.103.161.206 - - [23/Mar/2018:14:06:39 -0300] "GET /cormun/servlet/hlogin HTTP/1.1" 200 1715
186.103.159.46 - - [23/Mar/2018:14:06:40 -0300] "GET /cormun/servlet/trlicenciaspermisosadjuntos?9517647,20180301000000,L, HTTP/1.1" 200 6295
186.103.159.46 - - [23/Mar/2018:14:06:41 -0300] "GET /cormun/servlet/trlicenciaspermisosadjuntos?9517647,20180301000000,L, HTTP/1.1" 200 6296
186.103.157.235 - - [23/Mar/2018:14:06:43 -0300] "GET /cormun/servlet/permisogoce?f06dfaf893c713e171d1475663798e977ccc8c2b4f37ab2466c09977ef113ec4e13bb1bd0af5e8836c721c37ee61239f7d53dbc6e00d2b38d5153d07b78c41c5,gx-no-cache=1521824738718 HTTP/1.1" 200 46
186.103.159.204 - - [23/Mar/2018:14:06:48 -0300] "GET /cormun/servlet/solicitudot?7c990ad6f9af09bd7665d6e1b084101f66a9a5def9ee3a35790111e70859742a6cb9ada24548eb1084c074baf2511b29c29cbb41b1cd07573e2dae70853a94a5a5e14ec5ad8afb291d172bb5bc90b93e625552b1738666c28a300cfaadf91bb2aca80b05cc7fb256c34a2fc282896e60,gx-no-cache=1521824749946 HTTP/1.1" 200 29
186.103.159.204 - - [23/Mar/2018:14:06:48 -0300] "POST /cormun/servlet/solicitudot?gx-no-cache=1521824749982 HTTP/1.1" 200 1319
186.103.159.204 - - [23/Mar/2018:14:06:48 -0300] "POST /cormun/servlet/solicitudot?gx-no-cache=1521824750030 HTTP/1.1" 200 1218
186.103.159.204 - - [23/Mar/2018:14:06:48 -0300] "GET /cormun/static/menuarrow.gif HTTP/1.1" 404 1015
186.103.159.46 - - [23/Mar/2018:14:06:50 -0300] "GET /cormun/servlet/trlicencias? HTTP/1.1" 200 10592
186.103.159.204 - - [23/Mar/2018:14:06:51 -0300] "POST /cormun/servlet/solicitudot?gx-no-cache=1521824752149 HTTP/1.1" 200 1319
186.103.159.204 - - [23/Mar/2018:14:06:51 -0300] "POST /cormun/servlet/solicitudot?gx-no-cache=1521824752190 HTTP/1.1" 200 1218
186.103.159.46 - - [23/Mar/2018:14:06:52 -0300] "GET /cormun/servlet/trlicencias? HTTP/1.1" 200 10590
186.103.159.204 - - [23/Mar/2018:14:06:52 -0300] "GET /cormun/servlet/solicitudot?7c990ad6f9af09bd7665d6e1b084101fb43733b588ecaa4d4f851e0c48f1eb2c368ccd6e69876d40e3fd15ac318a9870,gx-no-cache=1521824753436 HTTP/1.1" 200 30
186.103.157.235 - - [23/Mar/2018:14:06:54 -0300] "POST /cormun/servlet/permisogoce?fb7493365aeda37b82d3bdbbfacbd8ff,INS,0,,,,gx-no-cache=1521824749228 HTTP/1.1" 200 93
186.103.161.206 - - [23/Mar/2018:14:06:54 -0300] "POST /cormun/servlet/hlogin?658ba2ae8f53582b59d92ac7be4126f3,gx-no-cache=1521824761797 HTTP/1.1" 200 90
186.103.157.235 - - [23/Mar/2018:14:06:54 -0300] "GET /cormun/servlet/hpexe_return? HTTP/1.1" 200 1006
186.103.161.206 - - [23/Mar/2018:14:06:54 -0300] "GET /cormun/servlet/hpexe_link HTTP/1.1" 200 954
186.103.161.206 - - [23/Mar/2018:14:06:54 -0300] "GET /cormun/servlet/trsolicitudot? HTTP/1.1" 200 8808
186.103.157.235 - - [23/Mar/2018:14:06:55 -0300] "GET /cormun/servlet/trpermisosgoce HTTP/1.1" 200 7899
186.103.161.206 - - [23/Mar/2018:14:06:55 -0300] "GET /cormun/servlet/trsolicitudot? HTTP/1.1" 200 8806
186.103.159.46 - - [23/Mar/2018:14:06:56 -0300] "GET /cormun/servlet/trlicenciaspermisosadjuntos?9072136,20180314000000,L, HTTP/1.1" 200 6287
186.103.157.235 - - [23/Mar/2018:14:06:57 -0300] "GET /cormun/servlet/trpermisosgoce HTTP/1.1" 200 7895
186.103.159.46 - - [23/Mar/2018:14:06:57 -0300] "GET /cormun/servlet/trlicenciaspermisosadjuntos?9072136,20180314000000,L, HTTP/1.1" 200 6288
186.103.161.206 - - [23/Mar/2018:14:07:00 -0300] "POST /cormun/servlet/trsolicitudot?658ba2ae8f53582b59d92ac7be4126f3,,gx-no-cache=1521824767445 HTTP/1.1" 200 5822
186.103.159.46 - - [23/Mar/2018:14:07:02 -0300] "GET /cormun/servlet/trlicencias? HTTP/1.1" 200 10592
186.103.159.46 - - [23/Mar/2018:14:07:04 -0300] "GET /cormun/servlet/trlicencias? HTTP/1.1" 200 10590
186.103.159.204 - - [23/Mar/2018:14:07:07 -0300] "POST /cormun/servlet/solicitudot?gx-no-cache=1521824768709 HTTP/1.1" 200 30
186.103.161.206 - - [23/Mar/2018:14:07:10 -0300] "POST /cormun/servlet/trsolicitudot?658ba2ae8f53582b59d92ac7be4126f3,,gx-no-cache=1521824777437 HTTP/1.1" 200 5823
186.103.159.46 - - [23/Mar/2018:14:07:11 -0300] "GET /cormun/servlet/trlicenciaspermisosadjuntos?7392062,20180318000000,L, HTTP/1.1" 200 6279
186.103.161.206 - - [23/Mar/2018:14:07:11 -0300] "GET /cormun/servlet/hlogin HTTP/1.1" 200 1733
186.103.159.46 - - [23/Mar/2018:14:07:12 -0300] "GET /cormun/servlet/trlicenciaspermisosadjuntos?7392062,20180318000000,L, HTTP/1.1" 200 6279
186.103.159.46 - - [23/Mar/2018:14:07:20 -0300] "GET /cormun/servlet/trlicencias? HTTP/1.1" 200 10592
186.103.159.46 - - [23/Mar/2018:14:07:22 -0300] "GET /cormun/servlet/trlicencias? HTTP/1.1" 200 10590
186.103.157.235 - - [23/Mar/2018:14:07:24 -0300] "GET /cormun/servlet/permisogoce?INS,0,,, HTTP/1.1" 200 7084
186.103.161.206 - - [23/Mar/2018:14:07:24 -0300] "POST /cormun/servlet/hlogin?658ba2ae8f53582b59d92ac7be4126f3,gx-no-cache=1521824791568 HTTP/1.1" 200 90
186.103.161.206 - - [23/Mar/2018:14:07:24 -0300] "GET /cormun/servlet/hpexe_link HTTP/1.1" 200 954
186.103.161.206 - - [23/Mar/2018:14:07:24 -0300] "GET /cormun/servlet/trsolicitudot? HTTP/1.1" 200 8808
186.103.161.206 - - [23/Mar/2018:14:07:25 -0300] "GET /cormun/servlet/trsolicitudot? HTTP/1.1" 200 8806
186.103.157.235 - - [23/Mar/2018:14:07:25 -0300] "GET /cormun/servlet/permisogoce?INS,0,,, HTTP/1.1" 200 7083
186.103.159.46 - - [23/Mar/2018:14:07:26 -0300] "GET /cormun/servlet/trlicenciaspermisosadjuntos?9517647,20180319000000,L, HTTP/1.1" 200 6869
186.103.159.46 - - [23/Mar/2018:14:07:28 -0300] "GET /cormun/servlet/trlicenciaspermisosadjuntos?9517647,20180319000000,L, HTTP/1.1" 200 6869
186.103.161.206 - - [23/Mar/2018:14:07:29 -0300] "POST /cormun/servlet/trsolicitudot?658ba2ae8f53582b59d92ac7be4126f3,,gx-no-cache=1521824796750 HTTP/1.1" 200 5820
186.103.157.235 - - [23/Mar/2018:14:07:34 -0300] "POST /cormun/servlet/permisogoce?fb7493365aeda37b82d3bdbbfacbd8ff,INS,0,,,,gx-no-cache=1521824790035 HTTP/1.1" 200 93
186.103.157.235 - - [23/Mar/2018:14:07:35 -0300] "GET /cormun/servlet/hpexe_return? HTTP/1.1" 200 1006
186.103.157.235 - - [23/Mar/2018:14:07:35 -0300] "GET /cormun/servlet/trpermisosgoce HTTP/1.1" 200 7899
186.103.157.235 - - [23/Mar/2018:14:07:36 -0300] "GET /cormun/servlet/trpermisosgoce HTTP/1.1" 200 7895
186.103.161.206 - - [23/Mar/2018:14:07:36 -0300] "POST /cormun/servlet/trsolicitudot?658ba2ae8f53582b59d92ac7be4126f3,,gx-no-cache=1521824804107 HTTP/1.1" 200 5844
186.103.159.46 - - [23/Mar/2018:14:07:37 -0300] "GET /cormun/servlet/trlicencias? HTTP/1.1" 200 10592
186.103.159.46 - - [23/Mar/2018:14:07:38 -0300] "GET /cormun/servlet/trlicencias? HTTP/1.1" 200 10590
186.103.157.235 - - [23/Mar/2018:14:07:41 -0300] "POST /cormun/servlet/trpermisosgoce?fb7493365aeda37b82d3bdbbfacbd8ff,gx-no-cache=1521824796867 HTTP/1.1" 200 104
186.103.157.235 - - [23/Mar/2018:14:07:41 -0300] "GET /cormun/PermisosGoce-7550.xls HTTP/1.1" 200 4608
186.103.159.204 - - [23/Mar/2018:14:07:42 -0300] "POST /cormun/servlet/solicitudot?fbb5ab2eff8b5f35bcba46b444e72f57,INS,0,0,,gx-no-cache=1521824803073 HTTP/1.1" 200 93
186.103.159.204 - - [23/Mar/2018:14:07:42 -0300] "GET /cormun/servlet/hpexe_return? HTTP/1.1" 200 1013
186.103.159.204 - - [23/Mar/2018:14:07:42 -0300] "GET /cormun/servlet/trsolicitudot? HTTP/1.1" 200 8439
186.103.159.204 - - [23/Mar/2018:14:07:42 -0300] "GET /cormun/servlet/trsolicitudot? HTTP/1.1" 200 8434
186.103.161.206 - - [23/Mar/2018:14:07:42 -0300] "POST /cormun/servlet/trsolicitudot?658ba2ae8f53582b59d92ac7be4126f3,,gx-no-cache=1521824810119 HTTP/1.1" 200 5822
186.103.161.206 - - [23/Mar/2018:14:07:44 -0300] "GET /cormun/servlet/hlogin HTTP/1.1" 200 1733
186.103.159.204 - - [23/Mar/2018:14:07:54 -0300] "GET /cormun/servlet/solicitudot?INS,0,0, HTTP/1.1" 200 13340
186.103.161.206 - - [23/Mar/2018:14:07:54 -0300] "GET /cormun/servlet/hlogin HTTP/1.1" 200 1715
186.103.159.204 - - [23/Mar/2018:14:07:54 -0300] "GET /cormun/servlet/solicitudot?INS,0,0, HTTP/1.1" 200 13345
186.103.157.235 - - [23/Mar/2018:14:07:57 -0300] "GET /cormun/servlet/trpermisosgoce? HTTP/1.1" 200 7895
186.103.157.235 - - [23/Mar/2018:14:07:58 -0300] "GET /cormun/servlet/trpermisosgoce? HTTP/1.1" 200 7895
186.103.159.46 - - [23/Mar/2018:14:08:01 -0300] "GET /cormun/servlet/licenciaspermisos?INS,0,,, HTTP/1.1" 200 7490
186.103.157.235 - - [23/Mar/2018:14:08:02 -0300] "GET /cormun/servlet/permisogoce?INS,0,,, HTTP/1.1" 200 7083
186.103.161.206 - - [23/Mar/2018:14:08:03 -0300] "POST /cormun/servlet/hlogin?658ba2ae8f53582b59d92ac7be4126f3,gx-no-cache=1521824830745 HTTP/1.1" 200 90
186.103.161.206 - - [23/Mar/2018:14:08:03 -0300] "GET /cormun/servlet/hpexe_link HTTP/1.1" 200 954
186.103.159.46 - - [23/Mar/2018:14:08:03 -0300] "GET /cormun/servlet/licenciaspermisos?INS,0,,, HTTP/1.1" 200 7488
186.103.161.206 - - [23/Mar/2018:14:08:03 -0300] "GET /cormun/servlet/trsolicitudot? HTTP/1.1" 200 8808
186.103.157.235 - - [23/Mar/2018:14:08:03 -0300] "GET /cormun/servlet/permisogoce?INS,0,,, HTTP/1.1" 200 7083
186.103.161.206 - - [23/Mar/2018:14:08:04 -0300] "GET /cormun/servlet/trsolicitudot? HTTP/1.1" 200 8806
186.103.161.206 - - [23/Mar/2018:14:08:07 -0300] "POST /cormun/servlet/trsolicitudot?658ba2ae8f53582b59d92ac7be4126f3,,gx-no-cache=1521824834930 HTTP/1.1" 200 5823
186.103.159.46 - - [23/Mar/2018:14:08:13 -0300] "GET /cormun/servlet/trlicencias? HTTP/1.1" 200 10592
186.103.159.46 - - [23/Mar/2018:14:08:16 -0300] "GET /cormun/servlet/trlicencias? HTTP/1.1" 200 10590
186.103.161.206 - - [23/Mar/2018:14:08:17 -0300] "POST /cormun/servlet/trsolicitudot?658ba2ae8f53582b59d92ac7be4126f3,,gx-no-cache=1521824845108 HTTP/1.1" 200 6277
186.103.161.206 - - [23/Mar/2018:14:08:23 -0300] "POST /cormun/servlet/trsolicitudot?658ba2ae8f53582b59d92ac7be4126f3,,gx-no-cache=1521824850287 HTTP/1.1" 200 5854
186.103.161.206 - - [23/Mar/2018:14:08:23 -0300] "GET /cormun/static/Shared/jqueryui/images/ui-bg_highlight-soft_100_c6c2c8_1x100.png HTTP/1.1" 404 1117
200.111.122.170 - - [23/Mar/2018:14:08:23 -0300] "GET /cormun/static/Shared/jqueryui/images/ui-icons_82798d_256x240.png HTTP/1.1" 404 1089
200.72.197.82 - - [23/Mar/2018:14:08:23 -0300] "GET /cormun/static/Shared/jqueryui/images/ui-bg_flat_55_fafafa_40x100.png HTTP/1.1" 404 1097
186.67.203.186 - - [23/Mar/2018:14:08:23 -0300] "GET /cormun/static/Shared/jqueryui/images/ui-icons_8d78a5_256x240.png HTTP/1.1" 404 1089
186.103.161.206 - - [23/Mar/2018:14:08:23 -0300] "POST /cormun/servlet/trsolicitudot?658ba2ae8f53582b59d92ac7be4126f3,,gx-no-cache=1521824850612 HTTP/1.1" 200 5797
186.103.159.46 - - [23/Mar/2018:14:08:32 -0300] "GET /cormun/servlet/licenciaspermisos?DSP,9517647,L,20180323000000, HTTP/1.1" 200 7106
186.103.161.206 - - [23/Mar/2018:14:08:33 -0300] "POST /cormun/servlet/trsolicitudot?658ba2ae8f53582b59d92ac7be4126f3,,gx-no-cache=1521824860343 HTTP/1.1" 200 6339
186.103.159.46 - - [23/Mar/2018:14:08:34 -0300] "GET /cormun/servlet/licenciaspermisos?DSP,9517647,L,20180323000000, HTTP/1.1" 200 7106
186.103.161.206 - - [23/Mar/2018:14:08:36 -0300] "POST /cormun/servlet/trsolicitudot?658ba2ae8f53582b59d92ac7be4126f3,,gx-no-cache=1521824863670 HTTP/1.1" 200 6315
186.103.159.46 - - [23/Mar/2018:14:08:37 -0300] "GET /cormun/servlet/trlicencias? HTTP/1.1" 200 10592
186.103.159.46 - - [23/Mar/2018:14:08:39 -0300] "GET /cormun/servlet/trlicencias? HTTP/1.1" 200 10590
186.103.159.204 - - [23/Mar/2018:14:08:41 -0300] "POST /cormun/servlet/solicitudot?gx-no-cache=1521824862274 HTTP/1.1" 200 3284
186.103.159.204 - - [23/Mar/2018:14:08:41 -0300] "POST /cormun/servlet/solicitudot?fbb5ab2eff8b5f35bcba46b444e72f57,INS,0,0,,gx-no-cache=1521824862414 HTTP/1.1" 200 10259
186.103.161.206 - - [23/Mar/2018:14:08:43 -0300] "GET /cormun/static/Shared/jqueryui/images/ui-bg_highlight-soft_100_eae6ea_1x100.png HTTP/1.1" 404 1117
186.103.159.46 - - [23/Mar/2018:14:08:43 -0300] "GET /cormun/servlet/trlicenciaspermisosadjuntos?9517647,20180323000000,L, HTTP/1.1" 200 6300
186.103.161.206 - - [23/Mar/2018:14:08:44 -0300] "GET /cormun/servlet/hlogin HTTP/1.1" 200 1733
186.103.159.46 - - [23/Mar/2018:14:08:45 -0300] "GET /cormun/servlet/trlicenciaspermisosadjuntos?9517647,20180323000000,L, HTTP/1.1" 200 6300
186.103.159.204 - - [23/Mar/2018:14:08:52 -0300] "GET /cormun/servlet/solicitudot?7c990ad6f9af09bd7665d6e1b084101f649a797be7c5f1e5d4da2fb701c076450c7ad3136e3f90c1fdb7282058cd82c3,gx-no-cache=1521824873258 HTTP/1.1" 200 111
186.103.159.204 - - [23/Mar/2018:14:08:52 -0300] "GET /cormun/static/Shared/jqueryui/images/ui-bg_highlight-soft_100_c6c2c8_1x100.png HTTP/1.1" 404 1117
186.103.159.204 - - [23/Mar/2018:14:08:52 -0300] "GET /cormun/static/Shared/jqueryui/images/ui-bg_flat_55_994d53_40x100.png HTTP/1.1" 404 1097
186.103.159.204 - - [23/Mar/2018:14:08:52 -0300] "GET /cormun/static/Shared/jqueryui/images/ui-icons_ebccce_256x240.png HTTP/1.1" 404 1089
186.103.159.204 - - [23/Mar/2018:14:08:52 -0300] "GET /cormun/static/Shared/jqueryui/images/ui-icons_82798d_256x240.png HTTP/1.1" 404 1089
186.103.159.46 - - [23/Mar/2018:14:08:56 -0300] "GET /cormun/servlet/trlicencias? HTTP/1.1" 200 10592
186.103.159.46 - - [23/Mar/2018:14:08:58 -0300] "GET /cormun/servlet/trlicencias? HTTP/1.1" 200 10590
186.103.157.235 - - [23/Mar/2018:14:08:59 -0300] "GET /cormun/servlet/permisogoce?f06dfaf893c713e171d1475663798e97499c98dc4e17195098b5d6d95f70d64c050691ce0f4b74d66e3bf942ffe2ab99e4547322ac4eac4975afcf17092762e8,gx-no-cache=1521824875534 HTTP/1.1" 200 85
186.103.157.235 - - [23/Mar/2018:14:08:59 -0300] "GET /cormun/static/menuarrow.gif HTTP/1.1" 404 1015
186.103.159.46 - - [23/Mar/2018:14:09:05 -0300] "POST /cormun/servlet/trlicencias?49e4d85f83d36b09f7620ca625d2a81b,,gx-no-cache=1521824893289 HTTP/1.1" 200 8031
186.103.159.46 - - [23/Mar/2018:14:09:05 -0300] "GET /cormun/static/Shared/jqueryui/images/ui-bg_highlight-soft_100_c6c2c8_1x100.png HTTP/1.1" 404 1117
186.103.159.46 - - [23/Mar/2018:14:09:05 -0300] "GET /cormun/static/Shared/jqueryui/images/ui-icons_82798d_256x240.png HTTP/1.1" 404 1089
186.103.159.46 - - [23/Mar/2018:14:09:05 -0300] "GET /cormun/static/Shared/jqueryui/images/ui-bg_flat_55_fafafa_40x100.png HTTP/1.1" 404 1097
186.103.159.46 - - [23/Mar/2018:14:09:05 -0300] "GET /cormun/static/Shared/jqueryui/images/ui-icons_8d78a5_256x240.png HTTP/1.1" 404 1089
186.103.157.235 - - [23/Mar/2018:14:09:10 -0300] "GET /cormun/servlet/permisogoce?f06dfaf893c713e171d1475663798e977ccc8c2b4f37ab2466c09977ef113ec4e13bb1bd0af5e8836c721c37ee61239f7d53dbc6e00d2b38d5153d07b78c41c5,gx-no-cache=1521824886078 HTTP/1.1" 200 47
186.103.159.204 - - [23/Mar/2018:14:09:12 -0300] "POST /cormun/servlet/solicitudot?gx-no-cache=1521824893669 HTTP/1.1" 200 3401
186.103.159.204 - - [23/Mar/2018:14:09:12 -0300] "POST /cormun/servlet/solicitudot?fbb5ab2eff8b5f35bcba46b444e72f57,INS,0,0,,gx-no-cache=1521824893815 HTTP/1.1" 200 10424
186.103.159.204 - - [23/Mar/2018:14:09:18 -0300] "GET /cormun/servlet/solicitudot?7c990ad6f9af09bd7665d6e1b084101fc72a9b649234bbd3f5e626afcaba043febca14750b1df404f2b0fb131e265e7e,gx-no-cache=1521824899898 HTTP/1.1" 200 30
186.103.159.204 - - [23/Mar/2018:14:09:18 -0300] "GET /cormun/servlet/solicitudot?7c990ad6f9af09bd7665d6e1b084101ff14c794955c26eaa8fbe9f515691eef80228d4887fa1e98f7b07b2d5609b2aadebca14750b1df404f2b0fb131e265e7e,gx-no-cache=1521824899927 HTTP/1.1" 200 30
186.103.159.204 - - [23/Mar/2018:14:09:18 -0300] "GET /cormun/servlet/solicitudot?7c990ad6f9af09bd7665d6e1b084101f47958eebb6de420afd325009e343f473,gx-no-cache=1521824899955 HTTP/1.1" 200 51
186.103.159.204 - - [23/Mar/2018:14:09:18 -0300] "POST /cormun/servlet/solicitudot?gx-no-cache=1521824899982 HTTP/1.1" 200 256
186.103.159.204 - - [23/Mar/2018:14:09:18 -0300] "GET /cormun/servlet/solicitudot?7c990ad6f9af09bd7665d6e1b084101fcb34a6c6ed484a600789cf7648dd0fb112707a500d7bcefd580928fa83b574c9f40775d3253fad12c0b2ede50b75d3172dd0ace0546ab104780e7abdf2c6487e38328179fc562392d87c46b4c5bee3d4f9001a971a1bc4f1a61af3e1b2d52ecc86754b8f5c80aa8f94c1945b440077ebb36fc0843f5295c40aaa25ddd7876e9e9b44d13fd94fc73ad0d2104d590025e1faeb59cb82f1d0e5df84059582de7ccdebf24aef3e5c948a61602aadb5e783b4673bf7d929b6184356d937c2df8f5428ed8dc7f123f1ab4053be418a78551a24c52df90f024cf19e84bea60b3e8fdde98136c4b1d1d60fe604b1fabd18adeb97f81d577586726b1201de632035d4322c67e11690245e9805ddd523058e814ba3c1fcbb5b7f83121ca8b83658ecfe9f9d1c8fca9c466c4c321d64a7b4731b1e7a258c6ca3ab5d75279bafe1fc201c2c48399c73e5414f5ebdda4446f06ef72f7b27f02c0169df92096caf7dda963a97519f521d9bd60b1517f9e3db581199e12d,gx-no-cache=1521824900015 HTTP/1.1" 200 30
186.103.159.204 - - [23/Mar/2018:14:09:21 -0300] "POST /cormun/servlet/solicitudot?gx-no-cache=1521824903000 HTTP/1.1" 200 30
186.103.157.235 - - [23/Mar/2018:14:09:24 -0300] "POST /cormun/servlet/permisogoce?fb7493365aeda37b82d3bdbbfacbd8ff,INS,0,,,,gx-no-cache=1521824899696 HTTP/1.1" 200 93
186.103.157.235 - - [23/Mar/2018:14:09:24 -0300] "GET /cormun/servlet/hpexe_return? HTTP/1.1" 200 1006
186.103.157.235 - - [23/Mar/2018:14:09:25 -0300] "GET /cormun/servlet/trpermisosgoce HTTP/1.1" 200 7899
186.103.157.235 - - [23/Mar/2018:14:09:26 -0300] "GET /cormun/servlet/trpermisosgoce HTTP/1.1" 200 7895
186.103.159.204 - - [23/Mar/2018:14:09:31 -0300] "POST /cormun/servlet/solicitudot?gx-no-cache=1521824912837 HTTP/1.1" 200 1337
186.103.159.204 - - [23/Mar/2018:14:09:31 -0300] "POST /cormun/servlet/solicitudot?gx-no-cache=1521824912951 HTTP/1.1" 200 38
186.103.159.204 - - [23/Mar/2018:14:09:46 -0300] "GET /cormun/servlet/solicitudot?7c990ad6f9af09bd7665d6e1b084101f66a9a5def9ee3a35790111e70859742a6cb9ada24548eb1084c074baf2511b29c29cbb41b1cd07573e2dae70853a94a5a5e14ec5ad8afb291d172bb5bc90b93e625552b1738666c28a300cfaadf91bb2aca80b05cc7fb256c34a2fc282896e60,gx-no-cache=1521824927759 HTTP/1.1" 200 29
186.103.159.204 - - [23/Mar/2018:14:09:46 -0300] "POST /cormun/servlet/solicitudot?gx-no-cache=1521824927786 HTTP/1.1" 200 1318
186.103.159.204 - - [23/Mar/2018:14:09:46 -0300] "POST /cormun/servlet/solicitudot?gx-no-cache=1521824927828 HTTP/1.1" 200 1218
186.103.159.204 - - [23/Mar/2018:14:09:46 -0300] "GET /cormun/static/menuarrow.gif HTTP/1.1" 404 1015
186.103.159.204 - - [23/Mar/2018:14:09:48 -0300] "POST /cormun/servlet/solicitudot?gx-no-cache=1521824929073 HTTP/1.1" 200 1318
186.103.159.204 - - [23/Mar/2018:14:09:48 -0300] "POST /cormun/servlet/solicitudot?gx-no-cache=1521824929118 HTTP/1.1" 200 1218
186.103.157.235 - - [23/Mar/2018:14:09:48 -0300] "GET /cormun/servlet/permisogoce?INS,0,,, HTTP/1.1" 200 7083
186.103.159.204 - - [23/Mar/2018:14:09:49 -0300] "GET /cormun/servlet/solicitudot?7c990ad6f9af09bd7665d6e1b084101fb43733b588ecaa4d4f851e0c48f1eb2c368ccd6e69876d40e3fd15ac318a9870,gx-no-cache=1521824930399 HTTP/1.1" 200 30
186.103.157.235 - - [23/Mar/2018:14:09:49 -0300] "GET /cormun/servlet/permisogoce?INS,0,,, HTTP/1.1" 200 7084
186.103.159.204 - - [23/Mar/2018:14:10:05 -0300] "POST /cormun/servlet/solicitudot?gx-no-cache=1521824946387 HTTP/1.1" 200 30
186.103.157.235 - - [23/Mar/2018:14:10:13 -0300] "GET /cormun/servlet/trpermisosgoce? HTTP/1.1" 200 7896
186.103.157.235 - - [23/Mar/2018:14:10:14 -0300] "GET /cormun/servlet/trpermisosgoce? HTTP/1.1" 200 7895
186.103.159.46 - - [23/Mar/2018:14:10:24 -0300] "GET /cormun/servlet/trlicenciaspermisosadjuntos?9517647,20180323000000,L, HTTP/1.1" 200 6300
186.103.159.204 - - [23/Mar/2018:14:10:24 -0300] "POST /cormun/servlet/solicitudot?fbb5ab2eff8b5f35bcba46b444e72f57,INS,0,0,,gx-no-cache=1521824965778 HTTP/1.1" 200 93
186.103.159.204 - - [23/Mar/2018:14:10:24 -0300] "GET /cormun/servlet/hpexe_return? HTTP/1.1" 200 1013
186.103.159.204 - - [23/Mar/2018:14:10:25 -0300] "GET /cormun/servlet/trsolicitudot HTTP/1.1" 200 8744
186.103.159.204 - - [23/Mar/2018:14:10:25 -0300] "GET /cormun/servlet/trsolicitudot HTTP/1.1" 200 8740
186.103.159.46 - - [23/Mar/2018:14:10:26 -0300] "GET /cormun/servlet/trlicenciaspermisosadjuntos?9517647,20180323000000,L, HTTP/1.1" 200 6300
186.103.159.46 - - [23/Mar/2018:14:10:40 -0300] "POST /cormun/servlet/trlicenciaspermisosadjuntos?49e4d85f83d36b09f7620ca625d2a81b,9517647,20180323000000,L,,gx-no-cache=1521824988535 HTTP/1.1" 200 4015
186.103.159.204 - - [23/Mar/2018:14:10:54 -0300] "POST /cormun/servlet/trsolicitudot?fbb5ab2eff8b5f35bcba46b444e72f57,gx-no-cache=1521824995516 HTTP/1.1" 200 5651
186.103.159.204 - - [23/Mar/2018:14:10:54 -0300] "GET /cormun/static/Shared/jqueryui/images/ui-bg_highlight-soft_100_c6c2c8_1x100.png HTTP/1.1" 404 1117
186.103.159.204 - - [23/Mar/2018:14:10:54 -0300] "GET /cormun/static/Shared/jqueryui/images/ui-icons_82798d_256x240.png HTTP/1.1" 404 1089
186.103.159.204 - - [23/Mar/2018:14:10:54 -0300] "GET /cormun/static/Shared/jqueryui/images/ui-bg_flat_55_fafafa_40x100.png HTTP/1.1" 404 1097
186.103.159.204 - - [23/Mar/2018:14:10:54 -0300] "GET /cormun/static/Shared/jqueryui/images/ui-icons_8d78a5_256x240.png HTTP/1.1" 404 1089
186.103.159.204 - - [23/Mar/2018:14:10:54 -0300] "POST /cormun/servlet/trsolicitudot?fbb5ab2eff8b5f35bcba46b444e72f57,gx-no-cache=1521824995711 HTTP/1.1" 200 5594
186.103.159.204 - - [23/Mar/2018:14:10:57 -0300] "POST /cormun/servlet/trsolicitudot?fbb5ab2eff8b5f35bcba46b444e72f57,gx-no-cache=1521824998416 HTTP/1.1" 200 4473
186.103.159.204 - - [23/Mar/2018:14:10:57 -0300] "POST /cormun/servlet/trsolicitudot?fbb5ab2eff8b5f35bcba46b444e72f57,gx-no-cache=1521824998545 HTTP/1.1" 200 4265
186.103.159.204 - - [23/Mar/2018:14:12:32 -0300] "POST /cormun/servlet/trsolicitudot?fbb5ab2eff8b5f35bcba46b444e72f57,gx-no-cache=1521825093357 HTTP/1.1" 200 6316
186.103.157.235 - - [23/Mar/2018:14:14:07 -0300] "GET /cormun/servlet/hlogin HTTP/1.1" 200 1721
186.103.157.235 - - [23/Mar/2018:14:14:21 -0300] "POST /cormun/servlet/hlogin?fb7493365aeda37b82d3bdbbfacbd8ff,gx-no-cache=1521825196976 HTTP/1.1" 200 90
186.103.157.235 - - [23/Mar/2018:14:14:21 -0300] "GET /cormun/servlet/hpexe_link HTTP/1.1" 200 952
186.103.157.235 - - [23/Mar/2018:14:14:22 -0300] "GET /cormun/servlet/trpermisosgoce HTTP/1.1" 200 7896
186.103.157.235 - - [23/Mar/2018:14:14:24 -0300] "GET /cormun/servlet/trpermisosgoce HTTP/1.1" 200 7895
200.54.247.70 - - [23/Mar/2018:14:14:59 -0300] "GET /cormun/servlet/hlogin HTTP/1.1" 200 1718
200.54.247.70 - - [23/Mar/2018:14:14:59 -0300] "GET /cormun/static/gxtimezone.js?85251 HTTP/1.1" 304 -
200.54.247.70 - - [23/Mar/2018:14:14:59 -0300] "GET /cormun/static/gxcfg.js?20175251213516 HTTP/1.1" 304 -
200.54.247.70 - - [23/Mar/2018:14:14:59 -0300] "GET /cormun/static/gxgral.js?85251 HTTP/1.1" 304 -
200.54.247.70 - - [23/Mar/2018:14:14:59 -0300] "GET /cormun/static/Resources/Spanish/PXTools.css?11423723 HTTP/1.1" 304 -
200.54.247.70 - - [23/Mar/2018:14:14:59 -0300] "GET /cormun/static/messages.spa.js?85251 HTTP/1.1" 304 -
200.54.247.70 - - [23/Mar/2018:14:14:59 -0300] "GET /cormun/static/hlogin.js?20175251213537 HTTP/1.1" 304 -
200.54.247.70 - - [23/Mar/2018:14:14:59 -0300] "GET /cormun/static/Resources/ComunLogin.png HTTP/1.1" 304 -
200.54.247.70 - - [23/Mar/2018:14:14:59 -0300] "GET /cormun/static/Resources/indicator.gif HTTP/1.1" 304 -
200.54.247.70 - - [23/Mar/2018:14:15:09 -0300] "POST /cormun/servlet/hlogin?dab954fefbc21c66ea23138f504b3495,gx-no-cache=1521825254833 HTTP/1.1" 200 90
200.54.247.70 - - [23/Mar/2018:14:15:09 -0300] "GET /cormun/servlet/hpexe_link HTTP/1.1" 200 949
200.54.247.70 - - [23/Mar/2018:14:15:09 -0300] "GET /cormun/servlet/hhome HTTP/1.1" 200 4235
192.168.10.96 - - [23/Mar/2018:14:15:13 -0300] "GET /cormun/servlet/vesolicitudgral?2018,10187,, HTTP/1.1" 200 9269
192.168.10.96 - - [23/Mar/2018:14:15:13 -0300] "GET /cormun/pexe_scrolldiv.js HTTP/1.1" 404 1009
200.54.247.70 - - [23/Mar/2018:14:15:13 -0300] "GET /cormun/servlet/trsolicitudot? HTTP/1.1" 200 7449
192.168.10.96 - - [23/Mar/2018:14:15:13 -0300] "GET /cormun/pexe_scrolldiv.js HTTP/1.1" 404 1009
192.168.10.96 - - [23/Mar/2018:14:15:13 -0300] "GET /cormun/servlet/vesolicitudgral?2018,10187,, HTTP/1.1" 200 9268
200.54.247.70 - - [23/Mar/2018:14:15:19 -0300] "GET /cormun/servlet/trautorizarsolicitud? HTTP/1.1" 200 7352
200.54.247.70 - - [23/Mar/2018:14:15:25 -0300] "GET /cormun/servlet/trsolicitudot? HTTP/1.1" 200 7449
192.168.10.96 - - [23/Mar/2018:14:15:29 -0300] "GET /cormun/servlet/vesolicitudgral?2018,10187,,SolicitudOTAdjuntos HTTP/1.1" 200 11338
192.168.10.96 - - [23/Mar/2018:14:15:29 -0300] "GET /cormun/pexe_scrolldiv.js HTTP/1.1" 404 1009
192.168.10.96 - - [23/Mar/2018:14:15:29 -0300] "GET /cormun/pexe_scrolldiv.js HTTP/1.1" 404 1009
192.168.10.96 - - [23/Mar/2018:14:15:31 -0300] "GET /cormun/servlet/vesolicitudgral?2018,10187,,SolicitudOTAdjuntos HTTP/1.1" 200 11339
192.168.10.96 - - [23/Mar/2018:14:15:32 -0300] "POST /cormun/servlet/acontrolpreferencessavestate?None,DZAMUDIO,true HTTP/1.1" 200 35
200.54.247.70 - - [23/Mar/2018:14:15:34 -0300] "GET /cormun/servlet/solicitudot?INS,0,0, HTTP/1.1" 200 13677
192.168.10.96 - - [23/Mar/2018:14:15:35 -0300] "GET /cormun/PublicTempStorage/c_i3396704.pdf HTTP/1.1" 200 1101219
192.168.10.96 - - [23/Mar/2018:14:15:40 -0300] "GET /cormun/servlet/vesolicitudgral?2018,10187,,SolicitudOTAdjuntos HTTP/1.1" 200 11335
192.168.10.96 - - [23/Mar/2018:14:15:41 -0300] "POST /cormun/servlet/acontrolpreferencessavestate?None,DZAMUDIO,true HTTP/1.1" 200 35
192.168.10.96 - - [23/Mar/2018:14:15:42 -0300] "GET /cormun/servlet/vesolicitudgral?2018,10187,,SolicitudOTAdjuntos HTTP/1.1" 200 11337
192.168.10.96 - - [23/Mar/2018:14:15:42 -0300] "GET /cormun/PublicTempStorage/licencia_ed._media800300.pdf HTTP/1.1" 200 1406688
192.168.10.96 - - [23/Mar/2018:14:15:47 -0300] "GET /cormun/servlet/vesolicitudgral?2018,10187,,SolicitudOTAdjuntos HTTP/1.1" 200 11335
192.168.10.96 - - [23/Mar/2018:14:15:48 -0300] "GET /cormun/servlet/vesolicitudgral?2018,10187,,SolicitudOTAdjuntos HTTP/1.1" 200 11335
192.168.10.96 - - [23/Mar/2018:14:15:48 -0300] "POST /cormun/servlet/acontrolpreferencessavestate?None,DZAMUDIO,true HTTP/1.1" 200 35
200.54.247.70 - - [23/Mar/2018:14:15:48 -0300] "POST /cormun/servlet/solicitudot?gx-no-cache=1521825294226 HTTP/1.1" 200 3284
200.54.247.70 - - [23/Mar/2018:14:15:49 -0300] "POST /cormun/servlet/solicitudot?dab954fefbc21c66ea23138f504b3495,INS,0,0,,gx-no-cache=1521825294441 HTTP/1.1" 200 10441
192.168.10.96 - - [23/Mar/2018:14:15:50 -0300] "GET /cormun/PublicTempStorage/afp4698405.pdf HTTP/1.1" 200 894954
192.168.10.96 - - [23/Mar/2018:14:15:54 -0300] "GET /cormun/servlet/vesolicitudgral?2018,10187,,SolicitudOTAdjuntos HTTP/1.1" 200 11337
192.168.10.96 - - [23/Mar/2018:14:15:56 -0300] "GET /cormun/servlet/vesolicitudgral?2018,10187,,SolicitudOTAdjuntos HTTP/1.1" 200 11338
192.168.10.96 - - [23/Mar/2018:14:15:56 -0300] "POST /cormun/servlet/acontrolpreferencessavestate?None,DZAMUDIO,true HTTP/1.1" 200 35
192.168.10.96 - - [23/Mar/2018:14:15:56 -0300] "GET /cormun/PublicTempStorage/fonasa8524651.pdf HTTP/1.1" 200 1024910
192.168.10.96 - - [23/Mar/2018:14:16:00 -0300] "GET /cormun/servlet/vesolicitudgral?2018,10187,,SolicitudOTAdjuntos HTTP/1.1" 200 11336
192.168.10.96 - - [23/Mar/2018:14:16:02 -0300] "GET /cormun/servlet/vesolicitudgral?2018,10187,,SolicitudOTAdjuntos HTTP/1.1" 200 11337
192.168.10.96 - - [23/Mar/2018:14:16:02 -0300] "POST /cormun/servlet/acontrolpreferencessavestate?None,DZAMUDIO,true HTTP/1.1" 200 35
192.168.10.96 - - [23/Mar/2018:14:16:03 -0300] "GET /cormun/PublicTempStorage/antecedentes4792657.pdf HTTP/1.1" 200 1553490
200.54.247.70 - - [23/Mar/2018:14:16:04 -0300] "GET /cormun/servlet/solicitudot?9a11a67617ee795269c2987f2ba7834d6c12194d7000546aa52b0785e863637b2ca32935dce1d85509920f55b2558699,gx-no-cache=1521825309528 HTTP/1.1" 200 30
186.103.157.235 - - [23/Mar/2018:14:16:04 -0300] "GET /cormun/servlet/trpermisosgoce? HTTP/1.1" 200 7895
186.103.157.235 - - [23/Mar/2018:14:16:06 -0300] "GET /cormun/servlet/trpermisosgoce? HTTP/1.1" 200 7895
192.168.10.96 - - [23/Mar/2018:14:16:08 -0300] "GET /cormun/servlet/vesolicitudgral?2018,10187,,SolicitudOTAdjuntos HTTP/1.1" 200 11338
192.168.10.96 - - [23/Mar/2018:14:16:09 -0300] "POST /cormun/servlet/acontrolpreferencessavestate?None,DZAMUDIO,true HTTP/1.1" 200 35
207.46.13.82 - - [23/Mar/2018:14:16:09 -0300] "GET /cormun/servlet/hhome HTTP/1.1" 200 3438
192.168.10.96 - - [23/Mar/2018:14:16:09 -0300] "GET /cormun/servlet/vesolicitudgral?2018,10187,,SolicitudOTAdjuntos HTTP/1.1" 200 11338
192.168.10.96 - - [23/Mar/2018:14:16:10 -0300] "GET /cormun/PublicTempStorage/curriculum5448818.pdf HTTP/1.1" 200 946963
186.103.157.235 - - [23/Mar/2018:14:16:10 -0300] "GET /cormun/servlet/permisogoce?INS,0,,, HTTP/1.1" 200 7084
186.103.157.235 - - [23/Mar/2018:14:16:11 -0300] "GET /cormun/servlet/permisogoce?INS,0,,, HTTP/1.1" 200 7083
186.103.157.235 - - [23/Mar/2018:14:16:40 -0300] "GET /cormun/servlet/permisogoce?f06dfaf893c713e171d1475663798e97499c98dc4e17195098b5d6d95f70d64c050691ce0f4b74d66e3bf942ffe2ab99e4547322ac4eac4975afcf17092762e8,gx-no-cache=1521825336204 HTTP/1.1" 200 86
186.103.157.235 - - [23/Mar/2018:14:16:40 -0300] "GET /cormun/static/menuarrow.gif HTTP/1.1" 404 1015
186.103.157.235 - - [23/Mar/2018:14:16:49 -0300] "GET /cormun/servlet/permisogoce?f06dfaf893c713e171d1475663798e977ccc8c2b4f37ab2466c09977ef113ec4e13bb1bd0af5e8836c721c37ee61239f7d53dbc6e00d2b38d5153d07b78c41c5,gx-no-cache=1521825345083 HTTP/1.1" 200 47
186.103.157.235 - - [23/Mar/2018:14:16:55 -0300] "POST /cormun/servlet/permisogoce?fb7493365aeda37b82d3bdbbfacbd8ff,INS,0,,,,gx-no-cache=1521825350292 HTTP/1.1" 200 93
186.103.157.235 - - [23/Mar/2018:14:16:55 -0300] "GET /cormun/servlet/hpexe_return? HTTP/1.1" 200 1006
186.103.157.235 - - [23/Mar/2018:14:16:55 -0300] "GET /cormun/servlet/trpermisosgoce HTTP/1.1" 200 7899
186.103.157.235 - - [23/Mar/2018:14:16:57 -0300] "GET /cormun/servlet/trpermisosgoce HTTP/1.1" 200 7895
186.103.157.235 - - [23/Mar/2018:14:17:07 -0300] "POST /cormun/servlet/trpermisosgoce?fb7493365aeda37b82d3bdbbfacbd8ff,gx-no-cache=1521825362519 HTTP/1.1" 200 4061
186.103.157.235 - - [23/Mar/2018:14:17:11 -0300] "POST /cormun/servlet/trpermisosgoce?fb7493365aeda37b82d3bdbbfacbd8ff,gx-no-cache=1521825366843 HTTP/1.1" 200 4059
186.103.157.235 - - [23/Mar/2018:14:17:28 -0300] "POST /cormun/servlet/trpermisosgoce?fb7493365aeda37b82d3bdbbfacbd8ff,gx-no-cache=1521825384217 HTTP/1.1" 200 4058
200.54.247.70 - - [23/Mar/2018:14:18:07 -0300] "GET /cormun/servlet/prbanco?,MD,,gxPopupLevel%3D0%3B HTTP/1.1" 200 6673
200.54.247.70 - - [23/Mar/2018:14:18:12 -0300] "GET /cormun/servlet/solicitudot?9a11a67617ee795269c2987f2ba7834d30e6a7a5051bb983ad7ac3bebed95ca9,gx-no-cache=1521825437920 HTTP/1.1" 200 94
200.54.247.70 - - [23/Mar/2018:14:18:12 -0300] "GET /cormun/static/Shared/jqueryui/images/ui-icons_82798d_256x240.png HTTP/1.1" 404 1089
200.54.247.70 - - [23/Mar/2018:14:18:12 -0300] "GET /cormun/static/Shared/jqueryui/images/ui-bg_highlight-soft_100_c6c2c8_1x100.png HTTP/1.1" 404 1117
200.54.247.70 - - [23/Mar/2018:14:18:12 -0300] "GET /cormun/static/Shared/jqueryui/images/ui-bg_flat_55_994d53_40x100.png HTTP/1.1" 404 1097
200.54.247.70 - - [23/Mar/2018:14:18:12 -0300] "GET /cormun/static/Shared/jqueryui/images/ui-icons_ebccce_256x240.png HTTP/1.1" 404 1089
