190.100.93.40 - - [23/Mar/2018:13:39:00 -0300] "GET /cormun/servlet/hpexe_return? HTTP/1.1" 200 1029
190.100.93.40 - - [23/Mar/2018:13:39:00 -0300] "GET /cormun/servlet/trsolicitudadjuntos?2018,10800, HTTP/1.1" 200 9331
190.100.93.40 - - [23/Mar/2018:13:39:01 -0300] "GET /cormun/servlet/trsolicitudadjuntos?2018,10800, HTTP/1.1" 200 9331
190.100.93.40 - - [23/Mar/2018:13:39:03 -0300] "GET /cormun/servlet/solicitudotadjuntos?INS,2018,10800,,1, HTTP/1.1" 200 6375
190.100.93.40 - - [23/Mar/2018:13:39:03 -0300] "GET /cormun/static/about:blank HTTP/1.1" 404 1011
190.100.93.40 - - [23/Mar/2018:13:39:03 -0300] "GET /cormun/servlet/solicitudotadjuntos?INS,2018,10800,,1, HTTP/1.1" 200 6368
190.100.93.40 - - [23/Mar/2018:13:39:04 -0300] "GET /cormun/servlet/solicitudotadjuntos?dfc60bf6ae5f573937fdfd02565f276b93afeafbbb437186d812b8b0ca6ccfffb3d48ebd18816aca8733b99f9e912c55,gx-no-cache=1521823098000 HTTP/1.1" 200 30
190.100.93.40 - - [23/Mar/2018:13:39:04 -0300] "POST /cormun/servlet/solicitudotadjuntos?d30bcf44ddf7f71d60431e77a1503dd8,INS,2018,10800,,1,,gx-no-cache=1521823098044 HTTP/1.1" 200 3994
190.100.93.40 - - [23/Mar/2018:13:39:06 -0300] "POST /cormun/servlet/solicitudotadjuntos?gx-no-cache=1521823100348 HTTP/1.1" 200 26
186.103.159.46 - - [23/Mar/2018:13:39:12 -0300] "POST /cormun/servlet/trlicencias?f68ef836ae847b4fcdfad11328e5872e,,gx-no-cache=1521823098213 HTTP/1.1" 200 8285
186.103.159.46 - - [23/Mar/2018:13:39:12 -0300] "GET /cormun/static/Shared/jqueryui/images/ui-bg_highlight-soft_100_c6c2c8_1x100.png HTTP/1.1" 404 1117
186.103.159.46 - - [23/Mar/2018:13:39:12 -0300] "GET /cormun/static/Shared/jqueryui/images/ui-icons_82798d_256x240.png HTTP/1.1" 404 1089
186.103.159.46 - - [23/Mar/2018:13:39:12 -0300] "GET /cormun/static/Shared/jqueryui/images/ui-bg_flat_55_fafafa_40x100.png HTTP/1.1" 404 1097
186.103.159.46 - - [23/Mar/2018:13:39:12 -0300] "GET /cormun/static/Shared/jqueryui/images/ui-icons_8d78a5_256x240.png HTTP/1.1" 404 1089
190.100.93.40 - - [23/Mar/2018:13:39:16 -0300] "GET /cormun/servlet/solicitudotadjuntos?dfc60bf6ae5f573937fdfd02565f276ba5758d8088b1d987c9345c82ebe7bc94,gx-no-cache=1521823109833 HTTP/1.1" 200 30
190.100.93.40 - - [23/Mar/2018:13:39:16 -0300] "GET /cormun/servlet/solicitudotadjuntos?dfc60bf6ae5f573937fdfd02565f276ba5758d8088b1d987c9345c82ebe7bc94,gx-no-cache=1521823109882 HTTP/1.1" 200 30
190.100.93.40 - - [23/Mar/2018:13:39:16 -0300] "POST /cormun/servlet/solicitudotadjuntos?d30bcf44ddf7f71d60431e77a1503dd8,INS,2018,10800,,1, HTTP/1.1" 200 116
190.100.93.40 - - [23/Mar/2018:13:39:17 -0300] "GET /cormun/servlet/hpexe_return? HTTP/1.1" 200 1029
190.100.93.40 - - [23/Mar/2018:13:39:17 -0300] "GET /cormun/servlet/trsolicitudadjuntos?2018,10800, HTTP/1.1" 200 9557
190.100.93.40 - - [23/Mar/2018:13:39:18 -0300] "GET /cormun/servlet/trsolicitudadjuntos?2018,10800, HTTP/1.1" 200 9555
190.100.93.40 - - [23/Mar/2018:13:39:19 -0300] "GET /cormun/servlet/solicitudotadjuntos?INS,2018,10800,,1, HTTP/1.1" 200 6375
190.100.93.40 - - [23/Mar/2018:13:39:20 -0300] "GET /cormun/static/about:blank HTTP/1.1" 404 1011
190.100.93.40 - - [23/Mar/2018:13:39:20 -0300] "GET /cormun/servlet/solicitudotadjuntos?INS,2018,10800,,1, HTTP/1.1" 200 6368
190.100.93.40 - - [23/Mar/2018:13:39:20 -0300] "GET /cormun/servlet/solicitudotadjuntos?dfc60bf6ae5f573937fdfd02565f276b93afeafbbb437186d812b8b0ca6ccfffb3d48ebd18816aca8733b99f9e912c55,gx-no-cache=1521823114372 HTTP/1.1" 200 30
190.100.93.40 - - [23/Mar/2018:13:39:20 -0300] "POST /cormun/servlet/solicitudotadjuntos?d30bcf44ddf7f71d60431e77a1503dd8,INS,2018,10800,,1,,gx-no-cache=1521823114454 HTTP/1.1" 200 3994
186.103.159.46 - - [23/Mar/2018:13:39:22 -0300] "POST /cormun/servlet/trlicenciaspermisosadjuntos?49e4d85f83d36b09f7620ca625d2a81b,9517647,20180323000000,L,,gx-no-cache=1521823110763 HTTP/1.1" 200 90
186.103.159.46 - - [23/Mar/2018:13:39:22 -0300] "GET /cormun/servlet/hpexe_link HTTP/1.1" 200 1004
186.103.159.46 - - [23/Mar/2018:13:39:22 -0300] "GET /cormun/servlet/trlicencias?gx-no-cache=1521823063893 HTTP/1.1" 200 10597
190.100.93.40 - - [23/Mar/2018:13:39:23 -0300] "POST /cormun/servlet/solicitudotadjuntos?gx-no-cache=1521823117149 HTTP/1.1" 200 26
186.103.159.46 - - [23/Mar/2018:13:39:25 -0300] "GET /cormun/servlet/trlicencias?gx-no-cache=1521823063893 HTTP/1.1" 200 10616
190.100.93.40 - - [23/Mar/2018:13:39:28 -0300] "GET /cormun/servlet/solicitudotadjuntos?dfc60bf6ae5f573937fdfd02565f276ba5758d8088b1d987c9345c82ebe7bc94,gx-no-cache=1521823122397 HTTP/1.1" 200 30
190.100.93.40 - - [23/Mar/2018:13:39:28 -0300] "GET /cormun/servlet/solicitudotadjuntos?dfc60bf6ae5f573937fdfd02565f276ba5758d8088b1d987c9345c82ebe7bc94,gx-no-cache=1521823122467 HTTP/1.1" 200 30
190.100.93.40 - - [23/Mar/2018:13:39:29 -0300] "POST /cormun/servlet/solicitudotadjuntos?d30bcf44ddf7f71d60431e77a1503dd8,INS,2018,10800,,1, HTTP/1.1" 200 116
190.100.93.40 - - [23/Mar/2018:13:39:29 -0300] "GET /cormun/servlet/hpexe_return? HTTP/1.1" 200 1029
186.103.159.46 - - [23/Mar/2018:13:39:30 -0300] "POST /cormun/servlet/trlicencias?f68ef836ae847b4fcdfad11328e5872e,,gx-no-cache=1521823116632 HTTP/1.1" 200 8242
190.100.93.40 - - [23/Mar/2018:13:39:30 -0300] "GET /cormun/servlet/trsolicitudadjuntos?2018,10800, HTTP/1.1" 200 9763
190.100.93.40 - - [23/Mar/2018:13:39:31 -0300] "GET /cormun/servlet/trsolicitudadjuntos?2018,10800, HTTP/1.1" 200 9761
190.100.93.40 - - [23/Mar/2018:13:39:32 -0300] "GET /cormun/servlet/solicitudotadjuntos?INS,2018,10800,,1, HTTP/1.1" 200 6375
190.100.93.40 - - [23/Mar/2018:13:39:33 -0300] "GET /cormun/static/about:blank HTTP/1.1" 404 1011
190.100.93.40 - - [23/Mar/2018:13:39:33 -0300] "GET /cormun/servlet/solicitudotadjuntos?INS,2018,10800,,1, HTTP/1.1" 200 6368
190.100.93.40 - - [23/Mar/2018:13:39:33 -0300] "GET /cormun/servlet/solicitudotadjuntos?dfc60bf6ae5f573937fdfd02565f276b93afeafbbb437186d812b8b0ca6ccfffb3d48ebd18816aca8733b99f9e912c55,gx-no-cache=1521823127281 HTTP/1.1" 200 30
190.100.93.40 - - [23/Mar/2018:13:39:33 -0300] "POST /cormun/servlet/solicitudotadjuntos?d30bcf44ddf7f71d60431e77a1503dd8,INS,2018,10800,,1,,gx-no-cache=1521823127325 HTTP/1.1" 200 3994
190.100.93.40 - - [23/Mar/2018:13:39:35 -0300] "POST /cormun/servlet/solicitudotadjuntos?gx-no-cache=1521823129586 HTTP/1.1" 200 26
186.103.159.46 - - [23/Mar/2018:13:39:41 -0300] "GET /cormun/servlet/trlicenciaspermisosadjuntos?9517647,20180323000000,L, HTTP/1.1" 200 6322
190.100.93.40 - - [23/Mar/2018:13:39:42 -0300] "GET /cormun/servlet/solicitudotadjuntos?dfc60bf6ae5f573937fdfd02565f276ba5758d8088b1d987c9345c82ebe7bc94,gx-no-cache=1521823135988 HTTP/1.1" 200 30
190.100.93.40 - - [23/Mar/2018:13:39:42 -0300] "GET /cormun/servlet/solicitudotadjuntos?dfc60bf6ae5f573937fdfd02565f276ba5758d8088b1d987c9345c82ebe7bc94,gx-no-cache=1521823136034 HTTP/1.1" 200 30
186.103.159.46 - - [23/Mar/2018:13:39:42 -0300] "GET /cormun/servlet/trlicenciaspermisosadjuntos?9517647,20180323000000,L, HTTP/1.1" 200 6300
190.100.93.40 - - [23/Mar/2018:13:39:43 -0300] "POST /cormun/servlet/solicitudotadjuntos?d30bcf44ddf7f71d60431e77a1503dd8,INS,2018,10800,,1, HTTP/1.1" 200 116
190.100.93.40 - - [23/Mar/2018:13:39:43 -0300] "GET /cormun/servlet/hpexe_return? HTTP/1.1" 200 1029
190.100.93.40 - - [23/Mar/2018:13:39:43 -0300] "GET /cormun/servlet/trsolicitudadjuntos?2018,10800, HTTP/1.1" 200 10028
190.100.93.40 - - [23/Mar/2018:13:39:44 -0300] "GET /cormun/servlet/trsolicitudadjuntos?2018,10800, HTTP/1.1" 200 10026
190.100.93.40 - - [23/Mar/2018:13:39:46 -0300] "GET /cormun/PublicTempStorage/cedula_identidad2614235.pdf HTTP/1.1" 200 276687
190.100.93.40 - - [23/Mar/2018:13:39:52 -0300] "GET /cormun/servlet/hlogin HTTP/1.1" 200 1724
186.103.159.182 - - [23/Mar/2018:13:40:09 -0300] "GET /cormun/servlet/trautorizarsolicitud? HTTP/1.1" 200 6293
186.103.159.182 - - [23/Mar/2018:13:40:11 -0300] "GET /cormun/servlet/hlogin HTTP/1.1" 200 1741
186.103.159.182 - - [23/Mar/2018:13:40:11 -0300] "GET /cormun/servlet/trautorizarsolicitud? HTTP/1.1" 200 6289
190.100.93.40 - - [23/Mar/2018:13:40:13 -0300] "POST /cormun/servlet/hlogin?d30bcf44ddf7f71d60431e77a1503dd8,gx-no-cache=1521823166765 HTTP/1.1" 200 90
190.100.93.40 - - [23/Mar/2018:13:40:13 -0300] "GET /cormun/servlet/hpexe_link HTTP/1.1" 200 973
190.100.93.40 - - [23/Mar/2018:13:40:14 -0300] "GET /cormun/servlet/trsolicitudadjuntos?2018,10800, HTTP/1.1" 200 10024
190.100.93.40 - - [23/Mar/2018:13:40:15 -0300] "GET /cormun/servlet/trsolicitudadjuntos?2018,10800, HTTP/1.1" 200 10026
186.103.159.46 - - [23/Mar/2018:13:40:19 -0300] "GET /cormun/servlet/trlicencias?gx-no-cache=1521823063893 HTTP/1.1" 200 10597
186.103.159.46 - - [23/Mar/2018:13:40:21 -0300] "GET /cormun/servlet/trlicencias?gx-no-cache=1521823063893 HTTP/1.1" 200 10616
186.103.159.46 - - [23/Mar/2018:13:40:29 -0300] "GET /cormun/servlet/trlicenciaspermisosadjuntos?11142601,20180322000000,L, HTTP/1.1" 200 6761
186.103.159.46 - - [23/Mar/2018:13:40:31 -0300] "GET /cormun/servlet/trlicenciaspermisosadjuntos?11142601,20180322000000,L, HTTP/1.1" 200 6740
186.103.159.46 - - [23/Mar/2018:13:40:42 -0300] "GET /cormun/PublicTempStorage/licencia_waldo_acevedo_0212399677.pdf HTTP/1.1" 200 695381
186.103.159.46 - - [23/Mar/2018:13:40:42 -0300] "GET /cormun/PublicTempStorage/licencia_waldo_acevedo_0212399677.pdf HTTP/1.1" 200 695381
186.103.159.46 - - [23/Mar/2018:13:40:56 -0300] "GET /cormun/servlet/trlicenciaspermisosadjuntos?11142601,20180322000000,L, HTTP/1.1" 200 6760
186.103.159.46 - - [23/Mar/2018:13:40:57 -0300] "GET /cormun/servlet/trlicenciaspermisosadjuntos?11142601,20180322000000,L, HTTP/1.1" 200 6741
186.103.159.46 - - [23/Mar/2018:13:41:04 -0300] "GET /cormun/servlet/trlicencias?gx-no-cache=1521823063893 HTTP/1.1" 200 10596
186.103.159.46 - - [23/Mar/2018:13:41:06 -0300] "GET /cormun/servlet/trlicencias?gx-no-cache=1521823063893 HTTP/1.1" 200 10616
186.103.159.46 - - [23/Mar/2018:13:41:09 -0300] "GET /cormun/servlet/trlicenciaspermisosadjuntos?9517647,20180323000000,L, HTTP/1.1" 200 6322
186.103.159.46 - - [23/Mar/2018:13:41:11 -0300] "GET /cormun/servlet/trlicenciaspermisosadjuntos?9517647,20180323000000,L, HTTP/1.1" 200 6300
186.103.159.46 - - [23/Mar/2018:13:42:10 -0300] "POST /cormun/servlet/trlicenciaspermisosadjuntos?49e4d85f83d36b09f7620ca625d2a81b,9517647,20180323000000,L,,gx-no-cache=1521823278791 HTTP/1.1" 200 4036
186.103.159.46 - - [23/Mar/2018:13:42:16 -0300] "GET /cormun/servlet/trlicencias?gx-no-cache=1521823063893 HTTP/1.1" 200 10596
186.103.159.46 - - [23/Mar/2018:13:42:18 -0300] "GET /cormun/servlet/trlicencias?gx-no-cache=1521823063893 HTTP/1.1" 200 10616
186.103.159.46 - - [23/Mar/2018:13:42:28 -0300] "GET /cormun/servlet/trlicenciaspermisosadjuntos?9517647,20180323000000,L, HTTP/1.1" 200 6322
186.103.159.46 - - [23/Mar/2018:13:42:29 -0300] "GET /cormun/servlet/trlicenciaspermisosadjuntos?9517647,20180323000000,L, HTTP/1.1" 200 6300
186.103.159.46 - - [23/Mar/2018:13:42:44 -0300] "POST /cormun/servlet/trlicenciaspermisosadjuntos?49e4d85f83d36b09f7620ca625d2a81b,9517647,20180323000000,L,,gx-no-cache=1521823313183 HTTP/1.1" 200 4036
186.103.159.46 - - [23/Mar/2018:13:42:55 -0300] "GET /cormun/servlet/trlicencias?gx-no-cache=1521823063893 HTTP/1.1" 200 10596
186.103.159.46 - - [23/Mar/2018:13:42:57 -0300] "GET /cormun/servlet/trlicencias?gx-no-cache=1521823063893 HTTP/1.1" 200 10616
186.103.159.46 - - [23/Mar/2018:13:43:43 -0300] "GET /cormun/servlet/licenciaspermisos?DSP,9517647,L,20180323000000, HTTP/1.1" 200 7264
186.103.159.46 - - [23/Mar/2018:13:43:43 -0300] "GET /cormun/static/gxcfg.js?201762917281167 HTTP/1.1" 200 953
186.103.159.46 - - [23/Mar/2018:13:43:44 -0300] "GET /cormun/servlet/licenciaspermisos?DSP,9517647,L,20180323000000, HTTP/1.1" 200 7263
186.103.159.46 - - [23/Mar/2018:13:43:53 -0300] "POST /cormun/servlet/licenciaspermisos?f68ef836ae847b4fcdfad11328e5872e,DSP,9517647,L,20180323000000,,gx-no-cache=1521823380686 HTTP/1.1" 200 93
186.103.159.46 - - [23/Mar/2018:13:43:53 -0300] "GET /cormun/servlet/hpexe_return? HTTP/1.1" 200 1024
186.103.159.46 - - [23/Mar/2018:13:43:54 -0300] "GET /cormun/servlet/trlicencias? HTTP/1.1" 200 10735
186.103.159.46 - - [23/Mar/2018:13:43:55 -0300] "GET /cormun/servlet/trlicencias? HTTP/1.1" 200 10730
186.103.159.46 - - [23/Mar/2018:13:44:03 -0300] "GET /cormun/servlet/trlicenciaspermisoslog?9517647,L,20180323000000, HTTP/1.1" 200 6666
186.103.159.46 - - [23/Mar/2018:13:44:03 -0300] "GET /cormun/static/gxcfg.js?20176271755511 HTTP/1.1" 200 953
186.103.159.46 - - [23/Mar/2018:13:44:03 -0300] "GET /cormun/static/trlicenciaspermisoslog.js?201762717555393 HTTP/1.1" 200 20074
186.103.159.46 - - [23/Mar/2018:13:44:04 -0300] "GET /cormun/servlet/trlicenciaspermisoslog?9517647,L,20180323000000, HTTP/1.1" 200 6666
186.103.159.46 - - [23/Mar/2018:13:44:05 -0300] "POST /cormun/servlet/acontrolpreferencessavestate?None,RMENESES,true HTTP/1.1" 200 35
186.103.159.46 - - [23/Mar/2018:13:44:17 -0300] "GET /cormun/servlet/licenciaspermisos?DSP,9517647,L,20180323000000, HTTP/1.1" 200 7142
186.103.159.46 - - [23/Mar/2018:13:44:19 -0300] "GET /cormun/servlet/licenciaspermisos?DSP,9517647,L,20180323000000, HTTP/1.1" 200 7120
186.103.159.46 - - [23/Mar/2018:13:45:01 -0300] "POST /cormun/servlet/licenciaspermisos?49e4d85f83d36b09f7620ca625d2a81b,DSP,9517647,L,20180323000000,,gx-no-cache=1521823449758 HTTP/1.1" 200 93
186.103.159.46 - - [23/Mar/2018:13:45:01 -0300] "GET /cormun/servlet/hpexe_return? HTTP/1.1" 200 1048
186.103.159.46 - - [23/Mar/2018:13:45:01 -0300] "GET /cormun/servlet/trlicencias?gx-no-cache=1521823063893 HTTP/1.1" 200 10599
186.103.159.46 - - [23/Mar/2018:13:45:04 -0300] "GET /cormun/servlet/trlicencias?gx-no-cache=1521823063893 HTTP/1.1" 200 10616
186.103.159.46 - - [23/Mar/2018:13:45:11 -0300] "GET /cormun/servlet/trlicencias? HTTP/1.1" 200 10736
186.103.159.46 - - [23/Mar/2018:13:45:12 -0300] "GET /cormun/servlet/trlicencias? HTTP/1.1" 200 10735
186.103.159.46 - - [23/Mar/2018:13:45:12 -0300] "GET /cormun/servlet/licenciaspermisos?INS,0,,, HTTP/1.1" 200 7512
186.103.159.189 - - [23/Mar/2018:13:45:13 -0300] "GET /cormun/servlet/hlogin HTTP/1.1" 200 1721
186.103.159.189 - - [23/Mar/2018:13:45:13 -0300] "GET /cormun/static/Resources/Spanish/PXTools.css?11423723 HTTP/1.1" 304 -
186.103.159.189 - - [23/Mar/2018:13:45:13 -0300] "GET /cormun/static/gxtimezone.js?85251 HTTP/1.1" 304 -
186.103.159.189 - - [23/Mar/2018:13:45:13 -0300] "GET /cormun/static/gxcfg.js?20175251213516 HTTP/1.1" 304 -
186.103.159.189 - - [23/Mar/2018:13:45:14 -0300] "GET /cormun/static/messages.spa.js?85251 HTTP/1.1" 304 -
186.103.159.46 - - [23/Mar/2018:13:45:14 -0300] "GET /cormun/servlet/licenciaspermisos?INS,0,,, HTTP/1.1" 200 7488
186.103.159.189 - - [23/Mar/2018:13:45:14 -0300] "GET /cormun/static/hlogin.js?20175251213537 HTTP/1.1" 304 -
186.103.159.189 - - [23/Mar/2018:13:45:14 -0300] "GET /cormun/servlet/hlogin HTTP/1.1" 200 1732
186.103.159.189 - - [23/Mar/2018:13:45:15 -0300] "GET /favicon.ico HTTP/1.1" 200 21630
186.103.159.189 - - [23/Mar/2018:13:45:22 -0300] "POST /cormun/servlet/hlogin?75892251deb8735d6ee6137d853b49a5,gx-no-cache=1521827067208 HTTP/1.1" 200 90
186.103.159.189 - - [23/Mar/2018:13:45:22 -0300] "GET /cormun/servlet/hpexe_link HTTP/1.1" 200 953
186.103.159.189 - - [23/Mar/2018:13:45:22 -0300] "GET /cormun/static/Resources/Spanish/PXTools.css?1155365 HTTP/1.1" 304 -
186.103.159.189 - - [23/Mar/2018:13:45:22 -0300] "GET /cormun/static/hpexe_link.js?20177612121795 HTTP/1.1" 304 -
186.103.159.189 - - [23/Mar/2018:13:45:22 -0300] "GET /cormun/static/gxcfg.js?20177612121792 HTTP/1.1" 304 -
186.103.159.189 - - [23/Mar/2018:13:45:22 -0300] "GET /cormun/servlet/hhome HTTP/1.1" 200 3988
186.103.159.189 - - [23/Mar/2018:13:45:23 -0300] "GET /cormun/static/gxcfg.js?20175251212442 HTTP/1.1" 304 -
186.103.159.189 - - [23/Mar/2018:13:45:23 -0300] "GET /cormun/static/hpexe_recentlink.js?20177611595044 HTTP/1.1" 304 -
186.103.159.189 - - [23/Mar/2018:13:45:23 -0300] "GET /cormun/static/hhome.js?20175251212450 HTTP/1.1" 304 -
186.103.159.189 - - [23/Mar/2018:13:45:23 -0300] "GET /cormun/static/hwchdr01.js?201752511465785 HTTP/1.1" 304 -
186.103.159.189 - - [23/Mar/2018:13:45:23 -0300] "GET /cormun/static/hpexe_messagepopupcomponent.js?20161017169425 HTTP/1.1" 304 -
186.103.159.189 - - [23/Mar/2018:13:45:23 -0300] "GET /cormun/static/hpexe_scripts.js?201752511465715 HTTP/1.1" 304 -
186.103.159.189 - - [23/Mar/2018:13:45:23 -0300] "GET /cormun/static/hpexe_messagecontroller.js?20177611595012 HTTP/1.1" 304 -
186.103.159.189 - - [23/Mar/2018:13:45:24 -0300] "GET /cormun/static/hpexe_messagegenexuscomponent.js?201752511465344 HTTP/1.1" 304 -
186.103.159.189 - - [23/Mar/2018:13:45:24 -0300] "GET /cormun/static/cmcontrolpreferences.js?201752511465670 HTTP/1.1" 304 -
186.103.159.189 - - [23/Mar/2018:13:45:24 -0300] "GET /cormun/static/hmpwkw03.js?20177612122668 HTTP/1.1" 304 -
186.103.159.189 - - [23/Mar/2018:13:45:25 -0300] "GET /cormun/servlet/hhome HTTP/1.1" 200 3985
186.103.159.46 - - [23/Mar/2018:13:45:31 -0300] "POST /cormun/servlet/trlicencias?f68ef836ae847b4fcdfad11328e5872e,,gx-no-cache=1521823477989 HTTP/1.1" 200 4299
186.103.159.46 - - [23/Mar/2018:13:45:35 -0300] "POST /cormun/servlet/trlicencias?f68ef836ae847b4fcdfad11328e5872e,,gx-no-cache=1521823482444 HTTP/1.1" 200 4300
192.168.10.96 - - [23/Mar/2018:13:45:39 -0300] "GET /cormun/servlet/trsolicitudgral? HTTP/1.1" 500 10
186.103.159.46 - - [23/Mar/2018:13:45:39 -0300] "POST /cormun/servlet/trlicencias?f68ef836ae847b4fcdfad11328e5872e,,gx-no-cache=1521823486276 HTTP/1.1" 200 4301
192.168.10.96 - - [23/Mar/2018:13:45:41 -0300] "GET /cormun/servlet/hlogin HTTP/1.1" 200 1724
192.168.10.96 - - [23/Mar/2018:13:45:41 -0300] "GET /cormun/static/gxtimezone.js?85251 HTTP/1.1" 304 -
192.168.10.96 - - [23/Mar/2018:13:45:42 -0300] "GET /cormun/servlet/hlogin HTTP/1.1" 200 1724
192.168.10.96 - - [23/Mar/2018:13:45:42 -0300] "GET /cormun/static/gxtimezone.js?85251 HTTP/1.1" 304 -
186.103.159.46 - - [23/Mar/2018:13:45:43 -0300] "POST /cormun/servlet/trlicencias?f68ef836ae847b4fcdfad11328e5872e,,gx-no-cache=1521823490244 HTTP/1.1" 200 6569
192.168.10.96 - - [23/Mar/2018:13:45:47 -0300] "POST /cormun/servlet/hlogin?455996c10ccfa6b35b8d1be27cf5e3e1,gx-no-cache=1521823379762 HTTP/1.1" 200 90
192.168.10.96 - - [23/Mar/2018:13:45:47 -0300] "GET /cormun/servlet/hpexe_link HTTP/1.1" 200 954
192.168.10.96 - - [23/Mar/2018:13:45:47 -0300] "GET /cormun/servlet/hhome HTTP/1.1" 200 4709
192.168.10.96 - - [23/Mar/2018:13:45:47 -0300] "GET /cormun/servlet/hhome HTTP/1.1" 200 4705
192.168.10.96 - - [23/Mar/2018:13:45:50 -0300] "GET /cormun/servlet/trsolicitudgral? HTTP/1.1" 200 28598
192.168.10.96 - - [23/Mar/2018:13:45:50 -0300] "GET /cormun/static/calendar.js?85251 HTTP/1.1" 304 -
192.168.10.96 - - [23/Mar/2018:13:45:50 -0300] "GET /cormun/static/calendar-setup.js?85251 HTTP/1.1" 304 -
192.168.10.96 - - [23/Mar/2018:13:45:50 -0300] "GET /cormun/static/calendar-es.js?85251 HTTP/1.1" 304 -
192.168.10.96 - - [23/Mar/2018:13:45:50 -0300] "GET /cormun/static/gxdec.js?85251 HTTP/1.1" 304 -
192.168.10.96 - - [23/Mar/2018:13:45:51 -0300] "GET /cormun/servlet/trsolicitudgral? HTTP/1.1" 200 28596
186.103.159.46 - - [23/Mar/2018:13:45:58 -0300] "GET /cormun/servlet/prfichaempleado?,MD,,gxPopupLevel%3D0%3B HTTP/1.1" 200 9316
186.103.159.189 - - [23/Mar/2018:13:45:58 -0300] "GET /cormun/servlet/trpermisosgoce? HTTP/1.1" 200 8313
186.103.159.189 - - [23/Mar/2018:13:45:59 -0300] "GET /cormun/static/gxcfg.js?20177612163875 HTTP/1.1" 200 953
186.103.159.189 - - [23/Mar/2018:13:45:59 -0300] "GET /cormun/static/calendar.js?85251 HTTP/1.1" 304 -
186.103.159.189 - - [23/Mar/2018:13:45:59 -0300] "GET /cormun/static/calendar-setup.js?85251 HTTP/1.1" 304 -
186.103.159.189 - - [23/Mar/2018:13:45:59 -0300] "GET /cormun/static/calendar-es.js?85251 HTTP/1.1" 304 -
186.103.159.189 - - [23/Mar/2018:13:45:59 -0300] "GET /cormun/static/gxdec.js?85251 HTTP/1.1" 304 -
186.103.159.189 - - [23/Mar/2018:13:45:59 -0300] "GET /cormun/static/trpermisosgoce.js?20177612164335 HTTP/1.1" 200 35904
186.103.159.189 - - [23/Mar/2018:13:46:02 -0300] "GET /cormun/servlet/trpermisosgoce? HTTP/1.1" 200 8311
186.103.159.189 - - [23/Mar/2018:13:46:02 -0300] "GET /cormun//static/Resources/PXToolsGridDisplay.png HTTP/1.1" 200 362
186.103.159.189 - - [23/Mar/2018:13:46:02 -0300] "GET /cormun//static/Resources/PXToolsActionDisabled.gif HTTP/1.1" 200 53
186.103.159.189 - - [23/Mar/2018:13:46:02 -0300] "GET /cormun//static/Resources/PXToolsHeaderFavorites.png HTTP/1.1" 200 2744
186.103.159.189 - - [23/Mar/2018:13:46:02 -0300] "GET /cormun//static/Resources/PXToolsHeaderHelp.png HTTP/1.1" 200 4055
186.103.159.189 - - [23/Mar/2018:13:46:02 -0300] "GET /cormun//static/Resources/PXToolsActionPrint.png HTTP/1.1" 200 3317
192.168.10.96 - - [23/Mar/2018:13:46:02 -0300] "POST /cormun/servlet/trsolicitudgral?455996c10ccfa6b35b8d1be27cf5e3e1,,gx-no-cache=1521823395271 HTTP/1.1" 200 7270
192.168.10.96 - - [23/Mar/2018:13:46:05 -0300] "GET /cormun/servlet/vesolicitudgral?2018,9689,, HTTP/1.1" 200 9245
192.168.10.96 - - [23/Mar/2018:13:46:06 -0300] "GET /cormun/pexe_scrolldiv.js HTTP/1.1" 404 1009
192.168.10.96 - - [23/Mar/2018:13:46:06 -0300] "GET /cormun/pexe_scrolldiv.js HTTP/1.1" 404 1009
192.168.10.96 - - [23/Mar/2018:13:46:06 -0300] "GET /cormun/servlet/vesolicitudgral?2018,9689,, HTTP/1.1" 200 9244
186.103.159.189 - - [23/Mar/2018:13:46:06 -0300] "GET /cormun/servlet/trpermisosadjuntos?16302014,20180322143614,P, HTTP/1.1" 200 6293
186.103.159.189 - - [23/Mar/2018:13:46:06 -0300] "GET /cormun/static/gxcfg.js?201762817193957 HTTP/1.1" 200 953
186.103.159.189 - - [23/Mar/2018:13:46:06 -0300] "GET /cormun/static/Resources/Spanish/PXTools.css?17315867 HTTP/1.1" 200 89042
186.103.159.189 - - [23/Mar/2018:13:46:06 -0300] "GET /cormun/static/trpermisosadjuntos.js?201762817194366 HTTP/1.1" 200 20158
186.103.159.189 - - [23/Mar/2018:13:46:08 -0300] "GET /cormun/servlet/trpermisosadjuntos?16302014,20180322143614,P, HTTP/1.1" 200 6292
192.168.10.96 - - [23/Mar/2018:13:46:08 -0300] "GET /cormun/servlet/vesolicitudgral?2018,9689,,SolicitudOTAdjuntos HTTP/1.1" 200 11701
192.168.10.96 - - [23/Mar/2018:13:46:08 -0300] "GET /cormun/pexe_scrolldiv.js HTTP/1.1" 404 1009
192.168.10.96 - - [23/Mar/2018:13:46:08 -0300] "GET /cormun/pexe_scrolldiv.js HTTP/1.1" 404 1009
186.103.159.46 - - [23/Mar/2018:13:46:08 -0300] "GET /cormun/servlet/licenciaspermisos?a12e5f70ee7d4ca2459158656605674a41194d4ad11ce650edf4ce7884f6b44463b27c774072b97bc8078690390417c0,gx-no-cache=1521823517174 HTTP/1.1" 200 86
186.103.159.46 - - [23/Mar/2018:13:46:09 -0300] "GET /cormun/servlet/alicenciaprn?9517647,L,20180323000000,PU HTTP/1.1" 200 1601
186.103.159.46 - - [23/Mar/2018:13:46:09 -0300] "POST /cormun/servlet/licenciaspermisos?49e4d85f83d36b09f7620ca625d2a81b,INS,0,,,,gx-no-cache=1521823517295 HTTP/1.1" 200 4705
192.168.10.96 - - [23/Mar/2018:13:46:09 -0300] "GET /cormun/servlet/vesolicitudgral?2018,9689,,SolicitudOTAdjuntos HTTP/1.1" 200 11702
192.168.10.96 - - [23/Mar/2018:13:46:09 -0300] "POST /cormun/servlet/acontrolpreferencessavestate?None,DZAMUDIO,true HTTP/1.1" 200 35
192.168.10.96 - - [23/Mar/2018:13:46:10 -0300] "GET /cormun/PublicTempStorage/fotocopia_carnet5506748.pdf HTTP/1.1" 200 348049
186.103.159.189 - - [23/Mar/2018:13:46:19 -0300] "GET /cormun/servlet/permisosadjuntos?INS,16302014,P,20180322143614,, HTTP/1.1" 200 5622
186.103.159.189 - - [23/Mar/2018:13:46:19 -0300] "GET /cormun/static/gxcfg.js?201762717441171 HTTP/1.1" 200 953
186.103.159.189 - - [23/Mar/2018:13:46:19 -0300] "GET /cormun/static/permisosadjuntos.js?201762717441184 HTTP/1.1" 200 8724
186.103.159.189 - - [23/Mar/2018:13:46:19 -0300] "GET /cormun/static/about:blank HTTP/1.1" 404 1011
186.103.159.189 - - [23/Mar/2018:13:46:21 -0300] "GET /cormun/servlet/permisosadjuntos?INS,16302014,P,20180322143614,, HTTP/1.1" 200 5612
192.168.10.96 - - [23/Mar/2018:13:46:33 -0300] "GET /cormun/servlet/vesolicitudgral?2018,9689,,SolicitudOTAdjuntos HTTP/1.1" 200 11699
192.168.10.96 - - [23/Mar/2018:13:46:34 -0300] "GET /cormun/servlet/vesolicitudgral?2018,9689,,SolicitudOTAdjuntos HTTP/1.1" 200 11701
192.168.10.96 - - [23/Mar/2018:13:46:34 -0300] "POST /cormun/servlet/acontrolpreferencessavestate?None,DZAMUDIO,true HTTP/1.1" 200 35
186.103.159.189 - - [23/Mar/2018:13:46:38 -0300] "POST /cormun/servlet/permisosadjuntos?75892251deb8735d6ee6137d853b49a5,INS,16302014,P,20180322143614,, HTTP/1.1" 200 116
186.103.159.189 - - [23/Mar/2018:13:46:38 -0300] "GET /cormun/servlet/hpexe_return? HTTP/1.1" 200 1036
186.103.159.189 - - [23/Mar/2018:13:46:38 -0300] "GET /cormun/static/Resources/Spanish/PXTools.css?167811 HTTP/1.1" 304 -
186.103.159.189 - - [23/Mar/2018:13:46:38 -0300] "GET /cormun/static/hpexe_return.js?2016101716175153 HTTP/1.1" 304 -
186.103.159.189 - - [23/Mar/2018:13:46:38 -0300] "GET /cormun/static/gxcfg.js?2016101716175148 HTTP/1.1" 304 -
186.103.159.189 - - [23/Mar/2018:13:46:38 -0300] "GET /cormun/servlet/trpermisosadjuntos?16302014,20180322143614,P, HTTP/1.1" 200 6808
186.103.159.189 - - [23/Mar/2018:13:46:40 -0300] "GET /cormun/servlet/trpermisosadjuntos?16302014,20180322143614,P, HTTP/1.1" 200 6803
186.103.159.189 - - [23/Mar/2018:13:46:45 -0300] "POST /cormun/servlet/trpermisosadjuntos?75892251deb8735d6ee6137d853b49a5,16302014,20180322143614,P,,gx-no-cache=1521827149882 HTTP/1.1" 200 90
186.103.159.189 - - [23/Mar/2018:13:46:45 -0300] "GET /cormun/servlet/hpexe_link HTTP/1.1" 200 982
186.103.159.189 - - [23/Mar/2018:13:46:46 -0300] "GET /cormun/servlet/trpermisosgoce HTTP/1.1" 200 8313
186.103.159.189 - - [23/Mar/2018:13:46:47 -0300] "GET /cormun/servlet/trpermisosgoce HTTP/1.1" 200 8311
186.103.159.189 - - [23/Mar/2018:13:46:52 -0300] "POST /cormun/servlet/trpermisosgoce?75892251deb8735d6ee6137d853b49a5,gx-no-cache=1521827157084 HTTP/1.1" 200 5474
186.103.159.189 - - [23/Mar/2018:13:46:52 -0300] "GET /cormun/static/Shared/jqueryui/images/ui-bg_highlight-soft_100_c6c2c8_1x100.png HTTP/1.1" 404 1117
186.103.159.189 - - [23/Mar/2018:13:46:52 -0300] "GET /cormun/static/Shared/jqueryui/images/ui-icons_82798d_256x240.png HTTP/1.1" 404 1089
186.103.159.189 - - [23/Mar/2018:13:46:52 -0300] "GET /cormun/static/Shared/jqueryui/images/ui-bg_flat_55_fafafa_40x100.png HTTP/1.1" 404 1097
186.103.159.189 - - [23/Mar/2018:13:46:52 -0300] "GET /cormun/static/Shared/jqueryui/images/ui-icons_8d78a5_256x240.png HTTP/1.1" 404 1089
186.103.159.46 - - [23/Mar/2018:13:47:27 -0300] "GET /cormun/static/menuarrow.gif HTTP/1.1" 404 1015
186.103.159.204 - - [23/Mar/2018:13:48:18 -0300] "GET /cormun/servlet/hlogin HTTP/1.1" 200 1733
186.103.159.204 - - [23/Mar/2018:13:48:28 -0300] "POST /cormun/servlet/hlogin?fbb5ab2eff8b5f35bcba46b444e72f57,gx-no-cache=1521823649203 HTTP/1.1" 200 441
186.103.157.42 - - [23/Mar/2018:13:48:30 -0300] "GET /cormun/servlet/trsolicitudadjuntos?2017,6996, HTTP/1.1" 200 8833
186.103.159.204 - - [23/Mar/2018:13:48:34 -0300] "POST /cormun/servlet/hlogin?fbb5ab2eff8b5f35bcba46b444e72f57,gx-no-cache=1521823655928 HTTP/1.1" 200 90
186.103.159.204 - - [23/Mar/2018:13:48:34 -0300] "GET /cormun/servlet/hpexe_link HTTP/1.1" 200 957
186.103.159.204 - - [23/Mar/2018:13:48:35 -0300] "GET /cormun/servlet/hhome HTTP/1.1" 200 3882
186.103.159.204 - - [23/Mar/2018:13:48:35 -0300] "GET /cormun/servlet/hhome HTTP/1.1" 200 3879
186.103.159.204 - - [23/Mar/2018:13:48:41 -0300] "GET /cormun/servlet/trsolicitudot? HTTP/1.1" 200 7089
186.103.159.204 - - [23/Mar/2018:13:48:41 -0300] "GET /cormun/servlet/trsolicitudot? HTTP/1.1" 200 7089
186.103.159.204 - - [23/Mar/2018:13:48:46 -0300] "GET /cormun/static/menuarrow.gif HTTP/1.1" 404 1015
186.103.159.204 - - [23/Mar/2018:13:48:55 -0300] "POST /cormun/servlet/trsolicitudot?fbb5ab2eff8b5f35bcba46b444e72f57,,gx-no-cache=1521823676419 HTTP/1.1" 200 4282
186.103.159.204 - - [23/Mar/2018:13:48:57 -0300] "POST /cormun/servlet/trsolicitudot?fbb5ab2eff8b5f35bcba46b444e72f57,,gx-no-cache=1521823678322 HTTP/1.1" 200 4283
186.103.159.204 - - [23/Mar/2018:13:49:13 -0300] "GET /cormun/servlet/solicitudot?INS,0,0, HTTP/1.1" 200 13340
186.103.159.204 - - [23/Mar/2018:13:49:14 -0300] "GET /cormun/servlet/solicitudot?INS,0,0, HTTP/1.1" 200 13345
186.103.159.204 - - [23/Mar/2018:13:49:24 -0300] "POST /cormun/servlet/solicitudot?gx-no-cache=1521823705815 HTTP/1.1" 200 3401
186.103.159.204 - - [23/Mar/2018:13:49:25 -0300] "POST /cormun/servlet/solicitudot?fbb5ab2eff8b5f35bcba46b444e72f57,INS,0,0,,gx-no-cache=1521823706036 HTTP/1.1" 200 10372
186.103.159.46 - - [23/Mar/2018:13:49:25 -0300] "GET /cormun/servlet/licenciaspermisos?a12e5f70ee7d4ca2459158656605674ad41d4d829d4348eecbdb754df4836b2a36e1ba7272d07893cabbd093c08159f895a27cc5540821ae8cf3da1edaaa10ea936c4681253c8f8e375d05d51658cd244baed5d1bee9229da71934f2780e59386ad211fe3ebb4b188560cb36d0bcc3d9ed6946cfbd4aac0b0540c53ca38ac2e55fdd5088b5e8e85a3b05cb0a1ee1b2b77163e914a349027a23a5d7133ccca842a1a6c3238bcda503bbf297c214a2dfc5d4dcb2c45efd21a53e0e8d3099c98dabf3f0ee3286b37012751b9198bed14d15ed3f1a5f16b7db54eb27a116caa1f5ee,gx-no-cache=1521823714085 HTTP/1.1" 200 30
186.103.159.46 - - [23/Mar/2018:13:49:26 -0300] "POST /cormun/servlet/licenciaspermisos?49e4d85f83d36b09f7620ca625d2a81b,INS,0,,,,gx-no-cache=1521823714281 HTTP/1.1" 200 4811
190.100.93.40 - - [23/Mar/2018:13:49:41 -0300] "GET /cormun/servlet/hlogin HTTP/1.1" 200 1724
190.100.93.40 - - [23/Mar/2018:13:49:53 -0300] "POST /cormun/servlet/hlogin?d30bcf44ddf7f71d60431e77a1503dd8,gx-no-cache=1521823747364 HTTP/1.1" 200 90
190.100.93.40 - - [23/Mar/2018:13:49:54 -0300] "GET /cormun/servlet/hpexe_link HTTP/1.1" 200 973
190.100.93.40 - - [23/Mar/2018:13:49:54 -0300] "GET /cormun/servlet/trsolicitudadjuntos?2018,10800, HTTP/1.1" 200 10026
190.100.93.40 - - [23/Mar/2018:13:49:55 -0300] "GET /cormun/servlet/trsolicitudadjuntos?2018,10800, HTTP/1.1" 200 10028
190.100.93.40 - - [23/Mar/2018:13:49:58 -0300] "GET /cormun/PublicTempStorage/certificado_afiliacion_afp3968729.pdf HTTP/1.1" 200 1607194
186.103.159.46 - - [23/Mar/2018:13:49:59 -0300] "GET /cormun/servlet/licenciaspermisos?a12e5f70ee7d4ca2459158656605674a809b029ad6d00b4532a1e390ad3b9e05cd4b40ff4afe90a3ef165d79ecdd69ad7cf7adf72996669ddd0df4cd00b6e267803bc0d29e3e8d982ea468e49e42863388671ab24bcda7bd7a7fd2ff4796012915495883d4179262ba821d0d5383fb6368634303506f719e656cdcdf4bd021a3fb5da9bd44c19b92196bb3fdc115b7ff01344932065e14d6999c33d3350d3371a84062d40846fc6c0f56f86b908c48c9fe9ab241f2c319a8bfad14cfee653eb3d909149fd010cddf388536733c438f345d51e4b9e92a2278805801e9dca12ddc963d8a0beb54e8e089142842157b0323,gx-no-cache=1521823747521 HTTP/1.1" 200 29
186.103.159.46 - - [23/Mar/2018:13:50:03 -0300] "POST /cormun/servlet/licenciaspermisos?49e4d85f83d36b09f7620ca625d2a81b,INS,0,,,,gx-no-cache=1521823752167 HTTP/1.1" 200 4867
186.103.159.46 - - [23/Mar/2018:13:50:04 -0300] "GET /cormun/static/Shared/jqueryui/images/ui-bg_highlight-soft_100_c6c2c8_1x100.png HTTP/1.1" 404 1117
186.103.159.46 - - [23/Mar/2018:13:50:04 -0300] "GET /cormun/static/Shared/jqueryui/images/ui-icons_82798d_256x240.png HTTP/1.1" 404 1089
186.103.159.46 - - [23/Mar/2018:13:50:04 -0300] "GET /cormun/static/Shared/jqueryui/images/ui-bg_flat_55_994d53_40x100.png HTTP/1.1" 404 1097
186.103.159.46 - - [23/Mar/2018:13:50:04 -0300] "GET /cormun/static/Shared/jqueryui/images/ui-icons_ebccce_256x240.png HTTP/1.1" 404 1089
190.100.93.40 - - [23/Mar/2018:13:50:08 -0300] "GET /cormun/servlet/trsolicitudadjuntos?2018,10800, HTTP/1.1" 200 10027
190.100.93.40 - - [23/Mar/2018:13:50:09 -0300] "GET /cormun/servlet/trsolicitudadjuntos?2018,10800, HTTP/1.1" 200 10026
190.100.93.40 - - [23/Mar/2018:13:50:11 -0300] "GET /cormun/PublicTempStorage/salud3148057.pdf HTTP/1.1" 200 352064
186.103.159.46 - - [23/Mar/2018:13:50:15 -0300] "POST /cormun/servlet/licenciaspermisos?49e4d85f83d36b09f7620ca625d2a81b,INS,0,,,,gx-no-cache=1521823763341 HTTP/1.1" 200 93
186.103.159.46 - - [23/Mar/2018:13:50:15 -0300] "GET /cormun/servlet/hpexe_return? HTTP/1.1" 200 1034
190.100.93.40 - - [23/Mar/2018:13:50:15 -0300] "GET /cormun/servlet/trsolicitudadjuntos?2018,10800, HTTP/1.1" 200 10027
186.103.159.46 - - [23/Mar/2018:13:50:15 -0300] "GET /cormun/servlet/trlicencias?gx-no-cache=1521823063893 HTTP/1.1" 200 10599
190.100.93.40 - - [23/Mar/2018:13:50:16 -0300] "GET /cormun/servlet/trsolicitudadjuntos?2018,10800, HTTP/1.1" 200 10028
190.100.93.40 - - [23/Mar/2018:13:50:17 -0300] "GET /cormun/PublicTempStorage/antecedentes5517273.pdf HTTP/1.1" 200 553599
186.103.159.46 - - [23/Mar/2018:13:50:17 -0300] "GET /cormun/servlet/trlicencias?gx-no-cache=1521823063893 HTTP/1.1" 200 10616
190.100.93.40 - - [23/Mar/2018:13:50:21 -0300] "GET /cormun/servlet/trsolicitudadjuntos?2018,10800, HTTP/1.1" 200 10025
190.100.93.40 - - [23/Mar/2018:13:50:22 -0300] "GET /cormun/servlet/trsolicitudadjuntos?2018,10800, HTTP/1.1" 200 10026
190.100.93.40 - - [23/Mar/2018:13:50:23 -0300] "GET /cormun/PublicTempStorage/curriculum652109.pdf HTTP/1.1" 200 584436
186.103.159.46 - - [23/Mar/2018:13:50:24 -0300] "GET /cormun/servlet/trlicenciaspermisosadjuntos?9517647,20180323000000,L, HTTP/1.1" 200 6322
190.100.93.40 - - [23/Mar/2018:13:50:26 -0300] "GET /cormun/servlet/trsolicitudadjuntos?2018,10800, HTTP/1.1" 200 10025
186.103.159.46 - - [23/Mar/2018:13:50:26 -0300] "GET /cormun/servlet/trlicenciaspermisosadjuntos?9517647,20180323000000,L, HTTP/1.1" 200 6300
190.100.93.40 - - [23/Mar/2018:13:50:27 -0300] "GET /cormun/servlet/trsolicitudadjuntos?2018,10800, HTTP/1.1" 200 10024
190.100.93.40 - - [23/Mar/2018:13:50:29 -0300] "GET /cormun/servlet/hlogin HTTP/1.1" 200 1724
190.100.93.40 - - [23/Mar/2018:13:50:37 -0300] "POST /cormun/servlet/hlogin?d30bcf44ddf7f71d60431e77a1503dd8,gx-no-cache=1521823791126 HTTP/1.1" 200 90
190.100.93.40 - - [23/Mar/2018:13:50:37 -0300] "GET /cormun/servlet/hpexe_link HTTP/1.1" 200 973
190.100.93.40 - - [23/Mar/2018:13:50:38 -0300] "GET /cormun/servlet/trsolicitudadjuntos?2018,10800, HTTP/1.1" 200 10026
190.100.93.40 - - [23/Mar/2018:13:50:39 -0300] "GET /cormun/servlet/trsolicitudadjuntos?2018,10800, HTTP/1.1" 200 10027
190.100.93.40 - - [23/Mar/2018:13:50:42 -0300] "GET /cormun/servlet/trsolicitudot? HTTP/1.1" 200 8937
190.100.93.40 - - [23/Mar/2018:13:50:42 -0300] "GET /cormun/servlet/trsolicitudot? HTTP/1.1" 200 8930
186.103.159.46 - - [23/Mar/2018:13:51:03 -0300] "GET /cormun/servlet/trlicencias?gx-no-cache=1521823063893 HTTP/1.1" 200 10599
186.103.159.46 - - [23/Mar/2018:13:51:05 -0300] "GET /cormun/servlet/trlicencias?gx-no-cache=1521823063893 HTTP/1.1" 200 10616
186.103.159.46 - - [23/Mar/2018:13:51:25 -0300] "GET /cormun/servlet/trlicenciaspermisosadjuntos?11142601,20180221000000,L, HTTP/1.1" 200 6304
186.103.159.46 - - [23/Mar/2018:13:51:27 -0300] "GET /cormun/servlet/trlicenciaspermisosadjuntos?11142601,20180221000000,L, HTTP/1.1" 200 6284
190.100.93.40 - - [23/Mar/2018:13:51:29 -0300] "POST /cormun/servlet/trsolicitudot?d30bcf44ddf7f71d60431e77a1503dd8,,gx-no-cache=1521823842604 HTTP/1.1" 200 4712
190.100.93.40 - - [23/Mar/2018:13:51:29 -0300] "GET /cormun/static/Shared/jqueryui/images/ui-bg_highlight-soft_100_c6c2c8_1x100.png HTTP/1.1" 404 1117
190.100.93.40 - - [23/Mar/2018:13:51:29 -0300] "GET /cormun/static/Shared/jqueryui/images/ui-icons_82798d_256x240.png HTTP/1.1" 404 1089
190.100.93.40 - - [23/Mar/2018:13:51:29 -0300] "GET /cormun/static/Shared/jqueryui/images/ui-bg_flat_55_fafafa_40x100.png HTTP/1.1" 404 1097
190.100.93.40 - - [23/Mar/2018:13:51:29 -0300] "GET /cormun/static/Shared/jqueryui/images/ui-icons_8d78a5_256x240.png HTTP/1.1" 404 1089
190.100.93.40 - - [23/Mar/2018:13:51:29 -0300] "POST /cormun/servlet/trsolicitudot?d30bcf44ddf7f71d60431e77a1503dd8,,gx-no-cache=1521823842978 HTTP/1.1" 200 4476
186.103.159.46 - - [23/Mar/2018:13:51:31 -0300] "GET /cormun/servlet/trlicencias?gx-no-cache=1521823063893 HTTP/1.1" 200 10596
186.103.159.46 - - [23/Mar/2018:13:51:33 -0300] "GET /cormun/servlet/trlicencias?gx-no-cache=1521823063893 HTTP/1.1" 200 10616
190.100.93.40 - - [23/Mar/2018:13:51:33 -0300] "GET /cormun/servlet/trautorizarsolicitud? HTTP/1.1" 200 8826
190.100.93.40 - - [23/Mar/2018:13:51:34 -0300] "GET /cormun/servlet/trautorizarsolicitud? HTTP/1.1" 200 8826
190.100.93.40 - - [23/Mar/2018:13:51:36 -0300] "POST /cormun/servlet/trautorizarsolicitud?d30bcf44ddf7f71d60431e77a1503dd8,,gx-no-cache=1521823850168 HTTP/1.1" 200 4632
190.100.93.40 - - [23/Mar/2018:13:51:36 -0300] "GET /cormun/static/Shared/jqueryui/images/ui-bg_highlight-soft_100_c6c2c8_1x100.png HTTP/1.1" 404 1117
190.100.93.40 - - [23/Mar/2018:13:51:36 -0300] "GET /cormun/static/Shared/jqueryui/images/ui-icons_82798d_256x240.png HTTP/1.1" 404 1089
190.100.93.40 - - [23/Mar/2018:13:51:36 -0300] "GET /cormun/static/Shared/jqueryui/images/ui-bg_flat_55_fafafa_40x100.png HTTP/1.1" 404 1097
190.100.93.40 - - [23/Mar/2018:13:51:36 -0300] "GET /cormun/static/Shared/jqueryui/images/ui-icons_8d78a5_256x240.png HTTP/1.1" 404 1089
190.100.93.40 - - [23/Mar/2018:13:51:36 -0300] "POST /cormun/servlet/trautorizarsolicitud?d30bcf44ddf7f71d60431e77a1503dd8,,gx-no-cache=1521823850375 HTTP/1.1" 200 4398
186.103.159.46 - - [23/Mar/2018:13:51:40 -0300] "GET /cormun/servlet/trlicenciaspermisosadjuntos?9517647,20180319000000,L, HTTP/1.1" 200 6889
190.100.93.40 - - [23/Mar/2018:13:51:40 -0300] "GET /cormun/servlet/trsolicitudot? HTTP/1.1" 200 7553
190.100.93.40 - - [23/Mar/2018:13:51:40 -0300] "GET /cormun/servlet/trsolicitudot? HTTP/1.1" 200 7552
186.103.159.46 - - [23/Mar/2018:13:51:41 -0300] "GET /cormun/servlet/trlicenciaspermisosadjuntos?9517647,20180319000000,L, HTTP/1.1" 200 6868
190.100.93.40 - - [23/Mar/2018:13:51:43 -0300] "GET /cormun/servlet/solicitudot?INS,0,0, HTTP/1.1" 200 13792
190.100.93.40 - - [23/Mar/2018:13:51:44 -0300] "GET /cormun/servlet/solicitudot?INS,0,0, HTTP/1.1" 200 13797
186.103.159.46 - - [23/Mar/2018:13:51:50 -0300] "GET /cormun/servlet/trlicencias?gx-no-cache=1521823063893 HTTP/1.1" 200 10596
186.103.159.46 - - [23/Mar/2018:13:51:52 -0300] "GET /cormun/servlet/trlicencias?gx-no-cache=1521823063893 HTTP/1.1" 200 10616
190.100.93.40 - - [23/Mar/2018:13:51:53 -0300] "POST /cormun/servlet/solicitudot?gx-no-cache=1521823867019 HTTP/1.1" 200 3399
190.100.93.40 - - [23/Mar/2018:13:51:53 -0300] "POST /cormun/servlet/solicitudot?d30bcf44ddf7f71d60431e77a1503dd8,INS,0,0,,gx-no-cache=1521823867206 HTTP/1.1" 200 10579
186.103.159.46 - - [23/Mar/2018:13:51:56 -0300] "GET /cormun/servlet/trlicenciaspermisosadjuntos?9517647,20180323000000,L, HTTP/1.1" 200 6322
186.103.159.46 - - [23/Mar/2018:13:51:57 -0300] "GET /cormun/servlet/trlicenciaspermisosadjuntos?9517647,20180323000000,L, HTTP/1.1" 200 6300
190.100.93.40 - - [23/Mar/2018:13:51:58 -0300] "GET /cormun/servlet/trcontratosolicitud? HTTP/1.1" 200 15007
190.100.93.40 - - [23/Mar/2018:13:51:59 -0300] "GET /cormun/static/gxcfg.js?20177612214014 HTTP/1.1" 200 953
190.100.93.40 - - [23/Mar/2018:13:51:59 -0300] "GET /cormun/static/trcontratosolicitud.js?20177612214349 HTTP/1.1" 200 28237
190.100.93.40 - - [23/Mar/2018:13:51:59 -0300] "GET /cormun//static/Resources/PXToolsGridNew.png HTTP/1.1" 200 2949
190.100.93.40 - - [23/Mar/2018:13:51:59 -0300] "GET /cormun//static/Resources/PXToolsActionDisabled.gif HTTP/1.1" 200 53
190.100.93.40 - - [23/Mar/2018:13:51:59 -0300] "GET /cormun/servlet/trcontratosolicitud? HTTP/1.1" 200 15007
190.100.93.40 - - [23/Mar/2018:13:52:08 -0300] "POST /cormun/servlet/trcontratosolicitud?d30bcf44ddf7f71d60431e77a1503dd8,,gx-no-cache=1521823881352 HTTP/1.1" 200 12569
190.100.93.40 - - [23/Mar/2018:13:52:08 -0300] "GET /cormun/static/Resources/PXToolsGridPrevious.gif HTTP/1.1" 200 369
190.100.93.40 - - [23/Mar/2018:13:52:08 -0300] "GET /cormun/static/Resources/PXToolsGridFirst.gif HTTP/1.1" 200 379
190.100.93.40 - - [23/Mar/2018:13:52:08 -0300] "GET /cormun/static/Resources/PXToolsGridNext.gif HTTP/1.1" 200 369
190.100.93.40 - - [23/Mar/2018:13:52:08 -0300] "GET /cormun/static/Resources/PXToolsGridLast.gif HTTP/1.1" 200 370
186.103.159.46 - - [23/Mar/2018:13:52:26 -0300] "GET /cormun/servlet/trlicencias?gx-no-cache=1521823063893 HTTP/1.1" 200 10596
186.103.159.46 - - [23/Mar/2018:13:52:28 -0300] "GET /cormun/servlet/trlicencias?gx-no-cache=1521823063893 HTTP/1.1" 200 10616
190.100.93.40 - - [23/Mar/2018:13:52:42 -0300] "GET /cormun/servlet/trsolicitudot? HTTP/1.1" 200 7553
190.100.93.40 - - [23/Mar/2018:13:52:42 -0300] "GET /cormun/servlet/trsolicitudot? HTTP/1.1" 200 7552
186.103.159.46 - - [23/Mar/2018:13:52:43 -0300] "GET /cormun/servlet/trlicenciaspermisosadjuntos?7392062,20180318000000,L, HTTP/1.1" 200 6299
186.103.159.46 - - [23/Mar/2018:13:52:45 -0300] "GET /cormun/servlet/trlicenciaspermisosadjuntos?7392062,20180318000000,L, HTTP/1.1" 200 6278
190.100.93.40 - - [23/Mar/2018:13:52:45 -0300] "GET /cormun/servlet/solicitudot?INS,0,0, HTTP/1.1" 200 13794
190.100.93.40 - - [23/Mar/2018:13:52:45 -0300] "GET /cormun/servlet/solicitudot?INS,0,0, HTTP/1.1" 200 13799
186.103.159.46 - - [23/Mar/2018:13:52:49 -0300] "GET /cormun/servlet/trlicencias?gx-no-cache=1521823063893 HTTP/1.1" 200 10596
186.103.159.46 - - [23/Mar/2018:13:52:51 -0300] "GET /cormun/servlet/trlicencias?gx-no-cache=1521823063893 HTTP/1.1" 200 10616
190.100.93.40 - - [23/Mar/2018:13:52:55 -0300] "POST /cormun/servlet/solicitudot?gx-no-cache=1521823928742 HTTP/1.1" 200 3399
190.100.93.40 - - [23/Mar/2018:13:52:55 -0300] "POST /cormun/servlet/solicitudot?d30bcf44ddf7f71d60431e77a1503dd8,INS,0,0,,gx-no-cache=1521823928946 HTTP/1.1" 200 10580
190.100.93.40 - - [23/Mar/2018:13:53:01 -0300] "GET /cormun/servlet/solicitudot?dfc60bf6ae5f573937fdfd02565f276b3b6d4fdfca15c61c9bc8eb3b5eba89b903ebd3a84b1f23a9313e5cb683672270,gx-no-cache=1521823934855 HTTP/1.1" 200 30
190.100.93.40 - - [23/Mar/2018:13:53:01 -0300] "GET /cormun/servlet/solicitudot?dfc60bf6ae5f573937fdfd02565f276b8e1cc98fe8c51980407da36ae716445b3af7b47f5c01f5065ea55d62520961dd,gx-no-cache=1521823934926 HTTP/1.1" 200 30
190.100.93.40 - - [23/Mar/2018:13:53:01 -0300] "GET /cormun/servlet/solicitudot?dfc60bf6ae5f573937fdfd02565f276b8e4f6d19b2bc709554bf2d3d7a65433b,gx-no-cache=1521823934979 HTTP/1.1" 200 53
190.100.93.40 - - [23/Mar/2018:13:53:01 -0300] "POST /cormun/servlet/solicitudot?gx-no-cache=1521823935026 HTTP/1.1" 200 255
190.100.93.40 - - [23/Mar/2018:13:53:01 -0300] "GET /cormun/servlet/solicitudot?dfc60bf6ae5f573937fdfd02565f276baf5d6ab919062a450343d8bb480f6762e16b67d713dcac79f06b1907d13f9d7fa8bb858935b2808052b3610ead1e29f7ffdec6c65200ae36d3fe55226a19d46157eede9891c5e6f0a604c644c4f3b77458614c28942deb35d69cc15e04a2f2dcf0267b5ecf429d88ce8e3aa99fdab35a212396b5b2d15afaa9418710a41449fe9c1e26a9d730650452f528e6f1a23c12d505f6eb7d72d11ec4ff7f673012dc90529874ff0388b50d7102aee7eb424bc66011f6ebbf8adc7ebf57c2c2a1b8397f7ffb0d9ede3470460c16de44caecaf2970daa272c8d5d385d13163b9e00ac8fb4f9ae833dba545e665d9530a314f391636a0291dc297394175e0c4c9a201123932476a0766b35ac9d2ba0c8966f4dc45c7d022e5d08d940efc5290c4e384ff471554e12096a13988d183137d3e9aa1bec9451ed0be4b774822cc1b29f0e75230fc677fb2128a3d779b707db4ea020e74634ea3f59729e3b2613c2f72c4c12458a8ef2e3f2893a285dc539b5b9a207351,gx-no-cache=1521823935089 HTTP/1.1" 200 30
186.103.159.46 - - [23/Mar/2018:13:53:02 -0300] "GET /cormun/servlet/trlicenciaspermisosadjuntos?9517647,20180319000000,L, HTTP/1.1" 200 6888
190.100.93.40 - - [23/Mar/2018:13:53:03 -0300] "POST /cormun/servlet/solicitudot?gx-no-cache=1521823937450 HTTP/1.1" 200 30
186.103.159.46 - - [23/Mar/2018:13:53:04 -0300] "GET /cormun/servlet/trlicenciaspermisosadjuntos?9517647,20180319000000,L, HTTP/1.1" 200 6869
190.100.93.40 - - [23/Mar/2018:13:53:17 -0300] "POST /cormun/servlet/solicitudot?gx-no-cache=1521823950695 HTTP/1.1" 200 1337
190.100.93.40 - - [23/Mar/2018:13:53:17 -0300] "POST /cormun/servlet/solicitudot?gx-no-cache=1521823950810 HTTP/1.1" 200 38
190.100.93.40 - - [23/Mar/2018:13:53:26 -0300] "GET /cormun/servlet/solicitudot?dfc60bf6ae5f573937fdfd02565f276b19e379a4f6fa2856c86606c0c475f5a28f790bdf5a039375c579b8929e7f615f4ce0f466ce32157f6b53dbf16677e6a4a83831c09871e809e353d846a6d83c76b79fcbb4c1ddb3b2d3b240df0cd76307e94d232a4733b6c9502f0c2aab9c1af977b197ec419aa5c14aa9aff53cff5a38101972209b7602a001ad51e7e9e95414436168bda37e457550fdd326538f40e3,gx-no-cache=1521823960054 HTTP/1.1" 200 29
190.100.93.40 - - [23/Mar/2018:13:53:26 -0300] "POST /cormun/servlet/solicitudot?gx-no-cache=1521823960115 HTTP/1.1" 200 1321
190.100.93.40 - - [23/Mar/2018:13:53:26 -0300] "POST /cormun/servlet/solicitudot?gx-no-cache=1521823960196 HTTP/1.1" 200 1219
190.100.93.40 - - [23/Mar/2018:13:53:26 -0300] "GET /cormun/static/menuarrow.gif HTTP/1.1" 404 1015
190.100.93.40 - - [23/Mar/2018:13:53:29 -0300] "POST /cormun/servlet/solicitudot?gx-no-cache=1521823963214 HTTP/1.1" 200 1321
190.100.93.40 - - [23/Mar/2018:13:53:29 -0300] "POST /cormun/servlet/solicitudot?gx-no-cache=1521823963294 HTTP/1.1" 200 1219
190.100.93.40 - - [23/Mar/2018:13:53:31 -0300] "GET /cormun/servlet/solicitudot?dfc60bf6ae5f573937fdfd02565f276b27a6d5e6d9d7b4d36e3789a557926bc3d95ebdcb14b45be6b354572a1c801e0e,gx-no-cache=1521823964911 HTTP/1.1" 200 30
186.103.159.204 - - [23/Mar/2018:13:53:36 -0300] "GET /cormun/servlet/solicitudot?7c990ad6f9af09bd7665d6e1b084101fc72a9b649234bbd3f5e626afcaba043febca14750b1df404f2b0fb131e265e7e,gx-no-cache=1521823957702 HTTP/1.1" 200 30
186.103.159.204 - - [23/Mar/2018:13:53:36 -0300] "GET /cormun/servlet/solicitudot?7c990ad6f9af09bd7665d6e1b084101ff14c794955c26eaa8fbe9f515691eef80228d4887fa1e98f7b07b2d5609b2aadebca14750b1df404f2b0fb131e265e7e,gx-no-cache=1521823957755 HTTP/1.1" 200 30
186.103.159.204 - - [23/Mar/2018:13:53:36 -0300] "GET /cormun/servlet/solicitudot?7c990ad6f9af09bd7665d6e1b084101f47958eebb6de420afd325009e343f473,gx-no-cache=1521823957786 HTTP/1.1" 200 51
186.103.159.204 - - [23/Mar/2018:13:53:36 -0300] "POST /cormun/servlet/solicitudot?gx-no-cache=1521823957814 HTTP/1.1" 200 256
186.103.159.204 - - [23/Mar/2018:13:53:37 -0300] "GET /cormun/servlet/solicitudot?7c990ad6f9af09bd7665d6e1b084101fcb34a6c6ed484a600789cf7648dd0fb112707a500d7bcefd580928fa83b574c9f40775d3253fad12c0b2ede50b75d3172dd0ace0546ab104780e7abdf2c6487e38328179fc562392d87c46b4c5bee3d4f9001a971a1bc4f1a61af3e1b2d52ecc86754b8f5c80aa8f94c1945b440077ebb36fc0843f5295c40aaa25ddd7876e9e9b44d13fd94fc73ad0d2104d590025e1faeb59cb82f1d0e5df84059582de7ccdebf24aef3e5c948a61602aadb5e783b4673bf7d929b6184356d937c2df8f5428ed8dc7f123f1ab4053be418a78551a24c52df90f024cf19e84bea60b3e8fdde98136c4b1d1d60fe604b1fabd18adeb97f81d577586726b1201de632035d4322c67e11690245e9805ddd523058e814ba3c1fcbb5b7f83121ca8b83658ecfe9f9d1c8fca9c466c4c321d64a7b4731b1e7a258c6ca3ab5d75279bafe1fc201c2c48399c73e5414f5ebdda4446f06ef72f7b27f02c0169df92096caf7dda963a97519f521d9bd60b1517f9e3db581199e12d,gx-no-cache=1521823957846 HTTP/1.1" 200 30
186.103.159.46 - - [23/Mar/2018:13:53:38 -0300] "GET /cormun/servlet/trlicencias?gx-no-cache=1521823063893 HTTP/1.1" 200 10596
190.100.93.40 - - [23/Mar/2018:13:53:39 -0300] "POST /cormun/servlet/solicitudot?gx-no-cache=1521823973425 HTTP/1.1" 200 33
186.103.159.46 - - [23/Mar/2018:13:53:40 -0300] "GET /cormun/servlet/trlicencias?gx-no-cache=1521823063893 HTTP/1.1" 200 10616
190.100.93.40 - - [23/Mar/2018:13:54:06 -0300] "POST /cormun/servlet/solicitudot?d30bcf44ddf7f71d60431e77a1503dd8,INS,0,0,,gx-no-cache=1521823999532 HTTP/1.1" 200 93
190.100.93.40 - - [23/Mar/2018:13:54:06 -0300] "GET /cormun/servlet/hpexe_return? HTTP/1.1" 200 1009
190.100.93.40 - - [23/Mar/2018:13:54:06 -0300] "GET /cormun/servlet/trsolicitudot HTTP/1.1" 200 8962
190.100.93.40 - - [23/Mar/2018:13:54:06 -0300] "GET /cormun/servlet/trsolicitudot HTTP/1.1" 200 8958
190.100.93.40 - - [23/Mar/2018:13:54:55 -0300] "POST /cormun/servlet/trsolicitudot?d30bcf44ddf7f71d60431e77a1503dd8,gx-no-cache=1521824041613 HTTP/1.1" 200 4696
190.100.93.40 - - [23/Mar/2018:13:54:55 -0300] "GET /cormun/static/Shared/jqueryui/images/ui-bg_highlight-soft_100_c6c2c8_1x100.png HTTP/1.1" 404 1117
190.100.93.40 - - [23/Mar/2018:13:54:55 -0300] "GET /cormun/static/Shared/jqueryui/images/ui-icons_82798d_256x240.png HTTP/1.1" 404 1089
190.100.93.40 - - [23/Mar/2018:13:54:55 -0300] "GET /cormun/static/Shared/jqueryui/images/ui-bg_flat_55_fafafa_40x100.png HTTP/1.1" 404 1097
190.100.93.40 - - [23/Mar/2018:13:54:55 -0300] "GET /cormun/static/Shared/jqueryui/images/ui-icons_8d78a5_256x240.png HTTP/1.1" 404 1089
190.100.93.40 - - [23/Mar/2018:13:54:55 -0300] "POST /cormun/servlet/trsolicitudot?d30bcf44ddf7f71d60431e77a1503dd8,gx-no-cache=1521824048833 HTTP/1.1" 200 4461
190.100.93.40 - - [23/Mar/2018:13:54:58 -0300] "GET /cormun/servlet/trsolicitudot? HTTP/1.1" 200 7553
190.100.93.40 - - [23/Mar/2018:13:54:58 -0300] "GET /cormun/servlet/trsolicitudot? HTTP/1.1" 200 7552
190.100.93.40 - - [23/Mar/2018:13:55:00 -0300] "GET /cormun/servlet/trautorizarsolicitud? HTTP/1.1" 200 8852
190.100.93.40 - - [23/Mar/2018:13:55:00 -0300] "GET /cormun/servlet/trautorizarsolicitud? HTTP/1.1" 200 8852
190.100.93.40 - - [23/Mar/2018:13:55:07 -0300] "POST /cormun/servlet/trautorizarsolicitud?d30bcf44ddf7f71d60431e77a1503dd8,,gx-no-cache=1521824057962 HTTP/1.1" 200 4629
190.100.93.40 - - [23/Mar/2018:13:55:07 -0300] "GET /cormun/static/Shared/jqueryui/images/ui-bg_highlight-soft_100_c6c2c8_1x100.png HTTP/1.1" 404 1117
190.100.93.40 - - [23/Mar/2018:13:55:07 -0300] "GET /cormun/static/Shared/jqueryui/images/ui-icons_82798d_256x240.png HTTP/1.1" 404 1089
190.100.93.40 - - [23/Mar/2018:13:55:07 -0300] "GET /cormun/static/Shared/jqueryui/images/ui-bg_flat_55_fafafa_40x100.png HTTP/1.1" 404 1097
190.100.93.40 - - [23/Mar/2018:13:55:07 -0300] "GET /cormun/static/Shared/jqueryui/images/ui-icons_8d78a5_256x240.png HTTP/1.1" 404 1089
190.100.93.40 - - [23/Mar/2018:13:55:08 -0300] "POST /cormun/servlet/trautorizarsolicitud?d30bcf44ddf7f71d60431e77a1503dd8,,gx-no-cache=1521824061689 HTTP/1.1" 200 4398
186.103.159.46 - - [23/Mar/2018:13:55:08 -0300] "GET /cormun/servlet/trlicenciaspermisosadjuntos?9517647,20180323000000,L, HTTP/1.1" 200 6322
186.103.159.46 - - [23/Mar/2018:13:55:09 -0300] "GET /cormun/servlet/trlicenciaspermisosadjuntos?9517647,20180323000000,L, HTTP/1.1" 200 6300
