186.103.157.42 - - [23/Mar/2018:08:48:54 -0300] "GET /cormun/static/Resources/PXToolsHeaderActionsLeft.png HTTP/1.1" 200 1118
186.103.157.42 - - [23/Mar/2018:08:48:54 -0300] "GET /cormun/static/Resources/logo4.png HTTP/1.1" 200 6582
186.103.157.42 - - [23/Mar/2018:08:48:54 -0300] "GET /cormun/static/hpexe_scripts.js?201752511465715 HTTP/1.1" 200 1544
186.103.157.42 - - [23/Mar/2018:08:48:54 -0300] "GET /cormun/static/hpexe_messagecontroller.js?20177611595012 HTTP/1.1" 200 870
186.103.157.42 - - [23/Mar/2018:08:48:54 -0300] "GET /cormun/static/hpexe_messagepopupcomponent.js?20161017169425 HTTP/1.1" 200 605
186.103.157.42 - - [23/Mar/2018:08:48:54 -0300] "GET /cormun/static/hpexe_messagegenexuscomponent.js?201752511465344 HTTP/1.1" 200 587
186.103.157.42 - - [23/Mar/2018:08:48:54 -0300] "GET /cormun/static/cmcontrolpreferences.js?201752511465670 HTTP/1.1" 200 1375
186.103.157.42 - - [23/Mar/2018:08:48:54 -0300] "GET /cormun/static/SmoothNavMenu/resources/ddsmoothmenu.js HTTP/1.1" 200 12712
186.103.157.42 - - [23/Mar/2018:08:48:54 -0300] "GET /cormun/static/Shared/jquery/jquery-1.4.2.min.js HTTP/1.1" 200 72174
186.103.157.42 - - [23/Mar/2018:08:48:55 -0300] "GET /cormun/static/SmoothNavMenu/resources/SmoothNavMenuRender.js HTTP/1.1" 200 5951
186.103.157.42 - - [23/Mar/2018:08:48:55 -0300] "GET /cormun/static/scaMessage/js/jquery.pnotify.min.js HTTP/1.1" 200 13038
186.103.157.42 - - [23/Mar/2018:08:48:55 -0300] "GET /cormun/static/gxui/gxui-all.js HTTP/1.1" 200 107772
186.103.157.42 - - [23/Mar/2018:08:48:55 -0300] "GET /cormun/static/scaMessage/scaMessageRender.js HTTP/1.1" 200 11977
186.103.157.42 - - [23/Mar/2018:08:48:55 -0300] "GET /cormun/static/hmpwkw03.js?20177612122668 HTTP/1.1" 200 3965
186.103.157.42 - - [23/Mar/2018:08:48:57 -0300] "GET /cormun/static/Shared/jqueryui/jquery-ui.min.js HTTP/1.1" 200 240427
186.103.157.42 - - [23/Mar/2018:08:48:57 -0300] "GET /cormun/static/Shared/jquery/jquery-1.10.2.min.js HTTP/1.1" 200 273199
186.103.159.46 - - [23/Mar/2018:08:48:59 -0300] "POST /cormun/servlet/hlogin?db5700616b74c96b778aed0372e2a9a2,gx-no-cache=1521805687881 HTTP/1.1" 200 90
186.103.159.46 - - [23/Mar/2018:08:48:59 -0300] "GET /cormun/servlet/hpexe_link HTTP/1.1" 200 952
186.103.159.46 - - [23/Mar/2018:08:48:59 -0300] "GET /cormun/servlet/hhome HTTP/1.1" 200 3959
186.103.159.46 - - [23/Mar/2018:08:49:01 -0300] "GET /cormun/servlet/hhome HTTP/1.1" 200 3955
186.103.157.42 - - [23/Mar/2018:08:49:05 -0300] "GET /cormun/static/Shared/ext/ext-all.js HTTP/1.1" 200 1289687
186.103.157.42 - - [23/Mar/2018:08:49:06 -0300] "GET /cormun/static/SmoothNavMenu/resources/images/down.gif HTTP/1.1" 200 854
186.103.157.42 - - [23/Mar/2018:08:49:06 -0300] "GET /cormun/static/SmoothNavMenu/resources/images/right.gif HTTP/1.1" 200 860
186.103.157.42 - - [23/Mar/2018:08:49:06 -0300] "GET /cormun/servlet/hhome HTTP/1.1" 200 4251
186.103.159.46 - - [23/Mar/2018:08:49:08 -0300] "GET /cormun/servlet/trlicencias? HTTP/1.1" 200 10283
186.103.159.46 - - [23/Mar/2018:08:49:10 -0300] "GET /cormun/servlet/trlicencias? HTTP/1.1" 200 10281
186.103.157.42 - - [23/Mar/2018:08:49:14 -0300] "GET /cormun/servlet/trautorizarsolicitud? HTTP/1.1" 200 8726
186.103.157.42 - - [23/Mar/2018:08:49:14 -0300] "GET /cormun/static/gxui/gxui-all.css?120300 HTTP/1.1" 200 2179
186.103.157.42 - - [23/Mar/2018:08:49:14 -0300] "GET /cormun/static/calendar-system.css?85620 HTTP/1.1" 200 5572
186.103.157.42 - - [23/Mar/2018:08:49:14 -0300] "GET /cormun/static/gxcfg.js?2017111423403364 HTTP/1.1" 200 953
186.103.157.42 - - [23/Mar/2018:08:49:14 -0300] "GET /cormun/static/calendar.js?85251 HTTP/1.1" 200 26246
186.103.157.42 - - [23/Mar/2018:08:49:14 -0300] "GET /cormun/static/calendar-setup.js?85251 HTTP/1.1" 200 2588
186.103.157.42 - - [23/Mar/2018:08:49:14 -0300] "GET /cormun/static/calendar-es.js?85251 HTTP/1.1" 200 1901
186.103.157.42 - - [23/Mar/2018:08:49:15 -0300] "GET /cormun/static/Resources/Spanish/PXTools.css?1255365 HTTP/1.1" 200 89042
186.103.157.42 - - [23/Mar/2018:08:49:15 -0300] "GET /cormun/static/gxdec.js?85251 HTTP/1.1" 200 19579
186.103.157.42 - - [23/Mar/2018:08:49:16 -0300] "GET /cormun/static/trautorizarsolicitud.js?201711142340425 HTTP/1.1" 200 53910
186.103.157.42 - - [23/Mar/2018:08:49:16 -0300] "GET /cormun/static/Shared/ext/resources/css/ext-all.css?215870 HTTP/1.1" 200 416045
186.103.157.42 - - [23/Mar/2018:08:49:17 -0300] "GET /cormun/static/Resources/PXTools/calendar.png HTTP/1.1" 200 1306
186.103.157.42 - - [23/Mar/2018:08:49:17 -0300] "GET /cormun/static/Resources/PXToolsDataSearch.png HTTP/1.1" 200 419
186.103.157.42 - - [23/Mar/2018:08:49:17 -0300] "GET /cormun/static/Resources/PXToolsGridFirstDisabled.gif HTTP/1.1" 200 100
186.103.157.42 - - [23/Mar/2018:08:49:17 -0300] "GET /cormun/static/Resources/PXToolsGridPreviousDisabled.gif HTTP/1.1" 200 90
186.103.157.42 - - [23/Mar/2018:08:49:17 -0300] "GET /cormun/static/Resources/PXToolsGridNextDisabled.gif HTTP/1.1" 200 90
186.103.157.42 - - [23/Mar/2018:08:49:17 -0300] "GET /cormun/static/Resources/PXToolsGridLastDisabled.gif HTTP/1.1" 200 98
186.103.157.42 - - [23/Mar/2018:08:49:17 -0300] "GET /cormun/static/Resources/PXToolsGridPage.gif HTTP/1.1" 200 725
186.103.157.42 - - [23/Mar/2018:08:49:17 -0300] "GET /cormun/static/Resources/PXToolsActionExcel.png HTTP/1.1" 200 3187
186.103.157.42 - - [23/Mar/2018:08:49:17 -0300] "GET /cormun/static/Resources/asc.gif HTTP/1.1" 200 67
186.103.157.42 - - [23/Mar/2018:08:49:17 -0300] "GET /cormun/static/Resources/desc.gif HTTP/1.1" 200 65
186.103.157.42 - - [23/Mar/2018:08:49:17 -0300] "GET /cormun//static/Resources/PXToolsGridDelete.png HTTP/1.1" 200 357
186.103.157.42 - - [23/Mar/2018:08:49:17 -0300] "GET /cormun//static/Resources/PXToolsRemoveAllAction.png HTTP/1.1" 200 3558
186.103.157.42 - - [23/Mar/2018:08:49:17 -0300] "GET /cormun//static/Resources/PXToolsActionView.png HTTP/1.1" 200 2995
186.103.157.42 - - [23/Mar/2018:08:49:17 -0300] "GET /cormun/servlet/trautorizarsolicitud? HTTP/1.1" 200 8724
186.103.157.42 - - [23/Mar/2018:08:49:17 -0300] "GET /cormun//static/Resources/PXTools/ActionInsert.png HTTP/1.1" 200 1482
186.103.157.42 - - [23/Mar/2018:08:49:17 -0300] "GET /cormun//static/Resources/PXToolsGridUpdate.png HTTP/1.1" 200 2984
186.103.157.42 - - [23/Mar/2018:08:49:18 -0300] "GET /cormun/static/Shared/ext/resources/themes/images/default/panel/bg-headersPanel.png HTTP/1.1" 200 255
186.103.157.42 - - [23/Mar/2018:08:49:18 -0300] "GET /cormun/static/Shared/ext/resources/themes/images/default/tools/tool-sprites.gif HTTP/1.1" 200 5434
186.103.159.46 - - [23/Mar/2018:08:49:22 -0300] "GET /cormun/servlet/licenciaspermisos?INS,0,,, HTTP/1.1" 200 7485
186.103.157.42 - - [23/Mar/2018:08:49:22 -0300] "POST /cormun/servlet/trautorizarsolicitud?ecc28486dd8e470a7c9e05c75cf2464b,,gx-no-cache=1521805710712 HTTP/1.1" 200 116
186.103.157.42 - - [23/Mar/2018:08:49:22 -0300] "GET /cormun/servlet/solicitudotlog?INS,2018,10015,0,ANU, HTTP/1.1" 200 6058
186.103.157.42 - - [23/Mar/2018:08:49:22 -0300] "GET /cormun/static/calendar-system.css?75620 HTTP/1.1" 200 5572
186.103.157.42 - - [23/Mar/2018:08:49:22 -0300] "GET /cormun/static/gxcfg.js?2017761245646 HTTP/1.1" 200 953
186.103.157.42 - - [23/Mar/2018:08:49:22 -0300] "GET /cormun/static/solicitudotlog.js?2017761245655 HTTP/1.1" 200 8934
186.103.157.42 - - [23/Mar/2018:08:49:23 -0300] "GET /cormun/servlet/solicitudotlog?INS,2018,10015,0,ANU, HTTP/1.1" 200 6058
186.103.157.42 - - [23/Mar/2018:08:49:23 -0300] "GET /cormun/servlet/solicitudotlog?67bda5df844cc11ddc97b1b9f2401421c37d198c35389208dac08a8d31656202bc33f108fcc4403fc2085be9d6c495eb38f8b18ede4243191bd246b3d7f5d9338a6fe22d2dc027ce9b42240e877efb502a5717c6e3141ab9279b9ab7a8e98a4f61b8b97fa79d8995e02928fc6dce0b4ddcf32b185c887c1c518287f1773d766dae59daa5534988ab0564ca92a6c3c8f3dca1960107ef9de0ef3959e94b3a3164,gx-no-cache=1521805712047 HTTP/1.1" 200 94
186.103.159.46 - - [23/Mar/2018:08:49:23 -0300] "GET /cormun/servlet/licenciaspermisos?INS,0,,, HTTP/1.1" 200 7483
186.103.157.42 - - [23/Mar/2018:08:49:24 -0300] "POST /cormun/servlet/solicitudotlog?ecc28486dd8e470a7c9e05c75cf2464b,INS,2018,10015,0,ANU,,gx-no-cache=1521805712942 HTTP/1.1" 200 93
186.103.157.42 - - [23/Mar/2018:08:49:24 -0300] "GET /cormun/servlet/hpexe_return? HTTP/1.1" 200 1025
186.103.157.42 - - [23/Mar/2018:08:49:24 -0300] "GET /cormun/static/gxcfg.js?2016101716175148 HTTP/1.1" 200 953
186.103.157.42 - - [23/Mar/2018:08:49:24 -0300] "GET /cormun/static/hpexe_return.js?2016101716175153 HTTP/1.1" 200 1633
186.103.157.42 - - [23/Mar/2018:08:49:25 -0300] "GET /cormun/static/Resources/Spanish/PXTools.css?167811 HTTP/1.1" 200 89042
186.103.157.42 - - [23/Mar/2018:08:49:25 -0300] "GET /cormun/servlet/trautorizarsolicitud HTTP/1.1" 200 8728
186.103.157.42 - - [23/Mar/2018:08:49:25 -0300] "GET /cormun/servlet/trautorizarsolicitud HTTP/1.1" 200 8724
192.168.10.62 - - [23/Mar/2018:08:49:26 -0300] "POST /cormun/servlet/trsolicitudgral?45cb5fcdbca43ca95be03adf945a5e38,,gx-no-cache=1521805597590 HTTP/1.1" 200 25643
192.168.10.62 - - [23/Mar/2018:08:49:33 -0300] "POST /cormun/servlet/trsolicitudgral?45cb5fcdbca43ca95be03adf945a5e38,,gx-no-cache=1521805605334 HTTP/1.1" 200 7285
186.103.157.42 - - [23/Mar/2018:08:49:35 -0300] "POST /cormun/servlet/trautorizarsolicitud?ecc28486dd8e470a7c9e05c75cf2464b,gx-no-cache=1521805723578 HTTP/1.1" 200 116
186.103.157.42 - - [23/Mar/2018:08:49:35 -0300] "GET /cormun/servlet/solicitudotlog?INS,2018,10015,0,REC, HTTP/1.1" 200 6057
186.103.157.42 - - [23/Mar/2018:08:49:35 -0300] "GET /cormun/servlet/solicitudotlog?INS,2018,10015,0,REC, HTTP/1.1" 200 6057
186.103.157.42 - - [23/Mar/2018:08:49:36 -0300] "GET /cormun/servlet/solicitudotlog?67bda5df844cc11ddc97b1b9f2401421c37d198c35389208dac08a8d31656202bc33f108fcc4403fc2085be9d6c495eb38f8b18ede4243191bd246b3d7f5d9338a6fe22d2dc027ce9b42240e877efb502a5717c6e3141ab9279b9ab7a8e98a4f61b8b97fa79d8995e02928fc6dce0b4ddcf32b185c887c1c518287f1773d766dae59daa5534988ab0564ca92a6c3c8f3dca1960107ef9de0ef3959e94b3a3164,gx-no-cache=1521805724799 HTTP/1.1" 200 94
186.103.159.46 - - [23/Mar/2018:08:49:38 -0300] "GET /cormun/servlet/licenciaspermisos?9b48bf7de988b70867efa4bae72e952ee739915e6419bd95a1c63afa3bcddc99897bd6f8962f75bd8d33626eed36003e,gx-no-cache=1521805726920 HTTP/1.1" 200 86
186.103.159.46 - - [23/Mar/2018:08:49:38 -0300] "POST /cormun/servlet/licenciaspermisos?db5700616b74c96b778aed0372e2a9a2,INS,0,,,,gx-no-cache=1521805727060 HTTP/1.1" 200 4688
192.168.10.62 - - [23/Mar/2018:08:49:43 -0300] "GET /cormun/servlet/vesolicitudgral?2018,10656,, HTTP/1.1" 200 9087
192.168.10.62 - - [23/Mar/2018:08:49:43 -0300] "GET /cormun/static/gxcfg.js?201711151294153 HTTP/1.1" 304 -
192.168.10.62 - - [23/Mar/2018:08:49:43 -0300] "GET /cormun/pexe_scrolldiv.js HTTP/1.1" 404 1009
192.168.10.62 - - [23/Mar/2018:08:49:43 -0300] "GET /cormun/pexe_scrolldiv.js HTTP/1.1" 404 1009
192.168.10.62 - - [23/Mar/2018:08:49:43 -0300] "GET /cormun/servlet/vesolicitudgral?2018,10656,, HTTP/1.1" 200 9085
186.103.159.230 - - [23/Mar/2018:08:49:44 -0300] "GET /cormun/servlet/hlogin HTTP/1.1" 200 1722
186.103.159.230 - - [23/Mar/2018:08:49:44 -0300] "GET /cormun/static/gxcfg.js?20175251213516 HTTP/1.1" 304 -
186.103.157.42 - - [23/Mar/2018:08:49:45 -0300] "POST /cormun/servlet/solicitudotlog?ecc28486dd8e470a7c9e05c75cf2464b,INS,2018,10015,0,REC,,gx-no-cache=1521805733727 HTTP/1.1" 200 93
186.103.157.42 - - [23/Mar/2018:08:49:45 -0300] "GET /cormun/servlet/hpexe_return? HTTP/1.1" 200 1025
192.168.10.62 - - [23/Mar/2018:08:49:45 -0300] "GET /cormun/servlet/vesolicitudgral?2018,10656,,SolicitudOTAdjuntos HTTP/1.1" 200 11184
192.168.10.62 - - [23/Mar/2018:08:49:45 -0300] "GET /cormun/pexe_scrolldiv.js HTTP/1.1" 404 1009
192.168.10.62 - - [23/Mar/2018:08:49:45 -0300] "GET /cormun/pexe_scrolldiv.js HTTP/1.1" 404 1009
186.103.157.42 - - [23/Mar/2018:08:49:45 -0300] "GET /cormun/servlet/trautorizarsolicitud HTTP/1.1" 200 7373
192.168.10.62 - - [23/Mar/2018:08:49:46 -0300] "GET /cormun/servlet/vesolicitudgral?2018,10656,,SolicitudOTAdjuntos HTTP/1.1" 200 11186
186.103.157.42 - - [23/Mar/2018:08:49:46 -0300] "GET /cormun/servlet/trautorizarsolicitud HTTP/1.1" 200 7369
192.168.10.62 - - [23/Mar/2018:08:49:46 -0300] "POST /cormun/servlet/acontrolpreferencessavestate?None,FGONZALEZ,true HTTP/1.1" 200 35
186.103.157.42 - - [23/Mar/2018:08:49:49 -0300] "GET /cormun/servlet/trsolicitudot? HTTP/1.1" 200 9306
186.103.157.42 - - [23/Mar/2018:08:49:49 -0300] "GET /cormun/static/gxcfg.js?2017111422585916 HTTP/1.1" 200 953
186.103.157.42 - - [23/Mar/2018:08:49:49 -0300] "GET /cormun/static/Resources/PXToolsGridNew.png HTTP/1.1" 200 2949
186.103.157.42 - - [23/Mar/2018:08:49:50 -0300] "GET /cormun/static/trsolicitudot.js?201711142259839 HTTP/1.1" 200 54041
186.103.157.42 - - [23/Mar/2018:08:49:50 -0300] "GET /cormun/servlet/trsolicitudot? HTTP/1.1" 200 9305
192.168.10.62 - - [23/Mar/2018:08:49:51 -0300] "GET /cormun/PublicTempStorage/cv_loreto1814853.pdf HTTP/1.1" 200 282013
186.103.159.230 - - [23/Mar/2018:08:50:00 -0300] "POST /cormun/servlet/hlogin?9367d7d73dd27038a98baa6ad3e230a7,gx-no-cache=1521805745875 HTTP/1.1" 200 431
186.103.157.42 - - [23/Mar/2018:08:50:04 -0300] "GET /cormun/servlet/treventos?2018,9999, HTTP/1.1" 200 9978
186.103.157.42 - - [23/Mar/2018:08:50:04 -0300] "GET /cormun/static/gxcfg.js?2016101716195975 HTTP/1.1" 200 953
186.103.157.42 - - [23/Mar/2018:08:50:04 -0300] "GET /cormun/static/treventos.js?201610171620222 HTTP/1.1" 200 16064
186.103.157.42 - - [23/Mar/2018:08:50:05 -0300] "GET /cormun/servlet/treventos?2018,9999, HTTP/1.1" 200 9984
186.103.159.230 - - [23/Mar/2018:08:50:12 -0300] "POST /cormun/servlet/hlogin?9367d7d73dd27038a98baa6ad3e230a7,gx-no-cache=1521805758413 HTTP/1.1" 200 90
186.103.159.230 - - [23/Mar/2018:08:50:13 -0300] "GET /cormun/servlet/hpexe_link HTTP/1.1" 200 951
186.103.159.230 - - [23/Mar/2018:08:50:13 -0300] "GET /cormun/static/gxcfg.js?20177612121792 HTTP/1.1" 304 -
186.103.159.230 - - [23/Mar/2018:08:50:13 -0300] "GET /cormun/servlet/hhome HTTP/1.1" 200 4165
186.103.159.230 - - [23/Mar/2018:08:50:13 -0300] "GET /cormun/static/gxcfg.js?20175251212442 HTTP/1.1" 304 -
186.103.159.230 - - [23/Mar/2018:08:50:13 -0300] "GET /cormun/servlet/hhome HTTP/1.1" 200 4163
186.103.159.230 - - [23/Mar/2018:08:50:19 -0300] "GET /cormun/servlet/trsolicitudot? HTTP/1.1" 200 8727
186.103.159.230 - - [23/Mar/2018:08:50:19 -0300] "GET /cormun/static/gxcfg.js?2017111422585916 HTTP/1.1" 304 -
186.103.159.230 - - [23/Mar/2018:08:50:20 -0300] "GET /cormun/servlet/trsolicitudot? HTTP/1.1" 200 8727
186.103.157.42 - - [23/Mar/2018:08:50:25 -0300] "GET /cormun/servlet/trsolicitudot? HTTP/1.1" 200 9306
186.103.157.42 - - [23/Mar/2018:08:50:26 -0300] "GET /cormun/servlet/trsolicitudot? HTTP/1.1" 200 9305
186.103.157.42 - - [23/Mar/2018:08:50:29 -0300] "GET /cormun/servlet/treventos?2018,10015, HTTP/1.1" 200 8336
186.103.157.42 - - [23/Mar/2018:08:50:30 -0300] "GET /cormun/servlet/treventos?2018,10015, HTTP/1.1" 200 8342
186.103.159.230 - - [23/Mar/2018:08:50:31 -0300] "GET /cormun/servlet/solicitudot?INS,0,0, HTTP/1.1" 200 13610
186.103.159.230 - - [23/Mar/2018:08:50:31 -0300] "GET /cormun/static/gxcfg.js?201812313224582 HTTP/1.1" 304 -
186.103.159.230 - - [23/Mar/2018:08:50:31 -0300] "GET /cormun/static/solicitudot.js?201812313224831 HTTP/1.1" 304 -
186.103.159.204 - - [23/Mar/2018:08:50:31 -0300] "POST /cormun/servlet/solicitudot?gx-no-cache=1521805772703 HTTP/1.1" 200 30
186.103.159.230 - - [23/Mar/2018:08:50:31 -0300] "GET /cormun/servlet/solicitudot?INS,0,0, HTTP/1.1" 200 13615
186.103.157.42 - - [23/Mar/2018:08:50:33 -0300] "GET /cormun/servlet/trsolicitudot? HTTP/1.1" 200 9306
186.103.157.42 - - [23/Mar/2018:08:50:33 -0300] "GET /cormun/servlet/trsolicitudot? HTTP/1.1" 200 9305
186.103.157.42 - - [23/Mar/2018:08:50:42 -0300] "POST /cormun/servlet/trsolicitudot?ecc28486dd8e470a7c9e05c75cf2464b,,gx-no-cache=1521805789993 HTTP/1.1" 200 105
186.103.157.42 - - [23/Mar/2018:08:50:42 -0300] "GET /cormun/servlet/solicitudot?UPD,2018,10015, HTTP/1.1" 200 15525
186.103.157.42 - - [23/Mar/2018:08:50:42 -0300] "GET /cormun/static/gxcfg.js?201812313224582 HTTP/1.1" 200 953
186.103.157.42 - - [23/Mar/2018:08:50:42 -0300] "GET /cormun/static/Resources/prompt.gif HTTP/1.1" 200 902
186.103.157.42 - - [23/Mar/2018:08:50:42 -0300] "GET /cormun/static/solicitudot.js?201812313224831 HTTP/1.1" 200 72336
186.103.157.42 - - [23/Mar/2018:08:50:43 -0300] "GET /cormun/servlet/solicitudot?UPD,2018,10015, HTTP/1.1" 200 15534
186.103.157.42 - - [23/Mar/2018:08:50:44 -0300] "POST /cormun/servlet/solicitudot?gx-no-cache=1521805792724 HTTP/1.1" 200 3436
186.103.157.42 - - [23/Mar/2018:08:50:45 -0300] "POST /cormun/servlet/solicitudot?ecc28486dd8e470a7c9e05c75cf2464b,UPD,2018,10015,,gx-no-cache=1521805793598 HTTP/1.1" 200 11739
186.103.157.42 - - [23/Mar/2018:08:50:45 -0300] "GET /cormun/servlet/solicitudot?67bda5df844cc11ddc97b1b9f2401421f6864ed95c6d7620089d5cba21c1999a156a43915821ba92705d9099990b68c7,gx-no-cache=1521805793945 HTTP/1.1" 200 30
186.103.157.42 - - [23/Mar/2018:08:50:45 -0300] "GET /cormun/servlet/solicitudot?67bda5df844cc11ddc97b1b9f2401421418b06157b31915d6750131ead08894155276db733812928e18f4a358005a441bd3dd8ef823cb4eb2d0628c8898480ad,gx-no-cache=1521805794012 HTTP/1.1" 200 30
186.103.157.42 - - [23/Mar/2018:08:50:45 -0300] "GET /cormun/servlet/solicitudot?67bda5df844cc11ddc97b1b9f2401421d2863b86171e1a2002217c07968eb297fde6785e93bebf1b5ae8aaf74f5844a2aa928aab8f7eeb239bea67edc57fb9e9,gx-no-cache=1521805794071 HTTP/1.1" 200 53
186.103.157.42 - - [23/Mar/2018:08:50:45 -0300] "POST /cormun/servlet/solicitudot?gx-no-cache=1521805794138 HTTP/1.1" 200 297
186.103.157.42 - - [23/Mar/2018:08:50:46 -0300] "GET /cormun/servlet/solicitudot?67bda5df844cc11ddc97b1b9f2401421917d7e867d278828ce523b2011ac41e5827330a6f2195355ebabeeb45908e409ae256e68c92444d6418feb83f984efc071d6d23abdef32f27e036e68aa0288b7b5c748e0a40b88be8e9ef84fed63e2873eee43e805ee61ec9119c81c0e4d90416c6656fc7add63d927cf89758e4dc29ccf6ffe380fc9afaaa6b25ed8104fd28e1351cd7a6d53e56f4c47877da73c7ba84d256385de44e141694ec20d141451367262b1e109b0914781fa6ece94763dd9443270bad5a7801a3f34a5ca69989e3d948861bd424dfd86aca895e1fb676b5f52d3f3b2fb12bd2db89e8aeee90923ec3e562ff522df1c2b0c85183454db0ab670fef9e5f452dd0a601a6d7589811b2191a332ac4ca612574cf0aee9b1c392f58976610847a64d8c50e3395e371addac9b8392342e4de87b79071badd85f116c766b9c2cce889dccddf4123d6cb9612bc1b43949cbee241bb7abf3541a02e7975132a4903001ba0de59e72b25042e5e4579b6208dbdf318a7cffc4e15cdf30385727c6abce78f4fb3a9ac2d4526634d5,gx-no-cache=1521805794215 HTTP/1.1" 200 30
186.103.157.42 - - [23/Mar/2018:08:50:46 -0300] "POST /cormun/servlet/solicitudot?gx-no-cache=1521805794589 HTTP/1.1" 200 30
186.103.157.42 - - [23/Mar/2018:08:50:46 -0300] "POST /cormun/servlet/solicitudot?gx-no-cache=1521805794674 HTTP/1.1" 200 1336
186.103.157.42 - - [23/Mar/2018:08:50:46 -0300] "POST /cormun/servlet/solicitudot?gx-no-cache=1521805794807 HTTP/1.1" 200 41
186.103.159.230 - - [23/Mar/2018:08:50:46 -0300] "GET /cormun/servlet/trsolicitudot? HTTP/1.1" 200 8727
186.103.159.230 - - [23/Mar/2018:08:50:47 -0300] "GET /cormun/servlet/trsolicitudot? HTTP/1.1" 200 8727
186.103.159.46 - - [23/Mar/2018:08:50:51 -0300] "GET /cormun/static/menuarrow.gif HTTP/1.1" 404 1015
186.103.157.42 - - [23/Mar/2018:08:50:55 -0300] "GET /cormun/servlet/solicitudot?67bda5df844cc11ddc97b1b9f24014218e705a8b57b17762299e81990f1d7cc3bc33f108fcc4403fc2085be9d6c495eb461ab7c5b6f839b4c25506983b3d5d92acb0c69a13e2ac85e8428a6ea507535007a5f17b533692a66e020257fcf706bfa1a1121f5b4495f41e388193522f52c2,gx-no-cache=1521805804294 HTTP/1.1" 200 29
186.103.157.42 - - [23/Mar/2018:08:50:55 -0300] "POST /cormun/servlet/solicitudot?gx-no-cache=1521805804348 HTTP/1.1" 200 1318
186.103.157.42 - - [23/Mar/2018:08:50:56 -0300] "POST /cormun/servlet/solicitudot?gx-no-cache=1521805804425 HTTP/1.1" 200 1218
186.103.157.42 - - [23/Mar/2018:08:50:56 -0300] "GET /cormun/static/menuarrow.gif HTTP/1.1" 404 1015
186.103.159.204 - - [23/Mar/2018:08:50:58 -0300] "POST /cormun/servlet/solicitudot?c7f5cad3bf360177ccc38c56b03c0df0,INS,0,0,,gx-no-cache=1521805799020 HTTP/1.1" 200 11816
186.103.159.204 - - [23/Mar/2018:08:50:58 -0300] "GET /cormun/static/Shared/jqueryui/images/ui-bg_highlight-soft_100_c6c2c8_1x100.png HTTP/1.1" 404 1117
186.103.159.204 - - [23/Mar/2018:08:50:58 -0300] "GET /cormun/static/Shared/jqueryui/images/ui-icons_82798d_256x240.png HTTP/1.1" 404 1089
186.103.159.204 - - [23/Mar/2018:08:50:58 -0300] "GET /cormun/static/Shared/jqueryui/images/ui-icons_ebccce_256x240.png HTTP/1.1" 404 1089
186.103.159.204 - - [23/Mar/2018:08:50:58 -0300] "GET /cormun/static/Shared/jqueryui/images/ui-bg_flat_55_994d53_40x100.png HTTP/1.1" 404 1097
186.103.157.42 - - [23/Mar/2018:08:51:00 -0300] "POST /cormun/servlet/solicitudot?gx-no-cache=1521805808541 HTTP/1.1" 200 1318
186.103.157.42 - - [23/Mar/2018:08:51:00 -0300] "POST /cormun/servlet/solicitudot?gx-no-cache=1521805808680 HTTP/1.1" 200 1218
186.103.157.42 - - [23/Mar/2018:08:51:05 -0300] "GET /cormun/servlet/solicitudot?67bda5df844cc11ddc97b1b9f24014213108b3e6191072e6fc39073758797c3f884796a17b41900ea99a6742c8d9e2de,gx-no-cache=1521805813525 HTTP/1.1" 200 30
186.103.158.250 - - [23/Mar/2018:08:51:13 -0300] "GET /cormun/static/menuarrow.gif HTTP/1.1" 404 1015
186.103.157.42 - - [23/Mar/2018:08:51:21 -0300] "POST /cormun/servlet/solicitudot?gx-no-cache=1521805829472 HTTP/1.1" 200 30
186.103.157.42 - - [23/Mar/2018:08:51:21 -0300] "POST /cormun/servlet/solicitudot?ecc28486dd8e470a7c9e05c75cf2464b,UPD,2018,10015,,gx-no-cache=1521805829529 HTTP/1.1" 200 93
186.103.157.42 - - [23/Mar/2018:08:51:22 -0300] "GET /cormun/servlet/hpexe_return? HTTP/1.1" 200 1010
186.103.157.42 - - [23/Mar/2018:08:51:22 -0300] "GET /cormun/servlet/trsolicitudot HTTP/1.1" 200 9308
186.103.157.42 - - [23/Mar/2018:08:51:22 -0300] "GET /cormun/servlet/trsolicitudot HTTP/1.1" 200 9304
186.103.157.42 - - [23/Mar/2018:08:51:26 -0300] "POST /cormun/servlet/trsolicitudot?ecc28486dd8e470a7c9e05c75cf2464b,gx-no-cache=1521805834367 HTTP/1.1" 200 107
186.103.157.42 - - [23/Mar/2018:08:51:26 -0300] "GET /cormun/servlet/trsolicitudadjuntos?2018,10015, HTTP/1.1" 200 6349
186.103.157.42 - - [23/Mar/2018:08:51:26 -0300] "GET /cormun/static/gxui/gxui-all.css?110300 HTTP/1.1" 200 2179
186.103.157.42 - - [23/Mar/2018:08:51:26 -0300] "GET /cormun/static/gxcfg.js?20177612135366 HTTP/1.1" 200 953
186.103.157.42 - - [23/Mar/2018:08:51:26 -0300] "GET /cormun/static/trsolicitudadjuntos.js?20177612135632 HTTP/1.1" 200 17922
192.168.10.96 - - [23/Mar/2018:08:51:27 -0300] "GET /cormun/servlet/trsolicitudgral? HTTP/1.1" 200 26777
192.168.10.96 - - [23/Mar/2018:08:51:29 -0300] "GET /cormun/servlet/trsolicitudgral? HTTP/1.1" 200 26777
186.103.157.42 - - [23/Mar/2018:08:51:30 -0300] "GET /cormun/static/Shared/ext/resources/css/ext-all.css?205870 HTTP/1.1" 200 416045
186.103.157.42 - - [23/Mar/2018:08:51:31 -0300] "GET /cormun/servlet/trsolicitudadjuntos?2018,10015, HTTP/1.1" 200 6349
192.168.10.96 - - [23/Mar/2018:08:51:34 -0300] "POST /cormun/servlet/trsolicitudgral?89aadc39e84de9818717ddaabb962d35,,gx-no-cache=1521805726400 HTTP/1.1" 200 15468
186.103.157.42 - - [23/Mar/2018:08:51:38 -0300] "GET /cormun/servlet/trsolicitudot HTTP/1.1" 200 9308
186.103.157.42 - - [23/Mar/2018:08:51:39 -0300] "GET /cormun/servlet/trsolicitudot HTTP/1.1" 200 9304
192.168.10.96 - - [23/Mar/2018:08:51:40 -0300] "POST /cormun/servlet/trsolicitudgral?89aadc39e84de9818717ddaabb962d35,,gx-no-cache=1521805732859 HTTP/1.1" 200 7283
192.168.10.96 - - [23/Mar/2018:08:51:41 -0300] "GET /cormun/servlet/vesolicitudgral?2018,9047,, HTTP/1.1" 200 9279
192.168.10.96 - - [23/Mar/2018:08:51:41 -0300] "GET /cormun/pexe_scrolldiv.js HTTP/1.1" 404 1009
192.168.10.96 - - [23/Mar/2018:08:51:41 -0300] "GET /cormun/pexe_scrolldiv.js HTTP/1.1" 404 1009
192.168.10.96 - - [23/Mar/2018:08:51:42 -0300] "GET /cormun/servlet/vesolicitudgral?2018,9047,, HTTP/1.1" 200 9279
192.168.10.96 - - [23/Mar/2018:08:51:44 -0300] "GET /cormun/servlet/vesolicitudgral?2018,9047,,SolicitudOTAdjuntos HTTP/1.1" 200 11734
192.168.10.96 - - [23/Mar/2018:08:51:44 -0300] "GET /cormun/pexe_scrolldiv.js HTTP/1.1" 404 1009
192.168.10.96 - - [23/Mar/2018:08:51:44 -0300] "GET /cormun/pexe_scrolldiv.js HTTP/1.1" 404 1009
192.168.10.96 - - [23/Mar/2018:08:51:44 -0300] "GET /cormun/servlet/vesolicitudgral?2018,9047,,SolicitudOTAdjuntos HTTP/1.1" 200 11737
192.168.10.96 - - [23/Mar/2018:08:51:45 -0300] "POST /cormun/servlet/acontrolpreferencessavestate?None,DZAMUDIO,true HTTP/1.1" 200 35
192.168.10.96 - - [23/Mar/2018:08:51:46 -0300] "GET /cormun/PublicTempStorage/cedula_de_identidad6080861.doc HTTP/1.1" 200 704000
192.168.10.96 - - [23/Mar/2018:08:51:53 -0300] "GET /cormun/PublicTempStorage/certificado_de_cotizaciones7133188.pdf HTTP/1.1" 200 994630
186.103.157.42 - - [23/Mar/2018:08:51:58 -0300] "GET /cormun/static/menuarrow.gif HTTP/1.1" 404 1015
192.168.10.96 - - [23/Mar/2018:08:51:58 -0300] "GET /cormun/servlet/vesolicitudgral?2018,9047,,SolicitudOTAdjuntos HTTP/1.1" 200 11736
186.103.159.230 - - [23/Mar/2018:08:51:59 -0300] "GET /cormun/servlet/solicitudot?INS,0,0, HTTP/1.1" 200 13610
192.168.10.96 - - [23/Mar/2018:08:51:59 -0300] "GET /cormun/servlet/vesolicitudgral?2018,9047,,SolicitudOTAdjuntos HTTP/1.1" 200 11737
192.168.10.96 - - [23/Mar/2018:08:52:00 -0300] "POST /cormun/servlet/acontrolpreferencessavestate?None,DZAMUDIO,true HTTP/1.1" 200 35
186.103.159.230 - - [23/Mar/2018:08:52:00 -0300] "GET /cormun/servlet/solicitudot?INS,0,0, HTTP/1.1" 200 13614
192.168.10.96 - - [23/Mar/2018:08:52:01 -0300] "GET /cormun/PublicTempStorage/certificado_salud7701668.pdf HTTP/1.1" 200 268606
186.103.157.42 - - [23/Mar/2018:08:52:05 -0300] "POST /cormun/servlet/trsolicitudot?ecc28486dd8e470a7c9e05c75cf2464b,gx-no-cache=1521805873407 HTTP/1.1" 200 6178
192.168.10.96 - - [23/Mar/2018:08:52:06 -0300] "GET /cormun/servlet/vesolicitudgral?2018,9047,,SolicitudOTAdjuntos HTTP/1.1" 200 11732
192.168.10.96 - - [23/Mar/2018:08:52:07 -0300] "GET /cormun/servlet/vesolicitudgral?2018,9047,,SolicitudOTAdjuntos HTTP/1.1" 200 11734
192.168.10.96 - - [23/Mar/2018:08:52:07 -0300] "POST /cormun/servlet/acontrolpreferencessavestate?None,DZAMUDIO,true HTTP/1.1" 200 35
192.168.10.96 - - [23/Mar/2018:08:52:08 -0300] "GET /cormun/PublicTempStorage/certificado_de_antecedentes1729348.pdf HTTP/1.1" 200 34499
192.168.10.96 - - [23/Mar/2018:08:52:13 -0300] "GET /cormun/servlet/vesolicitudgral?2018,9047,,SolicitudOTAdjuntos HTTP/1.1" 200 11738
192.168.10.96 - - [23/Mar/2018:08:52:14 -0300] "GET /cormun/servlet/vesolicitudgral?2018,9047,,SolicitudOTAdjuntos HTTP/1.1" 200 11736
192.168.10.96 - - [23/Mar/2018:08:52:14 -0300] "POST /cormun/servlet/acontrolpreferencessavestate?None,DZAMUDIO,true HTTP/1.1" 200 35
192.168.10.96 - - [23/Mar/2018:08:52:15 -0300] "GET /cormun/PublicTempStorage/certificado_grado6296612.pdf HTTP/1.1" 200 331365
192.168.10.96 - - [23/Mar/2018:08:52:19 -0300] "GET /cormun/servlet/vesolicitudgral?2018,9047,,SolicitudOTAdjuntos HTTP/1.1" 200 11737
192.168.10.96 - - [23/Mar/2018:08:52:20 -0300] "GET /cormun/servlet/vesolicitudgral?2018,9047,,SolicitudOTAdjuntos HTTP/1.1" 200 11737
192.168.10.96 - - [23/Mar/2018:08:52:21 -0300] "POST /cormun/servlet/acontrolpreferencessavestate?None,DZAMUDIO,true HTTP/1.1" 200 35
192.168.10.96 - - [23/Mar/2018:08:52:21 -0300] "GET /cormun/PublicTempStorage/certificados_de_experiencia9553415.pdf HTTP/1.1" 200 530236
186.103.157.42 - - [23/Mar/2018:08:52:25 -0300] "POST /cormun/servlet/trsolicitudot?ecc28486dd8e470a7c9e05c75cf2464b,gx-no-cache=1521805893651 HTTP/1.1" 200 5853
186.103.157.42 - - [23/Mar/2018:08:52:25 -0300] "POST /cormun/servlet/trsolicitudot?ecc28486dd8e470a7c9e05c75cf2464b,gx-no-cache=1521805893896 HTTP/1.1" 200 5834
192.168.10.96 - - [23/Mar/2018:08:52:26 -0300] "GET /cormun/servlet/vesolicitudgral?2018,9047,,SolicitudOTAdjuntos HTTP/1.1" 200 11735
192.168.10.96 - - [23/Mar/2018:08:52:27 -0300] "GET /cormun/servlet/vesolicitudgral?2018,9047,,SolicitudOTAdjuntos HTTP/1.1" 200 11740
192.168.10.96 - - [23/Mar/2018:08:52:27 -0300] "POST /cormun/servlet/acontrolpreferencessavestate?None,DZAMUDIO,true HTTP/1.1" 200 35
192.168.10.96 - - [23/Mar/2018:08:52:28 -0300] "GET /cormun/PublicTempStorage/curriculum_vitae2683257.pdf HTTP/1.1" 200 864473
192.168.10.96 - - [23/Mar/2018:08:52:32 -0300] "GET /cormun/servlet/vesolicitudgral?2018,9047,,SolicitudOTAdjuntos HTTP/1.1" 200 11738
192.168.10.96 - - [23/Mar/2018:08:52:33 -0300] "GET /cormun/servlet/vesolicitudgral?2018,9047,,SolicitudOTAdjuntos HTTP/1.1" 200 11734
192.168.10.96 - - [23/Mar/2018:08:52:34 -0300] "POST /cormun/servlet/acontrolpreferencessavestate?None,DZAMUDIO,true HTTP/1.1" 200 35
192.168.10.96 - - [23/Mar/2018:08:52:34 -0300] "GET /cormun/PublicTempStorage/certificado_de_titulo4281477.pdf HTTP/1.1" 200 334222
186.103.157.42 - - [23/Mar/2018:08:52:55 -0300] "GET /cormun/servlet/treventos?2018,7790, HTTP/1.1" 200 8683
186.103.157.42 - - [23/Mar/2018:08:52:55 -0300] "GET /cormun/servlet/treventos?2018,7790, HTTP/1.1" 200 8689
192.168.10.96 - - [23/Mar/2018:08:53:01 -0300] "GET /cormun/servlet/vesolicitudgral?2018,9047,,SolicitudOTAdjuntos HTTP/1.1" 200 11732
186.103.159.230 - - [23/Mar/2018:08:53:02 -0300] "POST /cormun/servlet/solicitudot?gx-no-cache=1521805927422 HTTP/1.1" 200 3430
192.168.10.96 - - [23/Mar/2018:08:53:02 -0300] "GET /cormun/servlet/vesolicitudgral?2018,9047,,SolicitudOTAdjuntos HTTP/1.1" 200 11736
186.103.159.230 - - [23/Mar/2018:08:53:02 -0300] "POST /cormun/servlet/solicitudot?9367d7d73dd27038a98baa6ad3e230a7,INS,0,0,,gx-no-cache=1521805927878 HTTP/1.1" 200 10614
192.168.10.96 - - [23/Mar/2018:08:53:02 -0300] "POST /cormun/servlet/acontrolpreferencessavestate?None,DZAMUDIO,true HTTP/1.1" 200 35
186.103.159.230 - - [23/Mar/2018:08:53:09 -0300] "GET /cormun/servlet/solicitudot?6708aea78357c5267fcf206b9aea33225da98c62ca4a521592dd4c299491a8b28e9ec1cb53e532d9bc185be4fdee786e,gx-no-cache=1521805934631 HTTP/1.1" 200 30
186.103.159.230 - - [23/Mar/2018:08:53:09 -0300] "GET /cormun/servlet/solicitudot?6708aea78357c5267fcf206b9aea3322d0256cc1f1514655ba170ee6069b36e1b92ff15b6221e95340442419f4daf46d66c7dedfbc0552acad2c35dccfef953b,gx-no-cache=1521805934702 HTTP/1.1" 200 30
186.103.159.230 - - [23/Mar/2018:08:53:09 -0300] "GET /cormun/servlet/solicitudot?6708aea78357c5267fcf206b9aea3322effcf4879f6043c26c4e913f74f65c05,gx-no-cache=1521805934770 HTTP/1.1" 200 45
186.103.159.230 - - [23/Mar/2018:08:53:09 -0300] "POST /cormun/servlet/solicitudot?gx-no-cache=1521805934829 HTTP/1.1" 200 297
186.103.159.230 - - [23/Mar/2018:08:53:09 -0300] "GET /cormun/servlet/solicitudot?6708aea78357c5267fcf206b9aea33223c673e83dea3dfad0de85fd5dda1c3abae357203a6a6a95e08e4755c13f6cb8a142ce598c0b43847325e8b399d45611c692ffd8b2e8b68e302e8d778c21730a91d4e48d1a0236a3773c4433509f07936d2a9df87c8ab65faca4c3e907c3d5525f8123884d5e9a32964eaf9d75867dbae26127c73284ede272a8e26a2ccbbb792a006d1493fbc4ce2bffba47419a5fa508977563afab5d13286ad328b6e2648e00005a02630c88cc205d2035f30b68af738dffea27595977407f5339e44b42ed8bc9cf638a0b9616efa088f665b49633aca97fd8aa9e31241a3096ee92136894f82e594c16bd94a5759bf15b2d4b3b5d779afc311a6dee595e820e65047b2483e6ced94be30ba2e09e1fbf31f4402fe642e409dc7e13e21d2df129fad4f513540281642bdba61d186f1f73ec70e92ddfa6b62ea7c4e0059a4b2d73871796be08a947e21f2222e7299cf07c16b80077c81ea15e533a427d103d1305fdae807a40aeaf90b0ed59713a4a6a27262d9538d87f15a180b080db75ae8cd61d4adadef2e,gx-no-cache=1521805934909 HTTP/1.1" 200 30
186.103.157.42 - - [23/Mar/2018:08:53:10 -0300] "GET /cormun/servlet/trsolicitudot HTTP/1.1" 200 8866
186.103.157.42 - - [23/Mar/2018:08:53:11 -0300] "GET /cormun/servlet/trsolicitudot HTTP/1.1" 200 8854
186.103.159.230 - - [23/Mar/2018:08:53:13 -0300] "POST /cormun/servlet/solicitudot?gx-no-cache=1521805939116 HTTP/1.1" 200 30
186.103.157.42 - - [23/Mar/2018:08:53:20 -0300] "GET /cormun/servlet/trautorizarsolicitud? HTTP/1.1" 200 7370
186.103.159.230 - - [23/Mar/2018:08:53:20 -0300] "GET /cormun/servlet/prcontratosol?18154723,,,,,MD,,gxPopupLevel%3D0%3B HTTP/1.1" 200 7982
186.103.159.230 - - [23/Mar/2018:08:53:20 -0300] "GET /cormun/static/gxcfg.js?201761413223964 HTTP/1.1" 304 -
186.103.157.42 - - [23/Mar/2018:08:53:21 -0300] "GET /cormun/servlet/trautorizarsolicitud? HTTP/1.1" 200 7369
192.168.10.62 - - [23/Mar/2018:08:53:22 -0300] "GET /cormun/servlet/vesolicitudgral?2018,10656,,SolicitudOTAdjuntos HTTP/1.1" 200 11186
192.168.10.62 - - [23/Mar/2018:08:53:23 -0300] "GET /cormun/servlet/vesolicitudgral?2018,10656,,SolicitudOTAdjuntos HTTP/1.1" 200 11187
186.103.157.42 - - [23/Mar/2018:08:53:23 -0300] "GET /cormun/static/menuarrow.gif HTTP/1.1" 404 1015
192.168.10.62 - - [23/Mar/2018:08:53:23 -0300] "POST /cormun/servlet/acontrolpreferencessavestate?None,FGONZALEZ,true HTTP/1.1" 200 35
192.168.10.62 - - [23/Mar/2018:08:53:26 -0300] "GET /cormun/servlet/trsolicitudgral? HTTP/1.1" 200 10351
192.168.10.62 - - [23/Mar/2018:08:53:26 -0300] "GET /cormun/servlet/trsolicitudgral? HTTP/1.1" 200 10344
186.103.157.42 - - [23/Mar/2018:08:53:29 -0300] "POST /cormun/servlet/trautorizarsolicitud?ecc28486dd8e470a7c9e05c75cf2464b,,gx-no-cache=1521805957221 HTTP/1.1" 200 5765
192.168.10.62 - - [23/Mar/2018:08:53:31 -0300] "POST /cormun/servlet/trsolicitudgral?45cb5fcdbca43ca95be03adf945a5e38,,gx-no-cache=1521805843939 HTTP/1.1" 200 11634
192.168.10.62 - - [23/Mar/2018:08:53:33 -0300] "POST /cormun/servlet/trsolicitudgral?45cb5fcdbca43ca95be03adf945a5e38,,gx-no-cache=1521805845529 HTTP/1.1" 200 105
192.168.10.62 - - [23/Mar/2018:08:53:33 -0300] "GET /cormun/SolicitudGral-5103.xls HTTP/1.1" 200 10240
186.103.157.42 - - [23/Mar/2018:08:53:36 -0300] "POST /cormun/servlet/trautorizarsolicitud?ecc28486dd8e470a7c9e05c75cf2464b,,gx-no-cache=1521805964668 HTTP/1.1" 200 106
186.103.157.42 - - [23/Mar/2018:08:53:36 -0300] "GET /cormun/servlet/trsolicitudadjuntos?2018,7790, HTTP/1.1" 200 9916
186.103.157.42 - - [23/Mar/2018:08:53:37 -0300] "GET /cormun//static/Resources/PXToolsActionDisabled.gif HTTP/1.1" 200 53
186.103.157.42 - - [23/Mar/2018:08:53:37 -0300] "GET /cormun/servlet/trsolicitudadjuntos?2018,7790, HTTP/1.1" 200 9925
186.103.157.42 - - [23/Mar/2018:08:53:39 -0300] "GET /cormun/servlet/trautorizarsolicitud? HTTP/1.1" 200 8739
186.103.157.42 - - [23/Mar/2018:08:53:40 -0300] "GET /cormun/servlet/trautorizarsolicitud? HTTP/1.1" 200 8739
186.103.159.230 - - [23/Mar/2018:08:53:42 -0300] "POST /cormun/servlet/solicitudot?gx-no-cache=1521805968395 HTTP/1.1" 200 1336
186.103.159.230 - - [23/Mar/2018:08:53:42 -0300] "POST /cormun/servlet/solicitudot?gx-no-cache=1521805968482 HTTP/1.1" 200 38
186.103.159.230 - - [23/Mar/2018:08:53:42 -0300] "GET /cormun/servlet/solicitudot?6708aea78357c5267fcf206b9aea33226ae92556c12591e1df5f5642e0a4e2fda41009509620a6c51d5cc5415df6d409b7f338db2263262d80ef7ee6eda41e6b313af9cd7527a506072ba093a888c023cde4c376002be63a3ef5cdf19e9bfd756479a66f695ad4621f9f7ec07bd11c32,gx-no-cache=1521805968520 HTTP/1.1" 200 29
186.103.159.230 - - [23/Mar/2018:08:53:43 -0300] "POST /cormun/servlet/solicitudot?gx-no-cache=1521805968557 HTTP/1.1" 200 1318
186.103.159.230 - - [23/Mar/2018:08:53:43 -0300] "POST /cormun/servlet/solicitudot?gx-no-cache=1521805968649 HTTP/1.1" 200 1218
186.103.159.230 - - [23/Mar/2018:08:53:43 -0300] "GET /cormun/servlet/solicitudot?6708aea78357c5267fcf206b9aea332210596418536d39cae300ac0c23aafa3c4516c41f80da39d92f0435940b8913b0,gx-no-cache=1521805969028 HTTP/1.1" 200 30
186.103.157.42 - - [23/Mar/2018:08:53:48 -0300] "POST /cormun/servlet/trautorizarsolicitud?ecc28486dd8e470a7c9e05c75cf2464b,,gx-no-cache=1521805976433 HTTP/1.1" 200 115
186.103.157.42 - - [23/Mar/2018:08:53:49 -0300] "GET /cormun/servlet/solicitudotlog?INS,2018,7790,0,REC, HTTP/1.1" 200 6057
186.103.157.42 - - [23/Mar/2018:08:53:49 -0300] "GET /cormun/servlet/solicitudotlog?INS,2018,7790,0,REC, HTTP/1.1" 200 6057
186.103.157.42 - - [23/Mar/2018:08:53:50 -0300] "GET /cormun/servlet/solicitudotlog?67bda5df844cc11ddc97b1b9f24014219cc087404f4b85e5a7f33a16a447044ffc964eaeb3a26f29b96a87198fa27b34daa0a4ccecc67690a2577b5134ccae78f6b9a7f8739e373dd4c69a21b21326bcc134f2a5b9cafb94c523e4910924a38c78e43f0b1129e9530249d7d19d3347657a69ff50650974adc7594ada3e20bee396bd205590c881449050e88753538746fa32ffca9a5b544ed56aee40fce9cfb2,gx-no-cache=1521805978486 HTTP/1.1" 200 94
186.103.157.42 - - [23/Mar/2018:08:54:06 -0300] "POST /cormun/servlet/solicitudotlog?ecc28486dd8e470a7c9e05c75cf2464b,INS,2018,7790,0,REC,,gx-no-cache=1521805995171 HTTP/1.1" 200 93
186.103.157.42 - - [23/Mar/2018:08:54:06 -0300] "GET /cormun/servlet/hpexe_return? HTTP/1.1" 200 1024
186.103.157.42 - - [23/Mar/2018:08:54:07 -0300] "GET /cormun/servlet/trautorizarsolicitud HTTP/1.1" 200 7375
186.103.157.42 - - [23/Mar/2018:08:54:08 -0300] "GET /cormun/servlet/trautorizarsolicitud HTTP/1.1" 200 7372
186.103.159.230 - - [23/Mar/2018:08:54:29 -0300] "POST /cormun/servlet/solicitudot?gx-no-cache=1521806014617 HTTP/1.1" 200 1317
186.103.159.230 - - [23/Mar/2018:08:54:29 -0300] "POST /cormun/servlet/solicitudot?gx-no-cache=1521806014703 HTTP/1.1" 200 1218
186.103.159.230 - - [23/Mar/2018:08:54:29 -0300] "GET /cormun/static/menuarrow.gif HTTP/1.1" 404 1015
186.103.159.230 - - [23/Mar/2018:08:54:35 -0300] "POST /cormun/servlet/solicitudot?gx-no-cache=1521806021064 HTTP/1.1" 200 1317
186.103.159.230 - - [23/Mar/2018:08:54:35 -0300] "POST /cormun/servlet/solicitudot?gx-no-cache=1521806021162 HTTP/1.1" 200 1218
186.103.159.204 - - [23/Mar/2018:08:54:41 -0300] "POST /cormun/servlet/solicitudot?gx-no-cache=1521806022849 HTTP/1.1" 200 30
186.103.159.230 - - [23/Mar/2018:08:54:42 -0300] "GET /cormun/servlet/solicitudot?6708aea78357c5267fcf206b9aea33229d2ba64e3595714d641e7610db857e224516c41f80da39d92f0435940b8913b0,gx-no-cache=1521806028526 HTTP/1.1" 200 30
186.103.159.230 - - [23/Mar/2018:08:54:43 -0300] "POST /cormun/servlet/solicitudot?gx-no-cache=1521806028577 HTTP/1.1" 200 33
186.103.157.42 - - [23/Mar/2018:08:54:44 -0300] "POST /cormun/servlet/trautorizarsolicitud?ecc28486dd8e470a7c9e05c75cf2464b,gx-no-cache=1521806032372 HTTP/1.1" 200 4402
186.103.157.42 - - [23/Mar/2018:08:54:48 -0300] "POST /cormun/servlet/trautorizarsolicitud?ecc28486dd8e470a7c9e05c75cf2464b,gx-no-cache=1521806036848 HTTP/1.1" 200 6252
186.103.159.204 - - [23/Mar/2018:08:54:57 -0300] "POST /cormun/servlet/solicitudot?gx-no-cache=1521806038835 HTTP/1.1" 200 1337
186.103.159.204 - - [23/Mar/2018:08:54:57 -0300] "POST /cormun/servlet/solicitudot?gx-no-cache=1521806038896 HTTP/1.1" 200 41
186.103.159.204 - - [23/Mar/2018:08:54:57 -0300] "POST /cormun/servlet/solicitudot?gx-no-cache=1521806038925 HTTP/1.1" 200 1318
186.103.159.204 - - [23/Mar/2018:08:54:57 -0300] "POST /cormun/servlet/solicitudot?gx-no-cache=1521806038968 HTTP/1.1" 200 1218
186.103.157.42 - - [23/Mar/2018:08:55:10 -0300] "GET /cormun/servlet/trsolicitudot? HTTP/1.1" 200 8854
186.103.157.42 - - [23/Mar/2018:08:55:11 -0300] "GET /cormun/servlet/trsolicitudot? HTTP/1.1" 200 8853
186.103.157.42 - - [23/Mar/2018:08:55:14 -0300] "POST /cormun/servlet/trsolicitudot?ecc28486dd8e470a7c9e05c75cf2464b,,gx-no-cache=1521806063315 HTTP/1.1" 200 105
186.103.157.42 - - [23/Mar/2018:08:55:15 -0300] "GET /cormun/servlet/solicitudot?UPD,2018,7790, HTTP/1.1" 200 15456
186.103.157.42 - - [23/Mar/2018:08:55:15 -0300] "GET /cormun/servlet/solicitudot?UPD,2018,7790, HTTP/1.1" 200 15465
186.103.157.42 - - [23/Mar/2018:08:55:16 -0300] "POST /cormun/servlet/solicitudot?gx-no-cache=1521806064665 HTTP/1.1" 200 3363
186.103.157.42 - - [23/Mar/2018:08:55:16 -0300] "POST /cormun/servlet/solicitudot?ecc28486dd8e470a7c9e05c75cf2464b,UPD,2018,7790,,gx-no-cache=1521806064847 HTTP/1.1" 200 11658
186.103.157.42 - - [23/Mar/2018:08:55:16 -0300] "GET /cormun/servlet/solicitudot?67bda5df844cc11ddc97b1b9f24014215d68f88808f9135862ea2dceaced4385156a43915821ba92705d9099990b68c7,gx-no-cache=1521806065076 HTTP/1.1" 200 30
186.103.157.42 - - [23/Mar/2018:08:55:16 -0300] "GET /cormun/servlet/solicitudot?67bda5df844cc11ddc97b1b9f24014219da9ba6dd908b3024a9c68357ebedd33aaf4f72f8e8cdd6cf737333623034c726903a5f01d6dfc44b5a8cf4a1d8b2d21,gx-no-cache=1521806065115 HTTP/1.1" 200 30
186.103.157.42 - - [23/Mar/2018:08:55:16 -0300] "GET /cormun/servlet/solicitudot?67bda5df844cc11ddc97b1b9f2401421d2863b86171e1a2002217c07968eb297fde6785e93bebf1b5ae8aaf74f5844a2aa928aab8f7eeb239bea67edc57fb9e9,gx-no-cache=1521806065356 HTTP/1.1" 200 53
186.103.157.42 - - [23/Mar/2018:08:55:17 -0300] "POST /cormun/servlet/solicitudot?gx-no-cache=1521806065821 HTTP/1.1" 200 254
186.103.157.42 - - [23/Mar/2018:08:55:17 -0300] "GET /cormun/servlet/solicitudot?67bda5df844cc11ddc97b1b9f2401421917d7e867d278828ce523b2011ac41e5cee296726da8262fb09545ed8e3ab240ae256e68c92444d6418feb83f984efc071d6d23abdef32f27e036e68aa0288b7b5c748e0a40b88be8e9ef84fed63e2873eee43e805ee61ec9119c81c0e4d90416c6656fc7add63d927cf89758e4dc29ccf6ffe380fc9afaaa6b25ed8104fd28e1351cd7a6d53e56f4c47877da73c7ba84d256385de44e141694ec20d141451367262b1e109b0914781fa6ece94763dd9443270bad5a7801a3f34a5ca69989e3d948861bd424dfd86aca895e1fb676b5f52d3f3b2fb12bd2db89e8aeee90923ec3fd443753c54a15446ec11aa498249bc70fef9e5f452dd0a601a6d7589811b21efcadd6e390ddb444b51e25855f0cb69c267490899493684d8beae2d2850c4a4677fc6322bdef54980a84cb9c4bb339bdc2ec6eedc5a07e2cdda151b1c5bab3aa07fc72eacae4258d551f1f74e364aaee13f2d8fd1abf7400b66c7993e8577d1dc979fd79dc3bcdbebf67aab4a336d6a,gx-no-cache=1521806065883 HTTP/1.1" 200 30
186.103.157.42 - - [23/Mar/2018:08:55:17 -0300] "POST /cormun/servlet/solicitudot?gx-no-cache=1521806066242 HTTP/1.1" 200 30
186.103.157.42 - - [23/Mar/2018:08:55:17 -0300] "POST /cormun/servlet/solicitudot?gx-no-cache=1521806066283 HTTP/1.1" 200 1336
186.103.157.42 - - [23/Mar/2018:08:55:17 -0300] "POST /cormun/servlet/solicitudot?gx-no-cache=1521806066346 HTTP/1.1" 200 41
186.103.157.42 - - [23/Mar/2018:08:55:17 -0300] "GET /cormun/servlet/solicitudot?67bda5df844cc11ddc97b1b9f24014218e705a8b57b17762299e81990f1d7cc3bc33f108fcc4403fc2085be9d6c495eb461ab7c5b6f839b4c25506983b3d5d9210234bc4668964be00ff7426d06fe0c0915b05398ad3239934a2b8fb711841ae7162633789a8f68b84698432c4a0004ffae2b293fb8d7adf6800b65cc8c26bcd10bb1aa3b1d97f4957213ce67a0c5ddf835cd3da25796499fbdce25fb12b43be,gx-no-cache=1521806066392 HTTP/1.1" 200 29
186.103.157.42 - - [23/Mar/2018:08:55:18 -0300] "POST /cormun/servlet/solicitudot?gx-no-cache=1521806066429 HTTP/1.1" 200 1318
186.103.157.42 - - [23/Mar/2018:08:55:18 -0300] "POST /cormun/servlet/solicitudot?gx-no-cache=1521806066480 HTTP/1.1" 200 1218
186.103.157.42 - - [23/Mar/2018:08:55:18 -0300] "GET /cormun/servlet/solicitudot?67bda5df844cc11ddc97b1b9f2401421b9a23ee1d147534f0cc45dd81d48c3559d28c2bbed6d2043aeb94ae04f296f55,gx-no-cache=1521806066522 HTTP/1.1" 200 30
186.103.157.42 - - [23/Mar/2018:08:55:18 -0300] "POST /cormun/servlet/solicitudot?gx-no-cache=1521806066769 HTTP/1.1" 200 30
186.103.159.204 - - [23/Mar/2018:08:55:21 -0300] "GET /cormun/servlet/solicitudot?1f2d736628cb66ad7253392382c013790224fa34d36e60ab07e23724bbca01c3adfe2527488589912eb7c9dfa2e9a4e6,gx-no-cache=1521806063295 HTTP/1.1" 200 30
186.103.159.204 - - [23/Mar/2018:08:55:21 -0300] "POST /cormun/servlet/solicitudot?gx-no-cache=1521806063375 HTTP/1.1" 200 30
186.103.159.204 - - [23/Mar/2018:08:55:22 -0300] "POST /cormun/servlet/solicitudot?c7f5cad3bf360177ccc38c56b03c0df0,INS,0,0,,gx-no-cache=1521806063404 HTTP/1.1" 200 93
186.103.159.204 - - [23/Mar/2018:08:55:22 -0300] "GET /cormun/servlet/hpexe_return? HTTP/1.1" 200 1009
186.103.159.204 - - [23/Mar/2018:08:55:22 -0300] "GET /cormun/servlet/trsolicitudot? HTTP/1.1" 200 8450
186.103.159.204 - - [23/Mar/2018:08:55:22 -0300] "GET /cormun/servlet/trsolicitudot? HTTP/1.1" 200 8446
186.103.157.42 - - [23/Mar/2018:08:55:27 -0300] "GET /cormun/servlet/solicitudot?67bda5df844cc11ddc97b1b9f2401421b9a23ee1d147534f0cc45dd81d48c3559d28c2bbed6d2043aeb94ae04f296f55,gx-no-cache=1521806075478 HTTP/1.1" 200 30
186.103.157.42 - - [23/Mar/2018:08:55:27 -0300] "POST /cormun/servlet/solicitudot?gx-no-cache=1521806075536 HTTP/1.1" 200 30
186.103.157.42 - - [23/Mar/2018:08:55:27 -0300] "POST /cormun/servlet/solicitudot?ecc28486dd8e470a7c9e05c75cf2464b,UPD,2018,7790,,gx-no-cache=1521806075593 HTTP/1.1" 200 93
186.103.157.42 - - [23/Mar/2018:08:55:27 -0300] "GET /cormun/servlet/hpexe_return? HTTP/1.1" 200 1010
186.103.157.42 - - [23/Mar/2018:08:55:27 -0300] "GET /cormun/servlet/trsolicitudot HTTP/1.1" 200 8855
186.103.157.42 - - [23/Mar/2018:08:55:28 -0300] "GET /cormun/servlet/trsolicitudot HTTP/1.1" 200 8851
186.103.157.42 - - [23/Mar/2018:08:55:39 -0300] "POST /cormun/servlet/trsolicitudot?ecc28486dd8e470a7c9e05c75cf2464b,gx-no-cache=1521806087482 HTTP/1.1" 200 5886
186.103.157.42 - - [23/Mar/2018:08:55:39 -0300] "GET /cormun/static/Shared/jqueryui/images/ui-bg_highlight-soft_100_c6c2c8_1x100.png HTTP/1.1" 404 1117
186.103.157.42 - - [23/Mar/2018:08:55:39 -0300] "GET /cormun/static/Shared/jqueryui/images/ui-icons_82798d_256x240.png HTTP/1.1" 404 1089
186.103.157.42 - - [23/Mar/2018:08:55:39 -0300] "GET /cormun/static/Shared/jqueryui/images/ui-bg_flat_55_fafafa_40x100.png HTTP/1.1" 404 1097
186.103.157.42 - - [23/Mar/2018:08:55:39 -0300] "GET /cormun/static/Shared/jqueryui/images/ui-icons_8d78a5_256x240.png HTTP/1.1" 404 1089
186.103.157.42 - - [23/Mar/2018:08:55:39 -0300] "POST /cormun/servlet/trsolicitudot?ecc28486dd8e470a7c9e05c75cf2464b,gx-no-cache=1521806088065 HTTP/1.1" 200 5830
186.103.157.42 - - [23/Mar/2018:08:55:42 -0300] "GET /cormun/servlet/trautorizarsolicitud? HTTP/1.1" 200 8716
186.103.157.42 - - [23/Mar/2018:08:55:43 -0300] "GET /cormun/servlet/trautorizarsolicitud? HTTP/1.1" 200 8717
186.103.157.42 - - [23/Mar/2018:08:55:47 -0300] "GET /cormun/servlet/trautorizarsolicitud? HTTP/1.1" 200 8717
186.103.157.42 - - [23/Mar/2018:08:55:48 -0300] "GET /cormun/servlet/trautorizarsolicitud? HTTP/1.1" 200 8717
186.103.159.230 - - [23/Mar/2018:08:55:52 -0300] "POST /cormun/servlet/solicitudot?9367d7d73dd27038a98baa6ad3e230a7,INS,0,0,,gx-no-cache=1521806097330 HTTP/1.1" 200 93
186.103.159.230 - - [23/Mar/2018:08:55:52 -0300] "GET /cormun/servlet/hpexe_return? HTTP/1.1" 200 1007
186.103.159.230 - - [23/Mar/2018:08:55:52 -0300] "GET /cormun/static/gxcfg.js?2016101716175148 HTTP/1.1" 304 -
186.103.159.230 - - [23/Mar/2018:08:55:52 -0300] "GET /cormun/servlet/trsolicitudot HTTP/1.1" 200 9235
186.103.159.230 - - [23/Mar/2018:08:55:52 -0300] "GET /cormun/servlet/trsolicitudot HTTP/1.1" 200 9231
186.103.157.42 - - [23/Mar/2018:08:55:52 -0300] "GET /cormun/static/menuarrow.gif HTTP/1.1" 404 1015
186.103.157.42 - - [23/Mar/2018:08:55:56 -0300] "POST /cormun/servlet/trautorizarsolicitud?ecc28486dd8e470a7c9e05c75cf2464b,,gx-no-cache=1521806104802 HTTP/1.1" 200 5742
186.103.157.42 - - [23/Mar/2018:08:56:07 -0300] "POST /cormun/servlet/trautorizarsolicitud?ecc28486dd8e470a7c9e05c75cf2464b,,gx-no-cache=1521806115750 HTTP/1.1" 200 5761
186.103.157.42 - - [23/Mar/2018:08:56:11 -0300] "POST /cormun/servlet/trautorizarsolicitud?ecc28486dd8e470a7c9e05c75cf2464b,,gx-no-cache=1521806119502 HTTP/1.1" 200 4601
186.103.157.42 - - [23/Mar/2018:08:56:11 -0300] "GET /cormun/static/Shared/jqueryui/images/ui-bg_highlight-soft_100_c6c2c8_1x100.png HTTP/1.1" 404 1117
186.103.157.42 - - [23/Mar/2018:08:56:11 -0300] "GET /cormun/static/Shared/jqueryui/images/ui-bg_flat_55_fafafa_40x100.png HTTP/1.1" 404 1097
186.103.157.42 - - [23/Mar/2018:08:56:11 -0300] "GET /cormun/static/Shared/jqueryui/images/ui-icons_8d78a5_256x240.png HTTP/1.1" 404 1089
186.103.157.42 - - [23/Mar/2018:08:56:11 -0300] "GET /cormun/static/Shared/jqueryui/images/ui-icons_82798d_256x240.png HTTP/1.1" 404 1089
186.103.157.42 - - [23/Mar/2018:08:56:11 -0300] "POST /cormun/servlet/trautorizarsolicitud?ecc28486dd8e470a7c9e05c75cf2464b,,gx-no-cache=1521806120168 HTTP/1.1" 200 4379
186.103.159.204 - - [23/Mar/2018:08:56:22 -0300] "POST /cormun/servlet/trsolicitudot?c7f5cad3bf360177ccc38c56b03c0df0,,gx-no-cache=1521806124091 HTTP/1.1" 200 4479
186.103.159.204 - - [23/Mar/2018:08:56:23 -0300] "GET /cormun/static/Shared/jqueryui/images/ui-bg_highlight-soft_100_c6c2c8_1x100.png HTTP/1.1" 404 1117
186.103.159.204 - - [23/Mar/2018:08:56:23 -0300] "GET /cormun/static/Shared/jqueryui/images/ui-icons_8d78a5_256x240.png HTTP/1.1" 404 1089
186.103.159.204 - - [23/Mar/2018:08:56:23 -0300] "GET /cormun/static/Shared/jqueryui/images/ui-icons_82798d_256x240.png HTTP/1.1" 404 1089
186.103.159.204 - - [23/Mar/2018:08:56:23 -0300] "GET /cormun/static/Shared/jqueryui/images/ui-bg_flat_55_fafafa_40x100.png HTTP/1.1" 404 1097
186.103.159.204 - - [23/Mar/2018:08:56:23 -0300] "POST /cormun/servlet/trsolicitudot?c7f5cad3bf360177ccc38c56b03c0df0,,gx-no-cache=1521806124470 HTTP/1.1" 200 4265
186.103.159.204 - - [23/Mar/2018:08:56:41 -0300] "POST /cormun/servlet/trsolicitudot?c7f5cad3bf360177ccc38c56b03c0df0,,gx-no-cache=1521806142573 HTTP/1.1" 200 5636
186.103.158.250 - - [23/Mar/2018:08:56:55 -0300] "GET /cormun/servlet/licenciaspermisos?f10d55b2a5668a4a644ec7444c270288427ebea1955a4e9cb3f92fa2504ee051b0ab6cde3180624ca8ffb6448b457021eb41579fa3d248dafcdf42ee884db674c7311c391dbd883ae9e49c049c78939353927691d97248538117999e2adc0ba8a1013ddc4ae7700799a680dbf0410e5d81e7bcf5cdffae9c121dcd95a7734993d0413f823c5e82aa2d766f7ec17f528b7e9c4fe02b81c54581107dafa258d650c3e626c2c860b85f5e14d4df73b6e6e0,gx-no-cache=1521809561611 HTTP/1.1" 200 30
186.103.158.250 - - [23/Mar/2018:08:56:55 -0300] "GET /cormun/servlet/licenciaspermisos?f10d55b2a5668a4a644ec7444c270288e502cca485c9daf93d47fe7b962ba29c3e9dea6b3ac1f09fdde78c396e31c6ac8b1b4afe52708a9f0f595f88b96734247631af5046bffcef3c44c0ed7e075875f77f4f13b4fefb523f580ea1e0e30a5f34fd1069d5bd51512ed7b3b97747cd82ad2d0c63f15deb64548453f4e1ecb3a568c48bf17572ecf0603492de7c9cd14edf8e1eb9f92cf6b26b585adbc485e7830cc9f1eb0da4f2604c68c8205e10c161,gx-no-cache=1521809561782 HTTP/1.1" 200 29
186.103.159.204 - - [23/Mar/2018:08:56:55 -0300] "POST /cormun/servlet/trsolicitudot?c7f5cad3bf360177ccc38c56b03c0df0,,gx-no-cache=1521806156541 HTTP/1.1" 200 12555
