152.231.70.146 - - [23/Mar/2018:10:10:41 -0300] "GET /cormun/static/Shared/ext/resources/themes/images/default/tools/tool-sprites.gif HTTP/1.1" 200 5434
152.231.70.146 - - [23/Mar/2018:10:10:45 -0300] "GET /cormun/servlet/solicitudot?INS,0,0, HTTP/1.1" 200 13659
152.231.70.146 - - [23/Mar/2018:10:10:46 -0300] "GET /cormun/static/gxcfg.js?201812313224582 HTTP/1.1" 200 953
200.54.18.125 - - [23/Mar/2018:10:10:46 -0300] "GET /cormun/static/Resources/prompt.gif HTTP/1.1" 200 902
152.231.70.146 - - [23/Mar/2018:10:10:46 -0300] "GET /cormun/static/solicitudot.js?201812313224831 HTTP/1.1" 200 72336
152.231.70.146 - - [23/Mar/2018:10:10:46 -0300] "GET /cormun/servlet/solicitudot?INS,0,0, HTTP/1.1" 200 13664
200.54.18.125 - - [23/Mar/2018:10:10:48 -0300] "GET /cormun/static/Resources/resize.gif HTTP/1.1" 200 77
152.231.70.146 - - [23/Mar/2018:10:10:48 -0300] "GET /cormun/servlet/prfichaempleado?,MD,,gxPopupLevel%3D0%3B HTTP/1.1" 200 9364
200.54.18.125 - - [23/Mar/2018:10:10:49 -0300] "GET /cormun/static/gxui/gxui-all.css?110300 HTTP/1.1" 200 2179
186.103.196.84 - - [23/Mar/2018:10:10:49 -0300] "GET /cormun/static/gxcfg.js?20177612134814 HTTP/1.1" 200 953
152.231.70.146 - - [23/Mar/2018:10:10:49 -0300] "GET /cormun/static/menusearch.js?201610171694467 HTTP/1.1" 200 1424
190.151.124.170 - - [23/Mar/2018:10:10:49 -0300] "GET /cormun/static/prfichaempleado.js?20177612134999 HTTP/1.1" 200 16006
190.151.124.170 - - [23/Mar/2018:10:10:49 -0300] "GET /cormun/static/hmpwkw011.js?20177612121862 HTTP/1.1" 200 1968
152.231.70.146 - - [23/Mar/2018:10:10:49 -0300] "GET /cormun/static/Resources/PXToolsMenuSearch.png HTTP/1.1" 200 2914
186.103.196.84 - - [23/Mar/2018:10:10:49 -0300] "GET /cormun/static/Resources/PXToolsMenuSearchCancel.png HTTP/1.1" 200 2972
152.231.70.146 - - [23/Mar/2018:10:10:49 -0300] "GET /cormun/static/Shared/ext/resources/css/ext-all.css?205870 HTTP/1.1" 200 416045
152.231.70.146 - - [23/Mar/2018:10:11:01 -0300] "POST /cormun/servlet/prfichaempleado?f66b36bdf88728e7c303b1f0db0953e5,,MD,,gxPopupLevel%3D0%3B,gx-no-cache=1521810608218 HTTP/1.1" 200 3423
192.168.10.89 - - [23/Mar/2018:10:11:20 -0300] "POST /cormun/servlet/trsolicitudgral?2e7386eedb401e462d2c7b573de31d03,,gx-no-cache=1521810513441 HTTP/1.1" 200 5930
200.54.18.125 - - [23/Mar/2018:10:11:23 -0300] "POST /cormun/servlet/solicitudot?gx-no-cache=1521810630353 HTTP/1.1" 200 3417
200.54.18.125 - - [23/Mar/2018:10:11:23 -0300] "POST /cormun/servlet/solicitudot?f66b36bdf88728e7c303b1f0db0953e5,INS,0,0,,gx-no-cache=1521810630747 HTTP/1.1" 200 10603
200.54.18.125 - - [23/Mar/2018:10:11:23 -0300] "GET /cormun/servlet/solicitudot?6cc94f1b188d87e5a7f8fe64a86fc31699e9cb9152475f297d687f3271de0a7888ab3c030a68dd51df8b0a7300bf3d9c,gx-no-cache=1521810630978 HTTP/1.1" 200 30
186.103.159.230 - - [23/Mar/2018:10:11:42 -0300] "POST /cormun/servlet/trautorizarsolicitud?3f4b097a5c9131dcb85b21cb67db8da2,,gx-no-cache=1521810647933 HTTP/1.1" 200 116
186.103.159.230 - - [23/Mar/2018:10:11:42 -0300] "GET /cormun/servlet/solicitudotlog?INS,2018,10789,0,REC, HTTP/1.1" 200 5974
186.103.159.230 - - [23/Mar/2018:10:11:42 -0300] "GET /cormun/servlet/solicitudotlog?INS,2018,10789,0,REC, HTTP/1.1" 200 5974
186.103.159.230 - - [23/Mar/2018:10:11:43 -0300] "GET /cormun/servlet/solicitudotlog?68b4317495bd4a71dd9a5010ef058e7367660853f57a9b06ea6c4fc6e8823505d43d58e3ca545addf512477096fc621aef40ba0c8d7b0a88ecd26ff35ac04ee96cba990fd312a8be5cd92a2df05b25558c2cba18434e94dabaf08035161b4ac109a1bb954d475ef216267b06e32d9e31fc510efd223c70a6c24bfac28539951cd78ccf9ecac63df894f7359194ab8180f5dc270bb674c003670e9429ec706c50,gx-no-cache=1521810649073 HTTP/1.1" 200 94
186.103.159.230 - - [23/Mar/2018:10:11:45 -0300] "GET /cormun/servlet/trsolicitudot? HTTP/1.1" 200 7404
186.103.159.230 - - [23/Mar/2018:10:11:46 -0300] "GET /cormun/servlet/trsolicitudot? HTTP/1.1" 200 7382
66.249.83.2 - - [23/Mar/2018:10:13:23 -0300] "GET /cormun/servlet/hlogin HTTP/1.1" 200 1721
66.249.83.2 - - [23/Mar/2018:10:13:24 -0300] "GET /cormun/servlet/hlogin?_escaped_fragment_= HTTP/1.1" 200 1711
66.249.83.7 - - [23/Mar/2018:10:13:24 -0300] "GET /favicon.ico HTTP/1.1" 200 21630
152.231.70.146 - - [23/Mar/2018:10:13:32 -0300] "GET /cormun/servlet/solicitudot?6cc94f1b188d87e5a7f8fe64a86fc316739657923a71e51631e28674bb28701024a9cd6f370da423f8201efe051a26a35b7353d22140ff18e1451b1fefb4d9c0,gx-no-cache=1521810759211 HTTP/1.1" 200 30
152.231.70.146 - - [23/Mar/2018:10:13:32 -0300] "GET /cormun/servlet/solicitudot?6cc94f1b188d87e5a7f8fe64a86fc3168c924097d1b6663917e99d1947e7d782,gx-no-cache=1521810759360 HTTP/1.1" 200 53
152.231.70.146 - - [23/Mar/2018:10:13:32 -0300] "POST /cormun/servlet/solicitudot?gx-no-cache=1521810759432 HTTP/1.1" 200 297
152.231.70.146 - - [23/Mar/2018:10:13:32 -0300] "GET /cormun/servlet/solicitudot?6cc94f1b188d87e5a7f8fe64a86fc3168739884a4808dc0b6362db627f81315d1b3a111c02f0c4bafda0a2b8d0100f0747bf50750abf067f9875954173c1de51523993851d6ef550340ec53f1595c2602331af0a256431ff4f62e8fe2aba30d9417b0e93116d0191e43ef1bcc92ff525814748d71ee796d4fecee40ba7b08f6f83a7e563c0ee3bc8c8b6bcd221489c80d2cdffdd7ad7a977bfbf1c3a5f7b15f0e52cc8bd2730930e2a5687e65456b989e28d5a78bad61e6e75f415ef96711a2a5e213247d2500108c8ee7c0edbf34833fd9f9cd4a4b7b63b017ccff8c4a132198ec64e8fe3312c49ead9cc5b07b002ab69e6ebe05ceabc78fa9e3ed57bb302101fabb0d7c4bff35b9c0d5d074f9a5e5477c1d7e28cad5ebc48895df1e92de73a35f90d5e71dfd2b6eff60e7403bd605aaf727f6ec55d5e53fe3de15047fd10232989456272361a55b6d62c79c8aa020a10076b00925abb8c98b03abbf6f84a4c927083b066e79808f823e09f7597bedb5c237e5c70e3b1b48ed6a0ec4ae3321c023be1bf9b1ead21540148a7113325ce,gx-no-cache=1521810759521 HTTP/1.1" 200 30
152.231.70.146 - - [23/Mar/2018:10:13:39 -0300] "POST /cormun/servlet/solicitudot?gx-no-cache=1521810766359 HTTP/1.1" 200 30
152.231.70.146 - - [23/Mar/2018:10:13:46 -0300] "GET /cormun/servlet/prfichaempleado?,MD,,gxPopupLevel%3D0%3B HTTP/1.1" 200 9364
186.103.157.235 - - [23/Mar/2018:10:13:47 -0300] "GET /cormun/servlet/hlogin HTTP/1.1" 200 1727
186.103.157.235 - - [23/Mar/2018:10:13:49 -0300] "GET /cormun/static/gxtimezone.js?85251 HTTP/1.1" 200 5781
186.103.157.235 - - [23/Mar/2018:10:13:49 -0300] "GET /cormun/static/gxcfg.js?20175251213516 HTTP/1.1" 200 953
186.103.157.235 - - [23/Mar/2018:10:13:55 -0300] "GET /cormun/static/Resources/Spanish/PXTools.css?11423723 HTTP/1.1" 200 89042
186.103.157.235 - - [23/Mar/2018:10:13:57 -0300] "GET /cormun/static/messages.spa.js?85251 HTTP/1.1" 200 30736
186.103.157.235 - - [23/Mar/2018:10:14:00 -0300] "GET /cormun/static/hlogin.js?20175251213537 HTTP/1.1" 200 2136
186.103.157.235 - - [23/Mar/2018:10:14:00 -0300] "GET /cormun/static/Resources/ComunLogin.png HTTP/1.1" 200 17326
186.103.157.235 - - [23/Mar/2018:10:14:07 -0300] "GET /cormun/static/gxgral.js?85251 HTTP/1.1" 200 384558
186.103.157.235 - - [23/Mar/2018:10:14:09 -0300] "GET /cormun/static/Resources/PXToolsLoginBackground.png HTTP/1.1" 200 1164
186.103.157.235 - - [23/Mar/2018:10:14:09 -0300] "GET /cormun/static/Resources/PXToolsButtonRight21.png HTTP/1.1" 200 1283
186.103.157.235 - - [23/Mar/2018:10:14:09 -0300] "GET /cormun/static/Resources/PXToolsButtonBackground2.png HTTP/1.1" 200 1181
186.103.157.235 - - [23/Mar/2018:10:14:09 -0300] "GET /cormun/static/Resources/PXToolsLoginTop.png HTTP/1.1" 200 1337
186.103.157.235 - - [23/Mar/2018:10:14:09 -0300] "GET /cormun/static/Resources/PXToolsLoginBottom.png HTTP/1.1" 200 1389
186.103.157.235 - - [23/Mar/2018:10:14:09 -0300] "GET /cormun/servlet/hlogin HTTP/1.1" 200 1735
186.103.157.235 - - [23/Mar/2018:10:14:09 -0300] "GET /cormun/static/Resources/indicator.gif HTTP/1.1" 200 1553
186.103.157.235 - - [23/Mar/2018:10:14:09 -0300] "GET /cormun/static/Resources/PXToolsButtonLeft21.png HTTP/1.1" 200 1287
186.103.157.235 - - [23/Mar/2018:10:14:10 -0300] "GET /cormun/static/Resources/PXToolsButtonLeft21.png HTTP/1.1" 200 1287
186.103.157.235 - - [23/Mar/2018:10:14:10 -0300] "GET /cormun/static/Resources/PXToolsLoginTop.png HTTP/1.1" 200 1337
186.103.157.235 - - [23/Mar/2018:10:14:10 -0300] "GET /favicon.ico HTTP/1.1" 200 21630
186.67.84.236 - - [23/Mar/2018:10:14:10 -0300] "POST /cormun/servlet/prfichaempleado?f66b36bdf88728e7c303b1f0db0953e5,,MD,,gxPopupLevel%3D0%3B,gx-no-cache=1521810797499 HTTP/1.1" 200 3430
186.67.84.236 - - [23/Mar/2018:10:14:17 -0300] "POST /cormun/servlet/solicitudot?gx-no-cache=1521810804332 HTTP/1.1" 200 1336
186.67.84.236 - - [23/Mar/2018:10:14:20 -0300] "GET /cormun/servlet/prlicenciaspermisos?15730984,P,,MD,,gxPopupLevel%3D0%3B HTTP/1.1" 200 5558
186.67.84.236 - - [23/Mar/2018:10:14:20 -0300] "GET /cormun/static/calendar-system.css?75620 HTTP/1.1" 200 5572
152.231.70.146 - - [23/Mar/2018:10:14:20 -0300] "GET /cormun/static/gxcfg.js?20176272053834 HTTP/1.1" 200 953
190.151.99.26 - - [23/Mar/2018:10:14:20 -0300] "GET /cormun/static/prlicenciaspermisos.js?20176272054050 HTTP/1.1" 200 13379
190.151.124.170 - - [23/Mar/2018:10:14:20 -0300] "GET /cormun/static/Resources/Spanish/PXTools.css?17315867 HTTP/1.1" 200 89042
186.103.157.235 - - [23/Mar/2018:10:14:49 -0300] "GET /cormun/servlet/hlogin HTTP/1.1" 200 1724
200.54.18.125 - - [23/Mar/2018:10:15:24 -0300] "POST /cormun/servlet/solicitudot?gx-no-cache=1521810871944 HTTP/1.1" 200 41
200.54.18.125 - - [23/Mar/2018:10:15:42 -0300] "GET /cormun/servlet/solicitudot?6cc94f1b188d87e5a7f8fe64a86fc3166444a3a13e2add6db887b1815cd50fbb42d32c8d2f9ef30d9bee76da4d8b07afe7a22fc1a065daaba50a86d2426999ba9facc903e4ff4ae01935003bd08b25e855d88fd80e5415d236a6bf85fb27907fa50e5ab574babc768ce8de40bf5cd5d1,gx-no-cache=1521810889264 HTTP/1.1" 200 29
200.54.18.125 - - [23/Mar/2018:10:15:42 -0300] "POST /cormun/servlet/solicitudot?gx-no-cache=1521810889762 HTTP/1.1" 200 1318
186.103.157.235 - - [23/Mar/2018:10:15:42 -0300] "GET /cormun/servlet/hlogin HTTP/1.1" 200 1724
200.54.18.125 - - [23/Mar/2018:10:15:43 -0300] "POST /cormun/servlet/solicitudot?gx-no-cache=1521810890294 HTTP/1.1" 200 1218
200.54.18.125 - - [23/Mar/2018:10:15:44 -0300] "GET /cormun/static/menuarrow.gif HTTP/1.1" 404 1015
200.54.18.125 - - [23/Mar/2018:10:15:48 -0300] "POST /cormun/servlet/solicitudot?gx-no-cache=1521810895170 HTTP/1.1" 200 1318
200.54.18.125 - - [23/Mar/2018:10:15:48 -0300] "POST /cormun/servlet/solicitudot?gx-no-cache=1521810895281 HTTP/1.1" 200 1218
186.103.157.235 - - [23/Mar/2018:10:16:58 -0300] "GET /cormun/servlet/hlogin HTTP/1.1" 200 1724
186.103.196.84 - - [23/Mar/2018:10:17:02 -0300] "POST /cormun/servlet/solicitudot?gx-no-cache=1521810969416 HTTP/1.1" 200 1318
186.103.196.84 - - [23/Mar/2018:10:17:02 -0300] "POST /cormun/servlet/solicitudot?gx-no-cache=1521810969788 HTTP/1.1" 200 1218
186.103.196.84 - - [23/Mar/2018:10:17:08 -0300] "GET /cormun/servlet/solicitudot?6cc94f1b188d87e5a7f8fe64a86fc3161cde50149ac49a0fd28042305a3c2f68c89d078b65cb063761e2958d3543d2f2,gx-no-cache=1521810976103 HTTP/1.1" 200 30
186.103.196.84 - - [23/Mar/2018:10:17:09 -0300] "POST /cormun/servlet/solicitudot?gx-no-cache=1521810976175 HTTP/1.1" 200 34
186.103.157.235 - - [23/Mar/2018:10:17:23 -0300] "POST /cormun/servlet/hlogin?2d74356a48fc44bd07e686b6c8a8cf6f,gx-no-cache=1521810979051 HTTP/1.1" 200 90
186.103.157.235 - - [23/Mar/2018:10:17:25 -0300] "GET /cormun/servlet/hpexe_link HTTP/1.1" 200 954
186.103.157.235 - - [23/Mar/2018:10:17:26 -0300] "GET /cormun/static/gxcfg.js?20177612121792 HTTP/1.1" 200 953
186.103.157.235 - - [23/Mar/2018:10:17:26 -0300] "GET /cormun/static/hpexe_link.js?20177612121795 HTTP/1.1" 200 625
186.103.157.235 - - [23/Mar/2018:10:17:30 -0300] "GET /cormun/static/Resources/Spanish/PXTools.css?1155365 HTTP/1.1" 200 89042
186.103.157.235 - - [23/Mar/2018:10:17:33 -0300] "GET /cormun/servlet/hhome HTTP/1.1" 200 4226
186.103.157.235 - - [23/Mar/2018:10:17:34 -0300] "GET /cormun/static/Shared/jqueryui/jquery-ui.min.css?1245370 HTTP/1.1" 200 30288
186.103.157.235 - - [23/Mar/2018:10:17:34 -0300] "GET /cormun/static/SmoothNavMenu/resources/ddsmoothmenu.css?1012540 HTTP/1.1" 200 2223
186.103.157.235 - - [23/Mar/2018:10:17:34 -0300] "GET /cormun/static/SmoothNavMenu/resources/ddsmoothmenu-v.css?1012540 HTTP/1.1" 200 1188
186.103.157.235 - - [23/Mar/2018:10:17:34 -0300] "GET /cormun/static/scaMessage/css/jquery.pnotify.default.css?1716380 HTTP/1.1" 200 1707
186.103.157.235 - - [23/Mar/2018:10:17:34 -0300] "GET /cormun/static/gxcfg.js?20175251212442 HTTP/1.1" 200 953
186.103.157.235 - - [23/Mar/2018:10:17:34 -0300] "GET /cormun/static/PXToolsJavascripts/pexe_autoreload.js HTTP/1.1" 200 1762
186.103.157.235 - - [23/Mar/2018:10:17:34 -0300] "GET /cormun/static/PXToolsJavascripts/pexe_cookies.js HTTP/1.1" 200 792
186.103.157.235 - - [23/Mar/2018:10:17:35 -0300] "GET /cormun/static/PXToolsJavascripts/pexe_griddivfix.js HTTP/1.1" 200 6644
186.103.157.235 - - [23/Mar/2018:10:17:35 -0300] "GET /cormun/static/PXToolsJavascripts/pexe_windows.js HTTP/1.1" 200 15207
186.103.157.235 - - [23/Mar/2018:10:17:35 -0300] "GET /cormun/static/PXToolsJavascripts/pexe_link.js HTTP/1.1" 200 5671
186.103.157.235 - - [23/Mar/2018:10:17:35 -0300] "GET /cormun/static/PXToolsJavascripts/pexe_grid.js HTTP/1.1" 200 7559
186.103.157.235 - - [23/Mar/2018:10:17:35 -0300] "GET /cormun/static/PXToolsJavascripts/pexe_menudivfix.js HTTP/1.1" 200 333
186.103.157.235 - - [23/Mar/2018:10:17:35 -0300] "GET /cormun/static/PXToolsJavascripts/pexe_menus.js HTTP/1.1" 200 1286
186.103.157.235 - - [23/Mar/2018:10:17:35 -0300] "GET /cormun/static/PXToolsJavascripts/pexe_layers.js HTTP/1.1" 200 4114
186.103.157.235 - - [23/Mar/2018:10:17:35 -0300] "GET /cormun/static/PXToolsJavascripts/pexe_oavdivfix.js HTTP/1.1" 200 639
186.103.157.235 - - [23/Mar/2018:10:17:35 -0300] "GET /cormun/static/PXToolsJavascripts/pexe_picture.js HTTP/1.1" 200 689
186.103.157.235 - - [23/Mar/2018:10:17:35 -0300] "GET /cormun/static/PXToolsJavascripts/pexe_popup.js HTTP/1.1" 200 13458
186.103.157.235 - - [23/Mar/2018:10:17:35 -0300] "GET /cormun/static/PXToolsJavascripts/pexe_scrolldiv.js HTTP/1.1" 200 4138
186.103.157.235 - - [23/Mar/2018:10:17:35 -0300] "GET /cormun/static/PXToolsJavascripts/pexe_tabdivfix.js HTTP/1.1" 200 876
186.103.157.235 - - [23/Mar/2018:10:17:35 -0300] "GET /cormun/static/PXToolsJavascripts/pexe_tabs.js HTTP/1.1" 200 3748
186.103.157.235 - - [23/Mar/2018:10:17:36 -0300] "GET /cormun/static/PXToolsJavascripts/pexe_upload.js HTTP/1.1" 200 1423
186.103.157.235 - - [23/Mar/2018:10:17:36 -0300] "GET /cormun/static/PXToolsJavascripts/PXToolsJavascriptsRender.js HTTP/1.1" 200 367
186.103.157.235 - - [23/Mar/2018:10:17:36 -0300] "GET /cormun/static/PXToolsJavascripts/pexe_oav.js HTTP/1.1" 200 645
186.103.157.235 - - [23/Mar/2018:10:17:36 -0300] "GET /cormun/static/RunJS/RunJS.js HTTP/1.1" 200 288
186.103.157.235 - - [23/Mar/2018:10:17:36 -0300] "GET /cormun/static/Shared/ext/locale/ext-lang-en.js HTTP/1.1" 200 10940
186.103.157.235 - - [23/Mar/2018:10:17:37 -0300] "GET /cormun/static/hwchdr01.js?201752511465785 HTTP/1.1" 200 1183
186.103.157.235 - - [23/Mar/2018:10:17:37 -0300] "GET /cormun/static/Resources/PXToolsDataTitle.png HTTP/1.1" 200 1173
186.103.157.235 - - [23/Mar/2018:10:17:37 -0300] "GET /cormun/static/Resources/PXToolsHeaderBackground2.png HTTP/1.1" 200 1174
186.103.157.235 - - [23/Mar/2018:10:17:37 -0300] "GET /cormun/static/Resources/PXToolsFooterBackground2.png HTTP/1.1" 200 1172
186.103.157.235 - - [23/Mar/2018:10:17:37 -0300] "GET /cormun/static/Resources/logo4.png HTTP/1.1" 200 6582
186.103.157.235 - - [23/Mar/2018:10:17:37 -0300] "GET /cormun/static/hhome.js?20175251212450 HTTP/1.1" 200 777
186.103.157.235 - - [23/Mar/2018:10:17:37 -0300] "GET /cormun/static/Resources/PXToolsHeaderLogin.png HTTP/1.1" 200 4279
186.103.157.235 - - [23/Mar/2018:10:17:37 -0300] "GET /cormun/static/Resources/PXToolsHeaderPreferences.png HTTP/1.1" 200 4189
186.103.157.235 - - [23/Mar/2018:10:17:37 -0300] "GET /cormun/static/Resources/PXToolsHeaderActionsLeft.png HTTP/1.1" 200 1118
186.103.157.235 - - [23/Mar/2018:10:17:37 -0300] "GET /cormun/static/Resources/PXToolsHeaderHome.png HTTP/1.1" 200 4147
186.103.157.235 - - [23/Mar/2018:10:17:37 -0300] "GET /cormun/static/Resources/PXToolsHeaderActionsRight.png HTTP/1.1" 200 1201
186.103.157.235 - - [23/Mar/2018:10:17:37 -0300] "GET /cormun/static/Resources/PXToolsHeaderActionsBackground.png HTTP/1.1" 200 484
186.103.157.235 - - [23/Mar/2018:10:17:38 -0300] "GET /cormun/static/Resources/PXToolsHeaderSecurity.png HTTP/1.1" 200 4166
186.103.157.235 - - [23/Mar/2018:10:17:38 -0300] "GET /cormun/static/hpexe_scripts.js?201752511465715 HTTP/1.1" 200 1544
186.103.157.235 - - [23/Mar/2018:10:17:38 -0300] "GET /cormun/static/hpexe_messagecontroller.js?20177611595012 HTTP/1.1" 200 870
186.103.157.235 - - [23/Mar/2018:10:17:38 -0300] "GET /cormun/static/hpexe_messagepopupcomponent.js?20161017169425 HTTP/1.1" 200 605
186.103.157.235 - - [23/Mar/2018:10:17:38 -0300] "GET /cormun/static/hpexe_messagegenexuscomponent.js?201752511465344 HTTP/1.1" 200 587
186.103.157.235 - - [23/Mar/2018:10:17:38 -0300] "GET /cormun/static/cmcontrolpreferences.js?201752511465670 HTTP/1.1" 200 1375
186.103.157.235 - - [23/Mar/2018:10:17:38 -0300] "GET /cormun/static/hpexe_recentlink.js?20177611595044 HTTP/1.1" 200 2144
186.103.157.235 - - [23/Mar/2018:10:17:39 -0300] "GET /cormun/static/SmoothNavMenu/resources/ddsmoothmenu.js HTTP/1.1" 200 12712
186.103.157.235 - - [23/Mar/2018:10:17:39 -0300] "GET /cormun/static/SmoothNavMenu/resources/SmoothNavMenuRender.js HTTP/1.1" 200 5951
186.103.157.235 - - [23/Mar/2018:10:17:40 -0300] "GET /cormun/static/scaMessage/js/jquery.pnotify.min.js HTTP/1.1" 200 13038
186.103.157.235 - - [23/Mar/2018:10:17:41 -0300] "GET /cormun/static/Shared/jquery/jquery-1.4.2.min.js HTTP/1.1" 200 72174
186.103.157.235 - - [23/Mar/2018:10:17:41 -0300] "GET /cormun/static/scaMessage/scaMessageRender.js HTTP/1.1" 200 11977
186.103.157.235 - - [23/Mar/2018:10:17:44 -0300] "GET /cormun/static/hmpwkw03.js?20177612122668 HTTP/1.1" 200 3965
186.103.157.235 - - [23/Mar/2018:10:17:45 -0300] "GET /cormun/static/gxui/gxui-all.js HTTP/1.1" 200 107772
186.103.157.235 - - [23/Mar/2018:10:17:49 -0300] "GET /cormun/static/Shared/jqueryui/jquery-ui.min.js HTTP/1.1" 200 240427
186.103.157.235 - - [23/Mar/2018:10:17:50 -0300] "GET /cormun/static/Shared/jquery/jquery-1.10.2.min.js HTTP/1.1" 200 245760
186.103.157.235 - - [23/Mar/2018:10:17:54 -0300] "GET /cormun/servlet/hlogin HTTP/1.1" 200 1724
186.67.84.236 - - [23/Mar/2018:10:20:19 -0300] "POST /cormun/servlet/solicitudot?f66b36bdf88728e7c303b1f0db0953e5,INS,0,0,,gx-no-cache=1521811166261 HTTP/1.1" 200 93
186.67.84.236 - - [23/Mar/2018:10:20:19 -0300] "GET /cormun/servlet/hpexe_return? HTTP/1.1" 200 1010
190.151.99.26 - - [23/Mar/2018:10:20:19 -0300] "GET /cormun/static/gxcfg.js?2016101716175148 HTTP/1.1" 200 953
190.151.99.26 - - [23/Mar/2018:10:20:19 -0300] "GET /cormun/static/hpexe_return.js?2016101716175153 HTTP/1.1" 200 1633
186.67.84.236 - - [23/Mar/2018:10:20:19 -0300] "GET /cormun/static/Resources/Spanish/PXTools.css?167811 HTTP/1.1" 200 89042
186.67.84.236 - - [23/Mar/2018:10:20:19 -0300] "GET /cormun/servlet/trsolicitudot HTTP/1.1" 200 8857
190.151.99.26 - - [23/Mar/2018:10:20:20 -0300] "GET /cormun//static/Resources/PXToolsGridUpdate.png HTTP/1.1" 200 2984
190.151.99.26 - - [23/Mar/2018:10:20:20 -0300] "GET /cormun//static/Resources/PXToolsActionView.png HTTP/1.1" 200 2995
186.67.84.236 - - [23/Mar/2018:10:20:20 -0300] "GET /cormun/servlet/trsolicitudot HTTP/1.1" 200 8853
190.151.124.170 - - [23/Mar/2018:10:20:20 -0300] "GET /cormun//static/Resources/PXToolsGridDelete.png HTTP/1.1" 200 357
190.151.99.26 - - [23/Mar/2018:10:20:20 -0300] "GET /cormun//static/Resources/PXToolsRemoveAllAction.png HTTP/1.1" 200 3558
190.151.99.26 - - [23/Mar/2018:10:20:20 -0300] "GET /cormun//static/Resources/PXTools/ActionInsert.png HTTP/1.1" 200 1482
190.151.99.26 - - [23/Mar/2018:10:20:25 -0300] "POST /cormun/servlet/trsolicitudot?f66b36bdf88728e7c303b1f0db0953e5,gx-no-cache=1521811172160 HTTP/1.1" 200 107
190.151.99.26 - - [23/Mar/2018:10:20:25 -0300] "GET /cormun/servlet/trsolicitudadjuntos?2018,10791, HTTP/1.1" 200 6309
190.151.99.26 - - [23/Mar/2018:10:20:25 -0300] "GET /cormun/static/gxcfg.js?20177612135366 HTTP/1.1" 200 953
190.151.99.26 - - [23/Mar/2018:10:20:25 -0300] "GET /cormun/static/trsolicitudadjuntos.js?20177612135632 HTTP/1.1" 200 17922
190.151.99.26 - - [23/Mar/2018:10:20:25 -0300] "GET /cormun/servlet/trsolicitudadjuntos?2018,10791, HTTP/1.1" 200 6309
200.54.247.70 - - [23/Mar/2018:10:20:26 -0300] "GET /cormun/servlet/hlogin HTTP/1.1" 200 1724
190.151.99.26 - - [23/Mar/2018:10:20:27 -0300] "GET /cormun/servlet/solicitudotadjuntos?INS,2018,10791,,1, HTTP/1.1" 200 6253
190.151.99.26 - - [23/Mar/2018:10:20:27 -0300] "GET /cormun/static/gxcfg.js?2017761244068 HTTP/1.1" 200 953
190.151.124.170 - - [23/Mar/2018:10:20:27 -0300] "GET /cormun/static/solicitudotadjuntos.js?2017761244086 HTTP/1.1" 200 11771
190.151.99.26 - - [23/Mar/2018:10:20:27 -0300] "GET /cormun/static/about:blank HTTP/1.1" 404 1011
190.151.124.170 - - [23/Mar/2018:10:20:27 -0300] "GET /cormun/servlet/solicitudotadjuntos?INS,2018,10791,,1, HTTP/1.1" 200 6247
190.151.99.26 - - [23/Mar/2018:10:20:28 -0300] "GET /cormun/servlet/solicitudotadjuntos?6cc94f1b188d87e5a7f8fe64a86fc316833bd193a2282978c9f921d1af0f7ba3df9b2d931cf7d28d5164909ddec99ec8,gx-no-cache=1521811175243 HTTP/1.1" 200 30
190.151.99.26 - - [23/Mar/2018:10:20:28 -0300] "POST /cormun/servlet/solicitudotadjuntos?f66b36bdf88728e7c303b1f0db0953e5,INS,2018,10791,,1,,gx-no-cache=1521811175306 HTTP/1.1" 200 3990
200.54.247.70 - - [23/Mar/2018:10:20:28 -0300] "GET /cormun/servlet/hlogin HTTP/1.1" 200 1735
192.168.10.89 - - [23/Mar/2018:10:20:37 -0300] "POST /cormun/servlet/trsolicitudgral?2e7386eedb401e462d2c7b573de31d03,,gx-no-cache=1521811070191 HTTP/1.1" 200 7287
200.54.247.70 - - [23/Mar/2018:10:20:38 -0300] "POST /cormun/servlet/hlogin?b11296feb89ae2fbfc040abbd9208c2b,gx-no-cache=1521811180473 HTTP/1.1" 200 90
200.54.247.70 - - [23/Mar/2018:10:20:38 -0300] "GET /cormun/servlet/hpexe_link HTTP/1.1" 200 954
200.54.247.70 - - [23/Mar/2018:10:20:39 -0300] "GET /cormun/servlet/hhome HTTP/1.1" 200 4239
200.54.247.70 - - [23/Mar/2018:10:20:40 -0300] "GET /cormun/servlet/hhome HTTP/1.1" 200 4236
200.54.247.70 - - [23/Mar/2018:10:20:49 -0300] "GET /cormun/servlet/trcontratosolicitud? HTTP/1.1" 200 14520
200.54.247.70 - - [23/Mar/2018:10:20:50 -0300] "GET /cormun/static/gxcfg.js?20177612214014 HTTP/1.1" 200 953
200.54.247.70 - - [23/Mar/2018:10:20:50 -0300] "GET /cormun/static/trcontratosolicitud.js?20177612214349 HTTP/1.1" 200 28237
200.54.247.70 - - [23/Mar/2018:10:20:52 -0300] "GET /cormun//static/Resources/PXToolsGridNew.png HTTP/1.1" 200 2949
200.54.247.70 - - [23/Mar/2018:10:20:52 -0300] "GET /cormun/servlet/trcontratosolicitud? HTTP/1.1" 200 14522
192.168.10.89 - - [23/Mar/2018:10:21:04 -0300] "GET /cormun/servlet/vesolicitudgral?2018,9505,, HTTP/1.1" 200 9498
192.168.10.89 - - [23/Mar/2018:10:21:04 -0300] "GET /cormun/pexe_scrolldiv.js HTTP/1.1" 404 1009
192.168.10.89 - - [23/Mar/2018:10:21:06 -0300] "GET /cormun/servlet/vesolicitudgral?2018,9505,,SolicitudOTLog HTTP/1.1" 200 10027
192.168.10.89 - - [23/Mar/2018:10:21:06 -0300] "GET /cormun/pexe_scrolldiv.js HTTP/1.1" 404 1009
192.168.10.89 - - [23/Mar/2018:10:21:08 -0300] "POST /cormun/servlet/acontrolpreferencessavestate?None,CDROGUETT,true HTTP/1.1" 200 35
192.168.10.89 - - [23/Mar/2018:10:21:12 -0300] "POST /cormun/servlet/vesolicitudgral?2e7386eedb401e462d2c7b573de31d03,2018,9505,,SolicitudOTLog,gx-no-cache=1521811105466 HTTP/1.1" 200 90
192.168.10.89 - - [23/Mar/2018:10:21:12 -0300] "GET /cormun/servlet/hpexe_link HTTP/1.1" 200 977
192.168.10.89 - - [23/Mar/2018:10:21:13 -0300] "GET /cormun/servlet/trsolicitudgral? HTTP/1.1" 200 10785
200.54.247.70 - - [23/Mar/2018:10:21:31 -0300] "POST /cormun/servlet/trcontratosolicitud?b11296feb89ae2fbfc040abbd9208c2b,,gx-no-cache=1521811233523 HTTP/1.1" 200 4953
200.54.247.70 - - [23/Mar/2018:10:21:48 -0300] "POST /cormun/servlet/trcontratosolicitud?b11296feb89ae2fbfc040abbd9208c2b,,gx-no-cache=1521811251593 HTTP/1.1" 200 12137
186.103.157.235 - - [23/Mar/2018:10:22:20 -0300] "GET /cormun/servlet/hlogin HTTP/1.1" 200 1724
186.103.157.235 - - [23/Mar/2018:10:25:48 -0300] "POST /cormun/servlet/hlogin?2d74356a48fc44bd07e686b6c8a8cf6f,gx-no-cache=1521811484275 HTTP/1.1" 200 433
186.103.157.235 - - [23/Mar/2018:10:26:02 -0300] "POST /cormun/servlet/hlogin?2d74356a48fc44bd07e686b6c8a8cf6f,gx-no-cache=1521811497807 HTTP/1.1" 200 433
190.151.99.26 - - [23/Mar/2018:10:26:31 -0300] "POST /cormun/servlet/solicitudotadjuntos?gx-no-cache=1521811538330 HTTP/1.1" 200 26
186.103.157.235 - - [23/Mar/2018:10:26:43 -0300] "POST /cormun/servlet/hlogin?2d74356a48fc44bd07e686b6c8a8cf6f,gx-no-cache=1521811539613 HTTP/1.1" 200 433
190.151.99.26 - - [23/Mar/2018:10:26:44 -0300] "POST /cormun/servlet/solicitudotadjuntos?gx-no-cache=1521811551623 HTTP/1.1" 200 26
186.103.157.235 - - [23/Mar/2018:10:27:46 -0300] "POST /cormun/servlet/hlogin?2d74356a48fc44bd07e686b6c8a8cf6f,gx-no-cache=1521811602418 HTTP/1.1" 200 433
200.54.18.125 - - [23/Mar/2018:10:28:10 -0300] "POST /cormun/servlet/solicitudotadjuntos?gx-no-cache=1521811637879 HTTP/1.1" 200 26
200.54.18.125 - - [23/Mar/2018:10:28:13 -0300] "GET /cormun/servlet/solicitudotadjuntos?6cc94f1b188d87e5a7f8fe64a86fc3165605fd3b62db1b8903e6a0dba5d1ddeb,gx-no-cache=1521811641001 HTTP/1.1" 200 30
200.54.18.125 - - [23/Mar/2018:10:28:13 -0300] "GET /cormun/servlet/solicitudotadjuntos?6cc94f1b188d87e5a7f8fe64a86fc3165605fd3b62db1b8903e6a0dba5d1ddeb,gx-no-cache=1521811641053 HTTP/1.1" 200 30
200.54.18.125 - - [23/Mar/2018:10:28:14 -0300] "POST /cormun/servlet/solicitudotadjuntos?f66b36bdf88728e7c303b1f0db0953e5,INS,2018,10791,,1, HTTP/1.1" 200 116
200.54.18.125 - - [23/Mar/2018:10:28:14 -0300] "GET /cormun/servlet/hpexe_return? HTTP/1.1" 200 1029
200.54.18.125 - - [23/Mar/2018:10:28:14 -0300] "GET /cormun/servlet/trsolicitudadjuntos?2018,10791, HTTP/1.1" 200 8748
200.54.18.125 - - [23/Mar/2018:10:28:15 -0300] "GET /cormun/servlet/trsolicitudadjuntos?2018,10791, HTTP/1.1" 200 8741
186.103.157.235 - - [23/Mar/2018:10:28:58 -0300] "POST /cormun/servlet/hlogin?2d74356a48fc44bd07e686b6c8a8cf6f,gx-no-cache=1521811674389 HTTP/1.1" 200 433
186.103.157.235 - - [23/Mar/2018:10:29:10 -0300] "GET /cormun/servlet/hlogin HTTP/1.1" 200 1724
186.103.196.84 - - [23/Mar/2018:10:29:27 -0300] "GET /cormun/servlet/solicitudotadjuntos?INS,2018,10791,,1, HTTP/1.1" 200 6255
186.103.196.84 - - [23/Mar/2018:10:29:27 -0300] "GET /cormun/static/about:blank HTTP/1.1" 404 1011
186.103.196.84 - - [23/Mar/2018:10:29:27 -0300] "GET /cormun/servlet/solicitudotadjuntos?INS,2018,10791,,1, HTTP/1.1" 200 6248
190.151.99.26 - - [23/Mar/2018:10:29:27 -0300] "GET /cormun/servlet/solicitudotadjuntos?6cc94f1b188d87e5a7f8fe64a86fc316833bd193a2282978c9f921d1af0f7ba3df9b2d931cf7d28d5164909ddec99ec8,gx-no-cache=1521811715075 HTTP/1.1" 200 30
190.151.99.26 - - [23/Mar/2018:10:29:28 -0300] "POST /cormun/servlet/solicitudotadjuntos?f66b36bdf88728e7c303b1f0db0953e5,INS,2018,10791,,1,,gx-no-cache=1521811715112 HTTP/1.1" 200 3991
190.151.99.26 - - [23/Mar/2018:10:29:30 -0300] "POST /cormun/servlet/solicitudotadjuntos?gx-no-cache=1521811717279 HTTP/1.1" 200 26
190.151.99.26 - - [23/Mar/2018:10:29:58 -0300] "GET /cormun/servlet/solicitudotadjuntos?6cc94f1b188d87e5a7f8fe64a86fc3165605fd3b62db1b8903e6a0dba5d1ddeb,gx-no-cache=1521811745360 HTTP/1.1" 200 30
190.151.99.26 - - [23/Mar/2018:10:29:58 -0300] "GET /cormun/servlet/solicitudotadjuntos?6cc94f1b188d87e5a7f8fe64a86fc3165605fd3b62db1b8903e6a0dba5d1ddeb,gx-no-cache=1521811745425 HTTP/1.1" 200 30
190.151.99.26 - - [23/Mar/2018:10:29:59 -0300] "POST /cormun/servlet/solicitudotadjuntos?f66b36bdf88728e7c303b1f0db0953e5,INS,2018,10791,,1, HTTP/1.1" 200 116
190.151.99.26 - - [23/Mar/2018:10:29:59 -0300] "GET /cormun/servlet/hpexe_return? HTTP/1.1" 200 1029
190.151.99.26 - - [23/Mar/2018:10:30:00 -0300] "GET /cormun/servlet/trsolicitudadjuntos?2018,10791, HTTP/1.1" 200 8966
190.151.99.26 - - [23/Mar/2018:10:30:00 -0300] "GET /cormun/servlet/trsolicitudadjuntos?2018,10791, HTTP/1.1" 200 8966
186.67.84.236 - - [23/Mar/2018:10:30:08 -0300] "GET /cormun/servlet/solicitudotadjuntos?INS,2018,10791,,1, HTTP/1.1" 200 6253
186.67.84.236 - - [23/Mar/2018:10:30:08 -0300] "GET /cormun/static/about:blank HTTP/1.1" 404 1011
186.67.84.236 - - [23/Mar/2018:10:30:08 -0300] "GET /cormun/servlet/solicitudotadjuntos?INS,2018,10791,,1, HTTP/1.1" 200 6247
186.103.196.90 - - [23/Mar/2018:10:30:08 -0300] "GET /cormun/servlet/solicitudotadjuntos?6cc94f1b188d87e5a7f8fe64a86fc316833bd193a2282978c9f921d1af0f7ba3df9b2d931cf7d28d5164909ddec99ec8,gx-no-cache=1521811756088 HTTP/1.1" 200 30
186.103.196.90 - - [23/Mar/2018:10:30:09 -0300] "POST /cormun/servlet/solicitudotadjuntos?f66b36bdf88728e7c303b1f0db0953e5,INS,2018,10791,,1,,gx-no-cache=1521811756139 HTTP/1.1" 200 3990
186.103.196.90 - - [23/Mar/2018:10:30:11 -0300] "POST /cormun/servlet/solicitudotadjuntos?gx-no-cache=1521811758399 HTTP/1.1" 200 26
186.103.196.84 - - [23/Mar/2018:10:31:13 -0300] "GET /cormun/servlet/solicitudotadjuntos?6cc94f1b188d87e5a7f8fe64a86fc3165605fd3b62db1b8903e6a0dba5d1ddeb,gx-no-cache=1521811820928 HTTP/1.1" 200 30
186.103.196.84 - - [23/Mar/2018:10:31:13 -0300] "GET /cormun/servlet/solicitudotadjuntos?6cc94f1b188d87e5a7f8fe64a86fc3165605fd3b62db1b8903e6a0dba5d1ddeb,gx-no-cache=1521811820974 HTTP/1.1" 200 30
186.103.196.84 - - [23/Mar/2018:10:31:14 -0300] "POST /cormun/servlet/solicitudotadjuntos?f66b36bdf88728e7c303b1f0db0953e5,INS,2018,10791,,1, HTTP/1.1" 200 116
186.103.196.84 - - [23/Mar/2018:10:31:14 -0300] "GET /cormun/servlet/hpexe_return? HTTP/1.1" 200 1029
186.103.196.84 - - [23/Mar/2018:10:31:14 -0300] "GET /cormun/servlet/trsolicitudadjuntos?2018,10791, HTTP/1.1" 200 9131
186.103.196.84 - - [23/Mar/2018:10:31:15 -0300] "GET /cormun/servlet/trsolicitudadjuntos?2018,10791, HTTP/1.1" 200 9130
186.103.196.84 - - [23/Mar/2018:10:31:18 -0300] "GET /cormun/servlet/solicitudotadjuntos?INS,2018,10791,,1, HTTP/1.1" 200 6254
186.103.196.84 - - [23/Mar/2018:10:31:18 -0300] "GET /cormun/static/about:blank HTTP/1.1" 404 1011
186.103.196.84 - - [23/Mar/2018:10:31:18 -0300] "GET /cormun/servlet/solicitudotadjuntos?INS,2018,10791,,1, HTTP/1.1" 200 6248
152.231.70.146 - - [23/Mar/2018:10:31:19 -0300] "GET /cormun/servlet/solicitudotadjuntos?6cc94f1b188d87e5a7f8fe64a86fc316833bd193a2282978c9f921d1af0f7ba3df9b2d931cf7d28d5164909ddec99ec8,gx-no-cache=1521811826224 HTTP/1.1" 200 30
152.231.70.146 - - [23/Mar/2018:10:31:20 -0300] "POST /cormun/servlet/solicitudotadjuntos?f66b36bdf88728e7c303b1f0db0953e5,INS,2018,10791,,1,,gx-no-cache=1521811826324 HTTP/1.1" 200 3990
152.231.70.146 - - [23/Mar/2018:10:31:23 -0300] "POST /cormun/servlet/solicitudotadjuntos?gx-no-cache=1521811830687 HTTP/1.1" 200 26
186.103.196.84 - - [23/Mar/2018:10:32:28 -0300] "GET /cormun/servlet/solicitudotadjuntos?6cc94f1b188d87e5a7f8fe64a86fc3165605fd3b62db1b8903e6a0dba5d1ddeb,gx-no-cache=1521811895536 HTTP/1.1" 200 30
186.103.196.84 - - [23/Mar/2018:10:32:28 -0300] "GET /cormun/servlet/solicitudotadjuntos?6cc94f1b188d87e5a7f8fe64a86fc3165605fd3b62db1b8903e6a0dba5d1ddeb,gx-no-cache=1521811895594 HTTP/1.1" 200 30
186.103.196.84 - - [23/Mar/2018:10:32:29 -0300] "POST /cormun/servlet/solicitudotadjuntos?f66b36bdf88728e7c303b1f0db0953e5,INS,2018,10791,,1, HTTP/1.1" 200 116
186.103.196.84 - - [23/Mar/2018:10:32:29 -0300] "GET /cormun/servlet/hpexe_return? HTTP/1.1" 200 1029
186.103.196.84 - - [23/Mar/2018:10:32:29 -0300] "GET /cormun/servlet/trsolicitudadjuntos?2018,10791, HTTP/1.1" 200 9362
186.103.196.84 - - [23/Mar/2018:10:32:30 -0300] "GET /cormun/servlet/trsolicitudadjuntos?2018,10791, HTTP/1.1" 200 9360
190.151.124.170 - - [23/Mar/2018:10:32:34 -0300] "GET /cormun/servlet/solicitudotadjuntos?INS,2018,10791,,1, HTTP/1.1" 200 6254
190.151.124.170 - - [23/Mar/2018:10:32:34 -0300] "GET /cormun/static/about:blank HTTP/1.1" 404 1011
190.151.124.170 - - [23/Mar/2018:10:32:34 -0300] "GET /cormun/servlet/solicitudotadjuntos?INS,2018,10791,,1, HTTP/1.1" 200 6247
200.54.18.125 - - [23/Mar/2018:10:32:34 -0300] "GET /cormun/servlet/solicitudotadjuntos?6cc94f1b188d87e5a7f8fe64a86fc316833bd193a2282978c9f921d1af0f7ba3df9b2d931cf7d28d5164909ddec99ec8,gx-no-cache=1521811902091 HTTP/1.1" 200 30
200.54.18.125 - - [23/Mar/2018:10:32:35 -0300] "POST /cormun/servlet/solicitudotadjuntos?f66b36bdf88728e7c303b1f0db0953e5,INS,2018,10791,,1,,gx-no-cache=1521811902139 HTTP/1.1" 200 3991
200.54.18.125 - - [23/Mar/2018:10:32:37 -0300] "POST /cormun/servlet/solicitudotadjuntos?gx-no-cache=1521811904688 HTTP/1.1" 200 26
190.151.99.26 - - [23/Mar/2018:10:33:45 -0300] "GET /cormun/servlet/solicitudotadjuntos?6cc94f1b188d87e5a7f8fe64a86fc3165605fd3b62db1b8903e6a0dba5d1ddeb,gx-no-cache=1521811972473 HTTP/1.1" 200 30
190.151.99.26 - - [23/Mar/2018:10:33:45 -0300] "GET /cormun/servlet/solicitudotadjuntos?6cc94f1b188d87e5a7f8fe64a86fc3165605fd3b62db1b8903e6a0dba5d1ddeb,gx-no-cache=1521811972533 HTTP/1.1" 200 30
190.151.99.26 - - [23/Mar/2018:10:33:46 -0300] "POST /cormun/servlet/solicitudotadjuntos?f66b36bdf88728e7c303b1f0db0953e5,INS,2018,10791,,1, HTTP/1.1" 200 116
190.151.99.26 - - [23/Mar/2018:10:33:46 -0300] "GET /cormun/servlet/hpexe_return? HTTP/1.1" 200 1029
190.151.99.26 - - [23/Mar/2018:10:33:47 -0300] "GET /cormun/servlet/trsolicitudadjuntos?2018,10791, HTTP/1.1" 200 9563
190.151.99.26 - - [23/Mar/2018:10:33:48 -0300] "GET /cormun/servlet/trsolicitudadjuntos?2018,10791, HTTP/1.1" 200 9561
186.103.196.90 - - [23/Mar/2018:10:33:57 -0300] "GET /cormun/servlet/solicitudotadjuntos?INS,2018,10791,,1, HTTP/1.1" 200 6253
186.103.196.90 - - [23/Mar/2018:10:33:57 -0300] "GET /cormun/static/about:blank HTTP/1.1" 404 1011
186.103.196.90 - - [23/Mar/2018:10:33:57 -0300] "GET /cormun/servlet/solicitudotadjuntos?INS,2018,10791,,1, HTTP/1.1" 200 6247
186.103.196.90 - - [23/Mar/2018:10:33:57 -0300] "GET /cormun/servlet/solicitudotadjuntos?6cc94f1b188d87e5a7f8fe64a86fc316833bd193a2282978c9f921d1af0f7ba3df9b2d931cf7d28d5164909ddec99ec8,gx-no-cache=1521811985069 HTTP/1.1" 200 30
186.103.196.90 - - [23/Mar/2018:10:33:58 -0300] "POST /cormun/servlet/solicitudotadjuntos?f66b36bdf88728e7c303b1f0db0953e5,INS,2018,10791,,1,,gx-no-cache=1521811985138 HTTP/1.1" 200 3990
186.103.196.90 - - [23/Mar/2018:10:34:08 -0300] "POST /cormun/servlet/solicitudotadjuntos?gx-no-cache=1521811995966 HTTP/1.1" 200 26
192.168.10.96 - - [23/Mar/2018:10:34:33 -0300] "GET /cormun/servlet/trsolicitudgral? HTTP/1.1" 500 10
192.168.10.96 - - [23/Mar/2018:10:34:36 -0300] "GET /cormun/servlet/hlogin HTTP/1.1" 200 1720
186.103.157.235 - - [23/Mar/2018:10:34:41 -0300] "POST /cormun/servlet/hlogin?2d74356a48fc44bd07e686b6c8a8cf6f,gx-no-cache=1521812016739 HTTP/1.1" 200 90
186.103.157.235 - - [23/Mar/2018:10:34:41 -0300] "GET /cormun/servlet/hpexe_link HTTP/1.1" 200 954
186.103.157.235 - - [23/Mar/2018:10:34:41 -0300] "GET /cormun/servlet/hhome HTTP/1.1" 200 4226
186.103.157.235 - - [23/Mar/2018:10:34:41 -0300] "GET /cormun/static/Shared/ext/ext-all.js HTTP/1.1" 206 1
186.103.157.235 - - [23/Mar/2018:10:34:42 -0300] "GET /cormun/static/Shared/jquery/jquery-1.10.2.min.js HTTP/1.1" 206 1
186.103.157.235 - - [23/Mar/2018:10:34:42 -0300] "GET /cormun/static/Shared/jqueryui/jquery-ui.min.js HTTP/1.1" 206 1
186.103.157.235 - - [23/Mar/2018:10:34:43 -0300] "GET /cormun/static/Shared/jqueryui/jquery-ui.min.js HTTP/1.1" 206 82264
192.168.10.96 - - [23/Mar/2018:10:34:43 -0300] "POST /cormun/servlet/hlogin?b8ca7d26aa4f87e109fe08c2c58e3cb1,gx-no-cache=1521811916585 HTTP/1.1" 200 90
192.168.10.96 - - [23/Mar/2018:10:34:44 -0300] "GET /cormun/servlet/hpexe_link HTTP/1.1" 200 949
192.168.10.96 - - [23/Mar/2018:10:34:44 -0300] "GET /cormun/servlet/hhome HTTP/1.1" 200 4704
192.168.10.96 - - [23/Mar/2018:10:34:44 -0300] "GET /cormun/servlet/hhome HTTP/1.1" 200 4704
186.103.157.235 - - [23/Mar/2018:10:34:44 -0300] "GET /cormun/static/Shared/jquery/jquery-1.10.2.min.js HTTP/1.1" 206 123940
192.168.10.96 - - [23/Mar/2018:10:34:49 -0300] "GET /cormun/servlet/trsolicitudgral? HTTP/1.1" 200 28517
192.168.10.96 - - [23/Mar/2018:10:34:50 -0300] "GET /cormun/servlet/trsolicitudgral? HTTP/1.1" 200 28516
200.54.18.125 - - [23/Mar/2018:10:34:55 -0300] "GET /cormun/servlet/solicitudotadjuntos?6cc94f1b188d87e5a7f8fe64a86fc3165605fd3b62db1b8903e6a0dba5d1ddeb,gx-no-cache=1521812042278 HTTP/1.1" 200 30
200.54.18.125 - - [23/Mar/2018:10:34:55 -0300] "GET /cormun/servlet/solicitudotadjuntos?6cc94f1b188d87e5a7f8fe64a86fc3165605fd3b62db1b8903e6a0dba5d1ddeb,gx-no-cache=1521812042359 HTTP/1.1" 200 30
200.54.18.125 - - [23/Mar/2018:10:34:55 -0300] "POST /cormun/servlet/solicitudotadjuntos?f66b36bdf88728e7c303b1f0db0953e5,INS,2018,10791,,1, HTTP/1.1" 200 116
200.54.18.125 - - [23/Mar/2018:10:34:56 -0300] "GET /cormun/servlet/hpexe_return? HTTP/1.1" 200 1029
200.54.18.125 - - [23/Mar/2018:10:34:56 -0300] "GET /cormun/servlet/trsolicitudadjuntos?2018,10791, HTTP/1.1" 200 9811
186.103.157.235 - - [23/Mar/2018:10:34:56 -0300] "GET /cormun/static/Shared/ext/ext-all.js HTTP/1.1" 206 1125870
200.54.18.125 - - [23/Mar/2018:10:34:57 -0300] "GET /cormun/servlet/trsolicitudadjuntos?2018,10791, HTTP/1.1" 200 9808
186.103.157.235 - - [23/Mar/2018:10:34:58 -0300] "GET /cormun/servlet/hhome HTTP/1.1" 200 4222
186.103.157.235 - - [23/Mar/2018:10:34:58 -0300] "GET /cormun/static/SmoothNavMenu/resources/images/down.gif HTTP/1.1" 200 854
186.103.157.235 - - [23/Mar/2018:10:34:58 -0300] "GET /cormun/static/SmoothNavMenu/resources/images/right.gif HTTP/1.1" 200 860
192.168.10.96 - - [23/Mar/2018:10:35:02 -0300] "POST /cormun/servlet/trsolicitudgral?b8ca7d26aa4f87e109fe08c2c58e3cb1,,gx-no-cache=1521811935535 HTTP/1.1" 200 7294
186.103.196.90 - - [23/Mar/2018:10:35:03 -0300] "GET /cormun/servlet/trsolicitudot? HTTP/1.1" 200 8860
186.103.196.90 - - [23/Mar/2018:10:35:03 -0300] "GET /cormun/servlet/trsolicitudot? HTTP/1.1" 200 8853
190.151.99.26 - - [23/Mar/2018:10:35:21 -0300] "POST /cormun/servlet/trsolicitudot?f66b36bdf88728e7c303b1f0db0953e5,,gx-no-cache=1521812068013 HTTP/1.1" 200 4733
190.151.99.26 - - [23/Mar/2018:10:35:21 -0300] "GET /cormun/static/Shared/jqueryui/images/ui-bg_highlight-soft_100_c6c2c8_1x100.png HTTP/1.1" 404 1117
190.151.99.26 - - [23/Mar/2018:10:35:21 -0300] "GET /cormun/static/Shared/jqueryui/images/ui-icons_82798d_256x240.png HTTP/1.1" 404 1089
186.103.196.90 - - [23/Mar/2018:10:35:21 -0300] "GET /cormun/static/Shared/jqueryui/images/ui-bg_flat_55_fafafa_40x100.png HTTP/1.1" 404 1097
190.151.99.26 - - [23/Mar/2018:10:35:21 -0300] "POST /cormun/servlet/trsolicitudot?f66b36bdf88728e7c303b1f0db0953e5,,gx-no-cache=1521812068682 HTTP/1.1" 200 4474
186.103.196.90 - - [23/Mar/2018:10:35:21 -0300] "GET /cormun/static/Shared/jqueryui/images/ui-icons_8d78a5_256x240.png HTTP/1.1" 404 1089
186.103.196.90 - - [23/Mar/2018:10:35:25 -0300] "POST /cormun/servlet/trsolicitudot?f66b36bdf88728e7c303b1f0db0953e5,,gx-no-cache=1521812072834 HTTP/1.1" 200 10564
186.103.196.90 - - [23/Mar/2018:10:35:42 -0300] "POST /cormun/servlet/trsolicitudot?f66b36bdf88728e7c303b1f0db0953e5,,gx-no-cache=1521812089387 HTTP/1.1" 200 10541
186.103.196.90 - - [23/Mar/2018:10:35:53 -0300] "POST /cormun/servlet/trsolicitudot?f66b36bdf88728e7c303b1f0db0953e5,,gx-no-cache=1521812100178 HTTP/1.1" 200 5811
186.103.196.90 - - [23/Mar/2018:10:35:59 -0300] "POST /cormun/servlet/trsolicitudot?f66b36bdf88728e7c303b1f0db0953e5,,gx-no-cache=1521812106417 HTTP/1.1" 200 10564
186.103.196.90 - - [23/Mar/2018:10:36:01 -0300] "POST /cormun/servlet/trsolicitudot?f66b36bdf88728e7c303b1f0db0953e5,,gx-no-cache=1521812108306 HTTP/1.1" 200 10540
192.168.10.96 - - [23/Mar/2018:10:36:30 -0300] "POST /cormun/servlet/trsolicitudgral?b8ca7d26aa4f87e109fe08c2c58e3cb1,,gx-no-cache=1521812023097 HTTP/1.1" 200 7296
192.168.10.96 - - [23/Mar/2018:10:36:46 -0300] "GET /cormun/servlet/hlogin HTTP/1.1" 200 1720
192.168.10.96 - - [23/Mar/2018:10:36:46 -0300] "GET /cormun/servlet/hlogin HTTP/1.1" 200 1720
192.168.10.96 - - [23/Mar/2018:10:36:58 -0300] "GET /cormun/servlet/trsecurityuser01? HTTP/1.1" 200 10872
192.168.10.96 - - [23/Mar/2018:10:36:59 -0300] "GET /cormun/servlet/hlogin HTTP/1.1" 200 1740
192.168.10.96 - - [23/Mar/2018:10:36:59 -0300] "GET /cormun/servlet/trsecurityuser01? HTTP/1.1" 200 10867
192.168.10.96 - - [23/Mar/2018:10:37:07 -0300] "POST /cormun/servlet/hlogin?b8ca7d26aa4f87e109fe08c2c58e3cb1,gx-no-cache=1521812060009 HTTP/1.1" 200 90
192.168.10.96 - - [23/Mar/2018:10:37:07 -0300] "GET /cormun/servlet/hpexe_link HTTP/1.1" 200 957
192.168.10.96 - - [23/Mar/2018:10:37:07 -0300] "GET /cormun/servlet/trsecurityuser01 HTTP/1.1" 200 12166
192.168.10.96 - - [23/Mar/2018:10:37:08 -0300] "GET /cormun/servlet/trsecurityuser01 HTTP/1.1" 200 12164
192.168.10.89 - - [23/Mar/2018:10:37:19 -0300] "POST /cormun/servlet/trsolicitudgral?2e7386eedb401e462d2c7b573de31d03,,gx-no-cache=1521812071976 HTTP/1.1" 200 5927
192.168.10.89 - - [23/Mar/2018:10:38:06 -0300] "POST /cormun/servlet/trsolicitudgral?2e7386eedb401e462d2c7b573de31d03,,gx-no-cache=1521812118545 HTTP/1.1" 200 7647
192.168.10.96 - - [23/Mar/2018:10:38:18 -0300] "GET /cormun/servlet/trsolicitudgral? HTTP/1.1" 200 10569
192.168.10.96 - - [23/Mar/2018:10:38:19 -0300] "GET /cormun/servlet/trsolicitudgral? HTTP/1.1" 200 10569
192.168.10.96 - - [23/Mar/2018:10:38:25 -0300] "POST /cormun/servlet/trsolicitudgral?b8ca7d26aa4f87e109fe08c2c58e3cb1,,gx-no-cache=1521812137618 HTTP/1.1" 200 7285
190.151.100.218 - - [23/Mar/2018:10:38:40 -0300] "GET /cormun/servlet/hlogin HTTP/1.1" 200 1719
190.151.100.218 - - [23/Mar/2018:10:38:55 -0300] "POST /cormun/servlet/hlogin?7cb14d9cad601ca62255262bb0703a19,gx-no-cache=1521812282963 HTTP/1.1" 200 90
190.151.100.218 - - [23/Mar/2018:10:38:55 -0300] "GET /cormun/servlet/hpexe_link HTTP/1.1" 200 952
190.151.100.218 - - [23/Mar/2018:10:38:55 -0300] "GET /cormun/servlet/hhome HTTP/1.1" 200 4215
190.151.100.218 - - [23/Mar/2018:10:38:56 -0300] "GET /cormun/servlet/hhome HTTP/1.1" 200 4211
192.168.10.96 - - [23/Mar/2018:10:38:57 -0300] "POST /cormun/servlet/trsolicitudgral?b8ca7d26aa4f87e109fe08c2c58e3cb1,,gx-no-cache=1521812169591 HTTP/1.1" 200 8145
190.151.100.218 - - [23/Mar/2018:10:39:00 -0300] "GET /cormun/servlet/trsolicitudot? HTTP/1.1" 200 8794
190.151.100.218 - - [23/Mar/2018:10:39:01 -0300] "GET /cormun/servlet/trsolicitudot? HTTP/1.1" 200 8792
190.151.100.218 - - [23/Mar/2018:10:39:05 -0300] "GET /cormun/servlet/solicitudot?INS,0,0, HTTP/1.1" 200 13659
190.151.100.218 - - [23/Mar/2018:10:39:06 -0300] "GET /cormun/servlet/solicitudot?INS,0,0, HTTP/1.1" 200 13664
192.168.10.89 - - [23/Mar/2018:10:39:09 -0300] "POST /cormun/servlet/trsolicitudgral?2e7386eedb401e462d2c7b573de31d03,,gx-no-cache=1521812182178 HTTP/1.1" 200 5930
186.103.161.206 - - [23/Mar/2018:10:39:17 -0300] "POST /cormun/servlet/solicitudot?gx-no-cache=1521812304940 HTTP/1.1" 200 3405
186.103.161.206 - - [23/Mar/2018:10:39:17 -0300] "POST /cormun/servlet/solicitudot?7cb14d9cad601ca62255262bb0703a19,INS,0,0,,gx-no-cache=1521812305190 HTTP/1.1" 200 10573
192.168.10.96 - - [23/Mar/2018:10:39:23 -0300] "POST /cormun/servlet/trsolicitudgral?b8ca7d26aa4f87e109fe08c2c58e3cb1,,gx-no-cache=1521812196351 HTTP/1.1" 200 7311
192.168.10.96 - - [23/Mar/2018:10:39:43 -0300] "POST /cormun/servlet/trsolicitudgral?b8ca7d26aa4f87e109fe08c2c58e3cb1,,gx-no-cache=1521812216479 HTTP/1.1" 200 7278
192.168.10.96 - - [23/Mar/2018:10:39:54 -0300] "POST /cormun/servlet/trsolicitudgral?b8ca7d26aa4f87e109fe08c2c58e3cb1,,gx-no-cache=1521812227406 HTTP/1.1" 200 7288
192.168.10.89 - - [23/Mar/2018:10:39:59 -0300] "POST /cormun/servlet/trsolicitudgral?2e7386eedb401e462d2c7b573de31d03,,gx-no-cache=1521812232295 HTTP/1.1" 200 7283
192.168.10.89 - - [23/Mar/2018:10:40:11 -0300] "GET /cormun/servlet/vesolicitudgral?2018,8752,, HTTP/1.1" 200 9541
192.168.10.89 - - [23/Mar/2018:10:40:11 -0300] "GET /cormun/pexe_scrolldiv.js HTTP/1.1" 404 1009
192.168.10.89 - - [23/Mar/2018:10:40:14 -0300] "GET /cormun/servlet/vesolicitudgral?2018,8752,,SolicitudOTLog HTTP/1.1" 200 10051
192.168.10.89 - - [23/Mar/2018:10:40:14 -0300] "GET /cormun/pexe_scrolldiv.js HTTP/1.1" 404 1009
192.168.10.89 - - [23/Mar/2018:10:40:15 -0300] "POST /cormun/servlet/acontrolpreferencessavestate?None,CDROGUETT,true HTTP/1.1" 200 35
192.168.10.89 - - [23/Mar/2018:10:40:19 -0300] "POST /cormun/servlet/vesolicitudgral?2e7386eedb401e462d2c7b573de31d03,2018,8752,,SolicitudOTLog,gx-no-cache=1521812252008 HTTP/1.1" 200 90
192.168.10.89 - - [23/Mar/2018:10:40:19 -0300] "GET /cormun/servlet/hpexe_link HTTP/1.1" 200 977
192.168.10.89 - - [23/Mar/2018:10:40:19 -0300] "GET /cormun/servlet/trsolicitudgral? HTTP/1.1" 200 10777
192.168.10.96 - - [23/Mar/2018:10:40:23 -0300] "POST /cormun/servlet/trsolicitudgral?b8ca7d26aa4f87e109fe08c2c58e3cb1,,gx-no-cache=1521812255867 HTTP/1.1" 200 5924
192.168.10.96 - - [23/Mar/2018:10:41:48 -0300] "POST /cormun/servlet/trsolicitudgral?b8ca7d26aa4f87e109fe08c2c58e3cb1,,gx-no-cache=1521812341192 HTTP/1.1" 200 7271
192.168.10.96 - - [23/Mar/2018:10:42:16 -0300] "POST /cormun/servlet/trsolicitudgral?b8ca7d26aa4f87e109fe08c2c58e3cb1,,gx-no-cache=1521812369304 HTTP/1.1" 200 7299
186.103.132.155 - - [23/Mar/2018:10:43:23 -0300] "GET /cormun/servlet/solicitudot?016b03e3a9040430ff4ed9daa3875ea3f5dc39fbb60adc339189095abc1a2f303fbdebc1f1e4ba59130a9af3c270c976,gx-no-cache=1521812551493 HTTP/1.1" 200 30
186.103.132.155 - - [23/Mar/2018:10:43:23 -0300] "GET /cormun/servlet/solicitudot?016b03e3a9040430ff4ed9daa3875ea37e6aeed89ada5e3c90aa2811b09b038b5052a310ff9e55a734f265ec48654f90c1cf5eba6939374c13c1ec75e7432030,gx-no-cache=1521812551634 HTTP/1.1" 200 30
186.103.132.155 - - [23/Mar/2018:10:43:24 -0300] "GET /cormun/servlet/solicitudot?016b03e3a9040430ff4ed9daa3875ea36b228dc8b6625817a757efacbab68bc1,gx-no-cache=1521812551681 HTTP/1.1" 200 51
186.103.132.155 - - [23/Mar/2018:10:43:24 -0300] "POST /cormun/servlet/solicitudot?gx-no-cache=1521812551801 HTTP/1.1" 200 255
186.103.132.155 - - [23/Mar/2018:10:43:24 -0300] "GET /cormun/servlet/solicitudot?016b03e3a9040430ff4ed9daa3875ea32afb16fac173af24af3b62be8f6442a9ed72f47f37f2c0f012f6b64e482611589faf2f9bebc111aa4945479e76155c3723901590d4d663f68c6330e76b524841b7f8fba76eab797ba5a5c0c0eb7428fb1e04f84c9f9cc4122993534ca801b2d08b250e1357025157f0d0447d23e00454ed8f818129f08c483e439d37a38c179d7c0d323db7969c689fc58de8744b898279662bb1c028f5011db6151460ea370c0f49ad55559dd1baec2cdd1fed41163cc8da828c1228c007ff7b33f767171c370b1dc4286d22404a2a2322f9f05ff6c60e3a37d824711cf9d52419906a408f6832c449011e203b730f4ae261dfe7a22d6b2595bebf44128cbb2cb0152adc908cb2fdd6efcc0392a4b558d34b0d995fada3ae1eddf5ed9758087467656ae7b388a5469f383692d75323ee9deccfe7a46e5b959936e87ad6d8d4346734f87df0d3a555c2912913cc267be8f7242dc99c9db9d647bca2b8a09d2f89db10ace1da1c51defb37f22dff56bb4bcc734107f8ce,gx-no-cache=1521812551895 HTTP/1.1" 200 30
186.103.132.155 - - [23/Mar/2018:10:43:29 -0300] "POST /cormun/servlet/solicitudot?gx-no-cache=1521812556917 HTTP/1.1" 200 30
186.103.132.155 - - [23/Mar/2018:10:43:33 -0300] "POST /cormun/servlet/solicitudot?gx-no-cache=1521812561529 HTTP/1.1" 200 1337
186.103.132.155 - - [23/Mar/2018:10:43:33 -0300] "POST /cormun/servlet/solicitudot?gx-no-cache=1521812561653 HTTP/1.1" 200 38
192.168.10.96 - - [23/Mar/2018:10:43:36 -0300] "POST /cormun/servlet/trsolicitudgral?b8ca7d26aa4f87e109fe08c2c58e3cb1,,gx-no-cache=1521812449534 HTTP/1.1" 200 7299
192.168.10.96 - - [23/Mar/2018:10:43:56 -0300] "POST /cormun/servlet/trsolicitudgral?b8ca7d26aa4f87e109fe08c2c58e3cb1,,gx-no-cache=1521812468808 HTTP/1.1" 200 7306
200.111.122.170 - - [23/Mar/2018:10:43:56 -0300] "GET /cormun/servlet/solicitudot?016b03e3a9040430ff4ed9daa3875ea3e62ccc422da1c2a6362fd3edacfafbb0afce3de46bab71e05c0beb56a66e5167d652df507b4f74e8158483ed4e263f2611c6ec34fea52236bab32162106e224d5a5b7394b4ed2fcdd2f3777d39724b3f946c19a9d919712ea9d42551fbc055731a7a67b5c4fe0a6eea8adf42472ce70d3adcee664ccdc4e9f88ddee6d2aae06c7a59d18fce923dfaaa59b945ee88eb93,gx-no-cache=1521812584210 HTTP/1.1" 200 29
200.111.122.170 - - [23/Mar/2018:10:43:56 -0300] "POST /cormun/servlet/solicitudot?gx-no-cache=1521812584291 HTTP/1.1" 200 1318
200.111.122.170 - - [23/Mar/2018:10:43:56 -0300] "POST /cormun/servlet/solicitudot?gx-no-cache=1521812584414 HTTP/1.1" 200 1218
192.168.10.96 - - [23/Mar/2018:10:44:14 -0300] "POST /cormun/servlet/trsolicitudgral?b8ca7d26aa4f87e109fe08c2c58e3cb1,,gx-no-cache=1521812487512 HTTP/1.1" 200 7308
192.168.10.96 - - [23/Mar/2018:10:44:31 -0300] "POST /cormun/servlet/trsolicitudgral?b8ca7d26aa4f87e109fe08c2c58e3cb1,,gx-no-cache=1521812503727 HTTP/1.1" 200 7300
186.103.157.235 - - [23/Mar/2018:10:44:35 -0300] "GET /cormun/servlet/hlogin HTTP/1.1" 200 1727
186.103.157.42 - - [23/Mar/2018:10:44:59 -0300] "GET /cormun/servlet/trsolicitudadjuntos?2017,6996, HTTP/1.1" 200 8834
186.103.157.42 - - [23/Mar/2018:10:44:59 -0300] "GET /cormun/servlet/trsolicitudadjuntos?2017,6996, HTTP/1.1" 200 8838
186.103.157.42 - - [23/Mar/2018:10:45:01 -0300] "GET /cormun/servlet/hlogin HTTP/1.1" 200 1749
186.103.157.42 - - [23/Mar/2018:10:45:01 -0300] "GET /cormun/servlet/trsolicitudadjuntos?2017,6996, HTTP/1.1" 200 8857
186.103.157.42 - - [23/Mar/2018:10:45:06 -0300] "POST /cormun/servlet/hlogin?8ee1ba907ee51fd2df4ccc0228ecb496,gx-no-cache=1521812658812 HTTP/1.1" 200 90
186.103.157.42 - - [23/Mar/2018:10:45:06 -0300] "GET /cormun/servlet/hpexe_link HTTP/1.1" 200 969
186.103.157.42 - - [23/Mar/2018:10:45:06 -0300] "GET /cormun/servlet/trsolicitudadjuntos?2017,6996, HTTP/1.1" 200 9721
192.168.10.96 - - [23/Mar/2018:10:45:07 -0300] "POST /cormun/servlet/trsolicitudgral?b8ca7d26aa4f87e109fe08c2c58e3cb1,,gx-no-cache=1521812539653 HTTP/1.1" 200 7301
186.103.157.42 - - [23/Mar/2018:10:45:07 -0300] "GET /cormun/servlet/trsolicitudadjuntos?2017,6996, HTTP/1.1" 200 9728
186.67.203.186 - - [23/Mar/2018:10:45:13 -0300] "GET /cormun/servlet/solicitudot?016b03e3a9040430ff4ed9daa3875ea33132c8e0505c69bf073df60d107bdf8b,gx-no-cache=1521812661506 HTTP/1.1" 200 30
