186.103.158.250 - - [23/Mar/2018:08:56:55 -0300] "POST /cormun/servlet/licenciaspermisos?f9f911397ea0469f176c5b5d27e6bd21,INS,0,,,,gx-no-cache=1521809561860 HTTP/1.1" 200 93
186.103.158.250 - - [23/Mar/2018:08:56:55 -0300] "GET /cormun/servlet/hpexe_return? HTTP/1.1" 200 1005
186.103.158.250 - - [23/Mar/2018:08:56:55 -0300] "GET /cormun/static/gxcfg.js?2016101716175148 HTTP/1.1" 304 -
186.103.158.250 - - [23/Mar/2018:08:56:56 -0300] "GET /cormun/servlet/trlicencias HTTP/1.1" 200 9317
186.103.158.250 - - [23/Mar/2018:08:56:57 -0300] "GET /cormun/servlet/trlicencias HTTP/1.1" 200 9312
186.103.159.230 - - [23/Mar/2018:08:56:58 -0300] "POST /cormun/servlet/trsolicitudot?9367d7d73dd27038a98baa6ad3e230a7,gx-no-cache=1521806163890 HTTP/1.1" 200 5861
186.103.159.230 - - [23/Mar/2018:08:56:58 -0300] "GET /cormun/static/Shared/jqueryui/images/ui-bg_highlight-soft_100_c6c2c8_1x100.png HTTP/1.1" 404 1117
186.103.159.230 - - [23/Mar/2018:08:56:58 -0300] "GET /cormun/static/Shared/jqueryui/images/ui-icons_82798d_256x240.png HTTP/1.1" 404 1089
186.103.159.230 - - [23/Mar/2018:08:56:58 -0300] "GET /cormun/static/Shared/jqueryui/images/ui-bg_flat_55_fafafa_40x100.png HTTP/1.1" 404 1097
186.103.159.230 - - [23/Mar/2018:08:56:58 -0300] "GET /cormun/static/Shared/jqueryui/images/ui-icons_8d78a5_256x240.png HTTP/1.1" 404 1089
186.103.159.230 - - [23/Mar/2018:08:56:58 -0300] "POST /cormun/servlet/trsolicitudot?9367d7d73dd27038a98baa6ad3e230a7,gx-no-cache=1521806164140 HTTP/1.1" 200 5803
186.103.158.250 - - [23/Mar/2018:08:57:11 -0300] "GET /cormun/servlet/trlicenciaspermisosadjuntos?16223503,20180323000000,L, HTTP/1.1" 200 6321
186.103.158.250 - - [23/Mar/2018:08:57:11 -0300] "GET /cormun/static/gxcfg.js?20177612163414 HTTP/1.1" 200 953
186.103.158.250 - - [23/Mar/2018:08:57:12 -0300] "GET /cormun/servlet/trlicenciaspermisosadjuntos?16223503,20180323000000,L, HTTP/1.1" 200 6321
186.103.158.250 - - [23/Mar/2018:08:57:15 -0300] "GET /cormun/servlet/licenciaspermisosadjuntos?INS,16223503,L,20180323000000,, HTTP/1.1" 200 5616
186.103.158.250 - - [23/Mar/2018:08:57:15 -0300] "GET /cormun/static/gxcfg.js?2017761263592 HTTP/1.1" 304 -
186.103.158.250 - - [23/Mar/2018:08:57:15 -0300] "GET /cormun/static/about:blank HTTP/1.1" 404 1011
186.103.158.250 - - [23/Mar/2018:08:57:16 -0300] "GET /cormun/servlet/licenciaspermisosadjuntos?INS,16223503,L,20180323000000,, HTTP/1.1" 200 5606
186.103.159.230 - - [23/Mar/2018:08:57:16 -0300] "GET /cormun/servlet/trautorizarsolicitud? HTTP/1.1" 200 8624
186.103.159.230 - - [23/Mar/2018:08:57:16 -0300] "GET /cormun/static/gxcfg.js?2017111423403364 HTTP/1.1" 304 -
186.103.159.230 - - [23/Mar/2018:08:57:17 -0300] "GET /cormun/servlet/trautorizarsolicitud? HTTP/1.1" 200 8624
186.103.159.204 - - [23/Mar/2018:08:57:28 -0300] "GET /cormun/static/menuarrow.gif HTTP/1.1" 404 1015
186.103.159.230 - - [23/Mar/2018:08:57:37 -0300] "POST /cormun/servlet/trautorizarsolicitud?9367d7d73dd27038a98baa6ad3e230a7,,gx-no-cache=1521806203035 HTTP/1.1" 200 4604
186.103.159.230 - - [23/Mar/2018:08:57:37 -0300] "GET /cormun/static/Shared/jqueryui/images/ui-bg_highlight-soft_100_c6c2c8_1x100.png HTTP/1.1" 404 1117
186.103.159.230 - - [23/Mar/2018:08:57:37 -0300] "GET /cormun/static/Shared/jqueryui/images/ui-icons_82798d_256x240.png HTTP/1.1" 404 1089
186.103.159.230 - - [23/Mar/2018:08:57:37 -0300] "GET /cormun/static/Shared/jqueryui/images/ui-icons_8d78a5_256x240.png HTTP/1.1" 404 1089
186.103.159.230 - - [23/Mar/2018:08:57:37 -0300] "GET /cormun/static/Shared/jqueryui/images/ui-bg_flat_55_fafafa_40x100.png HTTP/1.1" 404 1097
186.103.159.230 - - [23/Mar/2018:08:57:37 -0300] "POST /cormun/servlet/trautorizarsolicitud?9367d7d73dd27038a98baa6ad3e230a7,,gx-no-cache=1521806203240 HTTP/1.1" 200 4383
186.103.159.204 - - [23/Mar/2018:08:57:43 -0300] "POST /cormun/servlet/trsolicitudot?c7f5cad3bf360177ccc38c56b03c0df0,,gx-no-cache=1521806204342 HTTP/1.1" 200 22823
186.103.159.230 - - [23/Mar/2018:08:58:00 -0300] "GET /cormun/servlet/trsolicitudot? HTTP/1.1" 200 8728
186.103.159.230 - - [23/Mar/2018:08:58:00 -0300] "GET /cormun/servlet/trsolicitudot? HTTP/1.1" 200 8727
186.103.159.230 - - [23/Mar/2018:08:58:28 -0300] "POST /cormun/servlet/trsolicitudot?9367d7d73dd27038a98baa6ad3e230a7,,gx-no-cache=1521806253389 HTTP/1.1" 200 4663
186.103.159.230 - - [23/Mar/2018:08:58:28 -0300] "GET /cormun/static/Shared/jqueryui/images/ui-bg_highlight-soft_100_c6c2c8_1x100.png HTTP/1.1" 404 1117
186.103.159.230 - - [23/Mar/2018:08:58:28 -0300] "GET /cormun/static/Shared/jqueryui/images/ui-icons_82798d_256x240.png HTTP/1.1" 404 1089
186.103.159.230 - - [23/Mar/2018:08:58:28 -0300] "GET /cormun/static/Shared/jqueryui/images/ui-bg_flat_55_fafafa_40x100.png HTTP/1.1" 404 1097
186.103.159.230 - - [23/Mar/2018:08:58:28 -0300] "GET /cormun/static/Shared/jqueryui/images/ui-icons_8d78a5_256x240.png HTTP/1.1" 404 1089
186.103.159.230 - - [23/Mar/2018:08:58:28 -0300] "POST /cormun/servlet/trsolicitudot?9367d7d73dd27038a98baa6ad3e230a7,,gx-no-cache=1521806253817 HTTP/1.1" 200 4454
186.103.159.46 - - [23/Mar/2018:08:58:30 -0300] "GET /cormun/servlet/licenciaspermisos?9b48bf7de988b70867efa4bae72e952ed82f71af4fdfb1545219b62f1dc604316a9b2609bd45720aced7396dcd237be9695f3ec895593b532bd213c480fde09dedb569a76b08f0c406b22ab5e522332ab33d38dba8f67654c4c8256fabe054fd788a0c69f26cfe2bfb60421641c6502cfe9890417ead04acebc7115a3306cb6d4071991ef20778c12100eda3a9512001cbe1f99ba4441ca9a4baedcd6b83b3106f37c1ee259acd820c3867d7022b9d68b01e3f85e25efa2e86bf92f24134c5f2e212537cc6cc60276ffeade65784fbdd29540d7edd46c9069f3338321b24a372,gx-no-cache=1521806259200 HTTP/1.1" 200 30
186.103.159.46 - - [23/Mar/2018:08:58:31 -0300] "POST /cormun/servlet/licenciaspermisos?db5700616b74c96b778aed0372e2a9a2,INS,0,,,,gx-no-cache=1521806259429 HTTP/1.1" 200 4765
186.103.159.230 - - [23/Mar/2018:08:58:47 -0300] "GET /cormun/servlet/trautorizarsolicitud? HTTP/1.1" 200 8621
186.103.159.230 - - [23/Mar/2018:08:58:48 -0300] "GET /cormun/servlet/trautorizarsolicitud? HTTP/1.1" 200 8621
186.103.158.250 - - [23/Mar/2018:08:58:49 -0300] "POST /cormun/servlet/licenciaspermisosadjuntos?f9f911397ea0469f176c5b5d27e6bd21,INS,16223503,L,20180323000000,, HTTP/1.1" 200 116
186.103.158.250 - - [23/Mar/2018:08:58:49 -0300] "GET /cormun/servlet/hpexe_return? HTTP/1.1" 200 1035
186.103.158.250 - - [23/Mar/2018:08:58:49 -0300] "GET /cormun/servlet/trlicenciaspermisosadjuntos?16223503,20180323000000,L, HTTP/1.1" 200 6325
186.103.158.250 - - [23/Mar/2018:08:58:51 -0300] "GET /cormun/servlet/trlicenciaspermisosadjuntos?16223503,20180323000000,L, HTTP/1.1" 200 6321
192.168.10.96 - - [23/Mar/2018:08:58:55 -0300] "POST /cormun/servlet/vesolicitudgral?89aadc39e84de9818717ddaabb962d35,2018,9047,,SolicitudOTAdjuntos,gx-no-cache=1521806167945 HTTP/1.1" 200 90
192.168.10.96 - - [23/Mar/2018:08:58:55 -0300] "GET /cormun/servlet/hpexe_link HTTP/1.1" 200 976
192.168.10.96 - - [23/Mar/2018:08:58:55 -0300] "GET /cormun/servlet/trsolicitudgral? HTTP/1.1" 200 10566
192.168.10.96 - - [23/Mar/2018:08:58:55 -0300] "GET /cormun/servlet/trsolicitudgral? HTTP/1.1" 200 10564
186.103.159.230 - - [23/Mar/2018:08:59:00 -0300] "POST /cormun/servlet/trautorizarsolicitud?9367d7d73dd27038a98baa6ad3e230a7,,gx-no-cache=1521806285939 HTTP/1.1" 200 4595
186.103.159.230 - - [23/Mar/2018:08:59:00 -0300] "GET /cormun/static/Shared/jqueryui/images/ui-bg_highlight-soft_100_c6c2c8_1x100.png HTTP/1.1" 404 1117
186.103.159.230 - - [23/Mar/2018:08:59:00 -0300] "GET /cormun/static/Shared/jqueryui/images/ui-bg_flat_55_fafafa_40x100.png HTTP/1.1" 404 1097
186.103.159.230 - - [23/Mar/2018:08:59:00 -0300] "GET /cormun/static/Shared/jqueryui/images/ui-icons_8d78a5_256x240.png HTTP/1.1" 404 1089
186.103.159.230 - - [23/Mar/2018:08:59:00 -0300] "GET /cormun/static/Shared/jqueryui/images/ui-icons_82798d_256x240.png HTTP/1.1" 404 1089
186.103.159.230 - - [23/Mar/2018:08:59:00 -0300] "POST /cormun/servlet/trautorizarsolicitud?9367d7d73dd27038a98baa6ad3e230a7,,gx-no-cache=1521806286222 HTTP/1.1" 200 4386
192.168.10.96 - - [23/Mar/2018:08:59:03 -0300] "POST /cormun/servlet/trsolicitudgral?89aadc39e84de9818717ddaabb962d35,,gx-no-cache=1521806175792 HTTP/1.1" 200 15468
186.103.159.230 - - [23/Mar/2018:08:59:19 -0300] "GET /cormun/servlet/trsolicitudot? HTTP/1.1" 200 7378
186.103.159.230 - - [23/Mar/2018:08:59:20 -0300] "GET /cormun/servlet/trsolicitudot? HTTP/1.1" 200 7377
192.168.10.96 - - [23/Mar/2018:08:59:24 -0300] "POST /cormun/servlet/trsolicitudgral?89aadc39e84de9818717ddaabb962d35,,gx-no-cache=1521806197426 HTTP/1.1" 200 8622
186.103.159.230 - - [23/Mar/2018:08:59:29 -0300] "GET /cormun/servlet/solicitudot?INS,0,0, HTTP/1.1" 200 13610
186.103.159.230 - - [23/Mar/2018:08:59:29 -0300] "GET /cormun/servlet/solicitudot?INS,0,0, HTTP/1.1" 200 13614
192.168.10.96 - - [23/Mar/2018:08:59:31 -0300] "POST /cormun/servlet/trsolicitudgral?89aadc39e84de9818717ddaabb962d35,,gx-no-cache=1521806203728 HTTP/1.1" 200 15469
186.103.159.230 - - [23/Mar/2018:09:00:13 -0300] "POST /cormun/servlet/solicitudot?gx-no-cache=1521806359191 HTTP/1.1" 200 3419
186.103.159.230 - - [23/Mar/2018:09:00:13 -0300] "POST /cormun/servlet/solicitudot?9367d7d73dd27038a98baa6ad3e230a7,INS,0,0,,gx-no-cache=1521806359377 HTTP/1.1" 200 10591
186.103.159.230 - - [23/Mar/2018:09:00:15 -0300] "GET /cormun/servlet/solicitudot?6708aea78357c5267fcf206b9aea3322d68e300e7db020a92fdc6ed505eb469b8e9ec1cb53e532d9bc185be4fdee786e,gx-no-cache=1521806360755 HTTP/1.1" 200 30
186.103.159.230 - - [23/Mar/2018:09:00:15 -0300] "GET /cormun/servlet/solicitudot?6708aea78357c5267fcf206b9aea332278e24e425dab23167a26ba1a5811938e8410b7b0fddd7fdb6d87d1257e9aded88e9ec1cb53e532d9bc185be4fdee786e,gx-no-cache=1521806360830 HTTP/1.1" 200 30
186.103.159.230 - - [23/Mar/2018:09:00:15 -0300] "GET /cormun/servlet/solicitudot?6708aea78357c5267fcf206b9aea332285cf27b0757b486063cdcec3167a4d54,gx-no-cache=1521806360893 HTTP/1.1" 200 53
186.103.159.230 - - [23/Mar/2018:09:00:15 -0300] "POST /cormun/servlet/solicitudot?gx-no-cache=1521806360925 HTTP/1.1" 200 297
186.103.159.230 - - [23/Mar/2018:09:00:15 -0300] "GET /cormun/servlet/solicitudot?6708aea78357c5267fcf206b9aea33223c673e83dea3dfad0de85fd5dda1c3abae357203a6a6a95e08e4755c13f6cb8a142ce598c0b43847325e8b399d45611c692ffd8b2e8b68e302e8d778c21730a91d4e48d1a0236a3773c4433509f07936d2a9df87c8ab65faca4c3e907c3d5525f8123884d5e9a32964eaf9d75867dbae26127c73284ede272a8e26a2ccbbb792a006d1493fbc4ce2bffba47419a5fa508977563afab5d13286ad328b6e2648e00005a02630c88cc205d2035f30b68af738dffea27595977407f5339e44b42ed8bc9cf638a0b9616efa088f665b49633aca97fd8aa9e31241a3096ee92136894f82e594c16bd94a5759bf15b2d4b3b5d779afc311a6dee595e820e65047b2483e6ced94be30ba2e09e1fbf31f4402fe642e409dc7e13e21d2df129fad4f513540281642bdba61d186f1f73ec70e92ddfa6b62ea7c4e0059a4b2d73871796be08a947e21f2222e7299cf07c16b80077c81ea15e533a427d103d1305fdae807a40aeaf90b0ed59713a4a6a27262d9538d87f15a180b080db75ae8cd61d4adadef2e,gx-no-cache=1521806360965 HTTP/1.1" 200 30
186.103.159.230 - - [23/Mar/2018:09:00:15 -0300] "POST /cormun/servlet/solicitudot?gx-no-cache=1521806361294 HTTP/1.1" 200 30
186.103.159.230 - - [23/Mar/2018:09:00:15 -0300] "POST /cormun/servlet/solicitudot?gx-no-cache=1521806361335 HTTP/1.1" 200 1337
186.103.159.230 - - [23/Mar/2018:09:00:15 -0300] "POST /cormun/servlet/solicitudot?gx-no-cache=1521806361399 HTTP/1.1" 200 38
186.103.159.230 - - [23/Mar/2018:09:00:27 -0300] "POST /cormun/servlet/solicitudot?gx-no-cache=1521806372808 HTTP/1.1" 200 30
186.103.159.230 - - [23/Mar/2018:09:00:31 -0300] "GET /cormun/servlet/prcontratosol?17235429,,,,,MD,,gxPopupLevel%3D0%3B HTTP/1.1" 200 7678
186.103.159.230 - - [23/Mar/2018:09:00:35 -0300] "POST /cormun/servlet/solicitudot?gx-no-cache=1521806381376 HTTP/1.1" 200 1337
186.103.159.230 - - [23/Mar/2018:09:00:35 -0300] "POST /cormun/servlet/solicitudot?gx-no-cache=1521806381453 HTTP/1.1" 200 38
186.103.159.230 - - [23/Mar/2018:09:00:35 -0300] "GET /cormun/servlet/solicitudot?6708aea78357c5267fcf206b9aea33226ae92556c12591e1df5f5642e0a4e2fda41009509620a6c51d5cc5415df6d409b7f338db2263262d80ef7ee6eda41e6b313af9cd7527a506072ba093a888c023cde4c376002be63a3ef5cdf19e9bfd756479a66f695ad4621f9f7ec07bd11c32,gx-no-cache=1521806381485 HTTP/1.1" 200 29
186.103.159.230 - - [23/Mar/2018:09:00:36 -0300] "POST /cormun/servlet/solicitudot?gx-no-cache=1521806381563 HTTP/1.1" 200 1318
186.103.159.230 - - [23/Mar/2018:09:00:36 -0300] "POST /cormun/servlet/solicitudot?gx-no-cache=1521806382052 HTTP/1.1" 200 1217
186.103.159.230 - - [23/Mar/2018:09:00:36 -0300] "GET /cormun/servlet/solicitudot?6708aea78357c5267fcf206b9aea332210596418536d39cae300ac0c23aafa3c4516c41f80da39d92f0435940b8913b0,gx-no-cache=1521806382234 HTTP/1.1" 200 30
186.103.158.250 - - [23/Mar/2018:09:00:48 -0300] "GET /cormun/servlet/licenciaspermisosadjuntos?INS,16223503,L,20180323000000,, HTTP/1.1" 200 5616
186.103.158.250 - - [23/Mar/2018:09:00:48 -0300] "GET /cormun/static/about:blank HTTP/1.1" 404 1011
186.103.158.250 - - [23/Mar/2018:09:00:49 -0300] "GET /cormun/servlet/licenciaspermisosadjuntos?INS,16223503,L,20180323000000,, HTTP/1.1" 200 5606
186.103.159.230 - - [23/Mar/2018:09:00:55 -0300] "POST /cormun/servlet/solicitudot?gx-no-cache=1521806400281 HTTP/1.1" 200 1317
186.103.159.230 - - [23/Mar/2018:09:00:55 -0300] "POST /cormun/servlet/solicitudot?gx-no-cache=1521806400732 HTTP/1.1" 200 1217
186.103.159.230 - - [23/Mar/2018:09:00:55 -0300] "GET /cormun/static/menuarrow.gif HTTP/1.1" 404 1015
186.103.158.250 - - [23/Mar/2018:09:01:01 -0300] "POST /cormun/servlet/licenciaspermisosadjuntos?f9f911397ea0469f176c5b5d27e6bd21,INS,16223503,L,20180323000000,, HTTP/1.1" 200 116
186.103.158.250 - - [23/Mar/2018:09:01:01 -0300] "GET /cormun/servlet/hpexe_return? HTTP/1.1" 200 1035
186.103.158.250 - - [23/Mar/2018:09:01:01 -0300] "GET /cormun/servlet/trlicenciaspermisosadjuntos?16223503,20180323000000,L, HTTP/1.1" 200 6789
186.103.158.250 - - [23/Mar/2018:09:01:02 -0300] "GET /cormun/servlet/trlicenciaspermisosadjuntos?16223503,20180323000000,L, HTTP/1.1" 200 6786
186.103.159.230 - - [23/Mar/2018:09:01:04 -0300] "POST /cormun/servlet/solicitudot?gx-no-cache=1521806409690 HTTP/1.1" 200 1317
186.103.159.230 - - [23/Mar/2018:09:01:04 -0300] "POST /cormun/servlet/solicitudot?gx-no-cache=1521806409792 HTTP/1.1" 200 1217
186.103.159.230 - - [23/Mar/2018:09:01:07 -0300] "GET /cormun/servlet/solicitudot?6708aea78357c5267fcf206b9aea33229d2ba64e3595714d641e7610db857e224516c41f80da39d92f0435940b8913b0,gx-no-cache=1521806412688 HTTP/1.1" 200 30
186.103.159.230 - - [23/Mar/2018:09:01:07 -0300] "POST /cormun/servlet/solicitudot?gx-no-cache=1521806412724 HTTP/1.1" 200 33
186.103.158.250 - - [23/Mar/2018:09:01:11 -0300] "GET /cormun/servlet/trlicencias? HTTP/1.1" 200 9313
186.103.158.250 - - [23/Mar/2018:09:01:13 -0300] "GET /cormun/servlet/trlicencias? HTTP/1.1" 200 9312
186.103.158.250 - - [23/Mar/2018:09:01:23 -0300] "GET /cormun/servlet/alicenciaprn?16223503,L,20180323000000,PU HTTP/1.1" 200 1546
186.103.159.230 - - [23/Mar/2018:09:01:35 -0300] "POST /cormun/servlet/solicitudot?9367d7d73dd27038a98baa6ad3e230a7,INS,0,0,,gx-no-cache=1521806441294 HTTP/1.1" 200 93
186.103.159.230 - - [23/Mar/2018:09:01:35 -0300] "GET /cormun/servlet/hpexe_return? HTTP/1.1" 200 1007
186.103.159.230 - - [23/Mar/2018:09:01:36 -0300] "GET /cormun/servlet/trsolicitudot HTTP/1.1" 200 8743
186.103.159.230 - - [23/Mar/2018:09:01:36 -0300] "GET /cormun/servlet/trsolicitudot HTTP/1.1" 200 8739
186.103.159.230 - - [23/Mar/2018:09:02:19 -0300] "POST /cormun/servlet/trsolicitudot?9367d7d73dd27038a98baa6ad3e230a7,gx-no-cache=1521806485386 HTTP/1.1" 200 4680
186.103.159.230 - - [23/Mar/2018:09:02:20 -0300] "GET /cormun/static/Shared/jqueryui/images/ui-bg_highlight-soft_100_c6c2c8_1x100.png HTTP/1.1" 404 1117
186.103.159.230 - - [23/Mar/2018:09:02:20 -0300] "GET /cormun/static/Shared/jqueryui/images/ui-bg_flat_55_fafafa_40x100.png HTTP/1.1" 404 1097
186.103.159.230 - - [23/Mar/2018:09:02:20 -0300] "GET /cormun/static/Shared/jqueryui/images/ui-icons_82798d_256x240.png HTTP/1.1" 404 1089
186.103.159.230 - - [23/Mar/2018:09:02:20 -0300] "GET /cormun/static/Shared/jqueryui/images/ui-icons_8d78a5_256x240.png HTTP/1.1" 404 1089
186.103.159.230 - - [23/Mar/2018:09:02:20 -0300] "POST /cormun/servlet/trsolicitudot?9367d7d73dd27038a98baa6ad3e230a7,gx-no-cache=1521806485673 HTTP/1.1" 200 4451
186.103.159.230 - - [23/Mar/2018:09:02:37 -0300] "GET /cormun/servlet/trautorizarsolicitud? HTTP/1.1" 200 8635
186.103.159.230 - - [23/Mar/2018:09:02:38 -0300] "GET /cormun/servlet/trautorizarsolicitud? HTTP/1.1" 200 8635
186.103.159.230 - - [23/Mar/2018:09:03:04 -0300] "POST /cormun/servlet/trautorizarsolicitud?9367d7d73dd27038a98baa6ad3e230a7,,gx-no-cache=1521806529318 HTTP/1.1" 200 4613
186.103.159.230 - - [23/Mar/2018:09:03:04 -0300] "GET /cormun/static/Shared/jqueryui/images/ui-bg_highlight-soft_100_c6c2c8_1x100.png HTTP/1.1" 404 1117
186.103.159.230 - - [23/Mar/2018:09:03:04 -0300] "GET /cormun/static/Shared/jqueryui/images/ui-bg_flat_55_fafafa_40x100.png HTTP/1.1" 404 1097
186.103.159.230 - - [23/Mar/2018:09:03:04 -0300] "GET /cormun/static/Shared/jqueryui/images/ui-icons_8d78a5_256x240.png HTTP/1.1" 404 1089
186.103.159.230 - - [23/Mar/2018:09:03:04 -0300] "GET /cormun/static/Shared/jqueryui/images/ui-icons_82798d_256x240.png HTTP/1.1" 404 1089
186.103.159.230 - - [23/Mar/2018:09:03:04 -0300] "POST /cormun/servlet/trautorizarsolicitud?9367d7d73dd27038a98baa6ad3e230a7,,gx-no-cache=1521806529682 HTTP/1.1" 200 4385
192.168.10.96 - - [23/Mar/2018:09:03:18 -0300] "POST /cormun/servlet/trsolicitudgral?89aadc39e84de9818717ddaabb962d35,,gx-no-cache=1521806430698 HTTP/1.1" 200 5943
192.168.10.96 - - [23/Mar/2018:09:03:24 -0300] "POST /cormun/servlet/trsolicitudgral?89aadc39e84de9818717ddaabb962d35,,gx-no-cache=1521806437381 HTTP/1.1" 200 7638
186.103.158.250 - - [23/Mar/2018:09:03:27 -0300] "POST /cormun/servlet/trlicencias?f9f911397ea0469f176c5b5d27e6bd21,,gx-no-cache=1521809953148 HTTP/1.1" 200 6603
186.103.158.250 - - [23/Mar/2018:09:03:27 -0300] "GET /cormun/static/Shared/jqueryui/images/ui-bg_highlight-soft_100_c6c2c8_1x100.png HTTP/1.1" 404 1117
186.103.158.250 - - [23/Mar/2018:09:03:27 -0300] "GET /cormun/static/Shared/jqueryui/images/ui-icons_82798d_256x240.png HTTP/1.1" 404 1089
186.103.158.250 - - [23/Mar/2018:09:03:27 -0300] "GET /cormun/static/Shared/jqueryui/images/ui-bg_flat_55_fafafa_40x100.png HTTP/1.1" 404 1097
186.103.158.250 - - [23/Mar/2018:09:03:27 -0300] "GET /cormun/static/Shared/jqueryui/images/ui-icons_8d78a5_256x240.png HTTP/1.1" 404 1089
200.111.122.170 - - [23/Mar/2018:09:03:28 -0300] "GET /cormun/servlet/hlogin HTTP/1.1" 200 1723
200.111.122.170 - - [23/Mar/2018:09:03:28 -0300] "GET /cormun/static/gxcfg.js?20175251213516 HTTP/1.1" 304 -
200.111.122.170 - - [23/Mar/2018:09:03:28 -0300] "GET /cormun/servlet/hlogin HTTP/1.1" 200 1734
200.111.122.170 - - [23/Mar/2018:09:03:40 -0300] "POST /cormun/servlet/hlogin?6743716ba78727f6161fa54c294cc480,gx-no-cache=1521806568192 HTTP/1.1" 200 449
200.111.122.170 - - [23/Mar/2018:09:03:46 -0300] "POST /cormun/servlet/hlogin?6743716ba78727f6161fa54c294cc480,gx-no-cache=1521806573701 HTTP/1.1" 200 90
200.111.122.170 - - [23/Mar/2018:09:03:46 -0300] "GET /cormun/servlet/hpexe_link HTTP/1.1" 200 956
200.111.122.170 - - [23/Mar/2018:09:03:46 -0300] "GET /cormun/servlet/hhome HTTP/1.1" 200 4221
200.111.122.170 - - [23/Mar/2018:09:03:46 -0300] "GET /cormun/static/gxcfg.js?20175251212442 HTTP/1.1" 304 -
200.111.122.170 - - [23/Mar/2018:09:03:47 -0300] "GET /cormun/servlet/hhome HTTP/1.1" 200 4217
200.111.122.170 - - [23/Mar/2018:09:03:55 -0300] "GET /cormun/servlet/trsolicitudot? HTTP/1.1" 200 8798
200.111.122.170 - - [23/Mar/2018:09:03:55 -0300] "GET /cormun/servlet/trsolicitudot? HTTP/1.1" 200 8799
200.120.230.197 - - [23/Mar/2018:09:03:59 -0300] "GET /cormun/servlet/hlogin HTTP/1.1" 200 1713
200.120.230.197 - - [23/Mar/2018:09:03:59 -0300] "GET /cormun/static/messages.spa.js?85251 HTTP/1.1" 304 -
192.168.10.96 - - [23/Mar/2018:09:04:00 -0300] "POST /cormun/servlet/trsolicitudgral?89aadc39e84de9818717ddaabb962d35,,gx-no-cache=1521806454486 HTTP/1.1" 200 25769
200.111.122.170 - - [23/Mar/2018:09:04:01 -0300] "GET /cormun/static/menuarrow.gif HTTP/1.1" 404 1015
200.111.122.170 - - [23/Mar/2018:09:04:06 -0300] "POST /cormun/servlet/trsolicitudot?6743716ba78727f6161fa54c294cc480,,gx-no-cache=1521806593710 HTTP/1.1" 200 6283
200.120.230.197 - - [23/Mar/2018:09:04:07 -0300] "POST /cormun/servlet/hlogin?6f230cdd4798ba6f9d1b26c97003c3ec,gx-no-cache=1521806607407 HTTP/1.1" 200 90
200.120.230.197 - - [23/Mar/2018:09:04:07 -0300] "GET /cormun/servlet/hpexe_link HTTP/1.1" 200 945
200.120.230.197 - - [23/Mar/2018:09:04:07 -0300] "GET /cormun/servlet/hhome HTTP/1.1" 200 4224
200.120.230.197 - - [23/Mar/2018:09:04:09 -0300] "GET /cormun/servlet/hhome HTTP/1.1" 200 4220
200.120.230.197 - - [23/Mar/2018:09:04:11 -0300] "GET /cormun/servlet/trlicencias? HTTP/1.1" 200 12562
200.120.230.197 - - [23/Mar/2018:09:04:11 -0300] "GET /cormun/static/gxcfg.js?20176272054169 HTTP/1.1" 304 -
200.120.230.197 - - [23/Mar/2018:09:04:13 -0300] "GET /cormun/servlet/trlicencias? HTTP/1.1" 200 12550
192.168.10.96 - - [23/Mar/2018:09:04:22 -0300] "POST /cormun/servlet/trsolicitudgral?89aadc39e84de9818717ddaabb962d35,,gx-no-cache=1521806481232 HTTP/1.1" 200 26258
200.120.230.197 - - [23/Mar/2018:09:04:30 -0300] "GET /cormun/servlet/trsolicitudot? HTTP/1.1" 200 7433
200.120.230.197 - - [23/Mar/2018:09:04:30 -0300] "GET /cormun/static/gxcfg.js?2017111422585916 HTTP/1.1" 304 -
200.120.230.197 - - [23/Mar/2018:09:04:31 -0300] "GET /cormun/servlet/trsolicitudot? HTTP/1.1" 200 7433
200.120.230.197 - - [23/Mar/2018:09:04:33 -0300] "GET /cormun/servlet/hlogin HTTP/1.1" 200 1731
186.103.132.155 - - [23/Mar/2018:09:05:00 -0300] "POST /cormun/servlet/trsolicitudot?6743716ba78727f6161fa54c294cc480,,gx-no-cache=1521806647404 HTTP/1.1" 200 21472
186.103.132.155 - - [23/Mar/2018:09:05:17 -0300] "GET /cormun/servlet/hlogin HTTP/1.1" 200 1741
192.168.10.96 - - [23/Mar/2018:09:05:22 -0300] "POST /cormun/servlet/trsolicitudgral?89aadc39e84de9818717ddaabb962d35,,gx-no-cache=1521806554814 HTTP/1.1" 200 7292
192.168.10.96 - - [23/Mar/2018:09:05:24 -0300] "GET /cormun/servlet/vesolicitudgral?2018,8145,, HTTP/1.1" 200 9269
192.168.10.96 - - [23/Mar/2018:09:05:24 -0300] "GET /cormun/pexe_scrolldiv.js HTTP/1.1" 404 1009
192.168.10.96 - - [23/Mar/2018:09:05:24 -0300] "GET /cormun/pexe_scrolldiv.js HTTP/1.1" 404 1009
192.168.10.96 - - [23/Mar/2018:09:05:24 -0300] "GET /cormun/servlet/vesolicitudgral?2018,8145,, HTTP/1.1" 200 9269
192.168.10.96 - - [23/Mar/2018:09:05:26 -0300] "GET /cormun/servlet/vesolicitudgral?2018,8145,,SolicitudOTLog HTTP/1.1" 200 10001
192.168.10.96 - - [23/Mar/2018:09:05:26 -0300] "GET /cormun/pexe_scrolldiv.js HTTP/1.1" 404 1009
192.168.10.96 - - [23/Mar/2018:09:05:26 -0300] "GET /cormun/pexe_scrolldiv.js HTTP/1.1" 404 1009
192.168.10.96 - - [23/Mar/2018:09:05:26 -0300] "GET /cormun/servlet/vesolicitudgral?2018,8145,,SolicitudOTLog HTTP/1.1" 200 10002
192.168.10.96 - - [23/Mar/2018:09:05:27 -0300] "POST /cormun/servlet/acontrolpreferencessavestate?None,DZAMUDIO,true HTTP/1.1" 200 35
200.73.230.197 - - [23/Mar/2018:09:05:48 -0300] "GET /cormun/servlet/hlogin HTTP/1.1" 200 1724
200.73.230.197 - - [23/Mar/2018:09:05:49 -0300] "GET /cormun/static/gxcfg.js?20175251213516 HTTP/1.1" 304 -
200.73.230.197 - - [23/Mar/2018:09:05:49 -0300] "GET /cormun/static/messages.spa.js?85251 HTTP/1.1" 304 -
200.73.230.197 - - [23/Mar/2018:09:05:59 -0300] "POST /cormun/servlet/hlogin?267cc6f457833e84adf9aa948e5e3ca6,gx-no-cache=1521806707525 HTTP/1.1" 200 90
200.73.230.197 - - [23/Mar/2018:09:05:59 -0300] "GET /cormun/servlet/hpexe_link HTTP/1.1" 200 955
200.73.230.197 - - [23/Mar/2018:09:05:59 -0300] "GET /cormun/static/gxcfg.js?20177612121792 HTTP/1.1" 304 -
200.73.230.197 - - [23/Mar/2018:09:05:59 -0300] "GET /cormun/servlet/hhome HTTP/1.1" 200 3920
200.73.230.197 - - [23/Mar/2018:09:05:59 -0300] "GET /cormun/static/gxcfg.js?20175251212442 HTTP/1.1" 304 -
200.73.230.197 - - [23/Mar/2018:09:06:00 -0300] "GET /cormun/servlet/hhome HTTP/1.1" 200 3918
200.73.230.197 - - [23/Mar/2018:09:06:05 -0300] "GET /cormun/servlet/trlicencias? HTTP/1.1" 200 8557
200.73.230.197 - - [23/Mar/2018:09:06:07 -0300] "GET /cormun/servlet/trlicencias? HTTP/1.1" 200 8555
200.73.230.197 - - [23/Mar/2018:09:06:15 -0300] "GET /cormun/servlet/licenciaspermisos?INS,0,,, HTTP/1.1" 200 7447
200.73.230.197 - - [23/Mar/2018:09:06:15 -0300] "GET /cormun/static/gxcfg.js?201762917281167 HTTP/1.1" 200 953
200.73.230.197 - - [23/Mar/2018:09:06:15 -0300] "GET /cormun/static/licenciaspermisos.js?201762917281260 HTTP/1.1" 200 37491
200.73.230.197 - - [23/Mar/2018:09:06:16 -0300] "GET /cormun/servlet/licenciaspermisos?INS,0,,, HTTP/1.1" 200 7447
186.103.159.230 - - [23/Mar/2018:09:06:19 -0300] "GET /cormun/servlet/trsolicitudot? HTTP/1.1" 200 7378
186.103.159.230 - - [23/Mar/2018:09:06:20 -0300] "GET /cormun/servlet/trsolicitudot? HTTP/1.1" 200 7377
186.103.159.46 - - [23/Mar/2018:09:06:21 -0300] "GET /cormun/servlet/trfichaempleado? HTTP/1.1" 200 14543
186.103.159.46 - - [23/Mar/2018:09:06:21 -0300] "GET /cormun/static/gxcfg.js?20177616262612 HTTP/1.1" 200 953
186.103.159.46 - - [23/Mar/2018:09:06:21 -0300] "GET /cormun/static/trfichaempleado.js?20177616262887 HTTP/1.1" 200 22815
186.103.159.230 - - [23/Mar/2018:09:06:23 -0300] "GET /cormun/servlet/solicitudot?INS,0,0, HTTP/1.1" 200 13610
186.103.159.230 - - [23/Mar/2018:09:06:24 -0300] "GET /cormun/servlet/solicitudot?INS,0,0, HTTP/1.1" 200 13615
186.103.159.46 - - [23/Mar/2018:09:06:26 -0300] "POST /cormun/servlet/acontrolpreferencessavestate?None,CA-JAR,true HTTP/1.1" 200 35
200.73.230.197 - - [23/Mar/2018:09:06:29 -0300] "GET /cormun/servlet/prfichaempleado?,MD,,gxPopupLevel%3D0%3B HTTP/1.1" 200 9271
200.73.230.197 - - [23/Mar/2018:09:06:29 -0300] "GET /cormun/static/gxcfg.js?20177612134814 HTTP/1.1" 304 -
192.168.10.96 - - [23/Mar/2018:09:06:31 -0300] "GET /cormun/servlet/trsolicitudgral? HTTP/1.1" 200 10574
192.168.10.96 - - [23/Mar/2018:09:06:31 -0300] "GET /cormun/servlet/trsolicitudgral? HTTP/1.1" 200 10568
192.168.10.96 - - [23/Mar/2018:09:06:35 -0300] "POST /cormun/servlet/trsolicitudgral?89aadc39e84de9818717ddaabb962d35,,gx-no-cache=1521806628374 HTTP/1.1" 200 8802
200.73.230.197 - - [23/Mar/2018:09:06:40 -0300] "POST /cormun/servlet/prfichaempleado?267cc6f457833e84adf9aa948e5e3ca6,,MD,,gxPopupLevel%3D0%3B,gx-no-cache=1521806748416 HTTP/1.1" 200 3531
200.73.230.197 - - [23/Mar/2018:09:06:48 -0300] "GET /cormun/servlet/licenciaspermisos?d7149b8cafa1de3e214852128dbb8dfc90c55aba3430452776c4b5b9aeadf9ede0d28253c4bb1958ab1dd634f381e60f,gx-no-cache=1521806756911 HTTP/1.1" 200 69
200.73.230.197 - - [23/Mar/2018:09:06:48 -0300] "POST /cormun/servlet/licenciaspermisos?267cc6f457833e84adf9aa948e5e3ca6,INS,0,,,,gx-no-cache=1521806757021 HTTP/1.1" 200 4671
186.103.159.230 - - [23/Mar/2018:09:06:50 -0300] "POST /cormun/servlet/solicitudot?gx-no-cache=1521806755471 HTTP/1.1" 200 3415
186.103.159.230 - - [23/Mar/2018:09:06:50 -0300] "POST /cormun/servlet/solicitudot?9367d7d73dd27038a98baa6ad3e230a7,INS,0,0,,gx-no-cache=1521806755672 HTTP/1.1" 200 10605
186.103.159.230 - - [23/Mar/2018:09:06:53 -0300] "GET /cormun/servlet/solicitudot?6708aea78357c5267fcf206b9aea33224b6fb44ec0b3c4ed3737482137803ff88e9ec1cb53e532d9bc185be4fdee786e,gx-no-cache=1521806758896 HTTP/1.1" 200 30
186.103.159.230 - - [23/Mar/2018:09:06:53 -0300] "GET /cormun/servlet/solicitudot?6708aea78357c5267fcf206b9aea3322693ef033cd0a712560a0a42d8c14430caa00b6963a03c69b6d3a81055882055eb9203f68b046544b1caec3bfeb274af8,gx-no-cache=1521806758943 HTTP/1.1" 200 30
186.103.159.230 - - [23/Mar/2018:09:06:53 -0300] "GET /cormun/servlet/solicitudot?6708aea78357c5267fcf206b9aea332267568ebd9834e244c2908b9e929387e3,gx-no-cache=1521806758974 HTTP/1.1" 200 60
186.103.159.230 - - [23/Mar/2018:09:06:53 -0300] "POST /cormun/servlet/solicitudot?gx-no-cache=1521806759009 HTTP/1.1" 200 297
186.103.159.230 - - [23/Mar/2018:09:06:53 -0300] "GET /cormun/servlet/solicitudot?6708aea78357c5267fcf206b9aea33223c673e83dea3dfad0de85fd5dda1c3abae357203a6a6a95e08e4755c13f6cb8a142ce598c0b43847325e8b399d45611c692ffd8b2e8b68e302e8d778c21730a91d4e48d1a0236a3773c4433509f07936d2a9df87c8ab65faca4c3e907c3d5525f8123884d5e9a32964eaf9d75867dbae26127c73284ede272a8e26a2ccbbb792a006d1493fbc4ce2bffba47419a5fa508977563afab5d13286ad328b6e2648e00005a02630c88cc205d2035f30b68af738dffea27595977407f5339e44b42ed8bc9cf638a0b9616efa088f665b49633aca97fd8aa9e31241a3096ee92136894f82e594c16bd94a5759bf15b2d4b3b5d779afc311a6dee595e820e65047b2483e6ced94be30ba2e09e1fbf31f4402fe642e409dc7e13e21d2df129fad4f513540281642bdba61d186f1f73ec70e92ddfa6b62ea7c4e0059a4b2d73871796be08a947e21f2222e7299cf07c16b80077c81ea15e533a427d103d1305fdae807a40aeaf90b0ed59713a4a6a27262d9538d87f15a180b080db75ae8cd61d4adadef2e,gx-no-cache=1521806759059 HTTP/1.1" 200 30
186.103.159.230 - - [23/Mar/2018:09:06:56 -0300] "POST /cormun/servlet/solicitudot?gx-no-cache=1521806762534 HTTP/1.1" 200 30
186.103.159.230 - - [23/Mar/2018:09:06:59 -0300] "GET /cormun/servlet/prcontratosol?16792137,,,,,MD,,gxPopupLevel%3D0%3B HTTP/1.1" 200 7841
186.103.159.230 - - [23/Mar/2018:09:07:03 -0300] "POST /cormun/servlet/solicitudot?gx-no-cache=1521806769188 HTTP/1.1" 200 1336
186.103.159.230 - - [23/Mar/2018:09:07:03 -0300] "POST /cormun/servlet/solicitudot?gx-no-cache=1521806769267 HTTP/1.1" 200 38
186.103.159.230 - - [23/Mar/2018:09:07:03 -0300] "GET /cormun/servlet/solicitudot?6708aea78357c5267fcf206b9aea33226ae92556c12591e1df5f5642e0a4e2fda41009509620a6c51d5cc5415df6d409b7f338db2263262d80ef7ee6eda41e6b313af9cd7527a506072ba093a888c023cde4c376002be63a3ef5cdf19e9bfd756479a66f695ad4621f9f7ec07bd11c32,gx-no-cache=1521806769317 HTTP/1.1" 200 29
186.103.159.230 - - [23/Mar/2018:09:07:03 -0300] "POST /cormun/servlet/solicitudot?gx-no-cache=1521806769353 HTTP/1.1" 200 1319
186.103.159.230 - - [23/Mar/2018:09:07:03 -0300] "POST /cormun/servlet/solicitudot?gx-no-cache=1521806769413 HTTP/1.1" 200 1218
186.103.159.230 - - [23/Mar/2018:09:07:03 -0300] "GET /cormun/servlet/solicitudot?6708aea78357c5267fcf206b9aea332210596418536d39cae300ac0c23aafa3c2969d45f56dc72d070a429dcad192a89,gx-no-cache=1521806769467 HTTP/1.1" 200 30
192.168.10.96 - - [23/Mar/2018:09:07:05 -0300] "GET /cormun/servlet/vesolicitudgral?2018,8610,, HTTP/1.1" 200 9304
192.168.10.96 - - [23/Mar/2018:09:07:05 -0300] "GET /cormun/pexe_scrolldiv.js HTTP/1.1" 404 1009
192.168.10.96 - - [23/Mar/2018:09:07:06 -0300] "GET /cormun/pexe_scrolldiv.js HTTP/1.1" 404 1009
200.73.230.197 - - [23/Mar/2018:09:07:06 -0300] "GET /cormun/static/menuarrow.gif HTTP/1.1" 404 1015
192.168.10.96 - - [23/Mar/2018:09:07:06 -0300] "GET /cormun/servlet/vesolicitudgral?2018,8610,, HTTP/1.1" 200 9304
201.236.63.37 - - [23/Mar/2018:09:07:11 -0300] "GET /cormun/servlet/hlogin HTTP/1.1" 200 1721
201.236.63.37 - - [23/Mar/2018:09:07:12 -0300] "GET /cormun/servlet/hlogin HTTP/1.1" 200 1732
201.236.63.37 - - [23/Mar/2018:09:07:13 -0300] "POST /cormun/servlet/hlogin?60f7ee0ba83f0bdfcc913b3fb41da191,gx-no-cache=1521806782441 HTTP/1.1" 200 90
201.236.63.37 - - [23/Mar/2018:09:07:13 -0300] "GET /cormun/servlet/hpexe_link HTTP/1.1" 200 951
201.236.63.37 - - [23/Mar/2018:09:07:13 -0300] "GET /cormun/servlet/hhome HTTP/1.1" 200 3997
201.236.63.37 - - [23/Mar/2018:09:07:14 -0300] "GET /cormun/servlet/hhome HTTP/1.1" 200 3993
192.168.10.96 - - [23/Mar/2018:09:07:14 -0300] "POST /cormun/servlet/vesolicitudgral?89aadc39e84de9818717ddaabb962d35,2018,8610,,,gx-no-cache=1521806667535 HTTP/1.1" 200 90
192.168.10.96 - - [23/Mar/2018:09:07:14 -0300] "GET /cormun/servlet/hpexe_link HTTP/1.1" 200 965
192.168.10.96 - - [23/Mar/2018:09:07:15 -0300] "GET /cormun/servlet/trsolicitudgral? HTTP/1.1" 200 12055
192.168.10.96 - - [23/Mar/2018:09:07:15 -0300] "GET /cormun/servlet/trsolicitudgral? HTTP/1.1" 200 12054
201.236.63.37 - - [23/Mar/2018:09:07:18 -0300] "GET /cormun/servlet/trsolicitudot? HTTP/1.1" 200 7212
201.236.63.37 - - [23/Mar/2018:09:07:18 -0300] "GET /cormun/static/Resources/Spanish/PXTools.css?1255365 HTTP/1.1" 304 -
201.236.63.37 - - [23/Mar/2018:09:07:18 -0300] "GET /cormun/static/gxcfg.js?2017111422585916 HTTP/1.1" 304 -
192.168.10.96 - - [23/Mar/2018:09:07:18 -0300] "GET /cormun/servlet/vesolicitudgral?2018,7782,, HTTP/1.1" 200 9299
192.168.10.96 - - [23/Mar/2018:09:07:18 -0300] "GET /cormun/pexe_scrolldiv.js HTTP/1.1" 404 1009
192.168.10.96 - - [23/Mar/2018:09:07:18 -0300] "GET /cormun/pexe_scrolldiv.js HTTP/1.1" 404 1009
201.236.63.37 - - [23/Mar/2018:09:07:18 -0300] "GET /cormun/servlet/trsolicitudot? HTTP/1.1" 200 7211
192.168.10.96 - - [23/Mar/2018:09:07:18 -0300] "GET /cormun/servlet/vesolicitudgral?2018,7782,, HTTP/1.1" 200 9299
201.236.63.37 - - [23/Mar/2018:09:07:23 -0300] "GET /cormun/servlet/solicitudot?INS,0,0, HTTP/1.1" 200 13456
201.236.63.37 - - [23/Mar/2018:09:07:23 -0300] "GET /cormun/static/gxcfg.js?201812313224582 HTTP/1.1" 304 -
201.236.63.37 - - [23/Mar/2018:09:07:23 -0300] "GET /cormun/servlet/solicitudot?INS,0,0, HTTP/1.1" 200 13461
201.236.63.37 - - [23/Mar/2018:09:07:25 -0300] "GET /cormun/servlet/prfichaempleado?,MD,,gxPopupLevel%3D0%3B HTTP/1.1" 200 9352
201.236.63.37 - - [23/Mar/2018:09:07:26 -0300] "GET /cormun/static/gxcfg.js?20177612134814 HTTP/1.1" 304 -
201.236.63.37 - - [23/Mar/2018:09:07:31 -0300] "GET /cormun/servlet/trsolicitudot? HTTP/1.1" 200 7212
201.236.63.37 - - [23/Mar/2018:09:07:32 -0300] "GET /cormun/servlet/trsolicitudot? HTTP/1.1" 200 7211
186.103.159.46 - - [23/Mar/2018:09:07:36 -0300] "GET /cormun/servlet/trlicencias? HTTP/1.1" 200 10287
186.103.159.46 - - [23/Mar/2018:09:07:38 -0300] "GET /cormun/servlet/trlicencias? HTTP/1.1" 200 10286
201.236.63.37 - - [23/Mar/2018:09:07:39 -0300] "GET /cormun/static/menuarrow.gif HTTP/1.1" 404 1015
201.236.63.37 - - [23/Mar/2018:09:07:46 -0300] "POST /cormun/servlet/trsolicitudot?60f7ee0ba83f0bdfcc913b3fb41da191,,gx-no-cache=1521806815034 HTTP/1.1" 200 22524
201.236.63.37 - - [23/Mar/2018:09:07:47 -0300] "GET /cormun/static/Resources/PXToolsGridNext.gif HTTP/1.1" 200 369
201.236.63.37 - - [23/Mar/2018:09:07:47 -0300] "GET /cormun/static/Resources/PXToolsGridLast.gif HTTP/1.1" 200 370
186.103.159.230 - - [23/Mar/2018:09:08:20 -0300] "POST /cormun/servlet/solicitudot?gx-no-cache=1521806845430 HTTP/1.1" 200 1318
186.103.159.230 - - [23/Mar/2018:09:08:20 -0300] "POST /cormun/servlet/solicitudot?gx-no-cache=1521806845657 HTTP/1.1" 200 1218
186.103.159.230 - - [23/Mar/2018:09:08:20 -0300] "GET /cormun/static/menuarrow.gif HTTP/1.1" 404 1015
186.103.159.230 - - [23/Mar/2018:09:08:23 -0300] "POST /cormun/servlet/solicitudot?gx-no-cache=1521806848958 HTTP/1.1" 200 1318
186.103.159.230 - - [23/Mar/2018:09:08:23 -0300] "POST /cormun/servlet/solicitudot?gx-no-cache=1521806849020 HTTP/1.1" 200 1218
186.103.159.230 - - [23/Mar/2018:09:08:25 -0300] "GET /cormun/servlet/solicitudot?6708aea78357c5267fcf206b9aea33229d2ba64e3595714d641e7610db857e224516c41f80da39d92f0435940b8913b0,gx-no-cache=1521806850643 HTTP/1.1" 200 30
186.103.159.230 - - [23/Mar/2018:09:08:25 -0300] "POST /cormun/servlet/solicitudot?gx-no-cache=1521806850681 HTTP/1.1" 200 33
186.103.159.46 - - [23/Mar/2018:09:08:27 -0300] "GET /cormun/servlet/licenciaspermisos?INS,0,,, HTTP/1.1" 200 7489
186.103.159.46 - - [23/Mar/2018:09:08:29 -0300] "GET /cormun/servlet/licenciaspermisos?INS,0,,, HTTP/1.1" 200 7488
200.73.230.197 - - [23/Mar/2018:09:08:31 -0300] "GET /cormun/servlet/licenciaspermisos?d7149b8cafa1de3e214852128dbb8dfc3549ad17e1f9c7cd16b8455b79ed98a14bca44bb2b7f022b7162bcca1ccdea47a1d5605d61e64957f78b0764bbc9dbb404b7041e8be4367c600e93c27f858ba9d37c0f8735ba5c00059eb04fed44cf18600b17b457bf7ec184ea10ff971b38177a0f9160444a7d662c7403fb2a1de8d7f50e8324d9fc3ec220d6e9b65fc9856d003a21fae9985b43b49f6515935a9e85e98c74f675476b38a57dd358952bc759daf4a712be0a58abe9cc53238bb57625a9935a809e90609b47f6e22d6c56ac92f1417e697cc5f6487976b6c23f9a9cf7,gx-no-cache=1521806860188 HTTP/1.1" 200 30
200.73.230.197 - - [23/Mar/2018:09:08:32 -0300] "GET /cormun/servlet/licenciaspermisos?d7149b8cafa1de3e214852128dbb8dfc4c333a6218065cf9f760ef14853a447cbd6fc6e50939928e9f20d042b1ff97a3c06e8e86b1ae5505a1e9773f71a8987196dece92f2a12c6f94ee24387b1f592a5faf06e3bac6cc755c9ee305406098ab4e0256c92abec44cfa385c08d3858d40c8d0415bbdbad7619c98b1bddc48c2635ebda6c3f3fb498541c3366f96677a5d62456ce6f047ff6bf26df4f5a8a9a79b25034109b01b980af02aef9bacd3da9cd2f7fe3442a84c054f683e12b6d94c1d45d101b1ac581064213049abf041db7d7ece86f1ca20b39d0a622909845e178c,gx-no-cache=1521806860421 HTTP/1.1" 200 29
200.73.230.197 - - [23/Mar/2018:09:08:32 -0300] "POST /cormun/servlet/licenciaspermisos?267cc6f457833e84adf9aa948e5e3ca6,INS,0,,,,gx-no-cache=1521806860513 HTTP/1.1" 200 93
200.73.230.197 - - [23/Mar/2018:09:08:32 -0300] "GET /cormun/servlet/hpexe_return? HTTP/1.1" 200 1016
200.73.230.197 - - [23/Mar/2018:09:08:32 -0300] "GET /cormun/static/gxcfg.js?2016101716175148 HTTP/1.1" 304 -
200.73.230.197 - - [23/Mar/2018:09:08:32 -0300] "GET /cormun/servlet/trlicencias HTTP/1.1" 200 8986
200.73.230.197 - - [23/Mar/2018:09:08:34 -0300] "GET /cormun/servlet/trlicencias HTTP/1.1" 200 8982
200.73.230.197 - - [23/Mar/2018:09:08:39 -0300] "GET /cormun/servlet/trlicenciaspermisosadjuntos?10979458,20180323000000,L, HTTP/1.1" 200 6264
200.73.230.197 - - [23/Mar/2018:09:08:39 -0300] "GET /cormun/static/gxcfg.js?20177612163414 HTTP/1.1" 200 953
200.73.230.197 - - [23/Mar/2018:09:08:39 -0300] "GET /cormun/static/trlicenciaspermisosadjuntos.js?20177612163719 HTTP/1.1" 200 21036
200.73.230.197 - - [23/Mar/2018:09:08:40 -0300] "GET /cormun/servlet/trlicenciaspermisosadjuntos?10979458,20180323000000,L, HTTP/1.1" 200 6265
200.73.230.197 - - [23/Mar/2018:09:08:42 -0300] "GET /cormun/servlet/licenciaspermisosadjuntos?INS,10979458,L,20180323000000,, HTTP/1.1" 200 5559
200.73.230.197 - - [23/Mar/2018:09:08:42 -0300] "GET /cormun/static/gxcfg.js?2017761263592 HTTP/1.1" 200 953
200.73.230.197 - - [23/Mar/2018:09:08:42 -0300] "GET /cormun/static/licenciaspermisosadjuntos.js?201776126362 HTTP/1.1" 200 8760
200.73.230.197 - - [23/Mar/2018:09:08:42 -0300] "GET /cormun/static/about:blank HTTP/1.1" 404 1011
200.73.230.197 - - [23/Mar/2018:09:08:43 -0300] "GET /cormun/servlet/licenciaspermisosadjuntos?INS,10979458,L,20180323000000,, HTTP/1.1" 200 5548
186.103.159.46 - - [23/Mar/2018:09:08:45 -0300] "GET /cormun/servlet/licenciaspermisos?9b48bf7de988b70867efa4bae72e952ee739915e6419bd95a1c63afa3bcddc99897bd6f8962f75bd8d33626eed36003e,gx-no-cache=1521806873970 HTTP/1.1" 200 86
186.103.159.46 - - [23/Mar/2018:09:08:45 -0300] "POST /cormun/servlet/licenciaspermisos?db5700616b74c96b778aed0372e2a9a2,INS,0,,,,gx-no-cache=1521806874111 HTTP/1.1" 200 4688
200.73.230.197 - - [23/Mar/2018:09:09:04 -0300] "POST /cormun/servlet/licenciaspermisosadjuntos?267cc6f457833e84adf9aa948e5e3ca6,INS,10979458,L,20180323000000,, HTTP/1.1" 200 6117
200.73.230.197 - - [23/Mar/2018:09:09:04 -0300] "GET /cormun/static/Shared/jqueryui/images/ui-bg_highlight-soft_100_c6c2c8_1x100.png HTTP/1.1" 404 1117
200.73.230.197 - - [23/Mar/2018:09:09:04 -0300] "GET /cormun/static/Shared/jqueryui/images/ui-icons_82798d_256x240.png HTTP/1.1" 404 1089
200.73.230.197 - - [23/Mar/2018:09:09:04 -0300] "GET /cormun/static/Shared/jqueryui/images/ui-bg_flat_55_994d53_40x100.png HTTP/1.1" 404 1097
200.73.230.197 - - [23/Mar/2018:09:09:04 -0300] "GET /cormun/static/Shared/jqueryui/images/ui-icons_ebccce_256x240.png HTTP/1.1" 404 1089
200.73.230.197 - - [23/Mar/2018:09:09:05 -0300] "GET /cormun/PrivateTempStorage/upload_00018153.jpg HTTP/1.1" 200 1503099
186.103.159.46 - - [23/Mar/2018:09:09:10 -0300] "GET /cormun/static/menuarrow.gif HTTP/1.1" 404 1015
186.103.159.230 - - [23/Mar/2018:09:10:11 -0300] "POST /cormun/servlet/solicitudot?9367d7d73dd27038a98baa6ad3e230a7,INS,0,0,,gx-no-cache=1521806956332 HTTP/1.1" 200 93
186.103.159.230 - - [23/Mar/2018:09:10:11 -0300] "GET /cormun/servlet/hpexe_return? HTTP/1.1" 200 1007
186.103.159.230 - - [23/Mar/2018:09:10:11 -0300] "GET /cormun/servlet/trsolicitudot HTTP/1.1" 200 8745
186.103.159.230 - - [23/Mar/2018:09:10:11 -0300] "GET /cormun/servlet/trsolicitudot HTTP/1.1" 200 8741
186.103.159.46 - - [23/Mar/2018:09:10:33 -0300] "GET /cormun/servlet/trfichaempleado? HTTP/1.1" 200 14461
186.103.159.230 - - [23/Mar/2018:09:12:00 -0300] "POST /cormun/servlet/trsolicitudot?9367d7d73dd27038a98baa6ad3e230a7,gx-no-cache=1521807065998 HTTP/1.1" 200 4676
186.103.159.230 - - [23/Mar/2018:09:12:00 -0300] "GET /cormun/static/Shared/jqueryui/images/ui-bg_highlight-soft_100_c6c2c8_1x100.png HTTP/1.1" 404 1117
186.103.159.230 - - [23/Mar/2018:09:12:00 -0300] "GET /cormun/static/Shared/jqueryui/images/ui-icons_82798d_256x240.png HTTP/1.1" 404 1089
186.103.159.230 - - [23/Mar/2018:09:12:00 -0300] "GET /cormun/static/Shared/jqueryui/images/ui-icons_8d78a5_256x240.png HTTP/1.1" 404 1089
186.103.159.230 - - [23/Mar/2018:09:12:00 -0300] "GET /cormun/static/Shared/jqueryui/images/ui-bg_flat_55_fafafa_40x100.png HTTP/1.1" 404 1097
186.103.159.230 - - [23/Mar/2018:09:12:00 -0300] "POST /cormun/servlet/trsolicitudot?9367d7d73dd27038a98baa6ad3e230a7,gx-no-cache=1521807066218 HTTP/1.1" 200 4452
186.103.159.46 - - [23/Mar/2018:09:12:36 -0300] "GET /cormun/servlet/licenciaspermisos?9b48bf7de988b70867efa4bae72e952ed82f71af4fdfb1545219b62f1dc6043141587c1789d68118b04169d9314ec147695f3ec895593b532bd213c480fde09dedb569a76b08f0c406b22ab5e522332ab33d38dba8f67654c4c8256fabe054fd788a0c69f26cfe2bfb60421641c6502cfe9890417ead04acebc7115a3306cb6d4071991ef20778c12100eda3a9512001cbe1f99ba4441ca9a4baedcd6b83b3106f37c1ee259acd820c3867d7022b9d68b01e3f85e25efa2e86bf92f24134c5f2e212537cc6cc60276ffeade65784fbdd29540d7edd46c9069f3338321b24a372,gx-no-cache=1521807105233 HTTP/1.1" 200 30
186.103.159.46 - - [23/Mar/2018:09:12:41 -0300] "GET /cormun/servlet/licenciaspermisos?9b48bf7de988b70867efa4bae72e952ed82f71af4fdfb1545219b62f1dc604316a9b2609bd45720aced7396dcd237be9695f3ec895593b532bd213c480fde09dedb569a76b08f0c406b22ab5e522332ab33d38dba8f67654c4c8256fabe054fd788a0c69f26cfe2bfb60421641c6502cfe9890417ead04acebc7115a3306cb6d4071991ef20778c12100eda3a9512001cbe1f99ba4441ca9a4baedcd6b83b3106f37c1ee259acd820c3867d7022b9d68b01e3f85e25efa2e86bf92f24134c5f2e212537cc6cc60276ffeade65784fbdd29540d7edd46c9069f3338321b24a372,gx-no-cache=1521807109652 HTTP/1.1" 200 30
186.103.159.46 - - [23/Mar/2018:09:12:41 -0300] "POST /cormun/servlet/licenciaspermisos?db5700616b74c96b778aed0372e2a9a2,INS,0,,,,gx-no-cache=1521807109756 HTTP/1.1" 200 4792
192.168.10.89 - - [23/Mar/2018:09:13:42 -0300] "POST /cormun/servlet/trsolicitudgral?2e7386eedb401e462d2c7b573de31d03,,gx-no-cache=1521807055295 HTTP/1.1" 200 7893
192.168.10.89 - - [23/Mar/2018:09:14:03 -0300] "GET /cormun/servlet/vesolicitudgral?2018,9806,, HTTP/1.1" 200 9533
192.168.10.89 - - [23/Mar/2018:09:14:03 -0300] "GET /cormun/static/gxcfg.js?201711151294153 HTTP/1.1" 304 -
192.168.10.89 - - [23/Mar/2018:09:14:03 -0300] "GET /cormun/pexe_scrolldiv.js HTTP/1.1" 404 1009
192.168.10.89 - - [23/Mar/2018:09:14:05 -0300] "GET /cormun/servlet/vesolicitudgral?2018,9806,,SolicitudOTLog HTTP/1.1" 200 10414
192.168.10.89 - - [23/Mar/2018:09:14:05 -0300] "GET /cormun/pexe_scrolldiv.js HTTP/1.1" 404 1009
192.168.10.89 - - [23/Mar/2018:09:14:07 -0300] "POST /cormun/servlet/acontrolpreferencessavestate?None,CDROGUETT,true HTTP/1.1" 200 35
192.168.10.50 - - [23/Mar/2018:09:14:10 -0300] "GET /cormun/servlet/hlogin HTTP/1.1" 200 1723
192.168.10.50 - - [23/Mar/2018:09:14:10 -0300] "GET /cormun/static/gxcfg.js?20175251213516 HTTP/1.1" 304 -
192.168.10.50 - - [23/Mar/2018:09:14:10 -0300] "GET /cormun/servlet/hlogin HTTP/1.1" 200 1731
192.168.10.50 - - [23/Mar/2018:09:14:13 -0300] "POST /cormun/servlet/hlogin?cb2c8fb97b8eb69d5de8420942c6174d,gx-no-cache=1521807086523 HTTP/1.1" 200 90
192.168.10.50 - - [23/Mar/2018:09:14:13 -0300] "GET /cormun/servlet/hpexe_link HTTP/1.1" 200 948
192.168.10.50 - - [23/Mar/2018:09:14:13 -0300] "GET /cormun/static/gxcfg.js?20177612121792 HTTP/1.1" 304 -
192.168.10.50 - - [23/Mar/2018:09:14:14 -0300] "GET /cormun/servlet/hhome HTTP/1.1" 200 4458
192.168.10.50 - - [23/Mar/2018:09:14:14 -0300] "GET /cormun/static/gxcfg.js?20175251212442 HTTP/1.1" 304 -
192.168.10.50 - - [23/Mar/2018:09:14:14 -0300] "GET /cormun/servlet/hhome HTTP/1.1" 200 4455
192.168.10.50 - - [23/Mar/2018:09:14:18 -0300] "GET /cormun/servlet/trsolicitudgral? HTTP/1.1" 200 28128
192.168.10.50 - - [23/Mar/2018:09:14:18 -0300] "GET /cormun/static/gxcfg.js?201813119461163 HTTP/1.1" 304 -
192.168.10.50 - - [23/Mar/2018:09:14:20 -0300] "GET /cormun/servlet/trsolicitudgral? HTTP/1.1" 200 28127
192.168.10.50 - - [23/Mar/2018:09:14:31 -0300] "POST /cormun/servlet/trsolicitudgral?cb2c8fb97b8eb69d5de8420942c6174d,,gx-no-cache=1521807103264 HTTP/1.1" 200 25755
192.168.10.89 - - [23/Mar/2018:09:14:37 -0300] "POST /cormun/servlet/vesolicitudgral?2e7386eedb401e462d2c7b573de31d03,2018,9806,,SolicitudOTLog,gx-no-cache=1521807110441 HTTP/1.1" 200 90
192.168.10.89 - - [23/Mar/2018:09:14:37 -0300] "GET /cormun/servlet/hpexe_link HTTP/1.1" 200 976
192.168.10.89 - - [23/Mar/2018:09:14:38 -0300] "GET /cormun/servlet/trsolicitudgral? HTTP/1.1" 200 11376
186.103.159.46 - - [23/Mar/2018:09:14:45 -0300] "GET /cormun/servlet/licenciaspermisos?9b48bf7de988b70867efa4bae72e952e90e8bc380044372126ae094e85281b9a56b8cb4359c00dc0cbad74bd8db7415214320c805f7f25110de5130e0ed7228a4b276e052de8551a0d080d951d57fa9f69059c246a188560112e12c8702b64e456823e43e890ad757ffaf224b55b5e15e49fd8f12fe0f3414123146f73cf25b6a3fde053bcace071aa16fa55f75bee2283c28b8201ccf29fcad375ae1dab7de1636b34c215ef24a13323dc4eb556a68bbcb164259991c13edbbd68fc6a49fcd655fdb50a21fac4371de1f397c5e3be74f6d0a45fc63d6e864ef872bc71f4680b35d0285b48e65f167794781a027c808a,gx-no-cache=1521807233184 HTTP/1.1" 200 29
192.168.10.50 - - [23/Mar/2018:09:14:47 -0300] "POST /cormun/servlet/trsolicitudgral?cb2c8fb97b8eb69d5de8420942c6174d,,gx-no-cache=1521807120025 HTTP/1.1" 200 11681
186.103.159.46 - - [23/Mar/2018:09:14:51 -0300] "POST /cormun/servlet/licenciaspermisos?db5700616b74c96b778aed0372e2a9a2,INS,0,,,,gx-no-cache=1521807239299 HTTP/1.1" 200 93
186.103.159.46 - - [23/Mar/2018:09:14:51 -0300] "GET /cormun/servlet/hpexe_return? HTTP/1.1" 200 1014
186.103.159.46 - - [23/Mar/2018:09:14:51 -0300] "GET /cormun/servlet/trlicencias HTTP/1.1" 200 10738
186.103.159.46 - - [23/Mar/2018:09:14:54 -0300] "GET /cormun/servlet/trlicencias HTTP/1.1" 200 10733
186.103.159.46 - - [23/Mar/2018:09:15:22 -0300] "GET /cormun/servlet/alicenciaprn?9517647,L,20180323000000,PU HTTP/1.1" 200 1599
192.168.10.50 - - [23/Mar/2018:09:15:34 -0300] "POST /cormun/servlet/trsolicitudgral?cb2c8fb97b8eb69d5de8420942c6174d,,gx-no-cache=1521807166894 HTTP/1.1" 200 10944
192.168.10.50 - - [23/Mar/2018:09:15:34 -0300] "GET /cormun/static/Shared/jqueryui/images/ui-icons_82798d_256x240.png HTTP/1.1" 404 1089
192.168.10.50 - - [23/Mar/2018:09:15:34 -0300] "GET /cormun/static/Shared/jqueryui/images/ui-bg_highlight-soft_100_c6c2c8_1x100.png HTTP/1.1" 404 1117
192.168.10.50 - - [23/Mar/2018:09:15:34 -0300] "GET /cormun/static/Shared/jqueryui/images/ui-bg_flat_55_fafafa_40x100.png HTTP/1.1" 404 1097
192.168.10.50 - - [23/Mar/2018:09:15:34 -0300] "GET /cormun/static/Shared/jqueryui/images/ui-icons_8d78a5_256x240.png HTTP/1.1" 404 1089
192.168.10.50 - - [23/Mar/2018:09:15:38 -0300] "GET /cormun/servlet/vesolicitudgral?2018,10748,, HTTP/1.1" 200 9095
192.168.10.50 - - [23/Mar/2018:09:15:38 -0300] "GET /cormun/static/gxcfg.js?201711151294153 HTTP/1.1" 304 -
192.168.10.50 - - [23/Mar/2018:09:15:38 -0300] "GET /cormun/pexe_scrolldiv.js HTTP/1.1" 404 1009
192.168.10.50 - - [23/Mar/2018:09:15:38 -0300] "GET /cormun/pexe_scrolldiv.js HTTP/1.1" 404 1009
192.168.10.50 - - [23/Mar/2018:09:15:38 -0300] "GET /cormun/servlet/vesolicitudgral?2018,10748,, HTTP/1.1" 200 9094
192.168.10.50 - - [23/Mar/2018:09:15:46 -0300] "GET /cormun/servlet/vesolicitudgral?2018,10748,,SolicitudOTAdjuntos HTTP/1.1" 200 11314
192.168.10.50 - - [23/Mar/2018:09:15:46 -0300] "GET /cormun/pexe_scrolldiv.js HTTP/1.1" 404 1009
192.168.10.50 - - [23/Mar/2018:09:15:46 -0300] "GET /cormun/pexe_scrolldiv.js HTTP/1.1" 404 1009
192.168.10.50 - - [23/Mar/2018:09:15:46 -0300] "GET /cormun/servlet/vesolicitudgral?2018,10748,,SolicitudOTAdjuntos HTTP/1.1" 200 11315
192.168.10.50 - - [23/Mar/2018:09:15:47 -0300] "POST /cormun/servlet/acontrolpreferencessavestate?None,MRAMOS,true HTTP/1.1" 200 35
192.168.10.50 - - [23/Mar/2018:09:15:48 -0300] "GET /cormun/PublicTempStorage/titulo_doc93173791.pdf HTTP/1.1" 200 57352
186.103.159.46 - - [23/Mar/2018:09:16:12 -0300] "GET /cormun/servlet/licenciaspermisos?UPD,9517647,L,20180323000000, HTTP/1.1" 200 7722
186.103.159.46 - - [23/Mar/2018:09:16:14 -0300] "GET /cormun/servlet/licenciaspermisos?UPD,9517647,L,20180323000000, HTTP/1.1" 200 7740
186.103.159.46 - - [23/Mar/2018:09:16:15 -0300] "GET /cormun/servlet/licenciaspermisos?9b48bf7de988b70867efa4bae72e952ee739915e6419bd95a1c63afa3bcddc9941b73f50bf1432a1e411ea671589947703bf1978b405dad6e37c467a3a71448ccbc650c55d3f8ca132893ebe343ce694cb1f9263f2cd3f2f581daa1005f4e895,gx-no-cache=1521807323914 HTTP/1.1" 200 110
186.103.159.46 - - [23/Mar/2018:09:16:17 -0300] "GET /cormun/servlet/licenciaspermisos?9b48bf7de988b70867efa4bae72e952edc75d42bb0b721a7ac422b21b5169e4c6a9b2609bd45720aced7396dcd237be9695f3ec895593b532bd213c480fde09dedb569a76b08f0c406b22ab5e522332ab33d38dba8f67654c4c8256fabe054fd788a0c69f26cfe2bfb60421641c6502cfe9890417ead04acebc7115a3306cb6d4071991ef20778c12100eda3a9512001cbe1f99ba4441ca9a4baedcd6b83b3106f37c1ee259acd820c3867d7022b9d68b01e3f85e25efa2e86bf92f24134c5f2e212537cc6cc60276ffeade65784fbdd29540d7edd46c9069f3338321b24a372,gx-no-cache=1521807325781 HTTP/1.1" 200 30
192.168.10.50 - - [23/Mar/2018:09:16:18 -0300] "GET /cormun/servlet/vesolicitudgral?2018,10748,,SolicitudOTAdjuntos HTTP/1.1" 200 11311
192.168.10.50 - - [23/Mar/2018:09:16:18 -0300] "GET /cormun/servlet/vesolicitudgral?2018,10748,,SolicitudOTAdjuntos HTTP/1.1" 200 11315
