186.67.164.142 - - [22/Mar/2018:11:46:52 -0300] "GET /cormun/servlet/trlicencias? HTTP/1.1" 200 11712
186.67.164.142 - - [22/Mar/2018:11:46:55 -0300] "GET /cormun/servlet/trpermisosgoce? HTTP/1.1" 200 8506
186.67.164.142 - - [22/Mar/2018:11:46:56 -0300] "GET /cormun/servlet/trpermisosgoce? HTTP/1.1" 200 8506
186.67.164.142 - - [22/Mar/2018:11:47:01 -0300] "GET /cormun/servlet/trlicencias? HTTP/1.1" 200 11731
186.67.164.142 - - [22/Mar/2018:11:47:01 -0300] "GET /cormun/servlet/trlicencias? HTTP/1.1" 200 11712
186.103.159.182 - - [22/Mar/2018:11:49:27 -0300] "GET /cormun/servlet/trsolicitudot? HTTP/1.1" 200 6394
186.103.159.182 - - [22/Mar/2018:11:49:27 -0300] "GET /cormun/servlet/hlogin HTTP/1.1" 200 1733
186.103.159.182 - - [22/Mar/2018:11:49:27 -0300] "GET /cormun/servlet/trsolicitudot? HTTP/1.1" 200 6387
186.103.159.182 - - [22/Mar/2018:11:49:42 -0300] "POST /cormun/servlet/hlogin?f32c5b8098681e82d27ee5c145328a66,gx-no-cache=1521730130892 HTTP/1.1" 200 90
186.103.159.182 - - [22/Mar/2018:11:49:42 -0300] "GET /cormun/servlet/hpexe_link HTTP/1.1" 200 952
186.103.159.182 - - [22/Mar/2018:11:49:42 -0300] "GET /cormun/servlet/trsolicitudot HTTP/1.1" 200 7295
186.103.159.182 - - [22/Mar/2018:11:49:43 -0300] "GET /cormun/servlet/trsolicitudot HTTP/1.1" 200 7293
186.103.159.46 - - [22/Mar/2018:11:49:56 -0300] "POST /cormun/servlet/solicitudot?d37d1258c4110fa3b0a2649f2ede3fdc,INS,0,0,,gx-no-cache=1521730143872 HTTP/1.1" 200 11924
192.168.10.96 - - [22/Mar/2018:11:50:48 -0300] "GET /cormun/servlet/trsolicitudgral? HTTP/1.1" 200 11005
192.168.10.96 - - [22/Mar/2018:11:50:48 -0300] "GET /cormun/servlet/trsolicitudgral? HTTP/1.1" 200 10998
186.103.159.46 - - [22/Mar/2018:11:50:52 -0300] "POST /cormun/servlet/solicitudot?d37d1258c4110fa3b0a2649f2ede3fdc,INS,0,0,,gx-no-cache=1521730199876 HTTP/1.1" 200 11995
192.168.10.96 - - [22/Mar/2018:11:50:53 -0300] "POST /cormun/servlet/trsolicitudgral?13da0396988bffa615b38bed0b27f897,,gx-no-cache=1521730086230 HTTP/1.1" 200 24920
186.103.159.182 - - [22/Mar/2018:11:51:13 -0300] "POST /cormun/servlet/trsolicitudot?f32c5b8098681e82d27ee5c145328a66,gx-no-cache=1521730220992 HTTP/1.1" 200 23148
186.103.159.182 - - [22/Mar/2018:11:51:15 -0300] "GET /cormun/static/menuarrow.gif HTTP/1.1" 404 1015
186.103.159.182 - - [22/Mar/2018:11:51:22 -0300] "POST /cormun/servlet/trsolicitudot?f32c5b8098681e82d27ee5c145328a66,gx-no-cache=1521730228755 HTTP/1.1" 200 23148
186.103.159.44 - - [22/Mar/2018:11:51:37 -0300] "GET /cormun/servlet/trlicencias? HTTP/1.1" 200 6112
186.103.159.44 - - [22/Mar/2018:11:51:37 -0300] "GET /cormun/static/gxgral.js?85251 HTTP/1.1" 200 384558
192.168.10.96 - - [22/Mar/2018:11:51:37 -0300] "POST /cormun/servlet/trsolicitudgral?13da0396988bffa615b38bed0b27f897,,gx-no-cache=1521730129980 HTTP/1.1" 200 24918
186.103.159.44 - - [22/Mar/2018:11:51:38 -0300] "GET /cormun/servlet/hlogin HTTP/1.1" 200 1740
186.103.159.44 - - [22/Mar/2018:11:51:38 -0300] "GET /cormun/static/gxgral.js?85251 HTTP/1.1" 200 384558
186.103.159.182 - - [22/Mar/2018:11:51:44 -0300] "GET /cormun/servlet/trsolicitudot? HTTP/1.1" 200 26067
186.103.159.182 - - [22/Mar/2018:11:51:45 -0300] "GET /cormun/servlet/trsolicitudot? HTTP/1.1" 200 26067
186.103.159.44 - - [22/Mar/2018:11:52:07 -0300] "POST /cormun/servlet/hlogin?98feba50f5b0d4485e7c26c90290c77f,gx-no-cache=1521730276842 HTTP/1.1" 200 90
186.103.159.44 - - [22/Mar/2018:11:52:07 -0300] "GET /cormun/servlet/hpexe_link HTTP/1.1" 200 957
186.103.159.44 - - [22/Mar/2018:11:52:08 -0300] "GET /cormun/static/gxgral.js?85251 HTTP/1.1" 200 384558
186.103.159.44 - - [22/Mar/2018:11:52:08 -0300] "GET /cormun/servlet/trlicencias HTTP/1.1" 200 10235
186.103.159.44 - - [22/Mar/2018:11:52:08 -0300] "GET /cormun/static/gxgral.js?85251 HTTP/1.1" 200 384558
186.103.159.44 - - [22/Mar/2018:11:52:11 -0300] "GET /cormun/servlet/trlicencias? HTTP/1.1" 200 10233
186.103.159.44 - - [22/Mar/2018:11:52:11 -0300] "GET /cormun/static/gxgral.js?85251 HTTP/1.1" 200 384558
192.168.10.96 - - [22/Mar/2018:11:52:15 -0300] "POST /cormun/servlet/trsolicitudgral?13da0396988bffa615b38bed0b27f897,,gx-no-cache=1521730168731 HTTP/1.1" 200 8601
186.103.159.44 - - [22/Mar/2018:11:52:16 -0300] "GET /cormun/servlet/licenciaspermisos?INS,0,,, HTTP/1.1" 200 7684
186.103.159.44 - - [22/Mar/2018:11:52:16 -0300] "GET /cormun/static/gxgral.js?85251 HTTP/1.1" 200 384558
186.103.159.44 - - [22/Mar/2018:11:52:24 -0300] "GET /cormun/servlet/licenciaspermisos?739a2153a67973ee697b5bbd67e2b508c14d4b0ef00d03261b56ab68cbef8602d3f67a200b59a6d0449a616c13f7169f,gx-no-cache=1521730293450 HTTP/1.1" 200 98
186.103.159.44 - - [22/Mar/2018:11:52:24 -0300] "POST /cormun/servlet/licenciaspermisos?98feba50f5b0d4485e7c26c90290c77f,INS,0,,,,gx-no-cache=1521730293502 HTTP/1.1" 200 4883
192.168.10.96 - - [22/Mar/2018:11:52:25 -0300] "POST /cormun/servlet/trsolicitudgral?13da0396988bffa615b38bed0b27f897,,gx-no-cache=1521730178388 HTTP/1.1" 200 14712
192.168.10.96 - - [22/Mar/2018:11:52:34 -0300] "POST /cormun/servlet/trsolicitudgral?13da0396988bffa615b38bed0b27f897,,gx-no-cache=1521730187788 HTTP/1.1" 200 7954
186.103.159.44 - - [22/Mar/2018:11:53:57 -0300] "GET /cormun/static/menuarrow.gif HTTP/1.1" 404 1015
186.103.159.182 - - [22/Mar/2018:11:54:14 -0300] "POST /cormun/servlet/trsolicitudot?f32c5b8098681e82d27ee5c145328a66,,gx-no-cache=1521730402790 HTTP/1.1" 200 107
186.103.159.182 - - [22/Mar/2018:11:54:15 -0300] "GET /cormun/servlet/trsolicitudadjuntos?2018,10772, HTTP/1.1" 200 9099
186.103.159.182 - - [22/Mar/2018:11:54:15 -0300] "GET /cormun//static/Resources/PXToolsActionDisabled.gif HTTP/1.1" 200 53
186.103.159.182 - - [22/Mar/2018:11:54:16 -0300] "GET /cormun/servlet/trsolicitudadjuntos?2018,10772, HTTP/1.1" 200 9107
186.103.159.182 - - [22/Mar/2018:11:54:18 -0300] "POST /cormun/servlet/trsolicitudadjuntos?f32c5b8098681e82d27ee5c145328a66,2018,10772,,gx-no-cache=1521730406495 HTTP/1.1" 200 7889
186.103.159.182 - - [22/Mar/2018:11:54:32 -0300] "GET /cormun/servlet/trsolicitudot? HTTP/1.1" 200 26074
186.103.159.182 - - [22/Mar/2018:11:54:33 -0300] "GET /cormun/servlet/trsolicitudot? HTTP/1.1" 200 26067
186.103.159.182 - - [22/Mar/2018:11:55:14 -0300] "POST /cormun/servlet/trsolicitudot?f32c5b8098681e82d27ee5c145328a66,,gx-no-cache=1521730462018 HTTP/1.1" 200 4208
186.103.159.182 - - [22/Mar/2018:11:55:19 -0300] "POST /cormun/servlet/trsolicitudot?f32c5b8098681e82d27ee5c145328a66,,gx-no-cache=1521730467163 HTTP/1.1" 200 4213
186.103.159.182 - - [22/Mar/2018:11:55:23 -0300] "POST /cormun/servlet/trsolicitudot?f32c5b8098681e82d27ee5c145328a66,,gx-no-cache=1521730471105 HTTP/1.1" 200 8180
157.55.39.36 - - [22/Mar/2018:11:55:34 -0300] "GET /cormun/servlet/hpexe_link HTTP/1.1" 200 930
186.103.159.182 - - [22/Mar/2018:11:55:38 -0300] "POST /cormun/servlet/trsolicitudot?f32c5b8098681e82d27ee5c145328a66,,gx-no-cache=1521730486315 HTTP/1.1" 200 8156
157.55.39.37 - - [22/Mar/2018:11:55:38 -0300] "GET /cormun/servlet/licenciaspermisos?INS,0,,,_escaped_fragment_%3D HTTP/1.1" 200 6570
157.55.39.37 - - [22/Mar/2018:11:55:39 -0300] "GET /cormun/servlet/solicitudot?UPD,2016,2672,&_escaped_fragment_= HTTP/1.1" 200 13060
157.55.39.37 - - [22/Mar/2018:11:55:40 -0300] "GET /cormun/servlet/licenciaspermisosadjuntos?INS,7109486,L,20170301000000,,_escaped_fragment_%3D HTTP/1.1" 200 4712
157.55.39.38 - - [22/Mar/2018:11:55:41 -0300] "GET /cormun/servlet/vesolicitudot?2017,6363,_escaped_fragment_%3D,SolicitudOTAdjuntos HTTP/1.1" 200 6135
186.103.159.182 - - [22/Mar/2018:11:55:42 -0300] "POST /cormun/servlet/trsolicitudot?f32c5b8098681e82d27ee5c145328a66,,gx-no-cache=1521730490921 HTTP/1.1" 200 8157
157.55.39.38 - - [22/Mar/2018:11:55:43 -0300] "GET /cormun/servlet/permisosingoceadjunto?DLT,32,20170321122600, HTTP/1.1" 200 4637
186.103.159.182 - - [22/Mar/2018:11:55:44 -0300] "POST /cormun/servlet/trsolicitudot?f32c5b8098681e82d27ee5c145328a66,,gx-no-cache=1521730492377 HTTP/1.1" 200 8157
157.55.39.38 - - [22/Mar/2018:11:55:44 -0300] "GET /cormun/servlet/licenciaspermisos?INS,0,,, HTTP/1.1" 200 6744
186.103.159.182 - - [22/Mar/2018:11:55:45 -0300] "POST /cormun/servlet/trsolicitudot?f32c5b8098681e82d27ee5c145328a66,,gx-no-cache=1521730493466 HTTP/1.1" 200 8157
186.103.159.182 - - [22/Mar/2018:11:55:46 -0300] "POST /cormun/servlet/trsolicitudot?f32c5b8098681e82d27ee5c145328a66,,gx-no-cache=1521730494417 HTTP/1.1" 200 8157
186.103.159.182 - - [22/Mar/2018:11:55:49 -0300] "GET /cormun/servlet/trsolicitudot? HTTP/1.1" 200 11251
186.103.159.182 - - [22/Mar/2018:11:55:50 -0300] "GET /cormun/servlet/trsolicitudot? HTTP/1.1" 200 11251
186.103.159.182 - - [22/Mar/2018:11:55:55 -0300] "POST /cormun/servlet/trsolicitudot?f32c5b8098681e82d27ee5c145328a66,,gx-no-cache=1521730503661 HTTP/1.1" 200 4193
40.77.167.6 - - [22/Mar/2018:11:56:01 -0300] "GET /cormun/servlet/vesolicitudot?2017,6363,_escaped_fragment_%3D,SolicitudOTLog HTTP/1.1" 200 6038
186.103.159.44 - - [22/Mar/2018:11:56:09 -0300] "GET /cormun/servlet/licenciaspermisos?739a2153a67973ee697b5bbd67e2b508e5c4da73fef4a6424660b9ba9436284f23c2c6029a83afeed5585d0ba53162795f29b276dc27ac8b9e1b7f094421fad30de48bbc2e312fd120d1102b6fd52d9b5dcb90ad440c812f8c29a8190a4cf85b33abc750435f89ae9218b340b957fdeb1e7e2b43090faae586e510dbc90c7f6221732c0b4074c2bf23c4ee9ec429bf08b1123d4adfe62f309e2774b5bb5d8fdc18d5b907837bcc9e3c6b00981090ede1,gx-no-cache=1521730517864 HTTP/1.1" 200 30
186.103.159.44 - - [22/Mar/2018:11:56:09 -0300] "GET /cormun/servlet/licenciaspermisos?739a2153a67973ee697b5bbd67e2b508c9c1a93e1de66afa25488458a0db46ea672838685a1add01af9b5d3a911ff31a4c8b552121ab9dfcdc47f22bf5e4974b036874abf5d59a9e7111b99f0d4f586a588830a023470bee092a98e2cbe8478d69161104a4713716cda0d4ea2ef3c7b32c9bcb468c0b7ebe5ffd2c0083d8438c93ba9af0cd9fa09b9025b92a3e4a083b4de93e86632b755190ed894dce75c82443d3e990b9ddb24d4d9a40a4da3d9525,gx-no-cache=1521730518290 HTTP/1.1" 200 29
186.103.159.44 - - [22/Mar/2018:11:56:10 -0300] "POST /cormun/servlet/licenciaspermisos?98feba50f5b0d4485e7c26c90290c77f,INS,0,,,,gx-no-cache=1521730518707 HTTP/1.1" 200 93
186.103.159.44 - - [22/Mar/2018:11:56:10 -0300] "GET /cormun/servlet/hpexe_return? HTTP/1.1" 200 1015
186.103.159.44 - - [22/Mar/2018:11:56:10 -0300] "GET /cormun/static/gxgral.js?85251 HTTP/1.1" 200 384558
186.103.159.44 - - [22/Mar/2018:11:56:10 -0300] "GET /cormun/servlet/trlicencias HTTP/1.1" 200 10613
186.103.159.44 - - [22/Mar/2018:11:56:10 -0300] "GET /cormun/static/gxgral.js?85251 HTTP/1.1" 200 384558
186.103.159.44 - - [22/Mar/2018:11:56:16 -0300] "GET /cormun/servlet/alicenciaprn?14047740,L,20180322000000,PU HTTP/1.1" 200 1537
186.103.159.182 - - [22/Mar/2018:11:57:55 -0300] "POST /cormun/servlet/trsolicitudot?f32c5b8098681e82d27ee5c145328a66,,gx-no-cache=1521730623316 HTTP/1.1" 200 4194
186.103.159.182 - - [22/Mar/2018:11:58:35 -0300] "POST /cormun/servlet/trsolicitudot?f32c5b8098681e82d27ee5c145328a66,,gx-no-cache=1521730662900 HTTP/1.1" 200 23147
186.103.159.182 - - [22/Mar/2018:11:58:42 -0300] "POST /cormun/servlet/trsolicitudot?f32c5b8098681e82d27ee5c145328a66,,gx-no-cache=1521730668850 HTTP/1.1" 200 23123
186.103.159.182 - - [22/Mar/2018:11:58:53 -0300] "POST /cormun/servlet/trsolicitudot?f32c5b8098681e82d27ee5c145328a66,,gx-no-cache=1521730680903 HTTP/1.1" 200 23124
186.103.159.182 - - [22/Mar/2018:11:58:57 -0300] "POST /cormun/servlet/trsolicitudot?f32c5b8098681e82d27ee5c145328a66,,gx-no-cache=1521730684485 HTTP/1.1" 200 23147
186.103.159.182 - - [22/Mar/2018:11:59:04 -0300] "GET /cormun/servlet/hlogin HTTP/1.1" 200 1719
186.103.159.182 - - [22/Mar/2018:11:59:05 -0300] "POST /cormun/servlet/trsolicitudot?f32c5b8098681e82d27ee5c145328a66,,gx-no-cache=1521730693165 HTTP/1.1" 200 4166
186.103.159.182 - - [22/Mar/2018:11:59:05 -0300] "GET /cormun/servlet/hlogin HTTP/1.1" 200 1733
186.103.159.182 - - [22/Mar/2018:11:59:15 -0300] "POST /cormun/servlet/hlogin?f32c5b8098681e82d27ee5c145328a66,gx-no-cache=1521730703540 HTTP/1.1" 200 90
186.103.159.182 - - [22/Mar/2018:11:59:15 -0300] "GET /cormun/servlet/hpexe_link HTTP/1.1" 200 953
186.103.159.182 - - [22/Mar/2018:11:59:16 -0300] "GET /cormun/servlet/trsolicitudot? HTTP/1.1" 200 26069
186.103.159.182 - - [22/Mar/2018:11:59:17 -0300] "GET /cormun/servlet/trsolicitudot? HTTP/1.1" 200 26067
200.120.230.197 - - [22/Mar/2018:12:03:21 -0300] "GET /cormun/servlet/hlogin HTTP/1.1" 200 1720
200.120.230.197 - - [22/Mar/2018:12:03:21 -0300] "GET /cormun/servlet/hlogin HTTP/1.1" 200 1730
200.120.230.197 - - [22/Mar/2018:12:03:29 -0300] "POST /cormun/servlet/hlogin?9c0fd4bafaf93586f28ce86cc3c91afc,gx-no-cache=1521730969307 HTTP/1.1" 200 90
200.120.230.197 - - [22/Mar/2018:12:03:29 -0300] "GET /cormun/servlet/hpexe_link HTTP/1.1" 200 950
200.120.230.197 - - [22/Mar/2018:12:03:29 -0300] "GET /cormun/servlet/hhome HTTP/1.1" 200 4228
200.120.230.197 - - [22/Mar/2018:12:03:31 -0300] "GET /cormun/servlet/hhome HTTP/1.1" 200 4224
200.120.230.197 - - [22/Mar/2018:12:03:45 -0300] "GET /cormun/servlet/trpermisosgoce? HTTP/1.1" 200 7151
200.120.230.197 - - [22/Mar/2018:12:03:46 -0300] "GET /cormun/static/gxcfg.js?20177612163875 HTTP/1.1" 200 953
200.120.230.197 - - [22/Mar/2018:12:03:46 -0300] "GET /cormun/static/trpermisosgoce.js?20177612164335 HTTP/1.1" 200 35904
200.120.230.197 - - [22/Mar/2018:12:03:47 -0300] "GET /cormun/servlet/trpermisosgoce? HTTP/1.1" 200 7150
200.120.230.197 - - [22/Mar/2018:12:03:49 -0300] "GET /cormun/servlet/permisogoce?INS,0,,, HTTP/1.1" 200 7093
200.120.230.197 - - [22/Mar/2018:12:03:49 -0300] "GET /cormun/static/gxcfg.js?201776126440 HTTP/1.1" 200 953
200.120.230.197 - - [22/Mar/2018:12:03:49 -0300] "GET /cormun/static/permisogoce.js?2017761264459 HTTP/1.1" 200 27897
200.120.230.197 - - [22/Mar/2018:12:03:50 -0300] "GET /cormun/servlet/permisogoce?INS,0,,, HTTP/1.1" 200 7093
200.120.230.197 - - [22/Mar/2018:12:04:01 -0300] "GET /cormun/servlet/permisogoce?0419690453147653790b7566decbeb82b26fe14dc9068c6a646a3e7b690d8735c6f4ffe8941637fbc14bec14eac602547fbce6e4d9e3016146acf995fd991d9b,gx-no-cache=1521731001167 HTTP/1.1" 200 75
200.120.230.197 - - [22/Mar/2018:12:04:01 -0300] "GET /cormun/static/menuarrow.gif HTTP/1.1" 404 1015
200.120.230.197 - - [22/Mar/2018:12:04:08 -0300] "GET /cormun/servlet/permisogoce?0419690453147653790b7566decbeb827958371c302c653a5865489e7dd0bdb347650ec19b69d86410a9779bc012a0a89a7d65b57bad22a1805df441c8258785,gx-no-cache=1521731008631 HTTP/1.1" 200 47
200.120.230.197 - - [22/Mar/2018:12:04:19 -0300] "POST /cormun/servlet/permisogoce?9c0fd4bafaf93586f28ce86cc3c91afc,INS,0,,,,gx-no-cache=1521731018866 HTTP/1.1" 200 93
200.120.230.197 - - [22/Mar/2018:12:04:19 -0300] "GET /cormun/servlet/hpexe_return? HTTP/1.1" 200 1009
200.120.230.197 - - [22/Mar/2018:12:04:19 -0300] "GET /cormun/servlet/trpermisosgoce HTTP/1.1" 200 8006
200.120.230.197 - - [22/Mar/2018:12:04:21 -0300] "GET /cormun/servlet/trpermisosgoce HTTP/1.1" 200 8003
200.120.230.197 - - [22/Mar/2018:12:04:24 -0300] "GET /cormun/servlet/permisogoce?INS,0,,, HTTP/1.1" 200 7093
200.120.230.197 - - [22/Mar/2018:12:04:25 -0300] "GET /cormun/servlet/permisogoce?INS,0,,, HTTP/1.1" 200 7093
200.120.230.197 - - [22/Mar/2018:12:04:34 -0300] "GET /cormun/servlet/permisogoce?0419690453147653790b7566decbeb8208c88639e6f1cd301367fa01a05870acc6f4ffe8941637fbc14bec14eac602547fbce6e4d9e3016146acf995fd991d9b,gx-no-cache=1521731034154 HTTP/1.1" 200 75
200.120.230.197 - - [22/Mar/2018:12:04:34 -0300] "GET /cormun/static/menuarrow.gif HTTP/1.1" 404 1015
200.120.230.197 - - [22/Mar/2018:12:04:43 -0300] "GET /cormun/servlet/permisogoce?0419690453147653790b7566decbeb82f6fa719856d1c344fb2e4e6c292372f6915e106cf14d38d9b43e3dfd21d8c6179a7d65b57bad22a1805df441c8258785,gx-no-cache=1521731042964 HTTP/1.1" 200 47
200.120.230.197 - - [22/Mar/2018:12:04:47 -0300] "POST /cormun/servlet/permisogoce?9c0fd4bafaf93586f28ce86cc3c91afc,INS,0,,,,gx-no-cache=1521731046833 HTTP/1.1" 200 93
200.120.230.197 - - [22/Mar/2018:12:04:47 -0300] "GET /cormun/servlet/hpexe_return? HTTP/1.1" 200 1009
200.120.230.197 - - [22/Mar/2018:12:04:47 -0300] "GET /cormun/servlet/trpermisosgoce HTTP/1.1" 200 8325
200.120.230.197 - - [22/Mar/2018:12:04:52 -0300] "GET /cormun/servlet/trpermisosgoce HTTP/1.1" 200 8315
186.79.227.120 - - [22/Mar/2018:12:04:55 -0300] "GET /cormun/servlet/permisogoce?INS,0,,, HTTP/1.1" 200 7092
186.79.227.120 - - [22/Mar/2018:12:04:56 -0300] "GET /cormun/servlet/permisogoce?INS,0,,, HTTP/1.1" 200 7092
186.67.172.234 - - [22/Mar/2018:12:04:59 -0300] "GET /cormun/servlet/hlogin HTTP/1.1" 200 1721
186.79.227.120 - - [22/Mar/2018:12:05:03 -0300] "GET /cormun/servlet/permisogoce?0419690453147653790b7566decbeb822957ec97ad9031b0a8574cbb05454be5c6f4ffe8941637fbc14bec14eac602547fbce6e4d9e3016146acf995fd991d9b,gx-no-cache=1521731062970 HTTP/1.1" 200 76
186.79.227.120 - - [22/Mar/2018:12:05:03 -0300] "GET /cormun/static/menuarrow.gif HTTP/1.1" 404 1015
186.67.172.234 - - [22/Mar/2018:12:05:09 -0300] "POST /cormun/servlet/hlogin?051179c327a0a0da1ae9d02f4509919b,gx-no-cache=1521731004307 HTTP/1.1" 200 90
186.67.172.234 - - [22/Mar/2018:12:05:09 -0300] "GET /cormun/servlet/hpexe_link HTTP/1.1" 200 947
186.67.172.234 - - [22/Mar/2018:12:05:09 -0300] "GET /cormun/servlet/hhome HTTP/1.1" 200 4225
186.67.172.234 - - [22/Mar/2018:12:05:09 -0300] "GET /cormun/servlet/hhome HTTP/1.1" 200 4222
186.79.227.120 - - [22/Mar/2018:12:05:10 -0300] "GET /cormun/servlet/permisogoce?0419690453147653790b7566decbeb82f036aee3eca09101a98c5c8e3387bdec04ea2f7805e81ab46a0777adc17060619a7d65b57bad22a1805df441c8258785,gx-no-cache=1521731070396 HTTP/1.1" 200 46
200.86.95.220 - - [22/Mar/2018:12:05:11 -0300] "GET /cormun/servlet/hlogin HTTP/1.1" 200 1724
186.79.227.120 - - [22/Mar/2018:12:05:14 -0300] "POST /cormun/servlet/permisogoce?9c0fd4bafaf93586f28ce86cc3c91afc,INS,0,,,,gx-no-cache=1521731073926 HTTP/1.1" 200 93
186.79.227.120 - - [22/Mar/2018:12:05:14 -0300] "GET /cormun/servlet/hpexe_return? HTTP/1.1" 200 1009
186.79.227.120 - - [22/Mar/2018:12:05:15 -0300] "GET /cormun/servlet/trpermisosgoce HTTP/1.1" 200 8555
186.79.227.120 - - [22/Mar/2018:12:05:16 -0300] "GET /cormun/servlet/trpermisosgoce HTTP/1.1" 200 8546
186.67.172.234 - - [22/Mar/2018:12:05:16 -0300] "GET /cormun/servlet/trpermisosgoce? HTTP/1.1" 200 11093
186.67.172.234 - - [22/Mar/2018:12:05:17 -0300] "GET /cormun/servlet/trpermisosgoce? HTTP/1.1" 200 11088
186.79.227.120 - - [22/Mar/2018:12:05:19 -0300] "GET /cormun/servlet/permisogoce?INS,0,,, HTTP/1.1" 200 7093
186.79.227.120 - - [22/Mar/2018:12:05:20 -0300] "GET /cormun/servlet/permisogoce?INS,0,,, HTTP/1.1" 200 7092
186.67.172.234 - - [22/Mar/2018:12:05:25 -0300] "GET /cormun/servlet/trsolicitudot? HTTP/1.1" 200 9498
186.67.172.234 - - [22/Mar/2018:12:05:25 -0300] "GET /cormun/servlet/trsolicitudot? HTTP/1.1" 200 9497
186.79.227.120 - - [22/Mar/2018:12:05:29 -0300] "GET /cormun/servlet/permisogoce?0419690453147653790b7566decbeb82ce07fad8aaaa4e550f08fed9e94c709d788357f0c59c13284d605f261cfffbcc,gx-no-cache=1521731088826 HTTP/1.1" 200 82
186.79.227.120 - - [22/Mar/2018:12:05:35 -0300] "GET /cormun/servlet/permisogoce?0419690453147653790b7566decbeb826efc9c50a5fd85c5d525813541275a7561805d3ac5e713adeb6d651e02f6214908776193e7de9f16e1c2b861f4d764e0,gx-no-cache=1521731095701 HTTP/1.1" 200 47
200.86.95.220 - - [22/Mar/2018:12:05:44 -0300] "POST /cormun/servlet/hlogin?f201f4777149a62f9a5e1b86ee820549,gx-no-cache=1521731093444 HTTP/1.1" 200 90
200.86.95.220 - - [22/Mar/2018:12:05:44 -0300] "GET /cormun/servlet/hpexe_link HTTP/1.1" 200 954
200.86.95.220 - - [22/Mar/2018:12:05:44 -0300] "GET /cormun/servlet/hhome HTTP/1.1" 200 3954
186.79.227.120 - - [22/Mar/2018:12:05:45 -0300] "POST /cormun/servlet/permisogoce?9c0fd4bafaf93586f28ce86cc3c91afc,INS,0,,,,gx-no-cache=1521731104856 HTTP/1.1" 200 93
186.79.227.120 - - [22/Mar/2018:12:05:46 -0300] "GET /cormun/servlet/hpexe_return? HTTP/1.1" 200 1009
186.79.227.120 - - [22/Mar/2018:12:05:46 -0300] "GET /cormun/servlet/trpermisosgoce HTTP/1.1" 200 8786
200.86.95.220 - - [22/Mar/2018:12:05:46 -0300] "GET /cormun/servlet/hhome HTTP/1.1" 200 3951
186.79.227.120 - - [22/Mar/2018:12:05:47 -0300] "GET /cormun/servlet/trpermisosgoce HTTP/1.1" 200 8784
186.67.172.234 - - [22/Mar/2018:12:05:49 -0300] "POST /cormun/servlet/trsolicitudot?051179c327a0a0da1ae9d02f4509919b,,gx-no-cache=1521731044405 HTTP/1.1" 200 107
186.67.172.234 - - [22/Mar/2018:12:05:49 -0300] "GET /cormun/servlet/trsolicitudadjuntos?2018,10711, HTTP/1.1" 200 6322
186.67.172.234 - - [22/Mar/2018:12:05:49 -0300] "GET /cormun/static/gxcfg.js?20177612135366 HTTP/1.1" 200 953
186.67.172.234 - - [22/Mar/2018:12:05:49 -0300] "GET /cormun/servlet/trsolicitudadjuntos?2018,10711, HTTP/1.1" 200 6322
186.79.227.120 - - [22/Mar/2018:12:05:51 -0300] "GET /cormun/servlet/permisogoce?INS,0,,, HTTP/1.1" 200 7093
186.79.227.120 - - [22/Mar/2018:12:05:53 -0300] "GET /cormun/servlet/permisogoce?INS,0,,, HTTP/1.1" 200 7093
186.67.172.234 - - [22/Mar/2018:12:05:53 -0300] "GET /cormun/servlet/solicitudotadjuntos?INS,2018,10711,,1, HTTP/1.1" 200 6265
186.67.172.234 - - [22/Mar/2018:12:05:53 -0300] "GET /cormun/static/about:blank HTTP/1.1" 404 1011
186.67.172.234 - - [22/Mar/2018:12:05:53 -0300] "GET /cormun/servlet/solicitudotadjuntos?INS,2018,10711,,1, HTTP/1.1" 200 6258
186.67.172.234 - - [22/Mar/2018:12:05:54 -0300] "GET /cormun/servlet/solicitudotadjuntos?b84f04f3f5150b3955ebafc1d0897b60ea4bc0c0dd8dfab4026c9468cfa7ff4ff864876613059c21849e4dde6f6931db,gx-no-cache=1521731049232 HTTP/1.1" 200 30
186.67.172.234 - - [22/Mar/2018:12:05:54 -0300] "POST /cormun/servlet/solicitudotadjuntos?051179c327a0a0da1ae9d02f4509919b,INS,2018,10711,,1,,gx-no-cache=1521731049287 HTTP/1.1" 200 3985
186.67.172.234 - - [22/Mar/2018:12:05:58 -0300] "POST /cormun/servlet/solicitudotadjuntos?gx-no-cache=1521731053329 HTTP/1.1" 200 26
200.120.230.197 - - [22/Mar/2018:12:06:01 -0300] "GET /cormun/servlet/permisogoce?0419690453147653790b7566decbeb829b42d3b732465841ca0ffaf1c04f4ca4788357f0c59c13284d605f261cfffbcc,gx-no-cache=1521731121420 HTTP/1.1" 200 73
186.67.172.234 - - [22/Mar/2018:12:06:04 -0300] "GET /cormun/servlet/solicitudotadjuntos?b84f04f3f5150b3955ebafc1d0897b606a910068d5740b7381b4380994a49d0c,gx-no-cache=1521731060153 HTTP/1.1" 200 30
186.67.172.234 - - [22/Mar/2018:12:06:04 -0300] "GET /cormun/servlet/solicitudotadjuntos?b84f04f3f5150b3955ebafc1d0897b606a910068d5740b7381b4380994a49d0c,gx-no-cache=1521731060165 HTTP/1.1" 200 30
186.67.172.234 - - [22/Mar/2018:12:06:06 -0300] "POST /cormun/servlet/solicitudotadjuntos?051179c327a0a0da1ae9d02f4509919b,INS,2018,10711,,1, HTTP/1.1" 200 116
186.67.172.234 - - [22/Mar/2018:12:06:06 -0300] "GET /cormun/servlet/hpexe_return? HTTP/1.1" 200 1023
186.67.172.234 - - [22/Mar/2018:12:06:07 -0300] "GET /cormun/servlet/trsolicitudadjuntos?2018,10711, HTTP/1.1" 200 8761
186.67.172.234 - - [22/Mar/2018:12:06:07 -0300] "GET /cormun/servlet/trsolicitudadjuntos?2018,10711, HTTP/1.1" 200 8755
200.120.230.197 - - [22/Mar/2018:12:06:07 -0300] "GET /cormun/servlet/permisogoce?0419690453147653790b7566decbeb821a39f4e32ce67ea28206f560d6a5171124a6e7d4acaf48331285efbe5693cd4c08776193e7de9f16e1c2b861f4d764e0,gx-no-cache=1521731127796 HTTP/1.1" 200 47
186.67.172.234 - - [22/Mar/2018:12:06:10 -0300] "GET /cormun/servlet/solicitudotadjuntos?INS,2018,10711,,1, HTTP/1.1" 200 6265
186.67.172.234 - - [22/Mar/2018:12:06:10 -0300] "GET /cormun/static/about:blank HTTP/1.1" 404 1011
186.67.172.234 - - [22/Mar/2018:12:06:10 -0300] "GET /cormun/servlet/solicitudotadjuntos?INS,2018,10711,,1, HTTP/1.1" 200 6258
186.67.172.234 - - [22/Mar/2018:12:06:11 -0300] "GET /cormun/servlet/solicitudotadjuntos?b84f04f3f5150b3955ebafc1d0897b60ea4bc0c0dd8dfab4026c9468cfa7ff4ff864876613059c21849e4dde6f6931db,gx-no-cache=1521731066267 HTTP/1.1" 200 30
186.67.172.234 - - [22/Mar/2018:12:06:11 -0300] "POST /cormun/servlet/solicitudotadjuntos?051179c327a0a0da1ae9d02f4509919b,INS,2018,10711,,1,,gx-no-cache=1521731066338 HTTP/1.1" 200 3985
186.67.172.234 - - [22/Mar/2018:12:06:14 -0300] "POST /cormun/servlet/solicitudotadjuntos?gx-no-cache=1521731069536 HTTP/1.1" 200 26
186.67.172.234 - - [22/Mar/2018:12:06:20 -0300] "GET /cormun/servlet/solicitudotadjuntos?b84f04f3f5150b3955ebafc1d0897b606a910068d5740b7381b4380994a49d0c,gx-no-cache=1521731076120 HTTP/1.1" 200 30
186.67.172.234 - - [22/Mar/2018:12:06:20 -0300] "GET /cormun/servlet/solicitudotadjuntos?b84f04f3f5150b3955ebafc1d0897b606a910068d5740b7381b4380994a49d0c,gx-no-cache=1521731076133 HTTP/1.1" 200 30
186.67.172.234 - - [22/Mar/2018:12:06:21 -0300] "POST /cormun/servlet/solicitudotadjuntos?051179c327a0a0da1ae9d02f4509919b,INS,2018,10711,,1, HTTP/1.1" 200 116
186.67.172.234 - - [22/Mar/2018:12:06:21 -0300] "GET /cormun/servlet/hpexe_return? HTTP/1.1" 200 1023
186.67.172.234 - - [22/Mar/2018:12:06:22 -0300] "GET /cormun/servlet/trsolicitudadjuntos?2018,10711, HTTP/1.1" 200 8983
186.67.172.234 - - [22/Mar/2018:12:06:22 -0300] "GET /cormun/servlet/trsolicitudadjuntos?2018,10711, HTTP/1.1" 200 8981
186.67.172.234 - - [22/Mar/2018:12:06:24 -0300] "GET /cormun/servlet/solicitudotadjuntos?INS,2018,10711,,1, HTTP/1.1" 200 6265
186.67.172.234 - - [22/Mar/2018:12:06:25 -0300] "GET /cormun/static/about:blank HTTP/1.1" 404 1011
186.67.172.234 - - [22/Mar/2018:12:06:25 -0300] "GET /cormun/servlet/solicitudotadjuntos?INS,2018,10711,,1, HTTP/1.1" 200 6258
186.67.172.234 - - [22/Mar/2018:12:06:25 -0300] "GET /cormun/servlet/solicitudotadjuntos?b84f04f3f5150b3955ebafc1d0897b60ea4bc0c0dd8dfab4026c9468cfa7ff4ff864876613059c21849e4dde6f6931db,gx-no-cache=1521731080793 HTTP/1.1" 200 30
186.67.172.234 - - [22/Mar/2018:12:06:25 -0300] "POST /cormun/servlet/solicitudotadjuntos?051179c327a0a0da1ae9d02f4509919b,INS,2018,10711,,1,,gx-no-cache=1521731080825 HTTP/1.1" 200 3985
186.67.172.234 - - [22/Mar/2018:12:06:28 -0300] "POST /cormun/servlet/solicitudotadjuntos?gx-no-cache=1521731083928 HTTP/1.1" 200 26
200.86.95.220 - - [22/Mar/2018:12:06:29 -0300] "GET /cormun/servlet/trsolicitudot? HTTP/1.1" 200 8978
200.86.95.220 - - [22/Mar/2018:12:06:31 -0300] "GET /cormun/servlet/trsolicitudot? HTTP/1.1" 200 8975
186.67.172.234 - - [22/Mar/2018:12:06:36 -0300] "GET /cormun/servlet/solicitudotadjuntos?b84f04f3f5150b3955ebafc1d0897b606a910068d5740b7381b4380994a49d0c,gx-no-cache=1521731091369 HTTP/1.1" 200 30
186.67.172.234 - - [22/Mar/2018:12:06:36 -0300] "GET /cormun/servlet/solicitudotadjuntos?b84f04f3f5150b3955ebafc1d0897b606a910068d5740b7381b4380994a49d0c,gx-no-cache=1521731091380 HTTP/1.1" 200 30
186.67.172.234 - - [22/Mar/2018:12:06:36 -0300] "POST /cormun/servlet/solicitudotadjuntos?051179c327a0a0da1ae9d02f4509919b,INS,2018,10711,,1, HTTP/1.1" 200 116
186.67.172.234 - - [22/Mar/2018:12:06:36 -0300] "GET /cormun/servlet/hpexe_return? HTTP/1.1" 200 1023
186.67.172.234 - - [22/Mar/2018:12:06:37 -0300] "GET /cormun/servlet/trsolicitudadjuntos?2018,10711, HTTP/1.1" 200 9149
186.67.172.234 - - [22/Mar/2018:12:06:37 -0300] "GET /cormun/servlet/trsolicitudadjuntos?2018,10711, HTTP/1.1" 200 9146
200.86.95.220 - - [22/Mar/2018:12:06:38 -0300] "GET /cormun/servlet/solicitudot?INS,0,0, HTTP/1.1" 200 13398
186.67.172.234 - - [22/Mar/2018:12:06:40 -0300] "GET /cormun/servlet/solicitudotadjuntos?INS,2018,10711,,1, HTTP/1.1" 200 6265
200.86.95.220 - - [22/Mar/2018:12:06:40 -0300] "GET /cormun/servlet/solicitudot?INS,0,0, HTTP/1.1" 200 13402
186.67.172.234 - - [22/Mar/2018:12:06:40 -0300] "GET /cormun/static/about:blank HTTP/1.1" 404 1011
186.67.172.234 - - [22/Mar/2018:12:06:40 -0300] "GET /cormun/servlet/solicitudotadjuntos?INS,2018,10711,,1, HTTP/1.1" 200 6258
186.67.172.234 - - [22/Mar/2018:12:06:41 -0300] "GET /cormun/servlet/solicitudotadjuntos?b84f04f3f5150b3955ebafc1d0897b60ea4bc0c0dd8dfab4026c9468cfa7ff4ff864876613059c21849e4dde6f6931db,gx-no-cache=1521731096177 HTTP/1.1" 200 30
186.67.172.234 - - [22/Mar/2018:12:06:41 -0300] "POST /cormun/servlet/solicitudotadjuntos?051179c327a0a0da1ae9d02f4509919b,INS,2018,10711,,1,,gx-no-cache=1521731096209 HTTP/1.1" 200 3985
186.67.172.234 - - [22/Mar/2018:12:06:43 -0300] "POST /cormun/servlet/solicitudotadjuntos?gx-no-cache=1521731099032 HTTP/1.1" 200 26
186.79.227.120 - - [22/Mar/2018:12:06:46 -0300] "POST /cormun/servlet/permisogoce?9c0fd4bafaf93586f28ce86cc3c91afc,INS,0,,,,gx-no-cache=1521731166118 HTTP/1.1" 200 93
186.79.227.120 - - [22/Mar/2018:12:06:46 -0300] "GET /cormun/servlet/hpexe_return? HTTP/1.1" 200 1009
186.79.227.120 - - [22/Mar/2018:12:06:47 -0300] "GET /cormun/servlet/trpermisosgoce HTTP/1.1" 200 9024
186.79.227.120 - - [22/Mar/2018:12:06:49 -0300] "GET /cormun/servlet/trpermisosgoce HTTP/1.1" 200 9012
186.67.172.234 - - [22/Mar/2018:12:06:52 -0300] "GET /cormun/servlet/solicitudotadjuntos?b84f04f3f5150b3955ebafc1d0897b606a910068d5740b7381b4380994a49d0c,gx-no-cache=1521731107722 HTTP/1.1" 200 30
186.67.172.234 - - [22/Mar/2018:12:06:52 -0300] "GET /cormun/servlet/solicitudotadjuntos?b84f04f3f5150b3955ebafc1d0897b606a910068d5740b7381b4380994a49d0c,gx-no-cache=1521731107789 HTTP/1.1" 200 30
186.79.227.120 - - [22/Mar/2018:12:06:53 -0300] "GET /cormun/servlet/permisogoce?INS,0,,, HTTP/1.1" 200 7093
186.67.172.234 - - [22/Mar/2018:12:06:54 -0300] "POST /cormun/servlet/solicitudotadjuntos?051179c327a0a0da1ae9d02f4509919b,INS,2018,10711,,1, HTTP/1.1" 200 116
186.67.172.234 - - [22/Mar/2018:12:06:54 -0300] "GET /cormun/servlet/hpexe_return? HTTP/1.1" 200 1023
186.79.227.120 - - [22/Mar/2018:12:06:54 -0300] "GET /cormun/servlet/permisogoce?INS,0,,, HTTP/1.1" 200 7093
186.67.172.234 - - [22/Mar/2018:12:06:54 -0300] "GET /cormun/servlet/trsolicitudadjuntos?2018,10711, HTTP/1.1" 200 9379
186.67.172.234 - - [22/Mar/2018:12:06:55 -0300] "GET /cormun/servlet/trsolicitudadjuntos?2018,10711, HTTP/1.1" 200 9371
186.67.172.234 - - [22/Mar/2018:12:06:57 -0300] "GET /cormun/servlet/solicitudotadjuntos?INS,2018,10711,,1, HTTP/1.1" 200 6264
186.67.172.234 - - [22/Mar/2018:12:06:57 -0300] "GET /cormun/static/about:blank HTTP/1.1" 404 1011
186.67.172.234 - - [22/Mar/2018:12:06:57 -0300] "GET /cormun/servlet/solicitudotadjuntos?INS,2018,10711,,1, HTTP/1.1" 200 6257
186.67.172.234 - - [22/Mar/2018:12:06:58 -0300] "GET /cormun/servlet/solicitudotadjuntos?b84f04f3f5150b3955ebafc1d0897b60ea4bc0c0dd8dfab4026c9468cfa7ff4ff864876613059c21849e4dde6f6931db,gx-no-cache=1521731113171 HTTP/1.1" 200 30
186.67.172.234 - - [22/Mar/2018:12:06:58 -0300] "POST /cormun/servlet/solicitudotadjuntos?051179c327a0a0da1ae9d02f4509919b,INS,2018,10711,,1,,gx-no-cache=1521731113259 HTTP/1.1" 200 3982
186.79.227.120 - - [22/Mar/2018:12:07:00 -0300] "GET /cormun/servlet/permisogoce?0419690453147653790b7566decbeb82d492db60a42fb5fa1de908beef23eb84788357f0c59c13284d605f261cfffbcc,gx-no-cache=1521731180441 HTTP/1.1" 200 81
186.67.172.234 - - [22/Mar/2018:12:07:01 -0300] "POST /cormun/servlet/solicitudotadjuntos?gx-no-cache=1521731116568 HTTP/1.1" 200 26
186.79.227.120 - - [22/Mar/2018:12:07:07 -0300] "GET /cormun/servlet/permisogoce?0419690453147653790b7566decbeb82e083065bcbafd42a7a65654bd7830727950a13c88a7350535495496e0f8582c408776193e7de9f16e1c2b861f4d764e0,gx-no-cache=1521731186839 HTTP/1.1" 200 47
186.67.172.234 - - [22/Mar/2018:12:07:08 -0300] "GET /cormun/servlet/solicitudotadjuntos?b84f04f3f5150b3955ebafc1d0897b606a910068d5740b7381b4380994a49d0c,gx-no-cache=1521731124057 HTTP/1.1" 200 30
186.67.172.234 - - [22/Mar/2018:12:07:08 -0300] "GET /cormun/servlet/solicitudotadjuntos?b84f04f3f5150b3955ebafc1d0897b606a910068d5740b7381b4380994a49d0c,gx-no-cache=1521731124068 HTTP/1.1" 200 30
186.67.172.234 - - [22/Mar/2018:12:07:09 -0300] "POST /cormun/servlet/solicitudotadjuntos?051179c327a0a0da1ae9d02f4509919b,INS,2018,10711,,1, HTTP/1.1" 200 116
186.67.172.234 - - [22/Mar/2018:12:07:09 -0300] "GET /cormun/servlet/hpexe_return? HTTP/1.1" 200 1023
186.67.172.234 - - [22/Mar/2018:12:07:10 -0300] "GET /cormun/servlet/trsolicitudadjuntos?2018,10711, HTTP/1.1" 200 9588
186.67.172.234 - - [22/Mar/2018:12:07:11 -0300] "GET /cormun/servlet/trsolicitudadjuntos?2018,10711, HTTP/1.1" 200 9585
186.79.227.120 - - [22/Mar/2018:12:07:11 -0300] "POST /cormun/servlet/permisogoce?9c0fd4bafaf93586f28ce86cc3c91afc,INS,0,,,,gx-no-cache=1521731190666 HTTP/1.1" 200 93
186.79.227.120 - - [22/Mar/2018:12:07:11 -0300] "GET /cormun/servlet/hpexe_return? HTTP/1.1" 200 1009
186.79.227.120 - - [22/Mar/2018:12:07:11 -0300] "GET /cormun/servlet/trpermisosgoce HTTP/1.1" 200 9229
186.79.227.120 - - [22/Mar/2018:12:07:12 -0300] "GET /cormun/servlet/trpermisosgoce HTTP/1.1" 200 9232
186.67.172.234 - - [22/Mar/2018:12:07:13 -0300] "GET /cormun/servlet/solicitudotadjuntos?INS,2018,10711,,1, HTTP/1.1" 200 6264
186.67.172.234 - - [22/Mar/2018:12:07:13 -0300] "GET /cormun/static/about:blank HTTP/1.1" 404 1011
186.67.172.234 - - [22/Mar/2018:12:07:13 -0300] "GET /cormun/servlet/solicitudotadjuntos?INS,2018,10711,,1, HTTP/1.1" 200 6257
186.67.172.234 - - [22/Mar/2018:12:07:13 -0300] "GET /cormun/servlet/solicitudotadjuntos?b84f04f3f5150b3955ebafc1d0897b60ea4bc0c0dd8dfab4026c9468cfa7ff4ff864876613059c21849e4dde6f6931db,gx-no-cache=1521731129064 HTTP/1.1" 200 30
186.67.172.234 - - [22/Mar/2018:12:07:13 -0300] "POST /cormun/servlet/solicitudotadjuntos?051179c327a0a0da1ae9d02f4509919b,INS,2018,10711,,1,,gx-no-cache=1521731129104 HTTP/1.1" 200 3982
186.79.227.120 - - [22/Mar/2018:12:07:15 -0300] "GET /cormun/servlet/permisogoce?INS,0,,, HTTP/1.1" 200 7093
186.67.172.234 - - [22/Mar/2018:12:07:16 -0300] "POST /cormun/servlet/solicitudotadjuntos?gx-no-cache=1521731131600 HTTP/1.1" 200 26
186.79.227.120 - - [22/Mar/2018:12:07:16 -0300] "GET /cormun/servlet/permisogoce?INS,0,,, HTTP/1.1" 200 7092
186.67.172.234 - - [22/Mar/2018:12:07:22 -0300] "GET /cormun/servlet/solicitudotadjuntos?b84f04f3f5150b3955ebafc1d0897b606a910068d5740b7381b4380994a49d0c,gx-no-cache=1521731137889 HTTP/1.1" 200 30
186.67.172.234 - - [22/Mar/2018:12:07:22 -0300] "GET /cormun/servlet/solicitudotadjuntos?b84f04f3f5150b3955ebafc1d0897b606a910068d5740b7381b4380994a49d0c,gx-no-cache=1521731137900 HTTP/1.1" 200 30
186.79.227.120 - - [22/Mar/2018:12:07:24 -0300] "GET /cormun/servlet/permisogoce?0419690453147653790b7566decbeb82a498def0731dae686efd9c564241fedfc6f4ffe8941637fbc14bec14eac602547fbce6e4d9e3016146acf995fd991d9b,gx-no-cache=1521731204123 HTTP/1.1" 200 73
186.67.172.234 - - [22/Mar/2018:12:07:24 -0300] "POST /cormun/servlet/solicitudotadjuntos?051179c327a0a0da1ae9d02f4509919b,INS,2018,10711,,1, HTTP/1.1" 200 116
186.67.172.234 - - [22/Mar/2018:12:07:24 -0300] "GET /cormun/servlet/hpexe_return? HTTP/1.1" 200 1023
186.67.172.234 - - [22/Mar/2018:12:07:25 -0300] "GET /cormun/servlet/trsolicitudadjuntos?2018,10711, HTTP/1.1" 200 9836
186.67.172.234 - - [22/Mar/2018:12:07:26 -0300] "GET /cormun/servlet/trsolicitudadjuntos?2018,10711, HTTP/1.1" 200 9829
186.67.172.234 - - [22/Mar/2018:12:07:30 -0300] "POST /cormun/servlet/trsolicitudadjuntos?051179c327a0a0da1ae9d02f4509919b,2018,10711,,gx-no-cache=1521731145939 HTTP/1.1" 200 90
186.67.172.234 - - [22/Mar/2018:12:07:30 -0300] "GET /cormun/servlet/hpexe_link HTTP/1.1" 200 965
186.67.172.234 - - [22/Mar/2018:12:07:30 -0300] "GET /cormun/servlet/trsolicitudot HTTP/1.1" 200 9499
186.79.227.120 - - [22/Mar/2018:12:07:31 -0300] "GET /cormun/servlet/permisogoce?0419690453147653790b7566decbeb82a18085d3e9bd30c9b63f91523cdebfc426354fac824f49ed3496455634ec965b9a7d65b57bad22a1805df441c8258785,gx-no-cache=1521731211182 HTTP/1.1" 200 47
186.67.172.234 - - [22/Mar/2018:12:07:31 -0300] "GET /cormun/servlet/trsolicitudot HTTP/1.1" 200 9497
186.79.227.120 - - [22/Mar/2018:12:07:36 -0300] "POST /cormun/servlet/permisogoce?9c0fd4bafaf93586f28ce86cc3c91afc,INS,0,,,,gx-no-cache=1521731216236 HTTP/1.1" 200 93
186.79.227.120 - - [22/Mar/2018:12:07:36 -0300] "GET /cormun/servlet/hpexe_return? HTTP/1.1" 200 1009
186.79.227.120 - - [22/Mar/2018:12:07:37 -0300] "GET /cormun/servlet/trpermisosgoce HTTP/1.1" 200 9453
186.79.227.120 - - [22/Mar/2018:12:07:38 -0300] "GET /cormun/servlet/trpermisosgoce HTTP/1.1" 200 9446
186.79.227.120 - - [22/Mar/2018:12:07:41 -0300] "GET /cormun/servlet/permisogoce?INS,0,,, HTTP/1.1" 200 7093
186.79.227.120 - - [22/Mar/2018:12:07:42 -0300] "GET /cormun/servlet/permisogoce?INS,0,,, HTTP/1.1" 200 7093
186.67.172.234 - - [22/Mar/2018:12:07:42 -0300] "POST /cormun/servlet/trsolicitudot?051179c327a0a0da1ae9d02f4509919b,gx-no-cache=1521731157756 HTTP/1.1" 200 6192
186.67.172.234 - - [22/Mar/2018:12:07:42 -0300] "GET /cormun/static/Shared/jqueryui/images/ui-bg_highlight-soft_100_c6c2c8_1x100.png HTTP/1.1" 404 1117
186.67.172.234 - - [22/Mar/2018:12:07:42 -0300] "GET /cormun/static/Shared/jqueryui/images/ui-icons_82798d_256x240.png HTTP/1.1" 404 1089
186.67.172.234 - - [22/Mar/2018:12:07:42 -0300] "GET /cormun/static/Shared/jqueryui/images/ui-bg_flat_55_fafafa_40x100.png HTTP/1.1" 404 1097
186.67.172.234 - - [22/Mar/2018:12:07:42 -0300] "GET /cormun/static/Shared/jqueryui/images/ui-icons_8d78a5_256x240.png HTTP/1.1" 404 1089
186.67.172.234 - - [22/Mar/2018:12:07:43 -0300] "POST /cormun/servlet/trsolicitudot?051179c327a0a0da1ae9d02f4509919b,gx-no-cache=1521731158164 HTTP/1.1" 200 6133
186.79.227.120 - - [22/Mar/2018:12:07:49 -0300] "GET /cormun/servlet/permisogoce?0419690453147653790b7566decbeb829c9d3ab9fa811f76547639133c380909c6f4ffe8941637fbc14bec14eac602547fbce6e4d9e3016146acf995fd991d9b,gx-no-cache=1521731229572 HTTP/1.1" 200 64
186.79.227.120 - - [22/Mar/2018:12:07:56 -0300] "GET /cormun/servlet/permisogoce?0419690453147653790b7566decbeb82bf684ceefe26ebdec7ba6ffaebd3a46df28789c4ce98bc1c19b33319a20e89cc9a7d65b57bad22a1805df441c8258785,gx-no-cache=1521731236216 HTTP/1.1" 200 46
186.67.172.234 - - [22/Mar/2018:12:07:58 -0300] "GET /cormun/servlet/trautorizarsolicitud? HTTP/1.1" 200 8672
186.67.172.234 - - [22/Mar/2018:12:07:59 -0300] "GET /cormun/servlet/trautorizarsolicitud? HTTP/1.1" 200 8674
186.79.227.120 - - [22/Mar/2018:12:08:08 -0300] "POST /cormun/servlet/permisogoce?9c0fd4bafaf93586f28ce86cc3c91afc,INS,0,,,,gx-no-cache=1521731247845 HTTP/1.1" 200 93
186.79.227.120 - - [22/Mar/2018:12:08:08 -0300] "GET /cormun/servlet/hpexe_return? HTTP/1.1" 200 1009
186.79.227.120 - - [22/Mar/2018:12:08:09 -0300] "GET /cormun/servlet/trpermisosgoce HTTP/1.1" 200 9669
186.79.227.120 - - [22/Mar/2018:12:08:10 -0300] "GET /cormun/servlet/trpermisosgoce HTTP/1.1" 200 9670
186.79.227.120 - - [22/Mar/2018:12:08:14 -0300] "GET /cormun/servlet/permisogoce?INS,0,,, HTTP/1.1" 200 7093
186.79.227.120 - - [22/Mar/2018:12:08:15 -0300] "GET /cormun/servlet/permisogoce?INS,0,,, HTTP/1.1" 200 7093
186.79.227.120 - - [22/Mar/2018:12:08:24 -0300] "GET /cormun/servlet/permisogoce?0419690453147653790b7566decbeb82c4d0c8a45282906eb7075b7543af063bc6f4ffe8941637fbc14bec14eac602547fbce6e4d9e3016146acf995fd991d9b,gx-no-cache=1521731264540 HTTP/1.1" 200 78
186.79.227.120 - - [22/Mar/2018:12:08:31 -0300] "GET /cormun/servlet/permisogoce?0419690453147653790b7566decbeb824567ea48d6a2a50068964cabfe774914a3d18045ff4770a1752637311e6349279a7d65b57bad22a1805df441c8258785,gx-no-cache=1521731270909 HTTP/1.1" 200 47
186.103.159.46 - - [22/Mar/2018:12:08:31 -0300] "GET /cormun/servlet/hlogin HTTP/1.1" 200 1716
186.103.159.46 - - [22/Mar/2018:12:08:31 -0300] "GET /cormun/static/gxtimezone.js?85251 HTTP/1.1" 304 -
186.103.159.46 - - [22/Mar/2018:12:08:31 -0300] "GET /cormun/static/gxcfg.js?20175251213516 HTTP/1.1" 304 -
186.103.159.46 - - [22/Mar/2018:12:08:31 -0300] "GET /cormun/static/messages.spa.js?85251 HTTP/1.1" 304 -
186.103.159.46 - - [22/Mar/2018:12:08:31 -0300] "GET /cormun/servlet/hlogin HTTP/1.1" 200 1720
186.79.227.120 - - [22/Mar/2018:12:08:44 -0300] "POST /cormun/servlet/permisogoce?9c0fd4bafaf93586f28ce86cc3c91afc,INS,0,,,,gx-no-cache=1521731284031 HTTP/1.1" 200 93
186.79.227.120 - - [22/Mar/2018:12:08:44 -0300] "GET /cormun/servlet/hpexe_return? HTTP/1.1" 200 1009
186.103.159.46 - - [22/Mar/2018:12:08:45 -0300] "POST /cormun/servlet/hlogin?c6c2f52459057b75d61ce40054e2c88e,gx-no-cache=1521731273776 HTTP/1.1" 200 90
186.103.159.46 - - [22/Mar/2018:12:08:45 -0300] "GET /cormun/servlet/hpexe_link HTTP/1.1" 200 942
186.79.227.120 - - [22/Mar/2018:12:08:45 -0300] "GET /cormun/servlet/trpermisosgoce HTTP/1.1" 200 9902
186.103.159.46 - - [22/Mar/2018:12:08:45 -0300] "GET /cormun/static/gxcfg.js?20177612121792 HTTP/1.1" 304 -
186.103.159.46 - - [22/Mar/2018:12:08:45 -0300] "GET /cormun/servlet/hhome HTTP/1.1" 200 3950
186.103.159.46 - - [22/Mar/2018:12:08:45 -0300] "GET /cormun/static/gxcfg.js?20175251212442 HTTP/1.1" 304 -
186.79.227.120 - - [22/Mar/2018:12:08:46 -0300] "GET /cormun/servlet/trpermisosgoce HTTP/1.1" 200 9901
186.103.159.46 - - [22/Mar/2018:12:08:48 -0300] "GET /cormun/servlet/hhome HTTP/1.1" 200 3946
186.103.159.46 - - [22/Mar/2018:12:08:56 -0300] "GET /cormun/servlet/trlicencias? HTTP/1.1" 200 9956
186.103.159.46 - - [22/Mar/2018:12:08:56 -0300] "GET /cormun/static/calendar.js?85251 HTTP/1.1" 304 -
186.103.159.46 - - [22/Mar/2018:12:08:56 -0300] "GET /cormun/static/calendar-setup.js?85251 HTTP/1.1" 304 -
186.103.159.46 - - [22/Mar/2018:12:08:56 -0300] "GET /cormun/static/gxcfg.js?20176272054169 HTTP/1.1" 304 -
186.103.159.46 - - [22/Mar/2018:12:08:56 -0300] "GET /cormun/static/calendar-es.js?85251 HTTP/1.1" 304 -
186.103.159.46 - - [22/Mar/2018:12:08:56 -0300] "GET /cormun/static/gxdec.js?85251 HTTP/1.1" 304 -
186.103.159.46 - - [22/Mar/2018:12:08:59 -0300] "GET /cormun/servlet/trlicencias? HTTP/1.1" 200 9953
200.120.230.197 - - [22/Mar/2018:12:09:26 -0300] "GET /cormun/servlet/trpermisosadjuntos?15807616,20180322120102,P, HTTP/1.1" 200 6539
200.120.230.197 - - [22/Mar/2018:12:09:27 -0300] "GET /cormun/static/gxcfg.js?201762817193957 HTTP/1.1" 200 953
200.120.230.197 - - [22/Mar/2018:12:09:27 -0300] "GET /cormun/static/trpermisosadjuntos.js?201762817194366 HTTP/1.1" 200 20158
200.120.230.197 - - [22/Mar/2018:12:09:28 -0300] "GET /cormun/servlet/trpermisosadjuntos?15807616,20180322120102,P, HTTP/1.1" 200 6538
200.120.230.197 - - [22/Mar/2018:12:09:30 -0300] "GET /cormun/servlet/permisosadjuntos?INS,15807616,P,20180322120102,, HTTP/1.1" 200 5869
200.120.230.197 - - [22/Mar/2018:12:09:30 -0300] "GET /cormun/static/gxcfg.js?201762717441171 HTTP/1.1" 200 953
186.79.227.120 - - [22/Mar/2018:12:09:30 -0300] "GET /cormun/static/permisosadjuntos.js?201762717441184 HTTP/1.1" 200 8724
186.79.227.120 - - [22/Mar/2018:12:09:30 -0300] "GET /cormun/static/about:blank HTTP/1.1" 404 1011
186.79.227.120 - - [22/Mar/2018:12:09:31 -0300] "GET /cormun/servlet/permisosadjuntos?INS,15807616,P,20180322120102,, HTTP/1.1" 200 5858
186.79.227.120 - - [22/Mar/2018:12:09:51 -0300] "POST /cormun/servlet/permisosadjuntos?9c0fd4bafaf93586f28ce86cc3c91afc,INS,15807616,P,20180322120102,, HTTP/1.1" 200 116
186.79.227.120 - - [22/Mar/2018:12:09:51 -0300] "GET /cormun/servlet/hpexe_return? HTTP/1.1" 200 1036
186.79.227.120 - - [22/Mar/2018:12:09:51 -0300] "GET /cormun/servlet/trpermisosadjuntos?15807616,20180322120102,P, HTTP/1.1" 200 7030
186.79.227.120 - - [22/Mar/2018:12:09:53 -0300] "GET /cormun/servlet/trpermisosadjuntos?15807616,20180322120102,P, HTTP/1.1" 200 7027
186.79.227.120 - - [22/Mar/2018:12:09:56 -0300] "POST /cormun/servlet/trpermisosadjuntos?9c0fd4bafaf93586f28ce86cc3c91afc,15807616,20180322120102,P,,gx-no-cache=1521731355808 HTTP/1.1" 200 90
186.79.227.120 - - [22/Mar/2018:12:09:56 -0300] "GET /cormun/servlet/hpexe_link HTTP/1.1" 200 981
186.79.227.120 - - [22/Mar/2018:12:09:56 -0300] "GET /cormun/servlet/trpermisosgoce HTTP/1.1" 200 9901
186.79.227.120 - - [22/Mar/2018:12:09:57 -0300] "GET /cormun/servlet/trpermisosgoce HTTP/1.1" 200 9898
186.79.227.120 - - [22/Mar/2018:12:10:02 -0300] "GET /cormun/servlet/trpermisosadjuntos?16180303,20180322120428,P, HTTP/1.1" 200 6536
186.79.227.120 - - [22/Mar/2018:12:10:03 -0300] "GET /cormun/servlet/trpermisosadjuntos?16180303,20180322120428,P, HTTP/1.1" 200 6536
186.79.227.120 - - [22/Mar/2018:12:10:05 -0300] "GET /cormun/servlet/permisosadjuntos?INS,16180303,P,20180322120428,, HTTP/1.1" 200 5868
186.79.227.120 - - [22/Mar/2018:12:10:05 -0300] "GET /cormun/static/about:blank HTTP/1.1" 404 1011
186.79.227.120 - - [22/Mar/2018:12:10:06 -0300] "GET /cormun/servlet/permisosadjuntos?INS,16180303,P,20180322120428,, HTTP/1.1" 200 5858
186.79.227.120 - - [22/Mar/2018:12:10:18 -0300] "POST /cormun/servlet/permisosadjuntos?9c0fd4bafaf93586f28ce86cc3c91afc,INS,16180303,P,20180322120428,, HTTP/1.1" 200 116
186.79.227.120 - - [22/Mar/2018:12:10:19 -0300] "GET /cormun/servlet/hpexe_return? HTTP/1.1" 200 1035
186.79.227.120 - - [22/Mar/2018:12:10:19 -0300] "GET /cormun/servlet/trpermisosadjuntos?16180303,20180322120428,P, HTTP/1.1" 200 7027
186.79.227.120 - - [22/Mar/2018:12:10:20 -0300] "GET /cormun/servlet/trpermisosadjuntos?16180303,20180322120428,P, HTTP/1.1" 200 7022
186.79.227.120 - - [22/Mar/2018:12:10:23 -0300] "POST /cormun/servlet/trpermisosadjuntos?9c0fd4bafaf93586f28ce86cc3c91afc,16180303,20180322120428,P,,gx-no-cache=1521731382586 HTTP/1.1" 200 90
186.79.227.120 - - [22/Mar/2018:12:10:23 -0300] "GET /cormun/servlet/hpexe_link HTTP/1.1" 200 980
186.79.227.120 - - [22/Mar/2018:12:10:23 -0300] "GET /cormun/servlet/trpermisosgoce HTTP/1.1" 200 9899
186.79.227.120 - - [22/Mar/2018:12:10:24 -0300] "GET /cormun/servlet/trpermisosgoce HTTP/1.1" 200 9895
186.79.227.120 - - [22/Mar/2018:12:10:27 -0300] "GET /cormun/servlet/trpermisosadjuntos?9067815,20180322120232,P, HTTP/1.1" 200 6544
186.79.227.120 - - [22/Mar/2018:12:10:28 -0300] "GET /cormun/servlet/trpermisosadjuntos?9067815,20180322120232,P, HTTP/1.1" 200 6544
186.79.227.120 - - [22/Mar/2018:12:10:30 -0300] "GET /cormun/servlet/permisosadjuntos?INS,9067815,P,20180322120232,, HTTP/1.1" 200 5872
186.79.227.120 - - [22/Mar/2018:12:10:30 -0300] "GET /cormun/static/about:blank HTTP/1.1" 404 1011
186.79.227.120 - - [22/Mar/2018:12:10:31 -0300] "GET /cormun/servlet/permisosadjuntos?INS,9067815,P,20180322120232,, HTTP/1.1" 200 5862
186.103.159.46 - - [22/Mar/2018:12:10:35 -0300] "GET /cormun/static/menuarrow.gif HTTP/1.1" 404 1015
186.79.227.120 - - [22/Mar/2018:12:10:44 -0300] "POST /cormun/servlet/permisosadjuntos?9c0fd4bafaf93586f28ce86cc3c91afc,INS,9067815,P,20180322120232,, HTTP/1.1" 200 116
186.79.227.120 - - [22/Mar/2018:12:10:44 -0300] "GET /cormun/servlet/hpexe_return? HTTP/1.1" 200 1035
186.79.227.120 - - [22/Mar/2018:12:10:46 -0300] "GET /cormun/servlet/trpermisosadjuntos?9067815,20180322120232,P, HTTP/1.1" 200 7036
186.79.227.120 - - [22/Mar/2018:12:10:47 -0300] "GET /cormun/servlet/trpermisosadjuntos?9067815,20180322120232,P, HTTP/1.1" 200 7033
186.79.227.120 - - [22/Mar/2018:12:10:49 -0300] "POST /cormun/servlet/trpermisosadjuntos?9c0fd4bafaf93586f28ce86cc3c91afc,9067815,20180322120232,P,,gx-no-cache=1521731409208 HTTP/1.1" 200 90
186.79.227.120 - - [22/Mar/2018:12:10:49 -0300] "GET /cormun/servlet/hpexe_link HTTP/1.1" 200 980
186.79.227.120 - - [22/Mar/2018:12:10:50 -0300] "GET /cormun/servlet/trpermisosgoce HTTP/1.1" 200 9902
186.79.227.120 - - [22/Mar/2018:12:10:51 -0300] "GET /cormun/servlet/trpermisosgoce HTTP/1.1" 200 9900
186.79.227.120 - - [22/Mar/2018:12:10:58 -0300] "GET /cormun/servlet/trpermisosadjuntos?6264666,20180322120406,P, HTTP/1.1" 200 6541
186.79.227.120 - - [22/Mar/2018:12:10:59 -0300] "GET /cormun/servlet/trpermisosadjuntos?6264666,20180322120406,P, HTTP/1.1" 200 6541
186.79.227.120 - - [22/Mar/2018:12:11:01 -0300] "GET /cormun/servlet/permisosadjuntos?INS,6264666,P,20180322120406,, HTTP/1.1" 200 5869
186.79.227.120 - - [22/Mar/2018:12:11:01 -0300] "GET /cormun/static/about:blank HTTP/1.1" 404 1011
186.79.227.120 - - [22/Mar/2018:12:11:02 -0300] "GET /cormun/servlet/permisosadjuntos?INS,6264666,P,20180322120406,, HTTP/1.1" 200 5859
186.103.159.46 - - [22/Mar/2018:12:11:10 -0300] "POST /cormun/servlet/trlicencias?c6c2f52459057b75d61ce40054e2c88e,,gx-no-cache=1521731419176 HTTP/1.1" 200 4085
186.79.227.120 - - [22/Mar/2018:12:11:15 -0300] "POST /cormun/servlet/permisosadjuntos?9c0fd4bafaf93586f28ce86cc3c91afc,INS,6264666,P,20180322120406,, HTTP/1.1" 200 116
186.79.227.120 - - [22/Mar/2018:12:11:15 -0300] "GET /cormun/servlet/hpexe_return? HTTP/1.1" 200 1036
186.79.227.120 - - [22/Mar/2018:12:11:15 -0300] "GET /cormun/servlet/trpermisosadjuntos?6264666,20180322120406,P, HTTP/1.1" 200 7039
186.79.227.120 - - [22/Mar/2018:12:11:17 -0300] "GET /cormun/servlet/trpermisosadjuntos?6264666,20180322120406,P, HTTP/1.1" 200 7035
186.79.227.120 - - [22/Mar/2018:12:11:19 -0300] "POST /cormun/servlet/trpermisosadjuntos?9c0fd4bafaf93586f28ce86cc3c91afc,6264666,20180322120406,P,,gx-no-cache=1521731438879 HTTP/1.1" 200 90
186.79.227.120 - - [22/Mar/2018:12:11:19 -0300] "GET /cormun/servlet/hpexe_link HTTP/1.1" 200 981
186.79.227.120 - - [22/Mar/2018:12:11:19 -0300] "GET /cormun/servlet/trpermisosgoce HTTP/1.1" 200 9901
186.79.227.120 - - [22/Mar/2018:12:11:21 -0300] "GET /cormun/servlet/trpermisosgoce HTTP/1.1" 200 9899
186.103.159.46 - - [22/Mar/2018:12:11:21 -0300] "GET /cormun/servlet/licenciaspermisos?INS,0,,, HTTP/1.1" 200 7476
186.103.159.46 - - [22/Mar/2018:12:11:21 -0300] "GET /cormun/static/gxcfg.js?201762917281167 HTTP/1.1" 304 -
186.103.159.46 - - [22/Mar/2018:12:11:23 -0300] "GET /cormun/servlet/licenciaspermisos?INS,0,,, HTTP/1.1" 200 7475
186.79.227.120 - - [22/Mar/2018:12:11:25 -0300] "GET /cormun/servlet/trpermisosadjuntos?14242088,20180322120527,P, HTTP/1.1" 200 6538
186.79.227.120 - - [22/Mar/2018:12:11:26 -0300] "GET /cormun/servlet/trpermisosadjuntos?14242088,20180322120527,P, HTTP/1.1" 200 6538
186.79.227.120 - - [22/Mar/2018:12:11:28 -0300] "GET /cormun/servlet/permisosadjuntos?INS,14242088,P,20180322120527,, HTTP/1.1" 200 5869
186.79.227.120 - - [22/Mar/2018:12:11:28 -0300] "GET /cormun/static/about:blank HTTP/1.1" 404 1011
186.79.227.120 - - [22/Mar/2018:12:11:29 -0300] "GET /cormun/servlet/permisosadjuntos?INS,14242088,P,20180322120527,, HTTP/1.1" 200 5858
186.103.159.46 - - [22/Mar/2018:12:11:36 -0300] "GET /cormun/servlet/licenciaspermisos?22999e99163a6fb7af3adf2819cd47f2e1e257b5c9eec6cdf35901221a18ad5fb89489e61bf07ce02f50d725ddfe6669,gx-no-cache=1521731444879 HTTP/1.1" 200 185
186.103.159.46 - - [22/Mar/2018:12:11:36 -0300] "GET /cormun/static/Shared/jqueryui/images/ui-bg_highlight-soft_100_c6c2c8_1x100.png HTTP/1.1" 404 1117
