192.168.10.96 - - [22/Mar/2018:08:15:58 -0300] "POST /cormun/servlet/trsolicitudgral?eea656293f327e6fc1635d59f385541f,,gx-no-cache=1521717191534 HTTP/1.1" 200 5931
200.112.0.226 - - [22/Mar/2018:08:16:31 -0300] "GET /cormun/servlet/hlogin HTTP/1.1" 200 1718
200.112.0.226 - - [22/Mar/2018:08:16:33 -0300] "POST /cormun/servlet/hlogin?718fa4b39e00e8fb1ccd5067f7253d2f,gx-no-cache=1521717342414 HTTP/1.1" 200 90
200.112.0.226 - - [22/Mar/2018:08:16:33 -0300] "GET /cormun/servlet/hpexe_link HTTP/1.1" 200 949
200.112.0.226 - - [22/Mar/2018:08:16:33 -0300] "GET /cormun/static/Resources/Spanish/PXTools.css?1155365 HTTP/1.1" 304 -
200.112.0.226 - - [22/Mar/2018:08:16:33 -0300] "GET /cormun/static/hpexe_link.js?20177612121795 HTTP/1.1" 304 -
200.112.0.226 - - [22/Mar/2018:08:16:33 -0300] "GET /cormun/servlet/hhome HTTP/1.1" 200 3995
200.112.0.226 - - [22/Mar/2018:08:16:34 -0300] "GET /cormun/static/hhome.js?20175251212450 HTTP/1.1" 304 -
200.112.0.226 - - [22/Mar/2018:08:16:34 -0300] "GET /cormun/static/hpexe_messagecontroller.js?20177611595012 HTTP/1.1" 304 -
200.112.0.226 - - [22/Mar/2018:08:16:34 -0300] "GET /cormun/static/hpexe_messagepopupcomponent.js?20161017169425 HTTP/1.1" 304 -
200.112.0.226 - - [22/Mar/2018:08:16:34 -0300] "GET /cormun/static/hpexe_messagegenexuscomponent.js?201752511465344 HTTP/1.1" 304 -
200.112.0.226 - - [22/Mar/2018:08:16:34 -0300] "GET /cormun/servlet/hhome HTTP/1.1" 200 3991
192.168.10.96 - - [22/Mar/2018:08:17:07 -0300] "POST /cormun/servlet/trsolicitudgral?eea656293f327e6fc1635d59f385541f,,gx-no-cache=1521717260087 HTTP/1.1" 200 7903
192.168.10.96 - - [22/Mar/2018:08:17:18 -0300] "POST /cormun/servlet/trsolicitudgral?eea656293f327e6fc1635d59f385541f,,gx-no-cache=1521717271095 HTTP/1.1" 200 24368
192.168.10.96 - - [22/Mar/2018:08:17:25 -0300] "POST /cormun/servlet/trsolicitudgral?eea656293f327e6fc1635d59f385541f,,gx-no-cache=1521717278773 HTTP/1.1" 200 8000
192.168.10.96 - - [22/Mar/2018:08:17:29 -0300] "GET /cormun/servlet/solicitudgral?UPD,2018,10636, HTTP/1.1" 200 13090
192.168.10.96 - - [22/Mar/2018:08:17:29 -0300] "GET /cormun/static/gxcfg.js?20181911354237 HTTP/1.1" 200 953
192.168.10.96 - - [22/Mar/2018:08:17:30 -0300] "GET /cormun/static/solicitudgral.js?20181911354326 HTTP/1.1" 304 -
192.168.10.96 - - [22/Mar/2018:08:17:30 -0300] "GET /cormun/servlet/solicitudgral?UPD,2018,10636, HTTP/1.1" 200 13100
192.168.10.96 - - [22/Mar/2018:08:17:31 -0300] "POST /cormun/servlet/solicitudgral?gx-no-cache=1521717283940 HTTP/1.1" 200 3851
192.168.10.96 - - [22/Mar/2018:08:17:31 -0300] "GET /cormun/servlet/solicitudgral?559cdf76e5d6a5e57c0ff38f03ca8fa8bfa39430ff1c9233b82bafd048bd9e1bd0e9e6c7d94803d96c1c7ea8fc9797a2568322ff3cd693c5d9e99c5b963f6125e4d5c73971cb77b7d315409ae3c8a5676e122d8754deae55da4334c1b0889908117d53a1f61ba3b6c4c1d64f31f861e1ba2ccd7132e76e454b6a6b77e06e93ad27e8489190e6a2eee565bb1b2d680117654a852f71943387a1a55c96049cba0dfb7963932539edc4302dc8eb5ce3f8c81e15f662664464f9a46dd9d2b7dbd941b2afa724ad166ad75c0d84aa1ee2c9ffabb9b1f066e48a87a762081c280a6c3caf480cb9bd6f210e644fd34894b57a299cfa8ad6d904a17a779a847b92db97f5d4b92652e795ccffcf1c49bdd30f0e7d70b2d2b0e17ed054a7bffc540daa484e136cf9d0be0c1e7b5948e4ef0d0ed6ce67a00e1ac85547f43e4a385800757fb88e37c47b6a6b693e57ed668c714dcaf5,gx-no-cache=1521717284123 HTTP/1.1" 200 297
192.168.10.96 - - [22/Mar/2018:08:17:32 -0300] "GET /cormun/servlet/solicitudgral?559cdf76e5d6a5e57c0ff38f03ca8fa8a9bc8a5fecdef0bd59099093c7c1e9665bb65add83e96520b62c3633ff18e817c7ea99dc8b29ce84cca74583b51d0fefce718411c8be35223239bdd40a1d063be3b659ba39abd0cc3abe83e3b2686f929083bf76f553e55b59123d71371460aa4d9419a6021c7f96d49748876341c518736a79a46b023738b5c5c005425b708a2d068ae22c5e89712954d59609f2cc13af9a6fb800b3df81174e4556536a527b0b15bee10a6802ff927bd8ecf6032b6499f3b8a06d051fbcbe394c90fe40ddb23e3d255d7596d541ebfedb420cffcdb49255aa72a81484de476ad1c484e953eca3bc7c2790bc20311cb46e643effdbc1c2c00d5867e68fd7a6560208c881d698c1b56cc00f56aef7e18cc28ecfa078fb0b95b22154eacfaa5ab97ccb332d53ec2c1eb2ee26cd295ddabceacec91622dd194a6f7f6cc99eb7449add0e16385075ced42f97117cec9569f5cbf4c5bca19c6194c0f619f12d9585845195ed84261329ae6dff3d104354c61be278dddcdf8122b4ccd220fd2ecb6559ab0259391e2d40cf48de3f452a6597af9a96560ca8d9270f59b0c5f587ac41731d7629e11a57,gx-no-cache=1521717285840 HTTP/1.1" 200 48
192.168.10.96 - - [22/Mar/2018:08:17:33 -0300] "POST /cormun/servlet/solicitudgral?eea656293f327e6fc1635d59f385541f,UPD,2018,10636,,gx-no-cache=1521717286466 HTTP/1.1" 200 11784
192.168.10.96 - - [22/Mar/2018:08:17:33 -0300] "GET /cormun/servlet/solicitudgral?559cdf76e5d6a5e57c0ff38f03ca8fa8ac1a349beaa48f07131bad1de49a7b23977723b48d2c1420911a83591a8a58a84a87757550fcac619ba087cb435cc7ebf0239cb7832dd79e3d793ec9d3b4d12ef47771baf79daa16c6ba31f35384f1ac48eecf31780cc244f4ff49828c736cd2,gx-no-cache=1521717286634 HTTP/1.1" 200 29
192.168.10.96 - - [22/Mar/2018:08:17:33 -0300] "POST /cormun/servlet/solicitudgral?gx-no-cache=1521717286709 HTTP/1.1" 200 1295
192.168.10.96 - - [22/Mar/2018:08:17:33 -0300] "POST /cormun/servlet/solicitudgral?gx-no-cache=1521717286744 HTTP/1.1" 200 1218
192.168.10.96 - - [22/Mar/2018:08:17:33 -0300] "POST /cormun/servlet/solicitudgral?eea656293f327e6fc1635d59f385541f,UPD,2018,10636,,gx-no-cache=1521717286785 HTTP/1.1" 200 93
192.168.10.96 - - [22/Mar/2018:08:17:33 -0300] "GET /cormun/servlet/hpexe_return? HTTP/1.1" 200 1010
192.168.10.96 - - [22/Mar/2018:08:17:34 -0300] "GET /cormun/servlet/trsolicitudgral? HTTP/1.1" 200 11280
192.168.10.96 - - [22/Mar/2018:08:17:34 -0300] "GET /cormun/servlet/trsolicitudgral? HTTP/1.1" 200 11275
192.168.10.96 - - [22/Mar/2018:08:17:43 -0300] "GET /cormun/servlet/trsolicitudgral? HTTP/1.1" 200 11275
192.168.10.96 - - [22/Mar/2018:08:17:44 -0300] "GET /cormun/servlet/trsolicitudgral? HTTP/1.1" 200 11275
192.168.10.96 - - [22/Mar/2018:08:18:52 -0300] "POST /cormun/servlet/trsolicitudgral?eea656293f327e6fc1635d59f385541f,,gx-no-cache=1521717365691 HTTP/1.1" 200 7903
192.168.10.96 - - [22/Mar/2018:08:19:41 -0300] "POST /cormun/servlet/trsolicitudgral?eea656293f327e6fc1635d59f385541f,,gx-no-cache=1521717414601 HTTP/1.1" 200 7628
186.103.159.204 - - [22/Mar/2018:08:20:23 -0300] "GET /cormun/servlet/hlogin HTTP/1.1" 200 1720
192.168.10.96 - - [22/Mar/2018:08:20:34 -0300] "POST /cormun/servlet/trsolicitudgral?eea656293f327e6fc1635d59f385541f,,gx-no-cache=1521717467849 HTTP/1.1" 200 5928
186.103.159.46 - - [22/Mar/2018:08:20:47 -0300] "GET /cormun/servlet/hlogin HTTP/1.1" 200 1720
186.103.159.204 - - [22/Mar/2018:08:20:50 -0300] "POST /cormun/servlet/hlogin?36ecb5aa05a39f9846bfc6848fca6bac,gx-no-cache=1521717593837 HTTP/1.1" 200 90
186.103.159.204 - - [22/Mar/2018:08:20:50 -0300] "GET /cormun/servlet/hpexe_link HTTP/1.1" 200 947
186.103.159.204 - - [22/Mar/2018:08:20:50 -0300] "GET /cormun/servlet/hhome HTTP/1.1" 200 3875
186.103.159.204 - - [22/Mar/2018:08:20:51 -0300] "GET /cormun/servlet/hhome HTTP/1.1" 200 3872
186.103.159.46 - - [22/Mar/2018:08:21:18 -0300] "GET /cormun/servlet/hlogin HTTP/1.1" 200 1720
186.103.159.204 - - [22/Mar/2018:08:21:30 -0300] "GET /cormun/servlet/trsolicitudot? HTTP/1.1" 200 7082
186.103.159.204 - - [22/Mar/2018:08:21:30 -0300] "GET /cormun/servlet/trsolicitudot? HTTP/1.1" 200 7081
186.103.159.204 - - [22/Mar/2018:08:21:32 -0300] "GET /cormun/static/menuarrow.gif HTTP/1.1" 404 1015
186.103.159.46 - - [22/Mar/2018:08:21:42 -0300] "GET /cormun/servlet/hlogin HTTP/1.1" 200 1720
186.103.159.204 - - [22/Mar/2018:08:21:49 -0300] "GET /cormun/servlet/solicitudot?INS,0,0, HTTP/1.1" 200 13334
186.103.159.204 - - [22/Mar/2018:08:21:50 -0300] "GET /cormun/servlet/solicitudot?INS,0,0, HTTP/1.1" 200 13339
192.168.10.96 - - [22/Mar/2018:08:22:02 -0300] "POST /cormun/servlet/trsolicitudgral?eea656293f327e6fc1635d59f385541f,,gx-no-cache=1521717555495 HTTP/1.1" 200 5930
192.168.10.96 - - [22/Mar/2018:08:22:03 -0300] "POST /cormun/servlet/trsolicitudgral?eea656293f327e6fc1635d59f385541f,,gx-no-cache=1521717556120 HTTP/1.1" 200 5929
192.168.10.96 - - [22/Mar/2018:08:22:03 -0300] "POST /cormun/servlet/trsolicitudgral?eea656293f327e6fc1635d59f385541f,,gx-no-cache=1521717556336 HTTP/1.1" 200 5930
192.168.10.96 - - [22/Mar/2018:08:22:03 -0300] "POST /cormun/servlet/trsolicitudgral?eea656293f327e6fc1635d59f385541f,,gx-no-cache=1521717556535 HTTP/1.1" 200 5930
192.168.10.96 - - [22/Mar/2018:08:22:03 -0300] "POST /cormun/servlet/trsolicitudgral?eea656293f327e6fc1635d59f385541f,,gx-no-cache=1521717556806 HTTP/1.1" 200 5930
192.168.10.96 - - [22/Mar/2018:08:22:04 -0300] "POST /cormun/servlet/trsolicitudgral?eea656293f327e6fc1635d59f385541f,,gx-no-cache=1521717557143 HTTP/1.1" 200 5929
192.168.10.96 - - [22/Mar/2018:08:22:04 -0300] "POST /cormun/servlet/trsolicitudgral?eea656293f327e6fc1635d59f385541f,,gx-no-cache=1521717557326 HTTP/1.1" 200 5930
192.168.10.96 - - [22/Mar/2018:08:22:04 -0300] "POST /cormun/servlet/trsolicitudgral?eea656293f327e6fc1635d59f385541f,,gx-no-cache=1521717557511 HTTP/1.1" 200 5930
192.168.10.96 - - [22/Mar/2018:08:22:04 -0300] "POST /cormun/servlet/trsolicitudgral?eea656293f327e6fc1635d59f385541f,,gx-no-cache=1521717557918 HTTP/1.1" 200 5929
186.103.159.204 - - [22/Mar/2018:08:22:09 -0300] "POST /cormun/servlet/solicitudot?gx-no-cache=1521717671887 HTTP/1.1" 200 3501
186.103.159.204 - - [22/Mar/2018:08:22:09 -0300] "GET /cormun/static/Shared/jqueryui/images/ui-bg_highlight-soft_100_c6c2c8_1x100.png HTTP/1.1" 404 1117
186.103.159.204 - - [22/Mar/2018:08:22:09 -0300] "GET /cormun/static/Shared/jqueryui/images/ui-icons_82798d_256x240.png HTTP/1.1" 404 1089
186.103.159.204 - - [22/Mar/2018:08:22:09 -0300] "GET /cormun/static/Shared/jqueryui/images/ui-bg_flat_55_994d53_40x100.png HTTP/1.1" 404 1097
186.103.159.204 - - [22/Mar/2018:08:22:09 -0300] "GET /cormun/static/Shared/jqueryui/images/ui-icons_ebccce_256x240.png HTTP/1.1" 404 1089
192.168.10.96 - - [22/Mar/2018:08:22:35 -0300] "POST /cormun/servlet/trsolicitudgral?eea656293f327e6fc1635d59f385541f,,gx-no-cache=1521717588895 HTTP/1.1" 200 7627
192.168.10.96 - - [22/Mar/2018:08:23:07 -0300] "POST /cormun/servlet/trsolicitudgral?eea656293f327e6fc1635d59f385541f,,gx-no-cache=1521717620643 HTTP/1.1" 200 7866
192.168.10.96 - - [22/Mar/2018:08:23:42 -0300] "POST /cormun/servlet/trsolicitudgral?eea656293f327e6fc1635d59f385541f,,gx-no-cache=1521717655260 HTTP/1.1" 200 7619
192.168.10.96 - - [22/Mar/2018:08:23:58 -0300] "POST /cormun/servlet/trsolicitudgral?eea656293f327e6fc1635d59f385541f,,gx-no-cache=1521717671876 HTTP/1.1" 200 9063
192.168.10.96 - - [22/Mar/2018:08:24:19 -0300] "POST /cormun/servlet/trsolicitudgral?eea656293f327e6fc1635d59f385541f,,gx-no-cache=1521717692923 HTTP/1.1" 200 8411
192.168.10.96 - - [22/Mar/2018:08:24:52 -0300] "POST /cormun/servlet/trsolicitudgral?eea656293f327e6fc1635d59f385541f,,gx-no-cache=1521717724452 HTTP/1.1" 200 24566
192.168.10.96 - - [22/Mar/2018:08:25:06 -0300] "GET /cormun/servlet/trfuncionariobloqueados? HTTP/1.1" 200 10400
192.168.10.96 - - [22/Mar/2018:08:25:06 -0300] "GET /cormun/servlet/trfuncionariobloqueados? HTTP/1.1" 200 10400
186.67.203.186 - - [22/Mar/2018:08:29:39 -0300] "GET /cormun/servlet/hlogin HTTP/1.1" 200 1714
186.67.203.186 - - [22/Mar/2018:08:29:41 -0300] "GET /cormun/servlet/hlogin HTTP/1.1" 200 1725
186.67.203.186 - - [22/Mar/2018:08:29:49 -0300] "POST /cormun/servlet/hlogin?7f28d9d071ee2758f2798a516c51a84b,gx-no-cache=1521718138512 HTTP/1.1" 200 90
186.67.203.186 - - [22/Mar/2018:08:29:49 -0300] "GET /cormun/servlet/hpexe_link HTTP/1.1" 200 947
186.67.203.186 - - [22/Mar/2018:08:29:50 -0300] "GET /cormun/servlet/hhome HTTP/1.1" 200 4210
186.67.203.186 - - [22/Mar/2018:08:29:52 -0300] "GET /cormun/servlet/hhome HTTP/1.1" 200 4206
192.168.10.96 - - [22/Mar/2018:08:29:57 -0300] "GET /cormun/servlet/trsolicitudgral? HTTP/1.1" 200 27314
192.168.10.96 - - [22/Mar/2018:08:29:58 -0300] "GET /cormun/servlet/trsolicitudgral? HTTP/1.1" 200 27314
186.67.203.186 - - [22/Mar/2018:08:30:12 -0300] "GET /cormun/servlet/trsolicitudot? HTTP/1.1" 200 8795
186.67.203.186 - - [22/Mar/2018:08:30:13 -0300] "GET /cormun/servlet/trsolicitudot? HTTP/1.1" 200 8797
192.168.10.96 - - [22/Mar/2018:08:30:16 -0300] "POST /cormun/servlet/trsolicitudgral?eea656293f327e6fc1635d59f385541f,,gx-no-cache=1521718049296 HTTP/1.1" 200 9072
192.168.10.96 - - [22/Mar/2018:08:30:26 -0300] "POST /cormun/servlet/trsolicitudgral?eea656293f327e6fc1635d59f385541f,,gx-no-cache=1521718059728 HTTP/1.1" 200 7645
186.67.203.186 - - [22/Mar/2018:08:30:30 -0300] "GET /cormun/servlet/solicitudot?INS,0,0, HTTP/1.1" 200 13654
186.67.203.186 - - [22/Mar/2018:08:30:31 -0300] "GET /cormun/servlet/solicitudot?INS,0,0, HTTP/1.1" 200 13659
192.168.10.96 - - [22/Mar/2018:08:30:50 -0300] "POST /cormun/servlet/trsolicitudgral?eea656293f327e6fc1635d59f385541f,,gx-no-cache=1521718083625 HTTP/1.1" 200 7640
190.151.100.218 - - [22/Mar/2018:08:30:53 -0300] "GET /cormun/servlet/prfichaempleado?,MD,,gxPopupLevel%3D0%3B HTTP/1.1" 200 9369
190.151.100.218 - - [22/Mar/2018:08:31:05 -0300] "POST /cormun/servlet/prfichaempleado?7f28d9d071ee2758f2798a516c51a84b,,MD,,gxPopupLevel%3D0%3B,gx-no-cache=1521718213847 HTTP/1.1" 200 5324
200.72.197.82 - - [22/Mar/2018:08:31:55 -0300] "POST /cormun/servlet/solicitudot?7f28d9d071ee2758f2798a516c51a84b,INS,0,0,,gx-no-cache=1521718263919 HTTP/1.1" 200 11818
200.72.197.82 - - [22/Mar/2018:08:31:56 -0300] "GET /cormun/static/Shared/jqueryui/images/ui-bg_highlight-soft_100_c6c2c8_1x100.png HTTP/1.1" 404 1117
186.103.132.155 - - [22/Mar/2018:08:31:56 -0300] "GET /cormun/static/Shared/jqueryui/images/ui-icons_82798d_256x240.png HTTP/1.1" 404 1089
200.111.122.170 - - [22/Mar/2018:08:31:56 -0300] "GET /cormun/static/Shared/jqueryui/images/ui-bg_flat_55_994d53_40x100.png HTTP/1.1" 404 1097
186.67.203.186 - - [22/Mar/2018:08:31:56 -0300] "GET /cormun/static/Shared/jqueryui/images/ui-icons_ebccce_256x240.png HTTP/1.1" 404 1089
186.103.132.155 - - [22/Mar/2018:08:34:17 -0300] "POST /cormun/servlet/solicitudot?gx-no-cache=1521718406160 HTTP/1.1" 200 3380
186.103.132.155 - - [22/Mar/2018:08:34:17 -0300] "POST /cormun/servlet/solicitudot?7f28d9d071ee2758f2798a516c51a84b,INS,0,0,,gx-no-cache=1521718406484 HTTP/1.1" 200 11650
186.103.132.155 - - [22/Mar/2018:08:34:20 -0300] "POST /cormun/servlet/solicitudot?7f28d9d071ee2758f2798a516c51a84b,INS,0,0,,gx-no-cache=1521718408931 HTTP/1.1" 200 11924
186.103.132.155 - - [22/Mar/2018:08:34:36 -0300] "GET /cormun/servlet/solicitudot?7a5fdfdf061af9ccd1cde25bff06a6550b4b42a8021f701f007ebbae3a89b891c619c28f8ccdd996c80e97472721a34a,gx-no-cache=1521718425252 HTTP/1.1" 200 30
186.103.132.155 - - [22/Mar/2018:08:34:36 -0300] "GET /cormun/servlet/solicitudot?7a5fdfdf061af9ccd1cde25bff06a655dc456a68775bff37dea59ace802edc75e52de4552ea22166a0b51210e854177b3b88b8d5981f21ba812dbade59a4e4d4,gx-no-cache=1521718425657 HTTP/1.1" 200 30
186.103.132.155 - - [22/Mar/2018:08:34:36 -0300] "GET /cormun/servlet/solicitudot?7a5fdfdf061af9ccd1cde25bff06a655c58fe99cbf2d6d85ceeffa97cceeef00,gx-no-cache=1521718425749 HTTP/1.1" 200 29
186.103.132.155 - - [22/Mar/2018:08:34:39 -0300] "POST /cormun/servlet/solicitudot?gx-no-cache=1521718427912 HTTP/1.1" 200 256
186.103.132.155 - - [22/Mar/2018:08:34:42 -0300] "GET /cormun/servlet/solicitudot?7a5fdfdf061af9ccd1cde25bff06a6553ae78a05168ea809ad591f40ff94c174317565c182998199d404dea8519fe78143edb72824f6cbef6793f26eac0d87d14d54e3b3dde5f8a3d312e126f9bca9cf8e3a7249e0500ccfcdd44d325014a9039f83f6c68c40a5a30dfe9d3828b5c21e89280e5386864a18028fe125126d32d77e3861a977d2bddc58b186894a91a8c1f130cfceffe421b4876bd92c6c2afb764b2fb82f7c9b9ba4ed266812a8ab599d35d9a1c3c79b6dde16bb2fe0d72bd5a7f9c4ac53fc296c12ce1955d10bf7b57a988462ce8bebea4abf58469a73b979fb3e1a9fe12f9a4980e3a3f49777ef1cffe574f32d931373f16d60f4e0b96664e5c95de615fc45e25767bed44a11f2b99694cda2b1aad27fd36d6d284762296ac75e6405a9ded279314c9ceb7ce67cbc03a5ee48bb3904a2eb3d838cb3d7d77d1a735ff2c13a476d00f456c956a354349a1df3093c13f6914aa0917ea804e5ac75e6000ada6692676864f66aa99a5c4d989c0951192a754ee236903dce2992f4ba,gx-no-cache=1521718430809 HTTP/1.1" 200 30
190.151.100.218 - - [22/Mar/2018:08:35:18 -0300] "POST /cormun/servlet/solicitudot?gx-no-cache=1521718467460 HTTP/1.1" 200 30
190.151.100.218 - - [22/Mar/2018:08:35:20 -0300] "GET /cormun/servlet/prcontratosol?16885126,,,,,MD,,gxPopupLevel%3D0%3B HTTP/1.1" 200 7525
190.151.100.218 - - [22/Mar/2018:08:35:24 -0300] "POST /cormun/servlet/solicitudot?gx-no-cache=1521718472624 HTTP/1.1" 200 1416
190.151.100.218 - - [22/Mar/2018:08:35:24 -0300] "POST /cormun/servlet/solicitudot?gx-no-cache=1521718472862 HTTP/1.1" 200 117
190.151.100.218 - - [22/Mar/2018:08:35:24 -0300] "GET /cormun/servlet/solicitudot?7a5fdfdf061af9ccd1cde25bff06a655050e568191e32ff6a2ae94373b4c8920618d67cc4a8d48e70a62ed7072dff3b783a8452dc918f368164b5423e9507a50540d642b698b545a6dfb4fcc76886fb04cbfd5d46b59e5d689b6b93b851c2fe3ef67be9c7a61e65e082499deb4cface762cd4087b62fac528f75d1016e960ff3b9bffd6899adf496ae505ee6272112bf6260e5a1e89bb8bb8750a7a85422726a,gx-no-cache=1521718472949 HTTP/1.1" 200 29
190.151.100.218 - - [22/Mar/2018:08:35:24 -0300] "POST /cormun/servlet/solicitudot?gx-no-cache=1521718473008 HTTP/1.1" 200 1318
190.151.100.218 - - [22/Mar/2018:08:35:24 -0300] "POST /cormun/servlet/solicitudot?gx-no-cache=1521718473124 HTTP/1.1" 200 1218
190.151.100.218 - - [22/Mar/2018:08:35:24 -0300] "GET /cormun/servlet/solicitudot?7a5fdfdf061af9ccd1cde25bff06a655d11904232bcd4dbad47b63493e307e89644fc49dd6f9d70cd5196a13b4ec6c8e,gx-no-cache=1521718473302 HTTP/1.1" 200 30
192.168.10.56 - - [22/Mar/2018:08:35:31 -0300] "POST /cormun/servlet/trsolicitudgral?4c657529c05226720a8b3c4735b8b6db,,gx-no-cache=1521718364247 HTTP/1.1" 200 7258
192.168.10.56 - - [22/Mar/2018:08:35:40 -0300] "POST /cormun/servlet/trsolicitudgral?4c657529c05226720a8b3c4735b8b6db,,gx-no-cache=1521718373335 HTTP/1.1" 200 6121
192.168.10.56 - - [22/Mar/2018:08:35:49 -0300] "POST /cormun/servlet/trsolicitudgral?4c657529c05226720a8b3c4735b8b6db,,gx-no-cache=1521718382560 HTTP/1.1" 200 15819
192.168.10.56 - - [22/Mar/2018:08:36:01 -0300] "GET /cormun/servlet/hlogin HTTP/1.1" 200 1745
192.168.10.56 - - [22/Mar/2018:08:36:03 -0300] "POST /cormun/servlet/hlogin?4c657529c05226720a8b3c4735b8b6db,gx-no-cache=1521718396232 HTTP/1.1" 200 90
192.168.10.56 - - [22/Mar/2018:08:36:03 -0300] "GET /cormun/servlet/hpexe_link HTTP/1.1" 200 965
192.168.10.56 - - [22/Mar/2018:08:36:03 -0300] "GET /cormun/servlet/trsolicitudgral? HTTP/1.1" 200 18777
192.168.10.56 - - [22/Mar/2018:08:36:04 -0300] "GET /cormun/servlet/trsolicitudgral? HTTP/1.1" 200 18776
192.168.10.56 - - [22/Mar/2018:08:36:05 -0300] "GET /cormun/servlet/hlogin HTTP/1.1" 200 1745
192.168.10.56 - - [22/Mar/2018:08:36:10 -0300] "POST /cormun/servlet/hlogin?4c657529c05226720a8b3c4735b8b6db,gx-no-cache=1521718403334 HTTP/1.1" 200 90
192.168.10.56 - - [22/Mar/2018:08:36:10 -0300] "GET /cormun/servlet/hpexe_link HTTP/1.1" 200 957
192.168.10.56 - - [22/Mar/2018:08:36:10 -0300] "GET /cormun/servlet/hhome HTTP/1.1" 200 3839
192.168.10.56 - - [22/Mar/2018:08:36:10 -0300] "GET /cormun/servlet/hhome HTTP/1.1" 200 3835
192.168.10.56 - - [22/Mar/2018:08:36:13 -0300] "GET /cormun/servlet/trautorizarot? HTTP/1.1" 200 12984
192.168.10.56 - - [22/Mar/2018:08:36:14 -0300] "GET /cormun/servlet/trautorizarot? HTTP/1.1" 200 12982
192.168.10.56 - - [22/Mar/2018:08:36:16 -0300] "GET /cormun/static/menuarrow.gif HTTP/1.1" 404 1015
192.168.10.56 - - [22/Mar/2018:08:36:22 -0300] "POST /cormun/servlet/trautorizarot?4c657529c05226720a8b3c4735b8b6db,,gx-no-cache=1521718415169 HTTP/1.1" 200 9896
192.168.10.56 - - [22/Mar/2018:08:36:27 -0300] "POST /cormun/servlet/trautorizarot?4c657529c05226720a8b3c4735b8b6db,,gx-no-cache=1521718420185 HTTP/1.1" 200 5351
192.168.10.56 - - [22/Mar/2018:08:36:29 -0300] "GET /cormun/servlet/hlogin HTTP/1.1" 200 1743
192.168.10.56 - - [22/Mar/2018:08:36:52 -0300] "POST /cormun/servlet/hlogin?4c657529c05226720a8b3c4735b8b6db,gx-no-cache=1521718445432 HTTP/1.1" 200 90
192.168.10.56 - - [22/Mar/2018:08:36:52 -0300] "GET /cormun/servlet/hpexe_link HTTP/1.1" 200 957
192.168.10.56 - - [22/Mar/2018:08:36:52 -0300] "GET /cormun/servlet/hhome HTTP/1.1" 200 4502
192.168.10.56 - - [22/Mar/2018:08:36:53 -0300] "GET /cormun/servlet/hhome HTTP/1.1" 200 4498
192.168.10.56 - - [22/Mar/2018:08:36:57 -0300] "GET /cormun/servlet/trsolicitudgral? HTTP/1.1" 200 18778
192.168.10.56 - - [22/Mar/2018:08:36:58 -0300] "GET /cormun/servlet/trsolicitudgral? HTTP/1.1" 200 18776
192.168.10.56 - - [22/Mar/2018:08:37:02 -0300] "POST /cormun/servlet/trsolicitudgral?4c657529c05226720a8b3c4735b8b6db,,gx-no-cache=1521718455708 HTTP/1.1" 200 15816
192.168.10.96 - - [22/Mar/2018:08:37:47 -0300] "POST /cormun/servlet/trsolicitudgral?eea656293f327e6fc1635d59f385541f,,gx-no-cache=1521718500864 HTTP/1.1" 200 8015
192.168.10.96 - - [22/Mar/2018:08:38:14 -0300] "POST /cormun/servlet/trsolicitudgral?eea656293f327e6fc1635d59f385541f,,gx-no-cache=1521718527814 HTTP/1.1" 200 7641
192.168.10.96 - - [22/Mar/2018:08:38:37 -0300] "POST /cormun/servlet/trsolicitudgral?eea656293f327e6fc1635d59f385541f,,gx-no-cache=1521718550238 HTTP/1.1" 200 5938
192.168.10.96 - - [22/Mar/2018:08:38:43 -0300] "POST /cormun/servlet/trsolicitudgral?eea656293f327e6fc1635d59f385541f,,gx-no-cache=1521718556975 HTTP/1.1" 200 5941
192.168.10.96 - - [22/Mar/2018:08:39:31 -0300] "POST /cormun/servlet/trsolicitudgral?eea656293f327e6fc1635d59f385541f,,gx-no-cache=1521718604415 HTTP/1.1" 200 7615
190.100.93.40 - - [22/Mar/2018:08:40:04 -0300] "GET /cormun/servlet/hlogin HTTP/1.1" 200 1720
190.100.93.40 - - [22/Mar/2018:08:40:16 -0300] "POST /cormun/servlet/hlogin?515e42869ba726acb32d0ee490010757,gx-no-cache=1521718768450 HTTP/1.1" 200 90
190.100.93.40 - - [22/Mar/2018:08:40:16 -0300] "GET /cormun/servlet/hpexe_link HTTP/1.1" 200 951
190.100.93.40 - - [22/Mar/2018:08:40:16 -0300] "GET /cormun/servlet/hhome HTTP/1.1" 200 4341
190.100.93.40 - - [22/Mar/2018:08:40:16 -0300] "GET /cormun/servlet/hhome HTTP/1.1" 200 4337
190.100.93.40 - - [22/Mar/2018:08:40:21 -0300] "GET /cormun/servlet/trsolicitudot? HTTP/1.1" 200 7557
190.100.93.40 - - [22/Mar/2018:08:40:21 -0300] "GET /cormun/servlet/trsolicitudot? HTTP/1.1" 200 7555
190.100.93.40 - - [22/Mar/2018:08:40:21 -0300] "GET /cormun/static/Shared/ext/resources/themes/images/default/panel/bg-headersPanel.png HTTP/1.1" 200 255
190.100.93.40 - - [22/Mar/2018:08:40:21 -0300] "GET /cormun/static/Shared/ext/resources/themes/images/default/tools/tool-sprites.gif HTTP/1.1" 200 5434
190.100.93.40 - - [22/Mar/2018:08:40:24 -0300] "GET /cormun/servlet/solicitudot?INS,0,0, HTTP/1.1" 200 13794
190.100.93.40 - - [22/Mar/2018:08:40:24 -0300] "GET /cormun/servlet/solicitudot?INS,0,0, HTTP/1.1" 200 13799
192.168.10.96 - - [22/Mar/2018:08:40:34 -0300] "POST /cormun/servlet/trsolicitudgral?eea656293f327e6fc1635d59f385541f,,gx-no-cache=1521718667502 HTTP/1.1" 200 7619
190.100.93.40 - - [22/Mar/2018:08:40:41 -0300] "POST /cormun/servlet/solicitudot?gx-no-cache=1521718793455 HTTP/1.1" 200 3390
190.100.93.40 - - [22/Mar/2018:08:40:41 -0300] "POST /cormun/servlet/solicitudot?515e42869ba726acb32d0ee490010757,INS,0,0,,gx-no-cache=1521718793660 HTTP/1.1" 200 10567
186.103.159.46 - - [22/Mar/2018:08:40:50 -0300] "POST /cormun/servlet/hlogin?adfe039052b15e7244ce85f22f431582,gx-no-cache=1521718798021 HTTP/1.1" 200 90
186.103.159.46 - - [22/Mar/2018:08:40:50 -0300] "GET /cormun/servlet/hpexe_link HTTP/1.1" 200 946
186.103.159.46 - - [22/Mar/2018:08:40:50 -0300] "GET /cormun/servlet/hhome HTTP/1.1" 200 3952
186.103.159.46 - - [22/Mar/2018:08:40:52 -0300] "GET /cormun/servlet/hhome HTTP/1.1" 200 3949
200.111.122.170 - - [22/Mar/2018:08:40:54 -0300] "GET /cormun/servlet/prfichaempleado?,MD,,gxPopupLevel%3D0%3B HTTP/1.1" 200 9369
200.111.122.170 - - [22/Mar/2018:08:41:01 -0300] "POST /cormun/servlet/prfichaempleado?7f28d9d071ee2758f2798a516c51a84b,,MD,,gxPopupLevel%3D0%3B,gx-no-cache=1521718810512 HTTP/1.1" 200 6239
200.111.122.170 - - [22/Mar/2018:08:41:02 -0300] "GET /cormun/static/Resources/PXToolsGridNext.gif HTTP/1.1" 200 369
200.72.197.82 - - [22/Mar/2018:08:41:02 -0300] "GET /cormun/static/Resources/PXToolsGridLast.gif HTTP/1.1" 200 370
186.103.159.46 - - [22/Mar/2018:08:41:02 -0300] "GET /cormun/servlet/trsolicitudot? HTTP/1.1" 200 9042
186.103.159.46 - - [22/Mar/2018:08:41:04 -0300] "GET /cormun/servlet/trsolicitudot? HTTP/1.1" 200 9040
186.103.159.46 - - [22/Mar/2018:08:41:11 -0300] "GET /cormun/servlet/solicitudot?INS,0,0, HTTP/1.1" 200 13394
186.103.159.46 - - [22/Mar/2018:08:41:12 -0300] "GET /cormun/static/solicitudot.js?201812313224831 HTTP/1.1" 304 -
186.103.159.46 - - [22/Mar/2018:08:41:12 -0300] "GET /cormun/servlet/solicitudot?INS,0,0, HTTP/1.1" 200 13399
200.72.197.82 - - [22/Mar/2018:08:41:20 -0300] "GET /cormun/servlet/solicitudot?7a5fdfdf061af9ccd1cde25bff06a655dc456a68775bff37dea59ace802edc75e52de4552ea22166a0b51210e854177bfb6ff09f9fd900243ddb606ae06b671e,gx-no-cache=1521718829497 HTTP/1.1" 200 30
200.72.197.82 - - [22/Mar/2018:08:41:20 -0300] "POST /cormun/servlet/solicitudot?gx-no-cache=1521718829561 HTTP/1.1" 200 30
200.54.247.70 - - [22/Mar/2018:08:41:26 -0300] "GET /cormun/servlet/hlogin HTTP/1.1" 200 1720
200.54.247.70 - - [22/Mar/2018:08:41:27 -0300] "GET /cormun/static/gxtimezone.js?85251 HTTP/1.1" 200 5781
200.54.247.70 - - [22/Mar/2018:08:41:27 -0300] "GET /cormun/static/gxcfg.js?20175251213516 HTTP/1.1" 200 953
200.54.247.70 - - [22/Mar/2018:08:41:28 -0300] "GET /cormun/static/Resources/Spanish/PXTools.css?11423723 HTTP/1.1" 200 89042
200.54.247.70 - - [22/Mar/2018:08:41:32 -0300] "GET /cormun/static/messages.spa.js?85251 HTTP/1.1" 200 30736
186.103.159.46 - - [22/Mar/2018:08:41:33 -0300] "POST /cormun/servlet/solicitudot?gx-no-cache=1521718841356 HTTP/1.1" 200 3417
186.103.159.46 - - [22/Mar/2018:08:41:34 -0300] "POST /cormun/servlet/solicitudot?adfe039052b15e7244ce85f22f431582,INS,0,0,,gx-no-cache=1521718841602 HTTP/1.1" 200 10387
200.72.197.82 - - [22/Mar/2018:08:41:35 -0300] "POST /cormun/servlet/solicitudot?gx-no-cache=1521718843731 HTTP/1.1" 200 1336
186.103.159.46 - - [22/Mar/2018:08:41:48 -0300] "GET /cormun/servlet/solicitudot?f0c6f6b82917d10fe6057c0aad11f4fd7d0efb44945fcff92d53e0b99e2cc91b5172c427b729d5cec5a883ff5ad277f2,gx-no-cache=1521718856131 HTTP/1.1" 200 30
186.103.159.46 - - [22/Mar/2018:08:41:48 -0300] "GET /cormun/servlet/solicitudot?f0c6f6b82917d10fe6057c0aad11f4fdbb885a2a863896ee2a93faad093cd513b353579af51a0df7883323f305dba842297d54e2ff6b072781bb4473fec21dd2,gx-no-cache=1521718856180 HTTP/1.1" 200 30
186.103.159.46 - - [22/Mar/2018:08:41:48 -0300] "GET /cormun/servlet/solicitudot?f0c6f6b82917d10fe6057c0aad11f4fd867176eb7945baecf6fb53533474605b,gx-no-cache=1521718856217 HTTP/1.1" 200 53
186.103.159.46 - - [22/Mar/2018:08:41:48 -0300] "POST /cormun/servlet/solicitudot?gx-no-cache=1521718856287 HTTP/1.1" 200 297
186.103.159.46 - - [22/Mar/2018:08:41:49 -0300] "GET /cormun/servlet/solicitudot?f0c6f6b82917d10fe6057c0aad11f4fdf0d90635356cb473faa046bb9a8dab4f8767c48b28aba73804400c894401fc60acc1d5bfdea00fd3d222f59ef1bcfca76d6b3bb6d0f90556ae3fc9e6742b42f3c3525b0d02426ebba7417199a2e9aefadd200ea6ddcd1c0e0525158853600bbce8f464944d4a03543608f52ee82b4831d89d501ed199de76f35318316bde4fa8ea3f2dcb1799a996786dc6e71582ae44c512e92f4ca7683d4a158979215e968ce2a1bdf56666f9482a3695601c5b09e55c387dee49e69b03319dfc1b18d3e77fe1adf3c5046fddb51ad5054c140e63b386de451b7b6ab05a4489e03f0fed7b0f0439e77cbc775ece8991abd17fb5346d20e4227683ff5122552d8ded248084c29f9a55d4c4294cf500a3345ac3d3c69449eeb251633bfaad953976b67768cf191fdb84cc5c12d6f2e19d9b033bff050792e8f9074bc4b737250ce238263f6ff3d69b5a7ae4dea5446011bb88fda94ebea0bc1ad6143fc52c8ecc4e677e309a402734fe66f0a9d4c26411e1c870bf0bc8aadea50962bd3e8993bbc6df97c6b4a5,gx-no-cache=1521718856344 HTTP/1.1" 200 30
200.54.247.70 - - [22/Mar/2018:08:42:02 -0300] "GET /cormun/static/hlogin.js?20175251213537 HTTP/1.1" 200 2136
200.54.247.70 - - [22/Mar/2018:08:42:02 -0300] "GET /cormun/static/Resources/ComunLogin.png HTTP/1.1" 200 17326
200.54.247.70 - - [22/Mar/2018:08:42:21 -0300] "GET /cormun/static/gxgral.js?85251 HTTP/1.1" 200 384558
192.168.10.96 - - [22/Mar/2018:08:42:29 -0300] "POST /cormun/servlet/trsolicitudgral?eea656293f327e6fc1635d59f385541f,,gx-no-cache=1521718782253 HTTP/1.1" 200 5939
200.54.247.70 - - [22/Mar/2018:08:42:29 -0300] "GET /cormun/static/Resources/PXToolsLoginBottom.png HTTP/1.1" 200 1389
200.54.247.70 - - [22/Mar/2018:08:42:29 -0300] "GET /cormun/static/Resources/PXToolsLoginBackground.png HTTP/1.1" 200 1164
200.54.247.70 - - [22/Mar/2018:08:42:29 -0300] "GET /cormun/static/Resources/PXToolsButtonRight21.png HTTP/1.1" 200 1283
200.54.247.70 - - [22/Mar/2018:08:42:29 -0300] "GET /cormun/static/Resources/PXToolsButtonLeft21.png HTTP/1.1" 200 1287
200.54.247.70 - - [22/Mar/2018:08:42:29 -0300] "GET /cormun/static/Resources/PXToolsButtonBackground2.png HTTP/1.1" 200 1181
200.54.247.70 - - [22/Mar/2018:08:42:29 -0300] "GET /cormun/static/Resources/PXToolsLoginTop.png HTTP/1.1" 200 1337
200.54.247.70 - - [22/Mar/2018:08:42:29 -0300] "GET /cormun/static/Resources/indicator.gif HTTP/1.1" 200 1553
200.54.247.70 - - [22/Mar/2018:08:42:29 -0300] "GET /cormun/servlet/hlogin HTTP/1.1" 200 1730
200.54.247.70 - - [22/Mar/2018:08:42:30 -0300] "GET /cormun/static/Resources/PXToolsButtonRight21.png HTTP/1.1" 206 1
200.54.247.70 - - [22/Mar/2018:08:42:30 -0300] "GET /cormun/static/Resources/PXToolsButtonBackground2.png HTTP/1.1" 206 1
200.54.247.70 - - [22/Mar/2018:08:42:30 -0300] "GET /cormun/static/Resources/PXToolsButtonRight21.png HTTP/1.1" 206 111
200.54.247.70 - - [22/Mar/2018:08:42:31 -0300] "GET /cormun/static/Resources/PXToolsButtonBackground2.png HTTP/1.1" 206 9
192.168.10.96 - - [22/Mar/2018:08:43:08 -0300] "POST /cormun/servlet/trsolicitudgral?eea656293f327e6fc1635d59f385541f,,gx-no-cache=1521718821236 HTTP/1.1" 200 5937
200.72.197.82 - - [22/Mar/2018:08:43:26 -0300] "GET /cormun/servlet/prfichaempleado?,MD,,gxPopupLevel%3D0%3B HTTP/1.1" 200 9369
200.72.197.82 - - [22/Mar/2018:08:43:39 -0300] "GET /cormun/servlet/prlicenciaspermisos?15126087,L,,MD,,gxPopupLevel%3D0%3B HTTP/1.1" 200 5941
200.72.197.82 - - [22/Mar/2018:08:43:39 -0300] "GET /cormun/static/gxcfg.js?20176272053834 HTTP/1.1" 200 953
186.67.203.186 - - [22/Mar/2018:08:43:40 -0300] "GET /cormun/static/prlicenciaspermisos.js?20176272054050 HTTP/1.1" 200 13379
200.54.247.70 - - [22/Mar/2018:08:44:03 -0300] "POST /cormun/servlet/hlogin?2c91138d2d6e083effa841555b1a47a7,gx-no-cache=1521718986823 HTTP/1.1" 200 90
200.54.247.70 - - [22/Mar/2018:08:44:03 -0300] "GET /cormun/servlet/hpexe_link HTTP/1.1" 200 951
200.54.247.70 - - [22/Mar/2018:08:44:03 -0300] "GET /cormun/static/gxcfg.js?20177612121792 HTTP/1.1" 200 953
200.54.247.70 - - [22/Mar/2018:08:44:03 -0300] "GET /cormun/static/hpexe_link.js?20177612121795 HTTP/1.1" 200 625
200.72.197.82 - - [22/Mar/2018:08:44:11 -0300] "POST /cormun/servlet/solicitudot?gx-no-cache=1521719000010 HTTP/1.1" 200 41
200.72.197.82 - - [22/Mar/2018:08:44:11 -0300] "POST /cormun/servlet/solicitudot?gx-no-cache=1521719000088 HTTP/1.1" 200 1319
200.72.197.82 - - [22/Mar/2018:08:44:11 -0300] "POST /cormun/servlet/solicitudot?gx-no-cache=1521719000183 HTTP/1.1" 200 1218
200.72.197.82 - - [22/Mar/2018:08:44:11 -0300] "GET /cormun/static/menuarrow.gif HTTP/1.1" 404 1015
186.103.159.46 - - [22/Mar/2018:08:44:13 -0300] "POST /cormun/servlet/solicitudot?adfe039052b15e7244ce85f22f431582,INS,0,0,,gx-no-cache=1521719000599 HTTP/1.1" 200 93
186.103.159.46 - - [22/Mar/2018:08:44:13 -0300] "GET /cormun/servlet/hpexe_return? HTTP/1.1" 200 1001
192.168.10.96 - - [22/Mar/2018:08:44:13 -0300] "POST /cormun/servlet/trsolicitudgral?eea656293f327e6fc1635d59f385541f,,gx-no-cache=1521718886326 HTTP/1.1" 200 7619
186.103.159.46 - - [22/Mar/2018:08:44:13 -0300] "GET /cormun/servlet/trsolicitudot HTTP/1.1" 200 9044
192.168.10.96 - - [22/Mar/2018:08:44:13 -0300] "POST /cormun/servlet/trsolicitudgral?eea656293f327e6fc1635d59f385541f,,gx-no-cache=1521718886781 HTTP/1.1" 200 7620
186.103.159.46 - - [22/Mar/2018:08:44:14 -0300] "GET /cormun/servlet/trsolicitudot HTTP/1.1" 200 9040
200.72.197.82 - - [22/Mar/2018:08:44:14 -0300] "POST /cormun/servlet/solicitudot?gx-no-cache=1521719003441 HTTP/1.1" 200 1319
200.72.197.82 - - [22/Mar/2018:08:44:14 -0300] "POST /cormun/servlet/solicitudot?gx-no-cache=1521719003566 HTTP/1.1" 200 1218
200.72.197.82 - - [22/Mar/2018:08:44:32 -0300] "POST /cormun/servlet/solicitudot?7f28d9d071ee2758f2798a516c51a84b,INS,0,0,,gx-no-cache=1521719020769 HTTP/1.1" 200 93
200.72.197.82 - - [22/Mar/2018:08:44:32 -0300] "GET /cormun/servlet/hpexe_return? HTTP/1.1" 200 1002
200.72.197.82 - - [22/Mar/2018:08:44:32 -0300] "GET /cormun/servlet/trsolicitudot HTTP/1.1" 200 9377
200.72.197.82 - - [22/Mar/2018:08:44:33 -0300] "GET /cormun/servlet/trsolicitudot HTTP/1.1" 200 9373
200.72.197.82 - - [22/Mar/2018:08:44:41 -0300] "POST /cormun/servlet/trsolicitudot?7f28d9d071ee2758f2798a516c51a84b,gx-no-cache=1521719029690 HTTP/1.1" 200 5836
200.72.197.82 - - [22/Mar/2018:08:44:41 -0300] "POST /cormun/servlet/trsolicitudot?7f28d9d071ee2758f2798a516c51a84b,gx-no-cache=1521719030012 HTTP/1.1" 200 5817
192.168.10.96 - - [22/Mar/2018:08:44:42 -0300] "POST /cormun/servlet/trsolicitudgral?eea656293f327e6fc1635d59f385541f,,gx-no-cache=1521718915277 HTTP/1.1" 200 7625
200.54.247.70 - - [22/Mar/2018:08:44:42 -0300] "GET /cormun/static/Resources/Spanish/PXTools.css?1155365 HTTP/1.1" 200 89042
200.72.197.82 - - [22/Mar/2018:08:44:44 -0300] "GET /cormun/servlet/solicitudot?INS,0,0, HTTP/1.1" 200 13654
200.72.197.82 - - [22/Mar/2018:08:44:45 -0300] "GET /cormun/servlet/solicitudot?INS,0,0, HTTP/1.1" 200 13659
200.111.122.170 - - [22/Mar/2018:08:44:55 -0300] "POST /cormun/servlet/solicitudot?gx-no-cache=1521719043638 HTTP/1.1" 200 3292
200.111.122.170 - - [22/Mar/2018:08:44:55 -0300] "POST /cormun/servlet/solicitudot?7f28d9d071ee2758f2798a516c51a84b,INS,0,0,,gx-no-cache=1521719043887 HTTP/1.1" 200 10441
192.168.10.96 - - [22/Mar/2018:08:45:00 -0300] "POST /cormun/servlet/trsolicitudgral?eea656293f327e6fc1635d59f385541f,,gx-no-cache=1521718933134 HTTP/1.1" 200 7912
200.54.247.70 - - [22/Mar/2018:08:45:03 -0300] "GET /cormun/servlet/hhome HTTP/1.1" 200 4235
200.54.247.70 - - [22/Mar/2018:08:45:03 -0300] "GET /cormun/static/SmoothNavMenu/resources/ddsmoothmenu.css?1012540 HTTP/1.1" 200 2223
200.54.247.70 - - [22/Mar/2018:08:45:03 -0300] "GET /cormun/static/SmoothNavMenu/resources/ddsmoothmenu-v.css?1012540 HTTP/1.1" 200 1188
200.54.247.70 - - [22/Mar/2018:08:45:03 -0300] "GET /cormun/static/scaMessage/css/jquery.pnotify.default.css?1716380 HTTP/1.1" 200 1707
200.54.247.70 - - [22/Mar/2018:08:45:03 -0300] "GET /cormun/static/Shared/jqueryui/jquery-ui.min.css?1245370 HTTP/1.1" 200 30288
200.54.247.70 - - [22/Mar/2018:08:45:03 -0300] "GET /cormun/static/gxcfg.js?20175251212442 HTTP/1.1" 200 953
200.54.247.70 - - [22/Mar/2018:08:45:03 -0300] "GET /cormun/static/PXToolsJavascripts/pexe_autoreload.js HTTP/1.1" 200 1762
200.54.247.70 - - [22/Mar/2018:08:45:03 -0300] "GET /cormun/static/PXToolsJavascripts/pexe_cookies.js HTTP/1.1" 200 792
200.54.247.70 - - [22/Mar/2018:08:45:03 -0300] "GET /cormun/static/PXToolsJavascripts/pexe_windows.js HTTP/1.1" 200 15207
200.54.247.70 - - [22/Mar/2018:08:45:03 -0300] "GET /cormun/static/PXToolsJavascripts/pexe_grid.js HTTP/1.1" 200 7559
200.54.247.70 - - [22/Mar/2018:08:45:04 -0300] "GET /cormun/static/PXToolsJavascripts/pexe_griddivfix.js HTTP/1.1" 200 6644
200.54.247.70 - - [22/Mar/2018:08:45:04 -0300] "GET /cormun/static/PXToolsJavascripts/pexe_link.js HTTP/1.1" 200 5671
200.54.247.70 - - [22/Mar/2018:08:45:04 -0300] "GET /cormun/static/PXToolsJavascripts/pexe_menudivfix.js HTTP/1.1" 200 333
200.54.247.70 - - [22/Mar/2018:08:45:04 -0300] "GET /cormun/static/PXToolsJavascripts/pexe_menus.js HTTP/1.1" 200 1286
200.54.247.70 - - [22/Mar/2018:08:45:04 -0300] "GET /cormun/static/PXToolsJavascripts/pexe_layers.js HTTP/1.1" 200 4114
200.54.247.70 - - [22/Mar/2018:08:45:04 -0300] "GET /cormun/static/PXToolsJavascripts/pexe_oav.js HTTP/1.1" 200 645
200.54.247.70 - - [22/Mar/2018:08:45:04 -0300] "GET /cormun/static/PXToolsJavascripts/pexe_oavdivfix.js HTTP/1.1" 200 639
200.54.247.70 - - [22/Mar/2018:08:45:04 -0300] "GET /cormun/static/PXToolsJavascripts/pexe_picture.js HTTP/1.1" 200 689
200.54.247.70 - - [22/Mar/2018:08:45:04 -0300] "GET /cormun/static/PXToolsJavascripts/pexe_popup.js HTTP/1.1" 200 13458
200.54.247.70 - - [22/Mar/2018:08:45:04 -0300] "GET /cormun/static/PXToolsJavascripts/pexe_scrolldiv.js HTTP/1.1" 200 4138
200.54.247.70 - - [22/Mar/2018:08:45:04 -0300] "GET /cormun/static/PXToolsJavascripts/pexe_tabdivfix.js HTTP/1.1" 200 876
200.54.247.70 - - [22/Mar/2018:08:45:04 -0300] "GET /cormun/static/PXToolsJavascripts/pexe_tabs.js HTTP/1.1" 200 3748
200.54.247.70 - - [22/Mar/2018:08:45:04 -0300] "GET /cormun/static/PXToolsJavascripts/pexe_upload.js HTTP/1.1" 200 1423
200.54.247.70 - - [22/Mar/2018:08:45:04 -0300] "GET /cormun/static/PXToolsJavascripts/PXToolsJavascriptsRender.js HTTP/1.1" 200 367
200.54.247.70 - - [22/Mar/2018:08:45:06 -0300] "GET /cormun/static/RunJS/RunJS.js HTTP/1.1" 200 288
200.111.122.170 - - [22/Mar/2018:08:45:07 -0300] "GET /cormun/servlet/solicitudot?7a5fdfdf061af9ccd1cde25bff06a6550b4b42a8021f701f007ebbae3a89b891e74cded80ae0d8d3d4f13242439e33ae,gx-no-cache=1521719056001 HTTP/1.1" 200 30
200.54.247.70 - - [22/Mar/2018:08:45:09 -0300] "GET /cormun/static/hhome.js?20175251212450 HTTP/1.1" 200 777
200.54.247.70 - - [22/Mar/2018:08:45:09 -0300] "GET /cormun/static/Shared/ext/locale/ext-lang-en.js HTTP/1.1" 200 10940
200.54.247.70 - - [22/Mar/2018:08:45:09 -0300] "GET /cormun/static/hwchdr01.js?201752511465785 HTTP/1.1" 200 1183
200.54.247.70 - - [22/Mar/2018:08:45:09 -0300] "GET /cormun/static/hpexe_recentlink.js?20177611595044 HTTP/1.1" 200 2144
200.54.247.70 - - [22/Mar/2018:08:45:09 -0300] "GET /cormun/static/hpexe_scripts.js?201752511465715 HTTP/1.1" 200 1544
200.54.247.70 - - [22/Mar/2018:08:45:09 -0300] "GET /cormun/static/Resources/PXToolsHeaderLogin.png HTTP/1.1" 200 4279
200.54.247.70 - - [22/Mar/2018:08:45:09 -0300] "GET /cormun/static/Resources/PXToolsHeaderSecurity.png HTTP/1.1" 200 4166
200.54.247.70 - - [22/Mar/2018:08:45:09 -0300] "GET /cormun/static/Resources/PXToolsHeaderBackground2.png HTTP/1.1" 200 1174
200.54.247.70 - - [22/Mar/2018:08:45:09 -0300] "GET /cormun/static/Resources/PXToolsFooterBackground2.png HTTP/1.1" 200 1172
200.54.247.70 - - [22/Mar/2018:08:45:09 -0300] "GET /cormun/static/Resources/PXToolsDataTitle.png HTTP/1.1" 200 1173
200.54.247.70 - - [22/Mar/2018:08:45:09 -0300] "GET /cormun/static/Resources/PXToolsHeaderActionsBackground.png HTTP/1.1" 200 484
200.54.247.70 - - [22/Mar/2018:08:45:10 -0300] "GET /cormun/static/Resources/logo4.png HTTP/1.1" 200 6582
200.54.247.70 - - [22/Mar/2018:08:45:10 -0300] "GET /cormun/static/Resources/PXToolsHeaderHome.png HTTP/1.1" 200 4147
200.54.247.70 - - [22/Mar/2018:08:45:10 -0300] "GET /cormun/static/Resources/PXToolsHeaderActionsLeft.png HTTP/1.1" 200 1118
200.54.247.70 - - [22/Mar/2018:08:45:10 -0300] "GET /cormun/static/Resources/PXToolsHeaderActionsRight.png HTTP/1.1" 200 1201
200.54.247.70 - - [22/Mar/2018:08:45:11 -0300] "GET /cormun/static/Resources/PXToolsHeaderPreferences.png HTTP/1.1" 200 4189
200.54.247.70 - - [22/Mar/2018:08:45:11 -0300] "GET /cormun/static/hpexe_messagecontroller.js?20177611595012 HTTP/1.1" 200 870
200.54.247.70 - - [22/Mar/2018:08:45:12 -0300] "GET /cormun/static/hpexe_messagepopupcomponent.js?20161017169425 HTTP/1.1" 200 605
200.54.247.70 - - [22/Mar/2018:08:45:12 -0300] "GET /cormun/static/hpexe_messagegenexuscomponent.js?201752511465344 HTTP/1.1" 200 587
200.54.247.70 - - [22/Mar/2018:08:45:12 -0300] "GET /cormun/static/cmcontrolpreferences.js?201752511465670 HTTP/1.1" 200 1375
200.54.247.70 - - [22/Mar/2018:08:45:15 -0300] "GET /cormun/static/SmoothNavMenu/resources/ddsmoothmenu.js HTTP/1.1" 200 12712
200.54.247.70 - - [22/Mar/2018:08:45:15 -0300] "GET /cormun/static/SmoothNavMenu/resources/SmoothNavMenuRender.js HTTP/1.1" 200 5951
200.54.247.70 - - [22/Mar/2018:08:45:15 -0300] "GET /cormun/static/scaMessage/js/jquery.pnotify.min.js HTTP/1.1" 200 13038
200.54.247.70 - - [22/Mar/2018:08:45:16 -0300] "GET /cormun/static/scaMessage/scaMessageRender.js HTTP/1.1" 200 11977
200.111.122.170 - - [22/Mar/2018:08:45:16 -0300] "POST /cormun/servlet/solicitudot?7f28d9d071ee2758f2798a516c51a84b,INS,0,0,,gx-no-cache=1521719065510 HTTP/1.1" 200 11873
200.111.122.170 - - [22/Mar/2018:08:45:17 -0300] "GET /cormun/static/Shared/jqueryui/images/ui-bg_highlight-soft_100_c6c2c8_1x100.png HTTP/1.1" 404 1117
200.111.122.170 - - [22/Mar/2018:08:45:17 -0300] "GET /cormun/static/Shared/jqueryui/images/ui-icons_82798d_256x240.png HTTP/1.1" 404 1089
186.67.203.186 - - [22/Mar/2018:08:45:17 -0300] "GET /cormun/static/Shared/jqueryui/images/ui-bg_flat_55_994d53_40x100.png HTTP/1.1" 404 1097
186.103.161.206 - - [22/Mar/2018:08:45:17 -0300] "GET /cormun/static/Shared/jqueryui/images/ui-icons_ebccce_256x240.png HTTP/1.1" 404 1089
200.54.247.70 - - [22/Mar/2018:08:45:17 -0300] "GET /cormun/static/hmpwkw03.js?20177612122668 HTTP/1.1" 200 3965
200.54.247.70 - - [22/Mar/2018:08:45:18 -0300] "GET /cormun/static/Shared/jquery/jquery-1.4.2.min.js HTTP/1.1" 200 72174
192.168.10.96 - - [22/Mar/2018:08:45:35 -0300] "POST /cormun/servlet/trsolicitudgral?eea656293f327e6fc1635d59f385541f,,gx-no-cache=1521718968806 HTTP/1.1" 200 7900
186.103.159.182 - - [22/Mar/2018:08:45:44 -0300] "GET /cormun/servlet/hlogin HTTP/1.1" 200 1715
186.103.159.182 - - [22/Mar/2018:08:45:46 -0300] "GET /cormun/servlet/hlogin HTTP/1.1" 200 1726
200.54.247.70 - - [22/Mar/2018:08:45:54 -0300] "GET /cormun/static/gxui/gxui-all.js HTTP/1.1" 200 107772
192.168.10.96 - - [22/Mar/2018:08:46:03 -0300] "POST /cormun/servlet/trsolicitudgral?eea656293f327e6fc1635d59f385541f,,gx-no-cache=1521718996805 HTTP/1.1" 200 7610
192.168.10.96 - - [22/Mar/2018:08:46:24 -0300] "POST /cormun/servlet/trsolicitudgral?eea656293f327e6fc1635d59f385541f,,gx-no-cache=1521719017045 HTTP/1.1" 200 7586
192.168.10.96 - - [22/Mar/2018:08:46:41 -0300] "POST /cormun/servlet/trsolicitudgral?eea656293f327e6fc1635d59f385541f,,gx-no-cache=1521719033989 HTTP/1.1" 200 5940
192.168.10.96 - - [22/Mar/2018:08:46:43 -0300] "POST /cormun/servlet/trsolicitudgral?eea656293f327e6fc1635d59f385541f,,gx-no-cache=1521719036452 HTTP/1.1" 200 5940
192.168.10.96 - - [22/Mar/2018:08:46:43 -0300] "POST /cormun/servlet/trsolicitudgral?eea656293f327e6fc1635d59f385541f,,gx-no-cache=1521719036654 HTTP/1.1" 200 5940
192.168.10.96 - - [22/Mar/2018:08:46:43 -0300] "POST /cormun/servlet/trsolicitudgral?eea656293f327e6fc1635d59f385541f,,gx-no-cache=1521719036853 HTTP/1.1" 200 5940
186.67.203.186 - - [22/Mar/2018:08:46:54 -0300] "GET /cormun/servlet/solicitudot?7a5fdfdf061af9ccd1cde25bff06a655dc456a68775bff37dea59ace802edc75673411089133a76270329a82e5f3c2e04f58cc4d0953e8a3707f5e0cfecfe04c,gx-no-cache=1521719163094 HTTP/1.1" 200 30
186.67.203.186 - - [22/Mar/2018:08:46:54 -0300] "GET /cormun/servlet/solicitudot?7a5fdfdf061af9ccd1cde25bff06a655c58fe99cbf2d6d85ceeffa97cceeef00,gx-no-cache=1521719163172 HTTP/1.1" 200 29
186.67.203.186 - - [22/Mar/2018:08:46:57 -0300] "POST /cormun/servlet/solicitudot?gx-no-cache=1521719165828 HTTP/1.1" 200 256
190.100.93.40 - - [22/Mar/2018:08:47:00 -0300] "GET /cormun/servlet/solicitudot?60d8a4bc7553097be33ac40a4957f1f1ee61b17bf99e2a2cbe8d25013377259b580ee7af583434bd7643ec54a6d574b8,gx-no-cache=1521719172432 HTTP/1.1" 200 30
190.100.93.40 - - [22/Mar/2018:08:47:00 -0300] "GET /cormun/servlet/solicitudot?60d8a4bc7553097be33ac40a4957f1f1a77edb24f844d6461c194cb883b59e9f20d9cc0a5740606d6f6dd5b45bfbbe11df908312845b8de6110e4b66536b5d70,gx-no-cache=1521719172526 HTTP/1.1" 200 30
190.100.93.40 - - [22/Mar/2018:08:47:00 -0300] "GET /cormun/servlet/solicitudot?60d8a4bc7553097be33ac40a4957f1f1577fea8c4d22e763ec6fe62fc200a469,gx-no-cache=1521719172573 HTTP/1.1" 200 45
190.100.93.40 - - [22/Mar/2018:08:47:00 -0300] "POST /cormun/servlet/solicitudot?gx-no-cache=1521719172620 HTTP/1.1" 200 255
190.100.93.40 - - [22/Mar/2018:08:47:00 -0300] "GET /cormun/servlet/solicitudot?60d8a4bc7553097be33ac40a4957f1f1ccbfd00e5c5f6a12f007603406c5553dc85860713769dd54413d0c9c3801a142815b4e1f0c50e1e1da291e89e529c74f53d8e2a9fd802a968ab8011aed66b60e846d068bb5fef49e4b0a7dc284f76953c51653fcafee8b27e3c92512cd8ec5d648f3818b1c23de04833bd5322c7ea1eca44e20db6bfe9d75aa849a2430fa7219679ae3ca766734221ca173e949ee8009d20dbb340af838bc76800b3b17aa86fc49d7cabff330ab73f51a58185e3fbc609493a9a0a1f2bd137edb8b6c0325a157cf643b68cd43952b1bee04536fc26598b66d771dd0d67119d4cb3f2693435781238f70e2fc3de07828742aee73522b1f55e5d37166dca1d0dfacc4ca999d9b82dd9273a9cbc45cd023cd48123d00dd06fbb65c218333d51c4346f870563f92c650fc8efca1895dbe94d1fe6dc09cb4266546222664883b2d49a389e157109468ec99509514c854e794997c5d8b16bf3ef54c1438d4f6348a82ea98bfab016f7473bcfea5ca6caa7dcd937661efe3520b,gx-no-cache=1521719172681 HTTP/1.1" 200 30
186.67.203.186 - - [22/Mar/2018:08:47:00 -0300] "GET /cormun/servlet/solicitudot?7a5fdfdf061af9ccd1cde25bff06a6553ae78a05168ea809ad591f40ff94c174317565c182998199d404dea8519fe78143edb72824f6cbef6793f26eac0d87d14d54e3b3dde5f8a3d312e126f9bca9cf8e3a7249e0500ccfcdd44d325014a9039f83f6c68c40a5a30dfe9d3828b5c21e89280e5386864a18028fe125126d32d77e3861a977d2bddc58b186894a91a8c1f130cfceffe421b4876bd92c6c2afb764b2fb82f7c9b9ba4ed266812a8ab599d35d9a1c3c79b6dde16bb2fe0d72bd5a7f9c4ac53fc296c12ce1955d10bf7b57a988462ce8bebea4abf58469a73b979fb3e1a9fe12f9a4980e3a3f49777ef1cffe574f32d931373f16d60f4e0b96664e5c95de615fc45e25767bed44a11f2b99694cda2b1aad27fd36d6d284762296ac75e6405a9ded279314c9ceb7ce67cbc03a5ee48bb3904a2eb3d838cb3d7d77d1a735ff2c13a476d00f456c956a354349a1df3093c13f6914aa0917ea804e5ac75e6000ada6692676864f66aa99a5c4d989c0951192a754ee236903dce2992f4ba,gx-no-cache=1521719169405 HTTP/1.1" 200 30
186.67.203.186 - - [22/Mar/2018:08:47:02 -0300] "POST /cormun/servlet/solicitudot?gx-no-cache=1521719171354 HTTP/1.1" 200 30
186.67.203.186 - - [22/Mar/2018:08:47:04 -0300] "GET /cormun/servlet/prcontratosol?16885126,,,,,MD,,gxPopupLevel%3D0%3B HTTP/1.1" 200 7525
186.67.203.186 - - [22/Mar/2018:08:47:06 -0300] "POST /cormun/servlet/solicitudot?gx-no-cache=1521719175627 HTTP/1.1" 200 1416
186.67.203.186 - - [22/Mar/2018:08:47:06 -0300] "POST /cormun/servlet/solicitudot?gx-no-cache=1521719175776 HTTP/1.1" 200 117
186.67.203.186 - - [22/Mar/2018:08:47:07 -0300] "GET /cormun/servlet/solicitudot?7a5fdfdf061af9ccd1cde25bff06a655050e568191e32ff6a2ae94373b4c8920618d67cc4a8d48e70a62ed7072dff3b71e8b4babe105e5fc35d4edd3c51bd71b7fe09961727d7a39b298e484d76d7e95dec85e44d725ae55f01040cd3912c42be17cbb11e8c6816c6401a435dadb8289,gx-no-cache=1521719175848 HTTP/1.1" 200 29
186.67.203.186 - - [22/Mar/2018:08:47:07 -0300] "POST /cormun/servlet/solicitudot?gx-no-cache=1521719175906 HTTP/1.1" 200 1318
186.67.203.186 - - [22/Mar/2018:08:47:07 -0300] "POST /cormun/servlet/solicitudot?gx-no-cache=1521719176006 HTTP/1.1" 200 1218
186.67.203.186 - - [22/Mar/2018:08:47:07 -0300] "GET /cormun/servlet/solicitudot?7a5fdfdf061af9ccd1cde25bff06a655d11904232bcd4dbad47b63493e307e89644fc49dd6f9d70cd5196a13b4ec6c8e,gx-no-cache=1521719176091 HTTP/1.1" 200 30
186.67.203.186 - - [22/Mar/2018:08:47:11 -0300] "GET /cormun/servlet/prfichaempleado?,MD,,gxPopupLevel%3D0%3B HTTP/1.1" 200 9369
192.168.10.96 - - [22/Mar/2018:08:47:17 -0300] "POST /cormun/servlet/trsolicitudgral?eea656293f327e6fc1635d59f385541f,,gx-no-cache=1521719070677 HTTP/1.1" 200 7896
186.67.203.186 - - [22/Mar/2018:08:47:21 -0300] "POST /cormun/servlet/prfichaempleado?7f28d9d071ee2758f2798a516c51a84b,,MD,,gxPopupLevel%3D0%3B,gx-no-cache=1521719190235 HTTP/1.1" 200 3469
186.67.203.186 - - [22/Mar/2018:08:47:29 -0300] "GET /cormun/servlet/prlicenciaspermisos?15126087,L,,MD,,gxPopupLevel%3D0%3B HTTP/1.1" 200 5941
186.67.203.186 - - [22/Mar/2018:08:47:33 -0300] "POST /cormun/servlet/solicitudot?gx-no-cache=1521719201890 HTTP/1.1" 200 1335
186.67.203.186 - - [22/Mar/2018:08:47:39 -0300] "POST /cormun/servlet/solicitudot?gx-no-cache=1521719208719 HTTP/1.1" 200 41
192.168.10.96 - - [22/Mar/2018:08:47:45 -0300] "POST /cormun/servlet/trsolicitudgral?eea656293f327e6fc1635d59f385541f,,gx-no-cache=1521719098765 HTTP/1.1" 200 7618
186.67.203.186 - - [22/Mar/2018:08:47:50 -0300] "POST /cormun/servlet/solicitudot?gx-no-cache=1521719219018 HTTP/1.1" 200 1318
186.67.203.186 - - [22/Mar/2018:08:47:50 -0300] "POST /cormun/servlet/solicitudot?gx-no-cache=1521719219137 HTTP/1.1" 200 1218
186.67.203.186 - - [22/Mar/2018:08:47:52 -0300] "GET /cormun/static/menuarrow.gif HTTP/1.1" 404 1015
186.67.203.186 - - [22/Mar/2018:08:47:54 -0300] "POST /cormun/servlet/solicitudot?gx-no-cache=1521719222762 HTTP/1.1" 200 1318
186.67.203.186 - - [22/Mar/2018:08:47:54 -0300] "POST /cormun/servlet/solicitudot?gx-no-cache=1521719222928 HTTP/1.1" 200 1218
186.67.203.186 - - [22/Mar/2018:08:47:56 -0300] "GET /cormun/servlet/solicitudot?7a5fdfdf061af9ccd1cde25bff06a655ed85d4dc60879e6c08d991359db683fa5eb0c689253ff82b392a3493d04550f2,gx-no-cache=1521719225475 HTTP/1.1" 200 30
186.67.203.186 - - [22/Mar/2018:08:47:57 -0300] "POST /cormun/servlet/solicitudot?gx-no-cache=1521719225620 HTTP/1.1" 200 32
186.103.159.182 - - [22/Mar/2018:08:48:01 -0300] "GET /cormun/servlet/solicitudot?e1ac3550e67b7f2aa3e04ecaadf0c5cba950adc818053687b7f251b916f461db,gx-no-cache=1521719229363 HTTP/1.1" 440 972
186.103.159.182 - - [22/Mar/2018:08:48:05 -0300] "GET /cormun/servlet/solicitudot?INS,0,0, HTTP/1.1" 200 12649
186.103.159.182 - - [22/Mar/2018:08:48:05 -0300] "GET /cormun/servlet/hlogin HTTP/1.1" 200 1736
186.103.159.182 - - [22/Mar/2018:08:48:05 -0300] "GET /cormun/servlet/solicitudot?INS,0,0, HTTP/1.1" 200 12649
192.168.10.96 - - [22/Mar/2018:08:48:08 -0300] "POST /cormun/servlet/trsolicitudgral?eea656293f327e6fc1635d59f385541f,,gx-no-cache=1521719120981 HTTP/1.1" 200 8668
192.168.10.96 - - [22/Mar/2018:08:48:14 -0300] "POST /cormun/servlet/trsolicitudgral?eea656293f327e6fc1635d59f385541f,,gx-no-cache=1521719127510 HTTP/1.1" 200 8317
