186.103.159.46 - - [22/Mar/2018:12:11:36 -0300] "GET /cormun/static/Shared/jqueryui/images/ui-icons_82798d_256x240.png HTTP/1.1" 404 1089
186.103.159.46 - - [22/Mar/2018:12:11:36 -0300] "GET /cormun/static/Shared/jqueryui/images/ui-bg_flat_55_994d53_40x100.png HTTP/1.1" 404 1097
186.103.159.46 - - [22/Mar/2018:12:11:36 -0300] "GET /cormun/static/Shared/jqueryui/images/ui-icons_ebccce_256x240.png HTTP/1.1" 404 1089
186.79.227.120 - - [22/Mar/2018:12:11:41 -0300] "POST /cormun/servlet/permisosadjuntos?9c0fd4bafaf93586f28ce86cc3c91afc,INS,14242088,P,20180322120527,, HTTP/1.1" 200 116
186.79.227.120 - - [22/Mar/2018:12:11:41 -0300] "GET /cormun/servlet/hpexe_return? HTTP/1.1" 200 1036
186.79.227.120 - - [22/Mar/2018:12:11:42 -0300] "GET /cormun/servlet/trpermisosadjuntos?14242088,20180322120527,P, HTTP/1.1" 200 7032
186.79.227.120 - - [22/Mar/2018:12:11:43 -0300] "GET /cormun/servlet/trpermisosadjuntos?14242088,20180322120527,P, HTTP/1.1" 200 7027
186.79.227.120 - - [22/Mar/2018:12:11:45 -0300] "POST /cormun/servlet/trpermisosadjuntos?9c0fd4bafaf93586f28ce86cc3c91afc,14242088,20180322120527,P,,gx-no-cache=1521731465088 HTTP/1.1" 200 90
186.79.227.120 - - [22/Mar/2018:12:11:45 -0300] "GET /cormun/servlet/hpexe_link HTTP/1.1" 200 981
186.79.227.120 - - [22/Mar/2018:12:11:46 -0300] "GET /cormun/servlet/trpermisosgoce HTTP/1.1" 200 9901
186.79.227.120 - - [22/Mar/2018:12:11:47 -0300] "GET /cormun/servlet/trpermisosgoce HTTP/1.1" 200 9898
186.79.227.120 - - [22/Mar/2018:12:11:54 -0300] "GET /cormun/servlet/trpermisosadjuntos?14458909,20180322120137,P, HTTP/1.1" 200 6538
186.79.227.120 - - [22/Mar/2018:12:11:55 -0300] "GET /cormun/servlet/trpermisosadjuntos?14458909,20180322120137,P, HTTP/1.1" 200 6538
186.103.159.46 - - [22/Mar/2018:12:11:55 -0300] "GET /cormun/servlet/licenciaspermisos?22999e99163a6fb7af3adf2819cd47f2e1e257b5c9eec6cdf35901221a18ad5fd737bf8d6929c6b81df3e258e625f75c,gx-no-cache=1521731464250 HTTP/1.1" 200 102
186.103.159.46 - - [22/Mar/2018:12:11:55 -0300] "POST /cormun/servlet/licenciaspermisos?c6c2f52459057b75d61ce40054e2c88e,INS,0,,,,gx-no-cache=1521731464359 HTTP/1.1" 200 4687
186.79.227.120 - - [22/Mar/2018:12:11:57 -0300] "GET /cormun/servlet/permisosadjuntos?INS,14458909,P,20180322120137,, HTTP/1.1" 200 5865
186.79.227.120 - - [22/Mar/2018:12:11:57 -0300] "GET /cormun/static/about:blank HTTP/1.1" 404 1011
186.79.227.120 - - [22/Mar/2018:12:11:58 -0300] "GET /cormun/servlet/permisosadjuntos?INS,14458909,P,20180322120137,, HTTP/1.1" 200 5856
186.79.227.120 - - [22/Mar/2018:12:12:09 -0300] "POST /cormun/servlet/permisosadjuntos?9c0fd4bafaf93586f28ce86cc3c91afc,INS,14458909,P,20180322120137,, HTTP/1.1" 200 116
186.79.227.120 - - [22/Mar/2018:12:12:09 -0300] "GET /cormun/servlet/hpexe_return? HTTP/1.1" 200 1035
186.79.227.120 - - [22/Mar/2018:12:12:09 -0300] "GET /cormun/servlet/trpermisosadjuntos?14458909,20180322120137,P, HTTP/1.1" 200 7029
186.79.227.120 - - [22/Mar/2018:12:12:10 -0300] "GET /cormun/servlet/trpermisosadjuntos?14458909,20180322120137,P, HTTP/1.1" 200 7025
186.79.227.120 - - [22/Mar/2018:12:12:13 -0300] "POST /cormun/servlet/trpermisosadjuntos?9c0fd4bafaf93586f28ce86cc3c91afc,14458909,20180322120137,P,,gx-no-cache=1521731492951 HTTP/1.1" 200 90
186.79.227.120 - - [22/Mar/2018:12:12:13 -0300] "GET /cormun/servlet/hpexe_link HTTP/1.1" 200 981
186.79.227.120 - - [22/Mar/2018:12:12:13 -0300] "GET /cormun/servlet/trpermisosgoce HTTP/1.1" 200 9896
186.79.227.120 - - [22/Mar/2018:12:12:14 -0300] "GET /cormun/servlet/trpermisosgoce HTTP/1.1" 200 9895
186.79.227.120 - - [22/Mar/2018:12:12:21 -0300] "GET /cormun/servlet/trpermisosadjuntos?6534284,20180322120304,P, HTTP/1.1" 200 6536
186.79.227.120 - - [22/Mar/2018:12:12:22 -0300] "GET /cormun/servlet/trpermisosadjuntos?6534284,20180322120304,P, HTTP/1.1" 200 6536
186.79.227.120 - - [22/Mar/2018:12:12:24 -0300] "GET /cormun/servlet/permisosadjuntos?INS,6534284,P,20180322120304,, HTTP/1.1" 200 5865
186.79.227.120 - - [22/Mar/2018:12:12:24 -0300] "GET /cormun/static/about:blank HTTP/1.1" 404 1011
186.103.159.46 - - [22/Mar/2018:12:12:24 -0300] "GET /cormun/static/menuarrow.gif HTTP/1.1" 404 1015
186.79.227.120 - - [22/Mar/2018:12:12:25 -0300] "GET /cormun/servlet/permisosadjuntos?INS,6534284,P,20180322120304,, HTTP/1.1" 200 5855
186.79.227.120 - - [22/Mar/2018:12:12:37 -0300] "POST /cormun/servlet/permisosadjuntos?9c0fd4bafaf93586f28ce86cc3c91afc,INS,6534284,P,20180322120304,, HTTP/1.1" 200 116
186.79.227.120 - - [22/Mar/2018:12:12:38 -0300] "GET /cormun/servlet/hpexe_return? HTTP/1.1" 200 1036
186.79.227.120 - - [22/Mar/2018:12:12:38 -0300] "GET /cormun/servlet/trpermisosadjuntos?6534284,20180322120304,P, HTTP/1.1" 200 7024
186.79.227.120 - - [22/Mar/2018:12:12:39 -0300] "GET /cormun/servlet/trpermisosadjuntos?6534284,20180322120304,P, HTTP/1.1" 200 7021
186.79.227.120 - - [22/Mar/2018:12:12:41 -0300] "POST /cormun/servlet/trpermisosadjuntos?9c0fd4bafaf93586f28ce86cc3c91afc,6534284,20180322120304,P,,gx-no-cache=1521731521554 HTTP/1.1" 200 90
186.79.227.120 - - [22/Mar/2018:12:12:42 -0300] "GET /cormun/servlet/hpexe_link HTTP/1.1" 200 980
186.79.227.120 - - [22/Mar/2018:12:12:42 -0300] "GET /cormun/servlet/trpermisosgoce HTTP/1.1" 200 9895
186.79.227.120 - - [22/Mar/2018:12:12:43 -0300] "GET /cormun/servlet/trpermisosgoce HTTP/1.1" 200 9899
200.120.230.197 - - [22/Mar/2018:12:12:51 -0300] "GET /cormun/servlet/trpermisosadjuntos?11888168,20180322120454,P, HTTP/1.1" 200 6534
200.120.230.197 - - [22/Mar/2018:12:12:52 -0300] "GET /cormun/servlet/trpermisosadjuntos?11888168,20180322120454,P, HTTP/1.1" 200 6534
200.120.230.197 - - [22/Mar/2018:12:12:54 -0300] "GET /cormun/servlet/permisosadjuntos?INS,11888168,P,20180322120454,, HTTP/1.1" 200 5865
200.120.230.197 - - [22/Mar/2018:12:12:54 -0300] "GET /cormun/static/about:blank HTTP/1.1" 404 1011
200.120.230.197 - - [22/Mar/2018:12:12:55 -0300] "GET /cormun/servlet/permisosadjuntos?INS,11888168,P,20180322120454,, HTTP/1.1" 200 5854
200.120.230.197 - - [22/Mar/2018:12:13:01 -0300] "POST /cormun/servlet/permisosadjuntos?9c0fd4bafaf93586f28ce86cc3c91afc,INS,11888168,P,20180322120454,, HTTP/1.1" 200 116
200.120.230.197 - - [22/Mar/2018:12:13:01 -0300] "GET /cormun/servlet/hpexe_return? HTTP/1.1" 200 1037
200.120.230.197 - - [22/Mar/2018:12:13:01 -0300] "GET /cormun/servlet/trpermisosadjuntos?11888168,20180322120454,P, HTTP/1.1" 200 7026
200.120.230.197 - - [22/Mar/2018:12:13:02 -0300] "GET /cormun/servlet/trpermisosadjuntos?11888168,20180322120454,P, HTTP/1.1" 200 7023
200.120.230.197 - - [22/Mar/2018:12:13:05 -0300] "POST /cormun/servlet/trpermisosadjuntos?9c0fd4bafaf93586f28ce86cc3c91afc,11888168,20180322120454,P,,gx-no-cache=1521731545235 HTTP/1.1" 200 90
200.120.230.197 - - [22/Mar/2018:12:13:05 -0300] "GET /cormun/servlet/hpexe_link HTTP/1.1" 200 981
200.120.230.197 - - [22/Mar/2018:12:13:05 -0300] "GET /cormun/servlet/trpermisosgoce HTTP/1.1" 200 9901
200.120.230.197 - - [22/Mar/2018:12:13:06 -0300] "GET /cormun/servlet/trpermisosgoce HTTP/1.1" 200 9895
200.120.230.197 - - [22/Mar/2018:12:13:11 -0300] "GET /cormun/servlet/trpermisosadjuntos?17917363,20180322120208,P, HTTP/1.1" 200 6538
200.120.230.197 - - [22/Mar/2018:12:13:12 -0300] "GET /cormun/servlet/trpermisosadjuntos?17917363,20180322120208,P, HTTP/1.1" 200 6538
200.120.230.197 - - [22/Mar/2018:12:13:14 -0300] "GET /cormun/servlet/permisosadjuntos?INS,17917363,P,20180322120208,, HTTP/1.1" 200 5867
200.120.230.197 - - [22/Mar/2018:12:13:14 -0300] "GET /cormun/static/about:blank HTTP/1.1" 404 1011
200.120.230.197 - - [22/Mar/2018:12:13:15 -0300] "GET /cormun/servlet/permisosadjuntos?INS,17917363,P,20180322120208,, HTTP/1.1" 200 5856
192.168.10.96 - - [22/Mar/2018:12:13:18 -0300] "GET /cormun/servlet/trsolicitudgral? HTTP/1.1" 200 10848
192.168.10.96 - - [22/Mar/2018:12:13:18 -0300] "GET /cormun/servlet/trsolicitudgral? HTTP/1.1" 200 10848
186.67.172.234 - - [22/Mar/2018:12:13:22 -0300] "GET /cormun/servlet/hlogin HTTP/1.1" 200 1715
200.120.230.197 - - [22/Mar/2018:12:13:23 -0300] "POST /cormun/servlet/permisosadjuntos?9c0fd4bafaf93586f28ce86cc3c91afc,INS,17917363,P,20180322120208,, HTTP/1.1" 200 116
186.67.172.234 - - [22/Mar/2018:12:13:23 -0300] "GET /cormun/servlet/hlogin HTTP/1.1" 200 1726
200.120.230.197 - - [22/Mar/2018:12:13:23 -0300] "GET /cormun/servlet/hpexe_return? HTTP/1.1" 200 1036
200.120.230.197 - - [22/Mar/2018:12:13:24 -0300] "GET /cormun/servlet/trpermisosadjuntos?17917363,20180322120208,P, HTTP/1.1" 200 7029
200.86.95.220 - - [22/Mar/2018:12:13:24 -0300] "POST /cormun/servlet/solicitudot?gx-no-cache=1521731553337 HTTP/1.1" 200 3420
200.86.95.220 - - [22/Mar/2018:12:13:24 -0300] "POST /cormun/servlet/solicitudot?f201f4777149a62f9a5e1b86ee820549,INS,0,0,,gx-no-cache=1521731553704 HTTP/1.1" 200 10396
200.120.230.197 - - [22/Mar/2018:12:13:25 -0300] "GET /cormun/servlet/trpermisosadjuntos?17917363,20180322120208,P, HTTP/1.1" 200 7027
192.168.10.96 - - [22/Mar/2018:12:13:25 -0300] "POST /cormun/servlet/trsolicitudgral?13da0396988bffa615b38bed0b27f897,,gx-no-cache=1521731438783 HTTP/1.1" 200 7249
200.120.230.197 - - [22/Mar/2018:12:13:27 -0300] "POST /cormun/servlet/trpermisosadjuntos?9c0fd4bafaf93586f28ce86cc3c91afc,17917363,20180322120208,P,,gx-no-cache=1521731567463 HTTP/1.1" 200 90
200.120.230.197 - - [22/Mar/2018:12:13:27 -0300] "GET /cormun/servlet/hpexe_link HTTP/1.1" 200 980
200.120.230.197 - - [22/Mar/2018:12:13:27 -0300] "GET /cormun/servlet/trpermisosgoce HTTP/1.1" 200 9898
200.86.95.220 - - [22/Mar/2018:12:13:28 -0300] "GET /cormun/servlet/solicitudot?f029c38348076e435608b4d4183713edb2b2056523da099536938df649383ef1ef1c624febf2e08c6a2c2f139a58afb5,gx-no-cache=1521731557325 HTTP/1.1" 200 30
200.86.95.220 - - [22/Mar/2018:12:13:28 -0300] "GET /cormun/servlet/solicitudot?f029c38348076e435608b4d4183713ed0f53f5b776b0fdceae8c2e9f94dfe831fabbdadf0957f7300c9d1f4424cdd1b5e16cc7c57b8c69fc9bae7d459bf90179,gx-no-cache=1521731557415 HTTP/1.1" 200 30
200.86.95.220 - - [22/Mar/2018:12:13:28 -0300] "GET /cormun/servlet/solicitudot?f029c38348076e435608b4d4183713edd4ffe76776ec90928743e36eec3c3b1e,gx-no-cache=1521731557468 HTTP/1.1" 200 53
200.86.95.220 - - [22/Mar/2018:12:13:28 -0300] "POST /cormun/servlet/solicitudot?gx-no-cache=1521731557533 HTTP/1.1" 200 297
200.86.95.220 - - [22/Mar/2018:12:13:28 -0300] "GET /cormun/servlet/solicitudot?f029c38348076e435608b4d4183713ede477dc781627aeb665c27ec451217697af5dc9a23aa2b4daa60ed2eb7dd6fd875160c4c30ecb9a43a0945777daaadb128fb7a8ef17caf0d0b9279d93b15a1c801bd30432e8954743377dec57dc4c29d3ae6eb469cccca2907c1a0ece2300e96d94c003a9b20b657b2c28699e8fe8c638ee1f3d1a41db8bbe94809149bd83c0bd0e2680206919b9ff1fb0dfadd2c78a34d4a7bd4ead0f221ba259d6e663f3d525d266ccb64620cbb64c31607358c1ed1313890097973d4875d4b6c9e6400b647e331da88f8a361bf6a030152bf51a8dbe31d192c6a855d09f10436d6d88c9bcf6df162c3bf2d17520e33b305079c4b6c2df5c073e064e5083043ecb7c32918bc2822bd0099749d1edd3a82cd909a0cc3df1cdd93d955e44cfcad87971fdb7a56caa502b0e9cc1b482daacd2b5cd3727fab39a56e1a99510237ed0c104f80ccbda77c2921823ca94d59518f6fe44ef8b670f6c313e8b4aa8eb5abbbfd8645c26518516c14999beb42a1a4a99fc4a3765a1431f6b2586f278980488896f5e3c181b,gx-no-cache=1521731557603 HTTP/1.1" 200 30
200.120.230.197 - - [22/Mar/2018:12:13:29 -0300] "GET /cormun/servlet/trpermisosgoce HTTP/1.1" 200 9898
200.86.95.220 - - [22/Mar/2018:12:13:30 -0300] "POST /cormun/servlet/solicitudot?gx-no-cache=1521731559954 HTTP/1.1" 200 30
200.120.230.197 - - [22/Mar/2018:12:13:31 -0300] "POST /cormun/servlet/trpermisosgoce?9c0fd4bafaf93586f28ce86cc3c91afc,gx-no-cache=1521731571141 HTTP/1.1" 200 7096
200.120.230.197 - - [22/Mar/2018:12:13:31 -0300] "GET /cormun/static/Shared/jqueryui/images/ui-bg_highlight-soft_100_c6c2c8_1x100.png HTTP/1.1" 404 1117
200.120.230.197 - - [22/Mar/2018:12:13:31 -0300] "GET /cormun/static/Shared/jqueryui/images/ui-icons_82798d_256x240.png HTTP/1.1" 404 1089
200.120.230.197 - - [22/Mar/2018:12:13:31 -0300] "GET /cormun/static/Shared/jqueryui/images/ui-bg_flat_55_fafafa_40x100.png HTTP/1.1" 404 1097
200.120.230.197 - - [22/Mar/2018:12:13:31 -0300] "GET /cormun/static/Shared/jqueryui/images/ui-icons_8d78a5_256x240.png HTTP/1.1" 404 1089
200.86.95.220 - - [22/Mar/2018:12:13:32 -0300] "POST /cormun/servlet/solicitudot?gx-no-cache=1521731562111 HTTP/1.1" 200 1336
186.67.172.234 - - [22/Mar/2018:12:13:32 -0300] "POST /cormun/servlet/hlogin?8c17245db3089372e7ca6e42789fe035,gx-no-cache=1521731560779 HTTP/1.1" 200 90
186.67.172.234 - - [22/Mar/2018:12:13:32 -0300] "GET /cormun/servlet/hpexe_link HTTP/1.1" 200 948
200.86.95.220 - - [22/Mar/2018:12:13:32 -0300] "POST /cormun/servlet/solicitudot?gx-no-cache=1521731562244 HTTP/1.1" 200 38
186.67.172.234 - - [22/Mar/2018:12:13:33 -0300] "GET /cormun/servlet/hhome HTTP/1.1" 200 4223
200.120.230.197 - - [22/Mar/2018:12:13:33 -0300] "POST /cormun/servlet/trpermisosgoce?9c0fd4bafaf93586f28ce86cc3c91afc,gx-no-cache=1521731573020 HTTP/1.1" 200 7086
186.67.172.234 - - [22/Mar/2018:12:13:33 -0300] "GET /cormun/servlet/hhome HTTP/1.1" 200 4219
200.120.230.197 - - [22/Mar/2018:12:13:35 -0300] "POST /cormun/servlet/trpermisosgoce?9c0fd4bafaf93586f28ce86cc3c91afc,gx-no-cache=1521731575305 HTTP/1.1" 200 7083
200.120.230.197 - - [22/Mar/2018:12:13:39 -0300] "POST /cormun/servlet/trpermisosgoce?9c0fd4bafaf93586f28ce86cc3c91afc,gx-no-cache=1521731579221 HTTP/1.1" 200 7085
200.120.230.197 - - [22/Mar/2018:12:13:41 -0300] "POST /cormun/servlet/trpermisosgoce?9c0fd4bafaf93586f28ce86cc3c91afc,gx-no-cache=1521731581405 HTTP/1.1" 200 7078
186.67.172.234 - - [22/Mar/2018:12:13:42 -0300] "GET /cormun/servlet/trsolicitudot? HTTP/1.1" 200 9138
186.67.172.234 - - [22/Mar/2018:12:13:42 -0300] "GET /cormun/servlet/trsolicitudot? HTTP/1.1" 200 9136
200.120.230.197 - - [22/Mar/2018:12:13:43 -0300] "POST /cormun/servlet/trpermisosgoce?9c0fd4bafaf93586f28ce86cc3c91afc,gx-no-cache=1521731583447 HTTP/1.1" 200 7064
200.86.95.220 - - [22/Mar/2018:12:13:44 -0300] "GET /cormun/servlet/solicitudot?f029c38348076e435608b4d4183713ed5f49cd416b0f3c206d5bd596f6f37c438abb8b93b83d63ff607d356f6d3304da4660a0fd3ebe9e22d41b964764f413f1ceb7e979848cbfe80f0245cf03e1f798de8831df869e688a324247efea1c59e2efb26af4ab5009ac9f82db444ff7525e,gx-no-cache=1521731573894 HTTP/1.1" 200 29
200.86.95.220 - - [22/Mar/2018:12:13:44 -0300] "POST /cormun/servlet/solicitudot?gx-no-cache=1521731573956 HTTP/1.1" 200 1317
200.86.95.220 - - [22/Mar/2018:12:13:44 -0300] "POST /cormun/servlet/solicitudot?gx-no-cache=1521731574029 HTTP/1.1" 200 1218
200.86.95.220 - - [22/Mar/2018:12:13:44 -0300] "GET /cormun/static/menuarrow.gif HTTP/1.1" 404 1015
200.120.230.197 - - [22/Mar/2018:12:13:45 -0300] "POST /cormun/servlet/trpermisosgoce?9c0fd4bafaf93586f28ce86cc3c91afc,gx-no-cache=1521731585497 HTTP/1.1" 200 7060
200.86.95.220 - - [22/Mar/2018:12:13:47 -0300] "POST /cormun/servlet/solicitudot?gx-no-cache=1521731576307 HTTP/1.1" 200 1317
200.86.95.220 - - [22/Mar/2018:12:13:47 -0300] "POST /cormun/servlet/solicitudot?gx-no-cache=1521731576400 HTTP/1.1" 200 1218
200.120.230.197 - - [22/Mar/2018:12:13:47 -0300] "POST /cormun/servlet/trpermisosgoce?9c0fd4bafaf93586f28ce86cc3c91afc,gx-no-cache=1521731587460 HTTP/1.1" 200 7051
186.67.172.234 - - [22/Mar/2018:12:13:48 -0300] "POST /cormun/servlet/trsolicitudot?8c17245db3089372e7ca6e42789fe035,,gx-no-cache=1521731576467 HTTP/1.1" 200 5801
200.86.95.220 - - [22/Mar/2018:12:13:48 -0300] "GET /cormun/servlet/solicitudot?f029c38348076e435608b4d4183713edf132bd6e36b35342a5d20ad8e4fe82357674f2faa5c82083a2eb7e8783362375,gx-no-cache=1521731578023 HTTP/1.1" 200 30
186.67.172.234 - - [22/Mar/2018:12:13:48 -0300] "POST /cormun/servlet/trsolicitudot?8c17245db3089372e7ca6e42789fe035,,gx-no-cache=1521731576717 HTTP/1.1" 200 5782
200.120.230.197 - - [22/Mar/2018:12:13:49 -0300] "POST /cormun/servlet/trpermisosgoce?9c0fd4bafaf93586f28ce86cc3c91afc,gx-no-cache=1521731589550 HTTP/1.1" 200 7014
186.67.172.234 - - [22/Mar/2018:12:13:51 -0300] "POST /cormun/servlet/trsolicitudot?8c17245db3089372e7ca6e42789fe035,,gx-no-cache=1521731579787 HTTP/1.1" 200 4629
186.67.172.234 - - [22/Mar/2018:12:13:52 -0300] "POST /cormun/servlet/trsolicitudot?8c17245db3089372e7ca6e42789fe035,,gx-no-cache=1521731579986 HTTP/1.1" 200 4451
200.120.230.197 - - [22/Mar/2018:12:13:57 -0300] "GET /cormun/servlet/trautorizarpermisogoce? HTTP/1.1" 200 9680
200.120.230.197 - - [22/Mar/2018:12:13:57 -0300] "GET /cormun/static/gxcfg.js?20177612165975 HTTP/1.1" 200 953
200.120.230.197 - - [22/Mar/2018:12:13:57 -0300] "GET /cormun/static/trautorizarpermisogoce.js?2017761217384 HTTP/1.1" 200 34948
200.120.230.197 - - [22/Mar/2018:12:13:58 -0300] "GET /cormun/servlet/trautorizarpermisogoce? HTTP/1.1" 200 9680
200.120.230.197 - - [22/Mar/2018:12:14:03 -0300] "POST /cormun/servlet/trautorizarpermisogoce?9c0fd4bafaf93586f28ce86cc3c91afc,,gx-no-cache=1521731603331 HTTP/1.1" 200 6671
200.86.95.220 - - [22/Mar/2018:12:14:04 -0300] "POST /cormun/servlet/solicitudot?gx-no-cache=1521731593673 HTTP/1.1" 200 30
200.86.95.220 - - [22/Mar/2018:12:14:04 -0300] "POST /cormun/servlet/solicitudot?f201f4777149a62f9a5e1b86ee820549,INS,0,0,,gx-no-cache=1521731593759 HTTP/1.1" 200 93
200.86.95.220 - - [22/Mar/2018:12:14:04 -0300] "GET /cormun/servlet/hpexe_return? HTTP/1.1" 200 1009
200.86.95.220 - - [22/Mar/2018:12:14:05 -0300] "GET /cormun/servlet/trsolicitudot HTTP/1.1" 200 9395
200.120.230.197 - - [22/Mar/2018:12:14:05 -0300] "POST /cormun/servlet/trautorizarpermisogoce?9c0fd4bafaf93586f28ce86cc3c91afc,,gx-no-cache=1521731605117 HTTP/1.1" 200 6468
200.120.230.197 - - [22/Mar/2018:12:14:06 -0300] "POST /cormun/servlet/trautorizarpermisogoce?9c0fd4bafaf93586f28ce86cc3c91afc,,gx-no-cache=1521731606332 HTTP/1.1" 200 6262
200.86.95.220 - - [22/Mar/2018:12:14:07 -0300] "GET /cormun/servlet/trsolicitudot HTTP/1.1" 200 9391
200.120.230.197 - - [22/Mar/2018:12:14:07 -0300] "POST /cormun/servlet/trautorizarpermisogoce?9c0fd4bafaf93586f28ce86cc3c91afc,,gx-no-cache=1521731607346 HTTP/1.1" 200 6043
200.120.230.197 - - [22/Mar/2018:12:14:08 -0300] "POST /cormun/servlet/trautorizarpermisogoce?9c0fd4bafaf93586f28ce86cc3c91afc,,gx-no-cache=1521731608417 HTTP/1.1" 200 5827
200.120.230.197 - - [22/Mar/2018:12:14:09 -0300] "POST /cormun/servlet/trautorizarpermisogoce?9c0fd4bafaf93586f28ce86cc3c91afc,,gx-no-cache=1521731609416 HTTP/1.1" 200 5592
200.120.230.197 - - [22/Mar/2018:12:14:10 -0300] "POST /cormun/servlet/trautorizarpermisogoce?9c0fd4bafaf93586f28ce86cc3c91afc,,gx-no-cache=1521731610384 HTTP/1.1" 200 5376
200.120.230.197 - - [22/Mar/2018:12:14:11 -0300] "POST /cormun/servlet/trautorizarpermisogoce?9c0fd4bafaf93586f28ce86cc3c91afc,,gx-no-cache=1521731611327 HTTP/1.1" 200 5104
200.120.230.197 - - [22/Mar/2018:12:14:12 -0300] "POST /cormun/servlet/trautorizarpermisogoce?9c0fd4bafaf93586f28ce86cc3c91afc,,gx-no-cache=1521731612401 HTTP/1.1" 200 4346
200.86.95.220 - - [22/Mar/2018:12:14:23 -0300] "POST /cormun/servlet/trsolicitudot?f201f4777149a62f9a5e1b86ee820549,gx-no-cache=1521731612863 HTTP/1.1" 200 6127
200.86.95.220 - - [22/Mar/2018:12:14:23 -0300] "GET /cormun/static/Shared/jqueryui/images/ui-bg_highlight-soft_100_c6c2c8_1x100.png HTTP/1.1" 404 1117
200.86.95.220 - - [22/Mar/2018:12:14:23 -0300] "GET /cormun/static/Shared/jqueryui/images/ui-icons_82798d_256x240.png HTTP/1.1" 404 1089
200.86.95.220 - - [22/Mar/2018:12:14:23 -0300] "GET /cormun/static/Shared/jqueryui/images/ui-bg_flat_55_fafafa_40x100.png HTTP/1.1" 404 1097
200.86.95.220 - - [22/Mar/2018:12:14:24 -0300] "GET /cormun/static/Shared/jqueryui/images/ui-icons_8d78a5_256x240.png HTTP/1.1" 404 1089
200.86.95.220 - - [22/Mar/2018:12:14:24 -0300] "POST /cormun/servlet/trsolicitudot?f201f4777149a62f9a5e1b86ee820549,gx-no-cache=1521731613352 HTTP/1.1" 200 6069
186.103.159.46 - - [22/Mar/2018:12:14:26 -0300] "GET /cormun/servlet/licenciaspermisos?22999e99163a6fb7af3adf2819cd47f2ec872a7d8d5d353ec3b463d81a937699f2439319d343f243a2ccaefc07b18961d7831914889259938c71c3018cdd64e9b25b63ac2e5ff56ae840aab887bb7995f74ec6df143720e56b14c4efd2a67ef713a0accaac50544965f638a151e5ccf90c7c792f2608a3670644f6e818fc44cbee6a4fdff5ad7d9e8761f1c3269d5d6d0a717584b809a8eddef78b4b9374bd51192a040091521aac44f2483c18b573ef24c2bdf0377bc97b9b7d23b859173836bfcc321898b49c0a5870ae54eaaf4ee682301f09b4f6d915bdd43769a98195d1,gx-no-cache=1521731615401 HTTP/1.1" 200 30
186.103.159.46 - - [22/Mar/2018:12:14:26 -0300] "POST /cormun/servlet/licenciaspermisos?c6c2f52459057b75d61ce40054e2c88e,INS,0,,,,gx-no-cache=1521731615503 HTTP/1.1" 200 4737
200.86.95.220 - - [22/Mar/2018:12:14:34 -0300] "GET /cormun/servlet/hlogin HTTP/1.1" 200 1724
200.86.95.220 - - [22/Mar/2018:12:14:43 -0300] "POST /cormun/servlet/hlogin?f201f4777149a62f9a5e1b86ee820549,gx-no-cache=1521731633182 HTTP/1.1" 200 90
200.86.95.220 - - [22/Mar/2018:12:14:44 -0300] "GET /cormun/servlet/hpexe_link HTTP/1.1" 200 954
200.86.95.220 - - [22/Mar/2018:12:14:44 -0300] "GET /cormun/servlet/hhome HTTP/1.1" 200 4123
200.86.95.220 - - [22/Mar/2018:12:14:46 -0300] "GET /cormun/servlet/hhome HTTP/1.1" 200 4119
200.86.95.220 - - [22/Mar/2018:12:14:49 -0300] "GET /cormun/servlet/trautorizarsolicitud? HTTP/1.1" 200 8566
200.86.95.220 - - [22/Mar/2018:12:14:51 -0300] "GET /cormun/servlet/trautorizarsolicitud? HTTP/1.1" 200 8564
200.86.95.220 - - [22/Mar/2018:12:14:56 -0300] "POST /cormun/servlet/trautorizarsolicitud?f201f4777149a62f9a5e1b86ee820549,,gx-no-cache=1521731645185 HTTP/1.1" 200 4601
200.86.95.220 - - [22/Mar/2018:12:14:56 -0300] "GET /cormun/static/Shared/jqueryui/images/ui-bg_highlight-soft_100_c6c2c8_1x100.png HTTP/1.1" 404 1117
200.86.95.220 - - [22/Mar/2018:12:14:56 -0300] "GET /cormun/static/Shared/jqueryui/images/ui-icons_82798d_256x240.png HTTP/1.1" 404 1089
200.86.95.220 - - [22/Mar/2018:12:14:56 -0300] "GET /cormun/static/Shared/jqueryui/images/ui-bg_flat_55_fafafa_40x100.png HTTP/1.1" 404 1097
200.86.95.220 - - [22/Mar/2018:12:14:56 -0300] "GET /cormun/static/Shared/jqueryui/images/ui-icons_8d78a5_256x240.png HTTP/1.1" 404 1089
200.86.95.220 - - [22/Mar/2018:12:14:56 -0300] "POST /cormun/servlet/trautorizarsolicitud?f201f4777149a62f9a5e1b86ee820549,,gx-no-cache=1521731645717 HTTP/1.1" 200 4383
200.120.230.197 - - [22/Mar/2018:12:15:06 -0300] "GET /cormun/servlet/hlogin HTTP/1.1" 200 1744
190.100.93.40 - - [22/Mar/2018:12:15:55 -0300] "GET /cormun/servlet/hlogin HTTP/1.1" 200 1721
190.100.93.40 - - [22/Mar/2018:12:17:34 -0300] "POST /cormun/servlet/hlogin?0e968a57b5c38f6019f7a666f30807bd,gx-no-cache=1521731806943 HTTP/1.1" 200 431
186.103.157.235 - - [22/Mar/2018:12:17:39 -0300] "GET /cormun/servlet/hlogin HTTP/1.1" 200 1723
190.100.93.40 - - [22/Mar/2018:12:17:39 -0300] "POST /cormun/servlet/hlogin?0e968a57b5c38f6019f7a666f30807bd,gx-no-cache=1521731811951 HTTP/1.1" 200 90
190.100.93.40 - - [22/Mar/2018:12:17:39 -0300] "GET /cormun/servlet/hpexe_link HTTP/1.1" 200 953
190.100.93.40 - - [22/Mar/2018:12:17:39 -0300] "GET /cormun/servlet/hhome HTTP/1.1" 200 4340
190.100.93.40 - - [22/Mar/2018:12:17:40 -0300] "GET /cormun/servlet/hhome HTTP/1.1" 200 4337
186.103.157.235 - - [22/Mar/2018:12:17:42 -0300] "GET /cormun/servlet/hlogin HTTP/1.1" 200 1723
186.103.157.235 - - [22/Mar/2018:12:17:42 -0300] "GET /cormun/servlet/hlogin HTTP/1.1" 200 1733
186.103.157.235 - - [22/Mar/2018:12:18:02 -0300] "POST /cormun/servlet/hlogin?52a7d3c5efb126fe5cbf7ca1b5dd3cc4,gx-no-cache=1521731830946 HTTP/1.1" 200 90
186.103.157.235 - - [22/Mar/2018:12:18:02 -0300] "GET /cormun/servlet/hpexe_link HTTP/1.1" 200 952
186.103.157.235 - - [22/Mar/2018:12:18:02 -0300] "GET /cormun/servlet/hhome HTTP/1.1" 200 4227
186.103.157.235 - - [22/Mar/2018:12:18:03 -0300] "GET /cormun/servlet/hhome HTTP/1.1" 200 4223
186.103.157.235 - - [22/Mar/2018:12:18:13 -0300] "GET /cormun/servlet/trlicencias? HTTP/1.1" 200 10062
186.103.157.235 - - [22/Mar/2018:12:18:14 -0300] "GET /cormun/servlet/trlicencias? HTTP/1.1" 200 10062
186.103.157.235 - - [22/Mar/2018:12:18:20 -0300] "GET /cormun/servlet/licenciaspermisos?INS,0,,, HTTP/1.1" 200 7757
186.103.157.235 - - [22/Mar/2018:12:18:20 -0300] "GET /cormun/static/gxcfg.js?201762917281167 HTTP/1.1" 200 953
186.103.157.235 - - [22/Mar/2018:12:18:20 -0300] "GET /cormun/servlet/licenciaspermisos?INS,0,,, HTTP/1.1" 200 7765
186.103.157.235 - - [22/Mar/2018:12:18:30 -0300] "GET /cormun/servlet/licenciaspermisos?eeea226d0a54f3d51e416cc8ba2015f146acd7d1422c76eac9e975aa5d216a9f737b3ca745c062688584be42ddd22d53,gx-no-cache=1521731859723 HTTP/1.1" 200 96
186.103.157.235 - - [22/Mar/2018:12:18:31 -0300] "POST /cormun/servlet/licenciaspermisos?52a7d3c5efb126fe5cbf7ca1b5dd3cc4,INS,0,,,,gx-no-cache=1521731859789 HTTP/1.1" 200 4887
186.103.157.235 - - [22/Mar/2018:12:18:48 -0300] "GET /cormun/static/menuarrow.gif HTTP/1.1" 404 1015
186.103.157.235 - - [22/Mar/2018:12:20:03 -0300] "GET /cormun/servlet/licenciaspermisos?eeea226d0a54f3d51e416cc8ba2015f1e44e0e47ac6565bf00ac4a1a1f792b01047b0c640e5960ad4260d3c1d2d36e3355750c8649b78faa26eca1275f8896f7232bba6b7da8ff7efe4889ddacd616df43f040a096cd5aa31359db616d0b9022ed4af9907d435af06aba3da0dbba2b7d148fc1a9951efbfe5bde7a57fbb647a3cd4339e8675e4ebf714a53d88644047b534d827476686b5d66999aab3f3c881dd949f6e0803e38a9a1f8735c028b3a66,gx-no-cache=1521731952223 HTTP/1.1" 200 30
186.103.157.235 - - [22/Mar/2018:12:20:03 -0300] "GET /cormun/servlet/licenciaspermisos?eeea226d0a54f3d51e416cc8ba2015f1672388edbc4529246877090f257b510b7d9e5d7f5f2a82f77b51191156125f26bca1fedc33220f4aebdfe1333c392942ecf571737aa86088a513809403c32c6790d7f44a2e17148eaecc59a7fdd2199010e1067729d2802fa1f8112aaa722a22dd2b33a71015bce4b0ba8821915e2dfbba5fa1db5754ace682dfad263fcd5155dc645daa44032847df8e989936ff826ac8b8ae64af760bac9c76dd70f50c77a7,gx-no-cache=1521731952261 HTTP/1.1" 200 29
186.103.157.235 - - [22/Mar/2018:12:20:03 -0300] "POST /cormun/servlet/licenciaspermisos?52a7d3c5efb126fe5cbf7ca1b5dd3cc4,INS,0,,,,gx-no-cache=1521731952290 HTTP/1.1" 200 93
186.103.157.235 - - [22/Mar/2018:12:20:03 -0300] "GET /cormun/servlet/hpexe_return? HTTP/1.1" 200 1015
186.103.157.235 - - [22/Mar/2018:12:20:03 -0300] "GET /cormun/servlet/trlicencias HTTP/1.1" 200 10484
186.103.157.235 - - [22/Mar/2018:12:20:04 -0300] "GET /cormun/servlet/trlicencias HTTP/1.1" 200 10479
186.103.157.235 - - [22/Mar/2018:12:20:07 -0300] "GET /cormun/servlet/trlicenciaspermisosadjuntos?7079614,20180322000000,L, HTTP/1.1" 200 6577
186.103.157.235 - - [22/Mar/2018:12:20:07 -0300] "GET /cormun/static/gxcfg.js?20177612163414 HTTP/1.1" 200 953
186.103.157.235 - - [22/Mar/2018:12:20:07 -0300] "GET /cormun/servlet/trlicenciaspermisosadjuntos?7079614,20180322000000,L, HTTP/1.1" 200 6578
186.103.157.235 - - [22/Mar/2018:12:20:13 -0300] "GET /cormun/servlet/licenciaspermisosadjuntos?INS,7079614,L,20180322000000,, HTTP/1.1" 200 5877
186.103.157.235 - - [22/Mar/2018:12:20:13 -0300] "GET /cormun/static/gxcfg.js?2017761263592 HTTP/1.1" 200 953
186.103.157.235 - - [22/Mar/2018:12:20:13 -0300] "GET /cormun/static/about:blank HTTP/1.1" 404 1011
186.103.157.235 - - [22/Mar/2018:12:20:13 -0300] "GET /cormun/servlet/licenciaspermisosadjuntos?INS,7079614,L,20180322000000,, HTTP/1.1" 200 5866
186.103.157.235 - - [22/Mar/2018:12:20:34 -0300] "POST /cormun/servlet/licenciaspermisosadjuntos?52a7d3c5efb126fe5cbf7ca1b5dd3cc4,INS,7079614,L,20180322000000,, HTTP/1.1" 200 116
186.103.157.235 - - [22/Mar/2018:12:20:34 -0300] "GET /cormun/servlet/hpexe_return? HTTP/1.1" 200 1045
186.103.157.235 - - [22/Mar/2018:12:20:35 -0300] "GET /cormun/servlet/trlicenciaspermisosadjuntos?7079614,20180322000000,L, HTTP/1.1" 200 7089
186.103.157.235 - - [22/Mar/2018:12:20:35 -0300] "GET /cormun/servlet/trlicenciaspermisosadjuntos?7079614,20180322000000,L, HTTP/1.1" 200 7087
186.103.157.235 - - [22/Mar/2018:12:21:21 -0300] "POST /cormun/servlet/trlicenciaspermisosadjuntos?52a7d3c5efb126fe5cbf7ca1b5dd3cc4,7079614,20180322000000,L,,gx-no-cache=1521732030651 HTTP/1.1" 200 90
186.103.157.235 - - [22/Mar/2018:12:21:21 -0300] "GET /cormun/servlet/hpexe_link HTTP/1.1" 200 986
186.103.157.235 - - [22/Mar/2018:12:21:22 -0300] "GET /cormun/servlet/trlicencias HTTP/1.1" 200 10481
186.103.157.235 - - [22/Mar/2018:12:21:22 -0300] "GET /cormun/servlet/trlicencias HTTP/1.1" 200 10479
186.103.159.182 - - [22/Mar/2018:12:21:28 -0300] "POST /cormun/servlet/hlogin?f32c5b8098681e82d27ee5c145328a66,gx-no-cache=1521732036885 HTTP/1.1" 200 90
186.103.159.182 - - [22/Mar/2018:12:21:28 -0300] "GET /cormun/servlet/hpexe_link HTTP/1.1" 200 952
186.103.159.182 - - [22/Mar/2018:12:21:29 -0300] "GET /cormun/servlet/trsolicitudot HTTP/1.1" 200 26069
186.103.159.182 - - [22/Mar/2018:12:21:31 -0300] "GET /cormun/servlet/trsolicitudot HTTP/1.1" 200 26067
186.103.157.235 - - [22/Mar/2018:12:21:33 -0300] "POST /cormun/servlet/trlicencias?52a7d3c5efb126fe5cbf7ca1b5dd3cc4,gx-no-cache=1521732042308 HTTP/1.1" 200 7758
186.103.157.235 - - [22/Mar/2018:12:21:33 -0300] "GET /cormun/static/Shared/jqueryui/images/ui-bg_highlight-soft_100_c6c2c8_1x100.png HTTP/1.1" 404 1117
186.103.157.235 - - [22/Mar/2018:12:21:33 -0300] "GET /cormun/static/Shared/jqueryui/images/ui-icons_82798d_256x240.png HTTP/1.1" 404 1089
186.103.157.235 - - [22/Mar/2018:12:21:33 -0300] "GET /cormun/static/Shared/jqueryui/images/ui-bg_flat_55_fafafa_40x100.png HTTP/1.1" 404 1097
186.103.157.235 - - [22/Mar/2018:12:21:33 -0300] "GET /cormun/static/Shared/jqueryui/images/ui-icons_8d78a5_256x240.png HTTP/1.1" 404 1089
186.103.159.182 - - [22/Mar/2018:12:21:36 -0300] "GET /cormun/servlet/trsolicitudot? HTTP/1.1" 200 26067
186.103.159.182 - - [22/Mar/2018:12:21:37 -0300] "GET /cormun/servlet/trsolicitudot? HTTP/1.1" 200 26067
186.103.159.182 - - [22/Mar/2018:12:21:45 -0300] "POST /cormun/servlet/trsolicitudot?f32c5b8098681e82d27ee5c145328a66,,gx-no-cache=1521732052578 HTTP/1.1" 200 4194
186.103.159.182 - - [22/Mar/2018:12:21:46 -0300] "GET /cormun/servlet/solicitudot?INS,0,0, HTTP/1.1" 200 13692
186.103.159.182 - - [22/Mar/2018:12:21:47 -0300] "GET /cormun/servlet/solicitudot?INS,0,0, HTTP/1.1" 200 13699
186.103.159.182 - - [22/Mar/2018:12:21:56 -0300] "GET /cormun/servlet/prfichaempleado?,MD,,gxPopupLevel%3D0%3B HTTP/1.1" 200 9425
186.103.159.182 - - [22/Mar/2018:12:22:08 -0300] "POST /cormun/servlet/prfichaempleado?f32c5b8098681e82d27ee5c145328a66,,MD,,gxPopupLevel%3D0%3B,gx-no-cache=1521732076661 HTTP/1.1" 200 3412
186.103.157.235 - - [22/Mar/2018:12:22:16 -0300] "GET /cormun/servlet/alicenciaprn?7079614,L,20180322000000,PU HTTP/1.1" 200 1540
186.103.159.182 - - [22/Mar/2018:12:22:27 -0300] "POST /cormun/servlet/prfichaempleado?f32c5b8098681e82d27ee5c145328a66,,MD,,gxPopupLevel%3D0%3B,gx-no-cache=1521732095596 HTTP/1.1" 200 3180
186.103.159.182 - - [22/Mar/2018:12:22:33 -0300] "POST /cormun/servlet/solicitudot?gx-no-cache=1521732101334 HTTP/1.1" 200 3284
186.103.159.182 - - [22/Mar/2018:12:22:33 -0300] "POST /cormun/servlet/solicitudot?f32c5b8098681e82d27ee5c145328a66,INS,0,0,,gx-no-cache=1521732101450 HTTP/1.1" 200 10431
186.103.159.182 - - [22/Mar/2018:12:22:38 -0300] "GET /cormun/servlet/solicitudot?1f4fc09295e0e9874eb4db067b7c95c25060cc6e1d02221761b18cc7292a931efa5f689ef0cfe6f648951ce5123b653f,gx-no-cache=1521732106407 HTTP/1.1" 200 30
186.103.159.46 - - [22/Mar/2018:12:22:59 -0300] "GET /cormun/servlet/prfichaempleado?,MD,,gxPopupLevel%3D0%3B HTTP/1.1" 200 9302
186.103.159.46 - - [22/Mar/2018:12:22:59 -0300] "GET /cormun/static/gxcfg.js?20177612134814 HTTP/1.1" 304 -
186.103.159.46 - - [22/Mar/2018:12:23:25 -0300] "POST /cormun/servlet/prfichaempleado?c6c2f52459057b75d61ce40054e2c88e,,MD,,gxPopupLevel%3D0%3B,gx-no-cache=1521732154058 HTTP/1.1" 200 6366
186.103.159.46 - - [22/Mar/2018:12:23:26 -0300] "GET /cormun/static/Resources/PXToolsGridFirst.gif HTTP/1.1" 200 379
186.103.159.46 - - [22/Mar/2018:12:23:26 -0300] "GET /cormun/static/Resources/PXToolsGridPrevious.gif HTTP/1.1" 200 369
186.103.159.46 - - [22/Mar/2018:12:23:26 -0300] "GET /cormun/static/Resources/PXToolsGridLast.gif HTTP/1.1" 200 370
186.103.159.46 - - [22/Mar/2018:12:23:26 -0300] "GET /cormun/static/Resources/PXToolsGridNext.gif HTTP/1.1" 200 369
186.103.157.246 - - [22/Mar/2018:12:24:07 -0300] "GET /cormun/servlet/hlogin HTTP/1.1" 200 1716
186.103.157.246 - - [22/Mar/2018:12:24:07 -0300] "GET /cormun/servlet/hlogin HTTP/1.1" 200 1716
186.103.159.46 - - [22/Mar/2018:12:24:14 -0300] "GET /cormun/servlet/licenciaspermisos?22999e99163a6fb7af3adf2819cd47f23e1ab0a6e26a6c6953abb318f41db278a3617b59bddbe6c12878330d2284a3fad6751e5803c1b55d92cca974318724b7a3a30eb3c657f29d42822ed95efc4fe22cd2b77d8aa3bbdee1cd8f57390d4e54dba32822fccbb8a796a1d60666edc734471bd1b860f2ae7aa622e9730e7578fbb6cd911d66abae266aae560d695fc714dad6e8562bbb6cd93ea84a5d2776e3754e122a74246b6fbdfd418228c4979376c52f6b7600079ec879e16218030467bb829d2fe3a3defd03ee111bf05df70f12dc4829ecc8af153170a84e164005599e49b8bff9e82aa314f6cd7b7af68d7cf7,gx-no-cache=1521732202830 HTTP/1.1" 200 29
186.103.159.182 - - [22/Mar/2018:12:24:16 -0300] "GET /cormun/servlet/solicitudot?1f4fc09295e0e9874eb4db067b7c95c2474a52905a8f741c929ce415506d5bd0ac8a41ec92927b172142055c507c263ffa5f689ef0cfe6f648951ce5123b653f,gx-no-cache=1521732204481 HTTP/1.1" 200 30
186.103.159.182 - - [22/Mar/2018:12:24:18 -0300] "GET /cormun/servlet/prbanco?,MD,,gxPopupLevel%3D0%3B HTTP/1.1" 200 6708
186.103.159.46 - - [22/Mar/2018:12:24:22 -0300] "GET /cormun/servlet/prfichaempleado?,MD,,gxPopupLevel%3D0%3B HTTP/1.1" 200 9302
192.168.10.96 - - [22/Mar/2018:12:24:25 -0300] "GET /cormun/servlet/hlogin HTTP/1.1" 200 1715
186.103.159.182 - - [22/Mar/2018:12:24:26 -0300] "GET /cormun/servlet/solicitudot?1f4fc09295e0e9874eb4db067b7c95c2a37295ea3f01e3835e460479cce4ed91,gx-no-cache=1521732214181 HTTP/1.1" 200 53
192.168.10.96 - - [22/Mar/2018:12:24:26 -0300] "GET /cormun/servlet/hlogin HTTP/1.1" 200 1715
192.168.10.96 - - [22/Mar/2018:12:24:32 -0300] "POST /cormun/servlet/hlogin?6ed6d5d954c8851e2a59b2fe0f74433b,gx-no-cache=1521732106027 HTTP/1.1" 200 90
192.168.10.96 - - [22/Mar/2018:12:24:32 -0300] "GET /cormun/servlet/hpexe_link HTTP/1.1" 200 945
192.168.10.96 - - [22/Mar/2018:12:24:33 -0300] "GET /cormun/servlet/hhome HTTP/1.1" 200 4697
192.168.10.96 - - [22/Mar/2018:12:24:34 -0300] "GET /cormun/servlet/hhome HTTP/1.1" 200 4694
186.103.157.246 - - [22/Mar/2018:12:24:34 -0300] "POST /cormun/servlet/hlogin?2f617f553be707dcc740f8adbbacad32,gx-no-cache=1521732224982 HTTP/1.1" 200 90
186.103.157.246 - - [22/Mar/2018:12:24:34 -0300] "GET /cormun/servlet/hpexe_link HTTP/1.1" 200 947
186.103.157.246 - - [22/Mar/2018:12:24:34 -0300] "GET /cormun/servlet/hhome HTTP/1.1" 200 4123
186.103.157.246 - - [22/Mar/2018:12:24:35 -0300] "GET /cormun/servlet/hhome HTTP/1.1" 200 4119
192.168.10.96 - - [22/Mar/2018:12:24:38 -0300] "GET /cormun/servlet/trsolicitudgral? HTTP/1.1" 200 28180
192.168.10.96 - - [22/Mar/2018:12:24:39 -0300] "GET /cormun/servlet/trsolicitudgral? HTTP/1.1" 200 28178
186.103.159.46 - - [22/Mar/2018:12:24:42 -0300] "POST /cormun/servlet/licenciaspermisos?c6c2f52459057b75d61ce40054e2c88e,INS,0,,,,gx-no-cache=1521732231243 HTTP/1.1" 200 4854
186.103.159.182 - - [22/Mar/2018:12:24:52 -0300] "POST /cormun/servlet/solicitudot?gx-no-cache=1521732240423 HTTP/1.1" 200 297
186.103.159.182 - - [22/Mar/2018:12:24:54 -0300] "GET /cormun/servlet/solicitudot?1f4fc09295e0e9874eb4db067b7c95c276531f71f70debad66858558bb0c60c9327fe41c6577407e88c064957763a7d9058a7ea0101327039eb631a74a281d1d24088518eb6a7d0f8a78ea63e46ae7fc6dd6a16891b9c8b78e2b3bb0d2798bf63716b37d294ecb9171f6c06a7000bbe1f0c7dc5555bd8c2070b82d4e842abb8dbe9ebf0f0ebb2102807b49e21d362c5ca4466fddb8613189a160fd2567bdcf3e373c0a37083dea88999b7a4928090c7d8aabac9fad5045c986b4d778dd56d7a73eaa6eb89c062bcfc05331285abc5694a44416290af591c46297910bae8231b673628c7e61e08ef4df0a56f3065241a635f7815a5ead1423fd046f50b3fa85f85094a8644babaa6d1e4d259bd4b2f08502822a75e4c19ad5542edf07ac6254d6b079f72908381e8f2b8bcecc977661c1eddcd64badce3299e84f01068455ddf8e7e711d1b155ae434d7cc92ccad26a55b687c457c5c1e9441d13d1a422c63fe3055def2d7641fb255bb12b42df7e8a3d2834343437f833656e1f042944696ef1db15cd5261ae76167bd2196a4fd16b13,gx-no-cache=1521732242011 HTTP/1.1" 200 30
186.103.159.182 - - [22/Mar/2018:12:24:56 -0300] "POST /cormun/servlet/solicitudot?gx-no-cache=1521732244264 HTTP/1.1" 200 30
186.103.159.182 - - [22/Mar/2018:12:24:58 -0300] "POST /cormun/servlet/solicitudot?gx-no-cache=1521732246404 HTTP/1.1" 200 1333
186.103.159.182 - - [22/Mar/2018:12:24:58 -0300] "POST /cormun/servlet/solicitudot?gx-no-cache=1521732246488 HTTP/1.1" 200 38
186.103.159.46 - - [22/Mar/2018:12:25:05 -0300] "GET /cormun/servlet/licenciaspermisos?22999e99163a6fb7af3adf2819cd47f2ec872a7d8d5d353ec3b463d81a937699f2439319d343f243a2ccaefc07b18961d7831914889259938c71c3018cdd64e9b25b63ac2e5ff56ae840aab887bb7995f74ec6df143720e56b14c4efd2a67ef713a0accaac50544965f638a151e5ccf90c7c792f2608a3670644f6e818fc44cbee6a4fdff5ad7d9e8761f1c3269d5d6d0a717584b809a8eddef78b4b9374bd51192a040091521aac44f2483c18b573ef24c2bdf0377bc97b9b7d23b859173836bfcc321898b49c0a5870ae54eaaf4ee682301f09b4f6d915bdd43769a98195d1,gx-no-cache=1521732253972 HTTP/1.1" 200 30
186.103.159.46 - - [22/Mar/2018:12:25:05 -0300] "GET /cormun/servlet/licenciaspermisos?22999e99163a6fb7af3adf2819cd47f23e1ab0a6e26a6c6953abb318f41db278a3617b59bddbe6c12878330d2284a3fad6751e5803c1b55d92cca974318724b7a3a30eb3c657f29d42822ed95efc4fe22cd2b77d8aa3bbdee1cd8f57390d4e54dba32822fccbb8a796a1d60666edc734471bd1b860f2ae7aa622e9730e7578fbb6cd911d66abae266aae560d695fc714dad6e8562bbb6cd93ea84a5d2776e3754e122a74246b6fbdfd418228c4979376c52f6b7600079ec879e16218030467bb829d2fe3a3defd03ee111bf05df70f12dc4829ecc8af153170a84e164005599e49b8bff9e82aa314f6cd7b7af68d7cf7,gx-no-cache=1521732254123 HTTP/1.1" 200 29
186.103.159.46 - - [22/Mar/2018:12:25:06 -0300] "POST /cormun/servlet/licenciaspermisos?c6c2f52459057b75d61ce40054e2c88e,INS,0,,,,gx-no-cache=1521732254480 HTTP/1.1" 200 93
186.103.159.46 - - [22/Mar/2018:12:25:06 -0300] "GET /cormun/servlet/hpexe_return? HTTP/1.1" 200 1005
186.103.159.46 - - [22/Mar/2018:12:25:06 -0300] "GET /cormun/static/gxcfg.js?2016101716175148 HTTP/1.1" 304 -
186.103.159.46 - - [22/Mar/2018:12:25:06 -0300] "GET /cormun/servlet/trlicencias? HTTP/1.1" 200 8093
186.103.159.46 - - [22/Mar/2018:12:25:08 -0300] "GET /cormun/servlet/trlicencias? HTTP/1.1" 200 8089
186.103.157.246 - - [22/Mar/2018:12:25:13 -0300] "GET /cormun/servlet/trlicencias? HTTP/1.1" 200 9881
186.103.157.246 - - [22/Mar/2018:12:25:15 -0300] "GET /cormun/servlet/trlicencias? HTTP/1.1" 200 9879
186.103.159.46 - - [22/Mar/2018:12:25:22 -0300] "GET /cormun/servlet/trlicenciaspermisosadjuntos?11142601,20180322000000,L, HTTP/1.1" 200 6294
186.103.159.46 - - [22/Mar/2018:12:25:22 -0300] "GET /cormun/static/gxcfg.js?20177612163414 HTTP/1.1" 304 -
186.103.159.46 - - [22/Mar/2018:12:25:23 -0300] "GET /cormun/servlet/trlicenciaspermisosadjuntos?11142601,20180322000000,L, HTTP/1.1" 200 6295
186.103.159.46 - - [22/Mar/2018:12:25:29 -0300] "GET /cormun/servlet/licenciaspermisosadjuntos?INS,11142601,L,20180322000000,, HTTP/1.1" 200 5593
186.103.159.46 - - [22/Mar/2018:12:25:29 -0300] "GET /cormun/static/gxcfg.js?2017761263592 HTTP/1.1" 304 -
186.103.159.46 - - [22/Mar/2018:12:25:29 -0300] "GET /cormun/static/about:blank HTTP/1.1" 404 1011
186.103.159.46 - - [22/Mar/2018:12:25:30 -0300] "GET /cormun/servlet/licenciaspermisosadjuntos?INS,11142601,L,20180322000000,, HTTP/1.1" 200 5583
186.103.159.182 - - [22/Mar/2018:12:25:37 -0300] "GET /cormun/servlet/solicitudot?1f4fc09295e0e9874eb4db067b7c95c2453c1e865fd645b6f69e90c4617fcc4b8436ec4ad508bbae7cb951ffd0cb13e4ae4098c0010eaf7af55482726c974cce6ff43b0aa7760bdc7e382601a80f505bbad7de350c7caa308b38ff5814d4c53340cc9dd03e8d72d739105ff516335ecc,gx-no-cache=1521732285316 HTTP/1.1" 200 29
186.103.159.182 - - [22/Mar/2018:12:25:37 -0300] "POST /cormun/servlet/solicitudot?gx-no-cache=1521732285366 HTTP/1.1" 200 1319
186.103.159.182 - - [22/Mar/2018:12:25:37 -0300] "POST /cormun/servlet/solicitudot?gx-no-cache=1521732285421 HTTP/1.1" 200 1215
186.103.157.246 - - [22/Mar/2018:12:25:40 -0300] "GET /cormun/servlet/licenciaspermisos?INS,0,,, HTTP/1.1" 200 7659
186.103.157.246 - - [22/Mar/2018:12:25:41 -0300] "GET /cormun/servlet/licenciaspermisos?INS,0,,, HTTP/1.1" 200 7667
186.103.159.182 - - [22/Mar/2018:12:25:49 -0300] "GET /cormun/static/menuarrow.gif HTTP/1.1" 404 1015
186.103.159.46 - - [22/Mar/2018:12:25:50 -0300] "POST /cormun/servlet/licenciaspermisosadjuntos?c6c2f52459057b75d61ce40054e2c88e,INS,11142601,L,20180322000000,, HTTP/1.1" 200 116
186.103.159.46 - - [22/Mar/2018:12:25:50 -0300] "GET /cormun/servlet/hpexe_return? HTTP/1.1" 200 1034
186.103.159.46 - - [22/Mar/2018:12:25:50 -0300] "GET /cormun/servlet/trlicenciaspermisosadjuntos?11142601,20180322000000,L, HTTP/1.1" 200 6788
186.103.159.46 - - [22/Mar/2018:12:25:52 -0300] "GET /cormun/servlet/trlicenciaspermisosadjuntos?11142601,20180322000000,L, HTTP/1.1" 200 6785
186.103.159.182 - - [22/Mar/2018:12:25:53 -0300] "GET /cormun/servlet/solicitudot?1f4fc09295e0e9874eb4db067b7c95c2b1ec24eab3d4c50f80d0e08f0dc54afb05105192c3d77855e1a3f1a5627f1f03,gx-no-cache=1521732301534 HTTP/1.1" 200 30
186.103.159.182 - - [22/Mar/2018:12:25:59 -0300] "POST /cormun/servlet/solicitudot?gx-no-cache=1521732307748 HTTP/1.1" 200 30
186.103.157.246 - - [22/Mar/2018:12:26:04 -0300] "POST /cormun/servlet/licenciaspermisos?2f617f553be707dcc740f8adbbacad32,INS,0,,,,gx-no-cache=1521732314634 HTTP/1.1" 200 5102
186.103.157.246 - - [22/Mar/2018:12:26:04 -0300] "GET /cormun/static/Shared/jqueryui/images/ui-bg_highlight-soft_100_c6c2c8_1x100.png HTTP/1.1" 404 1117
186.103.157.246 - - [22/Mar/2018:12:26:04 -0300] "GET /cormun/static/Shared/jqueryui/images/ui-icons_82798d_256x240.png HTTP/1.1" 404 1089
186.103.157.246 - - [22/Mar/2018:12:26:04 -0300] "GET /cormun/static/Shared/jqueryui/images/ui-bg_flat_55_994d53_40x100.png HTTP/1.1" 404 1097
186.103.157.246 - - [22/Mar/2018:12:26:04 -0300] "GET /cormun/static/Shared/jqueryui/images/ui-icons_ebccce_256x240.png HTTP/1.1" 404 1089
186.103.157.246 - - [22/Mar/2018:12:26:07 -0300] "GET /cormun/servlet/licenciaspermisos?3af6c729a9d0b9234df66025df9e571ad943d0625fb98d2a19d19b52cc2c864cb732406c2143e28011ce98af602929c4c009785544a311aa3f8c0fd301040a0b7445e34642e29c92bd303fe28242446d479a6b7f4d9c67069c77b275d18810177445e34642e29c92bd303fe28242446d8da0a1d18eb850ae0fe02fa1a47b0109bdee3f130aeb44c22c83e0557f9d43885afead194c1fdd5862aaaa86d315cde98108d3ae4b900e5ccb4bae3b51f3fdb04b6605ddb82e2a31a3b0367031330ba8989aad237676b00f20864597a61b8afe,gx-no-cache=1521732317809 HTTP/1.1" 200 93
186.103.157.246 - - [22/Mar/2018:12:26:07 -0300] "POST /cormun/servlet/licenciaspermisos?2f617f553be707dcc740f8adbbacad32,INS,0,,,,gx-no-cache=1521732317980 HTTP/1.1" 200 4885
186.103.157.246 - - [22/Mar/2018:12:26:32 -0300] "GET /cormun/static/menuarrow.gif HTTP/1.1" 404 1015
186.103.159.182 - - [22/Mar/2018:12:26:33 -0300] "GET /cormun/servlet/solicitudot?1f4fc09295e0e9874eb4db067b7c95c276531f71f70debad66858558bb0c60c9327fe41c6577407e88c064957763a7d9058a7ea0101327039eb631a74a281d1d24088518eb6a7d0f8a78ea63e46ae7fc6dd6a16891b9c8b78e2b3bb0d2798bf63716b37d294ecb9171f6c06a7000bbe1f0c7dc5555bd8c2070b82d4e842abb8dbe9ebf0f0ebb2102807b49e21d362c5ca4466fddb8613189a160fd2567bdcf3e373c0a37083dea88999b7a4928090c7d8aabac9fad5045c986b4d778dd56d7a73eaa6eb89c062bcfc05331285abc5694a44416290af591c46297910bae8231b673628c7e61e08ef4df0a56f3065241a635f7815a5ead1423fd046f50b3fa85f85094a8644babaa6d1e4d259bd4b2f08502822a75e4c19ad5542edf07ac6254d6b079f72908381e8f2b8bcecc977661c1eddcd64badce3299e84f01068455ddf8e7e711d1b155ae434d7cc92ccad26a55b687c457c5c1e9441d13d1a422c63fe3055def2d7641fb255bb12b42df7e8a3d30cdcecdbbfcff4c47f50ae313abd980db15cd5261ae76167bd2196a4fd16b13,gx-no-cache=1521732340830 HTTP/1.1" 200 30
186.103.159.182 - - [22/Mar/2018:12:26:33 -0300] "POST /cormun/servlet/solicitudot?gx-no-cache=1521732341530 HTTP/1.1" 200 30
186.103.159.46 - - [22/Mar/2018:12:26:33 -0300] "GET /cormun/servlet/licenciaspermisosadjuntos?INS,11142601,L,20180322000000,, HTTP/1.1" 200 5593
186.103.159.182 - - [22/Mar/2018:12:26:33 -0300] "POST /cormun/servlet/solicitudot?gx-no-cache=1521732341622 HTTP/1.1" 200 1334
186.103.159.46 - - [22/Mar/2018:12:26:33 -0300] "GET /cormun/static/about:blank HTTP/1.1" 404 1011
186.103.159.182 - - [22/Mar/2018:12:26:34 -0300] "POST /cormun/servlet/solicitudot?gx-no-cache=1521732341879 HTTP/1.1" 200 41
186.103.159.182 - - [22/Mar/2018:12:26:34 -0300] "POST /cormun/servlet/solicitudot?gx-no-cache=1521732342627 HTTP/1.1" 200 1319
186.103.159.182 - - [22/Mar/2018:12:26:34 -0300] "POST /cormun/servlet/solicitudot?gx-no-cache=1521732342925 HTTP/1.1" 200 1218
186.103.159.182 - - [22/Mar/2018:12:26:35 -0300] "GET /cormun/servlet/solicitudot?1f4fc09295e0e9874eb4db067b7c95c2b1ec24eab3d4c50f80d0e08f0dc54afb05105192c3d77855e1a3f1a5627f1f03,gx-no-cache=1521732343180 HTTP/1.1" 200 30
186.103.159.182 - - [22/Mar/2018:12:26:35 -0300] "POST /cormun/servlet/solicitudot?gx-no-cache=1521732343248 HTTP/1.1" 200 30
186.103.159.46 - - [22/Mar/2018:12:26:35 -0300] "GET /cormun/servlet/licenciaspermisosadjuntos?INS,11142601,L,20180322000000,, HTTP/1.1" 200 5583
186.103.159.182 - - [22/Mar/2018:12:26:36 -0300] "POST /cormun/servlet/solicitudot?f32c5b8098681e82d27ee5c145328a66,INS,0,0,,gx-no-cache=1521732343326 HTTP/1.1" 200 93
186.103.159.182 - - [22/Mar/2018:12:26:37 -0300] "GET /cormun/servlet/hpexe_return? HTTP/1.1" 200 1002
186.103.159.182 - - [22/Mar/2018:12:26:37 -0300] "GET /cormun/servlet/trsolicitudot? HTTP/1.1" 200 8712
186.103.159.182 - - [22/Mar/2018:12:26:37 -0300] "GET /cormun/servlet/trsolicitudot? HTTP/1.1" 200 8708
186.103.159.46 - - [22/Mar/2018:12:26:41 -0300] "POST /cormun/servlet/licenciaspermisosadjuntos?c6c2f52459057b75d61ce40054e2c88e,INS,11142601,L,20180322000000,,,gx-no-cache=1521732350516 HTTP/1.1" 200 93
186.103.159.46 - - [22/Mar/2018:12:26:41 -0300] "GET /cormun/servlet/hpexe_return? HTTP/1.1" 200 1034
186.103.159.46 - - [22/Mar/2018:12:26:42 -0300] "GET /cormun/servlet/trlicenciaspermisosadjuntos?11142601,20180322000000,L, HTTP/1.1" 200 6788
186.103.159.46 - - [22/Mar/2018:12:26:43 -0300] "GET /cormun/servlet/trlicenciaspermisosadjuntos?11142601,20180322000000,L, HTTP/1.1" 200 6785
186.103.159.46 - - [22/Mar/2018:12:26:59 -0300] "GET /cormun/servlet/trlicencias? HTTP/1.1" 200 8090
186.103.159.46 - - [22/Mar/2018:12:27:00 -0300] "GET /cormun/servlet/trlicencias? HTTP/1.1" 200 8089
186.103.159.46 - - [22/Mar/2018:12:27:08 -0300] "GET /cormun/servlet/alicenciaprn?11142601,L,20180322000000,PU HTTP/1.1" 200 1586
186.103.159.182 - - [22/Mar/2018:12:27:28 -0300] "POST /cormun/servlet/trsolicitudot?f32c5b8098681e82d27ee5c145328a66,,gx-no-cache=1521732396338 HTTP/1.1" 200 107
186.103.159.182 - - [22/Mar/2018:12:27:28 -0300] "GET /cormun/servlet/trsolicitudadjuntos?2018,10776, HTTP/1.1" 200 6349
186.103.159.182 - - [22/Mar/2018:12:27:29 -0300] "GET /cormun/servlet/trsolicitudadjuntos?2018,10776, HTTP/1.1" 200 6349
186.103.159.182 - - [22/Mar/2018:12:27:31 -0300] "GET /cormun/servlet/solicitudotadjuntos?INS,2018,10776,,1, HTTP/1.1" 200 6297
186.103.159.182 - - [22/Mar/2018:12:27:32 -0300] "GET /cormun/static/about:blank HTTP/1.1" 404 1011
186.103.159.182 - - [22/Mar/2018:12:27:32 -0300] "GET /cormun/servlet/solicitudotadjuntos?INS,2018,10776,,1, HTTP/1.1" 200 6290
186.103.159.182 - - [22/Mar/2018:12:27:32 -0300] "GET /cormun/servlet/solicitudotadjuntos?1f4fc09295e0e9874eb4db067b7c95c268d0e57319c269160d6bf4fde88711e9b6980b05645c14cebacd10222ae6bbef,gx-no-cache=1521732400881 HTTP/1.1" 200 30
186.103.159.182 - - [22/Mar/2018:12:27:32 -0300] "POST /cormun/servlet/solicitudotadjuntos?f32c5b8098681e82d27ee5c145328a66,INS,2018,10776,,1,,gx-no-cache=1521732400903 HTTP/1.1" 200 3979
186.103.159.204 - - [22/Mar/2018:12:27:42 -0300] "GET /cormun/servlet/hlogin HTTP/1.1" 200 1722
186.103.159.204 - - [22/Mar/2018:12:27:43 -0300] "GET /cormun/static/gxcfg.js?20175251213516 HTTP/1.1" 200 953
186.103.159.204 - - [22/Mar/2018:12:27:43 -0300] "GET /cormun/static/gxgral.js?85251 HTTP/1.1" 304 -
186.103.159.204 - - [22/Mar/2018:12:27:43 -0300] "GET /cormun/static/hlogin.js?20175251213537 HTTP/1.1" 304 -
186.103.159.204 - - [22/Mar/2018:12:27:43 -0300] "GET /cormun/static/Resources/Spanish/PXTools.css?11423723 HTTP/1.1" 200 89042
186.103.159.204 - - [22/Mar/2018:12:27:43 -0300] "GET /cormun/static/Resources/ComunLogin.png HTTP/1.1" 200 17326
186.103.159.204 - - [22/Mar/2018:12:27:43 -0300] "GET /cormun/static/Resources/indicator.gif HTTP/1.1" 200 1553
186.103.159.204 - - [22/Mar/2018:12:27:43 -0300] "GET /cormun/static/Resources/PXToolsLoginTop.png HTTP/1.1" 200 1337
186.103.159.204 - - [22/Mar/2018:12:27:43 -0300] "GET /cormun/static/Resources/PXToolsLoginBackground.png HTTP/1.1" 200 1164
186.103.159.204 - - [22/Mar/2018:12:27:43 -0300] "GET /cormun/static/Resources/PXToolsButtonLeft21.png HTTP/1.1" 200 1287
186.103.159.204 - - [22/Mar/2018:12:27:43 -0300] "GET /cormun/static/Resources/PXToolsButtonRight21.png HTTP/1.1" 200 1283
186.103.159.204 - - [22/Mar/2018:12:27:43 -0300] "GET /cormun/static/Resources/PXToolsButtonBackground2.png HTTP/1.1" 304 -
186.103.159.204 - - [22/Mar/2018:12:27:43 -0300] "GET /cormun/static/Resources/PXToolsLoginBottom.png HTTP/1.1" 304 -
186.103.159.204 - - [22/Mar/2018:12:27:44 -0300] "GET /favicon.ico HTTP/1.1" 304 -
186.103.159.182 - - [22/Mar/2018:12:27:45 -0300] "POST /cormun/servlet/solicitudotadjuntos?gx-no-cache=1521732413266 HTTP/1.1" 200 26
186.103.159.182 - - [22/Mar/2018:12:27:50 -0300] "GET /cormun/servlet/solicitudotadjuntos?1f4fc09295e0e9874eb4db067b7c95c279f34f70a7f429eb51b19070d6560dd8,gx-no-cache=1521732418579 HTTP/1.1" 200 30
186.103.159.182 - - [22/Mar/2018:12:27:50 -0300] "GET /cormun/servlet/solicitudotadjuntos?1f4fc09295e0e9874eb4db067b7c95c279f34f70a7f429eb51b19070d6560dd8,gx-no-cache=1521732418595 HTTP/1.1" 200 30
186.103.159.182 - - [22/Mar/2018:12:27:51 -0300] "POST /cormun/servlet/solicitudotadjuntos?f32c5b8098681e82d27ee5c145328a66,INS,2018,10776,,1, HTTP/1.1" 200 116
186.103.159.182 - - [22/Mar/2018:12:27:51 -0300] "GET /cormun/servlet/hpexe_return? HTTP/1.1" 200 1022
186.103.159.182 - - [22/Mar/2018:12:27:51 -0300] "GET /cormun/servlet/trsolicitudadjuntos?2018,10776, HTTP/1.1" 200 8787
