186.103.159.204 - - [22/Mar/2018:10:47:23 -0300] "GET /cormun/servlet/hlogin HTTP/1.1" 200 1740
192.168.10.97 - - [22/Mar/2018:10:47:25 -0300] "POST /cormun/servlet/trsolicitudgral?e511355a2ecdd5d058ab535c77c60534,,gx-no-cache=1521726278259 HTTP/1.1" 200 5913
192.168.10.97 - - [22/Mar/2018:10:47:32 -0300] "POST /cormun/servlet/trsolicitudgral?e511355a2ecdd5d058ab535c77c60534,,gx-no-cache=1521726285106 HTTP/1.1" 200 5912
186.103.159.204 - - [22/Mar/2018:10:47:34 -0300] "POST /cormun/servlet/hlogin?2974e81c43de60c6cbc85e12c43ed5d0,gx-no-cache=1521726403821 HTTP/1.1" 200 457
186.103.159.204 - - [22/Mar/2018:10:47:36 -0300] "POST /cormun/servlet/hlogin?2974e81c43de60c6cbc85e12c43ed5d0,gx-no-cache=1521726405894 HTTP/1.1" 200 455
192.168.10.97 - - [22/Mar/2018:10:47:39 -0300] "POST /cormun/servlet/trsolicitudgral?e511355a2ecdd5d058ab535c77c60534,,gx-no-cache=1521726291706 HTTP/1.1" 200 5910
186.103.159.204 - - [22/Mar/2018:10:47:41 -0300] "POST /cormun/servlet/hlogin?2974e81c43de60c6cbc85e12c43ed5d0,gx-no-cache=1521726411326 HTTP/1.1" 200 90
186.103.159.204 - - [22/Mar/2018:10:47:41 -0300] "GET /cormun/servlet/hpexe_link HTTP/1.1" 200 960
186.103.159.204 - - [22/Mar/2018:10:47:42 -0300] "GET /cormun/servlet/trcontratosolicitud HTTP/1.1" 200 13232
192.168.10.97 - - [22/Mar/2018:10:47:44 -0300] "POST /cormun/servlet/trsolicitudgral?e511355a2ecdd5d058ab535c77c60534,,gx-no-cache=1521726296946 HTTP/1.1" 200 5912
186.103.159.204 - - [22/Mar/2018:10:47:47 -0300] "GET /cormun/servlet/trcontratosolicitud? HTTP/1.1" 200 13237
192.168.10.97 - - [22/Mar/2018:10:47:49 -0300] "POST /cormun/servlet/trsolicitudgral?e511355a2ecdd5d058ab535c77c60534,,gx-no-cache=1521726302338 HTTP/1.1" 200 5911
186.103.159.204 - - [22/Mar/2018:10:47:52 -0300] "POST /cormun/servlet/trcontratosolicitud?2974e81c43de60c6cbc85e12c43ed5d0,,gx-no-cache=1521726421959 HTTP/1.1" 200 10776
192.168.10.97 - - [22/Mar/2018:10:48:00 -0300] "POST /cormun/servlet/trsolicitudgral?e511355a2ecdd5d058ab535c77c60534,,gx-no-cache=1521726313089 HTTP/1.1" 200 5912
192.168.10.97 - - [22/Mar/2018:10:48:09 -0300] "POST /cormun/servlet/trsolicitudgral?e511355a2ecdd5d058ab535c77c60534,,gx-no-cache=1521726321971 HTTP/1.1" 200 5911
192.168.10.97 - - [22/Mar/2018:10:48:17 -0300] "POST /cormun/servlet/trsolicitudgral?e511355a2ecdd5d058ab535c77c60534,,gx-no-cache=1521726329506 HTTP/1.1" 200 5911
192.168.10.97 - - [22/Mar/2018:10:48:24 -0300] "POST /cormun/servlet/trsolicitudgral?e511355a2ecdd5d058ab535c77c60534,,gx-no-cache=1521726337234 HTTP/1.1" 200 5911
192.168.10.97 - - [22/Mar/2018:10:48:31 -0300] "POST /cormun/servlet/trsolicitudgral?e511355a2ecdd5d058ab535c77c60534,,gx-no-cache=1521726344210 HTTP/1.1" 200 5913
192.168.10.97 - - [22/Mar/2018:10:48:39 -0300] "POST /cormun/servlet/trsolicitudgral?e511355a2ecdd5d058ab535c77c60534,,gx-no-cache=1521726351722 HTTP/1.1" 200 5911
186.103.159.204 - - [22/Mar/2018:10:48:46 -0300] "POST /cormun/servlet/trcontratosolicitud?2974e81c43de60c6cbc85e12c43ed5d0,,gx-no-cache=1521726475879 HTTP/1.1" 200 10721
186.103.159.204 - - [22/Mar/2018:10:48:56 -0300] "POST /cormun/servlet/trcontratosolicitud?2974e81c43de60c6cbc85e12c43ed5d0,,gx-no-cache=1521726485582 HTTP/1.1" 200 10771
186.103.159.204 - - [22/Mar/2018:10:49:44 -0300] "POST /cormun/servlet/trcontratosolicitud?2974e81c43de60c6cbc85e12c43ed5d0,,gx-no-cache=1521726533671 HTTP/1.1" 200 3874
186.103.159.204 - - [22/Mar/2018:10:49:59 -0300] "POST /cormun/servlet/trcontratosolicitud?2974e81c43de60c6cbc85e12c43ed5d0,,gx-no-cache=1521726548866 HTTP/1.1" 200 3881
186.103.159.204 - - [22/Mar/2018:10:50:00 -0300] "POST /cormun/servlet/trcontratosolicitud?2974e81c43de60c6cbc85e12c43ed5d0,,gx-no-cache=1521726550032 HTTP/1.1" 200 3880
186.103.159.204 - - [22/Mar/2018:10:50:00 -0300] "POST /cormun/servlet/trcontratosolicitud?2974e81c43de60c6cbc85e12c43ed5d0,,gx-no-cache=1521726550308 HTTP/1.1" 200 3881
186.103.159.204 - - [22/Mar/2018:10:50:05 -0300] "GET /cormun/servlet/trcontratosolicitud? HTTP/1.1" 200 6476
186.103.159.204 - - [22/Mar/2018:10:50:19 -0300] "POST /cormun/servlet/trcontratosolicitud?2974e81c43de60c6cbc85e12c43ed5d0,,gx-no-cache=1521726568290 HTTP/1.1" 200 10773
186.103.159.204 - - [22/Mar/2018:10:52:51 -0300] "GET /cormun/servlet/trsolicitudot? HTTP/1.1" 200 6396
186.103.159.204 - - [22/Mar/2018:10:52:52 -0300] "GET /cormun/servlet/hlogin HTTP/1.1" 200 1741
186.103.159.204 - - [22/Mar/2018:10:52:52 -0300] "GET /cormun/servlet/trsolicitudot? HTTP/1.1" 200 6396
186.103.159.204 - - [22/Mar/2018:10:53:04 -0300] "POST /cormun/servlet/hlogin?1b5309211002c8b2fb8bd57e0dec50d2,gx-no-cache=1521726728071 HTTP/1.1" 200 455
186.103.159.204 - - [22/Mar/2018:10:53:11 -0300] "POST /cormun/servlet/hlogin?1b5309211002c8b2fb8bd57e0dec50d2,gx-no-cache=1521726735028 HTTP/1.1" 200 455
186.103.159.204 - - [22/Mar/2018:10:53:24 -0300] "POST /cormun/servlet/hlogin?1b5309211002c8b2fb8bd57e0dec50d2,gx-no-cache=1521726747476 HTTP/1.1" 200 90
186.103.159.204 - - [22/Mar/2018:10:53:24 -0300] "GET /cormun/servlet/hpexe_link HTTP/1.1" 200 959
186.103.159.204 - - [22/Mar/2018:10:53:24 -0300] "GET /cormun/servlet/trsolicitudot HTTP/1.1" 200 6903
186.103.159.204 - - [22/Mar/2018:10:53:25 -0300] "GET /cormun/servlet/trsolicitudot HTTP/1.1" 200 6901
186.103.159.204 - - [22/Mar/2018:10:53:40 -0300] "POST /cormun/servlet/trsolicitudot?1b5309211002c8b2fb8bd57e0dec50d2,gx-no-cache=1521726763080 HTTP/1.1" 200 11954
186.103.156.166 - - [22/Mar/2018:10:53:49 -0300] "POST /cormun/servlet/hlogin?739a79827d3194db3c58ce055e29995c,gx-no-cache=1521730379077 HTTP/1.1" 200 90
186.103.156.166 - - [22/Mar/2018:10:53:50 -0300] "GET /cormun/servlet/hpexe_link HTTP/1.1" 200 963
186.103.156.166 - - [22/Mar/2018:10:53:50 -0300] "GET /cormun/servlet/trpermisosingoceautorizar HTTP/1.1" 200 6942
186.103.156.166 - - [22/Mar/2018:10:53:50 -0300] "GET /cormun/servlet/trpermisosingoceautorizar HTTP/1.1" 200 6940
186.103.156.166 - - [22/Mar/2018:10:53:54 -0300] "GET /cormun/servlet/trcontratosolicitud? HTTP/1.1" 200 8943
186.103.156.166 - - [22/Mar/2018:10:53:54 -0300] "GET /cormun/servlet/trcontratosolicitud? HTTP/1.1" 200 8944
186.103.159.204 - - [22/Mar/2018:10:53:59 -0300] "POST /cormun/servlet/trsolicitudot?1b5309211002c8b2fb8bd57e0dec50d2,gx-no-cache=1521726781860 HTTP/1.1" 200 11953
186.103.156.166 - - [22/Mar/2018:10:54:00 -0300] "POST /cormun/servlet/trcontratosolicitud?739a79827d3194db3c58ce055e29995c,,gx-no-cache=1521730389806 HTTP/1.1" 200 11850
186.103.156.166 - - [22/Mar/2018:10:55:07 -0300] "POST /cormun/servlet/trcontratosolicitud?739a79827d3194db3c58ce055e29995c,,gx-no-cache=1521730456164 HTTP/1.1" 200 4971
66.249.83.2 - - [22/Mar/2018:10:56:52 -0300] "GET /cormun/servlet/hlogin HTTP/1.1" 200 1719
66.249.83.7 - - [22/Mar/2018:10:56:52 -0300] "GET /cormun/servlet/hlogin?_escaped_fragment_= HTTP/1.1" 200 1711
66.249.83.2 - - [22/Mar/2018:10:56:53 -0300] "GET /favicon.ico HTTP/1.1" 200 21630
186.103.159.204 - - [22/Mar/2018:11:03:13 -0300] "GET /cormun/servlet/trsolicitudot? HTTP/1.1" 200 14800
186.103.159.204 - - [22/Mar/2018:11:03:14 -0300] "GET /cormun/servlet/trsolicitudot? HTTP/1.1" 200 14800
186.103.159.204 - - [22/Mar/2018:11:03:25 -0300] "POST /cormun/servlet/trsolicitudot?1b5309211002c8b2fb8bd57e0dec50d2,,gx-no-cache=1521727347919 HTTP/1.1" 200 4018
186.103.159.204 - - [22/Mar/2018:11:03:28 -0300] "GET /cormun/servlet/solicitudot?INS,0,0, HTTP/1.1" 200 13334
186.103.159.204 - - [22/Mar/2018:11:03:28 -0300] "GET /cormun/servlet/solicitudot?INS,0,0, HTTP/1.1" 200 13339
186.103.159.204 - - [22/Mar/2018:11:03:46 -0300] "POST /cormun/servlet/solicitudot?gx-no-cache=1521727369057 HTTP/1.1" 200 3393
186.103.159.204 - - [22/Mar/2018:11:03:46 -0300] "POST /cormun/servlet/solicitudot?1b5309211002c8b2fb8bd57e0dec50d2,INS,0,0,,gx-no-cache=1521727369186 HTTP/1.1" 200 10369
186.103.159.204 - - [22/Mar/2018:11:03:59 -0300] "GET /cormun/servlet/solicitudot?244226c80c05dcd5a6ebfd66c0d536eb962be5ac8f1c61315feb0f6588c8ef212ebf35c19b54e5e8ba406b028f028805,gx-no-cache=1521727382571 HTTP/1.1" 200 30
186.103.159.204 - - [22/Mar/2018:11:03:59 -0300] "GET /cormun/servlet/solicitudot?244226c80c05dcd5a6ebfd66c0d536eb8eeddda6f621616717bb59169ef71096532b6c2b15bd734321335c045dfe360ad047f267f3ce8bb3d302dba69b7a6c93,gx-no-cache=1521727382602 HTTP/1.1" 200 30
186.103.159.204 - - [22/Mar/2018:11:03:59 -0300] "GET /cormun/servlet/solicitudot?244226c80c05dcd5a6ebfd66c0d536ebaa6cdd4521e824a357c9915988b1353b,gx-no-cache=1521727382630 HTTP/1.1" 200 53
186.103.159.204 - - [22/Mar/2018:11:03:59 -0300] "POST /cormun/servlet/solicitudot?gx-no-cache=1521727382657 HTTP/1.1" 200 297
186.103.159.204 - - [22/Mar/2018:11:03:59 -0300] "GET /cormun/servlet/solicitudot?244226c80c05dcd5a6ebfd66c0d536eba4c966436e065b8ca81b33c2e3f33667abe7ffe00cedf974b4c0870abe57c2016940de32b62bc28af5a07f6f2c1f7f636ea84e5c003677cc88d331a048bea6f1d624794490e5c678f04ba21fd8cfc35cb5afbd87cc8f4f38d5d14d2559c712f38a85cc201903b6d49ae31b3a9abbf30eff0b57bacec94417410647092790bc4c3d3b164612c98a4fc769097f177573aba4054be765c91e92d62b9414dc44db8da703feb76e7106dd412715cff83b3aaa91c376f0a903f605ec82a6a433d57a530ee784a0a226f5e1a4c18558420289deafa56873a660a5815c3fede4a53125938fb502060d1da7ce09be0a64b81de4534db4d607bc55453b8a4e9b7c4bc1832e5113bcebb3a779bc8437b9dc0be8e648eaef32e74a6e3fe147e195b7c4a0d49937e1723ac62cfeb2eb9a38a5f022fdcd4101695590769ed85b9c53040e96453a3aab312353224c58873f768f6e3f521affb026f483c2e4ca1667c312b7aeb9f3a9908bb7532256dfe14c29b21fc4062ff5c70820fc30db29ee14963dad1518a6,gx-no-cache=1521727382692 HTTP/1.1" 200 30
186.103.159.204 - - [22/Mar/2018:11:04:15 -0300] "POST /cormun/servlet/solicitudot?gx-no-cache=1521727398897 HTTP/1.1" 200 30
186.103.159.204 - - [22/Mar/2018:11:04:20 -0300] "POST /cormun/servlet/solicitudot?gx-no-cache=1521727403357 HTTP/1.1" 200 1337
186.103.159.204 - - [22/Mar/2018:11:04:20 -0300] "POST /cormun/servlet/solicitudot?gx-no-cache=1521727403408 HTTP/1.1" 200 38
186.103.159.204 - - [22/Mar/2018:11:04:37 -0300] "GET /cormun/servlet/solicitudot?244226c80c05dcd5a6ebfd66c0d536eb1e9af63f0506efa0d1e2386007f2ff1ae24a2b5a380e7e81e32bd5a96d0b94dabf9a10021ee5640af6255a61e901de025838167530c3dc2d41de13db8a1c91913e8770c24eef6cf93677d8474f132fd078e95a6c3723835aa49d38a69aa1a505,gx-no-cache=1521727420176 HTTP/1.1" 200 29
186.103.159.204 - - [22/Mar/2018:11:04:37 -0300] "POST /cormun/servlet/solicitudot?gx-no-cache=1521727420205 HTTP/1.1" 200 1318
186.103.159.204 - - [22/Mar/2018:11:04:37 -0300] "POST /cormun/servlet/solicitudot?gx-no-cache=1521727420247 HTTP/1.1" 200 1218
186.103.157.246 - - [22/Mar/2018:11:06:23 -0300] "GET /cormun/servlet/trcontratosolicitud? HTTP/1.1" 200 5755
186.103.157.246 - - [22/Mar/2018:11:06:24 -0300] "GET /cormun/servlet/trcontratosolicitud? HTTP/1.1" 200 5750
186.103.157.246 - - [22/Mar/2018:11:06:24 -0300] "GET /cormun/servlet/hlogin HTTP/1.1" 200 1745
186.67.164.142 - - [22/Mar/2018:11:07:51 -0300] "GET /cormun/servlet/hlogin HTTP/1.1" 200 1722
186.67.164.142 - - [22/Mar/2018:11:07:58 -0300] "POST /cormun/servlet/hlogin?edc853f08c70d5523c54f6e24b361440,gx-no-cache=1521727626736 HTTP/1.1" 200 90
186.67.164.142 - - [22/Mar/2018:11:07:58 -0300] "GET /cormun/servlet/hpexe_link HTTP/1.1" 200 952
186.67.164.142 - - [22/Mar/2018:11:07:58 -0300] "GET /cormun/servlet/hhome HTTP/1.1" 200 3974
186.67.164.142 - - [22/Mar/2018:11:07:59 -0300] "GET /cormun/servlet/hhome HTTP/1.1" 200 3970
186.67.164.142 - - [22/Mar/2018:11:08:29 -0300] "GET /cormun/servlet/trlicencias? HTTP/1.1" 200 11721
186.67.164.142 - - [22/Mar/2018:11:08:30 -0300] "GET /cormun//static/Resources/PXTools/ActionInsert.png HTTP/1.1" 200 1482
186.67.164.142 - - [22/Mar/2018:11:08:30 -0300] "GET /cormun/servlet/trlicencias? HTTP/1.1" 200 11719
186.103.156.24 - - [22/Mar/2018:11:10:39 -0300] "GET /cormun/servlet/hlogin HTTP/1.1" 200 1717
186.103.156.24 - - [22/Mar/2018:11:10:52 -0300] "POST /cormun/servlet/hlogin?daad64b4447512ab97a4929c485bc960,gx-no-cache=1521727801240 HTTP/1.1" 200 90
186.103.156.24 - - [22/Mar/2018:11:10:53 -0300] "GET /cormun/servlet/hpexe_link HTTP/1.1" 200 949
186.103.156.24 - - [22/Mar/2018:11:10:53 -0300] "GET /cormun/servlet/hhome HTTP/1.1" 200 4227
186.103.156.24 - - [22/Mar/2018:11:10:54 -0300] "GET /cormun/servlet/hhome HTTP/1.1" 200 4223
186.103.156.24 - - [22/Mar/2018:11:10:59 -0300] "GET /cormun/servlet/trsolicitudot? HTTP/1.1" 200 7441
186.103.156.24 - - [22/Mar/2018:11:10:59 -0300] "GET /cormun/servlet/trsolicitudot? HTTP/1.1" 200 7440
186.103.156.24 - - [22/Mar/2018:11:11:03 -0300] "GET /cormun/servlet/solicitudot?INS,0,0, HTTP/1.1" 200 13670
186.103.156.24 - - [22/Mar/2018:11:11:05 -0300] "GET /cormun/servlet/solicitudot?INS,0,0, HTTP/1.1" 200 13675
186.103.156.24 - - [22/Mar/2018:11:11:14 -0300] "GET /cormun/servlet/prfichaempleado?,MD,,gxPopupLevel%3D0%3B HTTP/1.1" 200 9386
186.103.156.24 - - [22/Mar/2018:11:11:43 -0300] "POST /cormun/servlet/prfichaempleado?daad64b4447512ab97a4929c485bc960,,MD,,gxPopupLevel%3D0%3B,gx-no-cache=1521727851026 HTTP/1.1" 200 3470
186.103.156.24 - - [22/Mar/2018:11:11:50 -0300] "POST /cormun/servlet/solicitudot?gx-no-cache=1521727858028 HTTP/1.1" 200 3418
186.103.156.24 - - [22/Mar/2018:11:11:52 -0300] "POST /cormun/servlet/solicitudot?daad64b4447512ab97a4929c485bc960,INS,0,0,,gx-no-cache=1521727859152 HTTP/1.1" 200 10599
186.103.156.24 - - [22/Mar/2018:11:11:57 -0300] "GET /cormun/servlet/solicitudot?0cfbacdc90e868ea97278e7ef84c2d962d0bcafea2c6ec956abf3b2f780dc337370edaac8635947361545ad4729e03e7,gx-no-cache=1521727866154 HTTP/1.1" 200 30
186.103.156.24 - - [22/Mar/2018:11:11:58 -0300] "GET /cormun/servlet/solicitudot?0cfbacdc90e868ea97278e7ef84c2d96074d51a293477794821889a8089c72bbcc5c9738b797ab005688c26a73b6280cb7fe2b6b8d32ce358a0289c3e051344d,gx-no-cache=1521727866882 HTTP/1.1" 200 30
186.103.156.24 - - [22/Mar/2018:11:11:58 -0300] "GET /cormun/servlet/solicitudot?0cfbacdc90e868ea97278e7ef84c2d9669f8ea65ddd757903d7e6aa615204cb4,gx-no-cache=1521727866910 HTTP/1.1" 200 51
186.103.156.24 - - [22/Mar/2018:11:11:58 -0300] "POST /cormun/servlet/solicitudot?gx-no-cache=1521727866939 HTTP/1.1" 200 255
186.103.156.24 - - [22/Mar/2018:11:11:58 -0300] "GET /cormun/servlet/solicitudot?0cfbacdc90e868ea97278e7ef84c2d96f346da737be2c07154926333f8f4f68efc1e9754e13dc95d980c265f61de45777884ae383dea834967770275ca6668dfdccce281ad88d90ff581225ec3bd6eb3b05d722837f368655b8d0bd37fa35d6cbe8022a9de1f425b6b5f1a1ebf531d9acd584c5bbae24dc1e1a78043360e7cd60edc4066260d2c4b30027d630c206b185db215c94b923ffd9a385fa002cd961654337c796352134ed5e25bcf3c31c413cff38c3931f716f48600e344a9a030c32b4e7e4d6fc5b16d8b3ade14c81b7fccccf45af0729852d6efc8bc8a674719b78d44a2903cc0df37276277154615c224d85bd503a2160f814f7b096c96641cf1b27734e9d7990fec6f2c114377c4de754bce82c88855efca6ddcd4adddf8194bfc8f9f39895296cd0fcef1e24045a1c5452758780bafa87269f3ab1e0226b6d6623095243043ebec6054f8d603e08c0279ad6311a0f9011a518210715ed44760b0ef6f32a4cec6306834123872ff973d62e1dfd0a6dc2ed7a7695f9f030618a5,gx-no-cache=1521727866979 HTTP/1.1" 200 30
186.103.156.24 - - [22/Mar/2018:11:12:00 -0300] "POST /cormun/servlet/solicitudot?gx-no-cache=1521727869053 HTTP/1.1" 200 30
186.103.156.24 - - [22/Mar/2018:11:12:04 -0300] "POST /cormun/servlet/solicitudot?gx-no-cache=1521727872446 HTTP/1.1" 200 1337
186.103.156.24 - - [22/Mar/2018:11:12:04 -0300] "POST /cormun/servlet/solicitudot?gx-no-cache=1521727872953 HTTP/1.1" 200 38
186.103.156.24 - - [22/Mar/2018:11:12:16 -0300] "GET /cormun/servlet/solicitudot?0cfbacdc90e868ea97278e7ef84c2d9639d05ef1e0a29b7bdb926b295f70b7f8f52b568b23654dd83e3f1f3122ec79040fdaeef6be10c3f3bce2b7ff950b5be7bd0d950e39158a85a3a65241e61fb2911ab43feab96bc2f88e75c9d00db019c9a0f28590cc28676bac537574d36c1f0c41d986ad7eb4f4192e2d7d21b9dfe771f39217ab582165f190de70ad1a45a56a01554e58f4bb840409f24d1a77e8ef8e922e0d689188610c5c64d837f242c8341cac387d63a8f0484d02d2bbb0bd3ad17047c1479299aa8683cc9c148d908cdc,gx-no-cache=1521727884928 HTTP/1.1" 200 29
186.103.156.24 - - [22/Mar/2018:11:12:17 -0300] "POST /cormun/servlet/solicitudot?gx-no-cache=1521727884962 HTTP/1.1" 200 1319
186.103.156.24 - - [22/Mar/2018:11:12:18 -0300] "POST /cormun/servlet/solicitudot?gx-no-cache=1521727886283 HTTP/1.1" 200 1219
186.103.156.24 - - [22/Mar/2018:11:12:18 -0300] "GET /cormun/static/menuarrow.gif HTTP/1.1" 404 1015
186.103.156.24 - - [22/Mar/2018:11:12:26 -0300] "POST /cormun/servlet/solicitudot?gx-no-cache=1521727894316 HTTP/1.1" 200 1319
186.103.156.24 - - [22/Mar/2018:11:12:26 -0300] "POST /cormun/servlet/solicitudot?gx-no-cache=1521727894372 HTTP/1.1" 200 1219
186.103.156.24 - - [22/Mar/2018:11:12:28 -0300] "GET /cormun/servlet/solicitudot?0cfbacdc90e868ea97278e7ef84c2d9682b0f3c3ec23085038169cc38fd72a6ab9f2c44d2ad13bca117af58592b81f7c,gx-no-cache=1521727896325 HTTP/1.1" 200 30
186.103.156.24 - - [22/Mar/2018:11:12:43 -0300] "POST /cormun/servlet/solicitudot?gx-no-cache=1521727911754 HTTP/1.1" 200 30
186.103.156.24 - - [22/Mar/2018:11:18:44 -0300] "POST /cormun/servlet/solicitudot?daad64b4447512ab97a4929c485bc960,INS,0,0,,gx-no-cache=1521728272897 HTTP/1.1" 200 93
186.103.156.24 - - [22/Mar/2018:11:18:45 -0300] "GET /cormun/servlet/hpexe_return? HTTP/1.1" 200 1005
186.103.156.24 - - [22/Mar/2018:11:18:45 -0300] "GET /cormun/servlet/trsolicitudot HTTP/1.1" 200 8825
186.103.156.24 - - [22/Mar/2018:11:18:46 -0300] "GET /cormun/servlet/trsolicitudot HTTP/1.1" 200 8821
186.103.156.24 - - [22/Mar/2018:11:18:52 -0300] "POST /cormun/servlet/trsolicitudot?daad64b4447512ab97a4929c485bc960,gx-no-cache=1521728280214 HTTP/1.1" 200 4677
186.103.156.24 - - [22/Mar/2018:11:18:52 -0300] "GET /cormun/static/Shared/jqueryui/images/ui-icons_82798d_256x240.png HTTP/1.1" 404 1089
186.103.156.24 - - [22/Mar/2018:11:18:52 -0300] "GET /cormun/static/Shared/jqueryui/images/ui-bg_flat_55_fafafa_40x100.png HTTP/1.1" 404 1097
186.103.156.24 - - [22/Mar/2018:11:18:52 -0300] "GET /cormun/static/Shared/jqueryui/images/ui-bg_highlight-soft_100_c6c2c8_1x100.png HTTP/1.1" 404 1117
186.103.156.24 - - [22/Mar/2018:11:18:52 -0300] "GET /cormun/static/Shared/jqueryui/images/ui-icons_8d78a5_256x240.png HTTP/1.1" 404 1089
186.103.156.24 - - [22/Mar/2018:11:18:52 -0300] "POST /cormun/servlet/trsolicitudot?daad64b4447512ab97a4929c485bc960,gx-no-cache=1521728280616 HTTP/1.1" 200 4450
186.103.156.24 - - [22/Mar/2018:11:18:55 -0300] "GET /cormun/servlet/trsolicitudot? HTTP/1.1" 200 7440
186.103.156.24 - - [22/Mar/2018:11:18:55 -0300] "GET /cormun/servlet/trsolicitudot? HTTP/1.1" 200 7440
186.103.156.24 - - [22/Mar/2018:11:19:01 -0300] "GET /cormun/servlet/trautorizarsolicitud? HTTP/1.1" 200 9200
186.103.156.24 - - [22/Mar/2018:11:19:02 -0300] "GET /cormun/servlet/trautorizarsolicitud? HTTP/1.1" 200 9200
186.103.156.24 - - [22/Mar/2018:11:19:12 -0300] "POST /cormun/servlet/trautorizarsolicitud?daad64b4447512ab97a4929c485bc960,,gx-no-cache=1521728300352 HTTP/1.1" 200 5780
186.103.156.24 - - [22/Mar/2018:11:19:12 -0300] "GET /cormun/static/Shared/jqueryui/images/ui-bg_highlight-soft_100_c6c2c8_1x100.png HTTP/1.1" 404 1117
186.103.156.24 - - [22/Mar/2018:11:19:12 -0300] "GET /cormun/static/Shared/jqueryui/images/ui-bg_flat_55_fafafa_40x100.png HTTP/1.1" 404 1097
186.103.156.24 - - [22/Mar/2018:11:19:12 -0300] "GET /cormun/static/Shared/jqueryui/images/ui-icons_82798d_256x240.png HTTP/1.1" 404 1089
186.103.156.24 - - [22/Mar/2018:11:19:12 -0300] "POST /cormun/servlet/trautorizarsolicitud?daad64b4447512ab97a4929c485bc960,,gx-no-cache=1521728300946 HTTP/1.1" 200 5724
186.103.156.24 - - [22/Mar/2018:11:19:13 -0300] "GET /cormun/static/Shared/jqueryui/images/ui-icons_8d78a5_256x240.png HTTP/1.1" 404 1089
186.103.156.24 - - [22/Mar/2018:11:19:19 -0300] "GET /cormun/servlet/trsolicitudot? HTTP/1.1" 200 7441
186.103.156.24 - - [22/Mar/2018:11:19:19 -0300] "GET /cormun/servlet/trsolicitudot? HTTP/1.1" 200 7440
186.103.156.24 - - [22/Mar/2018:11:19:22 -0300] "GET /cormun/static/menuarrow.gif HTTP/1.1" 404 1015
186.103.156.24 - - [22/Mar/2018:11:19:41 -0300] "POST /cormun/servlet/trsolicitudot?daad64b4447512ab97a4929c485bc960,,gx-no-cache=1521728327144 HTTP/1.1" 200 15634
186.103.156.24 - - [22/Mar/2018:11:20:08 -0300] "GET /cormun/servlet/vesolicitudot?2018,10766,, HTTP/1.1" 200 8627
186.103.156.24 - - [22/Mar/2018:11:20:09 -0300] "GET /cormun/pexe_scrolldiv.js HTTP/1.1" 404 1009
186.103.156.24 - - [22/Mar/2018:11:20:09 -0300] "GET /cormun/pexe_scrolldiv.js HTTP/1.1" 404 1009
186.103.156.24 - - [22/Mar/2018:11:20:09 -0300] "GET /cormun/servlet/vesolicitudot?2018,10766,, HTTP/1.1" 200 8626
186.103.156.24 - - [22/Mar/2018:11:20:20 -0300] "POST /cormun/servlet/vesolicitudot?daad64b4447512ab97a4929c485bc960,2018,10766,,,gx-no-cache=1521728368336 HTTP/1.1" 200 93
186.103.156.24 - - [22/Mar/2018:11:20:20 -0300] "GET /cormun/servlet/hpexe_return? HTTP/1.1" 200 1010
186.103.156.24 - - [22/Mar/2018:11:20:30 -0300] "GET /cormun/servlet/trsolicitudot? HTTP/1.1" 200 18459
186.103.159.46 - - [22/Mar/2018:11:21:03 -0300] "GET /cormun/servlet/trsolicitudot? HTTP/1.1" 200 6393
186.103.159.46 - - [22/Mar/2018:11:21:04 -0300] "GET /cormun/servlet/trsolicitudot? HTTP/1.1" 200 6390
186.103.159.46 - - [22/Mar/2018:11:21:04 -0300] "GET /cormun/servlet/hlogin HTTP/1.1" 200 1735
186.67.164.142 - - [22/Mar/2018:11:21:40 -0300] "GET /cormun/servlet/trpermisosgoce? HTTP/1.1" 200 8009
186.67.164.142 - - [22/Mar/2018:11:21:41 -0300] "GET /cormun/servlet/trpermisosgoce? HTTP/1.1" 200 8009
186.67.164.142 - - [22/Mar/2018:11:21:44 -0300] "GET /cormun/servlet/permisogoce?INS,0,,, HTTP/1.1" 200 6806
186.67.164.142 - - [22/Mar/2018:11:21:44 -0300] "GET /cormun/servlet/permisogoce?INS,0,,, HTTP/1.1" 200 6806
186.67.164.142 - - [22/Mar/2018:11:21:53 -0300] "GET /cormun/servlet/permisogoce?bd1abd67c38b85baf51a18d878796f4682f8ad72fe23dd78b999ef96b21a89c36af4f558c5135499178d8d58ecf138cf6a0e982ea414eba009486d276131e08b,gx-no-cache=1521728461701 HTTP/1.1" 200 75
186.67.164.142 - - [22/Mar/2018:11:21:56 -0300] "GET /cormun/static/menuarrow.gif HTTP/1.1" 404 1015
186.103.159.46 - - [22/Mar/2018:11:21:58 -0300] "POST /cormun/servlet/hlogin?d37d1258c4110fa3b0a2649f2ede3fdc,gx-no-cache=1521728465874 HTTP/1.1" 200 448
186.67.164.142 - - [22/Mar/2018:11:22:01 -0300] "GET /cormun/servlet/permisogoce?bd1abd67c38b85baf51a18d878796f4635b52a9f711f7288449dc64b571c79dec6b51ef75c093729c0172d4a37c75817f76b120347c737fff91e9301795dc9e8,gx-no-cache=1521728469907 HTTP/1.1" 200 47
186.67.164.142 - - [22/Mar/2018:11:22:03 -0300] "POST /cormun/servlet/permisogoce?edc853f08c70d5523c54f6e24b361440,INS,0,,,,gx-no-cache=1521728471942 HTTP/1.1" 200 93
186.67.164.142 - - [22/Mar/2018:11:22:03 -0300] "GET /cormun/servlet/hpexe_return? HTTP/1.1" 200 1010
186.67.164.142 - - [22/Mar/2018:11:22:03 -0300] "GET /cormun/servlet/trpermisosgoce HTTP/1.1" 200 8321
186.67.164.142 - - [22/Mar/2018:11:22:04 -0300] "GET /cormun/servlet/trpermisosgoce HTTP/1.1" 200 8317
186.103.159.46 - - [22/Mar/2018:11:22:07 -0300] "GET /cormun/servlet/hlogin HTTP/1.1" 200 1722
186.67.164.142 - - [22/Mar/2018:11:22:10 -0300] "GET /cormun/servlet/trpermisosadjuntos?11274863,20180322111857,P, HTTP/1.1" 200 6285
186.67.164.142 - - [22/Mar/2018:11:22:11 -0300] "GET /cormun/servlet/trpermisosadjuntos?11274863,20180322111857,P, HTTP/1.1" 200 6286
186.67.164.142 - - [22/Mar/2018:11:22:12 -0300] "GET /cormun/servlet/permisosadjuntos?INS,11274863,P,20180322111857,, HTTP/1.1" 200 5608
186.67.164.142 - - [22/Mar/2018:11:22:13 -0300] "GET /cormun/static/about:blank HTTP/1.1" 404 1011
186.67.164.142 - - [22/Mar/2018:11:22:13 -0300] "GET /cormun/servlet/permisosadjuntos?INS,11274863,P,20180322111857,, HTTP/1.1" 200 5598
186.103.159.46 - - [22/Mar/2018:11:22:24 -0300] "POST /cormun/servlet/hlogin?d37d1258c4110fa3b0a2649f2ede3fdc,gx-no-cache=1521728491679 HTTP/1.1" 200 90
186.103.159.46 - - [22/Mar/2018:11:22:24 -0300] "GET /cormun/servlet/hpexe_link HTTP/1.1" 200 954
186.103.159.46 - - [22/Mar/2018:11:22:24 -0300] "GET /cormun/servlet/trsolicitudot HTTP/1.1" 200 8916
186.103.159.46 - - [22/Mar/2018:11:22:25 -0300] "GET /cormun/servlet/trsolicitudot HTTP/1.1" 200 8915
186.103.159.46 - - [22/Mar/2018:11:22:28 -0300] "GET /cormun/servlet/trsolicitudot? HTTP/1.1" 200 8915
186.103.159.46 - - [22/Mar/2018:11:22:29 -0300] "GET /cormun/servlet/trsolicitudot? HTTP/1.1" 200 8915
186.67.164.142 - - [22/Mar/2018:11:22:31 -0300] "POST /cormun/servlet/permisosadjuntos?edc853f08c70d5523c54f6e24b361440,INS,11274863,P,20180322111857,, HTTP/1.1" 200 116
186.67.164.142 - - [22/Mar/2018:11:22:31 -0300] "GET /cormun/servlet/hpexe_return? HTTP/1.1" 200 1039
186.67.164.142 - - [22/Mar/2018:11:22:31 -0300] "GET /cormun/servlet/trpermisosadjuntos?11274863,20180322111857,P, HTTP/1.1" 200 6751
186.67.164.142 - - [22/Mar/2018:11:22:32 -0300] "GET /cormun/servlet/trpermisosadjuntos?11274863,20180322111857,P, HTTP/1.1" 200 6748
186.103.159.46 - - [22/Mar/2018:11:22:32 -0300] "GET /cormun/servlet/solicitudot?INS,0,0, HTTP/1.1" 200 13398
186.103.159.46 - - [22/Mar/2018:11:22:33 -0300] "GET /cormun/servlet/solicitudot?INS,0,0, HTTP/1.1" 200 13403
186.67.164.142 - - [22/Mar/2018:11:22:34 -0300] "POST /cormun/servlet/trpermisosadjuntos?edc853f08c70d5523c54f6e24b361440,11274863,20180322111857,P,,gx-no-cache=1521728503379 HTTP/1.1" 200 90
186.67.164.142 - - [22/Mar/2018:11:22:34 -0300] "GET /cormun/servlet/hpexe_link HTTP/1.1" 200 983
186.67.164.142 - - [22/Mar/2018:11:22:34 -0300] "GET /cormun/servlet/trpermisosgoce HTTP/1.1" 200 8318
186.67.164.142 - - [22/Mar/2018:11:22:35 -0300] "GET /cormun/servlet/trpermisosgoce HTTP/1.1" 200 8317
186.67.164.142 - - [22/Mar/2018:11:22:37 -0300] "GET /cormun/servlet/apermisogoceprn?11274863,P,20180322111857,PU HTTP/1.1" 200 1635
186.67.164.142 - - [22/Mar/2018:11:22:47 -0300] "GET /cormun/servlet/permisogoce?INS,0,,, HTTP/1.1" 200 6806
186.67.164.142 - - [22/Mar/2018:11:22:47 -0300] "GET /cormun/servlet/permisogoce?INS,0,,, HTTP/1.1" 200 6806
186.67.164.142 - - [22/Mar/2018:11:22:54 -0300] "GET /cormun/servlet/permisogoce?bd1abd67c38b85baf51a18d878796f46db0f025d8584ccdc36ad6a68852e0eaf6af4f558c5135499178d8d58ecf138cf6a0e982ea414eba009486d276131e08b,gx-no-cache=1521728523395 HTTP/1.1" 200 77
186.103.159.46 - - [22/Mar/2018:11:23:17 -0300] "POST /cormun/servlet/solicitudot?gx-no-cache=1521728545286 HTTP/1.1" 200 3284
186.103.159.46 - - [22/Mar/2018:11:23:17 -0300] "POST /cormun/servlet/solicitudot?d37d1258c4110fa3b0a2649f2ede3fdc,INS,0,0,,gx-no-cache=1521728545458 HTTP/1.1" 200 10239
192.168.10.96 - - [22/Mar/2018:11:23:36 -0300] "GET /cormun/servlet/trsolicitudgral? HTTP/1.1" 500 10
192.168.10.96 - - [22/Mar/2018:11:23:40 -0300] "GET /cormun/servlet/hlogin HTTP/1.1" 200 1713
192.168.10.96 - - [22/Mar/2018:11:23:40 -0300] "GET /cormun/servlet/hlogin HTTP/1.1" 200 1713
192.168.10.96 - - [22/Mar/2018:11:23:40 -0300] "GET /cormun/servlet/hlogin HTTP/1.1" 200 1724
192.168.10.96 - - [22/Mar/2018:11:23:46 -0300] "POST /cormun/servlet/hlogin?13da0396988bffa615b38bed0b27f897,gx-no-cache=1521728459266 HTTP/1.1" 200 90
192.168.10.96 - - [22/Mar/2018:11:23:46 -0300] "GET /cormun/servlet/hpexe_link HTTP/1.1" 200 944
192.168.10.96 - - [22/Mar/2018:11:23:46 -0300] "GET /cormun/servlet/hhome HTTP/1.1" 200 4697
192.168.10.96 - - [22/Mar/2018:11:23:46 -0300] "GET /cormun/servlet/hhome HTTP/1.1" 200 4696
192.168.10.96 - - [22/Mar/2018:11:23:50 -0300] "GET /cormun/servlet/trsolicitudgral? HTTP/1.1" 200 28154
192.168.10.96 - - [22/Mar/2018:11:23:51 -0300] "GET /cormun/servlet/trsolicitudgral? HTTP/1.1" 200 28152
186.67.164.142 - - [22/Mar/2018:11:23:51 -0300] "GET /cormun/static/menuarrow.gif HTTP/1.1" 404 1015
186.67.164.142 - - [22/Mar/2018:11:23:56 -0300] "GET /cormun/servlet/permisogoce?bd1abd67c38b85baf51a18d878796f460733f9b72bed8162520a9ba98a196d2e17320246c7e9bd595f8b2e669a63df4ef76b120347c737fff91e9301795dc9e8,gx-no-cache=1521728585604 HTTP/1.1" 200 46
186.67.164.142 - - [22/Mar/2018:11:23:59 -0300] "POST /cormun/servlet/permisogoce?edc853f08c70d5523c54f6e24b361440,INS,0,,,,gx-no-cache=1521728587764 HTTP/1.1" 200 93
186.67.164.142 - - [22/Mar/2018:11:23:59 -0300] "GET /cormun/servlet/hpexe_return? HTTP/1.1" 200 1010
186.67.164.142 - - [22/Mar/2018:11:23:59 -0300] "GET /cormun/servlet/trpermisosgoce HTTP/1.1" 200 8552
186.67.164.142 - - [22/Mar/2018:11:24:00 -0300] "GET /cormun/servlet/trpermisosgoce HTTP/1.1" 200 8548
192.168.10.96 - - [22/Mar/2018:11:24:30 -0300] "POST /cormun/servlet/trsolicitudgral?13da0396988bffa615b38bed0b27f897,,gx-no-cache=1521728503442 HTTP/1.1" 200 5918
186.67.164.142 - - [22/Mar/2018:11:24:31 -0300] "GET /cormun/servlet/trpermisosadjuntos?17152836,20180322112000,P, HTTP/1.1" 200 6284
186.67.164.142 - - [22/Mar/2018:11:24:32 -0300] "GET /cormun/servlet/trpermisosadjuntos?17152836,20180322112000,P, HTTP/1.1" 200 6284
186.67.164.142 - - [22/Mar/2018:11:24:33 -0300] "GET /cormun/servlet/permisosadjuntos?INS,17152836,P,20180322112000,, HTTP/1.1" 200 5611
186.67.164.142 - - [22/Mar/2018:11:24:33 -0300] "GET /cormun/static/about:blank HTTP/1.1" 404 1011
186.67.164.142 - - [22/Mar/2018:11:24:34 -0300] "GET /cormun/servlet/permisosadjuntos?INS,17152836,P,20180322112000,, HTTP/1.1" 200 5602
192.168.10.96 - - [22/Mar/2018:11:24:36 -0300] "POST /cormun/servlet/trsolicitudgral?13da0396988bffa615b38bed0b27f897,,gx-no-cache=1521728509866 HTTP/1.1" 200 5917
192.168.10.96 - - [22/Mar/2018:11:24:37 -0300] "POST /cormun/servlet/trsolicitudgral?13da0396988bffa615b38bed0b27f897,,gx-no-cache=1521728510673 HTTP/1.1" 200 5917
192.168.10.96 - - [22/Mar/2018:11:24:37 -0300] "POST /cormun/servlet/trsolicitudgral?13da0396988bffa615b38bed0b27f897,,gx-no-cache=1521728510892 HTTP/1.1" 200 5916
192.168.10.96 - - [22/Mar/2018:11:24:38 -0300] "POST /cormun/servlet/trsolicitudgral?13da0396988bffa615b38bed0b27f897,,gx-no-cache=1521728511109 HTTP/1.1" 200 5917
192.168.10.96 - - [22/Mar/2018:11:24:38 -0300] "POST /cormun/servlet/trsolicitudgral?13da0396988bffa615b38bed0b27f897,,gx-no-cache=1521728511309 HTTP/1.1" 200 5917
192.168.10.96 - - [22/Mar/2018:11:24:38 -0300] "POST /cormun/servlet/trsolicitudgral?13da0396988bffa615b38bed0b27f897,,gx-no-cache=1521728511571 HTTP/1.1" 200 5917
192.168.10.96 - - [22/Mar/2018:11:24:38 -0300] "POST /cormun/servlet/trsolicitudgral?13da0396988bffa615b38bed0b27f897,,gx-no-cache=1521728511762 HTTP/1.1" 200 5918
192.168.10.96 - - [22/Mar/2018:11:24:39 -0300] "POST /cormun/servlet/trsolicitudgral?13da0396988bffa615b38bed0b27f897,,gx-no-cache=1521728511978 HTTP/1.1" 200 5917
192.168.10.96 - - [22/Mar/2018:11:24:39 -0300] "POST /cormun/servlet/trsolicitudgral?13da0396988bffa615b38bed0b27f897,,gx-no-cache=1521728512289 HTTP/1.1" 200 5917
186.67.164.142 - - [22/Mar/2018:11:24:40 -0300] "POST /cormun/servlet/permisosadjuntos?edc853f08c70d5523c54f6e24b361440,INS,17152836,P,20180322112000,, HTTP/1.1" 200 116
186.67.164.142 - - [22/Mar/2018:11:24:40 -0300] "GET /cormun/servlet/hpexe_return? HTTP/1.1" 200 1038
186.67.164.142 - - [22/Mar/2018:11:24:40 -0300] "GET /cormun/servlet/trpermisosadjuntos?17152836,20180322112000,P, HTTP/1.1" 200 6748
186.67.164.142 - - [22/Mar/2018:11:24:40 -0300] "GET /cormun/servlet/trpermisosadjuntos?17152836,20180322112000,P, HTTP/1.1" 200 6744
192.168.10.96 - - [22/Mar/2018:11:24:43 -0300] "POST /cormun/servlet/trsolicitudgral?13da0396988bffa615b38bed0b27f897,,gx-no-cache=1521728516337 HTTP/1.1" 200 5917
192.168.10.96 - - [22/Mar/2018:11:24:43 -0300] "POST /cormun/servlet/trsolicitudgral?13da0396988bffa615b38bed0b27f897,,gx-no-cache=1521728516506 HTTP/1.1" 200 5917
192.168.10.96 - - [22/Mar/2018:11:24:43 -0300] "POST /cormun/servlet/trsolicitudgral?13da0396988bffa615b38bed0b27f897,,gx-no-cache=1521728516665 HTTP/1.1" 200 5918
192.168.10.96 - - [22/Mar/2018:11:24:43 -0300] "POST /cormun/servlet/trsolicitudgral?13da0396988bffa615b38bed0b27f897,,gx-no-cache=1521728516842 HTTP/1.1" 200 5918
192.168.10.96 - - [22/Mar/2018:11:24:44 -0300] "POST /cormun/servlet/trsolicitudgral?13da0396988bffa615b38bed0b27f897,,gx-no-cache=1521728517006 HTTP/1.1" 200 5917
192.168.10.96 - - [22/Mar/2018:11:24:44 -0300] "POST /cormun/servlet/trsolicitudgral?13da0396988bffa615b38bed0b27f897,,gx-no-cache=1521728517168 HTTP/1.1" 200 5917
192.168.10.96 - - [22/Mar/2018:11:24:44 -0300] "POST /cormun/servlet/trsolicitudgral?13da0396988bffa615b38bed0b27f897,,gx-no-cache=1521728517353 HTTP/1.1" 200 5917
192.168.10.96 - - [22/Mar/2018:11:24:44 -0300] "POST /cormun/servlet/trsolicitudgral?13da0396988bffa615b38bed0b27f897,,gx-no-cache=1521728517549 HTTP/1.1" 200 5917
192.168.10.96 - - [22/Mar/2018:11:24:44 -0300] "POST /cormun/servlet/trsolicitudgral?13da0396988bffa615b38bed0b27f897,,gx-no-cache=1521728517737 HTTP/1.1" 200 5917
192.168.10.96 - - [22/Mar/2018:11:24:44 -0300] "POST /cormun/servlet/trsolicitudgral?13da0396988bffa615b38bed0b27f897,,gx-no-cache=1521728517921 HTTP/1.1" 200 5917
192.168.10.96 - - [22/Mar/2018:11:24:49 -0300] "POST /cormun/servlet/trsolicitudgral?13da0396988bffa615b38bed0b27f897,,gx-no-cache=1521728522056 HTTP/1.1" 200 5917
192.168.10.96 - - [22/Mar/2018:11:24:49 -0300] "POST /cormun/servlet/trsolicitudgral?13da0396988bffa615b38bed0b27f897,,gx-no-cache=1521728522257 HTTP/1.1" 200 5917
192.168.10.96 - - [22/Mar/2018:11:24:49 -0300] "POST /cormun/servlet/trsolicitudgral?13da0396988bffa615b38bed0b27f897,,gx-no-cache=1521728522473 HTTP/1.1" 200 5917
192.168.10.96 - - [22/Mar/2018:11:24:49 -0300] "POST /cormun/servlet/trsolicitudgral?13da0396988bffa615b38bed0b27f897,,gx-no-cache=1521728522658 HTTP/1.1" 200 5917
192.168.10.96 - - [22/Mar/2018:11:24:49 -0300] "POST /cormun/servlet/trsolicitudgral?13da0396988bffa615b38bed0b27f897,,gx-no-cache=1521728522842 HTTP/1.1" 200 5917
186.67.164.142 - - [22/Mar/2018:11:24:51 -0300] "POST /cormun/servlet/trpermisosadjuntos?edc853f08c70d5523c54f6e24b361440,17152836,20180322112000,P,,gx-no-cache=1521728640369 HTTP/1.1" 200 90
186.67.164.142 - - [22/Mar/2018:11:24:51 -0300] "GET /cormun/servlet/hpexe_link HTTP/1.1" 200 983
186.67.164.142 - - [22/Mar/2018:11:24:51 -0300] "GET /cormun/servlet/trpermisosgoce HTTP/1.1" 200 8549
186.67.164.142 - - [22/Mar/2018:11:24:52 -0300] "GET /cormun/servlet/trpermisosgoce HTTP/1.1" 200 8548
192.168.10.96 - - [22/Mar/2018:11:24:55 -0300] "POST /cormun/servlet/trsolicitudgral?13da0396988bffa615b38bed0b27f897,,gx-no-cache=1521728528761 HTTP/1.1" 200 5920
192.168.10.96 - - [22/Mar/2018:11:24:58 -0300] "POST /cormun/servlet/trsolicitudgral?13da0396988bffa615b38bed0b27f897,,gx-no-cache=1521728531890 HTTP/1.1" 200 8880
186.67.164.142 - - [22/Mar/2018:11:24:59 -0300] "POST /cormun/servlet/trpermisosgoce?edc853f08c70d5523c54f6e24b361440,gx-no-cache=1521728648433 HTTP/1.1" 200 5768
186.67.164.142 - - [22/Mar/2018:11:24:59 -0300] "GET /cormun/static/Shared/jqueryui/images/ui-bg_highlight-soft_100_c6c2c8_1x100.png HTTP/1.1" 404 1117
186.67.164.142 - - [22/Mar/2018:11:25:00 -0300] "GET /cormun/static/Shared/jqueryui/images/ui-icons_82798d_256x240.png HTTP/1.1" 404 1089
186.67.164.142 - - [22/Mar/2018:11:25:00 -0300] "GET /cormun/static/Shared/jqueryui/images/ui-bg_flat_55_fafafa_40x100.png HTTP/1.1" 404 1097
186.67.164.142 - - [22/Mar/2018:11:25:00 -0300] "GET /cormun/static/Shared/jqueryui/images/ui-icons_8d78a5_256x240.png HTTP/1.1" 404 1089
186.67.164.142 - - [22/Mar/2018:11:25:01 -0300] "POST /cormun/servlet/trpermisosgoce?edc853f08c70d5523c54f6e24b361440,gx-no-cache=1521728650445 HTTP/1.1" 200 5737
186.103.159.46 - - [22/Mar/2018:11:25:12 -0300] "GET /cormun/servlet/solicitudot?94c74a183faa3f030cb8f754e2f85aa37523ebadf9a8032f4758641b393d08ac4a3b1c4be6dbcdea5a08131b9c596063,gx-no-cache=1521728660285 HTTP/1.1" 200 111
186.103.159.46 - - [22/Mar/2018:11:25:12 -0300] "GET /cormun/static/Shared/jqueryui/images/ui-bg_highlight-soft_100_c6c2c8_1x100.png HTTP/1.1" 404 1117
186.103.159.46 - - [22/Mar/2018:11:25:12 -0300] "GET /cormun/static/Shared/jqueryui/images/ui-icons_82798d_256x240.png HTTP/1.1" 404 1089
186.103.159.46 - - [22/Mar/2018:11:25:12 -0300] "GET /cormun/static/Shared/jqueryui/images/ui-bg_flat_55_994d53_40x100.png HTTP/1.1" 404 1097
186.103.159.46 - - [22/Mar/2018:11:25:12 -0300] "GET /cormun/static/Shared/jqueryui/images/ui-icons_ebccce_256x240.png HTTP/1.1" 404 1089
186.103.159.46 - - [22/Mar/2018:11:25:31 -0300] "POST /cormun/servlet/solicitudot?gx-no-cache=1521728678595 HTTP/1.1" 200 3381
186.103.159.46 - - [22/Mar/2018:11:25:31 -0300] "POST /cormun/servlet/solicitudot?d37d1258c4110fa3b0a2649f2ede3fdc,INS,0,0,,gx-no-cache=1521728678763 HTTP/1.1" 200 10408
186.103.159.46 - - [22/Mar/2018:11:25:31 -0300] "GET /cormun/servlet/solicitudot?94c74a183faa3f030cb8f754e2f85aa38f518b5f54d2cecdc027bb31146aad7c4a3b1c4be6dbcdea5a08131b9c596063,gx-no-cache=1521728678985 HTTP/1.1" 200 30
192.168.10.96 - - [22/Mar/2018:11:25:43 -0300] "POST /cormun/servlet/trsolicitudgral?13da0396988bffa615b38bed0b27f897,,gx-no-cache=1521728575754 HTTP/1.1" 200 23801
192.168.10.96 - - [22/Mar/2018:11:26:11 -0300] "POST /cormun/servlet/trsolicitudgral?13da0396988bffa615b38bed0b27f897,,gx-no-cache=1521728604286 HTTP/1.1" 200 23800
186.103.159.46 - - [22/Mar/2018:11:26:20 -0300] "GET /cormun/servlet/solicitudot?94c74a183faa3f030cb8f754e2f85aa311ea4c0838849d9468b19b4d65827324955d6784e5ba6ad13d911544877a6bcf,gx-no-cache=1521728728253 HTTP/1.1" 200 103
186.103.159.46 - - [22/Mar/2018:11:26:20 -0300] "GET /cormun/servlet/solicitudot?94c74a183faa3f030cb8f754e2f85aa3f7d5634083616991422a1ba5d68fc441,gx-no-cache=1521728728355 HTTP/1.1" 200 70
186.103.159.46 - - [22/Mar/2018:11:26:20 -0300] "POST /cormun/servlet/solicitudot?gx-no-cache=1521728728403 HTTP/1.1" 200 297
186.103.159.46 - - [22/Mar/2018:11:26:20 -0300] "GET /cormun/servlet/solicitudot?94c74a183faa3f030cb8f754e2f85aa362c6c2e679575dd61c97eec157ae18ae082645aa416445f080efd9973c1f93e35f46e53dddf97d97c7a990c01e52263c07dae8bd7e39c6859003ea7b2374b7472e4add20d27969f53c2ffe44257d4e3d7ede32b3b9f77644b095645bdf03471c76498d519e79ebfaa7d2631ba8ec596fce1f02b9478c1115f5de63a56b6edbdf229dbdad2f98be6cfe78662baeb9017934f180514edabe0efe1a41da954d48fbe72d0c88c8b92f9e4eb4e7b446d68d75acddf61bbd9bbc3c8ff510d92d21a47b836297593c5516164760f592ee4a0fe729ee10f82b9b96b42348762583529942c01bc1c06c80e5772f56d3d9f728a0a6e084f4510d63718cee5a2eb7b31e5a6884c8358b65718bfe2d8b5bda34715e0101f8938240695a710eb892e0b1b977fb7b355870005440b13ef6b7aff77969134e308509b1f3d58144c7a5be22fe2c8ea4a9ff3f8651a19bd71238c45bff2504dd667af7e6c493aae128557a112efb2ed4e36f3b2d7c7f15a197b6285f2cb59fb1a710ee379f9529f7d09d18bf7b83f5,gx-no-cache=1521728728454 HTTP/1.1" 200 30
186.103.159.46 - - [22/Mar/2018:11:26:24 -0300] "POST /cormun/servlet/solicitudot?gx-no-cache=1521728732462 HTTP/1.1" 200 30
186.103.159.46 - - [22/Mar/2018:11:26:32 -0300] "POST /cormun/servlet/solicitudot?gx-no-cache=1521728740340 HTTP/1.1" 200 1336
186.103.159.46 - - [22/Mar/2018:11:26:32 -0300] "POST /cormun/servlet/solicitudot?gx-no-cache=1521728740452 HTTP/1.1" 200 38
186.103.159.46 - - [22/Mar/2018:11:26:40 -0300] "GET /cormun/servlet/solicitudot?94c74a183faa3f030cb8f754e2f85aa3471234ef5b043e5f5f8d200ad80a54b81e7c63c78b5d7b66f9b9234ebfde9e1006e6fb6c3621a9f4cb01f033d65054d67585e7332e0f2b166dea9afba522879d64180d30057696052e212f77c09f3c45ad8c5699e9d00260048b655036dcefc4,gx-no-cache=1521728748208 HTTP/1.1" 200 29
186.103.159.46 - - [22/Mar/2018:11:26:40 -0300] "POST /cormun/servlet/solicitudot?gx-no-cache=1521728748306 HTTP/1.1" 200 1319
186.103.159.46 - - [22/Mar/2018:11:26:40 -0300] "POST /cormun/servlet/solicitudot?gx-no-cache=1521728748369 HTTP/1.1" 200 1218
186.103.159.46 - - [22/Mar/2018:11:26:40 -0300] "GET /cormun/static/menuarrow.gif HTTP/1.1" 404 1015
186.103.159.46 - - [22/Mar/2018:11:26:45 -0300] "POST /cormun/servlet/solicitudot?gx-no-cache=1521728752613 HTTP/1.1" 200 1319
186.103.159.46 - - [22/Mar/2018:11:26:45 -0300] "POST /cormun/servlet/solicitudot?gx-no-cache=1521728752680 HTTP/1.1" 200 1218
186.103.159.46 - - [22/Mar/2018:11:26:47 -0300] "GET /cormun/servlet/solicitudot?94c74a183faa3f030cb8f754e2f85aa3f1a8d94ecac2593c92aca653940f7f42723732be9c6c925969e382035b4b8245,gx-no-cache=1521728755116 HTTP/1.1" 200 30
192.168.10.96 - - [22/Mar/2018:11:27:13 -0300] "GET /cormun/servlet/trsolicitudgral? HTTP/1.1" 200 26701
192.168.10.96 - - [22/Mar/2018:11:27:14 -0300] "GET /cormun/servlet/trsolicitudgral? HTTP/1.1" 200 26701
192.168.10.96 - - [22/Mar/2018:11:27:33 -0300] "POST /cormun/servlet/trsolicitudgral?13da0396988bffa615b38bed0b27f897,,gx-no-cache=1521728686869 HTTP/1.1" 200 5909
192.168.10.96 - - [22/Mar/2018:11:27:38 -0300] "POST /cormun/servlet/trsolicitudgral?13da0396988bffa615b38bed0b27f897,,gx-no-cache=1521728691052 HTTP/1.1" 200 7826
186.103.159.46 - - [22/Mar/2018:11:31:22 -0300] "POST /cormun/servlet/solicitudot?gx-no-cache=1521729029904 HTTP/1.1" 200 30
192.168.10.56 - - [22/Mar/2018:11:31:37 -0300] "GET /cormun/servlet/hlogin HTTP/1.1" 200 1738
186.103.159.46 - - [22/Mar/2018:11:34:06 -0300] "GET /cormun/servlet/solicitudot?94c74a183faa3f030cb8f754e2f85aa3392e818e831f348cbb168fe6c29bc5054104ebcdc2222fe7c2b47338e6029782b1a710ee379f9529f7d09d18bf7b83f5,gx-no-cache=1521729193912 HTTP/1.1" 200 30
186.103.159.46 - - [22/Mar/2018:11:34:06 -0300] "POST /cormun/servlet/solicitudot?gx-no-cache=1521729194002 HTTP/1.1" 200 297
186.103.159.46 - - [22/Mar/2018:11:34:06 -0300] "GET /cormun/servlet/solicitudot?94c74a183faa3f030cb8f754e2f85aa362c6c2e679575dd61c97eec157ae18ae082645aa416445f080efd9973c1f93e35f46e53dddf97d97c7a990c01e52263c07dae8bd7e39c6859003ea7b2374b7472e4add20d27969f53c2ffe44257d4e3d7ede32b3b9f77644b095645bdf03471c76498d519e79ebfaa7d2631ba8ec596fce1f02b9478c1115f5de63a56b6edbdf229dbdad2f98be6cfe78662baeb9017934f180514edabe0efe1a41da954d48fbe72d0c88c8b92f9e4eb4e7b446d68d75acddf61bbd9bbc3c8ff510d92d21a47b836297593c5516164760f592ee4a0fe729ee10f82b9b96b42348762583529942c01bc1c06c80e5772f56d3d9f728a0a6e084f4510d63718cee5a2eb7b31e5a6884c8358b65718bfe2d8b5bda34715e0101f8938240695a710eb892e0b1b977fb7b355870005440b13ef6b7aff77969134e308509b1f3d58144c7a5be22fe2c8ea4a9ff3f8651a19bd71238c45bff2504dd667af7e6c493aae128557a112efb2e642c980b1b105cd7a0ef6182183adc8cb1a710ee379f9529f7d09d18bf7b83f5,gx-no-cache=1521729194064 HTTP/1.1" 200 30
186.103.159.46 - - [22/Mar/2018:11:34:06 -0300] "POST /cormun/servlet/solicitudot?gx-no-cache=1521729194196 HTTP/1.1" 200 30
186.103.159.46 - - [22/Mar/2018:11:34:06 -0300] "POST /cormun/servlet/solicitudot?gx-no-cache=1521729194262 HTTP/1.1" 200 1337
186.103.159.46 - - [22/Mar/2018:11:34:06 -0300] "POST /cormun/servlet/solicitudot?gx-no-cache=1521729194359 HTTP/1.1" 200 41
186.103.159.46 - - [22/Mar/2018:11:34:06 -0300] "POST /cormun/servlet/solicitudot?gx-no-cache=1521729194408 HTTP/1.1" 200 1319
186.103.159.46 - - [22/Mar/2018:11:34:06 -0300] "POST /cormun/servlet/solicitudot?gx-no-cache=1521729194503 HTTP/1.1" 200 1218
186.103.159.46 - - [22/Mar/2018:11:34:06 -0300] "GET /cormun/servlet/solicitudot?94c74a183faa3f030cb8f754e2f85aa3f1a8d94ecac2593c92aca653940f7f42723732be9c6c925969e382035b4b8245,gx-no-cache=1521729194560 HTTP/1.1" 200 30
186.103.159.46 - - [22/Mar/2018:11:34:07 -0300] "POST /cormun/servlet/solicitudot?gx-no-cache=1521729194601 HTTP/1.1" 200 30
186.103.159.46 - - [22/Mar/2018:11:34:07 -0300] "POST /cormun/servlet/solicitudot?d37d1258c4110fa3b0a2649f2ede3fdc,INS,0,0,,gx-no-cache=1521729194651 HTTP/1.1" 200 11831
186.103.159.46 - - [22/Mar/2018:11:34:11 -0300] "POST /cormun/servlet/solicitudot?d37d1258c4110fa3b0a2649f2ede3fdc,INS,0,0,,gx-no-cache=1521729198712 HTTP/1.1" 200 11881
192.168.10.96 - - [22/Mar/2018:11:36:01 -0300] "POST /cormun/servlet/trsolicitudgral?13da0396988bffa615b38bed0b27f897,,gx-no-cache=1521729194248 HTTP/1.1" 200 16615
192.168.10.96 - - [22/Mar/2018:11:36:16 -0300] "POST /cormun/servlet/trsolicitudgral?13da0396988bffa615b38bed0b27f897,,gx-no-cache=1521729209299 HTTP/1.1" 200 5926
192.168.10.96 - - [22/Mar/2018:11:36:22 -0300] "POST /cormun/servlet/trsolicitudgral?13da0396988bffa615b38bed0b27f897,,gx-no-cache=1521729215094 HTTP/1.1" 200 5928
192.168.10.96 - - [22/Mar/2018:11:36:28 -0300] "POST /cormun/servlet/trsolicitudgral?13da0396988bffa615b38bed0b27f897,,gx-no-cache=1521729221078 HTTP/1.1" 200 7731
192.168.10.96 - - [22/Mar/2018:11:36:30 -0300] "POST /cormun/servlet/trsolicitudgral?13da0396988bffa615b38bed0b27f897,,gx-no-cache=1521729223237 HTTP/1.1" 200 7731
192.168.10.96 - - [22/Mar/2018:11:36:30 -0300] "POST /cormun/servlet/trsolicitudgral?13da0396988bffa615b38bed0b27f897,,gx-no-cache=1521729223440 HTTP/1.1" 200 7731
192.168.10.96 - - [22/Mar/2018:11:36:33 -0300] "GET /cormun/servlet/vesolicitudgral?2018,10514,, HTTP/1.1" 200 9240
192.168.10.96 - - [22/Mar/2018:11:36:33 -0300] "GET /cormun/pexe_scrolldiv.js HTTP/1.1" 404 1009
192.168.10.96 - - [22/Mar/2018:11:36:33 -0300] "GET /cormun/pexe_scrolldiv.js HTTP/1.1" 404 1009
192.168.10.96 - - [22/Mar/2018:11:36:33 -0300] "GET /cormun/servlet/vesolicitudgral?2018,10514,, HTTP/1.1" 200 9239
192.168.10.96 - - [22/Mar/2018:11:36:37 -0300] "GET /cormun/servlet/vesolicitudgral?2018,10514,,SolicitudOTAdjuntos HTTP/1.1" 200 10255
192.168.10.96 - - [22/Mar/2018:11:36:37 -0300] "GET /cormun/pexe_scrolldiv.js HTTP/1.1" 404 1009
192.168.10.96 - - [22/Mar/2018:11:36:37 -0300] "GET /cormun/pexe_scrolldiv.js HTTP/1.1" 404 1009
192.168.10.96 - - [22/Mar/2018:11:36:38 -0300] "GET /cormun/servlet/vesolicitudgral?2018,10514,,SolicitudOTAdjuntos HTTP/1.1" 200 10256
192.168.10.96 - - [22/Mar/2018:11:36:39 -0300] "POST /cormun/servlet/acontrolpreferencessavestate?None,DZAMUDIO,true HTTP/1.1" 200 35
192.168.10.96 - - [22/Mar/2018:11:36:41 -0300] "GET /cormun/PublicTempStorage/ci3705032.pdf HTTP/1.1" 200 263100
186.67.164.142 - - [22/Mar/2018:11:39:15 -0300] "POST /cormun/servlet/trpermisosgoce?edc853f08c70d5523c54f6e24b361440,gx-no-cache=1521729503538 HTTP/1.1" 200 5736
186.67.164.142 - - [22/Mar/2018:11:39:29 -0300] "GET /cormun/servlet/apermisogoceprn?17152836,P,20180322112000,PU HTTP/1.1" 200 1649
200.112.233.47 - - [22/Mar/2018:11:40:40 -0300] "GET /cormun/servlet/hlogin HTTP/1.1" 200 1728
200.112.233.47 - - [22/Mar/2018:11:40:40 -0300] "GET /cormun/servlet/hlogin HTTP/1.1" 200 1732
190.100.93.40 - - [22/Mar/2018:11:41:28 -0300] "GET /cormun/servlet/trsolicitudot? HTTP/1.1" 200 6400
190.100.93.40 - - [22/Mar/2018:11:41:29 -0300] "GET /cormun/servlet/hlogin HTTP/1.1" 200 1735
190.100.93.40 - - [22/Mar/2018:11:41:29 -0300] "GET /cormun/servlet/trsolicitudot? HTTP/1.1" 200 6391
190.100.93.40 - - [22/Mar/2018:11:41:45 -0300] "POST /cormun/servlet/hlogin?e31ce41178d53f0156599a948e9c2d17,gx-no-cache=1521729657920 HTTP/1.1" 200 90
190.100.93.40 - - [22/Mar/2018:11:41:45 -0300] "GET /cormun/servlet/hpexe_link HTTP/1.1" 200 954
190.100.93.40 - - [22/Mar/2018:11:41:45 -0300] "GET /cormun/servlet/trsolicitudot HTTP/1.1" 200 7375
190.100.93.40 - - [22/Mar/2018:11:41:46 -0300] "GET /cormun/servlet/trsolicitudot HTTP/1.1" 200 7374
190.100.93.40 - - [22/Mar/2018:11:41:49 -0300] "GET /cormun/servlet/trsolicitudot? HTTP/1.1" 200 7374
190.100.93.40 - - [22/Mar/2018:11:41:49 -0300] "GET /cormun/servlet/trsolicitudot? HTTP/1.1" 200 7374
190.100.93.40 - - [22/Mar/2018:11:41:52 -0300] "GET /cormun/servlet/solicitudot?INS,0,0, HTTP/1.1" 200 13790
190.100.93.40 - - [22/Mar/2018:11:41:53 -0300] "GET /cormun/servlet/solicitudot?INS,0,0, HTTP/1.1" 200 13795
190.100.93.40 - - [22/Mar/2018:11:42:03 -0300] "POST /cormun/servlet/solicitudot?gx-no-cache=1521729675664 HTTP/1.1" 200 3390
190.100.93.40 - - [22/Mar/2018:11:42:03 -0300] "POST /cormun/servlet/solicitudot?e31ce41178d53f0156599a948e9c2d17,INS,0,0,,gx-no-cache=1521729675962 HTTP/1.1" 200 10565
190.100.93.40 - - [22/Mar/2018:11:42:06 -0300] "GET /cormun/servlet/solicitudot?32cbf7df7fd630e94be59feae296bb9a6bc44f6699c67031a079ad1b178e61a81dc44d2793f39e91f0f4b0505bd3cddb,gx-no-cache=1521729679225 HTTP/1.1" 200 30
190.100.93.40 - - [22/Mar/2018:11:42:07 -0300] "GET /cormun/servlet/solicitudot?32cbf7df7fd630e94be59feae296bb9aadd84dac1f8d2b0b65a84ec5685601a4d849762e5a4d1811edea75f7eb2c27e9d473753ba5aafcf5e1c883547a79308d,gx-no-cache=1521729679295 HTTP/1.1" 200 30
190.100.93.40 - - [22/Mar/2018:11:42:07 -0300] "GET /cormun/servlet/solicitudot?32cbf7df7fd630e94be59feae296bb9a0fa955dcea81b6e6b6f88f5f5606f7fc,gx-no-cache=1521729679350 HTTP/1.1" 200 45
190.100.93.40 - - [22/Mar/2018:11:42:07 -0300] "POST /cormun/servlet/solicitudot?gx-no-cache=1521729679395 HTTP/1.1" 200 255
190.100.93.40 - - [22/Mar/2018:11:42:07 -0300] "GET /cormun/servlet/solicitudot?32cbf7df7fd630e94be59feae296bb9a342728a6768983074605820337be65c0afa08b1536416aa19acf1519220c981aeddcdd420d0ba817ae1e878d601a22eff42040d9e98845f09dc4df01bcedcb12292c5ea39b039f73421e8771d39810e2db5f8ceca7734aadf5e2341cd3bafcfd9dece6abbb5d11e92f74413e18a37b1fbf086f90721124af9d604f18d16e903059426487b18f6d123086afe207d8c78ab4a6068f65e5f1375d2895a67c6751a249b3692a8e453c778894ff881b0b6479e26b2dda23532f33af19b78afede1d1c4b84fd1f6193a4c89c1c3401c89c56e7b9ba468bffb5f32ef9b6be3e09df7d8ef085d2ecdb8a688dffadf035ae23151f004ff52d67946bc495dd6354688e0669fbee8a1be329c042ef99a7400a9de232acb92b58158bc4dc2f041ad300d2a5a7f32351a0a8983917869750c07ab0c48caf8a3af68eb9fb656602950b267dbb0b05593d20804691f6e6158765671795be4a44a612b79a4390ab162a8e212edf00ae4747524d1eeff5ffb02e852faea29e,gx-no-cache=1521729679455 HTTP/1.1" 200 30
192.168.10.96 - - [22/Mar/2018:11:42:29 -0300] "GET /cormun/servlet/vesolicitudgral?2018,10514,,SolicitudOTAdjuntos HTTP/1.1" 200 10253
192.168.10.96 - - [22/Mar/2018:11:42:29 -0300] "GET /cormun/servlet/vesolicitudgral?2018,10514,,SolicitudOTAdjuntos HTTP/1.1" 200 10256
192.168.10.96 - - [22/Mar/2018:11:42:30 -0300] "POST /cormun/servlet/acontrolpreferencessavestate?None,DZAMUDIO,true HTTP/1.1" 200 35
186.103.159.189 - - [22/Mar/2018:11:45:46 -0300] "POST /cormun/servlet/trvisualizadoreventos?6e26d83babba14fdcfbf4560ef0b3bc5,gx-no-cache=1521729896025 HTTP/1.1" 440 972
186.103.159.189 - - [22/Mar/2018:11:45:47 -0300] "GET /cormun/servlet/trvisualizadoreventos HTTP/1.1" 200 5956
186.103.159.189 - - [22/Mar/2018:11:45:49 -0300] "GET /cormun/servlet/trvisualizadoreventos HTTP/1.1" 200 5956
186.103.159.189 - - [22/Mar/2018:11:45:49 -0300] "GET /cormun/servlet/hlogin HTTP/1.1" 200 1738
186.67.164.142 - - [22/Mar/2018:11:46:52 -0300] "GET /cormun/servlet/trlicencias? HTTP/1.1" 200 11720
