186.103.159.182 - - [22/Mar/2018:08:48:17 -0300] "POST /cormun/servlet/hlogin?b1f38377f7bab992410b8a0127c424cd,gx-no-cache=1521719244679 HTTP/1.1" 200 90
186.103.159.182 - - [22/Mar/2018:08:48:17 -0300] "GET /cormun/servlet/hpexe_link HTTP/1.1" 200 956
186.103.159.182 - - [22/Mar/2018:08:48:17 -0300] "GET /cormun/servlet/solicitudot?INS,0,0, HTTP/1.1" 200 13525
186.103.159.182 - - [22/Mar/2018:08:48:17 -0300] "GET /cormun/servlet/solicitudot?INS,0,0, HTTP/1.1" 200 13530
186.103.159.182 - - [22/Mar/2018:08:48:26 -0300] "GET /cormun/servlet/prfichaempleado?,MD,,gxPopupLevel%3D0%3B HTTP/1.1" 200 9420
190.100.93.40 - - [22/Mar/2018:08:48:31 -0300] "POST /cormun/servlet/solicitudot?gx-no-cache=1521719263905 HTTP/1.1" 200 30
190.100.93.40 - - [22/Mar/2018:08:48:31 -0300] "POST /cormun/servlet/solicitudot?gx-no-cache=1521719264044 HTTP/1.1" 200 1337
190.100.93.40 - - [22/Mar/2018:08:48:31 -0300] "POST /cormun/servlet/solicitudot?gx-no-cache=1521719264142 HTTP/1.1" 200 38
186.103.159.182 - - [22/Mar/2018:08:48:34 -0300] "POST /cormun/servlet/prfichaempleado?b1f38377f7bab992410b8a0127c424cd,,MD,,gxPopupLevel%3D0%3B,gx-no-cache=1521719262778 HTTP/1.1" 200 3468
190.100.93.40 - - [22/Mar/2018:08:48:42 -0300] "POST /cormun/servlet/solicitudot?gx-no-cache=1521719274759 HTTP/1.1" 200 30
186.103.159.182 - - [22/Mar/2018:08:48:43 -0300] "POST /cormun/servlet/solicitudot?gx-no-cache=1521719271819 HTTP/1.1" 200 3392
186.103.159.182 - - [22/Mar/2018:08:48:43 -0300] "POST /cormun/servlet/solicitudot?b1f38377f7bab992410b8a0127c424cd,INS,0,0,,gx-no-cache=1521719271940 HTTP/1.1" 200 10289
186.103.159.182 - - [22/Mar/2018:08:48:43 -0300] "GET /cormun/servlet/solicitudot?83c6116ae2d3aff6a1a573f04a4314b4919e3992ba88d0b1696b097ca1a69cc7f8b59c52a27cd03b4f847e4a29553606,gx-no-cache=1521719272112 HTTP/1.1" 200 30
186.103.159.182 - - [22/Mar/2018:08:48:52 -0300] "GET /cormun/servlet/solicitudot?83c6116ae2d3aff6a1a573f04a4314b41e43df8dc0d842f235b702363a22362cf3cd707a02b0e31d4f672ee8ec6caa326d8f1540f5e817d692c148d5d8bd9b6a,gx-no-cache=1521719280268 HTTP/1.1" 200 30
186.103.159.182 - - [22/Mar/2018:08:48:52 -0300] "GET /cormun/servlet/solicitudot?83c6116ae2d3aff6a1a573f04a4314b4e1feab60d60f02a1a85f28bfdaf8ba78,gx-no-cache=1521719280296 HTTP/1.1" 200 123
186.103.159.182 - - [22/Mar/2018:08:48:52 -0300] "GET /cormun/static/Shared/jqueryui/images/ui-bg_highlight-soft_100_c6c2c8_1x100.png HTTP/1.1" 404 1117
200.72.197.82 - - [22/Mar/2018:08:48:52 -0300] "POST /cormun/servlet/solicitudot?gx-no-cache=1521719280761 HTTP/1.1" 200 1319
186.103.159.182 - - [22/Mar/2018:08:48:52 -0300] "GET /cormun/static/Shared/jqueryui/images/ui-icons_82798d_256x240.png HTTP/1.1" 404 1089
186.103.159.182 - - [22/Mar/2018:08:48:52 -0300] "GET /cormun/static/Shared/jqueryui/images/ui-bg_flat_55_994d53_40x100.png HTTP/1.1" 404 1097
186.103.159.182 - - [22/Mar/2018:08:48:52 -0300] "GET /cormun/static/Shared/jqueryui/images/ui-icons_ebccce_256x240.png HTTP/1.1" 404 1089
200.72.197.82 - - [22/Mar/2018:08:48:52 -0300] "POST /cormun/servlet/solicitudot?gx-no-cache=1521719280966 HTTP/1.1" 200 1218
200.72.197.82 - - [22/Mar/2018:08:48:52 -0300] "GET /cormun/servlet/solicitudot?7a5fdfdf061af9ccd1cde25bff06a655ed85d4dc60879e6c08d991359db683fa72f611732b37589ca0f2cb69c47316cb,gx-no-cache=1521719281064 HTTP/1.1" 200 30
200.72.197.82 - - [22/Mar/2018:08:48:52 -0300] "POST /cormun/servlet/solicitudot?gx-no-cache=1521719281106 HTTP/1.1" 200 32
200.72.197.82 - - [22/Mar/2018:08:48:52 -0300] "POST /cormun/servlet/solicitudot?7f28d9d071ee2758f2798a516c51a84b,INS,0,0,,gx-no-cache=1521719281190 HTTP/1.1" 200 93
200.72.197.82 - - [22/Mar/2018:08:48:52 -0300] "GET /cormun/servlet/hpexe_return? HTTP/1.1" 200 1021
200.72.197.82 - - [22/Mar/2018:08:48:52 -0300] "GET /cormun/servlet/trsolicitudot?gx-no-cache=1521719030012 HTTP/1.1" 200 9364
200.72.197.82 - - [22/Mar/2018:08:48:53 -0300] "GET /cormun/servlet/trsolicitudot?gx-no-cache=1521719030012 HTTP/1.1" 200 9379
200.72.197.82 - - [22/Mar/2018:08:49:03 -0300] "POST /cormun/servlet/trsolicitudot?7f28d9d071ee2758f2798a516c51a84b,gx-no-cache=1521719030012,gx-no-cache=1521719292611 HTTP/1.1" 200 5873
200.72.197.82 - - [22/Mar/2018:08:49:04 -0300] "GET /cormun/static/Shared/jqueryui/images/ui-bg_highlight-soft_100_c6c2c8_1x100.png HTTP/1.1" 404 1117
190.151.100.218 - - [22/Mar/2018:08:49:04 -0300] "GET /cormun/static/Shared/jqueryui/images/ui-icons_82798d_256x240.png HTTP/1.1" 404 1089
200.72.197.82 - - [22/Mar/2018:08:49:04 -0300] "GET /cormun/static/Shared/jqueryui/images/ui-bg_flat_55_fafafa_40x100.png HTTP/1.1" 404 1097
186.103.132.155 - - [22/Mar/2018:08:49:04 -0300] "GET /cormun/static/Shared/jqueryui/images/ui-icons_8d78a5_256x240.png HTTP/1.1" 404 1089
190.151.100.218 - - [22/Mar/2018:08:49:04 -0300] "POST /cormun/servlet/trsolicitudot?7f28d9d071ee2758f2798a516c51a84b,gx-no-cache=1521719030012,gx-no-cache=1521719292883 HTTP/1.1" 200 5817
190.151.100.218 - - [22/Mar/2018:08:49:05 -0300] "POST /cormun/servlet/trsolicitudot?7f28d9d071ee2758f2798a516c51a84b,gx-no-cache=1521719030012,gx-no-cache=1521719294412 HTTP/1.1" 200 4657
190.151.100.218 - - [22/Mar/2018:08:49:05 -0300] "POST /cormun/servlet/trsolicitudot?7f28d9d071ee2758f2798a516c51a84b,gx-no-cache=1521719030012,gx-no-cache=1521719294619 HTTP/1.1" 200 4445
190.151.100.218 - - [22/Mar/2018:08:49:09 -0300] "GET /cormun/servlet/trautorizarsolicitud? HTTP/1.1" 200 9274
190.151.100.218 - - [22/Mar/2018:08:49:10 -0300] "GET /cormun/servlet/trautorizarsolicitud? HTTP/1.1" 200 9254
192.168.10.96 - - [22/Mar/2018:08:49:11 -0300] "POST /cormun/servlet/trsolicitudgral?eea656293f327e6fc1635d59f385541f,,gx-no-cache=1521719184477 HTTP/1.1" 200 5938
192.168.10.96 - - [22/Mar/2018:08:49:12 -0300] "POST /cormun/servlet/trsolicitudgral?eea656293f327e6fc1635d59f385541f,,gx-no-cache=1521719185444 HTTP/1.1" 200 5938
192.168.10.96 - - [22/Mar/2018:08:49:12 -0300] "POST /cormun/servlet/trsolicitudgral?eea656293f327e6fc1635d59f385541f,,gx-no-cache=1521719185638 HTTP/1.1" 200 5936
190.151.100.218 - - [22/Mar/2018:08:49:16 -0300] "POST /cormun/servlet/trautorizarsolicitud?7f28d9d071ee2758f2798a516c51a84b,,gx-no-cache=1521719305386 HTTP/1.1" 200 5802
190.151.100.218 - - [22/Mar/2018:08:49:16 -0300] "GET /cormun/static/Shared/jqueryui/images/ui-bg_highlight-soft_100_c6c2c8_1x100.png HTTP/1.1" 404 1117
186.103.132.155 - - [22/Mar/2018:08:49:16 -0300] "GET /cormun/static/Shared/jqueryui/images/ui-icons_82798d_256x240.png HTTP/1.1" 404 1089
190.151.100.218 - - [22/Mar/2018:08:49:16 -0300] "GET /cormun/static/Shared/jqueryui/images/ui-icons_8d78a5_256x240.png HTTP/1.1" 404 1089
200.72.197.82 - - [22/Mar/2018:08:49:16 -0300] "GET /cormun/static/Shared/jqueryui/images/ui-bg_flat_55_fafafa_40x100.png HTTP/1.1" 404 1097
186.103.132.155 - - [22/Mar/2018:08:49:17 -0300] "POST /cormun/servlet/trautorizarsolicitud?7f28d9d071ee2758f2798a516c51a84b,,gx-no-cache=1521719305768 HTTP/1.1" 200 5748
186.103.132.155 - - [22/Mar/2018:08:49:18 -0300] "POST /cormun/servlet/trautorizarsolicitud?7f28d9d071ee2758f2798a516c51a84b,,gx-no-cache=1521719306660 HTTP/1.1" 200 4596
186.103.132.155 - - [22/Mar/2018:08:49:18 -0300] "POST /cormun/servlet/trautorizarsolicitud?7f28d9d071ee2758f2798a516c51a84b,,gx-no-cache=1521719306959 HTTP/1.1" 200 4388
186.103.159.182 - - [22/Mar/2018:08:49:23 -0300] "GET /cormun/servlet/solicitudot?83c6116ae2d3aff6a1a573f04a4314b4888d497155845cdd0685313e2d7ad838,gx-no-cache=1521719311732 HTTP/1.1" 200 123
186.103.159.182 - - [22/Mar/2018:08:49:23 -0300] "POST /cormun/servlet/solicitudot?gx-no-cache=1521719311775 HTTP/1.1" 200 255
186.103.159.182 - - [22/Mar/2018:08:49:23 -0300] "GET /cormun/servlet/solicitudot?83c6116ae2d3aff6a1a573f04a4314b4359a3d0fe94fdf0067525b3c4d571398388f772cb3b770f3155d276313551c873992c3233534adf3ec0a91b85229cd4a4cda4e04957e3989a7e48306e411cfbe942da896495676137e16f292273a3f49f228677b4a5d6496bdf03578f5bca8c718173557c3a08f113d1c2167517a389e1ffa75763d2eb3a08aa4f5012f6d91918602bdc73616bfa254da132b9fbc3a02a1bc951290e9018aa3dbadc537d0c0857fab847e60eca1430feb0b4a1bf46673830f3afb80a91ad89781fc479ac6ad67e92f33651375653bddad259b2ee42e8dde5be17d08ce1fb28ac6cdd8ea474cba05fad97349174f9a78b083631344beb621ed50bf5a7ff1b493b059a185da0cdad0b20e28f0ca0abb08d534f4a68b71a9b4c8b14729c82a108613e19c6ece34104a42891c48419c6fb21e9bc6c535fa80cdbc8dae51db3a76a3107c732c1d26c2c12a8bd3b3b96520fa3445cf4c7873c2047d5c20ab827586a7f146e2abacd7bbca91b8b30b9c410c452aaee44059af37,gx-no-cache=1521719311812 HTTP/1.1" 200 30
186.103.159.182 - - [22/Mar/2018:08:49:29 -0300] "POST /cormun/servlet/solicitudot?b1f38377f7bab992410b8a0127c424cd,INS,0,0,,gx-no-cache=1521719317712 HTTP/1.1" 200 10375
186.103.159.182 - - [22/Mar/2018:08:49:29 -0300] "GET /cormun/static/Shared/jqueryui/images/ui-bg_flat_55_fafafa_40x100.png HTTP/1.1" 404 1097
186.103.159.182 - - [22/Mar/2018:08:49:29 -0300] "GET /cormun/static/Shared/jqueryui/images/ui-icons_8d78a5_256x240.png HTTP/1.1" 404 1089
186.103.132.155 - - [22/Mar/2018:08:49:30 -0300] "GET /cormun/servlet/trsolicitudot? HTTP/1.1" 200 7427
186.103.132.155 - - [22/Mar/2018:08:49:31 -0300] "GET /cormun/servlet/trsolicitudot? HTTP/1.1" 200 7426
186.103.159.182 - - [22/Mar/2018:08:49:32 -0300] "GET /cormun/servlet/solicitudot?83c6116ae2d3aff6a1a573f04a4314b4919e3992ba88d0b1696b097ca1a69cc771b4a82834bc2c8ae8f401881ff9a4e4,gx-no-cache=1521719320906 HTTP/1.1" 200 30
186.103.159.182 - - [22/Mar/2018:08:49:32 -0300] "GET /cormun/servlet/solicitudot?83c6116ae2d3aff6a1a573f04a4314b41e43df8dc0d842f235b702363a22362cf3cd707a02b0e31d4f672ee8ec6caa3206640a070f4d77298ee7e2801e83fe35,gx-no-cache=1521719320948 HTTP/1.1" 200 30
186.103.132.155 - - [22/Mar/2018:08:49:34 -0300] "GET /cormun/static/menuarrow.gif HTTP/1.1" 404 1015
186.103.159.182 - - [22/Mar/2018:08:49:37 -0300] "GET /cormun/servlet/solicitudot?83c6116ae2d3aff6a1a573f04a4314b4fc183d30487598b9a34366ec7aeb7185,gx-no-cache=1521719325396 HTTP/1.1" 200 123
186.103.159.182 - - [22/Mar/2018:08:49:37 -0300] "POST /cormun/servlet/solicitudot?gx-no-cache=1521719325429 HTTP/1.1" 200 255
186.103.159.182 - - [22/Mar/2018:08:49:37 -0300] "GET /cormun/servlet/solicitudot?83c6116ae2d3aff6a1a573f04a4314b4359a3d0fe94fdf0067525b3c4d571398388f772cb3b770f3155d276313551c873992c3233534adf3ec0a91b85229cd4a4cda4e04957e3989a7e48306e411cfbe942da896495676137e16f292273a3f49f228677b4a5d6496bdf03578f5bca8c718173557c3a08f113d1c2167517a389e1ffa75763d2eb3a08aa4f5012f6d91918602bdc73616bfa254da132b9fbc3a02a1bc951290e9018aa3dbadc537d0c0857fab847e60eca1430feb0b4a1bf46673830f3afb80a91ad89781fc479ac6ad67e92f33651375653bddad259b2ee42e8dde5be17d08ce1fb28ac6cdd8ea474cba05fad97349174f9a78b083631344beb621ed50bf5a7ff1b493b059a185da0cdad0b20e28f0ca0abb08d534f4a68b71a9b4c8b14729c82a108613e19c6ece34104a42891c48419c6fb21e9bc6c535fa80cdbc8dae51db3a76a3107c732c1d26c2c12a8bd3b3b96520fa3445cf4c7873c2047d5c20ab827586a7f146e2abacd7bba91e60871739ade12c2ae06be6c6293d,gx-no-cache=1521719325463 HTTP/1.1" 200 30
186.103.132.155 - - [22/Mar/2018:08:49:40 -0300] "POST /cormun/servlet/trsolicitudot?7f28d9d071ee2758f2798a516c51a84b,,gx-no-cache=1521719329164 HTTP/1.1" 200 21463
192.168.10.96 - - [22/Mar/2018:08:49:44 -0300] "POST /cormun/servlet/trsolicitudgral?eea656293f327e6fc1635d59f385541f,,gx-no-cache=1521719217213 HTTP/1.1" 200 7926
186.103.159.182 - - [22/Mar/2018:08:49:45 -0300] "POST /cormun/servlet/solicitudot?b1f38377f7bab992410b8a0127c424cd,INS,0,0,,gx-no-cache=1521719333343 HTTP/1.1" 200 10429
186.103.159.182 - - [22/Mar/2018:08:49:49 -0300] "GET /cormun/servlet/solicitudot?83c6116ae2d3aff6a1a573f04a4314b4919e3992ba88d0b1696b097ca1a69cc771b4a82834bc2c8ae8f401881ff9a4e4,gx-no-cache=1521719337691 HTTP/1.1" 200 30
186.103.159.182 - - [22/Mar/2018:08:49:49 -0300] "GET /cormun/servlet/solicitudot?83c6116ae2d3aff6a1a573f04a4314b41e43df8dc0d842f235b702363a22362cf3cd707a02b0e31d4f672ee8ec6caa3206640a070f4d77298ee7e2801e83fe35,gx-no-cache=1521719337783 HTTP/1.1" 200 30
186.103.159.182 - - [22/Mar/2018:08:49:49 -0300] "GET /cormun/servlet/solicitudot?83c6116ae2d3aff6a1a573f04a4314b4fc183d30487598b9a34366ec7aeb7185,gx-no-cache=1521719337810 HTTP/1.1" 200 123
186.103.159.182 - - [22/Mar/2018:08:49:49 -0300] "POST /cormun/servlet/solicitudot?gx-no-cache=1521719337840 HTTP/1.1" 200 255
186.103.159.182 - - [22/Mar/2018:08:49:50 -0300] "GET /cormun/servlet/solicitudot?83c6116ae2d3aff6a1a573f04a4314b4359a3d0fe94fdf0067525b3c4d571398388f772cb3b770f3155d276313551c873992c3233534adf3ec0a91b85229cd4a4cda4e04957e3989a7e48306e411cfbe942da896495676137e16f292273a3f49f228677b4a5d6496bdf03578f5bca8c718173557c3a08f113d1c2167517a389e1ffa75763d2eb3a08aa4f5012f6d91918602bdc73616bfa254da132b9fbc3a02a1bc951290e9018aa3dbadc537d0c0857fab847e60eca1430feb0b4a1bf46673830f3afb80a91ad89781fc479ac6ad67e92f33651375653bddad259b2ee42e8dde5be17d08ce1fb28ac6cdd8ea474cba05fad97349174f9a78b083631344beb621ed50bf5a7ff1b493b059a185da0cdad0b20e28f0ca0abb08d534f4a68b71a9b4c8b14729c82a108613e19c6ece34104a42891c48419c6fb21e9bc6c535fa80cdbc8dae51db3a76a3107c732c1d26c2c12a8bd3b3b96520fa3445cf4c7873c2047d5c20ab827586a7f146e2abacd7bba91e60871739ade12c2ae06be6c6293d,gx-no-cache=1521719337879 HTTP/1.1" 200 30
186.103.159.182 - - [22/Mar/2018:08:49:53 -0300] "GET /cormun/servlet/prbanco?,MD,,gxPopupLevel%3D0%3B HTTP/1.1" 200 6704
186.103.159.182 - - [22/Mar/2018:08:50:02 -0300] "POST /cormun/servlet/prbanco?b1f38377f7bab992410b8a0127c424cd,,MD,,gxPopupLevel%3D0%3B,gx-no-cache=1521719350241 HTTP/1.1" 200 2544
186.103.159.182 - - [22/Mar/2018:08:50:14 -0300] "GET /cormun/servlet/prbanco?,MD,,gxPopupLevel%3D0%3B HTTP/1.1" 200 6704
192.168.10.96 - - [22/Mar/2018:08:50:29 -0300] "POST /cormun/servlet/trsolicitudgral?eea656293f327e6fc1635d59f385541f,,gx-no-cache=1521719262750 HTTP/1.1" 200 7882
186.103.159.182 - - [22/Mar/2018:08:50:37 -0300] "GET /cormun/servlet/solicitudot?83c6116ae2d3aff6a1a573f04a4314b4e48bae30e5f322b863fd2deecfb24f21,gx-no-cache=1521719385633 HTTP/1.1" 200 51
186.103.159.182 - - [22/Mar/2018:08:50:38 -0300] "POST /cormun/servlet/solicitudot?gx-no-cache=1521719385768 HTTP/1.1" 200 255
186.103.159.182 - - [22/Mar/2018:08:50:38 -0300] "GET /cormun/servlet/solicitudot?83c6116ae2d3aff6a1a573f04a4314b4359a3d0fe94fdf0067525b3c4d571398388f772cb3b770f3155d276313551c873992c3233534adf3ec0a91b85229cd4a4cda4e04957e3989a7e48306e411cfbe942da896495676137e16f292273a3f49f228677b4a5d6496bdf03578f5bca8c718173557c3a08f113d1c2167517a389e1ffa75763d2eb3a08aa4f5012f6d91918602bdc73616bfa254da132b9fbc3a02a1bc951290e9018aa3dbadc537d0c0857fab847e60eca1430feb0b4a1bf46673830f3afb80a91ad89781fc479ac6ad67e92f33651375653bddad259b2ee42e8dde5be17d08ce1fb28ac6cdd8ea474cba05fad97349174f9a78b083631344beb621ed50bf5a7ff1b493b059a185da0cdad0b20e28f0ca0abb08d534f4a68b71a9b4c8b14729c82a108613e19c6ece34104a42891c48419c6fb21e9bc6c535fa80cdbc8dae51db3a76a3107c732c1d26c2c12a8bd3b3b96520fa3445cf4c7873c2047d5c20ab827586a7f146e2abacd7bba91e60871739ade12c2ae06be6c6293d,gx-no-cache=1521719386315 HTTP/1.1" 200 30
186.103.159.182 - - [22/Mar/2018:08:50:38 -0300] "POST /cormun/servlet/solicitudot?gx-no-cache=1521719386481 HTTP/1.1" 200 30
186.103.159.182 - - [22/Mar/2018:08:50:38 -0300] "POST /cormun/servlet/solicitudot?gx-no-cache=1521719386520 HTTP/1.1" 200 1337
186.103.159.182 - - [22/Mar/2018:08:50:38 -0300] "POST /cormun/servlet/solicitudot?gx-no-cache=1521719386576 HTTP/1.1" 200 38
186.103.159.189 - - [22/Mar/2018:08:50:49 -0300] "GET /cormun/servlet/hlogin HTTP/1.1" 200 1722
186.103.159.189 - - [22/Mar/2018:08:50:49 -0300] "GET /cormun/servlet/hlogin HTTP/1.1" 200 1722
186.103.159.189 - - [22/Mar/2018:08:50:50 -0300] "GET /cormun/static/Resources/Spanish/PXTools.css?11423723 HTTP/1.1" 304 -
186.103.159.189 - - [22/Mar/2018:08:50:50 -0300] "GET /cormun/static/hlogin.js?20175251213537 HTTP/1.1" 304 -
186.103.159.189 - - [22/Mar/2018:08:50:50 -0300] "GET /cormun/servlet/hlogin HTTP/1.1" 200 1732
192.168.10.96 - - [22/Mar/2018:08:50:53 -0300] "POST /cormun/servlet/trsolicitudgral?eea656293f327e6fc1635d59f385541f,,gx-no-cache=1521719286342 HTTP/1.1" 200 7997
200.54.247.70 - - [22/Mar/2018:08:50:56 -0300] "GET /cormun/static/Shared/jqueryui/jquery-ui.min.js HTTP/1.1" 200 240427
186.103.159.189 - - [22/Mar/2018:08:51:06 -0300] "POST /cormun/servlet/hlogin?ac3df7825e29665a591d613deca154a3,gx-no-cache=1521719417207 HTTP/1.1" 200 90
186.103.159.189 - - [22/Mar/2018:08:51:06 -0300] "GET /cormun/servlet/hpexe_link HTTP/1.1" 200 951
186.103.159.189 - - [22/Mar/2018:08:51:06 -0300] "GET /cormun/static/Resources/Spanish/PXTools.css?1155365 HTTP/1.1" 304 -
186.103.159.189 - - [22/Mar/2018:08:51:06 -0300] "GET /cormun/static/hpexe_link.js?20177612121795 HTTP/1.1" 304 -
186.103.159.189 - - [22/Mar/2018:08:51:07 -0300] "GET /cormun/servlet/hhome HTTP/1.1" 200 3987
186.103.159.189 - - [22/Mar/2018:08:51:07 -0300] "GET /cormun/static/hwchdr01.js?201752511465785 HTTP/1.1" 304 -
186.103.159.189 - - [22/Mar/2018:08:51:07 -0300] "GET /cormun/static/hpexe_recentlink.js?20177611595044 HTTP/1.1" 304 -
186.103.159.189 - - [22/Mar/2018:08:51:07 -0300] "GET /cormun/static/hhome.js?20175251212450 HTTP/1.1" 304 -
186.103.159.189 - - [22/Mar/2018:08:51:07 -0300] "GET /cormun/static/hpexe_scripts.js?201752511465715 HTTP/1.1" 304 -
186.103.159.189 - - [22/Mar/2018:08:51:07 -0300] "GET /cormun/static/hpexe_messagecontroller.js?20177611595012 HTTP/1.1" 304 -
186.103.159.189 - - [22/Mar/2018:08:51:07 -0300] "GET /cormun/static/hpexe_messagepopupcomponent.js?20161017169425 HTTP/1.1" 304 -
186.103.159.189 - - [22/Mar/2018:08:51:07 -0300] "GET /cormun/static/hpexe_messagegenexuscomponent.js?201752511465344 HTTP/1.1" 304 -
186.103.159.189 - - [22/Mar/2018:08:51:07 -0300] "GET /cormun/static/cmcontrolpreferences.js?201752511465670 HTTP/1.1" 304 -
186.103.159.189 - - [22/Mar/2018:08:51:07 -0300] "GET /cormun/static/hmpwkw03.js?20177612122668 HTTP/1.1" 304 -
186.103.159.189 - - [22/Mar/2018:08:51:09 -0300] "GET /cormun/servlet/hhome HTTP/1.1" 200 3984
186.103.159.182 - - [22/Mar/2018:08:51:10 -0300] "GET /cormun/servlet/trvisualizadoreventos? HTTP/1.1" 200 7030
186.103.159.182 - - [22/Mar/2018:08:51:10 -0300] "GET /cormun/static/calendar-system.css?75620 HTTP/1.1" 200 5572
186.103.159.182 - - [22/Mar/2018:08:51:10 -0300] "GET /cormun/static/gxcfg.js?20175251251426 HTTP/1.1" 200 953
186.103.159.182 - - [22/Mar/2018:08:51:10 -0300] "GET /cormun/static/trvisualizadoreventos.js?20175251251768 HTTP/1.1" 200 19318
186.103.159.182 - - [22/Mar/2018:08:51:10 -0300] "GET /cormun/static/Resources/PXToolsActionPrint.png HTTP/1.1" 200 3317
186.103.159.182 - - [22/Mar/2018:08:51:10 -0300] "GET /cormun/servlet/trvisualizadoreventos? HTTP/1.1" 200 7025
186.103.159.189 - - [22/Mar/2018:08:51:13 -0300] "GET /cormun/servlet/trsolicitudot? HTTP/1.1" 200 7196
186.103.159.189 - - [22/Mar/2018:08:51:13 -0300] "GET /cormun/static/Resources/Spanish/PXTools.css?1255365 HTTP/1.1" 304 -
186.103.159.189 - - [22/Mar/2018:08:51:15 -0300] "GET /cormun/servlet/trsolicitudot? HTTP/1.1" 200 7195
186.103.159.189 - - [22/Mar/2018:08:51:18 -0300] "GET /cormun/servlet/solicitudot?INS,0,0, HTTP/1.1" 200 13434
186.103.159.189 - - [22/Mar/2018:08:51:19 -0300] "GET /cormun/servlet/solicitudot?INS,0,0, HTTP/1.1" 200 13439
186.103.159.189 - - [22/Mar/2018:08:51:30 -0300] "GET /cormun/servlet/hlogin HTTP/1.1" 200 1722
186.103.159.182 - - [22/Mar/2018:08:51:33 -0300] "GET /cormun/static/menuarrow.gif HTTP/1.1" 404 1015
186.103.159.182 - - [22/Mar/2018:08:51:39 -0300] "POST /cormun/servlet/trvisualizadoreventos?b1f38377f7bab992410b8a0127c424cd,,gx-no-cache=1521719447569 HTTP/1.1" 200 7054
186.103.159.182 - - [22/Mar/2018:08:51:39 -0300] "GET /cormun/static/Resources/PXToolsGridNext.gif HTTP/1.1" 200 369
186.103.159.182 - - [22/Mar/2018:08:51:39 -0300] "GET /cormun/static/Resources/PXToolsGridLast.gif HTTP/1.1" 200 370
186.103.159.189 - - [22/Mar/2018:08:51:50 -0300] "POST /cormun/servlet/hlogin?ac3df7825e29665a591d613deca154a3,gx-no-cache=1521719461133 HTTP/1.1" 200 90
186.103.159.189 - - [22/Mar/2018:08:51:50 -0300] "GET /cormun/servlet/hpexe_link HTTP/1.1" 200 951
186.103.159.189 - - [22/Mar/2018:08:51:50 -0300] "GET /cormun/servlet/hhome HTTP/1.1" 200 4174
186.103.159.189 - - [22/Mar/2018:08:51:52 -0300] "GET /cormun/servlet/hhome HTTP/1.1" 200 4170
186.103.159.189 - - [22/Mar/2018:08:51:57 -0300] "GET /cormun/servlet/trcontratosolicitud? HTTP/1.1" 200 14491
186.103.159.189 - - [22/Mar/2018:08:51:57 -0300] "GET /cormun/static/gxcfg.js?20177612214014 HTTP/1.1" 200 953
186.103.159.189 - - [22/Mar/2018:08:51:58 -0300] "GET /cormun/static/trcontratosolicitud.js?20177612214349 HTTP/1.1" 304 -
186.103.159.189 - - [22/Mar/2018:08:51:59 -0300] "GET /cormun/servlet/trcontratosolicitud? HTTP/1.1" 200 14502
186.103.159.189 - - [22/Mar/2018:08:51:59 -0300] "GET /cormun//static/Resources/PXToolsGridNew.png HTTP/1.1" 200 2949
186.103.159.182 - - [22/Mar/2018:08:52:03 -0300] "POST /cormun/servlet/trvisualizadoreventos?b1f38377f7bab992410b8a0127c424cd,,gx-no-cache=1521719471858 HTTP/1.1" 200 6573
186.103.159.189 - - [22/Mar/2018:08:52:20 -0300] "POST /cormun/servlet/trcontratosolicitud?ac3df7825e29665a591d613deca154a3,,gx-no-cache=1521719490638 HTTP/1.1" 200 5266
186.103.159.182 - - [22/Mar/2018:08:52:29 -0300] "POST /cormun/servlet/trvisualizadoreventos?b1f38377f7bab992410b8a0127c424cd,,gx-no-cache=1521719497407 HTTP/1.1" 200 6573
186.103.159.182 - - [22/Mar/2018:08:53:33 -0300] "GET /cormun/servlet/trsolicitudot? HTTP/1.1" 200 7464
186.103.159.182 - - [22/Mar/2018:08:53:33 -0300] "GET /cormun/servlet/trsolicitudot? HTTP/1.1" 200 7463
186.103.159.182 - - [22/Mar/2018:08:53:39 -0300] "GET /cormun/static/menuarrow.gif HTTP/1.1" 404 1015
186.103.159.182 - - [22/Mar/2018:08:53:50 -0300] "POST /cormun/servlet/trsolicitudot?b1f38377f7bab992410b8a0127c424cd,,gx-no-cache=1521719578882 HTTP/1.1" 200 4463
157.55.39.38 - - [22/Mar/2018:08:53:54 -0300] "GET /cormun/servlet/licenciaspermisos?INS,0,,, HTTP/1.1" 200 6799
186.103.159.182 - - [22/Mar/2018:08:53:55 -0300] "POST /cormun/servlet/trsolicitudot?b1f38377f7bab992410b8a0127c424cd,,gx-no-cache=1521719583319 HTTP/1.1" 200 4463
186.103.159.189 - - [22/Mar/2018:08:54:09 -0300] "GET /cormun/servlet/trcontratoobservaciondir? HTTP/1.1" 200 8883
186.103.159.189 - - [22/Mar/2018:08:54:09 -0300] "GET /cormun/static/gxcfg.js?20175251262281 HTTP/1.1" 200 953
186.103.159.189 - - [22/Mar/2018:08:54:09 -0300] "GET /cormun/static/trcontratoobservaciondir.js?20175251262715 HTTP/1.1" 200 27185
186.103.159.182 - - [22/Mar/2018:08:54:10 -0300] "GET /cormun/servlet/trsolicitudot? HTTP/1.1" 200 7463
186.103.159.182 - - [22/Mar/2018:08:54:10 -0300] "GET /cormun/servlet/trsolicitudot? HTTP/1.1" 200 7463
186.103.159.189 - - [22/Mar/2018:08:54:10 -0300] "GET /cormun/servlet/trcontratoobservaciondir? HTTP/1.1" 200 8883
157.55.39.36 - - [22/Mar/2018:08:54:11 -0300] "GET /cormun/static/PXToolsJavascripts/pexe_popup.js HTTP/1.1" 200 13458
40.77.167.6 - - [22/Mar/2018:08:54:13 -0300] "GET /cormun/static/calendar-system.css?75620 HTTP/1.1" 200 5572
40.77.167.6 - - [22/Mar/2018:08:54:14 -0300] "GET /cormun/static/licenciaspermisos.js?201762917281260 HTTP/1.1" 200 37491
186.103.159.182 - - [22/Mar/2018:08:54:20 -0300] "GET /cormun/servlet/trautorizarsolicitud? HTTP/1.1" 200 7367
186.103.159.182 - - [22/Mar/2018:08:54:20 -0300] "GET /cormun/static/gxcfg.js?2017111423403364 HTTP/1.1" 200 953
186.103.159.182 - - [22/Mar/2018:08:54:20 -0300] "GET /cormun/static/trautorizarsolicitud.js?201711142340425 HTTP/1.1" 200 53910
186.103.159.182 - - [22/Mar/2018:08:54:21 -0300] "GET /cormun/servlet/trautorizarsolicitud? HTTP/1.1" 200 7366
186.103.159.182 - - [22/Mar/2018:08:54:28 -0300] "GET /cormun/servlet/trsolicitudot? HTTP/1.1" 200 7464
186.103.159.182 - - [22/Mar/2018:08:54:28 -0300] "GET /cormun/servlet/trsolicitudot? HTTP/1.1" 200 7463
186.103.159.182 - - [22/Mar/2018:08:54:41 -0300] "GET /cormun/Manuales/ManualSolicitud.pdf HTTP/1.1" 200 850295
186.103.159.46 - - [22/Mar/2018:08:54:46 -0300] "GET /cormun/servlet/trlicencias? HTTP/1.1" 200 9967
186.103.159.46 - - [22/Mar/2018:08:54:47 -0300] "GET /cormun/servlet/trlicencias? HTTP/1.1" 200 9966
186.103.159.182 - - [22/Mar/2018:08:56:22 -0300] "GET /cormun/servlet/trsolicitudot? HTTP/1.1" 200 7464
186.103.159.182 - - [22/Mar/2018:08:56:22 -0300] "GET /cormun/servlet/trsolicitudot? HTTP/1.1" 200 7463
186.103.159.182 - - [22/Mar/2018:08:56:25 -0300] "GET /cormun/servlet/trsolicitudot? HTTP/1.1" 200 7463
186.103.159.182 - - [22/Mar/2018:08:56:25 -0300] "GET /cormun/servlet/trsolicitudot? HTTP/1.1" 200 7463
186.103.159.182 - - [22/Mar/2018:08:56:40 -0300] "GET /cormun/servlet/solicitudot?INS,0,0, HTTP/1.1" 200 13524
186.103.159.182 - - [22/Mar/2018:08:56:40 -0300] "GET /cormun/servlet/solicitudot?INS,0,0, HTTP/1.1" 200 13530
186.103.159.182 - - [22/Mar/2018:08:56:53 -0300] "GET /cormun/servlet/prfichaempleado?,MD,,gxPopupLevel%3D0%3B HTTP/1.1" 200 9420
186.103.159.182 - - [22/Mar/2018:08:57:08 -0300] "POST /cormun/servlet/prfichaempleado?b1f38377f7bab992410b8a0127c424cd,,MD,,gxPopupLevel%3D0%3B,gx-no-cache=1521719776418 HTTP/1.1" 200 3468
186.103.159.182 - - [22/Mar/2018:08:57:14 -0300] "POST /cormun/servlet/solicitudot?gx-no-cache=1521719782938 HTTP/1.1" 200 3392
186.103.159.182 - - [22/Mar/2018:08:57:14 -0300] "POST /cormun/servlet/solicitudot?b1f38377f7bab992410b8a0127c424cd,INS,0,0,,gx-no-cache=1521719783064 HTTP/1.1" 200 10290
186.103.159.182 - - [22/Mar/2018:08:57:15 -0300] "GET /cormun/servlet/solicitudot?83c6116ae2d3aff6a1a573f04a4314b4919e3992ba88d0b1696b097ca1a69cc7f8b59c52a27cd03b4f847e4a29553606,gx-no-cache=1521719783241 HTTP/1.1" 200 30
186.103.159.182 - - [22/Mar/2018:08:57:21 -0300] "GET /cormun/servlet/solicitudot?83c6116ae2d3aff6a1a573f04a4314b41e43df8dc0d842f235b702363a22362cf3cd707a02b0e31d4f672ee8ec6caa326d8f1540f5e817d692c148d5d8bd9b6a,gx-no-cache=1521719789580 HTTP/1.1" 200 30
186.103.159.182 - - [22/Mar/2018:08:57:23 -0300] "GET /cormun/servlet/prbanco?,MD,,gxPopupLevel%3D0%3B HTTP/1.1" 200 6704
186.103.159.182 - - [22/Mar/2018:08:57:31 -0300] "GET /cormun/servlet/solicitudot?83c6116ae2d3aff6a1a573f04a4314b4e48bae30e5f322b863fd2deecfb24f21,gx-no-cache=1521719799545 HTTP/1.1" 200 51
186.103.159.182 - - [22/Mar/2018:08:57:43 -0300] "POST /cormun/servlet/solicitudot?gx-no-cache=1521719811870 HTTP/1.1" 200 255
186.103.159.182 - - [22/Mar/2018:08:57:44 -0300] "GET /cormun/servlet/solicitudot?83c6116ae2d3aff6a1a573f04a4314b4359a3d0fe94fdf0067525b3c4d571398388f772cb3b770f3155d276313551c873992c3233534adf3ec0a91b85229cd4a4cda4e04957e3989a7e48306e411cfbe942da896495676137e16f292273a3f49f228677b4a5d6496bdf03578f5bca8c718173557c3a08f113d1c2167517a389e1ffa75763d2eb3a08aa4f5012f6d91918602bdc73616bfa254da132b9fbc3a02a1bc951290e9018aa3dbadc537d0c0857fab847e60eca1430feb0b4a1bf46673830f3afb80a91ad89781fc479ac6ad67e92f33651375653bddad259b2ee42e8dde5be17d08ce1fb28ac6cdd8ea474cba05fad97349174f9a78b083631344beb621ed50bf5a7ff1b493b059a185da0cdad0b20e28f0ca0abb08d534f4a68b71a9b4c8b14729c82a108613e19c6ece34104a42891c48419c6fb21e9bc6c535fa80cdbc8dae51db3a76a3107c732c1d26c2c12a8bd3b3b96520fa3445cf4c7873c2047d5c20ab827586a7f146e2abacd7bbca91b8b30b9c410c452aaee44059af37,gx-no-cache=1521719811905 HTTP/1.1" 200 30
186.103.159.182 - - [22/Mar/2018:08:57:48 -0300] "POST /cormun/servlet/solicitudot?gx-no-cache=1521719817198 HTTP/1.1" 200 30
186.103.159.182 - - [22/Mar/2018:08:57:51 -0300] "POST /cormun/servlet/solicitudot?gx-no-cache=1521719820101 HTTP/1.1" 200 1337
186.103.159.182 - - [22/Mar/2018:08:57:51 -0300] "POST /cormun/servlet/solicitudot?gx-no-cache=1521719820160 HTTP/1.1" 200 38
186.103.159.182 - - [22/Mar/2018:08:58:11 -0300] "GET /cormun/servlet/solicitudot?83c6116ae2d3aff6a1a573f04a4314b4d93f78fa54c57cf1a68657c78c0f5d75527bc274523054fc343c9b8413c33e3e20d94d02db319ace448cee26011486bcfbbcdce24c0fafc70baa62e0b0f7b4b0b25d7d83d945309821d7c99e7ee9b2ec41bb393390e521c8ab0b4d97beb2eeaeba29cd803b5c10ff3488a3a9bf47792307b2a314dba8004fa988ab56983280cf098f69ee6313507385deeb8495319781,gx-no-cache=1521719839831 HTTP/1.1" 200 29
186.103.159.182 - - [22/Mar/2018:08:58:11 -0300] "POST /cormun/servlet/solicitudot?gx-no-cache=1521719839861 HTTP/1.1" 200 1321
186.103.159.182 - - [22/Mar/2018:08:58:11 -0300] "POST /cormun/servlet/solicitudot?gx-no-cache=1521719839906 HTTP/1.1" 200 1219
186.103.159.182 - - [22/Mar/2018:08:58:11 -0300] "GET /cormun/static/menuarrow.gif HTTP/1.1" 404 1015
186.103.159.182 - - [22/Mar/2018:08:58:13 -0300] "POST /cormun/servlet/solicitudot?gx-no-cache=1521719842036 HTTP/1.1" 200 1321
186.103.159.182 - - [22/Mar/2018:08:58:13 -0300] "POST /cormun/servlet/solicitudot?gx-no-cache=1521719842081 HTTP/1.1" 200 1219
186.103.159.182 - - [22/Mar/2018:08:58:16 -0300] "GET /cormun/servlet/solicitudot?83c6116ae2d3aff6a1a573f04a4314b4d4803c699036f049b158884f6cf9b11abce1e2a5d904dd29338a17952f293397,gx-no-cache=1521719844317 HTTP/1.1" 200 30
186.103.159.182 - - [22/Mar/2018:08:58:30 -0300] "POST /cormun/servlet/solicitudot?gx-no-cache=1521719858902 HTTP/1.1" 200 30
186.103.159.182 - - [22/Mar/2018:08:58:30 -0300] "POST /cormun/servlet/solicitudot?b1f38377f7bab992410b8a0127c424cd,INS,0,0,,gx-no-cache=1521719858946 HTTP/1.1" 200 93
186.103.159.182 - - [22/Mar/2018:08:58:30 -0300] "GET /cormun/servlet/hpexe_return? HTTP/1.1" 200 1000
186.103.159.182 - - [22/Mar/2018:08:58:31 -0300] "GET /cormun/static/gxcfg.js?2016101716175148 HTTP/1.1" 200 953
186.103.159.182 - - [22/Mar/2018:08:58:31 -0300] "GET /cormun/static/Resources/Spanish/PXTools.css?167811 HTTP/1.1" 200 89042
186.103.159.182 - - [22/Mar/2018:08:58:31 -0300] "GET /cormun/static/hpexe_return.js?2016101716175153 HTTP/1.1" 200 1633
186.103.159.182 - - [22/Mar/2018:08:58:31 -0300] "GET /cormun/servlet/hhome HTTP/1.1" 200 4257
186.103.159.182 - - [22/Mar/2018:08:58:31 -0300] "GET /cormun/servlet/hhome HTTP/1.1" 200 4251
192.168.10.96 - - [22/Mar/2018:08:58:35 -0300] "POST /cormun/servlet/trsolicitudgral?eea656293f327e6fc1635d59f385541f,,gx-no-cache=1521719748122 HTTP/1.1" 200 7643
186.103.159.182 - - [22/Mar/2018:08:58:36 -0300] "GET /cormun/servlet/trautorizarsolicitud? HTTP/1.1" 200 7361
186.103.159.182 - - [22/Mar/2018:08:58:36 -0300] "GET /cormun/servlet/trautorizarsolicitud? HTTP/1.1" 200 7360
192.168.10.96 - - [22/Mar/2018:08:58:42 -0300] "GET /cormun/servlet/vesolicitudgral?2018,8668,, HTTP/1.1" 200 9274
192.168.10.96 - - [22/Mar/2018:08:58:42 -0300] "GET /cormun/pexe_scrolldiv.js HTTP/1.1" 404 1009
192.168.10.96 - - [22/Mar/2018:08:58:42 -0300] "GET /cormun/pexe_scrolldiv.js HTTP/1.1" 404 1009
192.168.10.96 - - [22/Mar/2018:08:58:42 -0300] "GET /cormun/servlet/vesolicitudgral?2018,8668,, HTTP/1.1" 200 9273
186.103.159.182 - - [22/Mar/2018:08:58:43 -0300] "GET /cormun/servlet/trautorizarsolicitud? HTTP/1.1" 200 7360
186.103.159.182 - - [22/Mar/2018:08:58:43 -0300] "GET /cormun/servlet/trautorizarsolicitud? HTTP/1.1" 200 7360
192.168.10.96 - - [22/Mar/2018:08:58:44 -0300] "GET /cormun/servlet/vesolicitudgral?2018,8668,,SolicitudOTLog HTTP/1.1" 200 10983
192.168.10.96 - - [22/Mar/2018:08:58:44 -0300] "GET /cormun/pexe_scrolldiv.js HTTP/1.1" 404 1009
192.168.10.96 - - [22/Mar/2018:08:58:44 -0300] "GET /cormun/pexe_scrolldiv.js HTTP/1.1" 404 1009
192.168.10.96 - - [22/Mar/2018:08:58:44 -0300] "GET /cormun/servlet/vesolicitudgral?2018,8668,,SolicitudOTLog HTTP/1.1" 200 10985
192.168.10.96 - - [22/Mar/2018:08:58:45 -0300] "POST /cormun/servlet/acontrolpreferencessavestate?None,DZAMUDIO,true HTTP/1.1" 200 35
186.103.159.182 - - [22/Mar/2018:08:58:48 -0300] "GET /cormun/servlet/trsolicitudot? HTTP/1.1" 200 8834
186.103.159.182 - - [22/Mar/2018:08:58:48 -0300] "GET /cormun//static/Resources/PXToolsActionView.png HTTP/1.1" 200 2995
186.103.159.182 - - [22/Mar/2018:08:58:48 -0300] "GET /cormun//static/Resources/PXToolsGridUpdate.png HTTP/1.1" 200 2984
186.103.159.182 - - [22/Mar/2018:08:58:48 -0300] "GET /cormun//static/Resources/PXToolsRemoveAllAction.png HTTP/1.1" 200 3558
186.103.159.182 - - [22/Mar/2018:08:58:48 -0300] "GET /cormun//static/Resources/PXToolsGridDelete.png HTTP/1.1" 200 357
186.103.159.182 - - [22/Mar/2018:08:58:48 -0300] "GET /cormun//static/Resources/PXTools/ActionInsert.png HTTP/1.1" 200 1482
186.103.159.182 - - [22/Mar/2018:08:58:48 -0300] "GET /cormun/servlet/trsolicitudot? HTTP/1.1" 200 8834
186.103.159.182 - - [22/Mar/2018:08:58:53 -0300] "POST /cormun/servlet/trsolicitudot?b1f38377f7bab992410b8a0127c424cd,,gx-no-cache=1521719881363 HTTP/1.1" 200 107
186.103.159.182 - - [22/Mar/2018:08:58:53 -0300] "GET /cormun/servlet/trsolicitudadjuntos?2018,10772, HTTP/1.1" 200 6346
186.103.159.182 - - [22/Mar/2018:08:58:53 -0300] "GET /cormun/static/gxcfg.js?20177612135366 HTTP/1.1" 200 953
186.103.159.182 - - [22/Mar/2018:08:58:53 -0300] "GET /cormun/static/trsolicitudadjuntos.js?20177612135632 HTTP/1.1" 200 17922
186.103.159.182 - - [22/Mar/2018:08:58:53 -0300] "GET /cormun/servlet/trsolicitudadjuntos?2018,10772, HTTP/1.1" 200 6346
186.103.159.182 - - [22/Mar/2018:08:59:00 -0300] "GET /cormun/servlet/solicitudotadjuntos?INS,2018,10772,,1, HTTP/1.1" 200 6294
186.103.159.182 - - [22/Mar/2018:08:59:00 -0300] "GET /cormun/static/gxcfg.js?2017761244068 HTTP/1.1" 200 953
186.103.159.182 - - [22/Mar/2018:08:59:00 -0300] "GET /cormun/static/solicitudotadjuntos.js?2017761244086 HTTP/1.1" 200 11771
186.103.159.182 - - [22/Mar/2018:08:59:00 -0300] "GET /cormun/static/about:blank HTTP/1.1" 404 1011
186.103.159.182 - - [22/Mar/2018:08:59:00 -0300] "GET /cormun/servlet/solicitudotadjuntos?INS,2018,10772,,1, HTTP/1.1" 200 6287
186.103.159.182 - - [22/Mar/2018:08:59:01 -0300] "GET /cormun/servlet/solicitudotadjuntos?83c6116ae2d3aff6a1a573f04a4314b4a8db2e1efcf765416221e9e3a3024e7b9ceb80383afbc9e12220fa6b8d3c38e9,gx-no-cache=1521719889381 HTTP/1.1" 200 30
186.103.159.182 - - [22/Mar/2018:08:59:01 -0300] "POST /cormun/servlet/solicitudotadjuntos?b1f38377f7bab992410b8a0127c424cd,INS,2018,10772,,1,,gx-no-cache=1521719889415 HTTP/1.1" 200 4011
186.103.159.182 - - [22/Mar/2018:08:59:17 -0300] "POST /cormun/servlet/solicitudotadjuntos?gx-no-cache=1521719905541 HTTP/1.1" 200 26
200.54.247.70 - - [22/Mar/2018:09:00:01 -0300] "GET /cormun/static/Shared/jquery/jquery-1.10.2.min.js HTTP/1.1" 200 273199
186.103.159.182 - - [22/Mar/2018:09:00:18 -0300] "GET /cormun/servlet/solicitudotadjuntos?83c6116ae2d3aff6a1a573f04a4314b4011d633712e5520d95de9914d0b9e3d3,gx-no-cache=1521719966630 HTTP/1.1" 200 30
186.103.159.182 - - [22/Mar/2018:09:00:18 -0300] "GET /cormun/servlet/solicitudotadjuntos?83c6116ae2d3aff6a1a573f04a4314b4011d633712e5520d95de9914d0b9e3d3,gx-no-cache=1521719966702 HTTP/1.1" 200 30
186.103.159.182 - - [22/Mar/2018:09:00:22 -0300] "POST /cormun/servlet/solicitudotadjuntos?b1f38377f7bab992410b8a0127c424cd,INS,2018,10772,,1, HTTP/1.1" 200 116
186.103.159.182 - - [22/Mar/2018:09:00:22 -0300] "GET /cormun/servlet/hpexe_return? HTTP/1.1" 200 1020
186.103.159.182 - - [22/Mar/2018:09:00:22 -0300] "GET /cormun/servlet/trsolicitudadjuntos?2018,10772, HTTP/1.1" 200 8794
186.103.159.182 - - [22/Mar/2018:09:00:23 -0300] "GET /cormun/servlet/trsolicitudadjuntos?2018,10772, HTTP/1.1" 200 8793
186.103.159.182 - - [22/Mar/2018:09:00:26 -0300] "GET /cormun/servlet/solicitudotadjuntos?INS,2018,10772,,1, HTTP/1.1" 200 6294
186.103.159.182 - - [22/Mar/2018:09:00:26 -0300] "GET /cormun/static/about:blank HTTP/1.1" 404 1011
186.103.159.182 - - [22/Mar/2018:09:00:26 -0300] "GET /cormun/servlet/solicitudotadjuntos?INS,2018,10772,,1, HTTP/1.1" 200 6287
186.103.159.182 - - [22/Mar/2018:09:00:27 -0300] "GET /cormun/servlet/solicitudotadjuntos?83c6116ae2d3aff6a1a573f04a4314b4a8db2e1efcf765416221e9e3a3024e7b9ceb80383afbc9e12220fa6b8d3c38e9,gx-no-cache=1521719975619 HTTP/1.1" 200 30
186.103.159.182 - - [22/Mar/2018:09:00:27 -0300] "POST /cormun/servlet/solicitudotadjuntos?b1f38377f7bab992410b8a0127c424cd,INS,2018,10772,,1,,gx-no-cache=1521719975642 HTTP/1.1" 200 4011
186.103.159.182 - - [22/Mar/2018:09:00:31 -0300] "POST /cormun/servlet/solicitudotadjuntos?gx-no-cache=1521719980143 HTTP/1.1" 200 26
186.103.159.182 - - [22/Mar/2018:09:00:40 -0300] "POST /cormun/servlet/solicitudotadjuntos?gx-no-cache=1521719988438 HTTP/1.1" 200 26
186.103.159.182 - - [22/Mar/2018:09:00:46 -0300] "GET /cormun/servlet/solicitudotadjuntos?83c6116ae2d3aff6a1a573f04a4314b4011d633712e5520d95de9914d0b9e3d3,gx-no-cache=1521719994934 HTTP/1.1" 200 30
186.103.159.182 - - [22/Mar/2018:09:00:46 -0300] "GET /cormun/servlet/solicitudotadjuntos?83c6116ae2d3aff6a1a573f04a4314b4011d633712e5520d95de9914d0b9e3d3,gx-no-cache=1521719994949 HTTP/1.1" 200 30
186.103.159.182 - - [22/Mar/2018:09:01:49 -0300] "POST /cormun/servlet/solicitudotadjuntos?b1f38377f7bab992410b8a0127c424cd,INS,2018,10772,,1, HTTP/1.1" 200 7144
200.54.247.70 - - [22/Mar/2018:09:02:21 -0300] "GET /cormun/static/Shared/ext/ext-all.js HTTP/1.1" 200 1289687
200.54.247.70 - - [22/Mar/2018:09:02:24 -0300] "GET /cormun/servlet/hhome HTTP/1.1" 200 4232
200.54.247.70 - - [22/Mar/2018:09:02:24 -0300] "GET /cormun/static/SmoothNavMenu/resources/images/down.gif HTTP/1.1" 200 854
200.54.247.70 - - [22/Mar/2018:09:02:24 -0300] "GET /cormun/static/SmoothNavMenu/resources/images/right.gif HTTP/1.1" 200 860
186.103.159.182 - - [22/Mar/2018:09:02:43 -0300] "POST /cormun/servlet/solicitudotadjuntos?b1f38377f7bab992410b8a0127c424cd,INS,2018,10772,,1, HTTP/1.1" 200 116
186.103.159.182 - - [22/Mar/2018:09:02:43 -0300] "GET /cormun/servlet/hpexe_return? HTTP/1.1" 200 1020
186.103.159.182 - - [22/Mar/2018:09:02:43 -0300] "GET /cormun/servlet/trsolicitudadjuntos?2018,10772, HTTP/1.1" 200 9015
186.103.159.182 - - [22/Mar/2018:09:02:44 -0300] "GET /cormun/servlet/trsolicitudadjuntos?2018,10772, HTTP/1.1" 200 9014
186.103.159.182 - - [22/Mar/2018:09:02:49 -0300] "GET /cormun/servlet/solicitudotadjuntos?INS,2018,10772,,1, HTTP/1.1" 200 6294
186.103.159.182 - - [22/Mar/2018:09:02:49 -0300] "GET /cormun/static/about:blank HTTP/1.1" 404 1011
186.103.159.182 - - [22/Mar/2018:09:02:49 -0300] "GET /cormun/servlet/solicitudotadjuntos?INS,2018,10772,,1, HTTP/1.1" 200 6287
186.103.159.182 - - [22/Mar/2018:09:02:50 -0300] "GET /cormun/servlet/solicitudotadjuntos?83c6116ae2d3aff6a1a573f04a4314b4a8db2e1efcf765416221e9e3a3024e7b9ceb80383afbc9e12220fa6b8d3c38e9,gx-no-cache=1521720118503 HTTP/1.1" 200 30
186.103.159.182 - - [22/Mar/2018:09:02:50 -0300] "POST /cormun/servlet/solicitudotadjuntos?b1f38377f7bab992410b8a0127c424cd,INS,2018,10772,,1,,gx-no-cache=1521720118556 HTTP/1.1" 200 4008
186.103.159.182 - - [22/Mar/2018:09:02:51 -0300] "POST /cormun/servlet/solicitudotadjuntos?gx-no-cache=1521720120006 HTTP/1.1" 200 26
186.103.159.182 - - [22/Mar/2018:09:02:59 -0300] "POST /cormun/servlet/solicitudotadjuntos?gx-no-cache=1521720127837 HTTP/1.1" 200 26
186.103.159.182 - - [22/Mar/2018:09:03:05 -0300] "GET /cormun/servlet/solicitudotadjuntos?83c6116ae2d3aff6a1a573f04a4314b4011d633712e5520d95de9914d0b9e3d3,gx-no-cache=1521720133998 HTTP/1.1" 200 30
186.103.159.182 - - [22/Mar/2018:09:03:05 -0300] "GET /cormun/servlet/solicitudotadjuntos?83c6116ae2d3aff6a1a573f04a4314b4011d633712e5520d95de9914d0b9e3d3,gx-no-cache=1521720134023 HTTP/1.1" 200 30
186.103.159.182 - - [22/Mar/2018:09:03:10 -0300] "POST /cormun/servlet/solicitudotadjuntos?b1f38377f7bab992410b8a0127c424cd,INS,2018,10772,,1, HTTP/1.1" 200 116
186.103.159.182 - - [22/Mar/2018:09:03:10 -0300] "GET /cormun/servlet/hpexe_return? HTTP/1.1" 200 1020
186.103.159.182 - - [22/Mar/2018:09:03:11 -0300] "GET /cormun/servlet/trsolicitudadjuntos?2018,10772, HTTP/1.1" 200 9196
186.103.159.182 - - [22/Mar/2018:09:03:12 -0300] "GET /cormun/servlet/trsolicitudadjuntos?2018,10772, HTTP/1.1" 200 9193
186.103.159.204 - - [22/Mar/2018:09:03:32 -0300] "GET /cormun/servlet/hlogin HTTP/1.1" 200 1721
186.103.159.204 - - [22/Mar/2018:09:03:32 -0300] "GET /cormun/static/gxtimezone.js?85251 HTTP/1.1" 200 5781
186.103.159.204 - - [22/Mar/2018:09:03:32 -0300] "GET /cormun/static/gxcfg.js?20175251213516 HTTP/1.1" 200 953
186.103.159.204 - - [22/Mar/2018:09:03:32 -0300] "GET /cormun/static/hlogin.js?20175251213537 HTTP/1.1" 200 2136
186.103.159.204 - - [22/Mar/2018:09:03:32 -0300] "GET /cormun/static/messages.spa.js?85251 HTTP/1.1" 200 30736
186.103.159.204 - - [22/Mar/2018:09:03:32 -0300] "GET /cormun/static/Resources/Spanish/PXTools.css?11423723 HTTP/1.1" 200 89042
186.103.159.204 - - [22/Mar/2018:09:03:33 -0300] "GET /cormun/static/gxgral.js?85251 HTTP/1.1" 200 384558
186.103.159.204 - - [22/Mar/2018:09:03:33 -0300] "GET /cormun/static/Resources/ComunLogin.png HTTP/1.1" 200 17326
186.103.159.204 - - [22/Mar/2018:09:03:33 -0300] "GET /cormun/static/Resources/indicator.gif HTTP/1.1" 200 1553
186.103.159.204 - - [22/Mar/2018:09:03:33 -0300] "GET /cormun/static/Resources/PXToolsLoginTop.png HTTP/1.1" 200 1337
186.103.159.204 - - [22/Mar/2018:09:03:33 -0300] "GET /cormun/static/Resources/PXToolsLoginBackground.png HTTP/1.1" 200 1164
186.103.159.204 - - [22/Mar/2018:09:03:33 -0300] "GET /cormun/static/Resources/PXToolsButtonLeft21.png HTTP/1.1" 200 1287
186.103.159.204 - - [22/Mar/2018:09:03:33 -0300] "GET /cormun/static/Resources/PXToolsButtonRight21.png HTTP/1.1" 200 1283
186.103.159.204 - - [22/Mar/2018:09:03:33 -0300] "GET /cormun/static/Resources/PXToolsButtonBackground2.png HTTP/1.1" 200 1181
186.103.159.204 - - [22/Mar/2018:09:03:33 -0300] "GET /cormun/static/Resources/PXToolsLoginBottom.png HTTP/1.1" 200 1389
186.103.159.182 - - [22/Mar/2018:09:03:38 -0300] "POST /cormun/servlet/trsolicitudadjuntos?b1f38377f7bab992410b8a0127c424cd,2018,10772,,gx-no-cache=1521720166570 HTTP/1.1" 200 90
186.103.159.182 - - [22/Mar/2018:09:03:38 -0300] "GET /cormun/servlet/hpexe_link HTTP/1.1" 200 963
186.103.159.182 - - [22/Mar/2018:09:03:38 -0300] "GET /cormun/servlet/trsolicitudot HTTP/1.1" 200 8835
186.103.159.182 - - [22/Mar/2018:09:03:39 -0300] "GET /cormun/servlet/trsolicitudot HTTP/1.1" 200 8834
186.103.159.182 - - [22/Mar/2018:09:04:03 -0300] "POST /cormun/servlet/trsolicitudot?b1f38377f7bab992410b8a0127c424cd,gx-no-cache=1521720191723 HTTP/1.1" 200 4659
186.103.159.182 - - [22/Mar/2018:09:04:03 -0300] "GET /cormun/static/Shared/jqueryui/images/ui-bg_highlight-soft_100_c6c2c8_1x100.png HTTP/1.1" 404 1117
186.103.159.182 - - [22/Mar/2018:09:04:03 -0300] "GET /cormun/static/Shared/jqueryui/images/ui-bg_flat_55_fafafa_40x100.png HTTP/1.1" 404 1097
186.103.159.182 - - [22/Mar/2018:09:04:03 -0300] "GET /cormun/static/Shared/jqueryui/images/ui-icons_82798d_256x240.png HTTP/1.1" 404 1089
186.103.159.182 - - [22/Mar/2018:09:04:03 -0300] "GET /cormun/static/Shared/jqueryui/images/ui-icons_8d78a5_256x240.png HTTP/1.1" 404 1089
186.103.159.182 - - [22/Mar/2018:09:04:03 -0300] "POST /cormun/servlet/trsolicitudot?b1f38377f7bab992410b8a0127c424cd,gx-no-cache=1521720191986 HTTP/1.1" 200 4440
186.103.159.182 - - [22/Mar/2018:09:04:11 -0300] "GET /cormun/servlet/trautorizarsolicitud? HTTP/1.1" 200 8729
186.103.159.182 - - [22/Mar/2018:09:04:11 -0300] "GET /cormun/servlet/trautorizarsolicitud? HTTP/1.1" 200 8729
200.54.247.70 - - [22/Mar/2018:09:04:15 -0300] "GET /cormun/servlet/trlicencias? HTTP/1.1" 200 9527
200.54.247.70 - - [22/Mar/2018:09:04:15 -0300] "GET /cormun/static/gxui/gxui-all.css?110300 HTTP/1.1" 200 2179
200.54.247.70 - - [22/Mar/2018:09:04:15 -0300] "GET /cormun/static/calendar-system.css?75620 HTTP/1.1" 200 5572
200.54.247.70 - - [22/Mar/2018:09:04:15 -0300] "GET /cormun/static/gxcfg.js?20176272054169 HTTP/1.1" 200 953
200.54.247.70 - - [22/Mar/2018:09:04:15 -0300] "GET /cormun/static/calendar-setup.js?85251 HTTP/1.1" 200 2588
200.54.247.70 - - [22/Mar/2018:09:04:15 -0300] "GET /cormun/static/calendar.js?85251 HTTP/1.1" 200 26246
200.54.247.70 - - [22/Mar/2018:09:04:16 -0300] "GET /cormun/static/Resources/Spanish/PXTools.css?17315867 HTTP/1.1" 200 89042
200.54.247.70 - - [22/Mar/2018:09:04:16 -0300] "GET /cormun/static/calendar-es.js?85251 HTTP/1.1" 200 1901
200.54.247.70 - - [22/Mar/2018:09:04:18 -0300] "GET /cormun/static/gxdec.js?85251 HTTP/1.1" 200 19579
200.54.247.70 - - [22/Mar/2018:09:04:19 -0300] "GET /cormun/static/trlicencias.js?20176272054837 HTTP/1.1" 200 41883
200.54.247.70 - - [22/Mar/2018:09:04:20 -0300] "GET /cormun/static/Resources/PXTools/calendar.png HTTP/1.1" 200 1306
200.54.247.70 - - [22/Mar/2018:09:04:20 -0300] "GET /cormun/static/Resources/PXToolsDataSearch.png HTTP/1.1" 200 419
200.54.247.70 - - [22/Mar/2018:09:04:21 -0300] "GET /cormun/static/Resources/PXToolsGridFirstDisabled.gif HTTP/1.1" 200 100
200.54.247.70 - - [22/Mar/2018:09:04:21 -0300] "GET /cormun/static/Resources/PXToolsGridPreviousDisabled.gif HTTP/1.1" 200 90
200.54.247.70 - - [22/Mar/2018:09:04:21 -0300] "GET /cormun/static/Resources/PXToolsGridNextDisabled.gif HTTP/1.1" 200 90
200.54.247.70 - - [22/Mar/2018:09:04:21 -0300] "GET /cormun/static/Resources/PXToolsGridLastDisabled.gif HTTP/1.1" 200 98
200.54.247.70 - - [22/Mar/2018:09:04:21 -0300] "GET /cormun/static/Resources/PXToolsGridPage.gif HTTP/1.1" 200 725
200.54.247.70 - - [22/Mar/2018:09:04:21 -0300] "GET /cormun/static/Resources/PXToolsActionExcel.png HTTP/1.1" 200 3187
200.54.247.70 - - [22/Mar/2018:09:04:21 -0300] "GET /cormun/static/Resources/PXToolsGridNew.png HTTP/1.1" 200 2949
186.103.159.182 - - [22/Mar/2018:09:05:19 -0300] "POST /cormun/servlet/trautorizarsolicitud?b1f38377f7bab992410b8a0127c424cd,,gx-no-cache=1521720267572 HTTP/1.1" 200 4591
186.103.159.182 - - [22/Mar/2018:09:05:20 -0300] "GET /cormun/static/Shared/jqueryui/images/ui-bg_flat_55_fafafa_40x100.png HTTP/1.1" 404 1097
186.103.159.182 - - [22/Mar/2018:09:05:20 -0300] "GET /cormun/static/Shared/jqueryui/images/ui-bg_highlight-soft_100_c6c2c8_1x100.png HTTP/1.1" 404 1117
186.103.159.182 - - [22/Mar/2018:09:05:20 -0300] "GET /cormun/static/Shared/jqueryui/images/ui-icons_82798d_256x240.png HTTP/1.1" 404 1089
186.103.159.182 - - [22/Mar/2018:09:05:20 -0300] "GET /cormun/static/Shared/jqueryui/images/ui-icons_8d78a5_256x240.png HTTP/1.1" 404 1089
186.103.159.182 - - [22/Mar/2018:09:05:20 -0300] "POST /cormun/servlet/trautorizarsolicitud?b1f38377f7bab992410b8a0127c424cd,,gx-no-cache=1521720268204 HTTP/1.1" 200 4368
186.103.159.182 - - [22/Mar/2018:09:05:28 -0300] "GET /cormun/servlet/trvisualizadoreventos? HTTP/1.1" 200 9357
186.103.159.182 - - [22/Mar/2018:09:05:28 -0300] "GET /cormun/servlet/trvisualizadoreventos? HTTP/1.1" 200 9356
186.103.159.182 - - [22/Mar/2018:09:05:48 -0300] "POST /cormun/servlet/trvisualizadoreventos?b1f38377f7bab992410b8a0127c424cd,,gx-no-cache=1521720296715 HTTP/1.1" 200 7028
186.103.159.182 - - [22/Mar/2018:09:06:22 -0300] "GET /cormun/servlet/trautorizarsolicitud? HTTP/1.1" 200 7361
186.103.159.182 - - [22/Mar/2018:09:06:22 -0300] "GET /cormun/servlet/trautorizarsolicitud? HTTP/1.1" 200 7360
186.103.159.204 - - [22/Mar/2018:09:06:40 -0300] "GET /cormun/servlet/trcontratosolicitud? HTTP/1.1" 200 5750
186.103.159.204 - - [22/Mar/2018:09:06:41 -0300] "GET /cormun/servlet/hlogin HTTP/1.1" 200 1738
186.103.159.182 - - [22/Mar/2018:09:06:47 -0300] "GET /cormun/servlet/trvisualizadoreventos? HTTP/1.1" 200 9848
186.103.159.182 - - [22/Mar/2018:09:06:48 -0300] "GET /cormun/servlet/trvisualizadoreventos? HTTP/1.1" 200 9847
186.103.159.204 - - [22/Mar/2018:09:07:04 -0300] "POST /cormun/servlet/hlogin?2cb58667de6d021ba7f7e50a9335eace,gx-no-cache=1521720374743 HTTP/1.1" 200 90
186.103.159.204 - - [22/Mar/2018:09:07:04 -0300] "GET /cormun/servlet/hpexe_link HTTP/1.1" 200 958
186.103.159.204 - - [22/Mar/2018:09:07:04 -0300] "GET /cormun/servlet/trcontratosolicitud HTTP/1.1" 200 13242
186.103.159.182 - - [22/Mar/2018:09:07:09 -0300] "POST /cormun/servlet/trvisualizadoreventos?b1f38377f7bab992410b8a0127c424cd,,gx-no-cache=1521720377210 HTTP/1.1" 200 4127
186.103.159.182 - - [22/Mar/2018:09:07:14 -0300] "POST /cormun/servlet/trvisualizadoreventos?b1f38377f7bab992410b8a0127c424cd,,gx-no-cache=1521720382303 HTTP/1.1" 200 6454
186.103.159.204 - - [22/Mar/2018:09:07:31 -0300] "POST /cormun/servlet/trcontratosolicitud?2cb58667de6d021ba7f7e50a9335eace,gx-no-cache=1521720401846 HTTP/1.1" 200 3877
186.103.159.204 - - [22/Mar/2018:09:07:34 -0300] "POST /cormun/servlet/trcontratosolicitud?2cb58667de6d021ba7f7e50a9335eace,gx-no-cache=1521720404036 HTTP/1.1" 200 3877
186.103.159.204 - - [22/Mar/2018:09:07:35 -0300] "POST /cormun/servlet/trcontratosolicitud?2cb58667de6d021ba7f7e50a9335eace,gx-no-cache=1521720404894 HTTP/1.1" 200 3878
186.103.159.204 - - [22/Mar/2018:09:07:37 -0300] "POST /cormun/servlet/trcontratosolicitud?2cb58667de6d021ba7f7e50a9335eace,gx-no-cache=1521720407643 HTTP/1.1" 200 3878
186.103.159.204 - - [22/Mar/2018:09:07:37 -0300] "POST /cormun/servlet/trcontratosolicitud?2cb58667de6d021ba7f7e50a9335eace,gx-no-cache=1521720407932 HTTP/1.1" 200 3878
186.103.159.204 - - [22/Mar/2018:09:07:38 -0300] "POST /cormun/servlet/trcontratosolicitud?2cb58667de6d021ba7f7e50a9335eace,gx-no-cache=1521720408215 HTTP/1.1" 200 3878
186.103.159.204 - - [22/Mar/2018:09:07:38 -0300] "POST /cormun/servlet/trcontratosolicitud?2cb58667de6d021ba7f7e50a9335eace,gx-no-cache=1521720408482 HTTP/1.1" 200 3878
186.103.159.182 - - [22/Mar/2018:09:07:40 -0300] "POST /cormun/servlet/trvisualizadoreventos?b1f38377f7bab992410b8a0127c424cd,,gx-no-cache=1521720408431 HTTP/1.1" 200 4127
186.103.159.182 - - [22/Mar/2018:09:07:42 -0300] "POST /cormun/servlet/trvisualizadoreventos?b1f38377f7bab992410b8a0127c424cd,,gx-no-cache=1521720410238 HTTP/1.1" 200 4127
186.103.159.182 - - [22/Mar/2018:09:07:47 -0300] "POST /cormun/servlet/trvisualizadoreventos?b1f38377f7bab992410b8a0127c424cd,,gx-no-cache=1521720415184 HTTP/1.1" 200 6600
186.103.159.204 - - [22/Mar/2018:09:07:58 -0300] "POST /cormun/servlet/trcontratosolicitud?2cb58667de6d021ba7f7e50a9335eace,gx-no-cache=1521720428079 HTTP/1.1" 200 10782
186.103.159.182 - - [22/Mar/2018:09:08:03 -0300] "POST /cormun/servlet/trvisualizadoreventos?b1f38377f7bab992410b8a0127c424cd,,gx-no-cache=1521720431510 HTTP/1.1" 200 4824
186.103.159.182 - - [22/Mar/2018:09:08:16 -0300] "POST /cormun/servlet/trvisualizadoreventos?b1f38377f7bab992410b8a0127c424cd,,gx-no-cache=1521720442742 HTTP/1.1" 200 4129
