186.103.159.182 - - [21/Mar/2018:15:55:19 -0300] "GET /cormun/servlet/solicitudot?INS,0,0, HTTP/1.1" 200 13701
186.79.172.104 - - [21/Mar/2018:15:55:21 -0300] "GET /cormun/servlet/hlogin HTTP/1.1" 200 1722
186.79.172.104 - - [21/Mar/2018:15:55:23 -0300] "POST /cormun/servlet/hlogin?53753bb38c1395be2b06dcf5ae836f23,gx-no-cache=1521658474548 HTTP/1.1" 200 90
186.79.172.104 - - [21/Mar/2018:15:55:23 -0300] "GET /cormun/servlet/hpexe_link HTTP/1.1" 200 952
186.79.172.104 - - [21/Mar/2018:15:55:24 -0300] "GET /cormun/servlet/hhome HTTP/1.1" 200 3935
186.79.172.104 - - [21/Mar/2018:15:55:26 -0300] "GET /cormun/servlet/hhome HTTP/1.1" 200 3932
186.79.172.104 - - [21/Mar/2018:15:55:32 -0300] "GET /cormun/servlet/trlicencias? HTTP/1.1" 200 9980
186.79.172.104 - - [21/Mar/2018:15:55:33 -0300] "GET /cormun/servlet/trlicencias? HTTP/1.1" 200 9978
186.103.159.182 - - [21/Mar/2018:15:55:34 -0300] "GET /cormun/servlet/prfichaempleado?,MD,,gxPopupLevel%3D0%3B HTTP/1.1" 200 9423
186.79.172.104 - - [21/Mar/2018:15:55:42 -0300] "GET /cormun/servlet/licenciaspermisos?INS,0,,, HTTP/1.1" 200 7458
186.79.172.104 - - [21/Mar/2018:15:55:43 -0300] "GET /cormun/servlet/licenciaspermisos?INS,0,,, HTTP/1.1" 200 7458
186.103.159.182 - - [21/Mar/2018:15:55:44 -0300] "POST /cormun/servlet/prfichaempleado?5c8c72ea9601f695f4094362cd81b63b,,MD,,gxPopupLevel%3D0%3B,gx-no-cache=1521658492622 HTTP/1.1" 200 3470
186.103.159.182 - - [21/Mar/2018:15:55:49 -0300] "POST /cormun/servlet/solicitudot?gx-no-cache=1521658496997 HTTP/1.1" 200 3399
186.103.159.182 - - [21/Mar/2018:15:55:49 -0300] "POST /cormun/servlet/solicitudot?5c8c72ea9601f695f4094362cd81b63b,INS,0,0,,gx-no-cache=1521658497165 HTTP/1.1" 200 10543
186.103.159.182 - - [21/Mar/2018:15:55:49 -0300] "GET /cormun/servlet/solicitudot?1609b5f83a893f65e633f3e04e6f424a2c36b3c46689b96e57ee52156fd93c0484b6b662dc40969f884a91da115d7f89,gx-no-cache=1521658497351 HTTP/1.1" 200 30
186.103.159.182 - - [21/Mar/2018:15:55:52 -0300] "GET /cormun/servlet/solicitudot?1609b5f83a893f65e633f3e04e6f424a892558984457edc39b6436abdcfdd72e7f3b92f7b5365838606719a5d3bb5f48b1aff12049f26c1cf9d1e82409435ea4,gx-no-cache=1521658500861 HTTP/1.1" 200 30
186.103.159.182 - - [21/Mar/2018:15:55:52 -0300] "GET /cormun/servlet/solicitudot?1609b5f83a893f65e633f3e04e6f424aabdffdd0b469c3219cf4a0266908cbde,gx-no-cache=1521658500889 HTTP/1.1" 200 123
186.103.159.182 - - [21/Mar/2018:15:55:52 -0300] "GET /cormun/static/Shared/jqueryui/images/ui-icons_82798d_256x240.png HTTP/1.1" 404 1089
186.103.159.182 - - [21/Mar/2018:15:55:52 -0300] "GET /cormun/static/Shared/jqueryui/images/ui-bg_highlight-soft_100_c6c2c8_1x100.png HTTP/1.1" 404 1117
186.103.159.182 - - [21/Mar/2018:15:55:52 -0300] "GET /cormun/static/Shared/jqueryui/images/ui-bg_flat_55_994d53_40x100.png HTTP/1.1" 404 1097
186.103.159.182 - - [21/Mar/2018:15:55:52 -0300] "GET /cormun/static/Shared/jqueryui/images/ui-icons_ebccce_256x240.png HTTP/1.1" 404 1089
186.103.159.182 - - [21/Mar/2018:15:55:53 -0300] "POST /cormun/servlet/solicitudot?gx-no-cache=1521658501071 HTTP/1.1" 200 240
186.103.159.182 - - [21/Mar/2018:15:55:53 -0300] "GET /cormun/servlet/solicitudot?1609b5f83a893f65e633f3e04e6f424a23ccca62d0a7f5ee0a479f388acb8d8f0a068f5e61d8e98ccb58f7bbad83aa4281c050ceac93e7c0a3b8610c8e64a03d18b3309f2b2d37fc6a4960d481a90f1a578cee47da237a3aff54b37e434127c72a96c51d15f7e1021fa3fc0c070e65f5155ad2b1f05f911f38cff7ee26a183b09e73ca7f0377e33de4e07127221cfb1cd6e7e4fa8950831e5f55074da650ed7f35d83fb0cec4bc233628911c0f4eb0ea54ab5935ed89d4871f002c9ef1d8612abd80624b654f9f0909532a7ec2379e0a5f4e1f93eda6421a0929b275669e391ecafceeb8a1595d348a9c08aa6964a22fce2ac0e56dffa7071e9f747e8451e3502e8d11520604c6591fbfa80399c646db01f5dc548100055ee3328d335f0189a19a31f14e101b0a34505765a22a7b95c94a2930eaf1f48e24a9ef97c52a740c41570bbabc35489f03f88166ed4e834a078a7dd3b4b093c5c5e121823f418d78d4d2d7a52a013d875578cb9a9febba9ce13768bcd92f6d3fdaa554e10183696d25,gx-no-cache=1521658501104 HTTP/1.1" 200 30
186.103.159.182 - - [21/Mar/2018:15:55:55 -0300] "POST /cormun/servlet/solicitudot?gx-no-cache=1521658503752 HTTP/1.1" 200 30
186.103.159.182 - - [21/Mar/2018:15:55:56 -0300] "POST /cormun/servlet/solicitudot?gx-no-cache=1521658504669 HTTP/1.1" 200 1337
186.103.159.182 - - [21/Mar/2018:15:55:56 -0300] "POST /cormun/servlet/solicitudot?gx-no-cache=1521658504719 HTTP/1.1" 200 38
186.103.159.204 - - [21/Mar/2018:15:55:59 -0300] "GET /cormun/servlet/solicitudot?INS,0,0, HTTP/1.1" 200 13360
186.103.159.204 - - [21/Mar/2018:15:55:59 -0300] "GET /cormun/static/gxcfg.js?201812313224582 HTTP/1.1" 200 953
186.103.159.204 - - [21/Mar/2018:15:55:59 -0300] "GET /cormun/static/Resources/prompt.gif HTTP/1.1" 200 902
186.103.159.204 - - [21/Mar/2018:15:56:00 -0300] "GET /cormun/static/solicitudot.js?201812313224831 HTTP/1.1" 200 40960
186.103.159.204 - - [21/Mar/2018:15:56:00 -0300] "GET /cormun/static/Resources/PXToolsHeaderActionsBackground.png HTTP/1.1" 200 484
186.103.159.204 - - [21/Mar/2018:15:56:00 -0300] "GET /cormun/servlet/solicitudot?INS,0,0, HTTP/1.1" 200 13343
186.103.159.182 - - [21/Mar/2018:15:56:01 -0300] "GET /cormun/servlet/solicitudot?1609b5f83a893f65e633f3e04e6f424acd0bb06443f68d91155559292da36e03e270aeae4133604c67415072c702b4f7f1f5e2cc822ceb467a667684221c17d0e1feb9442942a266c3d28c85059440469470cd4b9b770e358fa652dacdf0aa755a9417c4bdc5a50adb98f20964a52534781c5b44eb90610ae3d7e9bb0371faf83a421b9d7b3fdec8eb07e1d5611328ea8a9391f596ee8574a2408b8f13ceb6d2,gx-no-cache=1521658509146 HTTP/1.1" 200 29
186.103.159.182 - - [21/Mar/2018:15:56:01 -0300] "POST /cormun/servlet/solicitudot?gx-no-cache=1521658509174 HTTP/1.1" 200 1321
186.103.159.182 - - [21/Mar/2018:15:56:01 -0300] "POST /cormun/servlet/solicitudot?gx-no-cache=1521658509217 HTTP/1.1" 200 1219
186.103.159.182 - - [21/Mar/2018:15:56:01 -0300] "GET /cormun/static/menuarrow.gif HTTP/1.1" 404 1015
186.103.159.182 - - [21/Mar/2018:15:56:02 -0300] "POST /cormun/servlet/solicitudot?gx-no-cache=1521658510147 HTTP/1.1" 200 1321
186.103.159.182 - - [21/Mar/2018:15:56:02 -0300] "POST /cormun/servlet/solicitudot?gx-no-cache=1521658510202 HTTP/1.1" 200 1219
186.103.159.182 - - [21/Mar/2018:15:56:03 -0300] "GET /cormun/servlet/solicitudot?1609b5f83a893f65e633f3e04e6f424a196e64c4737e43b61f42326e5fa0f302b74bdd8e6165ec1d55fe186a855e88b2,gx-no-cache=1521658510968 HTTP/1.1" 200 30
186.103.159.182 - - [21/Mar/2018:15:56:54 -0300] "GET /cormun/servlet/prbanco?,MD,,gxPopupLevel%3D0%3B HTTP/1.1" 200 6707
186.79.172.104 - - [21/Mar/2018:15:57:05 -0300] "GET /cormun/servlet/prfichaempleado?,MD,,gxPopupLevel%3D0%3B HTTP/1.1" 200 9276
157.55.39.97 - - [21/Mar/2018:15:58:03 -0300] "GET /cormun/servlet/hhome HTTP/1.1" 200 3388
186.79.172.104 - - [21/Mar/2018:15:58:03 -0300] "GET /cormun/servlet/prfichaempleado?,MD,,gxPopupLevel%3D0%3B HTTP/1.1" 200 9276
186.79.172.104 - - [21/Mar/2018:15:58:56 -0300] "GET /cormun/servlet/licenciaspermisos?1e8b2f13d65ed73f348d6b301771a787497089046ce25aa906c6ece3183edcfd2378594f27e952cec5829a608dafce7b,gx-no-cache=1521658687027 HTTP/1.1" 200 109
186.79.172.104 - - [21/Mar/2018:15:58:56 -0300] "POST /cormun/servlet/licenciaspermisos?53753bb38c1395be2b06dcf5ae836f23,INS,0,,,,gx-no-cache=1521658687191 HTTP/1.1" 200 4687
186.103.159.204 - - [21/Mar/2018:16:00:51 -0300] "POST /cormun/servlet/trsolicitudot?26b82b91f230a0b8e0525f7e13dba98d,,gx-no-cache=1521658801270 HTTP/1.1" 200 6832
186.67.203.186 - - [21/Mar/2018:16:01:57 -0300] "GET /cormun/servlet/hlogin HTTP/1.1" 200 1724
186.67.203.186 - - [21/Mar/2018:16:01:57 -0300] "GET /cormun/servlet/hlogin HTTP/1.1" 200 1734
186.67.203.186 - - [21/Mar/2018:16:02:12 -0300] "POST /cormun/servlet/hlogin?8a1e1f72ca7e4c4663a2009a7f5e370f,gx-no-cache=1521658879368 HTTP/1.1" 200 90
186.67.203.186 - - [21/Mar/2018:16:02:12 -0300] "GET /cormun/servlet/hpexe_link HTTP/1.1" 200 955
186.67.203.186 - - [21/Mar/2018:16:02:12 -0300] "GET /cormun/servlet/hhome HTTP/1.1" 200 4206
186.67.203.186 - - [21/Mar/2018:16:02:16 -0300] "GET /cormun/servlet/hhome HTTP/1.1" 200 4202
186.67.203.186 - - [21/Mar/2018:16:02:19 -0300] "GET /cormun/servlet/trautorizarsolicitud? HTTP/1.1" 200 7319
186.67.203.186 - - [21/Mar/2018:16:02:21 -0300] "GET /cormun/servlet/trautorizarsolicitud? HTTP/1.1" 200 7318
186.103.132.155 - - [21/Mar/2018:16:02:28 -0300] "POST /cormun/servlet/trautorizarsolicitud?8a1e1f72ca7e4c4663a2009a7f5e370f,,gx-no-cache=1521658895416 HTTP/1.1" 200 9612
186.103.132.155 - - [21/Mar/2018:16:02:38 -0300] "GET /cormun/servlet/veautorizarsolicitud?2018,10678,, HTTP/1.1" 200 8615
190.151.100.218 - - [21/Mar/2018:16:02:38 -0300] "GET /cormun/pexe_scrolldiv.js HTTP/1.1" 404 1009
186.103.132.155 - - [21/Mar/2018:16:02:42 -0300] "GET /cormun/servlet/veautorizarsolicitud?2018,10678,, HTTP/1.1" 200 8615
186.79.172.104 - - [21/Mar/2018:16:04:25 -0300] "GET /cormun/servlet/licenciaspermisos?1e8b2f13d65ed73f348d6b301771a787d575f22a4d61dc53b36f594311c402dd2d8a09c9d7caaa0dfed52900668512af334df08a78141dc0483eb76abd6ad6a161e1b1b5ff28bc7e6024e4d2dca1cce52ce4810ecc3ab870609ec61a91ff5dc0451f87e1bcf136a1f2742bb03c58cf27c21de5d31bcdc4b3c538f561c845801a90b2772dc763f7a4637d2b70ba980dc3e06a4f1d65d42ca104c2e38134be7f38138b2b409dec0c2bf116a7f11724ee72,gx-no-cache=1521659016311 HTTP/1.1" 200 30
186.79.172.104 - - [21/Mar/2018:16:04:25 -0300] "GET /cormun/servlet/licenciaspermisos?1e8b2f13d65ed73f348d6b301771a787d93bebf0b778b75de5aa6730ed50bd2b4542be545364e30bc8050cabaad3b2ae9958ae64caa978cbcb69558bedd67643245104da546e15f9d57a4950433ac7aa5694023c42e0cc3dad62b2cdc11a1bb32664113e0553f63201afa4b7e0d2d9ef2b87a4ddeed0f57cc2b86a5a44714bb366e02884f596053bb13df2e701162320b3c6bd375122d614f77de7e8eb7a846fe62fe128b23e9db30994b35f3c452ee2,gx-no-cache=1521659016478 HTTP/1.1" 200 29
186.79.172.104 - - [21/Mar/2018:16:04:26 -0300] "POST /cormun/servlet/licenciaspermisos?53753bb38c1395be2b06dcf5ae836f23,INS,0,,,,gx-no-cache=1521659016566 HTTP/1.1" 200 93
186.79.172.104 - - [21/Mar/2018:16:04:26 -0300] "GET /cormun/servlet/hpexe_return? HTTP/1.1" 200 1013
186.79.172.104 - - [21/Mar/2018:16:04:27 -0300] "GET /cormun/servlet/trlicencias HTTP/1.1" 200 10345
186.79.172.104 - - [21/Mar/2018:16:04:28 -0300] "GET /cormun/servlet/trlicencias HTTP/1.1" 200 10340
186.79.172.104 - - [21/Mar/2018:16:04:55 -0300] "GET /cormun/servlet/alicenciaprn?16595631,L,20180321000000,PU HTTP/1.1" 200 1534
186.79.172.104 - - [21/Mar/2018:16:06:01 -0300] "GET /cormun/servlet/licenciaspermisos?UPD,19854422,L,20180320000000, HTTP/1.1" 200 7667
186.79.172.104 - - [21/Mar/2018:16:06:02 -0300] "GET /cormun/servlet/licenciaspermisos?UPD,19854422,L,20180320000000, HTTP/1.1" 200 7665
186.79.172.104 - - [21/Mar/2018:16:06:03 -0300] "GET /cormun/servlet/licenciaspermisos?1e8b2f13d65ed73f348d6b301771a787051560ff2804f4fa387f8d508011fb89532d84af278cf42f8be145d56ecb59f8d4e7a9cb0d9dac3b809a1113c029a1bac2c1c8a31eb35d7fc1b57be0e80aba98d6fadb5dc889a78937a38b5ccb51a31b,gx-no-cache=1521659114000 HTTP/1.1" 200 98
186.79.172.104 - - [21/Mar/2018:16:06:20 -0300] "GET /cormun/servlet/licenciaspermisos?1e8b2f13d65ed73f348d6b301771a7875c59d65a936ce7bb395d4afcb1c523be2d8a09c9d7caaa0dfed52900668512af334df08a78141dc0483eb76abd6ad6a161e1b1b5ff28bc7e6024e4d2dca1cce52ce4810ecc3ab870609ec61a91ff5dc01228ab0e808aaf426ac9094c2dd6681cc21de5d31bcdc4b3c538f561c845801a3a0b97ca52bd52cef7df3d9b18f75bfa5a60a876f40aff9c9088354280dcca9b1d191a9cc8fa76c68e97cc55f3c1a429d1dc51609ce7986bc5878e028cfc635b23cfd4a9637503101901b2e93294de856257fbf14806f903515b3b116ba7de7f,gx-no-cache=1521659131084 HTTP/1.1" 200 30
186.79.172.104 - - [21/Mar/2018:16:06:20 -0300] "GET /cormun/servlet/licenciaspermisos?1e8b2f13d65ed73f348d6b301771a787d93bebf0b778b75de5aa6730ed50bd2b4542be545364e30bc8050cabaad3b2ae9958ae64caa978cbcb69558bedd67643245104da546e15f9d57a4950433ac7aa5694023c42e0cc3dad62b2cdc11a1bb313e9e89cd80a724b02610b6916d93c852b87a4ddeed0f57cc2b86a5a44714bb306251637724cebdd040359fc057292a9d83f0b678530755646119aa20ea36a9b7ccf67bfdfc92d9c9cfb77ca06bd4a2525847ee6480ff955e481da727d44481a6e6d1f7ce278b443775ece5287796191cc66d0535e81de460a8fc26d18f3dea5,gx-no-cache=1521659131216 HTTP/1.1" 200 29
186.79.172.104 - - [21/Mar/2018:16:06:21 -0300] "POST /cormun/servlet/licenciaspermisos?53753bb38c1395be2b06dcf5ae836f23,UPD,19854422,L,20180320000000,,gx-no-cache=1521659131331 HTTP/1.1" 200 93
186.79.172.104 - - [21/Mar/2018:16:06:21 -0300] "GET /cormun/servlet/hpexe_return? HTTP/1.1" 200 1029
186.79.172.104 - - [21/Mar/2018:16:06:21 -0300] "GET /cormun/servlet/trlicencias HTTP/1.1" 200 10351
186.79.172.104 - - [21/Mar/2018:16:06:22 -0300] "GET /cormun/servlet/trlicencias HTTP/1.1" 200 10346
186.79.172.104 - - [21/Mar/2018:16:06:28 -0300] "GET /cormun/servlet/trlicenciaspermisosadjuntos?19854422,20180320000000,L, HTTP/1.1" 200 6279
186.79.172.104 - - [21/Mar/2018:16:06:28 -0300] "GET /cormun/static/gxcfg.js?20177612163414 HTTP/1.1" 200 953
186.79.172.104 - - [21/Mar/2018:16:06:29 -0300] "GET /cormun/servlet/trlicenciaspermisosadjuntos?19854422,20180320000000,L, HTTP/1.1" 200 6280
186.79.172.104 - - [21/Mar/2018:16:06:33 -0300] "GET /cormun/servlet/licenciaspermisosadjuntos?INS,19854422,L,20180320000000,, HTTP/1.1" 200 5576
186.79.172.104 - - [21/Mar/2018:16:06:34 -0300] "GET /cormun/static/gxcfg.js?2017761263592 HTTP/1.1" 304 -
186.79.172.104 - - [21/Mar/2018:16:06:34 -0300] "GET /cormun/static/about:blank HTTP/1.1" 404 1011
186.79.172.104 - - [21/Mar/2018:16:06:34 -0300] "GET /cormun/servlet/licenciaspermisosadjuntos?INS,19854422,L,20180320000000,, HTTP/1.1" 200 5566
186.79.172.104 - - [21/Mar/2018:16:08:06 -0300] "POST /cormun/servlet/licenciaspermisosadjuntos?53753bb38c1395be2b06dcf5ae836f23,INS,19854422,L,20180320000000,,,gx-no-cache=1521659235912 HTTP/1.1" 200 93
186.79.172.104 - - [21/Mar/2018:16:08:06 -0300] "GET /cormun/servlet/hpexe_return? HTTP/1.1" 200 1043
186.79.172.104 - - [21/Mar/2018:16:08:06 -0300] "GET /cormun/servlet/trlicenciaspermisosadjuntos?19854422,20180320000000,L, HTTP/1.1" 200 6626
186.79.172.104 - - [21/Mar/2018:16:08:07 -0300] "GET /cormun/servlet/trlicenciaspermisosadjuntos?19854422,20180320000000,L, HTTP/1.1" 200 6622
186.79.172.104 - - [21/Mar/2018:16:08:20 -0300] "GET /cormun/servlet/hlogin HTTP/1.1" 200 1722
200.120.230.197 - - [21/Mar/2018:16:08:23 -0300] "GET /cormun/servlet/hlogin HTTP/1.1" 200 1723
186.79.172.104 - - [21/Mar/2018:16:08:24 -0300] "POST /cormun/servlet/hlogin?eadaf3ecd3105cf853b6645a834a77df,gx-no-cache=1521659255253 HTTP/1.1" 200 90
186.79.172.104 - - [21/Mar/2018:16:08:24 -0300] "GET /cormun/servlet/hpexe_link HTTP/1.1" 200 954
186.79.172.104 - - [21/Mar/2018:16:08:24 -0300] "GET /cormun/servlet/hhome HTTP/1.1" 200 3936
186.79.172.104 - - [21/Mar/2018:16:08:25 -0300] "GET /cormun/servlet/hhome HTTP/1.1" 200 3936
186.103.159.204 - - [21/Mar/2018:16:08:28 -0300] "GET /cormun/servlet/trsolicitudot? HTTP/1.1" 200 7086
186.79.172.104 - - [21/Mar/2018:16:08:28 -0300] "GET /cormun/servlet/trlicencias? HTTP/1.1" 200 10352
186.103.159.204 - - [21/Mar/2018:16:08:28 -0300] "GET /cormun/static/gxui/gxui-all.css?120300 HTTP/1.1" 200 2179
186.103.159.204 - - [21/Mar/2018:16:08:28 -0300] "GET /cormun/servlet/trsolicitudot? HTTP/1.1" 200 7086
186.79.172.104 - - [21/Mar/2018:16:08:29 -0300] "GET /cormun/servlet/trlicencias? HTTP/1.1" 200 10350
200.120.230.197 - - [21/Mar/2018:16:08:31 -0300] "POST /cormun/servlet/hlogin?c5bd41e79b1af831a9f9e2cc657831c2,gx-no-cache=1521659270637 HTTP/1.1" 200 90
200.120.230.197 - - [21/Mar/2018:16:08:31 -0300] "GET /cormun/servlet/hpexe_link HTTP/1.1" 200 953
200.120.230.197 - - [21/Mar/2018:16:08:31 -0300] "GET /cormun/servlet/hhome HTTP/1.1" 200 4232
186.103.159.204 - - [21/Mar/2018:16:08:32 -0300] "POST /cormun/servlet/trsolicitudot?3f5ea993a82d21563d824483d2c47349,,gx-no-cache=1521659256896 HTTP/1.1" 200 4280
200.120.230.197 - - [21/Mar/2018:16:08:33 -0300] "GET /cormun/servlet/hhome HTTP/1.1" 200 4228
186.103.159.204 - - [21/Mar/2018:16:08:36 -0300] "GET /cormun/static/menuarrow.gif HTTP/1.1" 404 1015
200.120.230.197 - - [21/Mar/2018:16:08:36 -0300] "GET /cormun/servlet/trrenuncias? HTTP/1.1" 200 7120
200.120.230.197 - - [21/Mar/2018:16:08:36 -0300] "GET /cormun/static/gxcfg.js?20175251282642 HTTP/1.1" 200 953
200.120.230.197 - - [21/Mar/2018:16:08:36 -0300] "GET /cormun/static/trrenuncias.js?20175251283179 HTTP/1.1" 200 31174
200.120.230.197 - - [21/Mar/2018:16:08:37 -0300] "GET /cormun/servlet/trrenuncias? HTTP/1.1" 200 7119
186.79.172.104 - - [21/Mar/2018:16:08:38 -0300] "POST /cormun/servlet/trlicencias?eadaf3ecd3105cf853b6645a834a77df,,gx-no-cache=1521659268289 HTTP/1.1" 200 7840
186.79.172.104 - - [21/Mar/2018:16:08:39 -0300] "GET /cormun/static/Shared/jqueryui/images/ui-bg_highlight-soft_100_c6c2c8_1x100.png HTTP/1.1" 404 1117
186.79.172.104 - - [21/Mar/2018:16:08:39 -0300] "GET /cormun/static/Shared/jqueryui/images/ui-icons_82798d_256x240.png HTTP/1.1" 404 1089
186.79.172.104 - - [21/Mar/2018:16:08:39 -0300] "GET /cormun/static/Shared/jqueryui/images/ui-bg_flat_55_fafafa_40x100.png HTTP/1.1" 404 1097
186.79.172.104 - - [21/Mar/2018:16:08:39 -0300] "GET /cormun/static/Shared/jqueryui/images/ui-icons_8d78a5_256x240.png HTTP/1.1" 404 1089
200.120.230.197 - - [21/Mar/2018:16:08:40 -0300] "GET /cormun/servlet/renuncias?INS,0, HTTP/1.1" 200 6366
200.120.230.197 - - [21/Mar/2018:16:08:40 -0300] "GET /cormun/static/Resources/Spanish/PXTools.css?11294912 HTTP/1.1" 200 89042
200.120.230.197 - - [21/Mar/2018:16:08:40 -0300] "GET /cormun/static/gxcfg.js?2017426922787 HTTP/1.1" 200 953
200.120.230.197 - - [21/Mar/2018:16:08:40 -0300] "GET /cormun/static/renuncias.js?201742692287 HTTP/1.1" 200 14762
200.120.230.197 - - [21/Mar/2018:16:08:41 -0300] "GET /cormun/servlet/renuncias?INS,0, HTTP/1.1" 200 6367
186.103.159.204 - - [21/Mar/2018:16:08:43 -0300] "POST /cormun/servlet/trsolicitudot?26b82b91f230a0b8e0525f7e13dba98d,,gx-no-cache=1521659273134 HTTP/1.1" 200 6810
186.103.159.204 - - [21/Mar/2018:16:08:43 -0300] "POST /cormun/servlet/trsolicitudot?3f5ea993a82d21563d824483d2c47349,,gx-no-cache=1521659266576 HTTP/1.1" 200 5666
186.103.159.204 - - [21/Mar/2018:16:08:43 -0300] "GET /cormun//static/Resources/PXToolsGridDelete.png HTTP/1.1" 200 357
186.103.159.204 - - [21/Mar/2018:16:08:43 -0300] "GET /cormun//static/Resources/PXToolsGridUpdate.png HTTP/1.1" 200 2984
186.103.159.204 - - [21/Mar/2018:16:08:45 -0300] "POST /cormun/servlet/trsolicitudot?26b82b91f230a0b8e0525f7e13dba98d,,gx-no-cache=1521659274840 HTTP/1.1" 200 6810
186.79.172.104 - - [21/Mar/2018:16:08:52 -0300] "GET /cormun/servlet/trlicenciaspermisosadjuntos?16595631,20180321000000,L, HTTP/1.1" 200 6283
186.79.172.104 - - [21/Mar/2018:16:08:52 -0300] "GET /cormun/servlet/trlicenciaspermisosadjuntos?16595631,20180321000000,L, HTTP/1.1" 200 6283
186.103.159.204 - - [21/Mar/2018:16:08:53 -0300] "POST /cormun/servlet/trsolicitudot?26b82b91f230a0b8e0525f7e13dba98d,,gx-no-cache=1521659283268 HTTP/1.1" 200 6810
186.79.172.104 - - [21/Mar/2018:16:08:55 -0300] "GET /cormun/servlet/licenciaspermisosadjuntos?INS,16595631,L,20180321000000,, HTTP/1.1" 200 5576
186.79.172.104 - - [21/Mar/2018:16:08:55 -0300] "GET /cormun/static/about:blank HTTP/1.1" 404 1011
186.79.172.104 - - [21/Mar/2018:16:08:55 -0300] "GET /cormun/servlet/licenciaspermisosadjuntos?INS,16595631,L,20180321000000,, HTTP/1.1" 200 5566
186.103.159.204 - - [21/Mar/2018:16:09:03 -0300] "POST /cormun/servlet/trsolicitudot?3f5ea993a82d21563d824483d2c47349,,gx-no-cache=1521659287180 HTTP/1.1" 200 6630
186.103.159.204 - - [21/Mar/2018:16:09:15 -0300] "POST /cormun/servlet/trsolicitudot?26b82b91f230a0b8e0525f7e13dba98d,,gx-no-cache=1521659306012 HTTP/1.1" 200 5848
186.103.159.204 - - [21/Mar/2018:16:09:26 -0300] "POST /cormun/servlet/trsolicitudot?26b82b91f230a0b8e0525f7e13dba98d,,gx-no-cache=1521659316029 HTTP/1.1" 200 5826
186.79.227.120 - - [21/Mar/2018:16:09:37 -0300] "GET /cormun/static/menuarrow.gif HTTP/1.1" 404 1015
186.103.159.204 - - [21/Mar/2018:16:09:37 -0300] "POST /cormun/servlet/trsolicitudot?26b82b91f230a0b8e0525f7e13dba98d,,gx-no-cache=1521659327850 HTTP/1.1" 200 6830
186.103.159.204 - - [21/Mar/2018:16:09:42 -0300] "POST /cormun/servlet/trsolicitudot?26b82b91f230a0b8e0525f7e13dba98d,,gx-no-cache=1521659332580 HTTP/1.1" 200 6811
186.79.227.120 - - [21/Mar/2018:16:09:42 -0300] "GET /cormun/servlet/renuncias?0848b737fae65308ae85617fc3f500a2848562c60573ac8e937b73468419aa5e93992a60ef6bb37b65fcc9bff8ac2ae7,gx-no-cache=1521659342072 HTTP/1.1" 200 33
186.79.172.104 - - [21/Mar/2018:16:09:45 -0300] "POST /cormun/servlet/licenciaspermisosadjuntos?eadaf3ecd3105cf853b6645a834a77df,INS,16595631,L,20180321000000,, HTTP/1.1" 200 116
186.79.172.104 - - [21/Mar/2018:16:09:45 -0300] "GET /cormun/servlet/hpexe_return? HTTP/1.1" 200 1045
186.79.172.104 - - [21/Mar/2018:16:09:46 -0300] "GET /cormun/servlet/trlicenciaspermisosadjuntos?16595631,20180321000000,L, HTTP/1.1" 200 6765
186.79.172.104 - - [21/Mar/2018:16:09:47 -0300] "GET /cormun/servlet/trlicenciaspermisosadjuntos?16595631,20180321000000,L, HTTP/1.1" 200 6761
186.103.159.204 - - [21/Mar/2018:16:09:49 -0300] "POST /cormun/servlet/trsolicitudot?26b82b91f230a0b8e0525f7e13dba98d,,gx-no-cache=1521659339428 HTTP/1.1" 200 6810
186.103.159.204 - - [21/Mar/2018:16:09:53 -0300] "POST /cormun/servlet/trsolicitudot?26b82b91f230a0b8e0525f7e13dba98d,,gx-no-cache=1521659343843 HTTP/1.1" 200 6811
186.79.227.120 - - [21/Mar/2018:16:09:55 -0300] "GET /cormun/servlet/renuncias?0848b737fae65308ae85617fc3f500a2fc1a9ad03f73428c4ad156e679bd7c4dac52019606418119633f35e7bb4ca248,gx-no-cache=1521659354711 HTTP/1.1" 200 169
186.79.227.120 - - [21/Mar/2018:16:09:55 -0300] "GET /cormun/static/Shared/jqueryui/images/ui-bg_highlight-soft_100_c6c2c8_1x100.png HTTP/1.1" 404 1117
200.120.230.197 - - [21/Mar/2018:16:09:55 -0300] "GET /cormun/static/Shared/jqueryui/images/ui-icons_82798d_256x240.png HTTP/1.1" 404 1089
200.120.230.197 - - [21/Mar/2018:16:09:55 -0300] "GET /cormun/static/Shared/jqueryui/images/ui-bg_flat_55_994d53_40x100.png HTTP/1.1" 404 1097
200.120.230.197 - - [21/Mar/2018:16:09:55 -0300] "GET /cormun/static/Shared/jqueryui/images/ui-icons_ebccce_256x240.png HTTP/1.1" 404 1089
186.103.159.204 - - [21/Mar/2018:16:09:58 -0300] "POST /cormun/servlet/trsolicitudot?26b82b91f230a0b8e0525f7e13dba98d,,gx-no-cache=1521659348331 HTTP/1.1" 200 6810
186.103.159.204 - - [21/Mar/2018:16:10:07 -0300] "POST /cormun/servlet/trsolicitudot?26b82b91f230a0b8e0525f7e13dba98d,,gx-no-cache=1521659357621 HTTP/1.1" 200 5867
186.79.172.104 - - [21/Mar/2018:16:10:09 -0300] "GET /cormun/servlet/hlogin HTTP/1.1" 200 1721
186.79.172.104 - - [21/Mar/2018:16:10:11 -0300] "POST /cormun/servlet/hlogin?f32fc990791d31e40fa297858be825d5,gx-no-cache=1521659362010 HTTP/1.1" 200 90
186.79.172.104 - - [21/Mar/2018:16:10:11 -0300] "GET /cormun/servlet/hpexe_link HTTP/1.1" 200 953
186.79.172.104 - - [21/Mar/2018:16:10:11 -0300] "GET /cormun/servlet/hhome HTTP/1.1" 200 3933
186.79.172.104 - - [21/Mar/2018:16:10:12 -0300] "GET /cormun/servlet/hhome HTTP/1.1" 200 3930
186.103.159.204 - - [21/Mar/2018:16:10:14 -0300] "POST /cormun/servlet/trsolicitudot?26b82b91f230a0b8e0525f7e13dba98d,,gx-no-cache=1521659364353 HTTP/1.1" 200 6832
186.79.172.104 - - [21/Mar/2018:16:10:15 -0300] "GET /cormun/servlet/trlicencias? HTTP/1.1" 200 10354
186.79.172.104 - - [21/Mar/2018:16:10:16 -0300] "GET /cormun/servlet/trlicencias? HTTP/1.1" 200 10351
200.120.230.197 - - [21/Mar/2018:16:10:27 -0300] "POST /cormun/servlet/renuncias?c5bd41e79b1af831a9f9e2cc657831c2,INS,0,,gx-no-cache=1521659387126 HTTP/1.1" 200 93
200.120.230.197 - - [21/Mar/2018:16:10:27 -0300] "GET /cormun/servlet/hpexe_return? HTTP/1.1" 200 1007
200.120.230.197 - - [21/Mar/2018:16:10:28 -0300] "GET /cormun/servlet/trrenuncias HTTP/1.1" 200 7123
200.120.230.197 - - [21/Mar/2018:16:10:29 -0300] "GET /cormun/servlet/trrenuncias HTTP/1.1" 200 7119
186.103.159.204 - - [21/Mar/2018:16:10:33 -0300] "GET /cormun/servlet/solicitudot?INS,0,0, HTTP/1.1" 200 13338
186.103.159.204 - - [21/Mar/2018:16:10:33 -0300] "GET /cormun/servlet/solicitudot?INS,0,0, HTTP/1.1" 200 13343
186.79.172.104 - - [21/Mar/2018:16:10:34 -0300] "GET /cormun/servlet/alicenciaprn?16595631,L,20180321000000,PU HTTP/1.1" 200 1536
200.120.230.197 - - [21/Mar/2018:16:10:36 -0300] "GET /cormun/servlet/renuncias?INS,0, HTTP/1.1" 200 6366
200.120.230.197 - - [21/Mar/2018:16:10:37 -0300] "GET /cormun/servlet/renuncias?INS,0, HTTP/1.1" 200 6367
200.120.230.197 - - [21/Mar/2018:16:10:43 -0300] "GET /cormun/servlet/renuncias?0848b737fae65308ae85617fc3f500a2ac4feea1c7f917d03fbd73dd135df2d193992a60ef6bb37b65fcc9bff8ac2ae7,gx-no-cache=1521659402737 HTTP/1.1" 200 33
186.79.172.104 - - [21/Mar/2018:16:10:48 -0300] "GET /cormun/servlet/alicenciaprn?16595631,L,20180321000000,PU HTTP/1.1" 200 1535
186.103.159.204 - - [21/Mar/2018:16:10:56 -0300] "POST /cormun/servlet/trsolicitudot?26b82b91f230a0b8e0525f7e13dba98d,,gx-no-cache=1521659406317 HTTP/1.1" 200 6811
200.120.230.197 - - [21/Mar/2018:16:10:57 -0300] "GET /cormun/servlet/renuncias?0848b737fae65308ae85617fc3f500a29d13a707c30628e50aab8ae608a03c62ac52019606418119633f35e7bb4ca248,gx-no-cache=1521659416425 HTTP/1.1" 200 172
200.120.230.197 - - [21/Mar/2018:16:10:57 -0300] "GET /cormun/static/Shared/jqueryui/images/ui-bg_highlight-soft_100_c6c2c8_1x100.png HTTP/1.1" 404 1117
200.120.230.197 - - [21/Mar/2018:16:10:57 -0300] "GET /cormun/static/Shared/jqueryui/images/ui-icons_82798d_256x240.png HTTP/1.1" 404 1089
200.120.230.197 - - [21/Mar/2018:16:10:57 -0300] "GET /cormun/static/Shared/jqueryui/images/ui-bg_flat_55_994d53_40x100.png HTTP/1.1" 404 1097
200.120.230.197 - - [21/Mar/2018:16:10:57 -0300] "GET /cormun/static/Shared/jqueryui/images/ui-icons_ebccce_256x240.png HTTP/1.1" 404 1089
186.103.159.204 - - [21/Mar/2018:16:10:59 -0300] "POST /cormun/servlet/trsolicitudot?26b82b91f230a0b8e0525f7e13dba98d,,gx-no-cache=1521659409468 HTTP/1.1" 200 6811
186.103.159.204 - - [21/Mar/2018:16:11:01 -0300] "POST /cormun/servlet/trsolicitudot?26b82b91f230a0b8e0525f7e13dba98d,,gx-no-cache=1521659411565 HTTP/1.1" 200 6811
186.103.159.204 - - [21/Mar/2018:16:11:02 -0300] "POST /cormun/servlet/trsolicitudot?26b82b91f230a0b8e0525f7e13dba98d,,gx-no-cache=1521659412971 HTTP/1.1" 200 6810
186.103.159.204 - - [21/Mar/2018:16:11:25 -0300] "GET /cormun/servlet/trautorizarsolicitud? HTTP/1.1" 200 9552
186.103.159.204 - - [21/Mar/2018:16:11:25 -0300] "GET /cormun/static/gxcfg.js?2017111423403364 HTTP/1.1" 304 -
186.103.159.204 - - [21/Mar/2018:16:11:25 -0300] "GET /cormun/servlet/trautorizarsolicitud? HTTP/1.1" 200 9553
200.120.230.197 - - [21/Mar/2018:16:11:31 -0300] "GET /cormun/servlet/hlogin HTTP/1.1" 200 1744
186.103.159.204 - - [21/Mar/2018:16:11:36 -0300] "POST /cormun/servlet/trautorizarsolicitud?26b82b91f230a0b8e0525f7e13dba98d,,gx-no-cache=1521659446752 HTTP/1.1" 200 6396
186.103.159.204 - - [21/Mar/2018:16:11:36 -0300] "GET /cormun/static/Shared/jqueryui/images/ui-bg_highlight-soft_100_c6c2c8_1x100.png HTTP/1.1" 404 1117
186.103.159.204 - - [21/Mar/2018:16:11:36 -0300] "GET /cormun/static/Shared/jqueryui/images/ui-icons_82798d_256x240.png HTTP/1.1" 404 1089
186.103.159.204 - - [21/Mar/2018:16:11:36 -0300] "GET /cormun/static/Shared/jqueryui/images/ui-bg_flat_55_fafafa_40x100.png HTTP/1.1" 404 1097
186.103.159.204 - - [21/Mar/2018:16:11:36 -0300] "GET /cormun/static/Shared/jqueryui/images/ui-icons_8d78a5_256x240.png HTTP/1.1" 404 1089
186.103.159.204 - - [21/Mar/2018:16:11:37 -0300] "POST /cormun/servlet/trautorizarsolicitud?26b82b91f230a0b8e0525f7e13dba98d,,gx-no-cache=1521659447151 HTTP/1.1" 200 6342
186.103.159.204 - - [21/Mar/2018:16:11:38 -0300] "POST /cormun/servlet/trautorizarsolicitud?26b82b91f230a0b8e0525f7e13dba98d,,gx-no-cache=1521659448276 HTTP/1.1" 200 6125
186.103.159.204 - - [21/Mar/2018:16:11:38 -0300] "POST /cormun/servlet/trautorizarsolicitud?26b82b91f230a0b8e0525f7e13dba98d,,gx-no-cache=1521659448627 HTTP/1.1" 200 6067
186.103.159.204 - - [21/Mar/2018:16:11:39 -0300] "POST /cormun/servlet/trautorizarsolicitud?26b82b91f230a0b8e0525f7e13dba98d,,gx-no-cache=1521659449668 HTTP/1.1" 200 5826
186.103.159.204 - - [21/Mar/2018:16:11:39 -0300] "POST /cormun/servlet/trautorizarsolicitud?26b82b91f230a0b8e0525f7e13dba98d,,gx-no-cache=1521659449909 HTTP/1.1" 200 5771
186.103.159.204 - - [21/Mar/2018:16:11:40 -0300] "POST /cormun/servlet/trautorizarsolicitud?26b82b91f230a0b8e0525f7e13dba98d,,gx-no-cache=1521659450794 HTTP/1.1" 200 4629
186.103.159.204 - - [21/Mar/2018:16:11:40 -0300] "POST /cormun/servlet/trautorizarsolicitud?26b82b91f230a0b8e0525f7e13dba98d,,gx-no-cache=1521659451005 HTTP/1.1" 200 4395
186.103.159.204 - - [21/Mar/2018:16:11:43 -0300] "POST /cormun/servlet/trautorizarsolicitud?26b82b91f230a0b8e0525f7e13dba98d,,gx-no-cache=1521659453648 HTTP/1.1" 200 4415
186.103.159.204 - - [21/Mar/2018:16:11:49 -0300] "POST /cormun/servlet/trautorizarsolicitud?26b82b91f230a0b8e0525f7e13dba98d,,gx-no-cache=1521659459402 HTTP/1.1" 200 4412
186.103.159.204 - - [21/Mar/2018:16:11:50 -0300] "POST /cormun/servlet/trautorizarsolicitud?26b82b91f230a0b8e0525f7e13dba98d,,gx-no-cache=1521659461127 HTTP/1.1" 200 4413
186.79.172.104 - - [21/Mar/2018:16:11:51 -0300] "GET /cormun/servlet/licenciaspermisos?UPD,16595631,L,20180321000000, HTTP/1.1" 200 7663
186.103.159.204 - - [21/Mar/2018:16:11:51 -0300] "POST /cormun/servlet/trautorizarsolicitud?26b82b91f230a0b8e0525f7e13dba98d,,gx-no-cache=1521659461951 HTTP/1.1" 200 4413
186.79.172.104 - - [21/Mar/2018:16:11:52 -0300] "GET /cormun/servlet/licenciaspermisos?UPD,16595631,L,20180321000000, HTTP/1.1" 200 7660
186.79.172.104 - - [21/Mar/2018:16:11:52 -0300] "GET /cormun/servlet/licenciaspermisos?edb0670cf63c1accd92c17c3bf7cddda8565003cc2556a331add32eaf88c0b58698c495748d1dfaba0650169f0eb70761d096bb6e6ec927d9173bec88b6c550fb6c21be437a3cb0738f18eceb7a5dcb9963dd2cb46eeb143862703d770635587,gx-no-cache=1521659463446 HTTP/1.1" 200 92
186.79.172.104 - - [21/Mar/2018:16:12:01 -0300] "POST /cormun/servlet/licenciaspermisos?f32fc990791d31e40fa297858be825d5,UPD,16595631,L,20180321000000,,gx-no-cache=1521659472271 HTTP/1.1" 200 93
186.79.172.104 - - [21/Mar/2018:16:12:01 -0300] "GET /cormun/servlet/hpexe_return? HTTP/1.1" 200 1031
186.79.172.104 - - [21/Mar/2018:16:12:02 -0300] "GET /cormun/servlet/trlicencias HTTP/1.1" 200 10356
186.103.159.204 - - [21/Mar/2018:16:12:02 -0300] "POST /cormun/servlet/trautorizarsolicitud?26b82b91f230a0b8e0525f7e13dba98d,,gx-no-cache=1521659472732 HTTP/1.1" 200 5788
186.79.172.104 - - [21/Mar/2018:16:12:03 -0300] "GET /cormun/servlet/trlicencias HTTP/1.1" 200 10351
186.79.172.104 - - [21/Mar/2018:16:12:07 -0300] "GET /cormun/servlet/alicenciaprn?16595631,L,20180321000000,PU HTTP/1.1" 200 1537
186.79.172.104 - - [21/Mar/2018:16:12:20 -0300] "GET /cormun/servlet/alicenciaprn?16595631,L,20180321000000,PU HTTP/1.1" 200 1534
186.79.172.104 - - [21/Mar/2018:16:12:20 -0300] "GET /cormun/servlet/alicenciaprn?16595631,L,20180321000000,PU HTTP/1.1" 200 1535
186.103.159.204 - - [21/Mar/2018:16:12:29 -0300] "POST /cormun/servlet/solicitudot?gx-no-cache=1521659493846 HTTP/1.1" 200 3408
186.103.159.204 - - [21/Mar/2018:16:12:29 -0300] "POST /cormun/servlet/solicitudot?3f5ea993a82d21563d824483d2c47349,INS,0,0,,gx-no-cache=1521659494050 HTTP/1.1" 200 10405
200.120.230.197 - - [21/Mar/2018:16:12:34 -0300] "POST /cormun/servlet/hlogin?c5bd41e79b1af831a9f9e2cc657831c2,gx-no-cache=1521659513652 HTTP/1.1" 200 90
200.120.230.197 - - [21/Mar/2018:16:12:34 -0300] "GET /cormun/servlet/hpexe_link HTTP/1.1" 200 963
200.120.230.197 - - [21/Mar/2018:16:12:34 -0300] "GET /cormun/servlet/renuncias?INS,0, HTTP/1.1" 200 6368
186.79.172.104 - - [21/Mar/2018:16:12:36 -0300] "GET /cormun/servlet/licenciaspermisos?UPD,16595631,L,20180321000000, HTTP/1.1" 200 7663
200.120.230.197 - - [21/Mar/2018:16:12:37 -0300] "GET /cormun/servlet/renuncias?INS,0, HTTP/1.1" 200 6367
186.79.172.104 - - [21/Mar/2018:16:12:38 -0300] "GET /cormun/servlet/licenciaspermisos?UPD,16595631,L,20180321000000, HTTP/1.1" 200 7660
186.79.172.104 - - [21/Mar/2018:16:12:38 -0300] "GET /cormun/servlet/licenciaspermisos?edb0670cf63c1accd92c17c3bf7cddda8565003cc2556a331add32eaf88c0b58698c495748d1dfaba0650169f0eb70761d096bb6e6ec927d9173bec88b6c550fb6c21be437a3cb0738f18eceb7a5dcb9963dd2cb46eeb143862703d770635587,gx-no-cache=1521659509491 HTTP/1.1" 200 92
200.120.230.197 - - [21/Mar/2018:16:12:40 -0300] "GET /cormun/servlet/renuncias?0848b737fae65308ae85617fc3f500a2ac4feea1c7f917d03fbd73dd135df2d193992a60ef6bb37b65fcc9bff8ac2ae7,gx-no-cache=1521659519361 HTTP/1.1" 200 33
186.79.172.104 - - [21/Mar/2018:16:12:47 -0300] "GET /cormun/servlet/licenciaspermisos?edb0670cf63c1accd92c17c3bf7cddda253cd418ead503262b4aeabbfb6604fabf622293be94059c5c2c3266bf93bc04c3ab8832e9b91590624408311027a88dc428e2f5bc13870d55b117ebf01fa0e3d1ff10d66ba16dca1412cc8a8c25615b92cb99016be457eb73f089d76dabb161d3500f426c649c769772ce4c49d84b8c5b44e668448c791ffa5a5789c7fe156048260ed59436b4f9b0392a4530f6e260f55f92973868ab874da5a1ff7380a184f4858a7bacfa6d2fa88497c5d4b61958b427e66aefab8c3670aa7a5b58a6d1eaad567fafb35ba134cccb63da006e3fe3,gx-no-cache=1521659518311 HTTP/1.1" 200 30
186.79.172.104 - - [21/Mar/2018:16:12:47 -0300] "GET /cormun/servlet/licenciaspermisos?edb0670cf63c1accd92c17c3bf7cddda19c01bc6d67c5b5b1716cd2b0b7dec88804b41a9220b90d683d9a821f734ecaf6e9f5fd7538fb86ee8b704e5f0635fc9f08004cd13d67ebb897ceca90340588cea4cb15ab42a1551315307512d832e7e125ff21006a03d08dad6a697cc5d9b1d38bd5a604ec8f652283cfaefb956fab64693c76e7aa6e1c4f34930efd2135e947899817bbf143a87be0e5039c8651b034484434962846d3805b28585768cb9db2d665e8e32d10c54c51f880b216c88eff5736e17d482ced9b3e9a9e53eefc93f461466fba7b0c6b0463cd0da7469b445,gx-no-cache=1521659518395 HTTP/1.1" 200 29
186.79.172.104 - - [21/Mar/2018:16:12:48 -0300] "POST /cormun/servlet/licenciaspermisos?f32fc990791d31e40fa297858be825d5,UPD,16595631,L,20180321000000,,gx-no-cache=1521659518469 HTTP/1.1" 200 93
186.79.172.104 - - [21/Mar/2018:16:12:48 -0300] "GET /cormun/servlet/hpexe_return? HTTP/1.1" 200 1031
186.79.172.104 - - [21/Mar/2018:16:12:48 -0300] "GET /cormun/servlet/trlicencias HTTP/1.1" 200 10348
186.79.172.104 - - [21/Mar/2018:16:12:49 -0300] "GET /cormun/servlet/trlicencias HTTP/1.1" 200 10343
186.79.172.104 - - [21/Mar/2018:16:12:55 -0300] "GET /cormun/servlet/alicenciaprn?16595631,L,20180321000000,PU HTTP/1.1" 200 1536
186.103.159.204 - - [21/Mar/2018:16:12:59 -0300] "POST /cormun/servlet/trautorizarsolicitud?26b82b91f230a0b8e0525f7e13dba98d,,gx-no-cache=1521659530067 HTTP/1.1" 200 7199
186.103.159.204 - - [21/Mar/2018:16:13:02 -0300] "GET /cormun/servlet/solicitudot?990456c93b679d25785ade1bbfdb969473a2af462d9972b43a95d370fa4a660dc28e1b37ab84d55223718d7030e11964,gx-no-cache=1521659526590 HTTP/1.1" 200 30
186.103.159.204 - - [21/Mar/2018:16:13:02 -0300] "GET /cormun/servlet/solicitudot?990456c93b679d25785ade1bbfdb9694229d4da5241498f6531e4271e2a5134f7a5fca075e7880773a0b9f090b948309c28e1b37ab84d55223718d7030e11964,gx-no-cache=1521659526642 HTTP/1.1" 200 30
186.103.159.204 - - [21/Mar/2018:16:13:02 -0300] "GET /cormun/servlet/solicitudot?990456c93b679d25785ade1bbfdb96946231c94a784707d5534dc7d158face2d,gx-no-cache=1521659526668 HTTP/1.1" 200 70
186.103.159.204 - - [21/Mar/2018:16:13:02 -0300] "POST /cormun/servlet/solicitudot?gx-no-cache=1521659526698 HTTP/1.1" 200 297
186.103.159.204 - - [21/Mar/2018:16:13:02 -0300] "GET /cormun/servlet/solicitudot?990456c93b679d25785ade1bbfdb96942636a3549ef546ec2d7c887fe180d6d7313db742898f34c8c60b60f690f8b9930f11052de9a533ed82716d12f220473094e2b7f83b80dfa8f21cde41013b6cf4abfa7e0c7575ff5be3cabdc8855c60612545d65cb6054169989074d7bf20bbf431d434c6f01d953d4a921377da3f60a85bcb0f7868fd43282f11df8423fa398ed64ad358fc93c9c23e5cf0f4afbe76ad573ba4e940f7d33c2d95dc1afd808bedd87b4fc85886a72814b81ba0869ca3926936a9ee8e15446e1c24fa1e1b8d6c9b21f63654e9f9d2eacbac4cfc1ffac39427258b77172aa59fb028318df0872fa8d4d7373e9e5c21b52181eee767fc45bba1bc4c14da4515598d8faa6e5a7a8cf7a46938254fca6634915be019abb7b41e3f84e1440291b2016c8f5efb3c9f9892ea8d814a363f664d254b5fd8eb6b0e3423261c4202d99b163ff8c83d90ec317751246eb4c4445eb6cd6e26ba4beeac331192f49b844325ebe3b4669c3a4507e56869b259813abf67e12b363d4293ac6113b2d40885f8a7fea91d843642e05ed2,gx-no-cache=1521659526734 HTTP/1.1" 200 30
200.120.230.197 - - [21/Mar/2018:16:13:03 -0300] "GET /cormun/servlet/renuncias?0848b737fae65308ae85617fc3f500a29d13a707c30628e50aab8ae608a03c62ac52019606418119633f35e7bb4ca248,gx-no-cache=1521659542918 HTTP/1.1" 200 172
200.120.230.197 - - [21/Mar/2018:16:13:03 -0300] "GET /cormun/static/Shared/jqueryui/images/ui-bg_highlight-soft_100_c6c2c8_1x100.png HTTP/1.1" 404 1117
200.120.230.197 - - [21/Mar/2018:16:13:03 -0300] "GET /cormun/static/Shared/jqueryui/images/ui-icons_82798d_256x240.png HTTP/1.1" 404 1089
200.120.230.197 - - [21/Mar/2018:16:13:03 -0300] "GET /cormun/static/Shared/jqueryui/images/ui-bg_flat_55_994d53_40x100.png HTTP/1.1" 404 1097
200.120.230.197 - - [21/Mar/2018:16:13:03 -0300] "GET /cormun/static/Shared/jqueryui/images/ui-icons_ebccce_256x240.png HTTP/1.1" 404 1089
186.103.159.204 - - [21/Mar/2018:16:13:05 -0300] "POST /cormun/servlet/solicitudot?gx-no-cache=1521659530126 HTTP/1.1" 200 30
186.103.159.204 - - [21/Mar/2018:16:13:12 -0300] "POST /cormun/servlet/solicitudot?gx-no-cache=1521659536744 HTTP/1.1" 200 1337
186.103.159.204 - - [21/Mar/2018:16:13:12 -0300] "POST /cormun/servlet/solicitudot?gx-no-cache=1521659536840 HTTP/1.1" 200 38
186.79.227.120 - - [21/Mar/2018:16:14:28 -0300] "GET /cormun/servlet/renuncias?0848b737fae65308ae85617fc3f500a2fc1a9ad03f73428c4ad156e679bd7c4dac52019606418119633f35e7bb4ca248,gx-no-cache=1521659627114 HTTP/1.1" 200 169
186.103.159.204 - - [21/Mar/2018:16:14:46 -0300] "GET /cormun/servlet/solicitudot?990456c93b679d25785ade1bbfdb9694c499aa7e330f1427b19f16e99b7d82cca7b17dcbc220cc58479276048de561eb9f3d4ecb5e8c8d31fdb91fb7cc8e3b6248cf24d700eb01b0a8d56c1448f60c33fc514bfeed1dd7042fe581c98466761242a88237dcf6e6ed8b3e3f9300e75d08,gx-no-cache=1521659630938 HTTP/1.1" 200 29
186.103.159.204 - - [21/Mar/2018:16:14:47 -0300] "POST /cormun/servlet/solicitudot?gx-no-cache=1521659631074 HTTP/1.1" 200 1319
186.103.159.204 - - [21/Mar/2018:16:14:47 -0300] "POST /cormun/servlet/solicitudot?gx-no-cache=1521659631230 HTTP/1.1" 200 1217
186.103.159.204 - - [21/Mar/2018:16:14:47 -0300] "GET /cormun/servlet/solicitudot?990456c93b679d25785ade1bbfdb9694b84424068296b290f51efa8f6bf3f533,gx-no-cache=1521659631304 HTTP/1.1" 200 30
186.103.159.204 - - [21/Mar/2018:16:14:47 -0300] "POST /cormun/servlet/solicitudot?gx-no-cache=1521659631368 HTTP/1.1" 200 30
186.103.159.204 - - [21/Mar/2018:16:15:17 -0300] "GET /cormun/static/menuarrow.gif HTTP/1.1" 404 1015
186.103.159.204 - - [21/Mar/2018:16:15:22 -0300] "GET /cormun/servlet/solicitudot?990456c93b679d25785ade1bbfdb9694a64a6193de464ff891d843e814fb2622ca758a0f8fb19c71f7e974e0992a1fdc,gx-no-cache=1521659666912 HTTP/1.1" 200 30
186.79.172.104 - - [21/Mar/2018:16:15:57 -0300] "POST /cormun/servlet/trlicencias?f32fc990791d31e40fa297858be825d5,gx-no-cache=1521659706187 HTTP/1.1" 200 7719
186.79.172.104 - - [21/Mar/2018:16:15:57 -0300] "GET /cormun/static/Shared/jqueryui/images/ui-bg_highlight-soft_100_c6c2c8_1x100.png HTTP/1.1" 404 1117
186.79.172.104 - - [21/Mar/2018:16:15:57 -0300] "GET /cormun/static/Shared/jqueryui/images/ui-icons_82798d_256x240.png HTTP/1.1" 404 1089
186.79.172.104 - - [21/Mar/2018:16:15:57 -0300] "GET /cormun/static/Shared/jqueryui/images/ui-bg_flat_55_fafafa_40x100.png HTTP/1.1" 404 1097
186.79.172.104 - - [21/Mar/2018:16:15:57 -0300] "GET /cormun/static/Shared/jqueryui/images/ui-icons_8d78a5_256x240.png HTTP/1.1" 404 1089
186.103.159.204 - - [21/Mar/2018:16:19:39 -0300] "POST /cormun/servlet/solicitudot?gx-no-cache=1521659921910 HTTP/1.1" 200 30
186.103.159.204 - - [21/Mar/2018:16:19:42 -0300] "POST /cormun/servlet/solicitudot?3f5ea993a82d21563d824483d2c47349,INS,0,0,,gx-no-cache=1521659926190 HTTP/1.1" 200 93
186.103.159.204 - - [21/Mar/2018:16:19:48 -0300] "GET /cormun/servlet/hpexe_return? HTTP/1.1" 200 1008
186.103.159.204 - - [21/Mar/2018:16:19:48 -0300] "GET /cormun/static/gxcfg.js?2016101716175148 HTTP/1.1" 200 953
186.103.159.204 - - [21/Mar/2018:16:19:49 -0300] "GET /cormun/static/hpexe_return.js?2016101716175153 HTTP/1.1" 200 1633
186.103.159.204 - - [21/Mar/2018:16:19:49 -0300] "GET /cormun/servlet/trsolicitudot? HTTP/1.1" 200 7087
186.103.159.204 - - [21/Mar/2018:16:19:49 -0300] "GET /cormun/static/gxui/gxui-all.css?120300 HTTP/1.1" 200 2179
186.103.159.204 - - [21/Mar/2018:16:19:50 -0300] "GET /cormun/servlet/trsolicitudot? HTTP/1.1" 200 7084
186.103.159.204 - - [21/Mar/2018:16:20:02 -0300] "POST /cormun/servlet/trsolicitudot?3f5ea993a82d21563d824483d2c47349,,gx-no-cache=1521659946822 HTTP/1.1" 200 6163
186.103.159.204 - - [21/Mar/2018:16:20:24 -0300] "GET /cormun/servlet/solicitudot?INS,0,0, HTTP/1.1" 200 13338
186.103.159.204 - - [21/Mar/2018:16:20:24 -0300] "GET /cormun/static/solicitudot.js?201812313224831 HTTP/1.1" 200 32768
186.103.159.204 - - [21/Mar/2018:16:20:24 -0300] "GET /cormun/servlet/solicitudot?INS,0,0, HTTP/1.1" 200 13343
186.103.159.204 - - [21/Mar/2018:16:21:30 -0300] "POST /cormun/servlet/solicitudot?gx-no-cache=1521660034690 HTTP/1.1" 200 3284
186.103.159.204 - - [21/Mar/2018:16:21:31 -0300] "POST /cormun/servlet/solicitudot?3f5ea993a82d21563d824483d2c47349,INS,0,0,,gx-no-cache=1521660035116 HTTP/1.1" 200 10255
186.103.159.204 - - [21/Mar/2018:16:21:34 -0300] "GET /cormun/servlet/solicitudot?990456c93b679d25785ade1bbfdb96946aa555159435881925a4eebff2ab24a2c28e1b37ab84d55223718d7030e11964,gx-no-cache=1521660038100 HTTP/1.1" 200 30
186.103.159.204 - - [21/Mar/2018:16:21:35 -0300] "GET /cormun/static/Resources/resize.gif HTTP/1.1" 200 77
186.103.159.204 - - [21/Mar/2018:16:21:36 -0300] "GET /cormun/servlet/prfichaempleado?,MD,,gxPopupLevel%3D0%3B HTTP/1.1" 200 9214
186.103.159.204 - - [21/Mar/2018:16:21:36 -0300] "GET /cormun/static/gxui/gxui-all.css?110300 HTTP/1.1" 200 2179
186.103.159.204 - - [21/Mar/2018:16:21:36 -0300] "GET /cormun/static/hmpwkw011.js?20177612121862 HTTP/1.1" 200 1968
186.103.159.204 - - [21/Mar/2018:16:21:36 -0300] "GET /cormun/static/Resources/PXToolsMenuSearch.png HTTP/1.1" 200 2914
186.103.159.204 - - [21/Mar/2018:16:21:36 -0300] "GET /cormun/static/Shared/ext/resources/themes/images/default/panel/bg-headersPanel.png HTTP/1.1" 200 255
186.103.159.204 - - [21/Mar/2018:16:21:55 -0300] "POST /cormun/servlet/prfichaempleado?3f5ea993a82d21563d824483d2c47349,,MD,,gxPopupLevel%3D0%3B,gx-no-cache=1521660059684 HTTP/1.1" 200 3197
186.103.159.187 - - [21/Mar/2018:16:24:59 -0300] "GET /cormun/servlet/hhome HTTP/1.1" 200 3394
186.103.159.187 - - [21/Mar/2018:16:25:00 -0300] "GET /cormun/servlet/hhome HTTP/1.1" 200 3403
186.103.159.187 - - [21/Mar/2018:16:25:00 -0300] "GET /cormun/servlet/hlogin HTTP/1.1" 200 1730
186.103.159.204 - - [21/Mar/2018:16:25:02 -0300] "GET /cormun/servlet/solicitudot?990456c93b679d25785ade1bbfdb96947fbeac987e5d10707ef9999d6721a6b669faea5473ee17ea4fd090f63a375b761961655fd5f7b6875549819f78a45bc8,gx-no-cache=1521660247004 HTTP/1.1" 200 30
186.103.159.204 - - [21/Mar/2018:16:25:02 -0300] "GET /cormun/servlet/solicitudot?990456c93b679d25785ade1bbfdb9694e00be3a9ecfb1308266176c372a1caf4,gx-no-cache=1521660247076 HTTP/1.1" 200 29
186.103.159.204 - - [21/Mar/2018:16:25:02 -0300] "POST /cormun/servlet/solicitudot?gx-no-cache=1521660247106 HTTP/1.1" 200 297
186.103.159.204 - - [21/Mar/2018:16:25:06 -0300] "GET /cormun/servlet/solicitudot?990456c93b679d25785ade1bbfdb96942636a3549ef546ec2d7c887fe180d6d7313db742898f34c8c60b60f690f8b9930f11052de9a533ed82716d12f220473094e2b7f83b80dfa8f21cde41013b6cf4abfa7e0c7575ff5be3cabdc8855c60612545d65cb6054169989074d7bf20bbf431d434c6f01d953d4a921377da3f60a85bcb0f7868fd43282f11df8423fa398ed64ad358fc93c9c23e5cf0f4afbe76ad573ba4e940f7d33c2d95dc1afd808bedd87b4fc85886a72814b81ba0869ca3926936a9ee8e15446e1c24fa1e1b8d6c9b21f63654e9f9d2eacbac4cfc1ffac39427258b77172aa59fb028318df0872fa8d4d7373e9e5c21b52181eee767fc45bba1bc4c14da4515598d8faa6e5a7a8cf7a46938254fca6634915be019abb7b41e3f84e1440291b2016c8f5efb3c9f9892ea8d814a363f664d254b5fd8eb6b0e3423261c4202d99b163ff8c83d90ec317751246eb4c4445eb6cd6e26ba4beeac331192f49b844325ebe3b4669c3a4507e56869b259813abf67e12b363d4293ac6113b2d40885f8a7fea91d843642e05ed2,gx-no-cache=1521660250036 HTTP/1.1" 200 30
186.103.159.204 - - [21/Mar/2018:16:25:09 -0300] "POST /cormun/servlet/solicitudot?gx-no-cache=1521660253860 HTTP/1.1" 200 30
186.103.159.204 - - [21/Mar/2018:16:25:11 -0300] "POST /cormun/servlet/solicitudot?gx-no-cache=1521660256084 HTTP/1.1" 200 1333
186.103.159.204 - - [21/Mar/2018:16:25:12 -0300] "POST /cormun/servlet/solicitudot?gx-no-cache=1521660256174 HTTP/1.1" 200 38
186.103.159.187 - - [21/Mar/2018:16:25:12 -0300] "POST /cormun/servlet/hlogin?18f508e37da062589b6aca722dcd5b85,gx-no-cache=1521663951804 HTTP/1.1" 200 442
186.103.159.187 - - [21/Mar/2018:16:25:17 -0300] "POST /cormun/servlet/hlogin?18f508e37da062589b6aca722dcd5b85,gx-no-cache=1521663956770 HTTP/1.1" 200 90
186.103.159.187 - - [21/Mar/2018:16:25:17 -0300] "GET /cormun/servlet/hpexe_link HTTP/1.1" 200 950
186.103.159.187 - - [21/Mar/2018:16:25:17 -0300] "GET /cormun/servlet/hhome HTTP/1.1" 200 3929
186.103.159.187 - - [21/Mar/2018:16:25:18 -0300] "GET /cormun/servlet/hhome HTTP/1.1" 200 3925
186.103.159.187 - - [21/Mar/2018:16:25:29 -0300] "GET /cormun/servlet/trrenuncias? HTTP/1.1" 200 6777
186.103.159.187 - - [21/Mar/2018:16:25:29 -0300] "GET /cormun/static/gxcfg.js?20175251282642 HTTP/1.1" 200 953
186.103.159.187 - - [21/Mar/2018:16:25:30 -0300] "GET /cormun/static/trrenuncias.js?20175251283179 HTTP/1.1" 200 31174
186.103.159.187 - - [21/Mar/2018:16:25:30 -0300] "GET /cormun/servlet/trrenuncias? HTTP/1.1" 200 6776
186.103.159.187 - - [21/Mar/2018:16:25:35 -0300] "GET /cormun/servlet/renuncias?INS,0, HTTP/1.1" 200 6060
186.103.159.187 - - [21/Mar/2018:16:25:35 -0300] "GET /cormun/static/gxcfg.js?2017426922787 HTTP/1.1" 200 953
186.103.159.187 - - [21/Mar/2018:16:25:35 -0300] "GET /cormun/static/renuncias.js?201742692287 HTTP/1.1" 200 14762
186.103.159.187 - - [21/Mar/2018:16:25:35 -0300] "GET /cormun/static/Resources/Spanish/PXTools.css?11294912 HTTP/1.1" 200 89042
186.103.159.187 - - [21/Mar/2018:16:25:36 -0300] "GET /cormun/servlet/renuncias?INS,0, HTTP/1.1" 200 6060
186.103.159.187 - - [21/Mar/2018:16:25:41 -0300] "GET /cormun/servlet/renuncias?a4a7ac924e851de834e649eb7b893e10be603ada9d43585c79ffa4bb0bb69718aa9a70e6b2b6348ab18cd1fd96668cd1,gx-no-cache=1521663981157 HTTP/1.1" 200 33
186.103.159.187 - - [21/Mar/2018:16:25:56 -0300] "GET /cormun/servlet/prfichaempleado?,MD,,gxPopupLevel%3D0%3B HTTP/1.1" 200 9267
186.103.159.187 - - [21/Mar/2018:16:25:56 -0300] "GET /cormun/static/gxcfg.js?20177612134814 HTTP/1.1" 200 953
186.103.159.187 - - [21/Mar/2018:16:25:56 -0300] "GET /cormun/static/prfichaempleado.js?20177612134999 HTTP/1.1" 200 16006
186.103.159.187 - - [21/Mar/2018:16:26:13 -0300] "GET /cormun/servlet/prcontrato?19056727,,,MD,,gxPopupLevel%3D0%3B HTTP/1.1" 200 5559
186.103.159.187 - - [21/Mar/2018:16:26:13 -0300] "GET /cormun/static/gxcfg.js?20175251232326 HTTP/1.1" 200 953
186.103.159.187 - - [21/Mar/2018:16:26:13 -0300] "GET /cormun/static/prcontrato.js?20175251232552 HTTP/1.1" 200 13820
186.103.159.187 - - [21/Mar/2018:16:26:17 -0300] "GET /cormun/servlet/renuncias?a4a7ac924e851de834e649eb7b893e109fb8434216e746cb234766f59a0e05d229d3ef80e184a67fd076cdbadf14ed1d,gx-no-cache=1521664016732 HTTP/1.1" 200 178
186.103.159.187 - - [21/Mar/2018:16:26:17 -0300] "GET /cormun/static/Shared/jqueryui/images/ui-bg_highlight-soft_100_c6c2c8_1x100.png HTTP/1.1" 404 1117
186.103.159.187 - - [21/Mar/2018:16:26:17 -0300] "GET /cormun/static/Shared/jqueryui/images/ui-icons_82798d_256x240.png HTTP/1.1" 404 1089
186.103.159.187 - - [21/Mar/2018:16:26:17 -0300] "GET /cormun/static/Shared/jqueryui/images/ui-bg_flat_55_994d53_40x100.png HTTP/1.1" 404 1097
186.103.159.187 - - [21/Mar/2018:16:26:17 -0300] "GET /cormun/static/Shared/jqueryui/images/ui-icons_ebccce_256x240.png HTTP/1.1" 404 1089
186.103.159.187 - - [21/Mar/2018:16:26:22 -0300] "GET /cormun/servlet/prfichaempleado?,MD,,gxPopupLevel%3D0%3B HTTP/1.1" 200 9267
186.103.159.204 - - [21/Mar/2018:16:26:32 -0300] "GET /cormun/servlet/solicitudot?990456c93b679d25785ade1bbfdb9694c499aa7e330f1427b19f16e99b7d82cca7b17dcbc220cc58479276048de561eb9f3d4ecb5e8c8d31fdb91fb7cc8e3b6248cf24d700eb01b0a8d56c1448f60c33fc514bfeed1dd7042fe581c98466761242a88237dcf6e6ed8b3e3f9300e75d08,gx-no-cache=1521660336132 HTTP/1.1" 200 29
186.103.159.204 - - [21/Mar/2018:16:26:32 -0300] "POST /cormun/servlet/solicitudot?gx-no-cache=1521660336196 HTTP/1.1" 200 1317
186.103.159.204 - - [21/Mar/2018:16:26:32 -0300] "POST /cormun/servlet/solicitudot?gx-no-cache=1521660336254 HTTP/1.1" 200 1215
186.103.159.204 - - [21/Mar/2018:16:26:48 -0300] "GET /cormun/static/menuarrow.gif HTTP/1.1" 404 1015
186.103.159.204 - - [21/Mar/2018:16:26:53 -0300] "GET /cormun/servlet/solicitudot?990456c93b679d25785ade1bbfdb9694a64a6193de464ff891d843e814fb2622ca758a0f8fb19c71f7e974e0992a1fdc,gx-no-cache=1521660357606 HTTP/1.1" 200 30
186.103.159.204 - - [21/Mar/2018:16:27:03 -0300] "POST /cormun/servlet/solicitudot?gx-no-cache=1521660367512 HTTP/1.1" 200 30
186.103.159.204 - - [21/Mar/2018:16:28:10 -0300] "GET /cormun/servlet/solicitudot?990456c93b679d25785ade1bbfdb96942636a3549ef546ec2d7c887fe180d6d7313db742898f34c8c60b60f690f8b9930f11052de9a533ed82716d12f220473094e2b7f83b80dfa8f21cde41013b6cf4abfa7e0c7575ff5be3cabdc8855c60612545d65cb6054169989074d7bf20bbf431d434c6f01d953d4a921377da3f60a85bcb0f7868fd43282f11df8423fa398ed64ad358fc93c9c23e5cf0f4afbe76ad573ba4e940f7d33c2d95dc1afd808bedd87b4fc85886a72814b81ba0869ca3926936a9ee8e15446e1c24fa1e1b8d6c9b21f63654e9f9d2eacbac4cfc1ffac39427258b77172aa59fb028318df0872fa8d4d7373e9e5c21b52181eee767fc45bba1bc4c14da4515598d8faa6e5a7a8cf7a46938254fca6634915be019abb7b41e3f84e1440291b2016c8f5efb3c9f9892ea8d814a363f664d254b5fd8eb6b0e3423261c4202d99b163ff8c83d90ec317751246eb4c4445eb6cd6e26ba4beeac331192f49b844325ebe3b4669c3a4507e55dae1f4e3476d0f0565bfb6a25abfe8e13b2d40885f8a7fea91d843642e05ed2,gx-no-cache=1521660434438 HTTP/1.1" 200 30
