192.168.10.97 - - [21/Mar/2018:10:47:59 -0300] "POST /cormun/servlet/trsolicitudgral?3620e1cb3354b5fc1f8676e9747e95c1,gx-no-cache=1521639698586,gx-no-cache=1521639912381 HTTP/1.1" 200 5914
192.168.10.97 - - [21/Mar/2018:10:48:19 -0300] "GET /cormun/servlet/trcoordinadores? HTTP/1.1" 200 7654
192.168.10.97 - - [21/Mar/2018:10:48:20 -0300] "GET /cormun/servlet/trcoordinadores? HTTP/1.1" 200 7632
186.103.161.206 - - [21/Mar/2018:10:49:38 -0300] "GET /cormun/servlet/hlogin HTTP/1.1" 200 1732
186.79.172.104 - - [21/Mar/2018:10:51:47 -0300] "GET /cormun/servlet/hlogin HTTP/1.1" 200 1728
186.79.172.104 - - [21/Mar/2018:10:51:48 -0300] "GET /favicon.ico HTTP/1.1" 200 21630
186.79.172.104 - - [21/Mar/2018:10:51:49 -0300] "POST /cormun/servlet/hlogin?b1ea5a7e4d1d7a8119d72cb5f44eb7b9,gx-no-cache=1521640257925 HTTP/1.1" 200 90
186.79.172.104 - - [21/Mar/2018:10:51:50 -0300] "GET /cormun/servlet/hpexe_link HTTP/1.1" 200 952
186.79.172.104 - - [21/Mar/2018:10:51:50 -0300] "GET /cormun/servlet/hhome HTTP/1.1" 200 4164
186.79.172.104 - - [21/Mar/2018:10:51:51 -0300] "GET /cormun/servlet/hhome HTTP/1.1" 200 4160
186.79.172.104 - - [21/Mar/2018:10:51:57 -0300] "GET /cormun/servlet/trautorizarsolicitud? HTTP/1.1" 200 7276
186.79.172.104 - - [21/Mar/2018:10:51:58 -0300] "GET /cormun/servlet/trautorizarsolicitud? HTTP/1.1" 200 7276
186.79.172.104 - - [21/Mar/2018:10:52:04 -0300] "POST /cormun/servlet/trautorizarsolicitud?b1ea5a7e4d1d7a8119d72cb5f44eb7b9,,gx-no-cache=1521640271749 HTTP/1.1" 200 15847
200.54.247.70 - - [21/Mar/2018:10:52:09 -0300] "GET /cormun/servlet/solicitudot?INS,0,0, HTTP/1.1" 200 12656
200.54.247.70 - - [21/Mar/2018:10:52:09 -0300] "GET /cormun/servlet/hlogin HTTP/1.1" 200 1747
200.54.247.70 - - [21/Mar/2018:10:52:23 -0300] "POST /cormun/servlet/hlogin?fe5aff51a51cfc8a356319adf5a9e0ab,gx-no-cache=1521640290937 HTTP/1.1" 200 90
200.54.247.70 - - [21/Mar/2018:10:52:23 -0300] "GET /cormun/servlet/hpexe_link HTTP/1.1" 200 966
200.54.247.70 - - [21/Mar/2018:10:52:23 -0300] "GET /cormun/servlet/solicitudot?INS,0,0, HTTP/1.1" 200 13514
200.54.247.70 - - [21/Mar/2018:10:52:53 -0300] "POST /cormun/servlet/solicitudot?gx-no-cache=1521640321512 HTTP/1.1" 200 3404
200.54.247.70 - - [21/Mar/2018:10:52:54 -0300] "POST /cormun/servlet/solicitudot?fe5aff51a51cfc8a356319adf5a9e0ab,INS,0,0,,gx-no-cache=1521640322437 HTTP/1.1" 200 10263
200.54.247.70 - - [21/Mar/2018:10:52:57 -0300] "GET /cormun/servlet/solicitudot?81e7b5bed8aef81bd56ee3640d6d0f29ef0356925a49c2416b6eeba229fbfe1ab1e67c4e2484b714a974b020db51da0c,gx-no-cache=1521640325363 HTTP/1.1" 200 30
200.54.247.70 - - [21/Mar/2018:10:52:57 -0300] "GET /cormun/servlet/solicitudot?81e7b5bed8aef81bd56ee3640d6d0f29d9f298e4f27022f2601a4c7512b919c85731a1e76d93432176c7f4864e65edab21b57a60e4727f4dfe4dec0cd4cb8cae,gx-no-cache=1521640325611 HTTP/1.1" 200 30
200.54.247.70 - - [21/Mar/2018:10:52:57 -0300] "GET /cormun/servlet/solicitudot?81e7b5bed8aef81bd56ee3640d6d0f29f3edc9e812d34841b25f21aa1a4a5c51,gx-no-cache=1521640325643 HTTP/1.1" 200 53
200.54.247.70 - - [21/Mar/2018:10:52:57 -0300] "POST /cormun/servlet/solicitudot?gx-no-cache=1521640325675 HTTP/1.1" 200 240
200.54.247.70 - - [21/Mar/2018:10:52:57 -0300] "GET /cormun/servlet/solicitudot?81e7b5bed8aef81bd56ee3640d6d0f2901a178e20c5051848190e36976351e5e7d146235036bc50d0a4d6455028738333332d067965cf1091130e30932f1d4c87a429ecc65e24c7f55622f6d446b31d7d6d91dcf725c119ed69d2b016ef179a85ab58d657cd0a5937c470e27899c0931d97dbd9ac07c3fbc717d66cc9fa0a0e5214d6083b092001440bd3d509dfc174f557317b48cba3590b1c309987de50f6266f562eb5e21030c61682c8382172f0e495d485a65cbcd44960a822355a39947e636fcf338ab984cf214b59222fa7c3fc7db0e9a1797c93da9006dd2b8c00e9b0410c960cd9366c25edd699cf5f1257fddc4a78d62bcae3f1cf3ad9889ac16be72667a17073959d59daaf294e7d61743e7a4da3a1b80a565df7926ac4aaddc56002f1ce99e16caeb8ca13ac574896f2dee756f00a0f73e5995e06ec453b49565bc43b8f777229ca0c5059f8bea30535ea835387604853ec7ff2395d72883300fd4c1e0456d645e99c694420b2114d6f455d92eff9edd770ca742807eadfb339b,gx-no-cache=1521640325708 HTTP/1.1" 200 30
200.54.247.70 - - [21/Mar/2018:10:53:06 -0300] "POST /cormun/servlet/solicitudot?gx-no-cache=1521640334680 HTTP/1.1" 200 30
200.54.247.70 - - [21/Mar/2018:10:53:10 -0300] "POST /cormun/servlet/solicitudot?gx-no-cache=1521640338203 HTTP/1.1" 200 1336
200.54.247.70 - - [21/Mar/2018:10:53:10 -0300] "POST /cormun/servlet/solicitudot?gx-no-cache=1521640338354 HTTP/1.1" 200 38
46.174.191.28 - - [21/Mar/2018:10:54:43 -0300] "GET / HTTP/1.0" 200 11197
200.54.247.70 - - [21/Mar/2018:10:55:09 -0300] "GET /cormun/servlet/solicitudot?81e7b5bed8aef81bd56ee3640d6d0f2947b68895aea23302f24766498280aac36d952a66c0b876f31f4ea0dfa25e37f2cdcd24325bf15eb5eb7a2967a80ba93fbfe472592f5ef5aaaa541cece801d1462e191ec7afd25631daeb8b917cfda70e7b731bdeb6a9ad25eec5835697797990,gx-no-cache=1521640457056 HTTP/1.1" 200 29
200.54.247.70 - - [21/Mar/2018:10:55:09 -0300] "POST /cormun/servlet/solicitudot?gx-no-cache=1521640457180 HTTP/1.1" 200 1319
200.54.247.70 - - [21/Mar/2018:10:55:10 -0300] "POST /cormun/servlet/solicitudot?gx-no-cache=1521640457903 HTTP/1.1" 200 1218
200.54.247.70 - - [21/Mar/2018:10:55:11 -0300] "GET /cormun/static/menuarrow.gif HTTP/1.1" 404 1015
200.54.247.70 - - [21/Mar/2018:10:55:13 -0300] "POST /cormun/servlet/solicitudot?gx-no-cache=1521640461660 HTTP/1.1" 200 1319
200.54.247.70 - - [21/Mar/2018:10:55:14 -0300] "POST /cormun/servlet/solicitudot?gx-no-cache=1521640461750 HTTP/1.1" 200 1218
200.120.230.197 - - [21/Mar/2018:10:55:24 -0300] "POST /cormun/servlet/trcontratosolicitud?5122030258877308ee2cdd957c8f5321,,gx-no-cache=1521640473627 HTTP/1.1" 440 972
200.54.247.70 - - [21/Mar/2018:10:55:24 -0300] "GET /cormun/servlet/solicitudot?81e7b5bed8aef81bd56ee3640d6d0f29efcf7faa60d9c6ab6e460978b3d67284f90625c5d4a771b57dafae7a5562db2f,gx-no-cache=1521640472461 HTTP/1.1" 200 30
200.120.230.197 - - [21/Mar/2018:10:55:27 -0300] "GET /cormun/servlet/trcontratosolicitud? HTTP/1.1" 200 5744
200.120.230.197 - - [21/Mar/2018:10:55:28 -0300] "GET /cormun/servlet/trcontratosolicitud? HTTP/1.1" 200 5744
186.79.227.120 - - [21/Mar/2018:10:55:28 -0300] "GET /cormun/servlet/hlogin HTTP/1.1" 200 1738
200.54.247.70 - - [21/Mar/2018:10:55:35 -0300] "POST /cormun/servlet/solicitudot?gx-no-cache=1521640483772 HTTP/1.1" 200 30
186.79.227.120 - - [21/Mar/2018:10:55:41 -0300] "POST /cormun/servlet/hlogin?2c8f1fb2fac9fbdd60c5ef04aa1fc9a0,gx-no-cache=1521640490970 HTTP/1.1" 200 90
186.79.227.120 - - [21/Mar/2018:10:55:42 -0300] "GET /cormun/servlet/hpexe_link HTTP/1.1" 200 958
186.79.227.120 - - [21/Mar/2018:10:55:43 -0300] "GET /cormun/servlet/trcontratosolicitud HTTP/1.1" 200 14552
186.79.227.120 - - [21/Mar/2018:10:55:45 -0300] "GET /cormun/servlet/trcontratosolicitud HTTP/1.1" 200 14538
40.77.178.16 - - [21/Mar/2018:10:56:01 -0300] "GET /cormun/static/Shared/ext/resources/css/ext-all.css?205870 HTTP/1.1" 200 416045
40.77.178.195 - - [21/Mar/2018:10:56:01 -0300] "GET /cormun/static/gxui/gxui-all.css?110300 HTTP/1.1" 200 2179
40.77.178.10 - - [21/Mar/2018:10:56:02 -0300] "GET /cormun/static/calendar-system.css?75620 HTTP/1.1" 200 5572
186.67.203.186 - - [21/Mar/2018:10:56:50 -0300] "GET /cormun/servlet/hlogin HTTP/1.1" 200 1715
186.67.203.186 - - [21/Mar/2018:10:57:01 -0300] "POST /cormun/servlet/hlogin?80b578ac4d75fd0fc9f33c21aa23cdcd,gx-no-cache=1521640569775 HTTP/1.1" 200 90
186.67.203.186 - - [21/Mar/2018:10:57:01 -0300] "GET /cormun/servlet/hpexe_link HTTP/1.1" 200 950
186.67.203.186 - - [21/Mar/2018:10:57:01 -0300] "GET /cormun/servlet/trsolicitudot? HTTP/1.1" 200 23772
186.67.203.186 - - [21/Mar/2018:10:57:02 -0300] "GET /cormun/servlet/trsolicitudot? HTTP/1.1" 200 23771
200.54.247.70 - - [21/Mar/2018:10:57:16 -0300] "POST /cormun/servlet/solicitudot?fe5aff51a51cfc8a356319adf5a9e0ab,INS,0,0,,gx-no-cache=1521640583727 HTTP/1.1" 200 93
200.54.247.70 - - [21/Mar/2018:10:57:16 -0300] "GET /cormun/servlet/hpexe_return? HTTP/1.1" 200 1010
200.54.247.70 - - [21/Mar/2018:10:57:16 -0300] "GET /cormun/servlet/hhome HTTP/1.1" 200 4240
200.54.247.70 - - [21/Mar/2018:10:57:21 -0300] "GET /cormun/servlet/trsolicitudot? HTTP/1.1" 200 8827
200.54.247.70 - - [21/Mar/2018:10:57:39 -0300] "POST /cormun/servlet/trsolicitudot?fe5aff51a51cfc8a356319adf5a9e0ab,,gx-no-cache=1521640606834 HTTP/1.1" 200 4691
200.54.247.70 - - [21/Mar/2018:10:57:39 -0300] "POST /cormun/servlet/trsolicitudot?fe5aff51a51cfc8a356319adf5a9e0ab,,gx-no-cache=1521640607188 HTTP/1.1" 200 4451
200.54.247.70 - - [21/Mar/2018:10:57:39 -0300] "GET /cormun/static/Shared/jqueryui/images/ui-bg_highlight-soft_100_c6c2c8_1x100.png HTTP/1.1" 404 1117
200.54.247.70 - - [21/Mar/2018:10:57:39 -0300] "GET /cormun/static/Shared/jqueryui/images/ui-icons_8d78a5_256x240.png HTTP/1.1" 404 1089
200.54.247.70 - - [21/Mar/2018:10:57:39 -0300] "GET /cormun/static/Shared/jqueryui/images/ui-icons_82798d_256x240.png HTTP/1.1" 404 1089
200.54.247.70 - - [21/Mar/2018:10:57:39 -0300] "GET /cormun/static/Shared/jqueryui/images/ui-bg_flat_55_fafafa_40x100.png HTTP/1.1" 404 1097
200.54.247.70 - - [21/Mar/2018:10:57:42 -0300] "GET /cormun/servlet/trautorizarsolicitud? HTTP/1.1" 200 8724
186.103.159.189 - - [21/Mar/2018:10:57:42 -0300] "GET /cormun/servlet/trsolicitudot? HTTP/1.1" 200 6396
200.54.247.70 - - [21/Mar/2018:10:57:42 -0300] "GET /cormun/static/trautorizarsolicitud.js?201711142340425 HTTP/1.1" 304 -
186.103.159.189 - - [21/Mar/2018:10:57:44 -0300] "GET /cormun/servlet/trsolicitudot? HTTP/1.1" 200 6389
186.103.159.189 - - [21/Mar/2018:10:57:44 -0300] "GET /cormun/servlet/hlogin HTTP/1.1" 200 1731
200.54.247.70 - - [21/Mar/2018:10:57:45 -0300] "POST /cormun/servlet/trautorizarsolicitud?fe5aff51a51cfc8a356319adf5a9e0ab,,gx-no-cache=1521640613126 HTTP/1.1" 200 4624
200.54.247.70 - - [21/Mar/2018:10:57:46 -0300] "POST /cormun/servlet/trautorizarsolicitud?fe5aff51a51cfc8a356319adf5a9e0ab,,gx-no-cache=1521640614228 HTTP/1.1" 200 4389
200.54.247.70 - - [21/Mar/2018:10:57:46 -0300] "GET /cormun/static/Shared/jqueryui/images/ui-icons_8d78a5_256x240.png HTTP/1.1" 404 1089
200.54.247.70 - - [21/Mar/2018:10:57:46 -0300] "GET /cormun/static/Shared/jqueryui/images/ui-icons_82798d_256x240.png HTTP/1.1" 404 1089
200.54.247.70 - - [21/Mar/2018:10:57:46 -0300] "GET /cormun/static/Shared/jqueryui/images/ui-bg_highlight-soft_100_c6c2c8_1x100.png HTTP/1.1" 404 1117
200.54.247.70 - - [21/Mar/2018:10:57:46 -0300] "GET /cormun/static/Shared/jqueryui/images/ui-bg_flat_55_fafafa_40x100.png HTTP/1.1" 404 1097
186.103.159.189 - - [21/Mar/2018:10:57:59 -0300] "POST /cormun/servlet/hlogin?7c5f0cf4d239a7322727017163fb086e,gx-no-cache=1521640630298 HTTP/1.1" 200 90
186.103.159.189 - - [21/Mar/2018:10:57:59 -0300] "GET /cormun/servlet/hpexe_link HTTP/1.1" 200 951
186.103.159.189 - - [21/Mar/2018:10:57:59 -0300] "GET /cormun/servlet/trsolicitudot HTTP/1.1" 200 7211
186.103.159.189 - - [21/Mar/2018:10:58:01 -0300] "GET /cormun/servlet/trsolicitudot HTTP/1.1" 200 7209
186.103.159.189 - - [21/Mar/2018:10:58:43 -0300] "POST /cormun/servlet/trsolicitudot?7c5f0cf4d239a7322727017163fb086e,gx-no-cache=1521640674274 HTTP/1.1" 200 4204
186.103.159.189 - - [21/Mar/2018:10:58:48 -0300] "POST /cormun/servlet/trsolicitudot?7c5f0cf4d239a7322727017163fb086e,gx-no-cache=1521640679719 HTTP/1.1" 200 4203
186.103.159.189 - - [21/Mar/2018:10:58:53 -0300] "GET /cormun/servlet/solicitudot?INS,0,0, HTTP/1.1" 200 13610
186.103.159.189 - - [21/Mar/2018:10:58:55 -0300] "GET /cormun/servlet/solicitudot?INS,0,0, HTTP/1.1" 200 13615
186.103.159.189 - - [21/Mar/2018:10:58:59 -0300] "GET /cormun/servlet/prfichaempleado?,MD,,gxPopupLevel%3D0%3B HTTP/1.1" 200 9315
186.103.159.189 - - [21/Mar/2018:10:59:07 -0300] "POST /cormun/servlet/prfichaempleado?7c5f0cf4d239a7322727017163fb086e,,MD,,gxPopupLevel%3D0%3B,gx-no-cache=1521640698381 HTTP/1.1" 200 3386
186.103.159.189 - - [21/Mar/2018:10:59:13 -0300] "POST /cormun/servlet/solicitudot?gx-no-cache=1521640704383 HTTP/1.1" 200 3389
186.103.159.189 - - [21/Mar/2018:10:59:13 -0300] "POST /cormun/servlet/solicitudot?7c5f0cf4d239a7322727017163fb086e,INS,0,0,,gx-no-cache=1521640704674 HTTP/1.1" 200 10555
186.103.159.189 - - [21/Mar/2018:10:59:22 -0300] "GET /cormun/servlet/solicitudot?3d094d5f4097392868e604e2ae2b698a1b8e3ede439d4085c4b9e90b6f8533e8e92b5001d0606a68bd1113ff968df4e7,gx-no-cache=1521640713185 HTTP/1.1" 200 30
186.103.159.189 - - [21/Mar/2018:10:59:22 -0300] "GET /cormun/servlet/solicitudot?3d094d5f4097392868e604e2ae2b698a2d83d4697576c08a0d8b2cbbb4fbe50102e782cd2f4d76b1fd7b270379cbfff6e92b5001d0606a68bd1113ff968df4e7,gx-no-cache=1521640713315 HTTP/1.1" 200 30
186.103.159.189 - - [21/Mar/2018:10:59:22 -0300] "GET /cormun/servlet/solicitudot?3d094d5f4097392868e604e2ae2b698a1b0a1f2f6aec2a2116b2c2d6b4023ce9,gx-no-cache=1521640713393 HTTP/1.1" 200 53
152.231.70.146 - - [21/Mar/2018:10:59:48 -0300] "GET /cormun/servlet/hlogin HTTP/1.1" 200 1720
152.231.70.146 - - [21/Mar/2018:10:59:48 -0300] "GET /cormun/servlet/hlogin HTTP/1.1" 200 1725
152.231.70.146 - - [21/Mar/2018:10:59:52 -0300] "POST /cormun/servlet/hlogin?383cf0aed135a3e48938933c7eb796ac,gx-no-cache=1521640739984 HTTP/1.1" 200 90
152.231.70.146 - - [21/Mar/2018:10:59:52 -0300] "GET /cormun/servlet/hpexe_link HTTP/1.1" 200 945
152.231.70.146 - - [21/Mar/2018:10:59:52 -0300] "GET /cormun/servlet/hhome HTTP/1.1" 200 4198
152.231.70.146 - - [21/Mar/2018:10:59:52 -0300] "GET /cormun/servlet/hhome HTTP/1.1" 200 4194
186.67.84.236 - - [21/Mar/2018:10:59:55 -0300] "GET /cormun/servlet/trsolicitudot? HTTP/1.1" 200 7418
186.67.84.236 - - [21/Mar/2018:10:59:57 -0300] "GET /cormun/servlet/trsolicitudot? HTTP/1.1" 200 7417
200.54.18.125 - - [21/Mar/2018:11:00:02 -0300] "GET /cormun/servlet/solicitudot?INS,0,0, HTTP/1.1" 200 13651
200.54.18.125 - - [21/Mar/2018:11:00:03 -0300] "GET /cormun/servlet/solicitudot?INS,0,0, HTTP/1.1" 200 13656
186.103.196.84 - - [21/Mar/2018:11:00:13 -0300] "POST /cormun/servlet/solicitudot?gx-no-cache=1521640760582 HTTP/1.1" 200 3284
186.103.196.84 - - [21/Mar/2018:11:00:13 -0300] "POST /cormun/servlet/solicitudot?383cf0aed135a3e48938933c7eb796ac,INS,0,0,,gx-no-cache=1521640760868 HTTP/1.1" 200 10438
186.103.196.84 - - [21/Mar/2018:11:00:25 -0300] "GET /cormun/servlet/solicitudot?6831928d8b47e2d0df668aa50dac00ab5a0b5c02fa8ac366bf572e25efc4521298fc82d311a1789d5cf2499029a24222,gx-no-cache=1521640772819 HTTP/1.1" 200 30
186.103.159.189 - - [21/Mar/2018:11:04:13 -0300] "POST /cormun/servlet/solicitudot?7c5f0cf4d239a7322727017163fb086e,INS,0,0,,gx-no-cache=1521641004327 HTTP/1.1" 200 90
186.103.159.189 - - [21/Mar/2018:11:04:13 -0300] "GET /cormun/servlet/hpexe_link HTTP/1.1" 200 977
186.103.159.189 - - [21/Mar/2018:11:04:13 -0300] "GET /cormun/servlet/trsolicitudot?gx-no-cache=1521640679719 HTTP/1.1" 200 7217
186.103.159.189 - - [21/Mar/2018:11:04:15 -0300] "GET /cormun/servlet/trsolicitudot?gx-no-cache=1521640679719 HTTP/1.1" 200 7239
186.103.159.189 - - [21/Mar/2018:11:04:20 -0300] "GET /cormun/servlet/trvisualizadoreventos? HTTP/1.1" 200 6950
186.103.159.189 - - [21/Mar/2018:11:04:22 -0300] "GET /cormun/servlet/trvisualizadoreventos? HTTP/1.1" 200 6928
186.103.159.189 - - [21/Mar/2018:11:04:25 -0300] "GET /cormun/servlet/trcontratosolicitud? HTTP/1.1" 200 14503
186.103.159.189 - - [21/Mar/2018:11:04:25 -0300] "GET /cormun/static/gxcfg.js?20177612214014 HTTP/1.1" 200 953
186.103.159.189 - - [21/Mar/2018:11:04:27 -0300] "GET /cormun//static/Resources/PXToolsGridNew.png HTTP/1.1" 200 2949
186.103.159.189 - - [21/Mar/2018:11:04:27 -0300] "GET /cormun/servlet/trcontratosolicitud? HTTP/1.1" 200 14499
186.103.159.189 - - [21/Mar/2018:11:06:48 -0300] "POST /cormun/servlet/trcontratosolicitud?7c5f0cf4d239a7322727017163fb086e,,gx-no-cache=1521641159841 HTTP/1.1" 200 12192
186.103.159.189 - - [21/Mar/2018:11:06:49 -0300] "GET /cormun/static/Resources/PXToolsGridNext.gif HTTP/1.1" 200 369
186.103.159.189 - - [21/Mar/2018:11:06:49 -0300] "GET /cormun/static/Resources/PXToolsGridLast.gif HTTP/1.1" 200 370
186.103.159.189 - - [21/Mar/2018:11:07:03 -0300] "POST /cormun/servlet/trcontratosolicitud?7c5f0cf4d239a7322727017163fb086e,,gx-no-cache=1521641174302 HTTP/1.1" 200 12130
186.103.159.189 - - [21/Mar/2018:11:07:04 -0300] "GET /cormun/static/Resources/PXToolsGridFirst.gif HTTP/1.1" 200 379
186.103.159.189 - - [21/Mar/2018:11:07:04 -0300] "GET /cormun/static/Resources/PXToolsGridPrevious.gif HTTP/1.1" 200 369
192.168.10.89 - - [21/Mar/2018:11:08:52 -0300] "POST /cormun/servlet/hlogin?6d27a504d9b7c271391423927aa2eb92,gx-no-cache=1521641165964 HTTP/1.1" 440 972
192.168.10.89 - - [21/Mar/2018:11:08:54 -0300] "GET /cormun/servlet/hlogin HTTP/1.1" 200 1733
192.168.10.89 - - [21/Mar/2018:11:09:02 -0300] "POST /cormun/servlet/hlogin?e5b08cb7639f86c3e8d169b6a961b63d,gx-no-cache=1521641175379 HTTP/1.1" 200 90
192.168.10.89 - - [21/Mar/2018:11:09:02 -0300] "GET /cormun/servlet/hpexe_link HTTP/1.1" 200 953
192.168.10.89 - - [21/Mar/2018:11:09:02 -0300] "GET /cormun/servlet/hhome HTTP/1.1" 200 4926
192.168.10.89 - - [21/Mar/2018:11:09:05 -0300] "GET /cormun/servlet/trsolicitudgral? HTTP/1.1" 200 28769
192.168.10.89 - - [21/Mar/2018:11:09:22 -0300] "POST /cormun/servlet/trsolicitudgral?e5b08cb7639f86c3e8d169b6a961b63d,,gx-no-cache=1521641195392 HTTP/1.1" 200 11834
186.103.196.90 - - [21/Mar/2018:11:11:34 -0300] "GET /cormun/servlet/prbanco?,MD,,gxPopupLevel%3D0%3B HTTP/1.1" 200 6638
186.103.196.90 - - [21/Mar/2018:11:11:38 -0300] "GET /cormun/servlet/solicitudot?6831928d8b47e2d0df668aa50dac00ab8fc6a554e23febc29187c34964a9aa2dd69e3d828ff685ae641ab881280f34a13b0a09fd3e3064a58e4105bb763702dd,gx-no-cache=1521641446194 HTTP/1.1" 200 30
186.103.196.90 - - [21/Mar/2018:11:11:39 -0300] "GET /cormun/servlet/solicitudot?6831928d8b47e2d0df668aa50dac00abdfd459cd603afb899460a55d14fc16d5,gx-no-cache=1521641447124 HTTP/1.1" 200 53
192.168.10.89 - - [21/Mar/2018:11:11:40 -0300] "GET /cormun/servlet/hlogin HTTP/1.1" 200 1742
192.168.10.89 - - [21/Mar/2018:11:11:49 -0300] "POST /cormun/servlet/hlogin?e5b08cb7639f86c3e8d169b6a961b63d,gx-no-cache=1521641343101 HTTP/1.1" 200 456
186.103.196.90 - - [21/Mar/2018:11:11:52 -0300] "POST /cormun/servlet/solicitudot?gx-no-cache=1521641459980 HTTP/1.1" 200 297
186.103.196.90 - - [21/Mar/2018:11:11:52 -0300] "GET /cormun/servlet/solicitudot?6831928d8b47e2d0df668aa50dac00ab4cbbc59719a784e98e2c3132be8519e4cbff77d3ec7698e73832382f4a457370a3415bcbe550b13e2f37417adb60ce7d3c58c4b3388338ef1e505ed6a52e65ab594da4e9c6f2187cfe0b596dd8ed5185dd671a8d1ef708b04c811f0548c71d60f966455b8b9fe56b0c1bfaebf36d1a04bcf39b406222a196dc98c93eda002ee09edf05d114d63a90dd733bd872b2fe782600b747f1061742d58257547a3327f90c0a78f44de13fd35ca924a0f91fe5066639c700d43edff4a0ed6c91917e6b88c28cc1a862b6bba5f15171c0b5256f7017136bfcfef5aa222099608f42d22b3abb2f956e41d2efa1f36a1d531b6a3ced447bae71cf856c7993969a9b8b6d6507aaf614fa66fd279a721349cc1c518eb0b69f9d7e108ec9c12f8d8bde26a79ed350ec74670132d7ffa42f9802b6588967ad470a17a1f0beb2bbae98f5d148d5e6efe37f3515b095a73b7464b391a1d2bfb7745137210b323167854799b37242564724e86f3e05baa6764c5ca8c1ee4093474afd0c8c69dbe249a3dff440e166cd,gx-no-cache=1521641460064 HTTP/1.1" 200 30
192.168.10.89 - - [21/Mar/2018:11:11:53 -0300] "POST /cormun/servlet/hlogin?e5b08cb7639f86c3e8d169b6a961b63d,gx-no-cache=1521641347194 HTTP/1.1" 200 456
186.103.196.90 - - [21/Mar/2018:11:11:55 -0300] "POST /cormun/servlet/solicitudot?gx-no-cache=1521641463174 HTTP/1.1" 200 30
192.168.10.89 - - [21/Mar/2018:11:11:59 -0300] "POST /cormun/servlet/hlogin?e5b08cb7639f86c3e8d169b6a961b63d,gx-no-cache=1521641353250 HTTP/1.1" 200 90
192.168.10.89 - - [21/Mar/2018:11:11:59 -0300] "GET /cormun/servlet/hpexe_link HTTP/1.1" 200 953
192.168.10.89 - - [21/Mar/2018:11:12:00 -0300] "GET /cormun/servlet/hhome HTTP/1.1" 200 4116
192.168.10.89 - - [21/Mar/2018:11:12:02 -0300] "GET /cormun/servlet/trsolicitudot? HTTP/1.1" 200 8705
186.103.196.90 - - [21/Mar/2018:11:12:02 -0300] "POST /cormun/servlet/solicitudot?gx-no-cache=1521641470680 HTTP/1.1" 200 1333
186.103.196.90 - - [21/Mar/2018:11:12:03 -0300] "POST /cormun/servlet/solicitudot?gx-no-cache=1521641470761 HTTP/1.1" 200 38
192.168.10.89 - - [21/Mar/2018:11:12:09 -0300] "POST /cormun/servlet/trsolicitudot?e5b08cb7639f86c3e8d169b6a961b63d,,gx-no-cache=1521641363308 HTTP/1.1" 200 7537
157.55.39.96 - - [21/Mar/2018:11:12:10 -0300] "GET /cormun/servlet/trcontratoobservacion?_escaped_fragment_= HTTP/1.1" 200 5361
157.55.39.96 - - [21/Mar/2018:11:12:24 -0300] "GET /cormun/servlet/trcontratoobservacion?_escaped_fragment_= HTTP/1.1" 200 5361
157.55.39.96 - - [21/Mar/2018:11:12:24 -0300] "GET /cormun/static/trcontratoobservacion.js?20175251261223 HTTP/1.1" 200 25148
192.168.10.89 - - [21/Mar/2018:11:12:25 -0300] "POST /cormun/servlet/trsolicitudot?e5b08cb7639f86c3e8d169b6a961b63d,,gx-no-cache=1521641378624 HTTP/1.1" 200 7127
192.168.10.89 - - [21/Mar/2018:11:12:25 -0300] "POST /cormun/servlet/trsolicitudot?e5b08cb7639f86c3e8d169b6a961b63d,,gx-no-cache=1521641378943 HTTP/1.1" 200 7108
192.168.10.89 - - [21/Mar/2018:11:12:51 -0300] "POST /cormun/servlet/trsolicitudot?e5b08cb7639f86c3e8d169b6a961b63d,,gx-no-cache=1521641404710 HTTP/1.1" 200 6721
192.168.10.89 - - [21/Mar/2018:11:12:51 -0300] "POST /cormun/servlet/trsolicitudot?e5b08cb7639f86c3e8d169b6a961b63d,,gx-no-cache=1521641405065 HTTP/1.1" 200 6700
186.103.196.90 - - [21/Mar/2018:11:13:25 -0300] "GET /cormun/servlet/solicitudot?6831928d8b47e2d0df668aa50dac00ab60e894ddea8506834c5d9db7c44c40d0caf47447dc41bbb40e96ed123527e035edba22b3bd25ddcc665dfa6c9ac1a62251c71ecec883db7a1bfabf0ecec13e4af35ad7de19399fa26490580edefd07edb52a117e40571e7e01d47920aec17a30,gx-no-cache=1521641553547 HTTP/1.1" 200 29
186.103.196.90 - - [21/Mar/2018:11:13:25 -0300] "POST /cormun/servlet/solicitudot?gx-no-cache=1521641553646 HTTP/1.1" 200 1319
186.103.196.90 - - [21/Mar/2018:11:13:26 -0300] "POST /cormun/servlet/solicitudot?gx-no-cache=1521641553708 HTTP/1.1" 200 1215
186.103.196.90 - - [21/Mar/2018:11:13:32 -0300] "GET /cormun/static/menuarrow.gif HTTP/1.1" 404 1015
192.168.10.89 - - [21/Mar/2018:11:13:33 -0300] "POST /cormun/servlet/trsolicitudot?e5b08cb7639f86c3e8d169b6a961b63d,,gx-no-cache=1521641446521 HTTP/1.1" 200 6366
192.168.10.89 - - [21/Mar/2018:11:13:33 -0300] "POST /cormun/servlet/trsolicitudot?e5b08cb7639f86c3e8d169b6a961b63d,,gx-no-cache=1521641447117 HTTP/1.1" 200 6309
192.168.10.89 - - [21/Mar/2018:11:13:34 -0300] "GET /cormun/static/Shared/jqueryui/images/ui-icons_8d78a5_256x240.png HTTP/1.1" 404 1089
192.168.10.89 - - [21/Mar/2018:11:13:34 -0300] "GET /cormun/static/Shared/jqueryui/images/ui-icons_82798d_256x240.png HTTP/1.1" 404 1089
192.168.10.89 - - [21/Mar/2018:11:13:34 -0300] "GET /cormun/static/Shared/jqueryui/images/ui-bg_highlight-soft_100_c6c2c8_1x100.png HTTP/1.1" 404 1117
192.168.10.89 - - [21/Mar/2018:11:13:34 -0300] "GET /cormun/static/Shared/jqueryui/images/ui-bg_flat_55_fafafa_40x100.png HTTP/1.1" 404 1097
192.168.10.89 - - [21/Mar/2018:11:13:36 -0300] "GET /cormun/servlet/trautorizarsolicitud? HTTP/1.1" 200 7228
192.168.10.89 - - [21/Mar/2018:11:13:42 -0300] "POST /cormun/servlet/trautorizarsolicitud?e5b08cb7639f86c3e8d169b6a961b63d,,gx-no-cache=1521641456196 HTTP/1.1" 200 5768
186.103.196.90 - - [21/Mar/2018:11:13:45 -0300] "GET /cormun/servlet/solicitudot?6831928d8b47e2d0df668aa50dac00ab5318ececb6dcd1e2dda8d814193cf043655a36efeb03ed955857e7846c2af810,gx-no-cache=1521641573149 HTTP/1.1" 200 30
192.168.10.89 - - [21/Mar/2018:11:13:54 -0300] "POST /cormun/servlet/trautorizarsolicitud?e5b08cb7639f86c3e8d169b6a961b63d,,gx-no-cache=1521641467530 HTTP/1.1" 200 4623
192.168.10.89 - - [21/Mar/2018:11:13:54 -0300] "POST /cormun/servlet/trautorizarsolicitud?e5b08cb7639f86c3e8d169b6a961b63d,,gx-no-cache=1521641467783 HTTP/1.1" 200 4394
192.168.10.89 - - [21/Mar/2018:11:13:54 -0300] "GET /cormun/static/Shared/jqueryui/images/ui-bg_highlight-soft_100_c6c2c8_1x100.png HTTP/1.1" 404 1117
192.168.10.89 - - [21/Mar/2018:11:13:54 -0300] "GET /cormun/static/Shared/jqueryui/images/ui-icons_8d78a5_256x240.png HTTP/1.1" 404 1089
192.168.10.89 - - [21/Mar/2018:11:13:54 -0300] "GET /cormun/static/Shared/jqueryui/images/ui-icons_82798d_256x240.png HTTP/1.1" 404 1089
192.168.10.89 - - [21/Mar/2018:11:13:54 -0300] "GET /cormun/static/Shared/jqueryui/images/ui-bg_flat_55_fafafa_40x100.png HTTP/1.1" 404 1097
186.103.196.90 - - [21/Mar/2018:11:14:01 -0300] "POST /cormun/servlet/solicitudot?gx-no-cache=1521641589482 HTTP/1.1" 200 30
192.168.10.89 - - [21/Mar/2018:11:14:02 -0300] "GET /cormun/servlet/trsolicitudot? HTTP/1.1" 200 9166
190.151.99.26 - - [21/Mar/2018:11:14:35 -0300] "POST /cormun/servlet/solicitudot?383cf0aed135a3e48938933c7eb796ac,INS,0,0,,gx-no-cache=1521641622754 HTTP/1.1" 200 93
190.151.99.26 - - [21/Mar/2018:11:14:35 -0300] "GET /cormun/servlet/hpexe_return? HTTP/1.1" 200 1002
190.151.99.26 - - [21/Mar/2018:11:14:35 -0300] "GET /cormun/servlet/trsolicitudot HTTP/1.1" 200 8788
190.151.99.26 - - [21/Mar/2018:11:14:36 -0300] "GET /cormun/servlet/trsolicitudot HTTP/1.1" 200 8785
186.103.159.230 - - [21/Mar/2018:11:15:03 -0300] "GET /cormun/servlet/hlogin HTTP/1.1" 200 1722
186.103.159.230 - - [21/Mar/2018:11:15:07 -0300] "GET /cormun/servlet/hlogin HTTP/1.1" 200 1722
192.168.10.89 - - [21/Mar/2018:11:15:09 -0300] "POST /cormun/servlet/trsolicitudot?e5b08cb7639f86c3e8d169b6a961b63d,,gx-no-cache=1521641542719 HTTP/1.1" 200 5842
192.168.10.89 - - [21/Mar/2018:11:15:09 -0300] "POST /cormun/servlet/trsolicitudot?e5b08cb7639f86c3e8d169b6a961b63d,,gx-no-cache=1521641542957 HTTP/1.1" 200 5823
186.103.159.230 - - [21/Mar/2018:11:15:36 -0300] "POST /cormun/servlet/hlogin?8fd0c3b27c189311233f38bd94e359f0,gx-no-cache=1521641684012 HTTP/1.1" 200 90
186.103.159.230 - - [21/Mar/2018:11:15:36 -0300] "GET /cormun/servlet/hpexe_link HTTP/1.1" 200 951
186.103.159.230 - - [21/Mar/2018:11:15:36 -0300] "GET /cormun/servlet/hhome HTTP/1.1" 200 4165
186.103.159.230 - - [21/Mar/2018:11:15:37 -0300] "GET /cormun/servlet/hhome HTTP/1.1" 200 4161
186.103.159.230 - - [21/Mar/2018:11:15:41 -0300] "GET /cormun/servlet/trsolicitudot? HTTP/1.1" 200 7378
186.103.159.230 - - [21/Mar/2018:11:15:41 -0300] "GET /cormun/servlet/trsolicitudot? HTTP/1.1" 200 7378
186.103.159.230 - - [21/Mar/2018:11:15:44 -0300] "GET /cormun/servlet/solicitudot?INS,0,0, HTTP/1.1" 200 13607
186.103.159.230 - - [21/Mar/2018:11:15:44 -0300] "GET /cormun/servlet/solicitudot?INS,0,0, HTTP/1.1" 200 13612
186.103.159.230 - - [21/Mar/2018:11:15:59 -0300] "POST /cormun/servlet/solicitudot?gx-no-cache=1521641706847 HTTP/1.1" 200 3480
186.103.159.230 - - [21/Mar/2018:11:15:59 -0300] "GET /cormun/static/Shared/jqueryui/images/ui-bg_highlight-soft_100_c6c2c8_1x100.png HTTP/1.1" 404 1117
186.103.159.230 - - [21/Mar/2018:11:15:59 -0300] "GET /cormun/static/Shared/jqueryui/images/ui-icons_82798d_256x240.png HTTP/1.1" 404 1089
186.103.159.230 - - [21/Mar/2018:11:15:59 -0300] "GET /cormun/static/Shared/jqueryui/images/ui-bg_flat_55_994d53_40x100.png HTTP/1.1" 404 1097
186.103.159.230 - - [21/Mar/2018:11:15:59 -0300] "GET /cormun/static/Shared/jqueryui/images/ui-icons_ebccce_256x240.png HTTP/1.1" 404 1089
192.168.10.62 - - [21/Mar/2018:11:16:08 -0300] "POST /cormun/servlet/trsolicitudgral?49e836af1b1bda6bcfc412fdf4eae66d,gx-no-cache=1521641601415 HTTP/1.1" 440 972
192.168.10.62 - - [21/Mar/2018:11:16:09 -0300] "GET /cormun/servlet/trsolicitudgral HTTP/1.1" 500 10
186.103.159.230 - - [21/Mar/2018:11:16:09 -0300] "GET /cormun/servlet/solicitudot?8bd02cec29992618dd8e6c7981e77c942baacb1a3b73417172d0f957c3e92ca834e9b43892c74140eaa05f81b9aaca7b,gx-no-cache=1521641716890 HTTP/1.1" 200 111
186.103.159.230 - - [21/Mar/2018:11:16:15 -0300] "GET /cormun/servlet/solicitudot?8bd02cec29992618dd8e6c7981e77c946ccca39209a99093bb51a27d3fa86047e23cc47b64cf593e79588baa1380f4e6,gx-no-cache=1521641722535 HTTP/1.1" 200 30
192.168.10.89 - - [21/Mar/2018:11:16:29 -0300] "POST /cormun/servlet/trsolicitudot?e5b08cb7639f86c3e8d169b6a961b63d,,gx-no-cache=1521641622648 HTTP/1.1" 200 4651
192.168.10.89 - - [21/Mar/2018:11:16:29 -0300] "POST /cormun/servlet/trsolicitudot?e5b08cb7639f86c3e8d169b6a961b63d,,gx-no-cache=1521641622891 HTTP/1.1" 200 4462
192.168.10.89 - - [21/Mar/2018:11:16:38 -0300] "GET /cormun/servlet/trautorizarsolicitud? HTTP/1.1" 200 7226
192.168.10.89 - - [21/Mar/2018:11:16:41 -0300] "POST /cormun/servlet/trautorizarsolicitud?e5b08cb7639f86c3e8d169b6a961b63d,,gx-no-cache=1521641634637 HTTP/1.1" 200 4413
192.168.10.89 - - [21/Mar/2018:11:16:48 -0300] "GET /cormun/servlet/hlogin HTTP/1.1" 200 1745
192.168.10.89 - - [21/Mar/2018:11:16:54 -0300] "POST /cormun/servlet/hlogin?e5b08cb7639f86c3e8d169b6a961b63d,gx-no-cache=1521641647845 HTTP/1.1" 200 90
192.168.10.89 - - [21/Mar/2018:11:16:54 -0300] "GET /cormun/servlet/hpexe_link HTTP/1.1" 200 953
192.168.10.89 - - [21/Mar/2018:11:16:54 -0300] "GET /cormun/servlet/hhome HTTP/1.1" 200 4926
186.103.159.230 - - [21/Mar/2018:11:18:28 -0300] "GET /cormun/servlet/prbanco?,MD,,gxPopupLevel%3D0%3B HTTP/1.1" 200 6603
186.67.172.234 - - [21/Mar/2018:11:18:28 -0300] "GET /cormun/servlet/hlogin HTTP/1.1" 200 1721
186.103.159.230 - - [21/Mar/2018:11:18:28 -0300] "GET /cormun/static/gxcfg.js?20181161016094 HTTP/1.1" 304 -
186.67.172.234 - - [21/Mar/2018:11:18:28 -0300] "GET /cormun/servlet/hlogin HTTP/1.1" 200 1729
186.103.159.230 - - [21/Mar/2018:11:18:42 -0300] "GET /cormun/servlet/solicitudot?8bd02cec29992618dd8e6c7981e77c944e0693795385542601d4899eea84a818a43d601a0dc2c2277fffa833456745edc2fde3c24d4ad27a7a5d342448080a20,gx-no-cache=1521641869686 HTTP/1.1" 200 30
186.103.159.230 - - [21/Mar/2018:11:18:43 -0300] "GET /cormun/servlet/solicitudot?8bd02cec29992618dd8e6c7981e77c9444d1fe6e09efcf2ed727b319a6ce651f,gx-no-cache=1521641871321 HTTP/1.1" 200 53
186.67.172.234 - - [21/Mar/2018:11:19:05 -0300] "POST /cormun/servlet/hlogin?51e0928956718c66390b784d268d9d77,gx-no-cache=1521641893190 HTTP/1.1" 200 90
186.67.172.234 - - [21/Mar/2018:11:19:05 -0300] "GET /cormun/servlet/hpexe_link HTTP/1.1" 200 949
186.67.172.234 - - [21/Mar/2018:11:19:05 -0300] "GET /cormun/static/gxcfg.js?20177612121792 HTTP/1.1" 200 953
186.67.172.234 - - [21/Mar/2018:11:19:05 -0300] "GET /cormun/static/hpexe_link.js?20177612121795 HTTP/1.1" 200 625
186.67.172.234 - - [21/Mar/2018:11:19:05 -0300] "GET /cormun/servlet/hhome HTTP/1.1" 200 4225
186.67.172.234 - - [21/Mar/2018:11:19:06 -0300] "GET /cormun/static/gxcfg.js?20175251212442 HTTP/1.1" 200 953
186.67.172.234 - - [21/Mar/2018:11:19:06 -0300] "GET /cormun/static/hhome.js?20175251212450 HTTP/1.1" 200 777
186.67.172.234 - - [21/Mar/2018:11:19:06 -0300] "GET /cormun/servlet/hhome HTTP/1.1" 200 4221
186.67.172.234 - - [21/Mar/2018:11:19:06 -0300] "GET /cormun/static/SmoothNavMenu/resources/images/down.gif HTTP/1.1" 200 854
186.67.172.234 - - [21/Mar/2018:11:19:06 -0300] "GET /cormun/static/SmoothNavMenu/resources/images/right.gif HTTP/1.1" 200 860
186.67.172.234 - - [21/Mar/2018:11:19:17 -0300] "GET /cormun/servlet/trcontratounov2? HTTP/1.1" 200 17235
186.67.172.234 - - [21/Mar/2018:11:19:17 -0300] "GET /cormun/static/gxcfg.js?201752512124396 HTTP/1.1" 200 953
186.67.172.234 - - [21/Mar/2018:11:19:17 -0300] "GET /cormun/static/Resources/PXToolsActionExcel.png HTTP/1.1" 200 3187
186.67.172.234 - - [21/Mar/2018:11:19:18 -0300] "GET /cormun/static/Resources/PXToolsGridNew.png HTTP/1.1" 200 2949
186.67.172.234 - - [21/Mar/2018:11:19:18 -0300] "GET /cormun/static/Resources/PXToolsAddSelectedAction.png HTTP/1.1" 200 3660
186.67.172.234 - - [21/Mar/2018:11:19:18 -0300] "GET /cormun/static/trcontratounov2.js?201752512125146 HTTP/1.1" 200 38486
186.67.172.234 - - [21/Mar/2018:11:19:18 -0300] "GET /cormun//static/Resources/PXToolsActionDisabled.gif HTTP/1.1" 200 53
186.67.172.234 - - [21/Mar/2018:11:19:18 -0300] "GET /cormun/static/Shared/ext/resources/themes/images/default/tools/tool-sprites.gif HTTP/1.1" 200 5434
186.67.172.234 - - [21/Mar/2018:11:19:18 -0300] "GET /cormun/static/Shared/ext/resources/themes/images/default/panel/bg-headersPanel.png HTTP/1.1" 200 255
186.67.172.234 - - [21/Mar/2018:11:19:18 -0300] "GET /cormun/servlet/trcontratounov2? HTTP/1.1" 200 17253
186.103.159.230 - - [21/Mar/2018:11:19:45 -0300] "GET /cormun/servlet/solicitudot?8bd02cec29992618dd8e6c7981e77c94fa8fbaaebb05eff8a686a04cdb2aba1d538ef8d47f8e4b8ea9b0d212dc088bf635a44cf2e98a4e3558659bd64cec80179dec98bd9bcba732bba87d70d6f057979a19472b09407952f5f7167d44f4960321186b6007ecd925f3d97bbc5f9c5730d0885731747513e13ce4943587cfdde570139455bff61bcdab08df5f02a409d5c4045d9552baa37291fa93d379357d9b2b813b1ae822f82a375495dcd18ac5cd5d4989a13cfdedec76c3c9e8d21d4e431225159bba0a42a3dbac48484340633a2804810835dfd43e4d0ae6898f980049da8f067b0fc606f6bfb29881693212b828eff7a0d56b4953acd1229c76c643b20037bddd932d1a6c6fc50a59ba9cbc69813b8d78a663101e5169a3f96c1a799189d8d18c154f28185ca9b8dd2416ac0f33e569bafc03f17f2486ec0391818fd0d7edf4d061b3e3661cc9a575cf4aee3e,gx-no-cache=1521641932698 HTTP/1.1" 200 297
186.103.159.230 - - [21/Mar/2018:11:20:02 -0300] "GET /cormun/servlet/solicitudot?8bd02cec29992618dd8e6c7981e77c948319568cad452d2127c01fa1066d9ab4c22e07c1661c78c2d5b60599d6b4126a81a9b3837f30cd966db368f959d5a9af392a6f4c9177300b87b9d089c2e627f1002dd7ff0868252d3256e99cf308be57f7698d8d69b3a3e856167888d8b1023515078fb8f4f209bd2ea61ecc8022bd4c41c2ae7380cbdf3672fa4f9e6ab7c36c612d3fdd6874f39ef977e9129d27829dfb35ef2f1e40ec66df8230e189fb1d9fd77b22968d603f12a4bdf9dfa44b7c888648deca96673857c515d70b3134b9a248f5b7fdb6dc2a19c994f68e7026a35f6ecf6ff205c9d84ddef5edaa27b4051960bbbe435f1bf229eb863f6fb33743893b92c3caa1bee6b02a65b509c380e5c87209eec50c531691f03598a0167224edc2b7440d878a9a8591e56defbd9953599a4f5f566760c3ea10706c619bedc77448cb3810763f423b3f591e71304c2a5143ab3ec8158ef60c1303a6a5c3363ca5c711362b91f2310e62e913645e2efde7edb496784726950b0cb3f3cc4834f23145fca78b7d997452e6d7e60166fb35db,gx-no-cache=1521641949365 HTTP/1.1" 200 30
186.103.159.230 - - [21/Mar/2018:11:20:09 -0300] "POST /cormun/servlet/solicitudot?gx-no-cache=1521641957358 HTTP/1.1" 200 30
186.103.159.230 - - [21/Mar/2018:11:20:12 -0300] "POST /cormun/servlet/solicitudot?gx-no-cache=1521641959793 HTTP/1.1" 200 1331
186.103.159.230 - - [21/Mar/2018:11:20:12 -0300] "POST /cormun/servlet/solicitudot?gx-no-cache=1521641959899 HTTP/1.1" 200 38
186.67.172.234 - - [21/Mar/2018:11:20:39 -0300] "GET /cormun/servlet/trsolicitudot? HTTP/1.1" 200 9497
186.67.172.234 - - [21/Mar/2018:11:20:39 -0300] "GET /cormun/static/calendar-system.css?85620 HTTP/1.1" 200 5572
186.67.172.234 - - [21/Mar/2018:11:20:39 -0300] "GET /cormun/static/gxui/gxui-all.css?120300 HTTP/1.1" 200 2179
186.67.172.234 - - [21/Mar/2018:11:20:39 -0300] "GET /cormun/static/gxcfg.js?2017111422585916 HTTP/1.1" 200 953
186.67.172.234 - - [21/Mar/2018:11:20:39 -0300] "GET /cormun/static/Resources/Spanish/PXTools.css?1255365 HTTP/1.1" 200 89042
186.67.172.234 - - [21/Mar/2018:11:20:39 -0300] "GET /cormun/static/trsolicitudot.js?201711142259839 HTTP/1.1" 200 54041
186.67.172.234 - - [21/Mar/2018:11:20:39 -0300] "GET /cormun/static/Resources/PXTools/calendar.png HTTP/1.1" 200 1306
186.67.172.234 - - [21/Mar/2018:11:20:39 -0300] "GET /cormun/static/Shared/ext/resources/css/ext-all.css?215870 HTTP/1.1" 200 416045
186.67.172.234 - - [21/Mar/2018:11:20:40 -0300] "GET /cormun//static/Resources/PXToolsGridUpdate.png HTTP/1.1" 200 2984
186.67.172.234 - - [21/Mar/2018:11:20:40 -0300] "GET /cormun//static/Resources/PXToolsActionView.png HTTP/1.1" 200 2995
186.67.172.234 - - [21/Mar/2018:11:20:40 -0300] "GET /cormun//static/Resources/PXToolsGridDelete.png HTTP/1.1" 200 357
186.67.172.234 - - [21/Mar/2018:11:20:40 -0300] "GET /cormun//static/Resources/PXToolsRemoveAllAction.png HTTP/1.1" 200 3558
186.67.172.234 - - [21/Mar/2018:11:20:40 -0300] "GET /cormun//static/Resources/PXTools/ActionInsert.png HTTP/1.1" 200 1482
186.67.172.234 - - [21/Mar/2018:11:20:40 -0300] "GET /cormun/servlet/trsolicitudot? HTTP/1.1" 200 9496
186.103.157.42 - - [21/Mar/2018:11:20:48 -0300] "GET /cormun/servlet/trsolicitudadjuntos?2017,6996, HTTP/1.1" 200 8834
186.103.157.42 - - [21/Mar/2018:11:20:49 -0300] "GET /cormun/static/calendar.js?85251 HTTP/1.1" 304 -
186.103.157.42 - - [21/Mar/2018:11:20:49 -0300] "GET /cormun/static/gxcfg.js?20177612135366 HTTP/1.1" 304 -
186.103.157.42 - - [21/Mar/2018:11:20:49 -0300] "GET /cormun/static/gxtimezone.js?85251 HTTP/1.1" 304 -
186.103.157.42 - - [21/Mar/2018:11:20:49 -0300] "GET /cormun/static/calendar-setup.js?85251 HTTP/1.1" 304 -
186.103.157.42 - - [21/Mar/2018:11:20:49 -0300] "GET /cormun/static/calendar-es.js?85251 HTTP/1.1" 304 -
186.103.157.42 - - [21/Mar/2018:11:20:49 -0300] "GET /cormun/static/messages.spa.js?85251 HTTP/1.1" 304 -
186.103.157.42 - - [21/Mar/2018:11:20:49 -0300] "GET /cormun/static/gxdec.js?85251 HTTP/1.1" 304 -
186.103.157.42 - - [21/Mar/2018:11:20:50 -0300] "GET /cormun/servlet/hlogin HTTP/1.1" 200 1744
186.103.157.42 - - [21/Mar/2018:11:20:50 -0300] "GET /cormun/servlet/trsolicitudadjuntos?2017,6996, HTTP/1.1" 200 8853
186.67.172.234 - - [21/Mar/2018:11:20:51 -0300] "GET /cormun/static/menuarrow.gif HTTP/1.1" 404 1015
186.103.157.42 - - [21/Mar/2018:11:20:52 -0300] "GET /cormun/static/gxcfg.js?20175251213516 HTTP/1.1" 304 -
186.67.172.234 - - [21/Mar/2018:11:21:01 -0300] "POST /cormun/servlet/trsolicitudot?51e0928956718c66390b784d268d9d77,,gx-no-cache=1521642008473 HTTP/1.1" 200 7096
186.103.159.230 - - [21/Mar/2018:11:21:24 -0300] "GET /cormun/servlet/solicitudot?8bd02cec29992618dd8e6c7981e77c94c2590ca0bc95f3062253a93e27cb06d828eff7a0d56b4953acd1229c76c643b20037bddd932d1a6c6fc50a59ba9cbc697d3602763db6bf67100668a7566922f5,gx-no-cache=1521642032230 HTTP/1.1" 200 29
186.103.159.230 - - [21/Mar/2018:11:21:24 -0300] "POST /cormun/servlet/solicitudot?gx-no-cache=1521642032295 HTTP/1.1" 200 1317
186.103.159.230 - - [21/Mar/2018:11:21:24 -0300] "POST /cormun/servlet/solicitudot?gx-no-cache=1521642032397 HTTP/1.1" 200 1215
186.103.157.42 - - [21/Mar/2018:11:21:35 -0300] "POST /cormun/servlet/hlogin?ad1da861b0eb7da0aa12e2f867ba9921,gx-no-cache=1521642043524 HTTP/1.1" 200 90
186.103.157.42 - - [21/Mar/2018:11:21:35 -0300] "GET /cormun/servlet/hpexe_link HTTP/1.1" 200 965
186.103.157.42 - - [21/Mar/2018:11:21:35 -0300] "GET /cormun/static/gxcfg.js?20177612121792 HTTP/1.1" 304 -
186.103.157.42 - - [21/Mar/2018:11:21:35 -0300] "GET /cormun/servlet/trsolicitudadjuntos?2017,6996, HTTP/1.1" 200 9715
186.103.157.42 - - [21/Mar/2018:11:21:36 -0300] "GET /cormun/servlet/trsolicitudadjuntos?2017,6996, HTTP/1.1" 200 9722
200.120.230.197 - - [21/Mar/2018:11:22:00 -0300] "GET /cormun/servlet/hlogin HTTP/1.1" 200 1719
200.120.230.197 - - [21/Mar/2018:11:22:01 -0300] "GET /favicon.ico HTTP/1.1" 200 21630
200.120.230.197 - - [21/Mar/2018:11:22:12 -0300] "POST /cormun/servlet/hlogin?c20d6bd701b40a924c8873a5306cb100,gx-no-cache=1521642091429 HTTP/1.1" 200 90
200.120.230.197 - - [21/Mar/2018:11:22:12 -0300] "GET /cormun/servlet/hpexe_link HTTP/1.1" 200 951
200.120.230.197 - - [21/Mar/2018:11:22:12 -0300] "GET /cormun/servlet/hhome HTTP/1.1" 200 4231
200.120.230.197 - - [21/Mar/2018:11:22:14 -0300] "GET /cormun/servlet/hhome HTTP/1.1" 200 4227
200.120.230.197 - - [21/Mar/2018:11:22:17 -0300] "GET /cormun/servlet/trcontratounov2? HTTP/1.1" 200 17620
200.120.230.197 - - [21/Mar/2018:11:22:19 -0300] "GET /cormun/servlet/trcontratounov2? HTTP/1.1" 200 17632
192.168.10.96 - - [21/Mar/2018:11:22:19 -0300] "GET /cormun/servlet/trsolicitudgral? HTTP/1.1" 500 10
186.103.159.230 - - [21/Mar/2018:11:22:22 -0300] "GET /cormun/static/menuarrow.gif HTTP/1.1" 404 1015
192.168.10.96 - - [21/Mar/2018:11:22:23 -0300] "GET /cormun/servlet/hlogin HTTP/1.1" 200 1719
192.168.10.96 - - [21/Mar/2018:11:22:23 -0300] "GET /cormun/servlet/hlogin HTTP/1.1" 200 1730
186.103.159.230 - - [21/Mar/2018:11:22:28 -0300] "GET /cormun/servlet/solicitudot?8bd02cec29992618dd8e6c7981e77c945f558d62ac3b9d96a4db91d4be9ef47dba1c339934881cb0f956c39eca5a6ac8,gx-no-cache=1521642095919 HTTP/1.1" 200 30
192.168.10.96 - - [21/Mar/2018:11:22:31 -0300] "POST /cormun/servlet/hlogin?92a0e83718a4874f0f9693dba389edfc,gx-no-cache=1521641984555 HTTP/1.1" 200 90
192.168.10.96 - - [21/Mar/2018:11:22:31 -0300] "GET /cormun/servlet/hpexe_link HTTP/1.1" 200 952
186.9.26.183 - - [21/Mar/2018:11:22:31 -0300] "GET /cormun/servlet/hlogin HTTP/1.1" 200 1720
192.168.10.96 - - [21/Mar/2018:11:22:31 -0300] "GET /cormun/servlet/hhome HTTP/1.1" 200 4705
192.168.10.96 - - [21/Mar/2018:11:22:31 -0300] "GET /cormun/servlet/hhome HTTP/1.1" 200 4704
192.168.10.96 - - [21/Mar/2018:11:22:36 -0300] "GET /cormun/servlet/trsolicitudgral? HTTP/1.1" 200 28567
186.9.26.183 - - [21/Mar/2018:11:22:36 -0300] "POST /cormun/servlet/hlogin?c3a562785fbf44370c7c66066532e316,gx-no-cache=1521642107948 HTTP/1.1" 200 90
186.9.26.183 - - [21/Mar/2018:11:22:36 -0300] "GET /cormun/servlet/hpexe_link HTTP/1.1" 200 947
186.9.26.183 - - [21/Mar/2018:11:22:37 -0300] "GET /cormun/servlet/hhome HTTP/1.1" 200 4457
192.168.10.96 - - [21/Mar/2018:11:22:37 -0300] "GET /cormun/servlet/trsolicitudgral? HTTP/1.1" 200 28565
186.9.26.183 - - [21/Mar/2018:11:22:37 -0300] "GET /cormun/servlet/hhome HTTP/1.1" 200 4453
186.9.26.183 - - [21/Mar/2018:11:22:41 -0300] "GET /cormun/servlet/trsolicitudgral? HTTP/1.1" 200 28307
186.103.159.230 - - [21/Mar/2018:11:22:41 -0300] "POST /cormun/servlet/solicitudot?gx-no-cache=1521642109192 HTTP/1.1" 200 30
186.9.26.183 - - [21/Mar/2018:11:22:42 -0300] "GET /cormun/servlet/trsolicitudgral? HTTP/1.1" 200 28306
192.168.10.96 - - [21/Mar/2018:11:22:48 -0300] "POST /cormun/servlet/trsolicitudgral?92a0e83718a4874f0f9693dba389edfc,,gx-no-cache=1521642002141 HTTP/1.1" 200 7278
192.168.10.96 - - [21/Mar/2018:11:22:54 -0300] "POST /cormun/servlet/trsolicitudgral?92a0e83718a4874f0f9693dba389edfc,,gx-no-cache=1521642007740 HTTP/1.1" 200 7272
186.67.172.234 - - [21/Mar/2018:11:23:01 -0300] "POST /cormun/servlet/trsolicitudot?51e0928956718c66390b784d268d9d77,,gx-no-cache=1521642128277 HTTP/1.1" 200 6536
186.67.172.234 - - [21/Mar/2018:11:23:01 -0300] "POST /cormun/servlet/trsolicitudot?51e0928956718c66390b784d268d9d77,,gx-no-cache=1521642128494 HTTP/1.1" 200 6516
186.9.26.183 - - [21/Mar/2018:11:23:07 -0300] "POST /cormun/servlet/trsolicitudgral?c3a562785fbf44370c7c66066532e316,,gx-no-cache=1521642137840 HTTP/1.1" 200 21653
186.103.159.189 - - [21/Mar/2018:11:23:18 -0300] "POST /cormun/servlet/trcontratosolicitud?7c5f0cf4d239a7322727017163fb086e,,gx-no-cache=1521642149243 HTTP/1.1" 200 12117
186.9.26.183 - - [21/Mar/2018:11:23:21 -0300] "POST /cormun/servlet/trsolicitudgral?c3a562785fbf44370c7c66066532e316,,gx-no-cache=1521642153052 HTTP/1.1" 200 5919
186.9.26.183 - - [21/Mar/2018:11:23:27 -0300] "POST /cormun/servlet/trsolicitudgral?c3a562785fbf44370c7c66066532e316,,gx-no-cache=1521642158614 HTTP/1.1" 200 5920
186.9.26.183 - - [21/Mar/2018:11:23:34 -0300] "POST /cormun/servlet/trsolicitudgral?c3a562785fbf44370c7c66066532e316,,gx-no-cache=1521642166071 HTTP/1.1" 200 5921
186.9.26.183 - - [21/Mar/2018:11:23:43 -0300] "POST /cormun/servlet/trsolicitudgral?c3a562785fbf44370c7c66066532e316,,gx-no-cache=1521642174487 HTTP/1.1" 200 5921
186.9.26.183 - - [21/Mar/2018:11:23:50 -0300] "POST /cormun/servlet/trsolicitudgral?c3a562785fbf44370c7c66066532e316,,gx-no-cache=1521642181947 HTTP/1.1" 200 7646
186.103.159.230 - - [21/Mar/2018:11:23:53 -0300] "POST /cormun/servlet/solicitudot?8fd0c3b27c189311233f38bd94e359f0,INS,0,0,,gx-no-cache=1521642180054 HTTP/1.1" 200 11942
186.67.172.234 - - [21/Mar/2018:11:23:56 -0300] "POST /cormun/servlet/trsolicitudot?51e0928956718c66390b784d268d9d77,,gx-no-cache=1521642183819 HTTP/1.1" 200 6760
186.67.172.234 - - [21/Mar/2018:11:23:56 -0300] "GET /cormun/static/Shared/jqueryui/images/ui-bg_highlight-soft_100_c6c2c8_1x100.png HTTP/1.1" 404 1117
186.67.172.234 - - [21/Mar/2018:11:23:56 -0300] "GET /cormun/static/Shared/jqueryui/images/ui-icons_82798d_256x240.png HTTP/1.1" 404 1089
186.67.172.234 - - [21/Mar/2018:11:23:56 -0300] "GET /cormun/static/Shared/jqueryui/images/ui-bg_flat_55_fafafa_40x100.png HTTP/1.1" 404 1097
186.67.172.234 - - [21/Mar/2018:11:23:56 -0300] "GET /cormun/static/Shared/jqueryui/images/ui-icons_8d78a5_256x240.png HTTP/1.1" 404 1089
186.103.159.230 - - [21/Mar/2018:11:24:08 -0300] "POST /cormun/servlet/solicitudot?8fd0c3b27c189311233f38bd94e359f0,INS,0,0,,gx-no-cache=1521642195688 HTTP/1.1" 200 11998
186.9.26.183 - - [21/Mar/2018:11:24:10 -0300] "GET /cormun/servlet/vesolicitudgral?2018,10741,, HTTP/1.1" 200 9063
186.9.26.183 - - [21/Mar/2018:11:24:11 -0300] "GET /cormun/static/gxcfg.js?201711151294153 HTTP/1.1" 200 953
186.9.26.183 - - [21/Mar/2018:11:24:11 -0300] "GET /cormun/pexe_scrolldiv.js HTTP/1.1" 404 1009
186.9.26.183 - - [21/Mar/2018:11:24:11 -0300] "GET /cormun/static/vesolicitudgral.js?201711151294244 HTTP/1.1" 200 6721
186.9.26.183 - - [21/Mar/2018:11:24:11 -0300] "GET /cormun/static/hwcviewtabs.js?20177611594913 HTTP/1.1" 200 1074
186.9.26.183 - - [21/Mar/2018:11:24:11 -0300] "GET /cormun/static/Resources/PXToolsTabNext.gif HTTP/1.1" 200 168
186.9.26.183 - - [21/Mar/2018:11:24:11 -0300] "GET /cormun/static/Resources/PXToolsTabPrevious.gif HTTP/1.1" 200 172
186.9.26.183 - - [21/Mar/2018:11:24:11 -0300] "GET /cormun/static/hpexe_tabsview.js?201610171694228 HTTP/1.1" 200 1661
186.9.26.183 - - [21/Mar/2018:11:24:11 -0300] "GET /cormun/static/tbsolicitudgral01.js?201813119422078 HTTP/1.1" 200 31320
186.9.26.183 - - [21/Mar/2018:11:24:11 -0300] "GET /cormun/static/Resources/PXToolsTabFirstSelected.png HTTP/1.1" 200 1259
186.9.26.183 - - [21/Mar/2018:11:24:11 -0300] "GET /cormun/static/Resources/PXToolsTabLastUnselected.png HTTP/1.1" 200 1291
186.9.26.183 - - [21/Mar/2018:11:24:11 -0300] "GET /cormun/static/calendar-system.css HTTP/1.1" 200 5572
186.9.26.183 - - [21/Mar/2018:11:24:11 -0300] "GET /cormun/static/Resources/PXToolsTabBackUnselected.png HTTP/1.1" 200 1175
186.9.26.183 - - [21/Mar/2018:11:24:11 -0300] "GET /cormun/static/Resources/PXToolsTabBackSelected.png HTTP/1.1" 200 1157
186.9.26.183 - - [21/Mar/2018:11:24:11 -0300] "GET /cormun/static/Resources/PXToolsTabSelectedUnselected.png HTTP/1.1" 200 1428
186.9.26.183 - - [21/Mar/2018:11:24:12 -0300] "GET /cormun/static/Resources/PXToolsTabUnselectedUnselected.png HTTP/1.1" 200 1459
186.9.26.183 - - [21/Mar/2018:11:24:12 -0300] "GET /cormun/servlet/vesolicitudgral?2018,10741,, HTTP/1.1" 200 9061
186.9.26.183 - - [21/Mar/2018:11:24:14 -0300] "GET /cormun/servlet/vesolicitudgral?2018,10741,,SolicitudOTLog HTTP/1.1" 200 9569
186.9.26.183 - - [21/Mar/2018:11:24:14 -0300] "GET /cormun/pexe_scrolldiv.js HTTP/1.1" 404 1009
186.9.26.183 - - [21/Mar/2018:11:24:14 -0300] "GET /cormun/static/tbsolicitudgral03.js?20177611585854 HTTP/1.1" 200 13342
186.9.26.183 - - [21/Mar/2018:11:24:14 -0300] "GET /cormun/static/Resources/PXToolsTabLastSelected.png HTTP/1.1" 200 1262
186.9.26.183 - - [21/Mar/2018:11:24:15 -0300] "GET /cormun/static/gxui/gxui-all.css HTTP/1.1" 200 2179
186.9.26.183 - - [21/Mar/2018:11:24:15 -0300] "GET /cormun/static/Resources/PXToolsTabFirstUnselected.png HTTP/1.1" 200 1264
186.9.26.183 - - [21/Mar/2018:11:24:15 -0300] "GET /cormun/static/Resources/PXToolsTabUnselectedSelected.png HTTP/1.1" 200 1444
186.9.26.183 - - [21/Mar/2018:11:24:15 -0300] "GET /cormun/servlet/vesolicitudgral?2018,10741,,SolicitudOTLog HTTP/1.1" 200 9569
186.9.26.183 - - [21/Mar/2018:11:24:16 -0300] "POST /cormun/servlet/acontrolpreferencessavestate?None,MRAMOS,true HTTP/1.1" 200 35
186.9.26.183 - - [21/Mar/2018:11:24:17 -0300] "GET /cormun/static/Shared/ext/resources/css/ext-all.css HTTP/1.1" 200 416045
186.103.159.189 - - [21/Mar/2018:11:24:18 -0300] "POST /cormun/servlet/trcontratosolicitud?7c5f0cf4d239a7322727017163fb086e,,gx-no-cache=1521642209054 HTTP/1.1" 200 12198
186.9.26.183 - - [21/Mar/2018:11:24:22 -0300] "GET /cormun/servlet/vesolicitudgral?2018,10741,,General HTTP/1.1" 200 9068
186.9.26.183 - - [21/Mar/2018:11:24:22 -0300] "GET /cormun/pexe_scrolldiv.js HTTP/1.1" 404 1009
186.9.26.183 - - [21/Mar/2018:11:24:23 -0300] "GET /cormun/servlet/vesolicitudgral?2018,10741,,General HTTP/1.1" 200 9067
186.9.26.183 - - [21/Mar/2018:11:24:25 -0300] "POST /cormun/servlet/vesolicitudgral?c3a562785fbf44370c7c66066532e316,2018,10741,,General,gx-no-cache=1521642216735 HTTP/1.1" 200 93
186.9.26.183 - - [21/Mar/2018:11:24:25 -0300] "GET /cormun/servlet/hpexe_return? HTTP/1.1" 200 1014
186.9.26.183 - - [21/Mar/2018:11:24:25 -0300] "GET /cormun/servlet/trsolicitudgral? HTTP/1.1" 200 10692
186.79.227.120 - - [21/Mar/2018:11:24:25 -0300] "GET /cormun/servlet/trsolicitudot? HTTP/1.1" 200 7440
186.9.26.183 - - [21/Mar/2018:11:24:26 -0300] "GET /cormun/servlet/trsolicitudgral? HTTP/1.1" 200 10688
186.79.227.120 - - [21/Mar/2018:11:24:27 -0300] "GET /cormun/servlet/trsolicitudot? HTTP/1.1" 200 7439
186.79.227.120 - - [21/Mar/2018:11:24:32 -0300] "GET /cormun/static/menuarrow.gif HTTP/1.1" 404 1015
186.9.26.183 - - [21/Mar/2018:11:24:35 -0300] "POST /cormun/servlet/trsolicitudgral?c3a562785fbf44370c7c66066532e316,,gx-no-cache=1521642226552 HTTP/1.1" 200 6120
186.9.26.183 - - [21/Mar/2018:11:24:35 -0300] "GET /cormun/static/Shared/jqueryui/images/ui-bg_highlight-soft_100_c6c2c8_1x100.png HTTP/1.1" 404 1117
186.9.26.183 - - [21/Mar/2018:11:24:35 -0300] "GET /cormun/static/Shared/jqueryui/images/ui-icons_82798d_256x240.png HTTP/1.1" 404 1089
186.9.26.183 - - [21/Mar/2018:11:24:35 -0300] "GET /cormun/static/Shared/jqueryui/images/ui-bg_flat_55_fafafa_40x100.png HTTP/1.1" 404 1097
186.9.26.183 - - [21/Mar/2018:11:24:35 -0300] "GET /cormun/static/Shared/jqueryui/images/ui-icons_8d78a5_256x240.png HTTP/1.1" 404 1089
186.79.227.120 - - [21/Mar/2018:11:24:46 -0300] "POST /cormun/servlet/trsolicitudot?c20d6bd701b40a924c8873a5306cb100,,gx-no-cache=1521642245191 HTTP/1.1" 200 4476
186.67.172.234 - - [21/Mar/2018:11:24:50 -0300] "GET /cormun/servlet/trcontratounov2? HTTP/1.1" 200 17266
186.67.172.234 - - [21/Mar/2018:11:24:50 -0300] "GET /cormun/servlet/trcontratounov2? HTTP/1.1" 200 17232
186.79.227.120 - - [21/Mar/2018:11:24:52 -0300] "GET /cormun/servlet/trautorizarsolicitud? HTTP/1.1" 200 7347
186.79.227.120 - - [21/Mar/2018:11:24:52 -0300] "GET /cormun/static/gxcfg.js?2017111423403364 HTTP/1.1" 200 953
