200.120.230.197 - - [21/Mar/2018:11:24:52 -0300] "GET /cormun/static/trautorizarsolicitud.js?201711142340425 HTTP/1.1" 304 -
186.79.227.120 - - [21/Mar/2018:11:24:53 -0300] "GET /cormun/servlet/trautorizarsolicitud? HTTP/1.1" 200 7346
200.120.230.197 - - [21/Mar/2018:11:24:55 -0300] "POST /cormun/servlet/trautorizarsolicitud?c20d6bd701b40a924c8873a5306cb100,,gx-no-cache=1521642254344 HTTP/1.1" 200 4407
186.9.26.183 - - [21/Mar/2018:11:24:59 -0300] "POST /cormun/servlet/trsolicitudgral?c3a562785fbf44370c7c66066532e316,,gx-no-cache=1521642250568 HTTP/1.1" 200 5925
200.120.230.197 - - [21/Mar/2018:11:25:00 -0300] "POST /cormun/servlet/trautorizarsolicitud?c20d6bd701b40a924c8873a5306cb100,,gx-no-cache=1521642259767 HTTP/1.1" 200 4411
186.103.159.189 - - [21/Mar/2018:11:25:07 -0300] "POST /cormun/servlet/trcontratosolicitud?7c5f0cf4d239a7322727017163fb086e,,gx-no-cache=1521642258344 HTTP/1.1" 200 12130
200.120.230.197 - - [21/Mar/2018:11:25:09 -0300] "POST /cormun/servlet/trautorizarsolicitud?c20d6bd701b40a924c8873a5306cb100,,gx-no-cache=1521642268220 HTTP/1.1" 200 4416
200.120.230.197 - - [21/Mar/2018:11:25:13 -0300] "GET /cormun/servlet/trcontratounov2? HTTP/1.1" 200 17633
200.120.230.197 - - [21/Mar/2018:11:25:15 -0300] "GET /cormun/servlet/trcontratounov2? HTTP/1.1" 200 17619
186.103.159.230 - - [21/Mar/2018:11:25:16 -0300] "POST /cormun/servlet/solicitudot?gx-no-cache=1521642263976 HTTP/1.1" 200 3496
186.103.159.230 - - [21/Mar/2018:11:25:16 -0300] "GET /cormun/servlet/solicitudot?8bd02cec29992618dd8e6c7981e77c948319568cad452d2127c01fa1066d9ab494e0cdac8e65189545ff1aba7f973b4a81a9b3837f30cd966db368f959d5a9af392a6f4c9177300b87b9d089c2e627f1002dd7ff0868252d3256e99cf308be57f7698d8d69b3a3e856167888d8b1023515078fb8f4f209bd2ea61ecc8022bd4c41c2ae7380cbdf3672fa4f9e6ab7c36c612d3fdd6874f39ef977e9129d27829dfb35ef2f1e40ec66df8230e189fb1d9fd77b22968d603f12a4bdf9dfa44b7c888648deca96673857c515d70b3134b9a248f5b7fdb6dc2a19c994f68e7026a35f6ecf6ff205c9d84ddef5edaa27b405199ecb1452b3d7c3dda90c3e729f446eda3b92c3caa1bee6b02a65b509c380e5c812520e5feaef072bffb2787b890f1c09f124cf86d2387a652e8a89944072829ab7fe990cf7c55b41ea4b319bd1c53f4fbf8e11b2875e34d908767ce8212748095c1af849f250b6d4e59fc64e6044096ddc62cb2fcb658fa7c6cf8c1f9806d550ec43e1c7332b65c95ecc326b13b3c66c,gx-no-cache=1521642264204 HTTP/1.1" 200 30
186.103.159.230 - - [21/Mar/2018:11:25:17 -0300] "POST /cormun/servlet/solicitudot?gx-no-cache=1521642264575 HTTP/1.1" 200 30
186.103.159.230 - - [21/Mar/2018:11:25:17 -0300] "POST /cormun/servlet/solicitudot?gx-no-cache=1521642264658 HTTP/1.1" 200 1333
186.103.159.230 - - [21/Mar/2018:11:25:17 -0300] "POST /cormun/servlet/solicitudot?gx-no-cache=1521642264777 HTTP/1.1" 200 41
186.103.159.230 - - [21/Mar/2018:11:25:17 -0300] "POST /cormun/servlet/solicitudot?gx-no-cache=1521642264845 HTTP/1.1" 200 1318
186.103.159.230 - - [21/Mar/2018:11:25:17 -0300] "POST /cormun/servlet/solicitudot?gx-no-cache=1521642264930 HTTP/1.1" 200 1219
186.103.159.230 - - [21/Mar/2018:11:25:17 -0300] "GET /cormun/servlet/solicitudot?8bd02cec29992618dd8e6c7981e77c945f558d62ac3b9d96a4db91d4be9ef47dba1c339934881cb0f956c39eca5a6ac8,gx-no-cache=1521642265014 HTTP/1.1" 200 30
186.103.159.230 - - [21/Mar/2018:11:25:17 -0300] "POST /cormun/servlet/solicitudot?gx-no-cache=1521642265080 HTTP/1.1" 200 30
186.103.159.230 - - [21/Mar/2018:11:25:17 -0300] "POST /cormun/servlet/solicitudot?8fd0c3b27c189311233f38bd94e359f0,INS,0,0,,gx-no-cache=1521642265147 HTTP/1.1" 200 12055
186.67.172.234 - - [21/Mar/2018:11:25:31 -0300] "GET /cormun/servlet/trcontratosolicitud? HTTP/1.1" 200 14506
186.67.172.234 - - [21/Mar/2018:11:25:31 -0300] "GET /cormun//static/Resources/PXToolsGridNew.png HTTP/1.1" 200 2949
186.67.172.234 - - [21/Mar/2018:11:25:31 -0300] "GET /cormun/servlet/trcontratosolicitud? HTTP/1.1" 200 14521
186.67.172.234 - - [21/Mar/2018:11:25:44 -0300] "GET /cormun/servlet/trcontratounov2? HTTP/1.1" 200 17253
186.67.172.234 - - [21/Mar/2018:11:25:45 -0300] "GET /cormun/servlet/trcontratounov2? HTTP/1.1" 200 17222
186.67.172.234 - - [21/Mar/2018:11:25:53 -0300] "POST /cormun/servlet/trcontratounov2?51e0928956718c66390b784d268d9d77,,gx-no-cache=1521642300262 HTTP/1.1" 200 104
186.67.172.234 - - [21/Mar/2018:11:25:53 -0300] "GET /cormun/ContratoUnoV3-713.xls HTTP/1.1" 200 58880
186.79.172.104 - - [21/Mar/2018:11:26:35 -0300] "GET /cormun/servlet/hlogin HTTP/1.1" 200 1719
186.79.172.104 - - [21/Mar/2018:11:26:35 -0300] "GET /cormun/servlet/hlogin HTTP/1.1" 200 1719
186.79.172.104 - - [21/Mar/2018:11:26:36 -0300] "GET /cormun/servlet/hlogin HTTP/1.1" 200 1730
186.79.172.104 - - [21/Mar/2018:11:26:38 -0300] "POST /cormun/servlet/hlogin?dcbcb96f619025fcf1dd6d86301d3bbe,gx-no-cache=1521642349018 HTTP/1.1" 200 90
186.79.172.104 - - [21/Mar/2018:11:26:38 -0300] "GET /cormun/servlet/hpexe_link HTTP/1.1" 200 951
186.79.172.104 - - [21/Mar/2018:11:26:39 -0300] "GET /cormun/servlet/hhome HTTP/1.1" 200 3933
186.79.172.104 - - [21/Mar/2018:11:26:40 -0300] "GET /cormun/servlet/hhome HTTP/1.1" 200 3930
186.79.172.104 - - [21/Mar/2018:11:26:51 -0300] "GET /cormun/servlet/trsolicitudot? HTTP/1.1" 200 7142
186.79.172.104 - - [21/Mar/2018:11:26:51 -0300] "GET /cormun/servlet/trsolicitudot? HTTP/1.1" 200 7141
200.120.230.197 - - [21/Mar/2018:11:26:58 -0300] "POST /cormun/servlet/trcontratounov2?c20d6bd701b40a924c8873a5306cb100,,gx-no-cache=1521642377390 HTTP/1.1" 200 17569
200.120.230.197 - - [21/Mar/2018:11:26:59 -0300] "GET /cormun/static/Resources/PXToolsGridFirst.gif HTTP/1.1" 200 379
200.120.230.197 - - [21/Mar/2018:11:26:59 -0300] "GET /cormun/static/Resources/PXToolsGridPrevious.gif HTTP/1.1" 200 369
200.120.230.197 - - [21/Mar/2018:11:26:59 -0300] "GET /cormun/static/Resources/PXToolsGridNext.gif HTTP/1.1" 200 369
200.120.230.197 - - [21/Mar/2018:11:26:59 -0300] "GET /cormun/static/Resources/PXToolsGridLast.gif HTTP/1.1" 200 370
200.120.230.197 - - [21/Mar/2018:11:27:22 -0300] "POST /cormun/servlet/trcontratounov2?c20d6bd701b40a924c8873a5306cb100,,gx-no-cache=1521642400858 HTTP/1.1" 200 10995
186.79.172.104 - - [21/Mar/2018:11:27:22 -0300] "GET /cormun/servlet/hlogin HTTP/1.1" 200 1720
186.79.172.104 - - [21/Mar/2018:11:27:24 -0300] "POST /cormun/servlet/hlogin?4644728c1b8bb6f9a6122bbe7fae814a,gx-no-cache=1521642394679 HTTP/1.1" 200 90
186.79.172.104 - - [21/Mar/2018:11:27:24 -0300] "GET /cormun/servlet/hpexe_link HTTP/1.1" 200 951
186.79.172.104 - - [21/Mar/2018:11:27:24 -0300] "GET /cormun/servlet/hhome HTTP/1.1" 200 3931
186.79.172.104 - - [21/Mar/2018:11:27:25 -0300] "GET /cormun/servlet/hhome HTTP/1.1" 200 3930
186.103.159.230 - - [21/Mar/2018:11:27:25 -0300] "POST /cormun/servlet/solicitudot?gx-no-cache=1521642393263 HTTP/1.1" 200 1318
186.103.159.230 - - [21/Mar/2018:11:27:25 -0300] "POST /cormun/servlet/solicitudot?gx-no-cache=1521642393497 HTTP/1.1" 200 1219
186.103.159.230 - - [21/Mar/2018:11:27:26 -0300] "GET /cormun/servlet/solicitudot?8bd02cec29992618dd8e6c7981e77c945f558d62ac3b9d96a4db91d4be9ef47dba1c339934881cb0f956c39eca5a6ac8,gx-no-cache=1521642393571 HTTP/1.1" 200 30
186.103.159.230 - - [21/Mar/2018:11:27:26 -0300] "POST /cormun/servlet/solicitudot?gx-no-cache=1521642393634 HTTP/1.1" 200 30
186.103.159.230 - - [21/Mar/2018:11:27:26 -0300] "POST /cormun/servlet/solicitudot?8fd0c3b27c189311233f38bd94e359f0,INS,0,0,,gx-no-cache=1521642393712 HTTP/1.1" 200 12098
186.79.172.104 - - [21/Mar/2018:11:27:28 -0300] "GET /cormun/servlet/trsolicitudot? HTTP/1.1" 200 7143
186.79.172.104 - - [21/Mar/2018:11:27:29 -0300] "GET /cormun/servlet/trsolicitudot? HTTP/1.1" 200 7142
186.79.172.104 - - [21/Mar/2018:11:27:31 -0300] "GET /cormun/servlet/solicitudot?INS,0,0, HTTP/1.1" 200 13380
186.79.172.104 - - [21/Mar/2018:11:27:32 -0300] "GET /cormun/servlet/solicitudot?INS,0,0, HTTP/1.1" 200 13385
186.79.227.120 - - [21/Mar/2018:11:27:52 -0300] "POST /cormun/servlet/trcontratounov2?c20d6bd701b40a924c8873a5306cb100,,gx-no-cache=1521642430170 HTTP/1.1" 200 16323
186.103.159.230 - - [21/Mar/2018:11:27:54 -0300] "POST /cormun/servlet/solicitudot?8fd0c3b27c189311233f38bd94e359f0,INS,0,0,,gx-no-cache=1521642421661 HTTP/1.1" 200 12157
186.103.159.230 - - [21/Mar/2018:11:29:40 -0300] "POST /cormun/servlet/solicitudot?8fd0c3b27c189311233f38bd94e359f0,INS,0,0,,gx-no-cache=1521642526846 HTTP/1.1" 200 93
186.103.159.230 - - [21/Mar/2018:11:29:40 -0300] "GET /cormun/servlet/hpexe_return? HTTP/1.1" 200 1008
186.103.159.230 - - [21/Mar/2018:11:29:40 -0300] "GET /cormun/servlet/trsolicitudot HTTP/1.1" 200 8728
186.103.159.230 - - [21/Mar/2018:11:29:41 -0300] "GET /cormun/servlet/trsolicitudot HTTP/1.1" 200 8726
200.120.230.197 - - [21/Mar/2018:11:29:50 -0300] "POST /cormun/servlet/trcontratounov2?c20d6bd701b40a924c8873a5306cb100,,gx-no-cache=1521642549314 HTTP/1.1" 200 15176
186.103.159.230 - - [21/Mar/2018:11:29:54 -0300] "POST /cormun/servlet/trsolicitudot?8fd0c3b27c189311233f38bd94e359f0,gx-no-cache=1521642541692 HTTP/1.1" 200 107
186.103.159.230 - - [21/Mar/2018:11:29:54 -0300] "GET /cormun/servlet/trsolicitudadjuntos?2018,10748, HTTP/1.1" 200 6261
186.103.159.230 - - [21/Mar/2018:11:29:54 -0300] "GET /cormun/static/gxcfg.js?20177612135366 HTTP/1.1" 304 -
186.103.159.230 - - [21/Mar/2018:11:29:54 -0300] "GET /cormun/servlet/trsolicitudadjuntos?2018,10748, HTTP/1.1" 200 6261
186.67.84.236 - - [21/Mar/2018:11:30:00 -0300] "POST /cormun/servlet/trsolicitudot?383cf0aed135a3e48938933c7eb796ac,gx-no-cache=1521642548060 HTTP/1.1" 200 107
186.67.84.236 - - [21/Mar/2018:11:30:00 -0300] "GET /cormun/servlet/trsolicitudadjuntos?2018,10747, HTTP/1.1" 200 6298
186.67.84.236 - - [21/Mar/2018:11:30:01 -0300] "GET /cormun/servlet/trsolicitudadjuntos?2018,10747, HTTP/1.1" 200 6297
152.231.70.146 - - [21/Mar/2018:11:30:02 -0300] "GET /cormun/servlet/solicitudotadjuntos?INS,2018,10747,,1, HTTP/1.1" 200 6243
186.103.159.230 - - [21/Mar/2018:11:30:03 -0300] "GET /cormun/servlet/solicitudotadjuntos?INS,2018,10748,,1, HTTP/1.1" 200 6207
186.103.159.230 - - [21/Mar/2018:11:30:03 -0300] "GET /cormun/static/gxcfg.js?2017761244068 HTTP/1.1" 304 -
186.103.159.230 - - [21/Mar/2018:11:30:03 -0300] "GET /cormun/static/about:blank HTTP/1.1" 404 1011
186.103.159.230 - - [21/Mar/2018:11:30:03 -0300] "GET /cormun/servlet/solicitudotadjuntos?INS,2018,10748,,1, HTTP/1.1" 200 6200
152.231.70.146 - - [21/Mar/2018:11:30:03 -0300] "GET /cormun/static/about:blank HTTP/1.1" 404 1011
152.231.70.146 - - [21/Mar/2018:11:30:03 -0300] "GET /cormun/servlet/solicitudotadjuntos?INS,2018,10747,,1, HTTP/1.1" 200 6236
186.103.159.230 - - [21/Mar/2018:11:30:04 -0300] "GET /cormun/servlet/solicitudotadjuntos?8bd02cec29992618dd8e6c7981e77c94444f7bf441ca304332868d9c9be5faabf4d5a252a48d6109e856b77a12824fee,gx-no-cache=1521642551575 HTTP/1.1" 200 30
186.103.159.230 - - [21/Mar/2018:11:30:04 -0300] "POST /cormun/servlet/solicitudotadjuntos?8fd0c3b27c189311233f38bd94e359f0,INS,2018,10748,,1,,gx-no-cache=1521642551631 HTTP/1.1" 200 4017
190.151.124.170 - - [21/Mar/2018:11:30:04 -0300] "GET /cormun/servlet/solicitudotadjuntos?6831928d8b47e2d0df668aa50dac00aba72a4bdac91e10216f490fb710f94d83eb183ae63c60618dd9ea67c53f88ae97,gx-no-cache=1521642552064 HTTP/1.1" 200 30
190.151.124.170 - - [21/Mar/2018:11:30:04 -0300] "POST /cormun/servlet/solicitudotadjuntos?383cf0aed135a3e48938933c7eb796ac,INS,2018,10747,,1,,gx-no-cache=1521642552246 HTTP/1.1" 200 3979
190.151.124.170 - - [21/Mar/2018:11:30:07 -0300] "POST /cormun/servlet/solicitudotadjuntos?gx-no-cache=1521642555117 HTTP/1.1" 200 26
186.103.159.230 - - [21/Mar/2018:11:30:10 -0300] "POST /cormun/servlet/solicitudotadjuntos?gx-no-cache=1521642557897 HTTP/1.1" 200 26
186.103.159.230 - - [21/Mar/2018:11:30:21 -0300] "GET /cormun/servlet/solicitudotadjuntos?8bd02cec29992618dd8e6c7981e77c9415d59e0ecf96d5df43b14973be9c6ab2,gx-no-cache=1521642569378 HTTP/1.1" 200 30
186.103.159.230 - - [21/Mar/2018:11:30:21 -0300] "GET /cormun/servlet/solicitudotadjuntos?8bd02cec29992618dd8e6c7981e77c9415d59e0ecf96d5df43b14973be9c6ab2,gx-no-cache=1521642569423 HTTP/1.1" 200 30
186.103.159.230 - - [21/Mar/2018:11:30:22 -0300] "POST /cormun/servlet/solicitudotadjuntos?8fd0c3b27c189311233f38bd94e359f0,INS,2018,10748,,1, HTTP/1.1" 200 116
186.103.159.230 - - [21/Mar/2018:11:30:22 -0300] "GET /cormun/servlet/hpexe_return? HTTP/1.1" 200 1028
186.103.159.230 - - [21/Mar/2018:11:30:22 -0300] "GET /cormun/servlet/trsolicitudadjuntos?2018,10748, HTTP/1.1" 200 8712
190.151.124.170 - - [21/Mar/2018:11:30:22 -0300] "GET /cormun/servlet/solicitudotadjuntos?6831928d8b47e2d0df668aa50dac00ab2b362d74e4473744598fc8288dc24221,gx-no-cache=1521642570510 HTTP/1.1" 200 30
186.103.159.230 - - [21/Mar/2018:11:30:22 -0300] "GET /cormun/servlet/trsolicitudadjuntos?2018,10748, HTTP/1.1" 200 8709
190.151.124.170 - - [21/Mar/2018:11:30:25 -0300] "GET /cormun/servlet/solicitudotadjuntos?6831928d8b47e2d0df668aa50dac00ab2b362d74e4473744598fc8288dc24221,gx-no-cache=1521642572834 HTTP/1.1" 200 30
186.103.159.230 - - [21/Mar/2018:11:30:27 -0300] "GET /cormun/servlet/solicitudotadjuntos?INS,2018,10748,,1, HTTP/1.1" 200 6207
186.103.159.230 - - [21/Mar/2018:11:30:28 -0300] "GET /cormun/static/about:blank HTTP/1.1" 404 1011
186.103.159.230 - - [21/Mar/2018:11:30:28 -0300] "GET /cormun/servlet/solicitudotadjuntos?INS,2018,10748,,1, HTTP/1.1" 200 6200
186.103.159.230 - - [21/Mar/2018:11:30:28 -0300] "GET /cormun/servlet/solicitudotadjuntos?8bd02cec29992618dd8e6c7981e77c94444f7bf441ca304332868d9c9be5faabf4d5a252a48d6109e856b77a12824fee,gx-no-cache=1521642576151 HTTP/1.1" 200 30
186.103.159.230 - - [21/Mar/2018:11:30:29 -0300] "POST /cormun/servlet/solicitudotadjuntos?8fd0c3b27c189311233f38bd94e359f0,INS,2018,10748,,1,,gx-no-cache=1521642576507 HTTP/1.1" 200 4017
190.151.124.170 - - [21/Mar/2018:11:30:32 -0300] "POST /cormun/servlet/solicitudotadjuntos?383cf0aed135a3e48938933c7eb796ac,INS,2018,10747,,1, HTTP/1.1" 200 116
186.103.159.230 - - [21/Mar/2018:11:30:36 -0300] "POST /cormun/servlet/solicitudotadjuntos?gx-no-cache=1521642584248 HTTP/1.1" 200 26
190.151.124.170 - - [21/Mar/2018:11:30:41 -0300] "GET /cormun/servlet/hpexe_return? HTTP/1.1" 200 1021
190.151.124.170 - - [21/Mar/2018:11:30:41 -0300] "GET /cormun/servlet/trsolicitudadjuntos?2018,10747, HTTP/1.1" 200 8739
190.151.124.170 - - [21/Mar/2018:11:30:42 -0300] "GET /cormun/servlet/trsolicitudadjuntos?2018,10747, HTTP/1.1" 200 8732
186.103.159.230 - - [21/Mar/2018:11:30:52 -0300] "GET /cormun/servlet/solicitudotadjuntos?8bd02cec29992618dd8e6c7981e77c9415d59e0ecf96d5df43b14973be9c6ab2,gx-no-cache=1521642599593 HTTP/1.1" 200 30
186.103.159.230 - - [21/Mar/2018:11:30:52 -0300] "GET /cormun/servlet/solicitudotadjuntos?8bd02cec29992618dd8e6c7981e77c9415d59e0ecf96d5df43b14973be9c6ab2,gx-no-cache=1521642599632 HTTP/1.1" 200 30
186.103.159.230 - - [21/Mar/2018:11:30:52 -0300] "POST /cormun/servlet/solicitudotadjuntos?8fd0c3b27c189311233f38bd94e359f0,INS,2018,10748,,1, HTTP/1.1" 200 116
186.103.159.230 - - [21/Mar/2018:11:30:52 -0300] "GET /cormun/servlet/hpexe_return? HTTP/1.1" 200 1028
186.103.159.230 - - [21/Mar/2018:11:30:53 -0300] "GET /cormun/servlet/trsolicitudadjuntos?2018,10748, HTTP/1.1" 200 8953
186.103.159.230 - - [21/Mar/2018:11:30:53 -0300] "GET /cormun/servlet/trsolicitudadjuntos?2018,10748, HTTP/1.1" 200 8953
186.103.159.230 - - [21/Mar/2018:11:30:58 -0300] "GET /cormun/servlet/solicitudotadjuntos?INS,2018,10748,,1, HTTP/1.1" 200 6206
186.103.159.230 - - [21/Mar/2018:11:30:59 -0300] "GET /cormun/static/about:blank HTTP/1.1" 404 1011
186.103.196.84 - - [21/Mar/2018:11:30:59 -0300] "GET /cormun/servlet/solicitudotadjuntos?INS,2018,10747,,1, HTTP/1.1" 200 6244
186.103.159.230 - - [21/Mar/2018:11:30:59 -0300] "GET /cormun/servlet/solicitudotadjuntos?INS,2018,10748,,1, HTTP/1.1" 200 6199
186.103.159.230 - - [21/Mar/2018:11:30:59 -0300] "GET /cormun/servlet/solicitudotadjuntos?8bd02cec29992618dd8e6c7981e77c94444f7bf441ca304332868d9c9be5faabf4d5a252a48d6109e856b77a12824fee,gx-no-cache=1521642607259 HTTP/1.1" 200 30
186.103.159.230 - - [21/Mar/2018:11:31:00 -0300] "POST /cormun/servlet/solicitudotadjuntos?8fd0c3b27c189311233f38bd94e359f0,INS,2018,10748,,1,,gx-no-cache=1521642607309 HTTP/1.1" 200 4016
200.54.18.125 - - [21/Mar/2018:11:31:00 -0300] "GET /cormun/static/about:blank HTTP/1.1" 404 1011
200.54.18.125 - - [21/Mar/2018:11:31:00 -0300] "GET /cormun/servlet/solicitudotadjuntos?INS,2018,10747,,1, HTTP/1.1" 200 6237
186.103.196.84 - - [21/Mar/2018:11:31:00 -0300] "GET /cormun/servlet/solicitudotadjuntos?6831928d8b47e2d0df668aa50dac00aba72a4bdac91e10216f490fb710f94d83eb183ae63c60618dd9ea67c53f88ae97,gx-no-cache=1521642608644 HTTP/1.1" 200 30
186.103.196.84 - - [21/Mar/2018:11:31:01 -0300] "POST /cormun/servlet/solicitudotadjuntos?383cf0aed135a3e48938933c7eb796ac,INS,2018,10747,,1,,gx-no-cache=1521642608740 HTTP/1.1" 200 3980
186.103.159.230 - - [21/Mar/2018:11:31:05 -0300] "POST /cormun/servlet/solicitudotadjuntos?gx-no-cache=1521642613080 HTTP/1.1" 200 26
186.103.159.230 - - [21/Mar/2018:11:31:14 -0300] "GET /cormun/servlet/solicitudotadjuntos?8bd02cec29992618dd8e6c7981e77c9415d59e0ecf96d5df43b14973be9c6ab2,gx-no-cache=1521642622473 HTTP/1.1" 200 30
186.103.159.230 - - [21/Mar/2018:11:31:14 -0300] "GET /cormun/servlet/solicitudotadjuntos?8bd02cec29992618dd8e6c7981e77c9415d59e0ecf96d5df43b14973be9c6ab2,gx-no-cache=1521642622519 HTTP/1.1" 200 30
186.103.159.230 - - [21/Mar/2018:11:31:15 -0300] "POST /cormun/servlet/solicitudotadjuntos?8fd0c3b27c189311233f38bd94e359f0,INS,2018,10748,,1, HTTP/1.1" 200 116
186.103.159.230 - - [21/Mar/2018:11:31:15 -0300] "GET /cormun/servlet/hpexe_return? HTTP/1.1" 200 1028
186.103.159.230 - - [21/Mar/2018:11:31:15 -0300] "GET /cormun/servlet/trsolicitudadjuntos?2018,10748, HTTP/1.1" 200 9129
186.103.159.230 - - [21/Mar/2018:11:31:16 -0300] "GET /cormun/servlet/trsolicitudadjuntos?2018,10748, HTTP/1.1" 200 9128
186.103.159.230 - - [21/Mar/2018:11:31:20 -0300] "GET /cormun/servlet/solicitudotadjuntos?INS,2018,10748,,1, HTTP/1.1" 200 6206
186.103.159.230 - - [21/Mar/2018:11:31:20 -0300] "GET /cormun/static/about:blank HTTP/1.1" 404 1011
186.103.159.230 - - [21/Mar/2018:11:31:20 -0300] "GET /cormun/servlet/solicitudotadjuntos?INS,2018,10748,,1, HTTP/1.1" 200 6199
186.103.159.230 - - [21/Mar/2018:11:31:20 -0300] "GET /cormun/servlet/solicitudotadjuntos?8bd02cec29992618dd8e6c7981e77c94444f7bf441ca304332868d9c9be5faabf4d5a252a48d6109e856b77a12824fee,gx-no-cache=1521642628399 HTTP/1.1" 200 30
186.103.159.230 - - [21/Mar/2018:11:31:21 -0300] "POST /cormun/servlet/solicitudotadjuntos?8fd0c3b27c189311233f38bd94e359f0,INS,2018,10748,,1,,gx-no-cache=1521642628462 HTTP/1.1" 200 4016
186.103.159.230 - - [21/Mar/2018:11:31:26 -0300] "POST /cormun/servlet/solicitudotadjuntos?gx-no-cache=1521642633968 HTTP/1.1" 200 26
186.103.159.230 - - [21/Mar/2018:11:31:37 -0300] "GET /cormun/servlet/solicitudotadjuntos?8bd02cec29992618dd8e6c7981e77c9415d59e0ecf96d5df43b14973be9c6ab2,gx-no-cache=1521642645304 HTTP/1.1" 200 30
186.103.159.230 - - [21/Mar/2018:11:31:37 -0300] "GET /cormun/servlet/solicitudotadjuntos?8bd02cec29992618dd8e6c7981e77c9415d59e0ecf96d5df43b14973be9c6ab2,gx-no-cache=1521642645322 HTTP/1.1" 200 30
186.103.159.230 - - [21/Mar/2018:11:31:38 -0300] "POST /cormun/servlet/solicitudotadjuntos?8fd0c3b27c189311233f38bd94e359f0,INS,2018,10748,,1, HTTP/1.1" 200 116
186.103.159.230 - - [21/Mar/2018:11:31:38 -0300] "GET /cormun/servlet/hpexe_return? HTTP/1.1" 200 1028
186.103.159.230 - - [21/Mar/2018:11:31:38 -0300] "GET /cormun/servlet/trsolicitudadjuntos?2018,10748, HTTP/1.1" 200 9346
186.103.159.230 - - [21/Mar/2018:11:31:38 -0300] "GET /cormun/servlet/trsolicitudadjuntos?2018,10748, HTTP/1.1" 200 9345
190.151.99.26 - - [21/Mar/2018:11:31:42 -0300] "POST /cormun/servlet/solicitudotadjuntos?gx-no-cache=1521642650078 HTTP/1.1" 200 26
186.103.159.230 - - [21/Mar/2018:11:31:44 -0300] "GET /cormun/servlet/solicitudotadjuntos?INS,2018,10748,,1, HTTP/1.1" 200 6206
186.103.159.230 - - [21/Mar/2018:11:31:45 -0300] "GET /cormun/static/about:blank HTTP/1.1" 404 1011
186.103.159.230 - - [21/Mar/2018:11:31:45 -0300] "GET /cormun/servlet/solicitudotadjuntos?INS,2018,10748,,1, HTTP/1.1" 200 6199
186.103.159.230 - - [21/Mar/2018:11:31:45 -0300] "GET /cormun/servlet/solicitudotadjuntos?8bd02cec29992618dd8e6c7981e77c94444f7bf441ca304332868d9c9be5faabf4d5a252a48d6109e856b77a12824fee,gx-no-cache=1521642653156 HTTP/1.1" 200 30
186.103.159.230 - - [21/Mar/2018:11:31:45 -0300] "POST /cormun/servlet/solicitudotadjuntos?8fd0c3b27c189311233f38bd94e359f0,INS,2018,10748,,1,,gx-no-cache=1521642653218 HTTP/1.1" 200 4016
192.168.10.96 - - [21/Mar/2018:11:31:49 -0300] "POST /cormun/servlet/trsolicitudgral?92a0e83718a4874f0f9693dba389edfc,,gx-no-cache=1521642542835 HTTP/1.1" 200 7743
190.151.99.26 - - [21/Mar/2018:11:31:50 -0300] "GET /cormun/servlet/solicitudotadjuntos?6831928d8b47e2d0df668aa50dac00ab2b362d74e4473744598fc8288dc24221,gx-no-cache=1521642657878 HTTP/1.1" 200 30
190.151.99.26 - - [21/Mar/2018:11:31:50 -0300] "GET /cormun/servlet/solicitudotadjuntos?6831928d8b47e2d0df668aa50dac00ab2b362d74e4473744598fc8288dc24221,gx-no-cache=1521642657929 HTTP/1.1" 200 30
186.103.159.230 - - [21/Mar/2018:11:31:50 -0300] "POST /cormun/servlet/solicitudotadjuntos?gx-no-cache=1521642658061 HTTP/1.1" 200 26
190.151.99.26 - - [21/Mar/2018:11:31:51 -0300] "POST /cormun/servlet/solicitudotadjuntos?383cf0aed135a3e48938933c7eb796ac,INS,2018,10747,,1, HTTP/1.1" 200 116
190.151.99.26 - - [21/Mar/2018:11:31:51 -0300] "GET /cormun/servlet/hpexe_return? HTTP/1.1" 200 1021
192.168.10.96 - - [21/Mar/2018:11:31:51 -0300] "GET /cormun/servlet/vesolicitudgral?2018,10584,, HTTP/1.1" 200 9322
192.168.10.96 - - [21/Mar/2018:11:31:52 -0300] "GET /cormun/pexe_scrolldiv.js HTTP/1.1" 404 1009
192.168.10.96 - - [21/Mar/2018:11:31:52 -0300] "GET /cormun/pexe_scrolldiv.js HTTP/1.1" 404 1009
190.151.99.26 - - [21/Mar/2018:11:31:52 -0300] "GET /cormun/servlet/trsolicitudadjuntos?2018,10747, HTTP/1.1" 200 8954
192.168.10.96 - - [21/Mar/2018:11:31:52 -0300] "GET /cormun/servlet/vesolicitudgral?2018,10584,, HTTP/1.1" 200 9321
190.151.99.26 - - [21/Mar/2018:11:31:52 -0300] "GET /cormun/servlet/trsolicitudadjuntos?2018,10747, HTTP/1.1" 200 8951
192.168.10.96 - - [21/Mar/2018:11:31:56 -0300] "GET /cormun/servlet/vesolicitudgral?2018,10584,,SolicitudOTAdjuntos HTTP/1.1" 200 11299
192.168.10.96 - - [21/Mar/2018:11:31:56 -0300] "GET /cormun/pexe_scrolldiv.js HTTP/1.1" 404 1009
192.168.10.96 - - [21/Mar/2018:11:31:56 -0300] "GET /cormun/pexe_scrolldiv.js HTTP/1.1" 404 1009
192.168.10.96 - - [21/Mar/2018:11:31:56 -0300] "GET /cormun/servlet/vesolicitudgral?2018,10584,,SolicitudOTAdjuntos HTTP/1.1" 200 11303
192.168.10.96 - - [21/Mar/2018:11:31:57 -0300] "POST /cormun/servlet/acontrolpreferencessavestate?None,DZAMUDIO,true HTTP/1.1" 200 35
192.168.10.96 - - [21/Mar/2018:11:31:59 -0300] "GET /cormun/PublicTempStorage/carnet1223567.pdf HTTP/1.1" 200 30161
186.103.159.230 - - [21/Mar/2018:11:32:00 -0300] "GET /cormun/servlet/solicitudotadjuntos?8bd02cec29992618dd8e6c7981e77c9415d59e0ecf96d5df43b14973be9c6ab2,gx-no-cache=1521642667566 HTTP/1.1" 200 30
186.103.159.230 - - [21/Mar/2018:11:32:00 -0300] "GET /cormun/servlet/solicitudotadjuntos?8bd02cec29992618dd8e6c7981e77c9415d59e0ecf96d5df43b14973be9c6ab2,gx-no-cache=1521642667623 HTTP/1.1" 200 30
186.103.159.230 - - [21/Mar/2018:11:32:00 -0300] "POST /cormun/servlet/solicitudotadjuntos?8fd0c3b27c189311233f38bd94e359f0,INS,2018,10748,,1, HTTP/1.1" 200 116
186.103.159.230 - - [21/Mar/2018:11:32:00 -0300] "GET /cormun/servlet/hpexe_return? HTTP/1.1" 200 1028
186.103.159.230 - - [21/Mar/2018:11:32:00 -0300] "GET /cormun/servlet/trsolicitudadjuntos?2018,10748, HTTP/1.1" 200 9575
186.103.159.230 - - [21/Mar/2018:11:32:01 -0300] "GET /cormun/servlet/trsolicitudadjuntos?2018,10748, HTTP/1.1" 200 9574
192.168.10.96 - - [21/Mar/2018:11:32:03 -0300] "GET /cormun/servlet/vesolicitudgral?2018,10584,,SolicitudOTAdjuntos HTTP/1.1" 200 11300
192.168.10.96 - - [21/Mar/2018:11:32:03 -0300] "GET /cormun/pexe_scrolldiv.js HTTP/1.1" 404 1009
192.168.10.96 - - [21/Mar/2018:11:32:03 -0300] "GET /cormun/servlet/vesolicitudgral?2018,10584,,SolicitudOTAdjuntos HTTP/1.1" 200 11300
186.103.159.230 - - [21/Mar/2018:11:32:04 -0300] "GET /cormun/servlet/solicitudotadjuntos?INS,2018,10748,,1, HTTP/1.1" 200 6206
186.103.159.230 - - [21/Mar/2018:11:32:04 -0300] "GET /cormun/static/about:blank HTTP/1.1" 404 1011
186.103.159.230 - - [21/Mar/2018:11:32:04 -0300] "GET /cormun/servlet/solicitudotadjuntos?INS,2018,10748,,1, HTTP/1.1" 200 6200
192.168.10.96 - - [21/Mar/2018:11:32:04 -0300] "POST /cormun/servlet/acontrolpreferencessavestate?None,DZAMUDIO,true HTTP/1.1" 200 35
186.103.159.230 - - [21/Mar/2018:11:32:04 -0300] "GET /cormun/servlet/solicitudotadjuntos?8bd02cec29992618dd8e6c7981e77c94444f7bf441ca304332868d9c9be5faabf4d5a252a48d6109e856b77a12824fee,gx-no-cache=1521642672415 HTTP/1.1" 200 30
186.103.159.230 - - [21/Mar/2018:11:32:05 -0300] "POST /cormun/servlet/solicitudotadjuntos?8fd0c3b27c189311233f38bd94e359f0,INS,2018,10748,,1,,gx-no-cache=1521642672478 HTTP/1.1" 200 4018
192.168.10.96 - - [21/Mar/2018:11:32:05 -0300] "GET /cormun/PublicTempStorage/afp7762359.pdf HTTP/1.1" 200 76102
186.9.26.183 - - [21/Mar/2018:11:32:06 -0300] "POST /cormun/servlet/trsolicitudgral?c3a562785fbf44370c7c66066532e316,,gx-no-cache=1521642677423 HTTP/1.1" 200 5926
192.168.10.96 - - [21/Mar/2018:11:32:09 -0300] "GET /cormun/servlet/vesolicitudgral?2018,10584,,SolicitudOTAdjuntos HTTP/1.1" 200 11301
192.168.10.96 - - [21/Mar/2018:11:32:09 -0300] "GET /cormun/servlet/vesolicitudgral?2018,10584,,SolicitudOTAdjuntos HTTP/1.1" 200 11303
186.9.26.183 - - [21/Mar/2018:11:32:10 -0300] "POST /cormun/servlet/trsolicitudgral?c3a562785fbf44370c7c66066532e316,,gx-no-cache=1521642681521 HTTP/1.1" 200 5924
192.168.10.96 - - [21/Mar/2018:11:32:10 -0300] "POST /cormun/servlet/acontrolpreferencessavestate?None,DZAMUDIO,true HTTP/1.1" 200 35
192.168.10.96 - - [21/Mar/2018:11:32:11 -0300] "GET /cormun/PublicTempStorage/isapre7700251.pdf HTTP/1.1" 200 25846
186.103.159.230 - - [21/Mar/2018:11:32:17 -0300] "POST /cormun/servlet/solicitudotadjuntos?gx-no-cache=1521642684597 HTTP/1.1" 200 26
186.9.26.183 - - [21/Mar/2018:11:32:18 -0300] "POST /cormun/servlet/trsolicitudgral?c3a562785fbf44370c7c66066532e316,,gx-no-cache=1521642689401 HTTP/1.1" 200 10964
186.67.84.236 - - [21/Mar/2018:11:32:23 -0300] "GET /cormun/servlet/trsolicitudot? HTTP/1.1" 200 8791
192.168.10.96 - - [21/Mar/2018:11:32:24 -0300] "GET /cormun/servlet/vesolicitudgral?2018,10584,,SolicitudOTAdjuntos HTTP/1.1" 200 11298
192.168.10.96 - - [21/Mar/2018:11:32:24 -0300] "GET /cormun/servlet/vesolicitudgral?2018,10584,,SolicitudOTAdjuntos HTTP/1.1" 200 11302
186.67.84.236 - - [21/Mar/2018:11:32:25 -0300] "GET /cormun/servlet/trsolicitudot? HTTP/1.1" 200 8785
192.168.10.96 - - [21/Mar/2018:11:32:25 -0300] "POST /cormun/servlet/acontrolpreferencessavestate?None,DZAMUDIO,true HTTP/1.1" 200 35
192.168.10.96 - - [21/Mar/2018:11:32:26 -0300] "GET /cormun/PublicTempStorage/ant9471595.pdf HTTP/1.1" 200 107754
186.103.159.230 - - [21/Mar/2018:11:32:28 -0300] "GET /cormun/servlet/solicitudotadjuntos?8bd02cec29992618dd8e6c7981e77c9415d59e0ecf96d5df43b14973be9c6ab2,gx-no-cache=1521642695981 HTTP/1.1" 200 30
186.103.159.230 - - [21/Mar/2018:11:32:28 -0300] "GET /cormun/servlet/solicitudotadjuntos?8bd02cec29992618dd8e6c7981e77c9415d59e0ecf96d5df43b14973be9c6ab2,gx-no-cache=1521642696026 HTTP/1.1" 200 30
186.103.159.230 - - [21/Mar/2018:11:32:28 -0300] "POST /cormun/servlet/solicitudotadjuntos?8fd0c3b27c189311233f38bd94e359f0,INS,2018,10748,,1, HTTP/1.1" 200 116
186.103.159.230 - - [21/Mar/2018:11:32:28 -0300] "GET /cormun/servlet/hpexe_return? HTTP/1.1" 200 1028
186.103.159.230 - - [21/Mar/2018:11:32:29 -0300] "GET /cormun/servlet/trsolicitudadjuntos?2018,10748, HTTP/1.1" 200 9856
186.103.159.230 - - [21/Mar/2018:11:32:29 -0300] "GET /cormun/servlet/trsolicitudadjuntos?2018,10748, HTTP/1.1" 200 9854
192.168.10.96 - - [21/Mar/2018:11:32:30 -0300] "GET /cormun/servlet/vesolicitudgral?2018,10584,,SolicitudOTAdjuntos HTTP/1.1" 200 11300
192.168.10.96 - - [21/Mar/2018:11:32:30 -0300] "GET /cormun/servlet/vesolicitudgral?2018,10584,,SolicitudOTAdjuntos HTTP/1.1" 200 11301
192.168.10.96 - - [21/Mar/2018:11:32:31 -0300] "POST /cormun/servlet/acontrolpreferencessavestate?None,DZAMUDIO,true HTTP/1.1" 200 35
186.103.159.230 - - [21/Mar/2018:11:32:33 -0300] "GET /cormun/servlet/solicitudotadjuntos?INS,2018,10748,,1, HTTP/1.1" 200 6206
192.168.10.96 - - [21/Mar/2018:11:32:33 -0300] "GET /cormun/PublicTempStorage/curri8303104.pdf HTTP/1.1" 200 95443
186.103.159.230 - - [21/Mar/2018:11:32:33 -0300] "GET /cormun/static/about:blank HTTP/1.1" 404 1011
186.103.159.230 - - [21/Mar/2018:11:32:33 -0300] "GET /cormun/servlet/solicitudotadjuntos?INS,2018,10748,,1, HTTP/1.1" 200 6200
186.103.159.230 - - [21/Mar/2018:11:32:34 -0300] "GET /cormun/servlet/solicitudotadjuntos?8bd02cec29992618dd8e6c7981e77c94444f7bf441ca304332868d9c9be5faabf4d5a252a48d6109e856b77a12824fee,gx-no-cache=1521642701670 HTTP/1.1" 200 30
186.103.159.230 - - [21/Mar/2018:11:32:34 -0300] "POST /cormun/servlet/solicitudotadjuntos?8fd0c3b27c189311233f38bd94e359f0,INS,2018,10748,,1,,gx-no-cache=1521642701735 HTTP/1.1" 200 4018
186.9.26.183 - - [21/Mar/2018:11:32:38 -0300] "GET /cormun/servlet/vesolicitudgral?2018,9547,, HTTP/1.1" 200 9067
186.9.26.183 - - [21/Mar/2018:11:32:38 -0300] "GET /cormun/pexe_scrolldiv.js HTTP/1.1" 404 1009
186.9.26.183 - - [21/Mar/2018:11:32:38 -0300] "GET /cormun/servlet/vesolicitudgral?2018,9547,, HTTP/1.1" 200 9066
192.168.10.96 - - [21/Mar/2018:11:32:39 -0300] "GET /cormun/servlet/vesolicitudgral?2018,10584,,SolicitudOTAdjuntos HTTP/1.1" 200 11299
192.168.10.96 - - [21/Mar/2018:11:32:40 -0300] "GET /cormun/servlet/vesolicitudgral?2018,10584,,SolicitudOTAdjuntos HTTP/1.1" 200 11301
186.9.26.183 - - [21/Mar/2018:11:32:41 -0300] "GET /cormun/servlet/vesolicitudgral?2018,9547,,SolicitudOTLog HTTP/1.1" 200 7701
186.9.26.183 - - [21/Mar/2018:11:32:41 -0300] "GET /cormun/pexe_scrolldiv.js HTTP/1.1" 404 1009
192.168.10.96 - - [21/Mar/2018:11:32:41 -0300] "POST /cormun/servlet/acontrolpreferencessavestate?None,DZAMUDIO,true HTTP/1.1" 200 35
186.9.26.183 - - [21/Mar/2018:11:32:41 -0300] "GET /cormun/servlet/vesolicitudgral?2018,9547,,SolicitudOTLog HTTP/1.1" 200 7701
192.168.10.96 - - [21/Mar/2018:11:32:41 -0300] "GET /cormun/PublicTempStorage/titulo4119816.pdf HTTP/1.1" 200 36601
186.9.26.183 - - [21/Mar/2018:11:32:42 -0300] "POST /cormun/servlet/acontrolpreferencessavestate?None,MRAMOS,true HTTP/1.1" 200 35
186.9.26.183 - - [21/Mar/2018:11:32:45 -0300] "GET /cormun/servlet/vesolicitudgral?2018,9547,,SolicitudOTAdjuntos HTTP/1.1" 200 7708
186.9.26.183 - - [21/Mar/2018:11:32:45 -0300] "GET /cormun/pexe_scrolldiv.js HTTP/1.1" 404 1009
186.9.26.183 - - [21/Mar/2018:11:32:45 -0300] "GET /cormun/static/tbsolicitudgral02.js?20171115129853 HTTP/1.1" 200 13312
186.9.26.183 - - [21/Mar/2018:11:32:45 -0300] "GET /cormun/servlet/vesolicitudgral?2018,9547,,SolicitudOTAdjuntos HTTP/1.1" 200 7708
186.9.26.183 - - [21/Mar/2018:11:32:46 -0300] "POST /cormun/servlet/acontrolpreferencessavestate?None,MRAMOS,true HTTP/1.1" 200 35
200.112.48.142 - - [21/Mar/2018:11:32:47 -0300] "POST /cormun/servlet/vesolicitudot?ff4f9689790776e5fa67c1428e27564c,2018,10412,,,gx-no-cache=1521642716479 HTTP/1.1" 440 972
186.9.26.183 - - [21/Mar/2018:11:32:49 -0300] "GET /cormun/servlet/vesolicitudgral?2018,9547,,General HTTP/1.1" 200 9073
186.9.26.183 - - [21/Mar/2018:11:32:50 -0300] "GET /cormun/pexe_scrolldiv.js HTTP/1.1" 404 1009
186.9.26.183 - - [21/Mar/2018:11:32:50 -0300] "GET /cormun/servlet/vesolicitudgral?2018,9547,,General HTTP/1.1" 200 9072
192.168.10.96 - - [21/Mar/2018:11:32:52 -0300] "GET /cormun/servlet/vesolicitudgral?2018,10584,,SolicitudOTAdjuntos HTTP/1.1" 200 11301
192.168.10.96 - - [21/Mar/2018:11:32:52 -0300] "GET /cormun/servlet/vesolicitudgral?2018,10584,,SolicitudOTAdjuntos HTTP/1.1" 200 11300
186.103.159.230 - - [21/Mar/2018:11:32:53 -0300] "POST /cormun/servlet/solicitudotadjuntos?gx-no-cache=1521642720953 HTTP/1.1" 200 26
186.103.159.230 - - [21/Mar/2018:11:32:53 -0300] "GET /cormun/servlet/solicitudotadjuntos?8bd02cec29992618dd8e6c7981e77c9415d59e0ecf96d5df43b14973be9c6ab2,gx-no-cache=1521642721002 HTTP/1.1" 200 30
192.168.10.96 - - [21/Mar/2018:11:32:53 -0300] "POST /cormun/servlet/acontrolpreferencessavestate?None,DZAMUDIO,true HTTP/1.1" 200 35
186.103.159.230 - - [21/Mar/2018:11:32:53 -0300] "GET /cormun/servlet/solicitudotadjuntos?8bd02cec29992618dd8e6c7981e77c9415d59e0ecf96d5df43b14973be9c6ab2,gx-no-cache=1521642721045 HTTP/1.1" 200 30
186.103.159.230 - - [21/Mar/2018:11:32:53 -0300] "POST /cormun/servlet/solicitudotadjuntos?8fd0c3b27c189311233f38bd94e359f0,INS,2018,10748,,1,,gx-no-cache=1521642721089 HTTP/1.1" 200 3834
186.103.159.230 - - [21/Mar/2018:11:32:53 -0300] "GET /cormun/static/Shared/jqueryui/images/ui-bg_highlight-soft_100_c6c2c8_1x100.png HTTP/1.1" 404 1117
186.103.159.230 - - [21/Mar/2018:11:32:53 -0300] "GET /cormun/static/Shared/jqueryui/images/ui-icons_ebccce_256x240.png HTTP/1.1" 404 1089
186.103.159.230 - - [21/Mar/2018:11:32:53 -0300] "GET /cormun/static/Shared/jqueryui/images/ui-icons_82798d_256x240.png HTTP/1.1" 404 1089
186.103.159.230 - - [21/Mar/2018:11:32:53 -0300] "GET /cormun/static/Shared/jqueryui/images/ui-bg_flat_55_994d53_40x100.png HTTP/1.1" 404 1097
186.9.26.183 - - [21/Mar/2018:11:32:54 -0300] "POST /cormun/servlet/vesolicitudgral?c3a562785fbf44370c7c66066532e316,2018,9547,,General,gx-no-cache=1521642725752 HTTP/1.1" 200 93
186.9.26.183 - - [21/Mar/2018:11:32:54 -0300] "GET /cormun/servlet/hpexe_return? HTTP/1.1" 200 1014
186.9.26.183 - - [21/Mar/2018:11:32:54 -0300] "GET /cormun/servlet/trsolicitudgral? HTTP/1.1" 200 14012
192.168.10.96 - - [21/Mar/2018:11:32:54 -0300] "GET /cormun/PublicTempStorage/isapre2670279.pdf HTTP/1.1" 200 25846
186.9.26.183 - - [21/Mar/2018:11:32:55 -0300] "GET /cormun/servlet/trsolicitudgral? HTTP/1.1" 200 14007
186.103.132.155 - - [21/Mar/2018:11:33:04 -0300] "GET /cormun/servlet/hlogin HTTP/1.1" 200 1718
200.111.122.170 - - [21/Mar/2018:11:33:05 -0300] "GET /cormun/static/gxtimezone.js?85251 HTTP/1.1" 200 5781
186.67.203.186 - - [21/Mar/2018:11:33:05 -0300] "GET /cormun/static/gxcfg.js?20175251213516 HTTP/1.1" 200 953
186.103.132.155 - - [21/Mar/2018:11:33:05 -0300] "GET /cormun/static/Resources/Spanish/PXTools.css?11423723 HTTP/1.1" 200 89042
186.103.132.155 - - [21/Mar/2018:11:33:06 -0300] "GET /cormun/static/messages.spa.js?85251 HTTP/1.1" 200 30736
186.103.132.155 - - [21/Mar/2018:11:33:07 -0300] "GET /cormun/static/hlogin.js?20175251213537 HTTP/1.1" 200 2136
186.103.132.155 - - [21/Mar/2018:11:33:07 -0300] "GET /cormun/static/Resources/ComunLogin.png HTTP/1.1" 200 17326
200.72.197.82 - - [21/Mar/2018:11:33:17 -0300] "GET /cormun/static/gxgral.js?85251 HTTP/1.1" 200 384558
186.67.203.186 - - [21/Mar/2018:11:33:18 -0300] "GET /cormun/static/Resources/PXToolsButtonLeft21.png HTTP/1.1" 200 1287
186.103.132.155 - - [21/Mar/2018:11:33:18 -0300] "GET /cormun/static/Resources/PXToolsLoginBackground.png HTTP/1.1" 200 1164
200.111.122.170 - - [21/Mar/2018:11:33:18 -0300] "GET /cormun/static/Resources/PXToolsButtonRight21.png HTTP/1.1" 200 1283
200.72.197.82 - - [21/Mar/2018:11:33:18 -0300] "GET /cormun/static/Resources/PXToolsLoginTop.png HTTP/1.1" 200 1337
186.67.203.186 - - [21/Mar/2018:11:33:18 -0300] "GET /cormun/static/Resources/PXToolsButtonBackground2.png HTTP/1.1" 200 1181
186.103.132.155 - - [21/Mar/2018:11:33:18 -0300] "GET /cormun/static/Resources/PXToolsLoginBottom.png HTTP/1.1" 200 1389
200.72.197.82 - - [21/Mar/2018:11:33:18 -0300] "GET /cormun/servlet/hlogin HTTP/1.1" 200 1725
186.67.203.186 - - [21/Mar/2018:11:33:19 -0300] "GET /cormun/static/Resources/indicator.gif HTTP/1.1" 200 1553
186.103.132.155 - - [21/Mar/2018:11:33:19 -0300] "GET /cormun/static/Resources/indicator.gif HTTP/1.1" 200 1553
186.9.26.183 - - [21/Mar/2018:11:33:47 -0300] "POST /cormun/servlet/trsolicitudgral?c3a562785fbf44370c7c66066532e316,,gx-no-cache=1521642779002 HTTP/1.1" 200 15917
186.67.203.186 - - [21/Mar/2018:11:33:54 -0300] "POST /cormun/servlet/hlogin?1973ec7cc1250c97511f7b7b716f0aab,gx-no-cache=1521642783563 HTTP/1.1" 200 90
186.67.203.186 - - [21/Mar/2018:11:33:55 -0300] "GET /cormun/servlet/hpexe_link HTTP/1.1" 200 946
200.72.197.82 - - [21/Mar/2018:11:33:55 -0300] "GET /cormun/static/gxcfg.js?20177612121792 HTTP/1.1" 200 953
186.9.26.183 - - [21/Mar/2018:11:33:56 -0300] "POST /cormun/servlet/trsolicitudgral?c3a562785fbf44370c7c66066532e316,,gx-no-cache=1521642787484 HTTP/1.1" 200 7633
186.103.161.206 - - [21/Mar/2018:11:33:57 -0300] "GET /cormun/static/hpexe_link.js?20177612121795 HTTP/1.1" 200 625
186.67.203.186 - - [21/Mar/2018:11:33:58 -0300] "GET /cormun/static/Resources/Spanish/PXTools.css?1155365 HTTP/1.1" 200 89042
186.67.203.186 - - [21/Mar/2018:11:33:59 -0300] "GET /cormun/servlet/hhome HTTP/1.1" 200 4188
200.72.197.82 - - [21/Mar/2018:11:33:59 -0300] "GET /cormun/static/SmoothNavMenu/resources/ddsmoothmenu-v.css?1012540 HTTP/1.1" 200 1188
186.103.161.206 - - [21/Mar/2018:11:33:59 -0300] "GET /cormun/static/SmoothNavMenu/resources/ddsmoothmenu.css?1012540 HTTP/1.1" 200 2223
186.67.203.186 - - [21/Mar/2018:11:33:59 -0300] "GET /cormun/static/gxcfg.js?20175251212442 HTTP/1.1" 200 953
200.72.197.82 - - [21/Mar/2018:11:33:59 -0300] "GET /cormun/static/PXToolsJavascripts/pexe_cookies.js HTTP/1.1" 200 792
186.67.203.186 - - [21/Mar/2018:11:33:59 -0300] "GET /cormun/static/Shared/jqueryui/jquery-ui.min.css?1245370 HTTP/1.1" 200 30288
186.67.203.186 - - [21/Mar/2018:11:33:59 -0300] "GET /cormun/static/PXToolsJavascripts/pexe_autoreload.js HTTP/1.1" 200 1762
186.103.161.206 - - [21/Mar/2018:11:33:59 -0300] "GET /cormun/static/PXToolsJavascripts/pexe_windows.js HTTP/1.1" 200 15207
186.67.203.186 - - [21/Mar/2018:11:34:00 -0300] "GET /cormun/static/PXToolsJavascripts/pexe_grid.js HTTP/1.1" 200 7559
200.72.197.82 - - [21/Mar/2018:11:34:00 -0300] "GET /cormun/static/PXToolsJavascripts/pexe_griddivfix.js HTTP/1.1" 200 6644
186.67.203.186 - - [21/Mar/2018:11:34:00 -0300] "GET /cormun/static/PXToolsJavascripts/pexe_link.js HTTP/1.1" 200 5671
186.67.203.186 - - [21/Mar/2018:11:34:00 -0300] "GET /cormun/static/PXToolsJavascripts/pexe_menudivfix.js HTTP/1.1" 200 333
186.67.203.186 - - [21/Mar/2018:11:34:00 -0300] "GET /cormun/static/PXToolsJavascripts/pexe_menus.js HTTP/1.1" 200 1286
186.67.203.186 - - [21/Mar/2018:11:34:00 -0300] "GET /cormun/static/PXToolsJavascripts/pexe_layers.js HTTP/1.1" 200 4114
186.67.203.186 - - [21/Mar/2018:11:34:00 -0300] "GET /cormun/static/PXToolsJavascripts/pexe_oav.js HTTP/1.1" 200 645
186.67.203.186 - - [21/Mar/2018:11:34:00 -0300] "GET /cormun/static/PXToolsJavascripts/pexe_oavdivfix.js HTTP/1.1" 200 639
186.67.203.186 - - [21/Mar/2018:11:34:00 -0300] "GET /cormun/static/PXToolsJavascripts/pexe_picture.js HTTP/1.1" 200 689
186.67.203.186 - - [21/Mar/2018:11:34:01 -0300] "GET /cormun/static/PXToolsJavascripts/pexe_popup.js HTTP/1.1" 200 13458
186.67.203.186 - - [21/Mar/2018:11:34:01 -0300] "GET /cormun/static/PXToolsJavascripts/pexe_scrolldiv.js HTTP/1.1" 200 4138
186.103.161.206 - - [21/Mar/2018:11:34:01 -0300] "GET /cormun/static/PXToolsJavascripts/pexe_tabdivfix.js HTTP/1.1" 200 876
186.103.161.206 - - [21/Mar/2018:11:34:02 -0300] "GET /cormun/static/PXToolsJavascripts/pexe_tabs.js HTTP/1.1" 200 3748
186.103.161.206 - - [21/Mar/2018:11:34:02 -0300] "GET /cormun/static/PXToolsJavascripts/pexe_upload.js HTTP/1.1" 200 1423
186.103.161.206 - - [21/Mar/2018:11:34:02 -0300] "GET /cormun/static/PXToolsJavascripts/PXToolsJavascriptsRender.js HTTP/1.1" 200 367
186.67.203.186 - - [21/Mar/2018:11:34:02 -0300] "GET /cormun/static/scaMessage/css/jquery.pnotify.default.css?1716380 HTTP/1.1" 200 1707
186.103.161.206 - - [21/Mar/2018:11:34:03 -0300] "GET /cormun/static/RunJS/RunJS.js HTTP/1.1" 200 288
186.67.203.186 - - [21/Mar/2018:11:34:03 -0300] "GET /cormun/static/hhome.js?20175251212450 HTTP/1.1" 200 777
186.67.203.186 - - [21/Mar/2018:11:34:03 -0300] "GET /cormun/static/hwchdr01.js?201752511465785 HTTP/1.1" 200 1183
186.67.203.186 - - [21/Mar/2018:11:34:03 -0300] "GET /cormun/static/Shared/ext/locale/ext-lang-en.js HTTP/1.1" 200 10940
186.103.161.206 - - [21/Mar/2018:11:34:03 -0300] "GET /cormun/static/Resources/PXToolsHeaderLogin.png HTTP/1.1" 200 4279
186.67.203.186 - - [21/Mar/2018:11:34:04 -0300] "GET /cormun/static/Resources/PXToolsHeaderActionsRight.png HTTP/1.1" 200 1201
186.67.203.186 - - [21/Mar/2018:11:34:04 -0300] "GET /cormun/static/Resources/PXToolsHeaderActionsLeft.png HTTP/1.1" 200 1118
186.67.203.186 - - [21/Mar/2018:11:34:04 -0300] "GET /cormun/static/Resources/logo4.png HTTP/1.1" 200 6582
186.67.203.186 - - [21/Mar/2018:11:34:04 -0300] "GET /cormun/static/Resources/PXToolsHeaderHome.png HTTP/1.1" 200 4147
186.67.203.186 - - [21/Mar/2018:11:34:04 -0300] "GET /cormun/static/Resources/PXToolsHeaderActionsBackground.png HTTP/1.1" 200 484
186.67.203.186 - - [21/Mar/2018:11:34:04 -0300] "GET /cormun/static/Resources/PXToolsHeaderBackground2.png HTTP/1.1" 200 1174
186.67.203.186 - - [21/Mar/2018:11:34:04 -0300] "GET /cormun/static/Resources/PXToolsHeaderPreferences.png HTTP/1.1" 200 4189
186.103.159.230 - - [21/Mar/2018:11:34:04 -0300] "POST /cormun/servlet/solicitudotadjuntos?8fd0c3b27c189311233f38bd94e359f0,INS,2018,10748,,1,,gx-no-cache=1521642792354 HTTP/1.1" 200 90
186.103.159.230 - - [21/Mar/2018:11:34:05 -0300] "GET /cormun/servlet/hpexe_link HTTP/1.1" 200 981
186.67.203.186 - - [21/Mar/2018:11:34:05 -0300] "GET /cormun/static/Resources/PXToolsFooterBackground2.png HTTP/1.1" 200 1172
186.67.203.186 - - [21/Mar/2018:11:34:05 -0300] "GET /cormun/static/Resources/PXToolsDataTitle.png HTTP/1.1" 200 1173
186.67.203.186 - - [21/Mar/2018:11:34:05 -0300] "GET /cormun/static/Resources/PXToolsHeaderSecurity.png HTTP/1.1" 200 4166
186.103.159.230 - - [21/Mar/2018:11:34:05 -0300] "GET /cormun/servlet/trsolicitudadjuntos?2018,10748, HTTP/1.1" 200 9855
186.67.203.186 - - [21/Mar/2018:11:34:05 -0300] "GET /cormun/static/hpexe_scripts.js?201752511465715 HTTP/1.1" 200 1544
186.103.161.206 - - [21/Mar/2018:11:34:05 -0300] "GET /cormun/static/hpexe_recentlink.js?20177611595044 HTTP/1.1" 200 2144
186.103.159.230 - - [21/Mar/2018:11:34:05 -0300] "GET /cormun/servlet/trsolicitudadjuntos?2018,10748, HTTP/1.1" 200 9855
186.67.203.186 - - [21/Mar/2018:11:34:06 -0300] "GET /cormun/static/hpexe_messagecontroller.js?20177611595012 HTTP/1.1" 200 870
186.67.203.186 - - [21/Mar/2018:11:34:06 -0300] "GET /cormun/static/hpexe_messagegenexuscomponent.js?201752511465344 HTTP/1.1" 200 587
186.103.161.206 - - [21/Mar/2018:11:34:06 -0300] "GET /cormun/static/hpexe_messagepopupcomponent.js?20161017169425 HTTP/1.1" 200 605
186.67.203.186 - - [21/Mar/2018:11:34:06 -0300] "GET /cormun/static/cmcontrolpreferences.js?201752511465670 HTTP/1.1" 200 1375
186.67.203.186 - - [21/Mar/2018:11:34:06 -0300] "GET /cormun/static/SmoothNavMenu/resources/ddsmoothmenu.js HTTP/1.1" 200 12712
186.67.203.186 - - [21/Mar/2018:11:34:09 -0300] "GET /cormun/static/SmoothNavMenu/resources/SmoothNavMenuRender.js HTTP/1.1" 200 5951
186.67.203.186 - - [21/Mar/2018:11:34:09 -0300] "GET /cormun/static/scaMessage/js/jquery.pnotify.min.js HTTP/1.1" 200 13038
186.67.203.186 - - [21/Mar/2018:11:34:10 -0300] "GET /cormun/static/scaMessage/scaMessageRender.js HTTP/1.1" 200 11977
186.103.161.206 - - [21/Mar/2018:11:34:10 -0300] "GET /cormun/static/Shared/jquery/jquery-1.4.2.min.js HTTP/1.1" 200 72174
186.67.203.186 - - [21/Mar/2018:11:34:12 -0300] "GET /cormun/static/hmpwkw03.js?20177612122668 HTTP/1.1" 200 3965
186.67.203.186 - - [21/Mar/2018:11:34:12 -0300] "GET /cormun/static/gxui/gxui-all.js HTTP/1.1" 200 107772
186.9.26.183 - - [21/Mar/2018:11:34:18 -0300] "POST /cormun/servlet/trsolicitudgral?c3a562785fbf44370c7c66066532e316,,gx-no-cache=1521642809336 HTTP/1.1" 200 115
186.9.26.183 - - [21/Mar/2018:11:34:18 -0300] "GET /cormun/servlet/solicitudotlog?INS,2018,8424,0,REC, HTTP/1.1" 200 6266
186.9.26.183 - - [21/Mar/2018:11:34:18 -0300] "GET /cormun/servlet/solicitudotlog?INS,2018,8424,0,REC, HTTP/1.1" 200 6266
186.9.26.183 - - [21/Mar/2018:11:34:19 -0300] "GET /cormun/servlet/solicitudotlog?2ee00e2f885f69f7893511cc2cb380db628377c912ce370d8683c3a0b99f8234b31ce40dbe46a86c65fb670e906aff9e4c104182d4e67b7994994e9b1ff605b0238a43653c68cd6c50128df0e26d2828f70cd50708edb9d3ade099708eb1cb2b87e48bfa6fec7ddb9027cd7f4e00be67fbb57c1d15476ff5a511c28f6e1a9638ff382e01fb52ce5b65106c0c5de36fb321f11d643606cfbae73bbb712c498001,gx-no-cache=1521642810741 HTTP/1.1" 200 94
186.67.203.186 - - [21/Mar/2018:11:34:20 -0300] "GET /cormun/static/Shared/jquery/jquery-1.10.2.min.js HTTP/1.1" 200 273199
186.67.203.186 - - [21/Mar/2018:11:34:23 -0300] "GET /cormun/static/Shared/jqueryui/jquery-ui.min.js HTTP/1.1" 200 240427
186.9.26.183 - - [21/Mar/2018:11:34:23 -0300] "POST /cormun/servlet/solicitudotlog?c3a562785fbf44370c7c66066532e316,INS,2018,8424,0,REC,,gx-no-cache=1521642815060 HTTP/1.1" 200 93
186.9.26.183 - - [21/Mar/2018:11:34:23 -0300] "GET /cormun/servlet/hpexe_return? HTTP/1.1" 200 1020
186.9.26.183 - - [21/Mar/2018:11:34:24 -0300] "GET /cormun/servlet/trsolicitudgral? HTTP/1.1" 200 10659
186.9.26.183 - - [21/Mar/2018:11:34:25 -0300] "GET /cormun/servlet/trsolicitudgral? HTTP/1.1" 200 10655
186.9.26.183 - - [21/Mar/2018:11:34:33 -0300] "POST /cormun/servlet/trsolicitudgral?c3a562785fbf44370c7c66066532e316,,gx-no-cache=1521642824184 HTTP/1.1" 200 7656
186.79.227.120 - - [21/Mar/2018:11:34:37 -0300] "POST /cormun/servlet/trcontratounov2?c20d6bd701b40a924c8873a5306cb100,,gx-no-cache=1521642835577 HTTP/1.1" 200 8901
186.103.159.230 - - [21/Mar/2018:11:34:43 -0300] "GET /cormun/servlet/solicitudotadjuntos?INS,2018,10748,,2, HTTP/1.1" 200 6204
186.103.159.230 - - [21/Mar/2018:11:34:43 -0300] "GET /cormun/static/about:blank HTTP/1.1" 404 1011
186.103.159.230 - - [21/Mar/2018:11:34:43 -0300] "GET /cormun/servlet/solicitudotadjuntos?INS,2018,10748,,2, HTTP/1.1" 200 6198
186.79.227.120 - - [21/Mar/2018:11:34:44 -0300] "POST /cormun/servlet/trcontratounov2?c20d6bd701b40a924c8873a5306cb100,,gx-no-cache=1521642842829 HTTP/1.1" 200 15229
186.103.159.230 - - [21/Mar/2018:11:34:44 -0300] "GET /cormun/servlet/solicitudotadjuntos?8bd02cec29992618dd8e6c7981e77c94444f7bf441ca304332868d9c9be5faabf4d5a252a48d6109e856b77a12824fee,gx-no-cache=1521642831808 HTTP/1.1" 200 30
186.103.159.230 - - [21/Mar/2018:11:34:44 -0300] "POST /cormun/servlet/solicitudotadjuntos?8fd0c3b27c189311233f38bd94e359f0,INS,2018,10748,,2,,gx-no-cache=1521642831876 HTTP/1.1" 200 4157
186.79.227.120 - - [21/Mar/2018:11:34:55 -0300] "GET /cormun/servlet/trsolicitudot? HTTP/1.1" 200 7442
186.79.172.104 - - [21/Mar/2018:11:34:55 -0300] "POST /cormun/servlet/solicitudot?gx-no-cache=1521642845931 HTTP/1.1" 200 3284
186.79.172.104 - - [21/Mar/2018:11:34:56 -0300] "POST /cormun/servlet/solicitudot?4644728c1b8bb6f9a6122bbe7fae814a,INS,0,0,,gx-no-cache=1521642846554 HTTP/1.1" 200 10245
186.79.227.120 - - [21/Mar/2018:11:34:57 -0300] "GET /cormun/servlet/trsolicitudot? HTTP/1.1" 200 7442
200.72.197.82 - - [21/Mar/2018:11:35:00 -0300] "GET /cormun/static/Shared/ext/ext-all.js HTTP/1.1" 200 1289687
200.72.197.82 - - [21/Mar/2018:11:35:04 -0300] "GET /cormun/servlet/hhome HTTP/1.1" 200 4184
186.79.172.104 - - [21/Mar/2018:11:35:04 -0300] "GET /cormun/servlet/solicitudot?1be9d68d482a6c459b0b80f325f28b833a3da5893e6dd52036fe18c20e6fbf484974d8d8f8e98438f8cacb532bc4376a,gx-no-cache=1521642854893 HTTP/1.1" 200 30
190.151.100.218 - - [21/Mar/2018:11:35:04 -0300] "GET /cormun/static/SmoothNavMenu/resources/images/right.gif HTTP/1.1" 200 860
190.151.100.218 - - [21/Mar/2018:11:35:04 -0300] "GET /cormun/static/SmoothNavMenu/resources/images/down.gif HTTP/1.1" 200 854
190.151.100.218 - - [21/Mar/2018:11:35:13 -0300] "GET /cormun/servlet/trautorizarsolicitud? HTTP/1.1" 200 7303
200.72.197.82 - - [21/Mar/2018:11:35:14 -0300] "GET /cormun/static/calendar-system.css?85620 HTTP/1.1" 200 5572
190.151.100.218 - - [21/Mar/2018:11:35:14 -0300] "GET /cormun/static/gxui/gxui-all.css?120300 HTTP/1.1" 200 2179
186.67.203.186 - - [21/Mar/2018:11:35:14 -0300] "GET /cormun/static/gxcfg.js?2017111423403364 HTTP/1.1" 200 953
190.151.100.218 - - [21/Mar/2018:11:35:14 -0300] "GET /cormun/static/calendar-es.js?85251 HTTP/1.1" 200 1901
200.72.197.82 - - [21/Mar/2018:11:35:15 -0300] "GET /cormun/static/calendar-setup.js?85251 HTTP/1.1" 200 2588
200.120.230.197 - - [21/Mar/2018:11:35:16 -0300] "GET /cormun/servlet/solicitudot?INS,0,0, HTTP/1.1" 200 13664
186.9.26.183 - - [21/Mar/2018:11:35:17 -0300] "POST /cormun/servlet/trsolicitudgral?c3a562785fbf44370c7c66066532e316,,gx-no-cache=1521642868139 HTTP/1.1" 200 5935
200.72.197.82 - - [21/Mar/2018:11:35:17 -0300] "GET /cormun/static/calendar.js?85251 HTTP/1.1" 200 26246
200.120.230.197 - - [21/Mar/2018:11:35:18 -0300] "GET /cormun/servlet/solicitudot?INS,0,0, HTTP/1.1" 200 13669
186.103.159.230 - - [21/Mar/2018:11:35:19 -0300] "POST /cormun/servlet/solicitudotadjuntos?gx-no-cache=1521642866803 HTTP/1.1" 200 26
200.120.230.197 - - [21/Mar/2018:11:35:25 -0300] "POST /cormun/servlet/solicitudot?gx-no-cache=1521642884766 HTTP/1.1" 200 3402
200.120.230.197 - - [21/Mar/2018:11:35:26 -0300] "POST /cormun/servlet/solicitudot?c20d6bd701b40a924c8873a5306cb100,INS,0,0,,gx-no-cache=1521642885170 HTTP/1.1" 200 10568
186.103.161.206 - - [21/Mar/2018:11:35:28 -0300] "GET /cormun/static/Resources/Spanish/PXTools.css?1255365 HTTP/1.1" 200 89042
186.103.161.206 - - [21/Mar/2018:11:35:29 -0300] "GET /cormun/static/gxdec.js?85251 HTTP/1.1" 200 19579
186.103.161.206 - - [21/Mar/2018:11:35:31 -0300] "GET /cormun/static/trautorizarsolicitud.js?201711142340425 HTTP/1.1" 200 53910
186.103.161.206 - - [21/Mar/2018:11:35:31 -0300] "GET /cormun/static/Resources/PXTools/calendar.png HTTP/1.1" 200 1306
186.103.161.206 - - [21/Mar/2018:11:35:31 -0300] "GET /cormun/static/Resources/PXToolsDataSearch.png HTTP/1.1" 200 419
