186.103.159.230 - - [21/Mar/2018:08:45:42 -0300] "GET /cormun/servlet/solicitudot?08085f679a780d2cb3ae72517f20e93e2f68dbcd86da649ccbea79a750bd969c79dd9e0620bc63ae83398c7b200e0e2ff565c9065cadac75a3e8697171dba7b1a1354e7f84d626e51ce9462edb7a3fc45b70eedf7dfef641a98fd185eccb771f58207b16fc30c9d4fe27372c1e09c797f2e63f974094c119e20f505a1d17cdb7e15caf6fd134f596df5cafbdd3c0ba7bc499d77f8c7d5d0296db169b5e99cd2af92f79884b01e9eba96bc0ae0b1f101c4a922731a3953f4e65d252dc908c7eef9e2ed4407a4f2bfc637e69feaba0062fb43bc6737974af89b291d22ea1faa926cc11eac2973fe6e5323c1359a1c357ecb0baf531dfe5604a5a87f02b933f41fa99603ade9c01543eb76a41e88dd8becc761f48f51f86b2250616ca36641530b23f3a03ffe5082cbfc1b392f3ae0cb9a0edc5068ee88ccbc25fffd6d1b069e6ca0f5e9d6fbbaed4c9fd416affac8ee0e334c92582037f58834238ec2d106e9a16608926375d2f05485267110abef51aa8f9e0c6d0ff55683c309dac609853b1091ef2637b103f303b20c1d8ab2f5f8490,gx-no-cache=1521632690691 HTTP/1.1" 200 30
192.168.10.62 - - [21/Mar/2018:08:45:49 -0300] "POST /cormun/servlet/trsolicitudgral?49e836af1b1bda6bcfc412fdf4eae66d,gx-no-cache=1521632583851 HTTP/1.1" 200 7269
186.103.159.230 - - [21/Mar/2018:08:45:50 -0300] "POST /cormun/servlet/solicitudot?gx-no-cache=1521632699023 HTTP/1.1" 200 30
186.103.159.230 - - [21/Mar/2018:08:45:53 -0300] "POST /cormun/servlet/solicitudot?gx-no-cache=1521632701965 HTTP/1.1" 200 1336
186.103.159.230 - - [21/Mar/2018:08:45:53 -0300] "POST /cormun/servlet/solicitudot?gx-no-cache=1521632702080 HTTP/1.1" 200 38
192.168.10.62 - - [21/Mar/2018:08:45:56 -0300] "POST /cormun/servlet/trsolicitudgral?49e836af1b1bda6bcfc412fdf4eae66d,gx-no-cache=1521632590396 HTTP/1.1" 200 6118
192.168.10.96 - - [21/Mar/2018:08:45:58 -0300] "POST /cormun/servlet/trsolicitudgral?0c2be5221493147fbc44151bdb6aef22,,gx-no-cache=1521632591707 HTTP/1.1" 200 7781
186.103.159.230 - - [21/Mar/2018:08:46:03 -0300] "GET /cormun/servlet/solicitudot?08085f679a780d2cb3ae72517f20e93ebf8e74eb1805294b3d956faec5b36166073b7142aac6e132bce6e2b3ef0a01b4a6052664330387e2280faec138a11e717a51d4077b3823705f3b54bd13418d3b63a6df84f258a16db921fac700540b4ca48d0f94c7c8e612dfae0a6726636307,gx-no-cache=1521632711643 HTTP/1.1" 200 29
192.168.10.96 - - [21/Mar/2018:08:46:03 -0300] "POST /cormun/servlet/trsolicitudgral?0c2be5221493147fbc44151bdb6aef22,,gx-no-cache=1521632596525 HTTP/1.1" 200 10419
186.103.159.230 - - [21/Mar/2018:08:46:03 -0300] "POST /cormun/servlet/solicitudot?gx-no-cache=1521632711710 HTTP/1.1" 200 1317
186.103.159.230 - - [21/Mar/2018:08:46:03 -0300] "POST /cormun/servlet/solicitudot?gx-no-cache=1521632711818 HTTP/1.1" 200 1218
186.103.159.230 - - [21/Mar/2018:08:46:03 -0300] "GET /cormun/static/menuarrow.gif HTTP/1.1" 404 1015
192.168.10.96 - - [21/Mar/2018:08:46:09 -0300] "GET /cormun/servlet/vesolicitudgral?2018,10185,, HTTP/1.1" 200 9274
192.168.10.96 - - [21/Mar/2018:08:46:09 -0300] "GET /cormun/pexe_scrolldiv.js HTTP/1.1" 404 1009
192.168.10.96 - - [21/Mar/2018:08:46:09 -0300] "GET /cormun/pexe_scrolldiv.js HTTP/1.1" 404 1009
192.168.10.96 - - [21/Mar/2018:08:46:09 -0300] "GET /cormun/servlet/vesolicitudgral?2018,10185,, HTTP/1.1" 200 9274
192.168.10.96 - - [21/Mar/2018:08:46:10 -0300] "GET /cormun/servlet/vesolicitudgral?2018,10185,,SolicitudOTAdjuntos HTTP/1.1" 200 7959
192.168.10.96 - - [21/Mar/2018:08:46:10 -0300] "GET /cormun/pexe_scrolldiv.js HTTP/1.1" 404 1009
192.168.10.96 - - [21/Mar/2018:08:46:10 -0300] "GET /cormun/pexe_scrolldiv.js HTTP/1.1" 404 1009
192.168.10.96 - - [21/Mar/2018:08:46:11 -0300] "GET /cormun/servlet/vesolicitudgral?2018,10185,,SolicitudOTAdjuntos HTTP/1.1" 200 7960
186.103.159.230 - - [21/Mar/2018:08:46:11 -0300] "POST /cormun/servlet/solicitudot?gx-no-cache=1521632720217 HTTP/1.1" 200 1317
186.103.159.230 - - [21/Mar/2018:08:46:11 -0300] "POST /cormun/servlet/solicitudot?gx-no-cache=1521632720272 HTTP/1.1" 200 1218
192.168.10.96 - - [21/Mar/2018:08:46:12 -0300] "POST /cormun/servlet/acontrolpreferencessavestate?None,DZAMUDIO,true HTTP/1.1" 200 35
186.103.159.230 - - [21/Mar/2018:08:46:14 -0300] "GET /cormun/servlet/solicitudot?08085f679a780d2cb3ae72517f20e93e2424975454145201ff71db595b4fa847e77e86c622f060ee5d75ae9dbf5da91e,gx-no-cache=1521632722893 HTTP/1.1" 200 30
192.168.10.96 - - [21/Mar/2018:08:46:15 -0300] "POST /cormun/servlet/vesolicitudgral?0c2be5221493147fbc44151bdb6aef22,2018,10185,,SolicitudOTAdjuntos,gx-no-cache=1521632608527 HTTP/1.1" 200 90
192.168.10.96 - - [21/Mar/2018:08:46:15 -0300] "GET /cormun/servlet/hpexe_link HTTP/1.1" 200 977
192.168.10.96 - - [21/Mar/2018:08:46:15 -0300] "GET /cormun/servlet/trsolicitudgral? HTTP/1.1" 200 13665
192.168.10.96 - - [21/Mar/2018:08:46:15 -0300] "GET /cormun/servlet/trsolicitudgral? HTTP/1.1" 200 13664
192.168.10.96 - - [21/Mar/2018:08:46:23 -0300] "POST /cormun/servlet/trsolicitudgral?0c2be5221493147fbc44151bdb6aef22,,gx-no-cache=1521632616853 HTTP/1.1" 200 24063
186.103.159.230 - - [21/Mar/2018:08:46:27 -0300] "POST /cormun/servlet/solicitudot?gx-no-cache=1521632736045 HTTP/1.1" 200 30
186.103.159.230 - - [21/Mar/2018:08:46:41 -0300] "GET /cormun/servlet/solicitudot?08085f679a780d2cb3ae72517f20e93e2424975454145201ff71db595b4fa847e77e86c622f060ee5d75ae9dbf5da91e,gx-no-cache=1521632750422 HTTP/1.1" 200 30
186.103.159.230 - - [21/Mar/2018:08:46:41 -0300] "POST /cormun/servlet/solicitudot?gx-no-cache=1521632750490 HTTP/1.1" 200 30
192.168.10.50 - - [21/Mar/2018:08:46:56 -0300] "GET /cormun/servlet/vesolicitudgral?2018,10143,, HTTP/1.1" 200 9052
192.168.10.50 - - [21/Mar/2018:08:46:56 -0300] "GET /cormun/pexe_scrolldiv.js HTTP/1.1" 404 1009
192.168.10.50 - - [21/Mar/2018:08:46:56 -0300] "GET /cormun/pexe_scrolldiv.js HTTP/1.1" 404 1009
192.168.10.50 - - [21/Mar/2018:08:46:56 -0300] "GET /cormun/servlet/vesolicitudgral?2018,10143,, HTTP/1.1" 200 9049
192.168.10.50 - - [21/Mar/2018:08:46:59 -0300] "GET /cormun/servlet/vesolicitudgral?2018,10143,,SolicitudOTLog HTTP/1.1" 200 11930
192.168.10.50 - - [21/Mar/2018:08:46:59 -0300] "GET /cormun/pexe_scrolldiv.js HTTP/1.1" 404 1009
192.168.10.50 - - [21/Mar/2018:08:46:59 -0300] "GET /cormun/pexe_scrolldiv.js HTTP/1.1" 404 1009
192.168.10.50 - - [21/Mar/2018:08:46:59 -0300] "GET /cormun/static/tbsolicitudgral03.js?20177611585854 HTTP/1.1" 304 -
192.168.10.50 - - [21/Mar/2018:08:47:00 -0300] "GET /cormun/servlet/vesolicitudgral?2018,10143,,SolicitudOTLog HTTP/1.1" 200 11931
192.168.10.50 - - [21/Mar/2018:08:47:00 -0300] "POST /cormun/servlet/acontrolpreferencessavestate?None,MRAMOS,true HTTP/1.1" 200 35
192.168.10.96 - - [21/Mar/2018:08:47:16 -0300] "GET /cormun/servlet/vesolicitudgral?2018,8417,, HTTP/1.1" 200 9303
192.168.10.96 - - [21/Mar/2018:08:47:16 -0300] "GET /cormun/pexe_scrolldiv.js HTTP/1.1" 404 1009
192.168.10.96 - - [21/Mar/2018:08:47:16 -0300] "GET /cormun/pexe_scrolldiv.js HTTP/1.1" 404 1009
192.168.10.96 - - [21/Mar/2018:08:47:16 -0300] "GET /cormun/servlet/vesolicitudgral?2018,8417,, HTTP/1.1" 200 9303
192.168.10.96 - - [21/Mar/2018:08:47:17 -0300] "GET /cormun/servlet/vesolicitudgral?2018,8417,,SolicitudOTAdjuntos HTTP/1.1" 200 7964
192.168.10.96 - - [21/Mar/2018:08:47:17 -0300] "GET /cormun/pexe_scrolldiv.js HTTP/1.1" 404 1009
192.168.10.96 - - [21/Mar/2018:08:47:17 -0300] "GET /cormun/pexe_scrolldiv.js HTTP/1.1" 404 1009
192.168.10.62 - - [21/Mar/2018:08:47:17 -0300] "POST /cormun/servlet/trsolicitudgral?49e836af1b1bda6bcfc412fdf4eae66d,gx-no-cache=1521632672086 HTTP/1.1" 200 7717
192.168.10.96 - - [21/Mar/2018:08:47:18 -0300] "GET /cormun/servlet/vesolicitudgral?2018,8417,,SolicitudOTAdjuntos HTTP/1.1" 200 7964
192.168.10.96 - - [21/Mar/2018:08:47:19 -0300] "POST /cormun/servlet/acontrolpreferencessavestate?None,DZAMUDIO,true HTTP/1.1" 200 35
192.168.10.96 - - [21/Mar/2018:08:47:20 -0300] "POST /cormun/servlet/vesolicitudgral?0c2be5221493147fbc44151bdb6aef22,2018,8417,,SolicitudOTAdjuntos,gx-no-cache=1521632673996 HTTP/1.1" 200 90
192.168.10.96 - - [21/Mar/2018:08:47:20 -0300] "GET /cormun/servlet/hpexe_link HTTP/1.1" 200 976
192.168.10.62 - - [21/Mar/2018:08:47:20 -0300] "GET /cormun/servlet/vesolicitudgral?2018,10658,, HTTP/1.1" 200 9034
192.168.10.62 - - [21/Mar/2018:08:47:20 -0300] "GET /cormun/pexe_scrolldiv.js HTTP/1.1" 404 1009
192.168.10.62 - - [21/Mar/2018:08:47:20 -0300] "GET /cormun/pexe_scrolldiv.js HTTP/1.1" 404 1009
186.103.159.204 - - [21/Mar/2018:08:47:21 -0300] "GET /cormun/servlet/hlogin HTTP/1.1" 200 1724
192.168.10.96 - - [21/Mar/2018:08:47:21 -0300] "GET /cormun/servlet/trsolicitudgral? HTTP/1.1" 200 26937
192.168.10.62 - - [21/Mar/2018:08:47:21 -0300] "GET /cormun/servlet/vesolicitudgral?2018,10658,, HTTP/1.1" 200 9034
192.168.10.96 - - [21/Mar/2018:08:47:21 -0300] "GET /cormun/servlet/trsolicitudgral? HTTP/1.1" 200 26935
192.168.10.62 - - [21/Mar/2018:08:47:23 -0300] "POST /cormun/servlet/vesolicitudgral?49e836af1b1bda6bcfc412fdf4eae66d,2018,10658,,,gx-no-cache=1521632677726 HTTP/1.1" 200 107
192.168.10.62 - - [21/Mar/2018:08:47:23 -0300] "GET /cormun/servlet/solicitudgral?UPD,2018,10658, HTTP/1.1" 200 12885
192.168.10.62 - - [21/Mar/2018:08:47:24 -0300] "GET /cormun/servlet/solicitudgral?UPD,2018,10658, HTTP/1.1" 200 12885
192.168.10.62 - - [21/Mar/2018:08:47:24 -0300] "POST /cormun/servlet/solicitudgral?gx-no-cache=1521632678697 HTTP/1.1" 200 3969
192.168.10.62 - - [21/Mar/2018:08:47:24 -0300] "GET /cormun/static/Shared/jqueryui/images/ui-bg_highlight-soft_100_c6c2c8_1x100.png HTTP/1.1" 404 1117
192.168.10.62 - - [21/Mar/2018:08:47:24 -0300] "GET /cormun/static/Shared/jqueryui/images/ui-icons_82798d_256x240.png HTTP/1.1" 404 1089
192.168.10.62 - - [21/Mar/2018:08:47:24 -0300] "GET /cormun/servlet/solicitudgral?83104e14b747774755d1065c4db47fbdfe52797661faade1540df5c3742cad393376e1e7adc162d6f5d456ff9e8610416f5bfb47c5564935f85df5f48b04d05ff84e0430de8a30dfa1b6eae51612d89975d9d02593e89d98a6e940de5a7cf158c2565ac5a822b71bb1c0d6c66b3c1b4dc9cd15355aaaf0ca42ffa4a4950bf9f1cebeac26dc997daa0178c91527651b958f7d49bbf8755ee78885cbbbcd1b4a6f7af7b0ddf369ce9af0dd4643e40213aa3f43b0780bf0801a0b83e98ce37ea5fc6eb935bb7b31432a2e4cd1321efd793d69f25b6ee6576c2e2eedea5b484be4a2efc4af373e72cf03d3d39cb7e28930673674a9e4e03d1812cbbfcebe4d669a8d39de4a039a634b91bba72ed6dc29011d01f25751cd467f92b266fd5071a0b7397a75aae42177bce49194a0b4e91f4a85cda20ac4f414ac0edc4697d57b731a6098f0c46a9f485e649e1e54425afe4432,gx-no-cache=1521632678995 HTTP/1.1" 200 297
192.168.10.62 - - [21/Mar/2018:08:47:24 -0300] "GET /cormun/static/Shared/jqueryui/images/ui-bg_flat_55_994d53_40x100.png HTTP/1.1" 404 1097
192.168.10.62 - - [21/Mar/2018:08:47:24 -0300] "GET /cormun/static/Shared/jqueryui/images/ui-icons_ebccce_256x240.png HTTP/1.1" 404 1089
192.168.10.62 - - [21/Mar/2018:08:47:25 -0300] "GET /cormun/servlet/solicitudgral?83104e14b747774755d1065c4db47fbd37524fbd3b5ffddf4272dfffc45019eb099c760ae3cc937c2f0d09b3065f70b3e2bc49c673a4585dfacc8983c35cc6b4bba20d65311b1283ec44f4dd686ee17a121b52b00ffde2c42b8dff95ec5f0e2ce22b4ae1305af611829d8d00c4a3137cb916eadf5af13aaed6d6049cdcdbee214e4116c57d1057ccc16e52bb011939e75b3965780292d530689880cbc5ac7e664c114737e977c4243917a032033c2464f8c3c5cb3bcf0a63de028506c6063538c7262ac5ba9b23d028cd9dd3a08f1fb6134b0beea09d3fd44a0c2d7d8b6049801224a2c460136d3aac4a3e67a7d0a4dad57c5f204dad72f94a34734a5cd3fd7d744a84166ae6eb2a593bae789ef03c2278b911dd17b18a6a851bc129038cf3e3d657c276408201f867ebcb759a17fdd8f469c2a27f44107857a2f2e5b3e75b16c68fbd3173db2eed0a74e4689b4969eafdee0e6581ccbcf1520d025946e9f006430a5671ac09e49861827da7843f88a57792c05039a2a9383eff3945151530f3d14a3444959e1286a46c081080a21adf7c7d59f1f6b74842dca07062e159e2b0f9cf09990f33efdd10a9af024e9ba581,gx-no-cache=1521632680186 HTTP/1.1" 200 48
186.103.159.204 - - [21/Mar/2018:08:47:32 -0300] "POST /cormun/servlet/hlogin?8ac62f77fa6634941d968c0f71434d20,gx-no-cache=1521632796872 HTTP/1.1" 200 436
192.168.10.96 - - [21/Mar/2018:08:47:32 -0300] "POST /cormun/servlet/trsolicitudgral?0c2be5221493147fbc44151bdb6aef22,,gx-no-cache=1521632685812 HTTP/1.1" 200 9517
192.168.10.62 - - [21/Mar/2018:08:47:33 -0300] "POST /cormun/servlet/solicitudgral?49e836af1b1bda6bcfc412fdf4eae66d,UPD,2018,10658,,gx-no-cache=1521632687359 HTTP/1.1" 200 93
192.168.10.62 - - [21/Mar/2018:08:47:33 -0300] "GET /cormun/servlet/hpexe_return? HTTP/1.1" 200 1016
192.168.10.62 - - [21/Mar/2018:08:47:33 -0300] "GET /cormun/servlet/vesolicitudgral?2018,10658,, HTTP/1.1" 200 9038
192.168.10.62 - - [21/Mar/2018:08:47:33 -0300] "GET /cormun/pexe_scrolldiv.js HTTP/1.1" 404 1009
192.168.10.62 - - [21/Mar/2018:08:47:34 -0300] "GET /cormun/servlet/vesolicitudgral?2018,10658,, HTTP/1.1" 200 9034
192.168.10.62 - - [21/Mar/2018:08:47:36 -0300] "POST /cormun/servlet/vesolicitudgral?49e836af1b1bda6bcfc412fdf4eae66d,2018,10658,,,gx-no-cache=1521632690593 HTTP/1.1" 200 107
192.168.10.62 - - [21/Mar/2018:08:47:36 -0300] "GET /cormun/servlet/solicitudgral?UPD,2018,10658, HTTP/1.1" 200 12885
186.103.159.230 - - [21/Mar/2018:08:47:36 -0300] "POST /cormun/servlet/solicitudot?c64510df9a41a450bb0208cecebed179,INS,0,0,,gx-no-cache=1521632804743 HTTP/1.1" 200 93
186.103.159.230 - - [21/Mar/2018:08:47:36 -0300] "GET /cormun/servlet/hpexe_return? HTTP/1.1" 200 1008
192.168.10.62 - - [21/Mar/2018:08:47:36 -0300] "GET /cormun/servlet/solicitudgral?UPD,2018,10658, HTTP/1.1" 200 12885
186.103.159.230 - - [21/Mar/2018:08:47:37 -0300] "GET /cormun/servlet/trsolicitudot HTTP/1.1" 200 8719
192.168.10.62 - - [21/Mar/2018:08:47:37 -0300] "POST /cormun/servlet/solicitudgral?gx-no-cache=1521632691550 HTTP/1.1" 200 3969
192.168.10.62 - - [21/Mar/2018:08:47:37 -0300] "GET /cormun/static/Shared/jqueryui/images/ui-bg_highlight-soft_100_c6c2c8_1x100.png HTTP/1.1" 404 1117
192.168.10.62 - - [21/Mar/2018:08:47:37 -0300] "GET /cormun/static/Shared/jqueryui/images/ui-icons_82798d_256x240.png HTTP/1.1" 404 1089
192.168.10.62 - - [21/Mar/2018:08:47:37 -0300] "GET /cormun/static/Shared/jqueryui/images/ui-bg_flat_55_994d53_40x100.png HTTP/1.1" 404 1097
192.168.10.62 - - [21/Mar/2018:08:47:37 -0300] "GET /cormun/static/Shared/jqueryui/images/ui-icons_ebccce_256x240.png HTTP/1.1" 404 1089
192.168.10.62 - - [21/Mar/2018:08:47:37 -0300] "GET /cormun/servlet/solicitudgral?83104e14b747774755d1065c4db47fbdfe52797661faade1540df5c3742cad393376e1e7adc162d6f5d456ff9e8610416f5bfb47c5564935f85df5f48b04d05ff84e0430de8a30dfa1b6eae51612d89975d9d02593e89d98a6e940de5a7cf158c2565ac5a822b71bb1c0d6c66b3c1b4dc9cd15355aaaf0ca42ffa4a4950bf9f1cebeac26dc997daa0178c91527651b958f7d49bbf8755ee78885cbbbcd1b4a6f7af7b0ddf369ce9af0dd4643e40213aa3f43b0780bf0801a0b83e98ce37ea5fc6eb935bb7b31432a2e4cd1321efd793d69f25b6ee6576c2e2eedea5b484be4a2efc4af373e72cf03d3d39cb7e28930673674a9e4e03d1812cbbfcebe4d669a8d39de4a039a634b91bba72ed6dc29011d01f25751cd467f92b266fd5071a0b7397a75aae42177bce49194a0b4e91f4a85cda20ac4f414ac0edc4697d57b731a6098f0c46a9f485e649e1e54425afe4432,gx-no-cache=1521632691658 HTTP/1.1" 200 297
186.103.159.230 - - [21/Mar/2018:08:47:37 -0300] "GET /cormun/servlet/trsolicitudot HTTP/1.1" 200 8715
192.168.10.62 - - [21/Mar/2018:08:47:37 -0300] "GET /cormun/servlet/solicitudgral?83104e14b747774755d1065c4db47fbd37524fbd3b5ffddf4272dfffc45019eb099c760ae3cc937c2f0d09b3065f70b3e2bc49c673a4585dfacc8983c35cc6b4bba20d65311b1283ec44f4dd686ee17a121b52b00ffde2c42b8dff95ec5f0e2ce22b4ae1305af611829d8d00c4a3137cb916eadf5af13aaed6d6049cdcdbee214e4116c57d1057ccc16e52bb011939e75b3965780292d530689880cbc5ac7e664c114737e977c4243917a032033c2464f8c3c5cb3bcf0a63de028506c6063538c7262ac5ba9b23d028cd9dd3a08f1fb6134b0beea09d3fd44a0c2d7d8b6049801224a2c460136d3aac4a3e67a7d0a4dad57c5f204dad72f94a34734a5cd3fd7d744a84166ae6eb2a593bae789ef03c2278b911dd17b18a6a851bc129038cf3e3d657c276408201f867ebcb759a17fdd8f469c2a27f44107857a2f2e5b3e75b16c68fbd3173db2eed0a74e4689b4969eafdee0e6581ccbcf1520d025946e9f006430a5671ac09e49861827da7843f88a57792c05039a2a9383eff3945151530f3d14a3444959e1286a46c081080a21adf7c7d59f1f6b74842dca07062e159e2b0f9cf09990f33efdd10a9af024e9ba581,gx-no-cache=1521632692125 HTTP/1.1" 200 48
192.168.10.62 - - [21/Mar/2018:08:47:40 -0300] "POST /cormun/servlet/solicitudgral?49e836af1b1bda6bcfc412fdf4eae66d,UPD,2018,10658,,gx-no-cache=1521632694743 HTTP/1.1" 200 11814
192.168.10.62 - - [21/Mar/2018:08:47:41 -0300] "GET /cormun/servlet/solicitudgral?83104e14b747774755d1065c4db47fbde2f1ceaa69c84ac8c19659c278b20569ce33109e3ff076955bef2d05e280ed101d94f6cf37fe00023ce83b7ccdc50a01979f6fb719b99857a7494b3ec6535df89080863f3061f5faad92b3d1c3aa3d4eea8c52d6662c0e6ab66fdc0288f8e73c,gx-no-cache=1521632694935 HTTP/1.1" 200 29
192.168.10.62 - - [21/Mar/2018:08:47:41 -0300] "POST /cormun/servlet/solicitudgral?gx-no-cache=1521632695283 HTTP/1.1" 200 1295
192.168.10.62 - - [21/Mar/2018:08:47:41 -0300] "POST /cormun/servlet/solicitudgral?gx-no-cache=1521632695314 HTTP/1.1" 200 1218
192.168.10.62 - - [21/Mar/2018:08:47:41 -0300] "POST /cormun/servlet/solicitudgral?49e836af1b1bda6bcfc412fdf4eae66d,UPD,2018,10658,,gx-no-cache=1521632695398 HTTP/1.1" 200 12035
192.168.10.96 - - [21/Mar/2018:08:47:41 -0300] "GET /cormun/servlet/vesolicitudgral?2018,10112,, HTTP/1.1" 200 9269
192.168.10.96 - - [21/Mar/2018:08:47:41 -0300] "GET /cormun/pexe_scrolldiv.js HTTP/1.1" 404 1009
192.168.10.96 - - [21/Mar/2018:08:47:41 -0300] "GET /cormun/pexe_scrolldiv.js HTTP/1.1" 404 1009
192.168.10.96 - - [21/Mar/2018:08:47:41 -0300] "GET /cormun/servlet/vesolicitudgral?2018,10112,, HTTP/1.1" 200 9268
186.103.159.204 - - [21/Mar/2018:08:47:41 -0300] "POST /cormun/servlet/hlogin?8ac62f77fa6634941d968c0f71434d20,gx-no-cache=1521632806476 HTTP/1.1" 200 90
186.103.159.204 - - [21/Mar/2018:08:47:42 -0300] "GET /cormun/servlet/hpexe_link HTTP/1.1" 200 950
186.103.159.204 - - [21/Mar/2018:08:47:42 -0300] "GET /cormun/servlet/hhome HTTP/1.1" 200 3879
186.103.159.204 - - [21/Mar/2018:08:47:42 -0300] "GET /cormun/servlet/hhome HTTP/1.1" 200 3876
192.168.10.50 - - [21/Mar/2018:08:47:42 -0300] "GET /cormun/servlet/vesolicitudgral?2018,10143,,SolicitudOTAdjuntos HTTP/1.1" 200 7711
192.168.10.50 - - [21/Mar/2018:08:47:42 -0300] "GET /cormun/pexe_scrolldiv.js HTTP/1.1" 404 1009
192.168.10.50 - - [21/Mar/2018:08:47:43 -0300] "GET /cormun/pexe_scrolldiv.js HTTP/1.1" 404 1009
192.168.10.50 - - [21/Mar/2018:08:47:43 -0300] "GET /cormun/servlet/vesolicitudgral?2018,10143,,SolicitudOTAdjuntos HTTP/1.1" 200 7712
192.168.10.96 - - [21/Mar/2018:08:47:44 -0300] "GET /cormun/servlet/vesolicitudgral?2018,10112,,SolicitudOTAdjuntos HTTP/1.1" 200 11303
192.168.10.96 - - [21/Mar/2018:08:47:44 -0300] "GET /cormun/pexe_scrolldiv.js HTTP/1.1" 404 1009
192.168.10.96 - - [21/Mar/2018:08:47:44 -0300] "GET /cormun/pexe_scrolldiv.js HTTP/1.1" 404 1009
192.168.10.50 - - [21/Mar/2018:08:47:44 -0300] "POST /cormun/servlet/acontrolpreferencessavestate?None,MRAMOS,true HTTP/1.1" 200 35
192.168.10.62 - - [21/Mar/2018:08:47:44 -0300] "POST /cormun/servlet/solicitudgral?49e836af1b1bda6bcfc412fdf4eae66d,UPD,2018,10658,,gx-no-cache=1521632698775 HTTP/1.1" 200 93
192.168.10.62 - - [21/Mar/2018:08:47:44 -0300] "GET /cormun/servlet/hpexe_return? HTTP/1.1" 200 1016
192.168.10.96 - - [21/Mar/2018:08:47:44 -0300] "GET /cormun/servlet/vesolicitudgral?2018,10112,,SolicitudOTAdjuntos HTTP/1.1" 200 11307
192.168.10.62 - - [21/Mar/2018:08:47:44 -0300] "GET /cormun/servlet/vesolicitudgral?2018,10658,, HTTP/1.1" 200 9038
192.168.10.62 - - [21/Mar/2018:08:47:44 -0300] "GET /cormun/pexe_scrolldiv.js HTTP/1.1" 404 1009
192.168.10.62 - - [21/Mar/2018:08:47:44 -0300] "GET /cormun/pexe_scrolldiv.js HTTP/1.1" 404 1009
192.168.10.62 - - [21/Mar/2018:08:47:45 -0300] "GET /cormun/servlet/vesolicitudgral?2018,10658,, HTTP/1.1" 200 9034
192.168.10.96 - - [21/Mar/2018:08:47:45 -0300] "POST /cormun/servlet/acontrolpreferencessavestate?None,DZAMUDIO,true HTTP/1.1" 200 35
192.168.10.50 - - [21/Mar/2018:08:47:45 -0300] "GET /cormun/servlet/vesolicitudgral?2018,10143,,SolicitudOTLog HTTP/1.1" 200 11936
192.168.10.50 - - [21/Mar/2018:08:47:45 -0300] "GET /cormun/pexe_scrolldiv.js HTTP/1.1" 404 1009
192.168.10.50 - - [21/Mar/2018:08:47:45 -0300] "GET /cormun/pexe_scrolldiv.js HTTP/1.1" 404 1009
186.103.159.204 - - [21/Mar/2018:08:47:46 -0300] "GET /cormun/servlet/trsolicitudot? HTTP/1.1" 200 8472
192.168.10.50 - - [21/Mar/2018:08:47:46 -0300] "GET /cormun/servlet/vesolicitudgral?2018,10143,,SolicitudOTLog HTTP/1.1" 200 11931
192.168.10.96 - - [21/Mar/2018:08:47:46 -0300] "GET /cormun/PublicTempStorage/carnet5402214.pdf HTTP/1.1" 200 44630
186.103.159.204 - - [21/Mar/2018:08:47:46 -0300] "GET /cormun/servlet/trsolicitudot? HTTP/1.1" 200 8470
192.168.10.50 - - [21/Mar/2018:08:47:46 -0300] "POST /cormun/servlet/acontrolpreferencessavestate?None,MRAMOS,true HTTP/1.1" 200 35
192.168.10.62 - - [21/Mar/2018:08:47:48 -0300] "POST /cormun/servlet/vesolicitudgral?49e836af1b1bda6bcfc412fdf4eae66d,2018,10658,,,gx-no-cache=1521632703001 HTTP/1.1" 200 107
192.168.10.62 - - [21/Mar/2018:08:47:48 -0300] "GET /cormun/servlet/solicitudgral?UPD,2018,10658, HTTP/1.1" 200 12885
192.168.10.62 - - [21/Mar/2018:08:47:49 -0300] "GET /cormun/servlet/solicitudgral?UPD,2018,10658, HTTP/1.1" 200 12885
192.168.10.62 - - [21/Mar/2018:08:47:49 -0300] "POST /cormun/servlet/solicitudgral?gx-no-cache=1521632703930 HTTP/1.1" 200 3969
192.168.10.62 - - [21/Mar/2018:08:47:49 -0300] "GET /cormun/static/Shared/jqueryui/images/ui-bg_highlight-soft_100_c6c2c8_1x100.png HTTP/1.1" 404 1117
192.168.10.62 - - [21/Mar/2018:08:47:49 -0300] "GET /cormun/static/Shared/jqueryui/images/ui-icons_82798d_256x240.png HTTP/1.1" 404 1089
192.168.10.62 - - [21/Mar/2018:08:47:49 -0300] "GET /cormun/static/Shared/jqueryui/images/ui-bg_flat_55_994d53_40x100.png HTTP/1.1" 404 1097
192.168.10.62 - - [21/Mar/2018:08:47:49 -0300] "GET /cormun/static/Shared/jqueryui/images/ui-icons_ebccce_256x240.png HTTP/1.1" 404 1089
192.168.10.62 - - [21/Mar/2018:08:47:49 -0300] "GET /cormun/servlet/solicitudgral?83104e14b747774755d1065c4db47fbdfe52797661faade1540df5c3742cad393376e1e7adc162d6f5d456ff9e8610416f5bfb47c5564935f85df5f48b04d05ff84e0430de8a30dfa1b6eae51612d89975d9d02593e89d98a6e940de5a7cf158c2565ac5a822b71bb1c0d6c66b3c1b4dc9cd15355aaaf0ca42ffa4a4950bf9f1cebeac26dc997daa0178c91527651b958f7d49bbf8755ee78885cbbbcd1b4a6f7af7b0ddf369ce9af0dd4643e40213aa3f43b0780bf0801a0b83e98ce37ea5fc6eb935bb7b31432a2e4cd1321efd793d69f25b6ee6576c2e2eedea5b484be4a2efc4af373e72cf03d3d39cb7e28930673674a9e4e03d1812cbbfcebe4d669a8d39de4a039a634b91bba72ed6dc29011d01f25751cd467f92b266fd5071a0b7397a75aae42177bce49194a0b4e91f4a85cda20ac4f414ac0edc4697d57b731a6098f0c46a9f485e649e1e54425afe4432,gx-no-cache=1521632704053 HTTP/1.1" 200 297
192.168.10.62 - - [21/Mar/2018:08:47:50 -0300] "GET /cormun/servlet/solicitudgral?83104e14b747774755d1065c4db47fbd37524fbd3b5ffddf4272dfffc45019eb099c760ae3cc937c2f0d09b3065f70b3e2bc49c673a4585dfacc8983c35cc6b4bba20d65311b1283ec44f4dd686ee17a121b52b00ffde2c42b8dff95ec5f0e2ce22b4ae1305af611829d8d00c4a3137cb916eadf5af13aaed6d6049cdcdbee214e4116c57d1057ccc16e52bb011939e75b3965780292d530689880cbc5ac7e664c114737e977c4243917a032033c2464f8c3c5cb3bcf0a63de028506c6063538c7262ac5ba9b23d028cd9dd3a08f1fb6134b0beea09d3fd44a0c2d7d8b6049801224a2c460136d3aac4a3e67a7d0a4dad57c5f204dad72f94a34734a5cd3fd7d744a84166ae6eb2a593bae789ef03c2278b911dd17b18a6a851bc129038cf3e3d657c276408201f867ebcb759a17fdd8f469c2a27f44107857a2f2e5b3e75b16c68fbd3173db2eed0a74e4689b4969eafdee0e6581ccbcf1520d025946e9f006430a5671ac09e49861827da7843f88a57792c05039a2a9383eff3945151530f3d14a3444959e1286a46c081080a21adf7c7d59f1f6b74842dca07062e159e2b0f9cf09990f33efdd10a9af024e9ba581,gx-no-cache=1521632704560 HTTP/1.1" 200 48
192.168.10.96 - - [21/Mar/2018:08:47:51 -0300] "GET /cormun/servlet/vesolicitudgral?2018,10112,,SolicitudOTAdjuntos HTTP/1.1" 200 11305
192.168.10.96 - - [21/Mar/2018:08:47:52 -0300] "GET /cormun/servlet/vesolicitudgral?2018,10112,,SolicitudOTAdjuntos HTTP/1.1" 200 11305
192.168.10.96 - - [21/Mar/2018:08:47:53 -0300] "POST /cormun/servlet/acontrolpreferencessavestate?None,DZAMUDIO,true HTTP/1.1" 200 35
192.168.10.62 - - [21/Mar/2018:08:47:54 -0300] "POST /cormun/servlet/solicitudgral?49e836af1b1bda6bcfc412fdf4eae66d,UPD,2018,10658,,gx-no-cache=1521632708423 HTTP/1.1" 200 11814
192.168.10.62 - - [21/Mar/2018:08:47:54 -0300] "GET /cormun/servlet/solicitudgral?83104e14b747774755d1065c4db47fbde2f1ceaa69c84ac8c19659c278b20569ce33109e3ff076955bef2d05e280ed101d94f6cf37fe00023ce83b7ccdc50a01979f6fb719b99857a7494b3ec6535df89080863f3061f5faad92b3d1c3aa3d4eea8c52d6662c0e6ab66fdc0288f8e73c,gx-no-cache=1521632708592 HTTP/1.1" 200 29
192.168.10.62 - - [21/Mar/2018:08:47:54 -0300] "POST /cormun/servlet/solicitudgral?gx-no-cache=1521632708607 HTTP/1.1" 200 1295
192.168.10.62 - - [21/Mar/2018:08:47:54 -0300] "POST /cormun/servlet/solicitudgral?gx-no-cache=1521632708633 HTTP/1.1" 200 1218
192.168.10.62 - - [21/Mar/2018:08:47:54 -0300] "POST /cormun/servlet/solicitudgral?49e836af1b1bda6bcfc412fdf4eae66d,UPD,2018,10658,,gx-no-cache=1521632708665 HTTP/1.1" 200 12035
192.168.10.62 - - [21/Mar/2018:08:47:57 -0300] "POST /cormun/servlet/solicitudgral?49e836af1b1bda6bcfc412fdf4eae66d,UPD,2018,10658,,gx-no-cache=1521632711384 HTTP/1.1" 200 12035
192.168.10.62 - - [21/Mar/2018:08:48:00 -0300] "POST /cormun/servlet/solicitudgral?49e836af1b1bda6bcfc412fdf4eae66d,UPD,2018,10658,,gx-no-cache=1521632714534 HTTP/1.1" 200 93
192.168.10.62 - - [21/Mar/2018:08:48:00 -0300] "GET /cormun/servlet/hpexe_return? HTTP/1.1" 200 1016
192.168.10.62 - - [21/Mar/2018:08:48:00 -0300] "GET /cormun/servlet/vesolicitudgral?2018,10658,, HTTP/1.1" 200 9038
192.168.10.62 - - [21/Mar/2018:08:48:00 -0300] "GET /cormun/pexe_scrolldiv.js HTTP/1.1" 404 1009
192.168.10.62 - - [21/Mar/2018:08:48:00 -0300] "GET /cormun/pexe_scrolldiv.js HTTP/1.1" 404 1009
192.168.10.62 - - [21/Mar/2018:08:48:00 -0300] "GET /cormun/servlet/vesolicitudgral?2018,10658,, HTTP/1.1" 200 9034
192.168.10.50 - - [21/Mar/2018:08:48:22 -0300] "GET /cormun/servlet/vesolicitudgral?2018,10143,,General HTTP/1.1" 200 9053
192.168.10.50 - - [21/Mar/2018:08:48:22 -0300] "GET /cormun/pexe_scrolldiv.js HTTP/1.1" 404 1009
192.168.10.50 - - [21/Mar/2018:08:48:22 -0300] "GET /cormun/pexe_scrolldiv.js HTTP/1.1" 404 1009
192.168.10.50 - - [21/Mar/2018:08:48:23 -0300] "GET /cormun/servlet/vesolicitudgral?2018,10143,,General HTTP/1.1" 200 9052
192.168.10.50 - - [21/Mar/2018:08:48:25 -0300] "POST /cormun/servlet/vesolicitudgral?bc7612828c296bced7c64129bba4911c,2018,10143,,General,gx-no-cache=1521632738457 HTTP/1.1" 200 93
192.168.10.50 - - [21/Mar/2018:08:48:25 -0300] "GET /cormun/servlet/hpexe_return? HTTP/1.1" 200 1018
192.168.10.50 - - [21/Mar/2018:08:48:25 -0300] "GET /cormun/servlet/trsolicitudgral? HTTP/1.1" 200 13075
192.168.10.50 - - [21/Mar/2018:08:48:25 -0300] "GET /cormun/servlet/trsolicitudgral? HTTP/1.1" 200 13071
186.103.159.230 - - [21/Mar/2018:08:48:42 -0300] "POST /cormun/servlet/trsolicitudot?c64510df9a41a450bb0208cecebed179,gx-no-cache=1521632869591 HTTP/1.1" 200 4671
186.103.159.230 - - [21/Mar/2018:08:48:42 -0300] "GET /cormun/static/Shared/jqueryui/images/ui-icons_82798d_256x240.png HTTP/1.1" 404 1089
186.103.159.230 - - [21/Mar/2018:08:48:42 -0300] "GET /cormun/static/Shared/jqueryui/images/ui-bg_flat_55_fafafa_40x100.png HTTP/1.1" 404 1097
186.103.159.230 - - [21/Mar/2018:08:48:42 -0300] "GET /cormun/static/Shared/jqueryui/images/ui-icons_8d78a5_256x240.png HTTP/1.1" 404 1089
186.103.159.230 - - [21/Mar/2018:08:48:43 -0300] "POST /cormun/servlet/trsolicitudot?c64510df9a41a450bb0208cecebed179,gx-no-cache=1521632870830 HTTP/1.1" 200 4452
186.103.159.230 - - [21/Mar/2018:08:48:43 -0300] "GET /cormun/static/Shared/jqueryui/images/ui-bg_highlight-soft_100_c6c2c8_1x100.png HTTP/1.1" 404 1117
186.103.159.230 - - [21/Mar/2018:08:48:46 -0300] "GET /cormun/servlet/trautorizarsolicitud? HTTP/1.1" 200 8609
186.103.159.230 - - [21/Mar/2018:08:48:46 -0300] "GET /cormun/servlet/trautorizarsolicitud? HTTP/1.1" 200 8608
186.103.159.230 - - [21/Mar/2018:08:49:08 -0300] "POST /cormun/servlet/trautorizarsolicitud?c64510df9a41a450bb0208cecebed179,,gx-no-cache=1521632897115 HTTP/1.1" 200 4604
186.103.159.230 - - [21/Mar/2018:08:49:08 -0300] "GET /cormun/static/Shared/jqueryui/images/ui-bg_highlight-soft_100_c6c2c8_1x100.png HTTP/1.1" 404 1117
186.103.159.230 - - [21/Mar/2018:08:49:08 -0300] "GET /cormun/static/Shared/jqueryui/images/ui-bg_flat_55_fafafa_40x100.png HTTP/1.1" 404 1097
186.103.159.230 - - [21/Mar/2018:08:49:08 -0300] "GET /cormun/static/Shared/jqueryui/images/ui-icons_82798d_256x240.png HTTP/1.1" 404 1089
186.103.159.230 - - [21/Mar/2018:08:49:08 -0300] "GET /cormun/static/Shared/jqueryui/images/ui-icons_8d78a5_256x240.png HTTP/1.1" 404 1089
186.103.159.230 - - [21/Mar/2018:08:49:09 -0300] "POST /cormun/servlet/trautorizarsolicitud?c64510df9a41a450bb0208cecebed179,,gx-no-cache=1521632897492 HTTP/1.1" 200 4385
192.168.10.50 - - [21/Mar/2018:08:49:13 -0300] "POST /cormun/servlet/trsolicitudgral?bc7612828c296bced7c64129bba4911c,,gx-no-cache=1521632786509 HTTP/1.1" 200 116
192.168.10.50 - - [21/Mar/2018:08:49:13 -0300] "GET /cormun/servlet/solicitudotlog?INS,2018,10143,0,REC, HTTP/1.1" 200 6270
192.168.10.50 - - [21/Mar/2018:08:49:13 -0300] "GET /cormun/servlet/solicitudotlog?INS,2018,10143,0,REC, HTTP/1.1" 200 6271
192.168.10.50 - - [21/Mar/2018:08:49:14 -0300] "GET /cormun/servlet/solicitudotlog?e8b4a843a3d3bacdcf6138fd7f2dfce0924f2e9b1a5de66f8cd89ac0b95d61e2add272dec60fbdcc9ab395cc366955f68ef380fed266f763816335c51457bd8c082578993af6c61dddb78bfe87737b11b0966e90d5d846ccdd73ccd014613bb7c5ab182695386cc6be8d5a343fdcd09b0a5012162723b68bbc5da468752c41820b5580e3966eb0561e0500162102d36897e679a15dfdc5a5506def6d7bb1d161,gx-no-cache=1521632787520 HTTP/1.1" 200 94
186.103.159.230 - - [21/Mar/2018:08:49:25 -0300] "GET /cormun/servlet/trsolicitudot? HTTP/1.1" 200 7378
186.103.159.230 - - [21/Mar/2018:08:49:25 -0300] "GET /cormun/servlet/trsolicitudot? HTTP/1.1" 200 7378
186.103.159.230 - - [21/Mar/2018:08:49:26 -0300] "GET /cormun/servlet/trsolicitudot? HTTP/1.1" 200 7378
186.103.159.230 - - [21/Mar/2018:08:49:29 -0300] "GET /cormun/servlet/solicitudot?INS,0,0, HTTP/1.1" 200 13608
186.103.159.230 - - [21/Mar/2018:08:49:29 -0300] "GET /cormun/servlet/solicitudot?INS,0,0, HTTP/1.1" 200 13613
192.168.10.50 - - [21/Mar/2018:08:49:32 -0300] "POST /cormun/servlet/solicitudotlog?bc7612828c296bced7c64129bba4911c,INS,2018,10143,0,REC,,gx-no-cache=1521632805791 HTTP/1.1" 200 93
192.168.10.50 - - [21/Mar/2018:08:49:32 -0300] "GET /cormun/servlet/hpexe_return? HTTP/1.1" 200 1024
192.168.10.50 - - [21/Mar/2018:08:49:32 -0300] "GET /cormun/servlet/trsolicitudgral HTTP/1.1" 200 13083
192.168.10.50 - - [21/Mar/2018:08:49:33 -0300] "GET /cormun/servlet/trsolicitudgral HTTP/1.1" 200 13079
186.103.159.230 - - [21/Mar/2018:08:49:52 -0300] "POST /cormun/servlet/solicitudot?gx-no-cache=1521632940380 HTTP/1.1" 200 3415
186.103.159.230 - - [21/Mar/2018:08:49:53 -0300] "POST /cormun/servlet/solicitudot?c64510df9a41a450bb0208cecebed179,INS,0,0,,gx-no-cache=1521632941192 HTTP/1.1" 200 10606
186.103.159.230 - - [21/Mar/2018:08:49:56 -0300] "GET /cormun/servlet/solicitudot?08085f679a780d2cb3ae72517f20e93e777f866e165d040a5d6f1d4454d57e29d912cbba72ee0c727318636b0e27065e,gx-no-cache=1521632945184 HTTP/1.1" 200 30
186.103.159.230 - - [21/Mar/2018:08:49:56 -0300] "GET /cormun/servlet/solicitudot?08085f679a780d2cb3ae72517f20e93ecf4aa53c0f4e25018377583eff3f2da2262322913bc8eb81889f47f6d53056d78a6de6477eb7957fb6ca19ec32f5b8a1,gx-no-cache=1521632945268 HTTP/1.1" 200 30
186.103.159.230 - - [21/Mar/2018:08:49:57 -0300] "GET /cormun/servlet/solicitudot?08085f679a780d2cb3ae72517f20e93e98300e884602453a6e2d3190d8540ab5,gx-no-cache=1521632945340 HTTP/1.1" 200 60
186.103.159.230 - - [21/Mar/2018:08:49:57 -0300] "POST /cormun/servlet/solicitudot?gx-no-cache=1521632945721 HTTP/1.1" 200 297
186.103.159.230 - - [21/Mar/2018:08:49:57 -0300] "GET /cormun/servlet/solicitudot?08085f679a780d2cb3ae72517f20e93e2f68dbcd86da649ccbea79a750bd969c79dd9e0620bc63ae83398c7b200e0e2ff565c9065cadac75a3e8697171dba7b1a1354e7f84d626e51ce9462edb7a3fc45b70eedf7dfef641a98fd185eccb771f58207b16fc30c9d4fe27372c1e09c797f2e63f974094c119e20f505a1d17cdb7e15caf6fd134f596df5cafbdd3c0ba7bc499d77f8c7d5d0296db169b5e99cd2af92f79884b01e9eba96bc0ae0b1f101c4a922731a3953f4e65d252dc908c7eef9e2ed4407a4f2bfc637e69feaba0062fb43bc6737974af89b291d22ea1faa926cc11eac2973fe6e5323c1359a1c357ecb0baf531dfe5604a5a87f02b933f41fa99603ade9c01543eb76a41e88dd8becc761f48f51f86b2250616ca36641530b23f3a03ffe5082cbfc1b392f3ae0cb9a0edc5068ee88ccbc25fffd6d1b069e6ca0f5e9d6fbbaed4c9fd416affac8ee0e334c92582037f58834238ec2d106e9a16608926375d2f05485267110abef51aa8f9e0c6d0ff55683c309dac609853b1091ef2637b103f303b20c1d8ab2f5f8490,gx-no-cache=1521632945865 HTTP/1.1" 200 30
186.103.159.230 - - [21/Mar/2018:08:50:00 -0300] "POST /cormun/servlet/solicitudot?gx-no-cache=1521632949229 HTTP/1.1" 200 30
186.103.159.230 - - [21/Mar/2018:08:50:04 -0300] "POST /cormun/servlet/solicitudot?gx-no-cache=1521632952636 HTTP/1.1" 200 1336
186.103.159.230 - - [21/Mar/2018:08:50:04 -0300] "POST /cormun/servlet/solicitudot?gx-no-cache=1521632952749 HTTP/1.1" 200 38
192.168.10.50 - - [21/Mar/2018:08:50:05 -0300] "POST /cormun/servlet/trsolicitudgral?bc7612828c296bced7c64129bba4911c,gx-no-cache=1521632838999 HTTP/1.1" 200 9756
192.168.10.50 - - [21/Mar/2018:08:50:05 -0300] "GET /cormun/static/Shared/jqueryui/images/ui-bg_highlight-soft_100_c6c2c8_1x100.png HTTP/1.1" 404 1117
192.168.10.50 - - [21/Mar/2018:08:50:05 -0300] "GET /cormun/static/Shared/jqueryui/images/ui-icons_82798d_256x240.png HTTP/1.1" 404 1089
192.168.10.50 - - [21/Mar/2018:08:50:05 -0300] "GET /cormun/static/Shared/jqueryui/images/ui-bg_flat_55_fafafa_40x100.png HTTP/1.1" 404 1097
192.168.10.50 - - [21/Mar/2018:08:50:05 -0300] "GET /cormun/static/Shared/jqueryui/images/ui-icons_8d78a5_256x240.png HTTP/1.1" 404 1089
186.103.159.230 - - [21/Mar/2018:08:50:24 -0300] "GET /cormun/servlet/solicitudot?08085f679a780d2cb3ae72517f20e93ebf8e74eb1805294b3d956faec5b36166073b7142aac6e132bce6e2b3ef0a01b4a6052664330387e2280faec138a11e717a51d4077b3823705f3b54bd13418d3b63a6df84f258a16db921fac700540b4ca48d0f94c7c8e612dfae0a6726636307,gx-no-cache=1521632972809 HTTP/1.1" 200 29
186.103.159.230 - - [21/Mar/2018:08:50:25 -0300] "POST /cormun/servlet/solicitudot?gx-no-cache=1521632972947 HTTP/1.1" 200 1318
186.103.159.230 - - [21/Mar/2018:08:50:25 -0300] "POST /cormun/servlet/solicitudot?gx-no-cache=1521632973779 HTTP/1.1" 200 1218
186.103.159.230 - - [21/Mar/2018:08:50:25 -0300] "GET /cormun/servlet/solicitudot?08085f679a780d2cb3ae72517f20e93eb9b1ee4df9293f54e2d873459da4a0db,gx-no-cache=1521632973912 HTTP/1.1" 200 30
186.103.159.230 - - [21/Mar/2018:08:50:25 -0300] "POST /cormun/servlet/solicitudot?gx-no-cache=1521632973968 HTTP/1.1" 200 30
186.103.159.230 - - [21/Mar/2018:08:50:57 -0300] "GET /cormun/static/menuarrow.gif HTTP/1.1" 404 1015
186.103.159.230 - - [21/Mar/2018:08:51:03 -0300] "GET /cormun/servlet/solicitudot?08085f679a780d2cb3ae72517f20e93e2424975454145201ff71db595b4fa847e77e86c622f060ee5d75ae9dbf5da91e,gx-no-cache=1521633012347 HTTP/1.1" 200 30
186.103.159.230 - - [21/Mar/2018:08:51:15 -0300] "POST /cormun/servlet/solicitudot?gx-no-cache=1521633023741 HTTP/1.1" 200 30
200.112.48.142 - - [21/Mar/2018:08:51:24 -0300] "GET /cormun/servlet/trsolicitudot? HTTP/1.1" 200 6392
200.112.48.142 - - [21/Mar/2018:08:51:25 -0300] "GET /cormun/servlet/trsolicitudot? HTTP/1.1" 200 6392
200.112.48.142 - - [21/Mar/2018:08:51:25 -0300] "GET /cormun/servlet/hlogin HTTP/1.1" 200 1736
200.112.48.142 - - [21/Mar/2018:08:51:33 -0300] "POST /cormun/servlet/hlogin?a8e9647036a608d599ece7d4aebaa76a,gx-no-cache=1521633042864 HTTP/1.1" 200 90
200.112.48.142 - - [21/Mar/2018:08:51:33 -0300] "GET /cormun/servlet/hpexe_link HTTP/1.1" 200 956
200.112.48.142 - - [21/Mar/2018:08:51:33 -0300] "GET /cormun/servlet/trsolicitudot HTTP/1.1" 200 7036
200.112.48.142 - - [21/Mar/2018:08:51:34 -0300] "GET /cormun/servlet/trsolicitudot HTTP/1.1" 200 7033
200.112.48.142 - - [21/Mar/2018:08:51:37 -0300] "GET /cormun/servlet/solicitudot?INS,0,0, HTTP/1.1" 200 13452
200.112.48.142 - - [21/Mar/2018:08:51:37 -0300] "GET /cormun/servlet/solicitudot?INS,0,0, HTTP/1.1" 200 13456
200.112.48.142 - - [21/Mar/2018:08:51:47 -0300] "POST /cormun/servlet/solicitudot?gx-no-cache=1521633056381 HTTP/1.1" 200 3509
200.112.48.142 - - [21/Mar/2018:08:51:47 -0300] "GET /cormun/static/Shared/jqueryui/images/ui-bg_highlight-soft_100_c6c2c8_1x100.png HTTP/1.1" 404 1117
200.112.48.142 - - [21/Mar/2018:08:51:47 -0300] "GET /cormun/static/Shared/jqueryui/images/ui-icons_82798d_256x240.png HTTP/1.1" 404 1089
200.112.48.142 - - [21/Mar/2018:08:51:47 -0300] "GET /cormun/static/Shared/jqueryui/images/ui-bg_flat_55_994d53_40x100.png HTTP/1.1" 404 1097
200.112.48.142 - - [21/Mar/2018:08:51:47 -0300] "GET /cormun/static/Shared/jqueryui/images/ui-icons_ebccce_256x240.png HTTP/1.1" 404 1089
200.112.48.142 - - [21/Mar/2018:08:51:50 -0300] "GET /cormun/servlet/solicitudot?35ea458355196ef81c96ec3c12074c499b59a448f9b78770909874dfabbd2377b853256ac33da98f125b2902bf955751,gx-no-cache=1521633059946 HTTP/1.1" 200 30
186.103.159.230 - - [21/Mar/2018:08:52:01 -0300] "POST /cormun/servlet/solicitudot?c64510df9a41a450bb0208cecebed179,INS,0,0,,gx-no-cache=1521633069752 HTTP/1.1" 200 93
186.103.159.230 - - [21/Mar/2018:08:52:01 -0300] "GET /cormun/servlet/hpexe_return? HTTP/1.1" 200 1008
186.103.159.230 - - [21/Mar/2018:08:52:01 -0300] "GET /cormun/servlet/trsolicitudot HTTP/1.1" 200 8721
186.103.159.230 - - [21/Mar/2018:08:52:02 -0300] "GET /cormun/servlet/trsolicitudot HTTP/1.1" 200 8718
186.103.159.230 - - [21/Mar/2018:08:52:33 -0300] "POST /cormun/servlet/trsolicitudot?c64510df9a41a450bb0208cecebed179,gx-no-cache=1521633101214 HTTP/1.1" 200 4670
186.103.159.230 - - [21/Mar/2018:08:52:33 -0300] "GET /cormun/static/Shared/jqueryui/images/ui-bg_highlight-soft_100_c6c2c8_1x100.png HTTP/1.1" 404 1117
186.103.159.230 - - [21/Mar/2018:08:52:33 -0300] "GET /cormun/static/Shared/jqueryui/images/ui-icons_82798d_256x240.png HTTP/1.1" 404 1089
186.103.159.230 - - [21/Mar/2018:08:52:33 -0300] "GET /cormun/static/Shared/jqueryui/images/ui-bg_flat_55_fafafa_40x100.png HTTP/1.1" 404 1097
186.103.159.230 - - [21/Mar/2018:08:52:33 -0300] "GET /cormun/static/Shared/jqueryui/images/ui-icons_8d78a5_256x240.png HTTP/1.1" 404 1089
186.103.159.230 - - [21/Mar/2018:08:52:34 -0300] "POST /cormun/servlet/trsolicitudot?c64510df9a41a450bb0208cecebed179,gx-no-cache=1521633101774 HTTP/1.1" 200 4453
186.103.159.230 - - [21/Mar/2018:08:52:43 -0300] "GET /cormun/servlet/trautorizarsolicitud? HTTP/1.1" 200 8615
186.103.159.230 - - [21/Mar/2018:08:52:43 -0300] "GET /cormun/servlet/trautorizarsolicitud? HTTP/1.1" 200 8615
186.103.159.230 - - [21/Mar/2018:08:53:04 -0300] "POST /cormun/servlet/trautorizarsolicitud?c64510df9a41a450bb0208cecebed179,,gx-no-cache=1521633132844 HTTP/1.1" 200 4602
186.103.159.230 - - [21/Mar/2018:08:53:04 -0300] "GET /cormun/static/Shared/jqueryui/images/ui-bg_highlight-soft_100_c6c2c8_1x100.png HTTP/1.1" 404 1117
186.103.159.230 - - [21/Mar/2018:08:53:04 -0300] "GET /cormun/static/Shared/jqueryui/images/ui-icons_82798d_256x240.png HTTP/1.1" 404 1089
186.103.159.230 - - [21/Mar/2018:08:53:04 -0300] "GET /cormun/static/Shared/jqueryui/images/ui-icons_8d78a5_256x240.png HTTP/1.1" 404 1089
186.103.159.230 - - [21/Mar/2018:08:53:04 -0300] "GET /cormun/static/Shared/jqueryui/images/ui-bg_flat_55_fafafa_40x100.png HTTP/1.1" 404 1097
186.103.159.230 - - [21/Mar/2018:08:53:04 -0300] "POST /cormun/servlet/trautorizarsolicitud?c64510df9a41a450bb0208cecebed179,,gx-no-cache=1521633133270 HTTP/1.1" 200 4386
200.112.48.142 - - [21/Mar/2018:08:53:33 -0300] "GET /cormun/servlet/prbanco?,MD,,gxPopupLevel%3D0%3B HTTP/1.1" 200 6636
200.112.48.142 - - [21/Mar/2018:08:53:33 -0300] "GET /cormun/static/gxcfg.js?20181161016094 HTTP/1.1" 200 953
200.112.48.142 - - [21/Mar/2018:08:53:33 -0300] "GET /cormun/static/prbanco.js?2018116101633 HTTP/1.1" 200 10693
200.112.48.142 - - [21/Mar/2018:08:53:43 -0300] "GET /cormun/servlet/solicitudot?35ea458355196ef81c96ec3c12074c494f8e242a3cce237461f90d1aaa353316,gx-no-cache=1521633172462 HTTP/1.1" 200 94
200.72.197.82 - - [21/Mar/2018:08:53:46 -0300] "GET /cormun/servlet/hlogin HTTP/1.1" 200 1723
200.112.48.142 - - [21/Mar/2018:08:53:46 -0300] "GET /cormun/servlet/solicitudot?35ea458355196ef81c96ec3c12074c49d34192592007beb3d7906aeb65d67b40,gx-no-cache=1521633176252 HTTP/1.1" 200 53
200.72.197.82 - - [21/Mar/2018:08:53:56 -0300] "POST /cormun/servlet/hlogin?0643ceeff7c81f1300d2dfa00d75623f,gx-no-cache=1521633184899 HTTP/1.1" 200 90
200.72.197.82 - - [21/Mar/2018:08:53:56 -0300] "GET /cormun/servlet/hpexe_link HTTP/1.1" 200 954
200.72.197.82 - - [21/Mar/2018:08:53:56 -0300] "GET /cormun/servlet/hhome HTTP/1.1" 200 4219
200.72.197.82 - - [21/Mar/2018:08:53:57 -0300] "GET /cormun/servlet/hhome HTTP/1.1" 200 4215
200.72.197.82 - - [21/Mar/2018:08:54:00 -0300] "GET /cormun/servlet/trsolicitudot? HTTP/1.1" 200 8787
200.72.197.82 - - [21/Mar/2018:08:54:00 -0300] "GET /cormun/servlet/trsolicitudot? HTTP/1.1" 200 8786
200.72.197.82 - - [21/Mar/2018:08:54:09 -0300] "GET /cormun/static/menuarrow.gif HTTP/1.1" 404 1015
200.72.197.82 - - [21/Mar/2018:08:54:14 -0300] "POST /cormun/servlet/trsolicitudot?0643ceeff7c81f1300d2dfa00d75623f,,gx-no-cache=1521633202868 HTTP/1.1" 200 20829
200.112.48.142 - - [21/Mar/2018:08:54:54 -0300] "GET /cormun/servlet/solicitudot?35ea458355196ef81c96ec3c12074c49139c89b8df614614681d6127eaa236c62f68f451034cd79299ea3301070a4a856701fae803c69f267e8bc1031ee4bcde,gx-no-cache=1521633243950 HTTP/1.1" 200 30
200.112.48.142 - - [21/Mar/2018:08:55:00 -0300] "GET /cormun/servlet/solicitudot?35ea458355196ef81c96ec3c12074c49efae3b66ced5546abedc6ccafb4cadf7bad41ee97fed678a4846de8d617c42c7c21f55df6a1102156aba1187a3d37d52481e521c228f6c7fd1812010c656e39744370dc82a06c0237cbaf4b6bb52a50e71ae2b95b85a62a20620a8efb61387761ce43abe243dfa7e3e1d4deb7bb74181aae58953763f816368f7213c539ebccb26fda8c02a7adcba9fc26feec37e0a3d1975b13bb1ce13dc96fdfe5d54487b4f51c08d9b28386dfbd074dc090cd76bf00cb7dafcf58310f8bdad0fc50ef8495c273dd062731dd4536989b82d401563117e87a3aecc3e03151a39c734233165e4b90e21b3e4bbcd20fa9c254b8c1368b12229c4b66e9253a49401e2317abafd154729d1569a338fc69444abcc3d40282fc14e85df80a355eeab1614c13120055af4bdb23b5158fa88c0acfcdde4d701188a88d18b430dc7b9785ee7ecd9a983b9,gx-no-cache=1521633249815 HTTP/1.1" 200 255
200.112.48.142 - - [21/Mar/2018:08:55:02 -0300] "GET /cormun/servlet/solicitudot?35ea458355196ef81c96ec3c12074c49b56e82580c8546a46f19b8456a2fb4cbf4763e38de1fb7f24d49ed1b380300119c4698714071531154e01c977ed001c364d8691a02c7a96ffc5542e4cb78cb4f015a88d5c863061585179087051db6614e24a34ffab9fcd9db3ee53ea0f28fb900925c97dfbec08cd21b3d577546a0c6e833470fbe468af54ccb23b092f3569508c231d82a1dc8cdff365e7487727946980ac1260c6d5e78d84e2635ae1d9365cc2e84859ea51a9577c6c5ce9feff85902f085c03befd36290cb7dac5f23e613318de717d399da99c3da63eed52e6c2b9ed0ed20e64ee20f9236b43315628743f88af7df8c9073c75ee25994cbbf5e9549c11064d1d912168457bbf57dd6ea68b11fd15d4c79a370f733f62580f0214759334f07322afc49a9972a4563ca163ab79914cfa92e89552fb349f58a59762142404a0e75d20698d9647f7261d4caf93a3322d8db1e96aefae798b8fcfeaa80c501565d6cbe69d7ca168f9bd7d847ef560846b4764b48530c11d06795fbdb7d,gx-no-cache=1521633252191 HTTP/1.1" 200 30
200.112.48.142 - - [21/Mar/2018:08:55:05 -0300] "POST /cormun/servlet/solicitudot?gx-no-cache=1521633254627 HTTP/1.1" 200 30
200.112.48.142 - - [21/Mar/2018:08:55:06 -0300] "POST /cormun/servlet/solicitudot?gx-no-cache=1521633255806 HTTP/1.1" 200 1331
200.112.48.142 - - [21/Mar/2018:08:55:06 -0300] "POST /cormun/servlet/solicitudot?gx-no-cache=1521633255971 HTTP/1.1" 200 38
186.67.172.234 - - [21/Mar/2018:08:55:34 -0300] "GET /cormun/servlet/hlogin HTTP/1.1" 200 1716
186.67.172.234 - - [21/Mar/2018:08:55:34 -0300] "GET /cormun/static/gxcfg.js?20175251213516 HTTP/1.1" 200 953
186.67.172.234 - - [21/Mar/2018:08:55:35 -0300] "GET /cormun/static/Resources/ComunLogin.png HTTP/1.1" 200 17326
186.67.172.234 - - [21/Mar/2018:08:55:35 -0300] "GET /cormun/static/Resources/PXToolsLoginTop.png HTTP/1.1" 200 1337
186.67.172.234 - - [21/Mar/2018:08:55:35 -0300] "GET /cormun/static/Resources/PXToolsLoginBackground.png HTTP/1.1" 200 1164
186.67.172.234 - - [21/Mar/2018:08:55:35 -0300] "GET /cormun/static/Resources/PXToolsLoginBottom.png HTTP/1.1" 200 1389
200.112.48.142 - - [21/Mar/2018:08:55:48 -0300] "GET /cormun/servlet/solicitudot?35ea458355196ef81c96ec3c12074c49ab3a62b9aa59088783dbf77c1e79a23fb90e21b3e4bbcd20fa9c254b8c1368b12229c4b66e9253a49401e2317abafd158163e6bd8d2d89b864154c607f7d161c,gx-no-cache=1521633297452 HTTP/1.1" 200 29
200.112.48.142 - - [21/Mar/2018:08:55:48 -0300] "POST /cormun/servlet/solicitudot?gx-no-cache=1521633297670 HTTP/1.1" 200 1317
200.112.48.142 - - [21/Mar/2018:08:55:48 -0300] "POST /cormun/servlet/solicitudot?gx-no-cache=1521633297914 HTTP/1.1" 200 1215
200.112.48.142 - - [21/Mar/2018:08:56:12 -0300] "GET /cormun/static/menuarrow.gif HTTP/1.1" 404 1015
200.112.48.142 - - [21/Mar/2018:08:56:18 -0300] "GET /cormun/servlet/solicitudot?35ea458355196ef81c96ec3c12074c49225047ff7759ffc80ff95ff85435fb2534825c4c1b82d43fd2c2ce9cb32014af,gx-no-cache=1521633327875 HTTP/1.1" 200 30
200.112.48.142 - - [21/Mar/2018:08:56:24 -0300] "POST /cormun/servlet/solicitudot?gx-no-cache=1521633334034 HTTP/1.1" 200 30
192.168.10.62 - - [21/Mar/2018:08:56:34 -0300] "POST /cormun/servlet/vesolicitudgral?49e836af1b1bda6bcfc412fdf4eae66d,2018,10658,,,gx-no-cache=1521633228362 HTTP/1.1" 200 90
192.168.10.62 - - [21/Mar/2018:08:56:34 -0300] "GET /cormun/servlet/hpexe_link HTTP/1.1" 200 984
192.168.10.62 - - [21/Mar/2018:08:56:35 -0300] "GET /cormun/servlet/trsolicitudgral?gx-no-cache=1521632672086 HTTP/1.1" 200 10751
192.168.10.62 - - [21/Mar/2018:08:56:36 -0300] "GET /cormun/servlet/trsolicitudgral?gx-no-cache=1521632672086 HTTP/1.1" 200 10771
192.168.10.62 - - [21/Mar/2018:08:56:38 -0300] "GET /cormun/servlet/vesolicitudgral?2018,9999,, HTTP/1.1" 200 9045
192.168.10.62 - - [21/Mar/2018:08:56:38 -0300] "GET /cormun/pexe_scrolldiv.js HTTP/1.1" 404 1009
192.168.10.62 - - [21/Mar/2018:08:56:38 -0300] "GET /cormun/pexe_scrolldiv.js HTTP/1.1" 404 1009
192.168.10.62 - - [21/Mar/2018:08:56:39 -0300] "GET /cormun/servlet/vesolicitudgral?2018,9999,, HTTP/1.1" 200 9022
192.168.10.62 - - [21/Mar/2018:08:56:41 -0300] "GET /cormun/servlet/vesolicitudgral?2018,9999,,SolicitudOTAdjuntos HTTP/1.1" 200 7730
192.168.10.62 - - [21/Mar/2018:08:56:41 -0300] "GET /cormun/pexe_scrolldiv.js HTTP/1.1" 404 1009
192.168.10.62 - - [21/Mar/2018:08:56:41 -0300] "GET /cormun/pexe_scrolldiv.js HTTP/1.1" 404 1009
192.168.10.62 - - [21/Mar/2018:08:56:42 -0300] "GET /cormun/servlet/vesolicitudgral?2018,9999,,SolicitudOTAdjuntos HTTP/1.1" 200 7730
192.168.10.62 - - [21/Mar/2018:08:56:43 -0300] "POST /cormun/servlet/acontrolpreferencessavestate?None,FGONZALEZ,true HTTP/1.1" 200 35
192.168.10.62 - - [21/Mar/2018:08:56:45 -0300] "POST /cormun/servlet/vesolicitudgral?49e836af1b1bda6bcfc412fdf4eae66d,2018,9999,,SolicitudOTAdjuntos,gx-no-cache=1521633239391 HTTP/1.1" 200 90
192.168.10.62 - - [21/Mar/2018:08:56:45 -0300] "GET /cormun/servlet/hpexe_link HTTP/1.1" 200 993
192.168.10.62 - - [21/Mar/2018:08:56:45 -0300] "GET /cormun/servlet/trsolicitudgral?gx-no-cache=1521632672086 HTTP/1.1" 200 10751
192.168.10.62 - - [21/Mar/2018:08:56:45 -0300] "GET /cormun/servlet/trsolicitudgral?gx-no-cache=1521632672086 HTTP/1.1" 200 10771
200.112.48.142 - - [21/Mar/2018:08:58:01 -0300] "GET /cormun/servlet/hlogin HTTP/1.1" 200 1720
200.112.48.142 - - [21/Mar/2018:08:58:05 -0300] "POST /cormun/servlet/hlogin?a8e9647036a608d599ece7d4aebaa76a,gx-no-cache=1521633435008 HTTP/1.1" 200 90
200.112.48.142 - - [21/Mar/2018:08:58:05 -0300] "GET /cormun/servlet/hpexe_link HTTP/1.1" 200 951
200.112.48.142 - - [21/Mar/2018:08:58:05 -0300] "GET /cormun/servlet/hhome HTTP/1.1" 200 4203
200.112.48.142 - - [21/Mar/2018:08:58:06 -0300] "GET /cormun/servlet/hhome HTTP/1.1" 200 4199
200.112.48.142 - - [21/Mar/2018:08:58:16 -0300] "GET /cormun/servlet/trsolicitudot? HTTP/1.1" 200 7420
200.112.48.142 - - [21/Mar/2018:08:58:16 -0300] "GET /cormun/servlet/trsolicitudot? HTTP/1.1" 200 7419
200.112.48.142 - - [21/Mar/2018:08:58:19 -0300] "GET /cormun/servlet/solicitudot?INS,0,0, HTTP/1.1" 200 13651
200.112.48.142 - - [21/Mar/2018:08:58:19 -0300] "GET /cormun/servlet/solicitudot?INS,0,0, HTTP/1.1" 200 13656
200.112.48.142 - - [21/Mar/2018:08:58:26 -0300] "POST /cormun/servlet/solicitudot?gx-no-cache=1521633455293 HTTP/1.1" 200 3509
200.112.48.142 - - [21/Mar/2018:08:58:26 -0300] "GET /cormun/static/Shared/jqueryui/images/ui-bg_highlight-soft_100_c6c2c8_1x100.png HTTP/1.1" 404 1117
200.112.48.142 - - [21/Mar/2018:08:58:26 -0300] "GET /cormun/static/Shared/jqueryui/images/ui-icons_82798d_256x240.png HTTP/1.1" 404 1089
200.112.48.142 - - [21/Mar/2018:08:58:26 -0300] "GET /cormun/static/Shared/jqueryui/images/ui-bg_flat_55_994d53_40x100.png HTTP/1.1" 404 1097
200.112.48.142 - - [21/Mar/2018:08:58:26 -0300] "GET /cormun/static/Shared/jqueryui/images/ui-icons_ebccce_256x240.png HTTP/1.1" 404 1089
200.112.48.142 - - [21/Mar/2018:08:58:28 -0300] "GET /cormun/servlet/solicitudot?35ea458355196ef81c96ec3c12074c499b59a448f9b78770909874dfabbd2377b853256ac33da98f125b2902bf955751,gx-no-cache=1521633458001 HTTP/1.1" 200 30
200.112.48.142 - - [21/Mar/2018:08:58:36 -0300] "GET /cormun/servlet/hlogin HTTP/1.1" 200 1720
200.112.48.142 - - [21/Mar/2018:08:58:39 -0300] "POST /cormun/servlet/hlogin?a8e9647036a608d599ece7d4aebaa76a,gx-no-cache=1521633469160 HTTP/1.1" 200 90
200.112.48.142 - - [21/Mar/2018:08:58:39 -0300] "GET /cormun/servlet/hpexe_link HTTP/1.1" 200 951
200.112.48.142 - - [21/Mar/2018:08:58:40 -0300] "GET /cormun/servlet/hhome HTTP/1.1" 200 3996
200.112.48.142 - - [21/Mar/2018:08:58:40 -0300] "GET /cormun/servlet/hhome HTTP/1.1" 200 3992
200.112.48.142 - - [21/Mar/2018:08:58:42 -0300] "GET /cormun/servlet/trsolicitudot? HTTP/1.1" 200 7210
200.112.48.142 - - [21/Mar/2018:08:58:42 -0300] "GET /cormun/servlet/trsolicitudot? HTTP/1.1" 200 7209
200.112.48.142 - - [21/Mar/2018:08:58:44 -0300] "GET /cormun/servlet/solicitudot?INS,0,0, HTTP/1.1" 200 13453
