186.103.156.24 - - [21/Mar/2018:16:48:06 -0300] "GET /cormun/static/Shared/jqueryui/images/ui-bg_highlight-soft_100_c6c2c8_1x100.png HTTP/1.1" 404 1117
186.103.156.24 - - [21/Mar/2018:16:48:06 -0300] "GET /cormun/static/Shared/jqueryui/images/ui-bg_flat_55_fafafa_40x100.png HTTP/1.1" 404 1097
186.103.156.24 - - [21/Mar/2018:16:48:06 -0300] "GET /cormun/static/Shared/jqueryui/images/ui-icons_82798d_256x240.png HTTP/1.1" 404 1089
186.103.156.24 - - [21/Mar/2018:16:48:06 -0300] "GET /cormun/static/Shared/jqueryui/images/ui-icons_8d78a5_256x240.png HTTP/1.1" 404 1089
186.103.156.24 - - [21/Mar/2018:16:48:06 -0300] "POST /cormun/servlet/trsolicitudot?0388ee6492df8ef464edb8599de062d2,gx-no-cache=1521661635528 HTTP/1.1" 200 4450
186.103.159.204 - - [21/Mar/2018:16:48:13 -0300] "POST /cormun/servlet/trsolicitudot?3f5ea993a82d21563d824483d2c47349,gx-no-cache=1521660759410,gx-no-cache=1521661637850 HTTP/1.1" 200 4282
186.103.156.24 - - [21/Mar/2018:16:48:14 -0300] "GET /cormun/servlet/trautorizarsolicitud? HTTP/1.1" 200 9554
186.103.156.24 - - [21/Mar/2018:16:48:14 -0300] "GET /cormun/servlet/trautorizarsolicitud? HTTP/1.1" 200 9554
186.103.156.24 - - [21/Mar/2018:16:48:22 -0300] "POST /cormun/servlet/trautorizarsolicitud?0388ee6492df8ef464edb8599de062d2,,gx-no-cache=1521661651489 HTTP/1.1" 200 6196
186.103.156.24 - - [21/Mar/2018:16:48:22 -0300] "GET /cormun/static/Shared/jqueryui/images/ui-bg_highlight-soft_100_c6c2c8_1x100.png HTTP/1.1" 404 1117
186.103.156.24 - - [21/Mar/2018:16:48:22 -0300] "GET /cormun/static/Shared/jqueryui/images/ui-icons_82798d_256x240.png HTTP/1.1" 404 1089
186.103.156.24 - - [21/Mar/2018:16:48:22 -0300] "GET /cormun/static/Shared/jqueryui/images/ui-bg_flat_55_fafafa_40x100.png HTTP/1.1" 404 1097
186.103.156.24 - - [21/Mar/2018:16:48:22 -0300] "GET /cormun/static/Shared/jqueryui/images/ui-icons_8d78a5_256x240.png HTTP/1.1" 404 1089
186.103.156.24 - - [21/Mar/2018:16:48:22 -0300] "POST /cormun/servlet/trautorizarsolicitud?0388ee6492df8ef464edb8599de062d2,,gx-no-cache=1521661651695 HTTP/1.1" 200 6140
186.103.156.24 - - [21/Mar/2018:16:48:26 -0300] "POST /cormun/servlet/trautorizarsolicitud?0388ee6492df8ef464edb8599de062d2,,gx-no-cache=1521661655367 HTTP/1.1" 200 5776
186.103.156.24 - - [21/Mar/2018:16:48:26 -0300] "POST /cormun/servlet/trautorizarsolicitud?0388ee6492df8ef464edb8599de062d2,,gx-no-cache=1521661655598 HTTP/1.1" 200 5720
186.103.159.204 - - [21/Mar/2018:16:48:26 -0300] "POST /cormun/servlet/trsolicitudot?3f5ea993a82d21563d824483d2c47349,gx-no-cache=1521660759410,gx-no-cache=1521661650486 HTTP/1.1" 200 7084
186.103.159.204 - - [21/Mar/2018:16:48:45 -0300] "POST /cormun/servlet/trsolicitudot?3f5ea993a82d21563d824483d2c47349,gx-no-cache=1521660759410,gx-no-cache=1521661668996 HTTP/1.1" 200 6765
186.67.172.234 - - [21/Mar/2018:16:50:49 -0300] "GET /cormun/servlet/hlogin HTTP/1.1" 200 1718
186.67.172.234 - - [21/Mar/2018:16:50:51 -0300] "GET /cormun/static/gxtimezone.js?85251 HTTP/1.1" 304 -
186.67.172.234 - - [21/Mar/2018:16:50:51 -0300] "GET /cormun/static/gxcfg.js?20175251213516 HTTP/1.1" 304 -
186.67.172.234 - - [21/Mar/2018:16:50:51 -0300] "GET /cormun/static/messages.spa.js?85251 HTTP/1.1" 304 -
186.67.172.234 - - [21/Mar/2018:16:50:54 -0300] "GET /cormun/servlet/hlogin HTTP/1.1" 200 1729
186.67.172.234 - - [21/Mar/2018:16:51:07 -0300] "POST /cormun/servlet/hlogin?55b5d6137ccbed3505f6c46a8391ee85,gx-no-cache=1521661814897 HTTP/1.1" 200 90
186.67.172.234 - - [21/Mar/2018:16:51:07 -0300] "GET /cormun/servlet/hpexe_link HTTP/1.1" 200 950
186.67.172.234 - - [21/Mar/2018:16:51:07 -0300] "GET /cormun/static/gxcfg.js?20177612121792 HTTP/1.1" 304 -
186.67.172.234 - - [21/Mar/2018:16:51:07 -0300] "GET /cormun/servlet/hhome HTTP/1.1" 200 3954
186.67.172.234 - - [21/Mar/2018:16:51:07 -0300] "GET /cormun/static/gxcfg.js?20175251212442 HTTP/1.1" 304 -
186.67.172.234 - - [21/Mar/2018:16:51:08 -0300] "GET /cormun/servlet/hhome HTTP/1.1" 200 3951
186.67.172.234 - - [21/Mar/2018:16:51:19 -0300] "GET /cormun/servlet/trlicencias? HTTP/1.1" 200 10428
186.67.172.234 - - [21/Mar/2018:16:51:19 -0300] "GET /cormun/static/gxcfg.js?20176272054169 HTTP/1.1" 304 -
186.67.172.234 - - [21/Mar/2018:16:51:19 -0300] "GET /cormun/static/calendar.js?85251 HTTP/1.1" 304 -
186.67.172.234 - - [21/Mar/2018:16:51:19 -0300] "GET /cormun/static/calendar-setup.js?85251 HTTP/1.1" 304 -
186.67.172.234 - - [21/Mar/2018:16:51:19 -0300] "GET /cormun/static/calendar-es.js?85251 HTTP/1.1" 304 -
186.67.172.234 - - [21/Mar/2018:16:51:19 -0300] "GET /cormun/static/gxdec.js?85251 HTTP/1.1" 304 -
186.67.172.234 - - [21/Mar/2018:16:51:20 -0300] "GET /cormun/servlet/trlicencias? HTTP/1.1" 200 10425
186.67.172.234 - - [21/Mar/2018:16:51:38 -0300] "GET /cormun/servlet/licenciaspermisos?INS,0,,, HTTP/1.1" 200 7482
186.67.172.234 - - [21/Mar/2018:16:51:38 -0300] "GET /cormun/static/gxcfg.js?201762917281167 HTTP/1.1" 304 -
186.67.172.234 - - [21/Mar/2018:16:51:38 -0300] "GET /cormun/servlet/licenciaspermisos?INS,0,,, HTTP/1.1" 200 7481
190.100.93.40 - - [21/Mar/2018:16:52:15 -0300] "GET /cormun/servlet/hlogin HTTP/1.1" 200 1721
190.100.93.40 - - [21/Mar/2018:16:52:16 -0300] "POST /cormun/servlet/hlogin?4ecba187408c3854e81e2196b5a02961,gx-no-cache=1521661886204 HTTP/1.1" 200 90
190.100.93.40 - - [21/Mar/2018:16:52:16 -0300] "GET /cormun/servlet/hpexe_link HTTP/1.1" 200 950
190.100.93.40 - - [21/Mar/2018:16:52:17 -0300] "GET /cormun/servlet/hhome HTTP/1.1" 200 4337
190.100.93.40 - - [21/Mar/2018:16:52:17 -0300] "GET /cormun/servlet/hhome HTTP/1.1" 200 4334
192.168.10.61 - - [21/Mar/2018:16:52:30 -0300] "GET /cormun/servlet/trsolicitudgral? HTTP/1.1" 500 10
192.168.10.61 - - [21/Mar/2018:16:52:33 -0300] "GET /cormun/servlet/vesolicitudgral?2018,10751,, HTTP/1.1" 200 7830
192.168.10.61 - - [21/Mar/2018:16:52:34 -0300] "GET /cormun/servlet/hlogin HTTP/1.1" 200 1741
192.168.10.61 - - [21/Mar/2018:16:52:34 -0300] "GET /cormun/servlet/vesolicitudgral?2018,10751,, HTTP/1.1" 200 7828
192.168.10.61 - - [21/Mar/2018:16:52:43 -0300] "POST /cormun/servlet/hlogin?f24494aec1e43ace24f80ad8b7f47d05,gx-no-cache=1521661820442 HTTP/1.1" 200 90
192.168.10.61 - - [21/Mar/2018:16:52:43 -0300] "GET /cormun/servlet/hpexe_link HTTP/1.1" 200 960
192.168.10.61 - - [21/Mar/2018:16:52:43 -0300] "GET /cormun/servlet/vesolicitudgral?2018,10751,, HTTP/1.1" 200 8929
192.168.10.61 - - [21/Mar/2018:16:52:43 -0300] "GET /cormun/pexe_scrolldiv.js HTTP/1.1" 404 1009
192.168.10.61 - - [21/Mar/2018:16:52:43 -0300] "GET /cormun/pexe_scrolldiv.js HTTP/1.1" 404 1009
192.168.10.61 - - [21/Mar/2018:16:52:43 -0300] "GET /cormun/servlet/vesolicitudgral?2018,10751,, HTTP/1.1" 200 8928
192.168.10.61 - - [21/Mar/2018:16:52:54 -0300] "POST /cormun/servlet/vesolicitudgral?f24494aec1e43ace24f80ad8b7f47d05,2018,10751,,,gx-no-cache=1521661832015 HTTP/1.1" 200 93
192.168.10.61 - - [21/Mar/2018:16:52:54 -0300] "GET /cormun/servlet/hpexe_return? HTTP/1.1" 200 1005
192.168.10.61 - - [21/Mar/2018:16:52:54 -0300] "GET /cormun/servlet/hhome HTTP/1.1" 200 4468
192.168.10.61 - - [21/Mar/2018:16:52:55 -0300] "GET /cormun/servlet/hhome HTTP/1.1" 200 4462
192.168.10.61 - - [21/Mar/2018:16:52:58 -0300] "GET /cormun/servlet/trsolicitudgral? HTTP/1.1" 200 11777
192.168.10.61 - - [21/Mar/2018:16:52:58 -0300] "GET /cormun/servlet/trsolicitudgral? HTTP/1.1" 200 11775
192.168.10.61 - - [21/Mar/2018:16:53:36 -0300] "POST /cormun/servlet/trsolicitudgral?f24494aec1e43ace24f80ad8b7f47d05,,gx-no-cache=1521661873901 HTTP/1.1" 200 8465
190.100.93.40 - - [21/Mar/2018:16:53:39 -0300] "GET /cormun/servlet/trrenuncias? HTTP/1.1" 200 7227
190.100.93.40 - - [21/Mar/2018:16:53:40 -0300] "GET /cormun/static/gxcfg.js?20175251282642 HTTP/1.1" 200 953
190.100.93.40 - - [21/Mar/2018:16:53:40 -0300] "GET /cormun/static/trrenuncias.js?20175251283179 HTTP/1.1" 200 31174
190.100.93.40 - - [21/Mar/2018:16:53:40 -0300] "GET /cormun/servlet/trrenuncias? HTTP/1.1" 200 7226
190.100.93.40 - - [21/Mar/2018:16:53:42 -0300] "GET /cormun/servlet/renuncias?INS,0, HTTP/1.1" 200 6470
190.100.93.40 - - [21/Mar/2018:16:53:42 -0300] "GET /cormun/static/gxcfg.js?2017426922787 HTTP/1.1" 200 953
190.100.93.40 - - [21/Mar/2018:16:53:42 -0300] "GET /cormun/static/renuncias.js?201742692287 HTTP/1.1" 200 14762
190.100.93.40 - - [21/Mar/2018:16:53:42 -0300] "GET /cormun/static/Resources/Spanish/PXTools.css?11294912 HTTP/1.1" 200 89042
190.100.93.40 - - [21/Mar/2018:16:53:43 -0300] "GET /cormun/servlet/renuncias?INS,0, HTTP/1.1" 200 6471
192.168.10.61 - - [21/Mar/2018:16:53:47 -0300] "POST /cormun/servlet/trsolicitudgral?f24494aec1e43ace24f80ad8b7f47d05,,gx-no-cache=1521661885033 HTTP/1.1" 200 11057
190.100.93.40 - - [21/Mar/2018:16:53:51 -0300] "GET /cormun/static/Resources/resize.gif HTTP/1.1" 200 77
190.100.93.40 - - [21/Mar/2018:16:53:52 -0300] "GET /cormun/servlet/prfichaempleado?,MD,,gxPopupLevel%3D0%3B HTTP/1.1" 200 9514
190.100.93.40 - - [21/Mar/2018:16:53:52 -0300] "GET /cormun/static/Resources/PXToolsMenuSearch.png HTTP/1.1" 200 2914
190.100.93.40 - - [21/Mar/2018:16:53:52 -0300] "GET /cormun/static/prfichaempleado.js?20177612134999 HTTP/1.1" 200 16006
190.100.93.40 - - [21/Mar/2018:16:53:52 -0300] "GET /cormun/static/gxcfg.js?20177612134814 HTTP/1.1" 200 953
190.100.93.40 - - [21/Mar/2018:16:53:52 -0300] "GET /cormun/static/menusearch.js?201610171694467 HTTP/1.1" 200 1424
190.100.93.40 - - [21/Mar/2018:16:53:52 -0300] "GET /cormun/static/hmpwkw011.js?20177612121862 HTTP/1.1" 200 1968
190.100.93.40 - - [21/Mar/2018:16:53:52 -0300] "GET /cormun/static/Resources/PXToolsMenuSearchCancel.png HTTP/1.1" 200 2972
190.100.93.40 - - [21/Mar/2018:16:53:58 -0300] "POST /cormun/servlet/prfichaempleado?4ecba187408c3854e81e2196b5a02961,,MD,,gxPopupLevel%3D0%3B,gx-no-cache=1521661987512 HTTP/1.1" 200 3798
190.100.93.40 - - [21/Mar/2018:16:54:09 -0300] "GET /cormun/servlet/renuncias?fb5557b937e328a07e30df6f61d06e1aeb0c00c707db605cbfd954874a8c9bb5b1041f3346f50c24a19da9bd6af47c66,gx-no-cache=1521661998584 HTTP/1.1" 200 33
192.168.10.50 - - [21/Mar/2018:16:54:14 -0300] "GET /cormun/servlet/trsolicitudgral? HTTP/1.1" 200 27862
192.168.10.50 - - [21/Mar/2018:16:54:15 -0300] "GET /cormun/servlet/trsolicitudgral? HTTP/1.1" 200 27860
192.168.10.50 - - [21/Mar/2018:16:54:30 -0300] "POST /cormun/servlet/trsolicitudgral?4c5c2817c86a0ca072b7fb71717b2972,,gx-no-cache=1521661902441 HTTP/1.1" 200 25462
192.168.10.50 - - [21/Mar/2018:16:54:36 -0300] "POST /cormun/servlet/trsolicitudgral?4c5c2817c86a0ca072b7fb71717b2972,,gx-no-cache=1521661910115 HTTP/1.1" 200 9275
192.168.10.50 - - [21/Mar/2018:16:54:51 -0300] "POST /cormun/servlet/trsolicitudgral?4c5c2817c86a0ca072b7fb71717b2972,,gx-no-cache=1521661924516 HTTP/1.1" 200 8573
192.168.10.50 - - [21/Mar/2018:16:54:51 -0300] "GET /cormun/static/Shared/jqueryui/images/ui-icons_82798d_256x240.png HTTP/1.1" 404 1089
192.168.10.50 - - [21/Mar/2018:16:54:51 -0300] "GET /cormun/static/Shared/jqueryui/images/ui-bg_flat_55_fafafa_40x100.png HTTP/1.1" 404 1097
192.168.10.50 - - [21/Mar/2018:16:54:51 -0300] "GET /cormun/static/Shared/jqueryui/images/ui-icons_8d78a5_256x240.png HTTP/1.1" 404 1089
192.168.10.50 - - [21/Mar/2018:16:54:51 -0300] "GET /cormun/static/Shared/jqueryui/images/ui-bg_highlight-soft_100_c6c2c8_1x100.png HTTP/1.1" 404 1117
192.168.10.50 - - [21/Mar/2018:16:54:59 -0300] "POST /cormun/servlet/trsolicitudgral?4c5c2817c86a0ca072b7fb71717b2972,,gx-no-cache=1521661933069 HTTP/1.1" 200 8188
192.168.10.50 - - [21/Mar/2018:16:55:04 -0300] "GET /cormun/servlet/vesolicitudgral?2018,10748,, HTTP/1.1" 200 9089
192.168.10.50 - - [21/Mar/2018:16:55:04 -0300] "GET /cormun/pexe_scrolldiv.js HTTP/1.1" 404 1009
192.168.10.50 - - [21/Mar/2018:16:55:04 -0300] "GET /cormun/pexe_scrolldiv.js HTTP/1.1" 404 1009
192.168.10.50 - - [21/Mar/2018:16:55:05 -0300] "GET /cormun/servlet/vesolicitudgral?2018,10748,, HTTP/1.1" 200 9089
192.168.10.50 - - [21/Mar/2018:16:55:07 -0300] "GET /cormun/servlet/vesolicitudgral?2018,10748,,SolicitudOTAdjuntos HTTP/1.1" 200 11310
192.168.10.50 - - [21/Mar/2018:16:55:07 -0300] "GET /cormun/pexe_scrolldiv.js HTTP/1.1" 404 1009
192.168.10.50 - - [21/Mar/2018:16:55:07 -0300] "GET /cormun/pexe_scrolldiv.js HTTP/1.1" 404 1009
192.168.10.50 - - [21/Mar/2018:16:55:07 -0300] "GET /cormun/servlet/vesolicitudgral?2018,10748,,SolicitudOTAdjuntos HTTP/1.1" 200 11304
192.168.10.50 - - [21/Mar/2018:16:55:08 -0300] "POST /cormun/servlet/acontrolpreferencessavestate?None,MRAMOS,true HTTP/1.1" 200 35
192.168.10.50 - - [21/Mar/2018:16:55:09 -0300] "GET /cormun/PublicTempStorage/titulo_doc92282940.pdf HTTP/1.1" 200 57352
192.168.10.50 - - [21/Mar/2018:16:55:13 -0300] "GET /cormun/servlet/vesolicitudgral?2018,10748,,SolicitudOTAdjuntos HTTP/1.1" 200 11308
192.168.10.50 - - [21/Mar/2018:16:55:13 -0300] "GET /cormun/servlet/vesolicitudgral?2018,10748,,SolicitudOTAdjuntos HTTP/1.1" 200 11309
192.168.10.50 - - [21/Mar/2018:16:55:14 -0300] "POST /cormun/servlet/acontrolpreferencessavestate?None,MRAMOS,true HTTP/1.1" 200 35
186.67.172.234 - - [21/Mar/2018:16:55:15 -0300] "GET /cormun/servlet/hlogin HTTP/1.1" 200 1725
192.168.10.50 - - [21/Mar/2018:16:55:16 -0300] "GET /cormun/servlet/vesolicitudgral?2018,10748,, HTTP/1.1" 200 9089
192.168.10.50 - - [21/Mar/2018:16:55:16 -0300] "GET /cormun/servlet/vesolicitudgral?2018,10748,, HTTP/1.1" 200 9089
192.168.10.50 - - [21/Mar/2018:16:55:19 -0300] "POST /cormun/servlet/vesolicitudgral?4c5c2817c86a0ca072b7fb71717b2972,2018,10748,,,gx-no-cache=1521661952562 HTTP/1.1" 200 93
192.168.10.50 - - [21/Mar/2018:16:55:19 -0300] "GET /cormun/servlet/hpexe_return? HTTP/1.1" 200 1006
192.168.10.50 - - [21/Mar/2018:16:55:19 -0300] "GET /cormun/servlet/trsolicitudgral? HTTP/1.1" 200 11200
192.168.10.50 - - [21/Mar/2018:16:55:19 -0300] "GET /cormun/servlet/trsolicitudgral? HTTP/1.1" 200 11195
186.67.172.234 - - [21/Mar/2018:16:55:26 -0300] "POST /cormun/servlet/hlogin?f50cb2322c5ed59c15c60d58da0f8719,gx-no-cache=1521662021886 HTTP/1.1" 200 90
186.67.172.234 - - [21/Mar/2018:16:55:26 -0300] "GET /cormun/servlet/hpexe_link HTTP/1.1" 200 951
186.67.172.234 - - [21/Mar/2018:16:55:26 -0300] "GET /cormun/servlet/hhome HTTP/1.1" 200 4227
186.67.172.234 - - [21/Mar/2018:16:55:27 -0300] "GET /cormun/servlet/hhome HTTP/1.1" 200 4224
186.67.172.234 - - [21/Mar/2018:16:55:33 -0300] "GET /cormun/servlet/trcontratosolicitud? HTTP/1.1" 200 14507
186.67.172.234 - - [21/Mar/2018:16:55:34 -0300] "GET /cormun/static/gxcfg.js?20177612214014 HTTP/1.1" 200 953
186.67.172.234 - - [21/Mar/2018:16:55:34 -0300] "GET /cormun/static/trcontratosolicitud.js?20177612214349 HTTP/1.1" 200 28237
186.67.172.234 - - [21/Mar/2018:16:55:34 -0300] "GET /cormun//static/Resources/PXToolsGridNew.png HTTP/1.1" 200 2949
186.67.172.234 - - [21/Mar/2018:16:55:34 -0300] "GET /cormun/servlet/trcontratosolicitud? HTTP/1.1" 200 14500
192.168.10.50 - - [21/Mar/2018:16:55:46 -0300] "POST /cormun/servlet/trsolicitudgral?4c5c2817c86a0ca072b7fb71717b2972,,gx-no-cache=1521661979085 HTTP/1.1" 200 7774
192.168.10.50 - - [21/Mar/2018:16:55:46 -0300] "GET /cormun/static/Shared/jqueryui/images/ui-bg_highlight-soft_100_c6c2c8_1x100.png HTTP/1.1" 404 1117
192.168.10.50 - - [21/Mar/2018:16:55:46 -0300] "GET /cormun/static/Shared/jqueryui/images/ui-icons_82798d_256x240.png HTTP/1.1" 404 1089
192.168.10.50 - - [21/Mar/2018:16:55:46 -0300] "GET /cormun/static/Shared/jqueryui/images/ui-bg_flat_55_fafafa_40x100.png HTTP/1.1" 404 1097
192.168.10.50 - - [21/Mar/2018:16:55:46 -0300] "GET /cormun/static/Shared/jqueryui/images/ui-icons_8d78a5_256x240.png HTTP/1.1" 404 1089
192.168.10.61 - - [21/Mar/2018:16:56:17 -0300] "POST /cormun/servlet/trsolicitudgral?f24494aec1e43ace24f80ad8b7f47d05,,gx-no-cache=1521662030723 HTTP/1.1" 200 25513
192.168.10.50 - - [21/Mar/2018:16:56:18 -0300] "POST /cormun/servlet/trsolicitudgral?4c5c2817c86a0ca072b7fb71717b2972,,gx-no-cache=1521662011968 HTTP/1.1" 200 116
192.168.10.50 - - [21/Mar/2018:16:56:18 -0300] "GET /cormun/servlet/solicitudotlog?INS,2018,10748,0,REC, HTTP/1.1" 200 6264
192.168.10.50 - - [21/Mar/2018:16:56:19 -0300] "GET /cormun/servlet/solicitudotlog?INS,2018,10748,0,REC, HTTP/1.1" 200 6265
192.168.10.50 - - [21/Mar/2018:16:56:19 -0300] "GET /cormun/servlet/solicitudotlog?50adc4567c983193ed82fd7dc8728a88004dc5ee5c59d26dc9699ed2174460e6130526fdd37d7f00621d445d88b0e7d16ff1146b82af7a6f47bbc161efa1568397bae48a2b92a626bcb555d94e357494cb610dcfff6d22eca6b2781c6a8e90ec0299f20dcb3a2d7cebb02709865332be7a7d7b7fb99f7a816e76204a2e68c4f6f80bdb2e17aeda344ac39e05dcf5113dc7de3acbd12de4640357ae23b6bd08fd,gx-no-cache=1521662012914 HTTP/1.1" 200 94
192.168.10.61 - - [21/Mar/2018:16:56:30 -0300] "POST /cormun/servlet/trsolicitudgral?f24494aec1e43ace24f80ad8b7f47d05,,gx-no-cache=1521662047788 HTTP/1.1" 200 7535
192.168.10.50 - - [21/Mar/2018:16:56:30 -0300] "POST /cormun/servlet/solicitudotlog?4c5c2817c86a0ca072b7fb71717b2972,INS,2018,10748,0,REC,,gx-no-cache=1521662023947 HTTP/1.1" 200 93
192.168.10.50 - - [21/Mar/2018:16:56:30 -0300] "GET /cormun/servlet/hpexe_return? HTTP/1.1" 200 1017
192.168.10.50 - - [21/Mar/2018:16:56:30 -0300] "GET /cormun/servlet/trsolicitudgral? HTTP/1.1" 200 10333
192.168.10.50 - - [21/Mar/2018:16:56:31 -0300] "GET /cormun/servlet/trsolicitudgral? HTTP/1.1" 200 10329
186.67.172.234 - - [21/Mar/2018:16:56:34 -0300] "POST /cormun/servlet/trcontratosolicitud?f50cb2322c5ed59c15c60d58da0f8719,,gx-no-cache=1521662089976 HTTP/1.1" 200 4952
192.168.10.61 - - [21/Mar/2018:16:56:49 -0300] "POST /cormun/servlet/trsolicitudgral?f24494aec1e43ace24f80ad8b7f47d05,,gx-no-cache=1521662066698 HTTP/1.1" 200 7560
192.168.10.61 - - [21/Mar/2018:16:56:49 -0300] "GET /cormun/static/Shared/jqueryui/images/ui-bg_highlight-soft_100_c6c2c8_1x100.png HTTP/1.1" 404 1117
192.168.10.61 - - [21/Mar/2018:16:56:49 -0300] "GET /cormun/static/Shared/jqueryui/images/ui-icons_82798d_256x240.png HTTP/1.1" 404 1089
192.168.10.61 - - [21/Mar/2018:16:56:49 -0300] "GET /cormun/static/Shared/jqueryui/images/ui-icons_8d78a5_256x240.png HTTP/1.1" 404 1089
192.168.10.61 - - [21/Mar/2018:16:56:49 -0300] "GET /cormun/static/Shared/jqueryui/images/ui-bg_flat_55_fafafa_40x100.png HTTP/1.1" 404 1097
192.168.10.61 - - [21/Mar/2018:16:57:02 -0300] "POST /cormun/servlet/trsolicitudgral?f24494aec1e43ace24f80ad8b7f47d05,,gx-no-cache=1521662079512 HTTP/1.1" 200 115
192.168.10.61 - - [21/Mar/2018:16:57:02 -0300] "GET /cormun/servlet/solicitudotlog?INS,2018,9347,0,REC, HTTP/1.1" 200 6289
192.168.10.61 - - [21/Mar/2018:16:57:02 -0300] "GET /cormun/servlet/solicitudotlog?INS,2018,9347,0,REC, HTTP/1.1" 200 6289
192.168.10.61 - - [21/Mar/2018:16:57:03 -0300] "GET /cormun/servlet/solicitudotlog?7c20c1ab05d2b5680cd51be2cd09c595a30abfbb97109898c32f0d7200f304b06a9e33df1abb4bb086390be4bda28abbf44ac89f59afc1a2b88c067d58191b5314a8944671ed1fb632ea176cdc9f4ae249ebc6bfcab7dd8f7bb435e9eaaaa4e056b86ec8061a61498751834fd2ae5057bee0861a8334dbe4da6d89aba5fc9975331945db19748c7a18919992ba323a82be910974d687bfe36c802bb18892b4cf,gx-no-cache=1521662080476 HTTP/1.1" 200 94
192.168.10.61 - - [21/Mar/2018:16:57:10 -0300] "POST /cormun/servlet/solicitudotlog?f24494aec1e43ace24f80ad8b7f47d05,INS,2018,9347,0,REC,,gx-no-cache=1521662088038 HTTP/1.1" 200 93
192.168.10.61 - - [21/Mar/2018:16:57:10 -0300] "GET /cormun/servlet/hpexe_return? HTTP/1.1" 200 1016
192.168.10.61 - - [21/Mar/2018:16:57:10 -0300] "GET /cormun/servlet/trsolicitudgral? HTTP/1.1" 200 10581
192.168.10.61 - - [21/Mar/2018:16:57:11 -0300] "GET /cormun/servlet/trsolicitudgral? HTTP/1.1" 200 10577
186.67.172.234 - - [21/Mar/2018:16:58:13 -0300] "POST /cormun/servlet/trcontratosolicitud?f50cb2322c5ed59c15c60d58da0f8719,,gx-no-cache=1521662188862 HTTP/1.1" 200 4143
186.67.172.234 - - [21/Mar/2018:16:58:20 -0300] "GET /cormun/servlet/trcontratounov2? HTTP/1.1" 200 17243
186.67.172.234 - - [21/Mar/2018:16:58:20 -0300] "GET /cormun/static/gxcfg.js?201752512124396 HTTP/1.1" 200 953
186.67.172.234 - - [21/Mar/2018:16:58:20 -0300] "GET /cormun/static/Resources/PXToolsAddSelectedAction.png HTTP/1.1" 200 3660
186.67.172.234 - - [21/Mar/2018:16:58:20 -0300] "GET /cormun/static/trcontratounov2.js?201752512125146 HTTP/1.1" 200 38486
186.67.172.234 - - [21/Mar/2018:16:58:23 -0300] "GET /cormun/servlet/trcontratounov2? HTTP/1.1" 200 17262
186.67.172.234 - - [21/Mar/2018:16:58:33 -0300] "POST /cormun/servlet/trcontratounov2?f50cb2322c5ed59c15c60d58da0f8719,,gx-no-cache=1521662209394 HTTP/1.1" 200 105
186.67.172.234 - - [21/Mar/2018:16:58:34 -0300] "GET /cormun/ContratoUnoV3-4225.xls HTTP/1.1" 200 58880
186.67.172.234 - - [21/Mar/2018:16:58:41 -0300] "POST /cormun/servlet/trcontratounov2?f50cb2322c5ed59c15c60d58da0f8719,,gx-no-cache=1521662216519 HTTP/1.1" 200 16504
186.67.172.234 - - [21/Mar/2018:16:58:41 -0300] "GET /cormun/static/Resources/PXToolsGridNext.gif HTTP/1.1" 200 369
186.67.172.234 - - [21/Mar/2018:16:58:41 -0300] "GET /cormun/static/Resources/PXToolsGridLast.gif HTTP/1.1" 200 370
186.67.172.234 - - [21/Mar/2018:16:58:44 -0300] "POST /cormun/servlet/trcontratounov2?f50cb2322c5ed59c15c60d58da0f8719,,gx-no-cache=1521662219878 HTTP/1.1" 200 16480
186.67.172.234 - - [21/Mar/2018:16:58:46 -0300] "POST /cormun/servlet/trcontratounov2?f50cb2322c5ed59c15c60d58da0f8719,,gx-no-cache=1521662221506 HTTP/1.1" 200 16476
186.67.172.234 - - [21/Mar/2018:16:58:49 -0300] "POST /cormun/servlet/trcontratounov2?f50cb2322c5ed59c15c60d58da0f8719,,gx-no-cache=1521662224596 HTTP/1.1" 200 16485
186.67.172.234 - - [21/Mar/2018:16:59:00 -0300] "POST /cormun/servlet/trcontratounov2?f50cb2322c5ed59c15c60d58da0f8719,,gx-no-cache=1521662236005 HTTP/1.1" 200 14782
186.67.172.234 - - [21/Mar/2018:16:59:06 -0300] "POST /cormun/servlet/trcontratounov2?f50cb2322c5ed59c15c60d58da0f8719,,gx-no-cache=1521662242109 HTTP/1.1" 200 15138
186.67.172.234 - - [21/Mar/2018:16:59:06 -0300] "GET /cormun/static/Resources/PXToolsGridFirst.gif HTTP/1.1" 200 379
186.67.172.234 - - [21/Mar/2018:16:59:06 -0300] "GET /cormun/static/Resources/PXToolsGridPrevious.gif HTTP/1.1" 200 369
186.67.172.234 - - [21/Mar/2018:16:59:08 -0300] "POST /cormun/servlet/trcontratounov2?f50cb2322c5ed59c15c60d58da0f8719,,gx-no-cache=1521662243581 HTTP/1.1" 200 14842
186.67.172.234 - - [21/Mar/2018:16:59:12 -0300] "POST /cormun/servlet/trcontratounov2?f50cb2322c5ed59c15c60d58da0f8719,,gx-no-cache=1521662247685 HTTP/1.1" 200 15129
186.67.172.234 - - [21/Mar/2018:16:59:16 -0300] "POST /cormun/servlet/trcontratounov2?f50cb2322c5ed59c15c60d58da0f8719,,gx-no-cache=1521662252076 HTTP/1.1" 200 15053
186.67.172.234 - - [21/Mar/2018:16:59:20 -0300] "POST /cormun/servlet/trcontratounov2?f50cb2322c5ed59c15c60d58da0f8719,,gx-no-cache=1521662255508 HTTP/1.1" 200 14872
186.67.172.234 - - [21/Mar/2018:16:59:22 -0300] "POST /cormun/servlet/trcontratounov2?f50cb2322c5ed59c15c60d58da0f8719,,gx-no-cache=1521662257988 HTTP/1.1" 200 12517
186.67.172.234 - - [21/Mar/2018:17:01:37 -0300] "GET /cormun/servlet/trsolicitudot? HTTP/1.1" 200 9497
186.67.172.234 - - [21/Mar/2018:17:01:38 -0300] "GET /cormun/servlet/trsolicitudot? HTTP/1.1" 200 9496
192.168.10.62 - - [21/Mar/2018:17:06:49 -0300] "POST /cormun/servlet/trsolicitudgral?92e44658d942819b2ccfaacd1da7a682,,gx-no-cache=1521662641852 HTTP/1.1" 200 24903
192.168.10.62 - - [21/Mar/2018:17:06:52 -0300] "POST /cormun/servlet/trsolicitudgral?92e44658d942819b2ccfaacd1da7a682,,gx-no-cache=1521662645181 HTTP/1.1" 200 105
192.168.10.62 - - [21/Mar/2018:17:06:52 -0300] "GET /cormun/SolicitudGral-2787.xls HTTP/1.1" 200 49152
186.67.172.234 - - [21/Mar/2018:17:07:25 -0300] "GET /cormun/servlet/licenciaspermisos?c416a51e2084cdfa22adc0b1aa0b63cea7fcd9ec2eba6855865ff0cd0c9bbe8b89a017049cbc0b816e84fdd2b2566cc5,gx-no-cache=1521662793025 HTTP/1.1" 200 74
186.67.172.234 - - [21/Mar/2018:17:07:25 -0300] "POST /cormun/servlet/licenciaspermisos?55b5d6137ccbed3505f6c46a8391ee85,INS,0,,,,gx-no-cache=1521662793307 HTTP/1.1" 200 4682
186.67.172.234 - - [21/Mar/2018:17:07:47 -0300] "GET /cormun/static/menuarrow.gif HTTP/1.1" 404 1015
186.103.156.24 - - [21/Mar/2018:17:08:32 -0300] "GET /cormun/servlet/hlogin HTTP/1.1" 200 1721
186.103.156.24 - - [21/Mar/2018:17:08:43 -0300] "POST /cormun/servlet/hlogin?a8bc6187af1b9cbd62d0777ef4a5549c,gx-no-cache=1521662873618 HTTP/1.1" 200 90
186.103.156.24 - - [21/Mar/2018:17:08:43 -0300] "GET /cormun/servlet/hpexe_link HTTP/1.1" 200 952
186.103.156.24 - - [21/Mar/2018:17:08:43 -0300] "GET /cormun/servlet/hhome HTTP/1.1" 200 4233
186.103.156.24 - - [21/Mar/2018:17:08:44 -0300] "GET /cormun/servlet/hhome HTTP/1.1" 200 4229
186.103.156.24 - - [21/Mar/2018:17:08:47 -0300] "GET /cormun/servlet/trlicencias? HTTP/1.1" 200 10343
186.103.156.24 - - [21/Mar/2018:17:08:48 -0300] "GET /cormun/servlet/trlicencias? HTTP/1.1" 200 10340
186.103.156.24 - - [21/Mar/2018:17:08:55 -0300] "GET /cormun/servlet/alicenciaprn?9826174,L,20180319000000,PU HTTP/1.1" 200 1543
186.103.159.204 - - [21/Mar/2018:17:09:38 -0300] "POST /cormun/servlet/trsolicitudot?3f5ea993a82d21563d824483d2c47349,gx-no-cache=1521660759410,gx-no-cache=1521662922258 HTTP/1.1" 200 6986
186.103.159.204 - - [21/Mar/2018:17:09:38 -0300] "GET /cormun/static/Shared/jqueryui/images/ui-bg_highlight-soft_100_c6c2c8_1x100.png HTTP/1.1" 404 1117
186.103.159.204 - - [21/Mar/2018:17:09:38 -0300] "GET /cormun/static/Shared/jqueryui/images/ui-bg_flat_55_fafafa_40x100.png HTTP/1.1" 404 1097
186.103.159.204 - - [21/Mar/2018:17:09:39 -0300] "GET /cormun/static/Shared/jqueryui/images/ui-icons_82798d_256x240.png HTTP/1.1" 404 1089
186.103.159.204 - - [21/Mar/2018:17:09:39 -0300] "GET /cormun/static/Shared/jqueryui/images/ui-icons_8d78a5_256x240.png HTTP/1.1" 404 1089
186.103.159.204 - - [21/Mar/2018:17:10:12 -0300] "POST /cormun/servlet/trsolicitudot?3f5ea993a82d21563d824483d2c47349,gx-no-cache=1521660759410,gx-no-cache=1521662956186 HTTP/1.1" 200 107
186.103.159.204 - - [21/Mar/2018:17:10:12 -0300] "GET /cormun/servlet/trsolicitudadjuntos?2018,10765, HTTP/1.1" 200 5999
186.103.159.204 - - [21/Mar/2018:17:10:12 -0300] "GET /cormun/static/gxcfg.js?20177612135366 HTTP/1.1" 200 953
186.103.159.204 - - [21/Mar/2018:17:10:12 -0300] "GET /cormun/static/calendar-system.css?75620 HTTP/1.1" 200 5572
186.103.159.204 - - [21/Mar/2018:17:10:12 -0300] "GET /cormun/static/trsolicitudadjuntos.js?20177612135632 HTTP/1.1" 200 17922
186.103.159.204 - - [21/Mar/2018:17:10:13 -0300] "GET /cormun/servlet/trsolicitudadjuntos?2018,10765, HTTP/1.1" 200 5977
186.103.159.204 - - [21/Mar/2018:17:10:16 -0300] "GET /cormun/servlet/solicitudotadjuntos?INS,2018,10765,,2, HTTP/1.1" 200 5931
186.103.159.204 - - [21/Mar/2018:17:10:17 -0300] "GET /cormun/static/gxcfg.js?2017761244068 HTTP/1.1" 200 953
186.103.159.204 - - [21/Mar/2018:17:10:18 -0300] "GET /cormun/static/solicitudotadjuntos.js?2017761244086 HTTP/1.1" 200 11771
186.103.159.204 - - [21/Mar/2018:17:10:18 -0300] "GET /cormun/static/about:blank HTTP/1.1" 404 1011
186.103.159.204 - - [21/Mar/2018:17:10:18 -0300] "GET /cormun/servlet/solicitudotadjuntos?INS,2018,10765,,2, HTTP/1.1" 200 5925
186.103.159.204 - - [21/Mar/2018:17:10:19 -0300] "GET /cormun/servlet/solicitudotadjuntos?990456c93b679d25785ade1bbfdb9694f0f3312e016bd1f9b868d3a8e564bce4df59d844e0b2cce214d8b6579426f1eb,gx-no-cache=1521662963362 HTTP/1.1" 200 30
186.103.159.204 - - [21/Mar/2018:17:10:19 -0300] "POST /cormun/servlet/solicitudotadjuntos?3f5ea993a82d21563d824483d2c47349,INS,2018,10765,,2,,gx-no-cache=1521662963382 HTTP/1.1" 200 4016
186.103.159.204 - - [21/Mar/2018:17:10:26 -0300] "GET /cormun/servlet/trsolicitudadjuntos?2018,10765, HTTP/1.1" 200 5999
186.103.159.204 - - [21/Mar/2018:17:10:26 -0300] "GET /cormun/servlet/trsolicitudadjuntos?2018,10765, HTTP/1.1" 200 5977
186.103.159.204 - - [21/Mar/2018:17:10:30 -0300] "GET /cormun/servlet/solicitudotadjuntos?INS,2018,10765,,1, HTTP/1.1" 200 5932
186.103.159.204 - - [21/Mar/2018:17:10:30 -0300] "GET /cormun/static/about:blank HTTP/1.1" 404 1011
186.103.159.204 - - [21/Mar/2018:17:10:30 -0300] "GET /cormun/servlet/solicitudotadjuntos?INS,2018,10765,,1, HTTP/1.1" 200 5925
186.103.159.204 - - [21/Mar/2018:17:10:31 -0300] "GET /cormun/servlet/solicitudotadjuntos?990456c93b679d25785ade1bbfdb9694f0f3312e016bd1f9b868d3a8e564bce4df59d844e0b2cce214d8b6579426f1eb,gx-no-cache=1521662975476 HTTP/1.1" 200 30
186.103.159.204 - - [21/Mar/2018:17:10:31 -0300] "POST /cormun/servlet/solicitudotadjuntos?3f5ea993a82d21563d824483d2c47349,INS,2018,10765,,1,,gx-no-cache=1521662975506 HTTP/1.1" 200 3806
186.103.159.204 - - [21/Mar/2018:17:10:40 -0300] "POST /cormun/servlet/solicitudotadjuntos?gx-no-cache=1521662984568 HTTP/1.1" 200 26
186.103.159.204 - - [21/Mar/2018:17:11:09 -0300] "GET /cormun/servlet/solicitudotadjuntos?990456c93b679d25785ade1bbfdb9694ee4794a8326bfdbef5a133bdcae5bc0a,gx-no-cache=1521663013560 HTTP/1.1" 200 30
186.103.159.204 - - [21/Mar/2018:17:11:09 -0300] "GET /cormun/servlet/solicitudotadjuntos?990456c93b679d25785ade1bbfdb9694ee4794a8326bfdbef5a133bdcae5bc0a,gx-no-cache=1521663013660 HTTP/1.1" 200 30
186.103.159.204 - - [21/Mar/2018:17:11:11 -0300] "POST /cormun/servlet/solicitudotadjuntos?3f5ea993a82d21563d824483d2c47349,INS,2018,10765,,1, HTTP/1.1" 200 116
186.103.159.204 - - [21/Mar/2018:17:11:11 -0300] "GET /cormun/servlet/hpexe_return? HTTP/1.1" 200 1029
186.103.159.204 - - [21/Mar/2018:17:11:11 -0300] "GET /cormun/servlet/trsolicitudadjuntos?2018,10765, HTTP/1.1" 200 8380
186.103.159.204 - - [21/Mar/2018:17:11:11 -0300] "GET /cormun/servlet/trsolicitudadjuntos?2018,10765, HTTP/1.1" 200 8376
186.103.159.204 - - [21/Mar/2018:17:11:23 -0300] "GET /cormun/servlet/solicitudotadjuntos?INS,2018,10765,,1, HTTP/1.1" 200 5931
186.103.159.204 - - [21/Mar/2018:17:11:23 -0300] "GET /cormun/static/about:blank HTTP/1.1" 404 1011
186.103.159.204 - - [21/Mar/2018:17:11:24 -0300] "GET /cormun/servlet/solicitudotadjuntos?INS,2018,10765,,1, HTTP/1.1" 200 5925
186.103.159.204 - - [21/Mar/2018:17:11:24 -0300] "GET /cormun/servlet/solicitudotadjuntos?990456c93b679d25785ade1bbfdb9694f0f3312e016bd1f9b868d3a8e564bce4df59d844e0b2cce214d8b6579426f1eb,gx-no-cache=1521663028666 HTTP/1.1" 200 30
186.103.159.204 - - [21/Mar/2018:17:11:24 -0300] "POST /cormun/servlet/solicitudotadjuntos?3f5ea993a82d21563d824483d2c47349,INS,2018,10765,,1,,gx-no-cache=1521663028688 HTTP/1.1" 200 3805
186.103.159.204 - - [21/Mar/2018:17:11:31 -0300] "POST /cormun/servlet/solicitudotadjuntos?gx-no-cache=1521663035826 HTTP/1.1" 200 26
186.103.159.204 - - [21/Mar/2018:17:11:46 -0300] "GET /cormun/servlet/solicitudotadjuntos?990456c93b679d25785ade1bbfdb9694ee4794a8326bfdbef5a133bdcae5bc0a,gx-no-cache=1521663050526 HTTP/1.1" 200 30
186.103.159.204 - - [21/Mar/2018:17:11:46 -0300] "GET /cormun/servlet/solicitudotadjuntos?990456c93b679d25785ade1bbfdb9694ee4794a8326bfdbef5a133bdcae5bc0a,gx-no-cache=1521663051004 HTTP/1.1" 200 30
186.103.159.204 - - [21/Mar/2018:17:11:47 -0300] "POST /cormun/servlet/solicitudotadjuntos?3f5ea993a82d21563d824483d2c47349,INS,2018,10765,,1, HTTP/1.1" 200 116
186.103.159.204 - - [21/Mar/2018:17:11:47 -0300] "GET /cormun/servlet/hpexe_return? HTTP/1.1" 200 1029
186.103.159.204 - - [21/Mar/2018:17:11:47 -0300] "GET /cormun/servlet/trsolicitudadjuntos?2018,10765, HTTP/1.1" 200 8624
186.103.159.204 - - [21/Mar/2018:17:11:48 -0300] "GET /cormun/servlet/trsolicitudadjuntos?2018,10765, HTTP/1.1" 200 8623
186.103.159.204 - - [21/Mar/2018:17:12:02 -0300] "GET /cormun/servlet/solicitudotadjuntos?INS,2018,10765,,1, HTTP/1.1" 200 5932
186.103.159.204 - - [21/Mar/2018:17:12:03 -0300] "GET /cormun/static/about:blank HTTP/1.1" 404 1011
186.103.159.204 - - [21/Mar/2018:17:12:03 -0300] "GET /cormun/servlet/solicitudotadjuntos?INS,2018,10765,,1, HTTP/1.1" 200 5925
186.103.159.204 - - [21/Mar/2018:17:12:03 -0300] "GET /cormun/servlet/solicitudotadjuntos?990456c93b679d25785ade1bbfdb9694f0f3312e016bd1f9b868d3a8e564bce4df59d844e0b2cce214d8b6579426f1eb,gx-no-cache=1521663067876 HTTP/1.1" 200 30
186.103.159.204 - - [21/Mar/2018:17:12:03 -0300] "POST /cormun/servlet/solicitudotadjuntos?3f5ea993a82d21563d824483d2c47349,INS,2018,10765,,1,,gx-no-cache=1521663067896 HTTP/1.1" 200 3806
186.103.159.204 - - [21/Mar/2018:17:12:08 -0300] "POST /cormun/servlet/solicitudotadjuntos?gx-no-cache=1521663072208 HTTP/1.1" 200 26
186.103.159.204 - - [21/Mar/2018:17:12:23 -0300] "GET /cormun/servlet/solicitudotadjuntos?990456c93b679d25785ade1bbfdb9694ee4794a8326bfdbef5a133bdcae5bc0a,gx-no-cache=1521663087976 HTTP/1.1" 200 30
186.103.159.204 - - [21/Mar/2018:17:12:23 -0300] "GET /cormun/servlet/solicitudotadjuntos?990456c93b679d25785ade1bbfdb9694ee4794a8326bfdbef5a133bdcae5bc0a,gx-no-cache=1521663087994 HTTP/1.1" 200 30
186.103.159.204 - - [21/Mar/2018:17:12:24 -0300] "POST /cormun/servlet/solicitudotadjuntos?3f5ea993a82d21563d824483d2c47349,INS,2018,10765,,1, HTTP/1.1" 200 116
186.103.159.204 - - [21/Mar/2018:17:12:24 -0300] "GET /cormun/servlet/hpexe_return? HTTP/1.1" 200 1029
186.103.159.204 - - [21/Mar/2018:17:12:24 -0300] "GET /cormun/servlet/trsolicitudadjuntos?2018,10765, HTTP/1.1" 200 8809
186.103.159.204 - - [21/Mar/2018:17:12:25 -0300] "GET /cormun/servlet/trsolicitudadjuntos?2018,10765, HTTP/1.1" 200 8806
186.103.159.204 - - [21/Mar/2018:17:12:29 -0300] "GET /cormun/servlet/solicitudotadjuntos?INS,2018,10765,,1, HTTP/1.1" 200 5932
186.103.159.204 - - [21/Mar/2018:17:12:29 -0300] "GET /cormun/static/about:blank HTTP/1.1" 404 1011
186.103.159.204 - - [21/Mar/2018:17:12:29 -0300] "GET /cormun/servlet/solicitudotadjuntos?INS,2018,10765,,1, HTTP/1.1" 200 5925
186.103.159.204 - - [21/Mar/2018:17:12:29 -0300] "GET /cormun/servlet/solicitudotadjuntos?990456c93b679d25785ade1bbfdb9694f0f3312e016bd1f9b868d3a8e564bce4df59d844e0b2cce214d8b6579426f1eb,gx-no-cache=1521663094042 HTTP/1.1" 200 30
186.103.156.24 - - [21/Mar/2018:17:12:36 -0300] "GET /cormun/servlet/hlogin HTTP/1.1" 200 1721
186.103.159.204 - - [21/Mar/2018:17:12:43 -0300] "POST /cormun/servlet/solicitudotadjuntos?3f5ea993a82d21563d824483d2c47349,INS,2018,10765,,1,,gx-no-cache=1521663103064 HTTP/1.1" 200 3806
200.112.0.226 - - [21/Mar/2018:17:12:44 -0300] "GET /cormun/servlet/hlogin HTTP/1.1" 200 1723
200.112.0.226 - - [21/Mar/2018:17:12:44 -0300] "GET /cormun/servlet/hlogin HTTP/1.1" 200 1734
200.112.0.226 - - [21/Mar/2018:17:12:46 -0300] "POST /cormun/servlet/hlogin?ebe07279111dca5b3b4a8a64f25d6946,gx-no-cache=1521663116157 HTTP/1.1" 200 90
200.112.0.226 - - [21/Mar/2018:17:12:46 -0300] "GET /cormun/servlet/hpexe_link HTTP/1.1" 200 952
200.112.0.226 - - [21/Mar/2018:17:12:47 -0300] "GET /cormun/servlet/hhome HTTP/1.1" 200 4000
186.103.156.24 - - [21/Mar/2018:17:12:47 -0300] "POST /cormun/servlet/hlogin?26fd354b6c32ccd4cb98645f7ae67b9b,gx-no-cache=1521663117854 HTTP/1.1" 200 90
186.103.156.24 - - [21/Mar/2018:17:12:47 -0300] "GET /cormun/servlet/hpexe_link HTTP/1.1" 200 953
186.103.159.204 - - [21/Mar/2018:17:12:47 -0300] "POST /cormun/servlet/solicitudotadjuntos?gx-no-cache=1521663111998 HTTP/1.1" 200 26
186.103.156.24 - - [21/Mar/2018:17:12:47 -0300] "GET /cormun/servlet/hhome HTTP/1.1" 200 4232
200.112.0.226 - - [21/Mar/2018:17:12:48 -0300] "GET /cormun/servlet/hhome HTTP/1.1" 200 3996
186.103.156.24 - - [21/Mar/2018:17:12:48 -0300] "GET /cormun/servlet/hhome HTTP/1.1" 200 4228
200.112.0.226 - - [21/Mar/2018:17:12:52 -0300] "GET /cormun/servlet/trsolicitudot? HTTP/1.1" 200 7215
186.103.156.24 - - [21/Mar/2018:17:12:52 -0300] "GET /cormun/servlet/trsolicitudot? HTTP/1.1" 200 7446
200.112.0.226 - - [21/Mar/2018:17:12:52 -0300] "GET /cormun/servlet/trsolicitudot? HTTP/1.1" 200 7214
186.103.156.24 - - [21/Mar/2018:17:12:53 -0300] "GET /cormun/servlet/trsolicitudot? HTTP/1.1" 200 7446
186.103.156.24 - - [21/Mar/2018:17:12:55 -0300] "GET /cormun/static/menuarrow.gif HTTP/1.1" 404 1015
200.112.0.226 - - [21/Mar/2018:17:12:55 -0300] "GET /cormun/static/menuarrow.gif HTTP/1.1" 404 1015
186.103.159.204 - - [21/Mar/2018:17:12:58 -0300] "GET /cormun/servlet/solicitudotadjuntos?990456c93b679d25785ade1bbfdb9694ee4794a8326bfdbef5a133bdcae5bc0a,gx-no-cache=1521663122262 HTTP/1.1" 200 30
186.103.159.204 - - [21/Mar/2018:17:12:58 -0300] "GET /cormun/servlet/solicitudotadjuntos?990456c93b679d25785ade1bbfdb9694ee4794a8326bfdbef5a133bdcae5bc0a,gx-no-cache=1521663122288 HTTP/1.1" 200 30
186.103.159.204 - - [21/Mar/2018:17:12:58 -0300] "POST /cormun/servlet/solicitudotadjuntos?3f5ea993a82d21563d824483d2c47349,INS,2018,10765,,1, HTTP/1.1" 200 116
186.103.159.204 - - [21/Mar/2018:17:12:58 -0300] "GET /cormun/servlet/hpexe_return? HTTP/1.1" 200 1029
186.103.159.204 - - [21/Mar/2018:17:12:59 -0300] "GET /cormun/servlet/trsolicitudadjuntos?2018,10765, HTTP/1.1" 200 8961
186.103.159.204 - - [21/Mar/2018:17:12:59 -0300] "GET /cormun/servlet/trsolicitudadjuntos?2018,10765, HTTP/1.1" 200 8959
186.103.159.204 - - [21/Mar/2018:17:13:03 -0300] "GET /cormun/servlet/solicitudotadjuntos?INS,2018,10765,,1, HTTP/1.1" 200 5931
186.103.159.204 - - [21/Mar/2018:17:13:04 -0300] "GET /cormun/static/about:blank HTTP/1.1" 404 1011
186.103.159.204 - - [21/Mar/2018:17:13:04 -0300] "GET /cormun/servlet/solicitudotadjuntos?INS,2018,10765,,1, HTTP/1.1" 200 5925
186.103.159.204 - - [21/Mar/2018:17:13:04 -0300] "GET /cormun/servlet/solicitudotadjuntos?990456c93b679d25785ade1bbfdb9694f0f3312e016bd1f9b868d3a8e564bce4df59d844e0b2cce214d8b6579426f1eb,gx-no-cache=1521663128832 HTTP/1.1" 200 30
186.103.159.204 - - [21/Mar/2018:17:13:04 -0300] "POST /cormun/servlet/solicitudotadjuntos?3f5ea993a82d21563d824483d2c47349,INS,2018,10765,,1,,gx-no-cache=1521663128852 HTTP/1.1" 200 3806
186.103.156.24 - - [21/Mar/2018:17:13:05 -0300] "POST /cormun/servlet/trsolicitudot?26fd354b6c32ccd4cb98645f7ae67b9b,,gx-no-cache=1521663135167 HTTP/1.1" 200 23079
200.112.0.226 - - [21/Mar/2018:17:13:06 -0300] "POST /cormun/servlet/trsolicitudot?ebe07279111dca5b3b4a8a64f25d6946,,gx-no-cache=1521663135735 HTTP/1.1" 200 9741
186.103.159.204 - - [21/Mar/2018:17:13:09 -0300] "POST /cormun/servlet/solicitudotadjuntos?gx-no-cache=1521663133264 HTTP/1.1" 200 26
186.103.159.204 - - [21/Mar/2018:17:13:18 -0300] "GET /cormun/servlet/solicitudotadjuntos?990456c93b679d25785ade1bbfdb9694ee4794a8326bfdbef5a133bdcae5bc0a,gx-no-cache=1521663142750 HTTP/1.1" 200 30
186.103.156.24 - - [21/Mar/2018:17:13:18 -0300] "GET /cormun/servlet/vesolicitudot?2018,10156,, HTTP/1.1" 200 8643
186.103.156.24 - - [21/Mar/2018:17:13:18 -0300] "GET /cormun/pexe_scrolldiv.js HTTP/1.1" 404 1009
186.103.156.24 - - [21/Mar/2018:17:13:19 -0300] "GET /cormun/pexe_scrolldiv.js HTTP/1.1" 404 1009
186.103.159.204 - - [21/Mar/2018:17:13:19 -0300] "GET /cormun/servlet/solicitudotadjuntos?990456c93b679d25785ade1bbfdb9694ee4794a8326bfdbef5a133bdcae5bc0a,gx-no-cache=1521663143218 HTTP/1.1" 200 30
186.103.156.24 - - [21/Mar/2018:17:13:19 -0300] "GET /cormun/servlet/vesolicitudot?2018,10156,, HTTP/1.1" 200 8643
186.103.159.204 - - [21/Mar/2018:17:13:22 -0300] "POST /cormun/servlet/solicitudotadjuntos?3f5ea993a82d21563d824483d2c47349,INS,2018,10765,,1, HTTP/1.1" 200 116
186.103.159.204 - - [21/Mar/2018:17:13:23 -0300] "GET /cormun/servlet/hpexe_return? HTTP/1.1" 200 1029
186.103.159.204 - - [21/Mar/2018:17:13:23 -0300] "GET /cormun/servlet/trsolicitudadjuntos?2018,10765, HTTP/1.1" 200 9240
186.103.159.204 - - [21/Mar/2018:17:13:24 -0300] "GET /cormun/servlet/trsolicitudadjuntos?2018,10765, HTTP/1.1" 200 9239
186.103.156.24 - - [21/Mar/2018:17:13:25 -0300] "POST /cormun/servlet/vesolicitudot?26fd354b6c32ccd4cb98645f7ae67b9b,2018,10156,,,gx-no-cache=1521663155188 HTTP/1.1" 200 93
186.103.156.24 - - [21/Mar/2018:17:13:25 -0300] "GET /cormun/servlet/hpexe_return? HTTP/1.1" 200 1015
186.103.157.98 - - [21/Mar/2018:17:13:25 -0300] "GET /cormun/servlet/hlogin HTTP/1.1" 200 1722
186.103.157.98 - - [21/Mar/2018:17:13:25 -0300] "GET /cormun/servlet/hlogin HTTP/1.1" 200 1728
186.103.156.24 - - [21/Mar/2018:17:13:25 -0300] "GET /cormun/servlet/trsolicitudot? HTTP/1.1" 200 25796
186.103.156.24 - - [21/Mar/2018:17:13:27 -0300] "GET /cormun/servlet/trsolicitudot? HTTP/1.1" 200 25792
186.103.159.204 - - [21/Mar/2018:17:13:31 -0300] "GET /cormun/servlet/solicitudotadjuntos?INS,2018,10765,,1, HTTP/1.1" 200 5931
186.103.159.204 - - [21/Mar/2018:17:13:31 -0300] "GET /cormun/static/about:blank HTTP/1.1" 404 1011
186.103.159.204 - - [21/Mar/2018:17:13:31 -0300] "GET /cormun/servlet/solicitudotadjuntos?INS,2018,10765,,1, HTTP/1.1" 200 5925
186.103.159.204 - - [21/Mar/2018:17:13:32 -0300] "GET /cormun/servlet/solicitudotadjuntos?990456c93b679d25785ade1bbfdb9694f0f3312e016bd1f9b868d3a8e564bce4df59d844e0b2cce214d8b6579426f1eb,gx-no-cache=1521663156490 HTTP/1.1" 200 30
186.103.159.204 - - [21/Mar/2018:17:13:32 -0300] "POST /cormun/servlet/solicitudotadjuntos?3f5ea993a82d21563d824483d2c47349,INS,2018,10765,,1,,gx-no-cache=1521663156512 HTTP/1.1" 200 3806
186.103.157.98 - - [21/Mar/2018:17:13:35 -0300] "POST /cormun/servlet/hlogin?625a63eefb865ddd7f300e70862430f0,gx-no-cache=1521663164462 HTTP/1.1" 200 90
186.103.157.98 - - [21/Mar/2018:17:13:35 -0300] "GET /cormun/servlet/hpexe_link HTTP/1.1" 200 951
186.103.157.98 - - [21/Mar/2018:17:13:35 -0300] "GET /cormun/servlet/hhome HTTP/1.1" 200 4251
186.103.157.98 - - [21/Mar/2018:17:13:36 -0300] "GET /cormun/servlet/hhome HTTP/1.1" 200 4247
186.103.159.204 - - [21/Mar/2018:17:13:39 -0300] "POST /cormun/servlet/solicitudotadjuntos?gx-no-cache=1521663164006 HTTP/1.1" 200 26
200.112.0.226 - - [21/Mar/2018:17:13:41 -0300] "POST /cormun/servlet/trsolicitudot?ebe07279111dca5b3b4a8a64f25d6946,,gx-no-cache=1521663169448 HTTP/1.1" 200 22517
200.112.0.226 - - [21/Mar/2018:17:13:41 -0300] "GET /cormun/static/Resources/PXToolsGridNext.gif HTTP/1.1" 200 369
200.112.0.226 - - [21/Mar/2018:17:13:41 -0300] "GET /cormun/static/Resources/PXToolsGridLast.gif HTTP/1.1" 200 370
186.103.157.98 - - [21/Mar/2018:17:13:41 -0300] "GET /cormun/servlet/trlicencias? HTTP/1.1" 200 8968
186.103.157.98 - - [21/Mar/2018:17:13:42 -0300] "GET /cormun/static/gxcfg.js?20176272054169 HTTP/1.1" 304 -
186.103.157.98 - - [21/Mar/2018:17:13:42 -0300] "GET /cormun/servlet/trlicencias? HTTP/1.1" 200 8966
192.168.10.62 - - [21/Mar/2018:17:13:43 -0300] "POST /cormun/servlet/trsolicitudgral?92e44658d942819b2ccfaacd1da7a682,,gx-no-cache=1521663056462 HTTP/1.1" 200 22616
186.103.156.24 - - [21/Mar/2018:17:13:45 -0300] "GET /cormun/servlet/vesolicitudot?2018,8418,, HTTP/1.1" 200 8660
186.103.156.24 - - [21/Mar/2018:17:13:45 -0300] "GET /cormun/pexe_scrolldiv.js HTTP/1.1" 404 1009
186.103.156.24 - - [21/Mar/2018:17:13:45 -0300] "GET /cormun/pexe_scrolldiv.js HTTP/1.1" 404 1009
192.168.10.62 - - [21/Mar/2018:17:13:46 -0300] "POST /cormun/servlet/trsolicitudgral?92e44658d942819b2ccfaacd1da7a682,,gx-no-cache=1521663059116 HTTP/1.1" 200 105
192.168.10.62 - - [21/Mar/2018:17:13:46 -0300] "GET /cormun/SolicitudGral-8575.xls HTTP/1.1" 200 24576
186.103.156.24 - - [21/Mar/2018:17:13:46 -0300] "GET /cormun/servlet/vesolicitudot?2018,8418,, HTTP/1.1" 200 8659
186.103.159.204 - - [21/Mar/2018:17:13:49 -0300] "GET /cormun/servlet/solicitudotadjuntos?990456c93b679d25785ade1bbfdb9694ee4794a8326bfdbef5a133bdcae5bc0a,gx-no-cache=1521663173518 HTTP/1.1" 200 30
186.103.159.204 - - [21/Mar/2018:17:13:50 -0300] "GET /cormun/servlet/solicitudotadjuntos?990456c93b679d25785ade1bbfdb9694ee4794a8326bfdbef5a133bdcae5bc0a,gx-no-cache=1521663174224 HTTP/1.1" 200 30
186.103.159.204 - - [21/Mar/2018:17:13:50 -0300] "POST /cormun/servlet/solicitudotadjuntos?3f5ea993a82d21563d824483d2c47349,INS,2018,10765,,1, HTTP/1.1" 200 116
186.103.159.204 - - [21/Mar/2018:17:13:50 -0300] "GET /cormun/servlet/hpexe_return? HTTP/1.1" 200 1029
186.103.156.24 - - [21/Mar/2018:17:13:50 -0300] "POST /cormun/servlet/vesolicitudot?26fd354b6c32ccd4cb98645f7ae67b9b,2018,8418,,,gx-no-cache=1521663180711 HTTP/1.1" 200 93
186.103.156.24 - - [21/Mar/2018:17:13:50 -0300] "GET /cormun/servlet/hpexe_return? HTTP/1.1" 200 1011
186.103.159.204 - - [21/Mar/2018:17:13:51 -0300] "GET /cormun/servlet/trsolicitudadjuntos?2018,10765, HTTP/1.1" 200 9490
186.103.159.204 - - [21/Mar/2018:17:13:51 -0300] "GET /cormun/servlet/trsolicitudadjuntos?2018,10765, HTTP/1.1" 200 9485
186.103.156.24 - - [21/Mar/2018:17:13:51 -0300] "GET /cormun/servlet/trsolicitudot HTTP/1.1" 200 25796
186.103.157.98 - - [21/Mar/2018:17:13:52 -0300] "GET /cormun/servlet/licenciaspermisos?INS,0,,, HTTP/1.1" 200 7788
186.103.157.98 - - [21/Mar/2018:17:13:52 -0300] "GET /cormun/static/gxcfg.js?201762917281167 HTTP/1.1" 304 -
186.103.157.98 - - [21/Mar/2018:17:13:52 -0300] "GET /cormun/servlet/licenciaspermisos?INS,0,,, HTTP/1.1" 200 7796
186.103.156.24 - - [21/Mar/2018:17:13:53 -0300] "GET /cormun/servlet/trsolicitudot HTTP/1.1" 200 25792
186.103.156.24 - - [21/Mar/2018:17:14:01 -0300] "GET /cormun/servlet/vesolicitudot?2018,8416,, HTTP/1.1" 200 8682
186.103.156.24 - - [21/Mar/2018:17:14:01 -0300] "GET /cormun/pexe_scrolldiv.js HTTP/1.1" 404 1009
186.103.156.24 - - [21/Mar/2018:17:14:01 -0300] "GET /cormun/pexe_scrolldiv.js HTTP/1.1" 404 1009
186.103.156.24 - - [21/Mar/2018:17:14:01 -0300] "GET /cormun/servlet/vesolicitudot?2018,8416,, HTTP/1.1" 200 8682
186.103.159.204 - - [21/Mar/2018:17:14:12 -0300] "GET /cormun/servlet/hpexe_return? HTTP/1.1" 200 1045
186.103.159.204 - - [21/Mar/2018:17:14:12 -0300] "GET /cormun/servlet/trsolicitudot?gx-no-cache=1521660759410 HTTP/1.1" 200 9555
186.103.159.204 - - [21/Mar/2018:17:14:12 -0300] "GET /cormun/servlet/trsolicitudot?gx-no-cache=1521660759410 HTTP/1.1" 200 9572
186.103.156.24 - - [21/Mar/2018:17:14:14 -0300] "POST /cormun/servlet/vesolicitudot?26fd354b6c32ccd4cb98645f7ae67b9b,2018,8416,,,gx-no-cache=1521663204703 HTTP/1.1" 200 93
186.103.156.24 - - [21/Mar/2018:17:14:14 -0300] "GET /cormun/servlet/hpexe_return? HTTP/1.1" 200 1012
186.103.156.24 - - [21/Mar/2018:17:14:15 -0300] "GET /cormun/servlet/trsolicitudot HTTP/1.1" 200 25796
186.103.159.204 - - [21/Mar/2018:17:14:16 -0300] "POST /cormun/servlet/trsolicitudot?3f5ea993a82d21563d824483d2c47349,gx-no-cache=1521660759410,gx-no-cache=1521663200412 HTTP/1.1" 200 107
186.103.156.24 - - [21/Mar/2018:17:14:16 -0300] "GET /cormun/servlet/trsolicitudot HTTP/1.1" 200 25792
186.103.159.204 - - [21/Mar/2018:17:14:16 -0300] "GET /cormun/servlet/trsolicitudadjuntos?2018,10765, HTTP/1.1" 200 9506
186.103.159.204 - - [21/Mar/2018:17:14:17 -0300] "GET /cormun/servlet/trsolicitudadjuntos?2018,10765, HTTP/1.1" 200 9489
186.103.159.204 - - [21/Mar/2018:17:14:20 -0300] "GET /cormun/servlet/trsolicitudot?gx-no-cache=1521660759410 HTTP/1.1" 200 9555
186.103.157.98 - - [21/Mar/2018:17:14:21 -0300] "GET /cormun/servlet/licenciaspermisos?1ed9f84140aeba10cd74e162e0be2b8a5d15c220521a03731b02904d3ea603c57b8631cd3162b8e4f6143ce1b02f5541,gx-no-cache=1521663210348 HTTP/1.1" 200 92
186.103.157.98 - - [21/Mar/2018:17:14:21 -0300] "POST /cormun/servlet/licenciaspermisos?625a63eefb865ddd7f300e70862430f0,INS,0,,,,gx-no-cache=1521663210488 HTTP/1.1" 200 4885
192.168.10.62 - - [21/Mar/2018:17:14:24 -0300] "POST /cormun/servlet/trsolicitudgral?92e44658d942819b2ccfaacd1da7a682,,gx-no-cache=1521663097271 HTTP/1.1" 200 22729
186.103.159.204 - - [21/Mar/2018:17:14:24 -0300] "GET /cormun/servlet/trsolicitudot?gx-no-cache=1521660759410 HTTP/1.1" 200 9572
186.103.156.24 - - [21/Mar/2018:17:14:25 -0300] "GET /cormun/servlet/vesolicitudot?2018,8415,, HTTP/1.1" 200 8645
186.103.156.24 - - [21/Mar/2018:17:14:25 -0300] "GET /cormun/pexe_scrolldiv.js HTTP/1.1" 404 1009
186.103.156.24 - - [21/Mar/2018:17:14:25 -0300] "GET /cormun/pexe_scrolldiv.js HTTP/1.1" 404 1009
186.103.156.24 - - [21/Mar/2018:17:14:25 -0300] "GET /cormun/servlet/vesolicitudot?2018,8415,, HTTP/1.1" 200 8645
192.168.10.62 - - [21/Mar/2018:17:14:26 -0300] "POST /cormun/servlet/trsolicitudgral?92e44658d942819b2ccfaacd1da7a682,,gx-no-cache=1521663099747 HTTP/1.1" 200 105
192.168.10.62 - - [21/Mar/2018:17:14:26 -0300] "GET /cormun/SolicitudGral-6511.xls HTTP/1.1" 200 24576
186.103.159.204 - - [21/Mar/2018:17:14:29 -0300] "POST /cormun/servlet/trsolicitudot?3f5ea993a82d21563d824483d2c47349,gx-no-cache=1521660759410,gx-no-cache=1521663213326 HTTP/1.1" 200 6542
186.103.159.204 - - [21/Mar/2018:17:14:29 -0300] "POST /cormun/servlet/trsolicitudot?3f5ea993a82d21563d824483d2c47349,gx-no-cache=1521660759410,gx-no-cache=1521663213592 HTTP/1.1" 200 6486
186.103.156.24 - - [21/Mar/2018:17:14:47 -0300] "POST /cormun/servlet/vesolicitudot?26fd354b6c32ccd4cb98645f7ae67b9b,2018,8415,,,gx-no-cache=1521663237489 HTTP/1.1" 200 93
186.103.156.24 - - [21/Mar/2018:17:14:47 -0300] "GET /cormun/servlet/hpexe_return? HTTP/1.1" 200 1012
186.103.156.24 - - [21/Mar/2018:17:14:48 -0300] "GET /cormun/servlet/trsolicitudot HTTP/1.1" 200 25796
186.103.156.24 - - [21/Mar/2018:17:14:49 -0300] "GET /cormun/servlet/trsolicitudot HTTP/1.1" 200 25792
186.103.156.24 - - [21/Mar/2018:17:15:02 -0300] "GET /cormun/servlet/vesolicitudot?2018,10156,, HTTP/1.1" 200 8643
186.103.156.24 - - [21/Mar/2018:17:15:02 -0300] "GET /cormun/pexe_scrolldiv.js HTTP/1.1" 404 1009
186.103.156.24 - - [21/Mar/2018:17:15:02 -0300] "GET /cormun/pexe_scrolldiv.js HTTP/1.1" 404 1009
186.103.156.24 - - [21/Mar/2018:17:15:03 -0300] "GET /cormun/servlet/vesolicitudot?2018,10156,, HTTP/1.1" 200 8643
186.103.157.98 - - [21/Mar/2018:17:15:04 -0300] "GET /cormun/static/menuarrow.gif HTTP/1.1" 404 1015
186.103.156.24 - - [21/Mar/2018:17:15:13 -0300] "POST /cormun/servlet/vesolicitudot?26fd354b6c32ccd4cb98645f7ae67b9b,2018,10156,,,gx-no-cache=1521663263256 HTTP/1.1" 200 93
186.103.156.24 - - [21/Mar/2018:17:15:13 -0300] "GET /cormun/servlet/hpexe_return? HTTP/1.1" 200 1014
186.103.156.24 - - [21/Mar/2018:17:15:14 -0300] "GET /cormun/servlet/trsolicitudot HTTP/1.1" 200 25796
186.103.156.24 - - [21/Mar/2018:17:15:15 -0300] "GET /cormun/servlet/trsolicitudot HTTP/1.1" 200 25792
186.103.159.204 - - [21/Mar/2018:17:15:18 -0300] "POST /cormun/servlet/trsolicitudot?3f5ea993a82d21563d824483d2c47349,gx-no-cache=1521660759410,gx-no-cache=1521663262800 HTTP/1.1" 200 6728
186.103.156.24 - - [21/Mar/2018:17:15:26 -0300] "GET /cormun/servlet/vesolicitudot?2018,8418,, HTTP/1.1" 200 8660
186.103.156.24 - - [21/Mar/2018:17:15:27 -0300] "GET /cormun/pexe_scrolldiv.js HTTP/1.1" 404 1009
186.103.156.24 - - [21/Mar/2018:17:15:27 -0300] "GET /cormun/pexe_scrolldiv.js HTTP/1.1" 404 1009
