192.168.10.61 - - [21/Mar/2018:08:32:55 -0300] "POST /cormun/servlet/vesolicitudgral?cfcaefd90bcb0007b17d8955bda4f583,2018,10725,,,gx-no-cache=1521631833375 HTTP/1.1" 200 11954
192.168.10.61 - - [21/Mar/2018:08:32:59 -0300] "POST /cormun/servlet/vesolicitudgral?cfcaefd90bcb0007b17d8955bda4f583,2018,10725,,,gx-no-cache=1521631837639 HTTP/1.1" 200 93
192.168.10.61 - - [21/Mar/2018:08:32:59 -0300] "GET /cormun/servlet/hpexe_return? HTTP/1.1" 200 1011
192.168.10.61 - - [21/Mar/2018:08:33:00 -0300] "GET /cormun/servlet/trsolicitudgral HTTP/1.1" 200 21377
192.168.10.61 - - [21/Mar/2018:08:33:00 -0300] "GET /cormun/servlet/trsolicitudgral HTTP/1.1" 200 21372
192.168.10.61 - - [21/Mar/2018:08:33:08 -0300] "GET /cormun/servlet/vesolicitudgral?2018,10728,, HTTP/1.1" 200 9084
192.168.10.61 - - [21/Mar/2018:08:33:08 -0300] "GET /cormun/pexe_scrolldiv.js HTTP/1.1" 404 1009
192.168.10.61 - - [21/Mar/2018:08:33:08 -0300] "GET /cormun/pexe_scrolldiv.js HTTP/1.1" 404 1009
192.168.10.61 - - [21/Mar/2018:08:33:09 -0300] "GET /cormun/servlet/vesolicitudgral?2018,10728,, HTTP/1.1" 200 9083
192.168.10.61 - - [21/Mar/2018:08:33:10 -0300] "POST /cormun/servlet/vesolicitudgral?cfcaefd90bcb0007b17d8955bda4f583,2018,10728,,,gx-no-cache=1521631848616 HTTP/1.1" 200 12007
192.168.10.61 - - [21/Mar/2018:08:33:11 -0300] "POST /cormun/servlet/vesolicitudgral?cfcaefd90bcb0007b17d8955bda4f583,2018,10728,,,gx-no-cache=1521631848853 HTTP/1.1" 200 11942
192.168.10.61 - - [21/Mar/2018:08:33:13 -0300] "POST /cormun/servlet/vesolicitudgral?cfcaefd90bcb0007b17d8955bda4f583,2018,10728,,,gx-no-cache=1521631851158 HTTP/1.1" 200 93
192.168.10.61 - - [21/Mar/2018:08:33:13 -0300] "GET /cormun/servlet/hpexe_return? HTTP/1.1" 200 1011
192.168.10.61 - - [21/Mar/2018:08:33:13 -0300] "GET /cormun/servlet/trsolicitudgral HTTP/1.1" 200 21099
192.168.10.61 - - [21/Mar/2018:08:33:14 -0300] "GET /cormun/servlet/trsolicitudgral HTTP/1.1" 200 21094
192.168.10.61 - - [21/Mar/2018:08:33:18 -0300] "GET /cormun/servlet/vesolicitudgral?2018,10727,, HTTP/1.1" 200 9092
192.168.10.61 - - [21/Mar/2018:08:33:18 -0300] "GET /cormun/pexe_scrolldiv.js HTTP/1.1" 404 1009
192.168.10.61 - - [21/Mar/2018:08:33:18 -0300] "GET /cormun/pexe_scrolldiv.js HTTP/1.1" 404 1009
192.168.10.50 - - [21/Mar/2018:08:33:18 -0300] "GET /cormun/servlet/hlogin HTTP/1.1" 200 1727
192.168.10.61 - - [21/Mar/2018:08:33:18 -0300] "GET /cormun/servlet/vesolicitudgral?2018,10727,, HTTP/1.1" 200 9091
192.168.10.50 - - [21/Mar/2018:08:33:23 -0300] "POST /cormun/servlet/hlogin?bc7612828c296bced7c64129bba4911c,gx-no-cache=1521631836458 HTTP/1.1" 200 90
192.168.10.50 - - [21/Mar/2018:08:33:23 -0300] "GET /cormun/servlet/hpexe_link HTTP/1.1" 200 953
192.168.10.50 - - [21/Mar/2018:08:33:23 -0300] "GET /cormun/servlet/hhome HTTP/1.1" 200 4464
192.168.10.50 - - [21/Mar/2018:08:33:24 -0300] "GET /cormun/servlet/hhome HTTP/1.1" 200 4462
192.168.10.61 - - [21/Mar/2018:08:33:25 -0300] "GET /cormun/servlet/trsolicitudgral HTTP/1.1" 200 21099
192.168.10.61 - - [21/Mar/2018:08:33:26 -0300] "GET /cormun/servlet/trsolicitudgral HTTP/1.1" 200 21094
192.168.10.61 - - [21/Mar/2018:08:33:35 -0300] "GET /cormun/servlet/vesolicitudgral?2018,10729,, HTTP/1.1" 200 9094
192.168.10.61 - - [21/Mar/2018:08:33:35 -0300] "GET /cormun/pexe_scrolldiv.js HTTP/1.1" 404 1009
192.168.10.61 - - [21/Mar/2018:08:33:35 -0300] "GET /cormun/pexe_scrolldiv.js HTTP/1.1" 404 1009
192.168.10.61 - - [21/Mar/2018:08:33:36 -0300] "GET /cormun/servlet/vesolicitudgral?2018,10729,, HTTP/1.1" 200 9093
186.103.158.250 - - [21/Mar/2018:08:33:36 -0300] "GET /cormun/servlet/trsolicitudot? HTTP/1.1" 200 7409
192.168.10.50 - - [21/Mar/2018:08:33:36 -0300] "GET /cormun/servlet/trsolicitudgral? HTTP/1.1" 200 27973
192.168.10.61 - - [21/Mar/2018:08:33:37 -0300] "POST /cormun/servlet/vesolicitudgral?cfcaefd90bcb0007b17d8955bda4f583,2018,10729,,,gx-no-cache=1521631875556 HTTP/1.1" 200 12013
192.168.10.61 - - [21/Mar/2018:08:33:38 -0300] "POST /cormun/servlet/vesolicitudgral?cfcaefd90bcb0007b17d8955bda4f583,2018,10729,,,gx-no-cache=1521631875782 HTTP/1.1" 200 11947
186.103.158.250 - - [21/Mar/2018:08:33:38 -0300] "GET /cormun/servlet/trsolicitudot? HTTP/1.1" 200 7409
192.168.10.50 - - [21/Mar/2018:08:33:38 -0300] "GET /cormun/servlet/trsolicitudgral? HTTP/1.1" 200 27971
186.103.158.250 - - [21/Mar/2018:08:33:41 -0300] "GET /cormun/servlet/solicitudot?INS,0,0, HTTP/1.1" 200 13638
186.103.158.250 - - [21/Mar/2018:08:33:42 -0300] "GET /cormun/servlet/solicitudot?INS,0,0, HTTP/1.1" 200 13643
192.168.10.50 - - [21/Mar/2018:08:33:43 -0300] "POST /cormun/servlet/trsolicitudgral?bc7612828c296bced7c64129bba4911c,,gx-no-cache=1521631856263 HTTP/1.1" 200 17900
192.168.10.61 - - [21/Mar/2018:08:33:44 -0300] "POST /cormun/servlet/vesolicitudgral?cfcaefd90bcb0007b17d8955bda4f583,2018,10729,,,gx-no-cache=1521631882334 HTTP/1.1" 200 93
192.168.10.61 - - [21/Mar/2018:08:33:44 -0300] "GET /cormun/servlet/hpexe_return? HTTP/1.1" 200 1011
192.168.10.61 - - [21/Mar/2018:08:33:44 -0300] "GET /cormun/servlet/trsolicitudgral HTTP/1.1" 200 20769
192.168.10.61 - - [21/Mar/2018:08:33:45 -0300] "GET /cormun/servlet/trsolicitudgral HTTP/1.1" 200 20764
186.103.158.250 - - [21/Mar/2018:08:33:54 -0300] "POST /cormun/servlet/solicitudot?gx-no-cache=1521631982271 HTTP/1.1" 200 3403
192.168.10.61 - - [21/Mar/2018:08:33:55 -0300] "GET /cormun/servlet/vesolicitudgral?2018,10727,, HTTP/1.1" 200 9092
186.103.158.250 - - [21/Mar/2018:08:33:55 -0300] "POST /cormun/servlet/solicitudot?32366b039a62718c02ca8979598bb920,INS,0,0,,gx-no-cache=1521631982966 HTTP/1.1" 200 10574
192.168.10.61 - - [21/Mar/2018:08:33:55 -0300] "GET /cormun/pexe_scrolldiv.js HTTP/1.1" 404 1009
192.168.10.61 - - [21/Mar/2018:08:33:55 -0300] "GET /cormun/pexe_scrolldiv.js HTTP/1.1" 404 1009
192.168.10.61 - - [21/Mar/2018:08:33:55 -0300] "GET /cormun/servlet/vesolicitudgral?2018,10727,, HTTP/1.1" 200 9091
192.168.10.50 - - [21/Mar/2018:08:33:56 -0300] "POST /cormun/servlet/trsolicitudgral?bc7612828c296bced7c64129bba4911c,,gx-no-cache=1521631870105 HTTP/1.1" 200 8522
192.168.10.61 - - [21/Mar/2018:08:33:58 -0300] "POST /cormun/servlet/vesolicitudgral?cfcaefd90bcb0007b17d8955bda4f583,2018,10727,,,gx-no-cache=1521631896421 HTTP/1.1" 200 11993
192.168.10.61 - - [21/Mar/2018:08:33:58 -0300] "POST /cormun/servlet/vesolicitudgral?cfcaefd90bcb0007b17d8955bda4f583,2018,10727,,,gx-no-cache=1521631896638 HTTP/1.1" 200 11927
192.168.10.61 - - [21/Mar/2018:08:34:00 -0300] "POST /cormun/servlet/vesolicitudgral?cfcaefd90bcb0007b17d8955bda4f583,2018,10727,,,gx-no-cache=1521631898446 HTTP/1.1" 200 93
192.168.10.61 - - [21/Mar/2018:08:34:00 -0300] "GET /cormun/servlet/hpexe_return? HTTP/1.1" 200 1011
192.168.10.61 - - [21/Mar/2018:08:34:01 -0300] "GET /cormun/servlet/trsolicitudgral HTTP/1.1" 200 20454
192.168.10.61 - - [21/Mar/2018:08:34:01 -0300] "GET /cormun/servlet/trsolicitudgral HTTP/1.1" 200 20449
186.103.158.250 - - [21/Mar/2018:08:34:05 -0300] "GET /cormun/servlet/solicitudot?e42e40fcab60920a6b6d084d5f7d4e79f5656be0e601d06b08dc49de4525b02db23e725e96ec40c82a71a669f8e3f7bb,gx-no-cache=1521631992821 HTTP/1.1" 200 30
186.103.158.250 - - [21/Mar/2018:08:34:05 -0300] "GET /cormun/servlet/solicitudot?e42e40fcab60920a6b6d084d5f7d4e79b1956d911b7b8b7170c3597b8222aa87814790de19fd8fc79970fef024507fd4b23e725e96ec40c82a71a669f8e3f7bb,gx-no-cache=1521631992918 HTTP/1.1" 200 30
186.103.158.250 - - [21/Mar/2018:08:34:05 -0300] "GET /cormun/servlet/solicitudot?e42e40fcab60920a6b6d084d5f7d4e79ba1d735dfa309f918ee6c8aabb195130,gx-no-cache=1521631992978 HTTP/1.1" 200 45
186.103.158.250 - - [21/Mar/2018:08:34:05 -0300] "POST /cormun/servlet/solicitudot?gx-no-cache=1521631993061 HTTP/1.1" 200 255
192.168.10.61 - - [21/Mar/2018:08:34:05 -0300] "GET /cormun/servlet/vesolicitudgral?2018,10730,, HTTP/1.1" 200 9090
192.168.10.61 - - [21/Mar/2018:08:34:05 -0300] "GET /cormun/pexe_scrolldiv.js HTTP/1.1" 404 1009
192.168.10.61 - - [21/Mar/2018:08:34:05 -0300] "GET /cormun/pexe_scrolldiv.js HTTP/1.1" 404 1009
186.103.158.250 - - [21/Mar/2018:08:34:05 -0300] "GET /cormun/servlet/solicitudot?e42e40fcab60920a6b6d084d5f7d4e7916117db39ff322b4916324b508a216919b7c82b5171f0faf6243059b397b6b966d6dfa48c3b1d1187b166055f3d6a2fe81ff43f86e13cae935ab433da46cc8161e05624cb4efe34b7c4bcfb57528aacca188d9a0175dc8c00946bb65efa7c29ae776071c2e945d779ee7bfc5f9bb03162d9b94f0baa8aff385a32c1e3790d58cbba9c0492b7d052239623e37e9611ec38f041bef8674b4f8c536c4a261c68721d273ed156c1812e7207e8632ad041d42050972f147f21b91d0879cee5a531f86aae9a09825e23ac89de089f48b92cd63ac4877c006cbd4e3610c67ea376b43611152f5e72740fa70f4601902a31feda052c1c4e7230f861a2eec593c7375a5c443890e9d7dad6219ba5552657e17a2f89d141a7f6d4006500951d5fd00d440e4643b18a4637a600f197b8a09c76d4a5cb7ae8b5c33ca8b4089b95350a311f6764086e62fdc128bd0d3c79c31aaf149943f0a193560d2156dd45ca667e2e3799e1e73e1c688353ae382fe198cd34ca83f,gx-no-cache=1521631993166 HTTP/1.1" 200 30
186.103.158.250 - - [21/Mar/2018:08:34:05 -0300] "POST /cormun/servlet/solicitudot?gx-no-cache=1521631993546 HTTP/1.1" 200 30
192.168.10.61 - - [21/Mar/2018:08:34:05 -0300] "GET /cormun/servlet/vesolicitudgral?2018,10730,, HTTP/1.1" 200 9088
186.103.158.250 - - [21/Mar/2018:08:34:05 -0300] "POST /cormun/servlet/solicitudot?gx-no-cache=1521631993672 HTTP/1.1" 200 1335
186.103.158.250 - - [21/Mar/2018:08:34:06 -0300] "POST /cormun/servlet/solicitudot?gx-no-cache=1521631993838 HTTP/1.1" 200 38
192.168.10.61 - - [21/Mar/2018:08:34:07 -0300] "POST /cormun/servlet/vesolicitudgral?cfcaefd90bcb0007b17d8955bda4f583,2018,10730,,,gx-no-cache=1521631905157 HTTP/1.1" 200 12000
192.168.10.61 - - [21/Mar/2018:08:34:07 -0300] "POST /cormun/servlet/vesolicitudgral?cfcaefd90bcb0007b17d8955bda4f583,2018,10730,,,gx-no-cache=1521631905363 HTTP/1.1" 200 11935
192.168.10.61 - - [21/Mar/2018:08:34:11 -0300] "POST /cormun/servlet/vesolicitudgral?cfcaefd90bcb0007b17d8955bda4f583,2018,10730,,,gx-no-cache=1521631908966 HTTP/1.1" 200 93
192.168.10.61 - - [21/Mar/2018:08:34:11 -0300] "GET /cormun/servlet/hpexe_return? HTTP/1.1" 200 1010
192.168.10.61 - - [21/Mar/2018:08:34:11 -0300] "GET /cormun/servlet/trsolicitudgral HTTP/1.1" 200 20106
192.168.10.61 - - [21/Mar/2018:08:34:12 -0300] "GET /cormun/servlet/trsolicitudgral HTTP/1.1" 200 20102
192.168.10.61 - - [21/Mar/2018:08:34:17 -0300] "GET /cormun/servlet/vesolicitudgral?2018,10731,, HTTP/1.1" 200 9109
192.168.10.61 - - [21/Mar/2018:08:34:17 -0300] "GET /cormun/pexe_scrolldiv.js HTTP/1.1" 404 1009
192.168.10.61 - - [21/Mar/2018:08:34:17 -0300] "GET /cormun/pexe_scrolldiv.js HTTP/1.1" 404 1009
192.168.10.61 - - [21/Mar/2018:08:34:17 -0300] "GET /cormun/servlet/vesolicitudgral?2018,10731,, HTTP/1.1" 200 9108
192.168.10.61 - - [21/Mar/2018:08:34:18 -0300] "POST /cormun/servlet/vesolicitudgral?cfcaefd90bcb0007b17d8955bda4f583,2018,10731,,,gx-no-cache=1521631916498 HTTP/1.1" 200 12010
192.168.10.61 - - [21/Mar/2018:08:34:18 -0300] "POST /cormun/servlet/vesolicitudgral?cfcaefd90bcb0007b17d8955bda4f583,2018,10731,,,gx-no-cache=1521631916703 HTTP/1.1" 200 11945
192.168.10.61 - - [21/Mar/2018:08:34:20 -0300] "POST /cormun/servlet/vesolicitudgral?cfcaefd90bcb0007b17d8955bda4f583,2018,10731,,,gx-no-cache=1521631918478 HTTP/1.1" 200 93
192.168.10.61 - - [21/Mar/2018:08:34:20 -0300] "GET /cormun/servlet/hpexe_return? HTTP/1.1" 200 1010
192.168.10.61 - - [21/Mar/2018:08:34:21 -0300] "GET /cormun/servlet/trsolicitudgral HTTP/1.1" 200 19774
192.168.10.61 - - [21/Mar/2018:08:34:21 -0300] "GET /cormun/servlet/trsolicitudgral HTTP/1.1" 200 19770
186.103.158.250 - - [21/Mar/2018:08:34:22 -0300] "GET /cormun/servlet/solicitudot?e42e40fcab60920a6b6d084d5f7d4e799c0ab2a322c00754f2a4371892e55baed2835a136192487ad7606899e405b4ce7794606bde5a28c5f9e262b3dd75a0e1577e40de129c68977df22c4d90d98ab5312a469efa63c38f90f9ef624c506b02c1a7d12b64266556feadddad4d79311e415b31cbc1e7728496816287edfc1a99466f1af47aa98e918439ec7235bc9446c20402157d571f48a67b003f2df17f53,gx-no-cache=1521632010602 HTTP/1.1" 200 29
186.103.158.250 - - [21/Mar/2018:08:34:23 -0300] "POST /cormun/servlet/solicitudot?gx-no-cache=1521632010719 HTTP/1.1" 200 1317
186.103.158.250 - - [21/Mar/2018:08:34:23 -0300] "POST /cormun/servlet/solicitudot?gx-no-cache=1521632010877 HTTP/1.1" 200 1218
186.103.158.250 - - [21/Mar/2018:08:34:23 -0300] "GET /cormun/static/menuarrow.gif HTTP/1.1" 404 1015
192.168.10.61 - - [21/Mar/2018:08:34:25 -0300] "GET /cormun/servlet/vesolicitudgral?2018,10732,, HTTP/1.1" 200 9108
192.168.10.61 - - [21/Mar/2018:08:34:25 -0300] "GET /cormun/pexe_scrolldiv.js HTTP/1.1" 404 1009
192.168.10.61 - - [21/Mar/2018:08:34:25 -0300] "GET /cormun/pexe_scrolldiv.js HTTP/1.1" 404 1009
192.168.10.61 - - [21/Mar/2018:08:34:26 -0300] "GET /cormun/servlet/vesolicitudgral?2018,10732,, HTTP/1.1" 200 9108
186.103.158.250 - - [21/Mar/2018:08:34:26 -0300] "POST /cormun/servlet/solicitudot?gx-no-cache=1521632013910 HTTP/1.1" 200 1317
186.103.158.250 - - [21/Mar/2018:08:34:26 -0300] "POST /cormun/servlet/solicitudot?gx-no-cache=1521632014050 HTTP/1.1" 200 1218
192.168.10.61 - - [21/Mar/2018:08:34:27 -0300] "POST /cormun/servlet/vesolicitudgral?cfcaefd90bcb0007b17d8955bda4f583,2018,10732,,,gx-no-cache=1521631925529 HTTP/1.1" 200 12020
192.168.10.61 - - [21/Mar/2018:08:34:28 -0300] "POST /cormun/servlet/vesolicitudgral?cfcaefd90bcb0007b17d8955bda4f583,2018,10732,,,gx-no-cache=1521631925763 HTTP/1.1" 200 11955
186.103.158.250 - - [21/Mar/2018:08:34:28 -0300] "GET /cormun/servlet/solicitudot?e42e40fcab60920a6b6d084d5f7d4e79b3256f4ecf4ac36e358766734d1186440f8a9cdca26e311ad8cb252d741acb56,gx-no-cache=1521632016094 HTTP/1.1" 200 30
192.168.10.61 - - [21/Mar/2018:08:34:30 -0300] "POST /cormun/servlet/vesolicitudgral?cfcaefd90bcb0007b17d8955bda4f583,2018,10732,,,gx-no-cache=1521631928166 HTTP/1.1" 200 93
192.168.10.61 - - [21/Mar/2018:08:34:30 -0300] "GET /cormun/servlet/hpexe_return? HTTP/1.1" 200 1010
192.168.10.61 - - [21/Mar/2018:08:34:30 -0300] "GET /cormun/servlet/trsolicitudgral HTTP/1.1" 200 19393
192.168.10.61 - - [21/Mar/2018:08:34:31 -0300] "GET /cormun/servlet/trsolicitudgral HTTP/1.1" 200 19389
192.168.10.61 - - [21/Mar/2018:08:34:38 -0300] "GET /cormun/servlet/vesolicitudgral?2018,10733,, HTTP/1.1" 200 9095
192.168.10.61 - - [21/Mar/2018:08:34:38 -0300] "GET /cormun/pexe_scrolldiv.js HTTP/1.1" 404 1009
192.168.10.61 - - [21/Mar/2018:08:34:38 -0300] "GET /cormun/pexe_scrolldiv.js HTTP/1.1" 404 1009
192.168.10.61 - - [21/Mar/2018:08:34:39 -0300] "GET /cormun/servlet/vesolicitudgral?2018,10733,, HTTP/1.1" 200 9094
192.168.10.61 - - [21/Mar/2018:08:34:40 -0300] "POST /cormun/servlet/vesolicitudgral?cfcaefd90bcb0007b17d8955bda4f583,2018,10733,,,gx-no-cache=1521631938330 HTTP/1.1" 200 12020
192.168.10.61 - - [21/Mar/2018:08:34:40 -0300] "POST /cormun/servlet/vesolicitudgral?cfcaefd90bcb0007b17d8955bda4f583,2018,10733,,,gx-no-cache=1521631938538 HTTP/1.1" 200 11954
186.103.158.250 - - [21/Mar/2018:08:34:42 -0300] "POST /cormun/servlet/solicitudot?gx-no-cache=1521632030580 HTTP/1.1" 200 30
192.168.10.61 - - [21/Mar/2018:08:34:42 -0300] "POST /cormun/servlet/vesolicitudgral?cfcaefd90bcb0007b17d8955bda4f583,2018,10733,,,gx-no-cache=1521631940707 HTTP/1.1" 200 93
192.168.10.61 - - [21/Mar/2018:08:34:42 -0300] "GET /cormun/servlet/hpexe_return? HTTP/1.1" 200 1010
192.168.10.61 - - [21/Mar/2018:08:34:43 -0300] "GET /cormun/servlet/trsolicitudgral HTTP/1.1" 200 19022
192.168.10.61 - - [21/Mar/2018:08:34:43 -0300] "GET /cormun/servlet/trsolicitudgral HTTP/1.1" 200 19017
192.168.10.50 - - [21/Mar/2018:08:34:43 -0300] "POST /cormun/servlet/trsolicitudgral?bc7612828c296bced7c64129bba4911c,,gx-no-cache=1521631917210 HTTP/1.1" 200 7351
192.168.10.50 - - [21/Mar/2018:08:34:43 -0300] "GET /cormun/static/Shared/jqueryui/images/ui-icons_82798d_256x240.png HTTP/1.1" 404 1089
192.168.10.50 - - [21/Mar/2018:08:34:43 -0300] "GET /cormun/static/Shared/jqueryui/images/ui-bg_flat_55_fafafa_40x100.png HTTP/1.1" 404 1097
192.168.10.50 - - [21/Mar/2018:08:34:43 -0300] "GET /cormun/static/Shared/jqueryui/images/ui-bg_highlight-soft_100_c6c2c8_1x100.png HTTP/1.1" 404 1117
192.168.10.50 - - [21/Mar/2018:08:34:43 -0300] "GET /cormun/static/Shared/jqueryui/images/ui-icons_8d78a5_256x240.png HTTP/1.1" 404 1089
192.168.10.50 - - [21/Mar/2018:08:34:46 -0300] "GET /cormun/servlet/solicitudgral2?UPD,2018,10717, HTTP/1.1" 200 12986
192.168.10.50 - - [21/Mar/2018:08:34:46 -0300] "GET /cormun/servlet/solicitudgral2?UPD,2018,10717, HTTP/1.1" 200 12996
192.168.10.61 - - [21/Mar/2018:08:34:47 -0300] "GET /cormun/servlet/vesolicitudgral?2018,10735,, HTTP/1.1" 200 9090
192.168.10.61 - - [21/Mar/2018:08:34:47 -0300] "GET /cormun/pexe_scrolldiv.js HTTP/1.1" 404 1009
192.168.10.61 - - [21/Mar/2018:08:34:47 -0300] "GET /cormun/pexe_scrolldiv.js HTTP/1.1" 404 1009
192.168.10.50 - - [21/Mar/2018:08:34:47 -0300] "POST /cormun/servlet/solicitudgral2?gx-no-cache=1521631920583 HTTP/1.1" 200 3905
192.168.10.50 - - [21/Mar/2018:08:34:47 -0300] "GET /cormun/servlet/solicitudgral2?e8b4a843a3d3bacdcf6138fd7f2dfce076dd30944f5f9c10b86955efc24df328b01e6825d1f8ff84d4e589a498a218ea4c03608830400dc0454e316ca6828b704b02249b09a5cbbcb9fc9fa60e3829218e6f50516f1892e793791ae3afb2a964b8b29ac0ed7fa7fc4669a801b56fe7adfffe614c2847611becca3c04ea794dec1449a21a0b62588737fb0028b8bac3e34803ab4694d9e4a4ce42438a115091bbc0ac31734694e435fcf5e4dc3417281adb2e3c53a29864c3954dc4c7fabdeca7d62e900051837b5ea087f6c8a32853b6799abefc905994632dc5b014a27835df8edea40634a9144ce9e22e4a91fd4c52c2e05b4d23b764eed6ef06d2451433ea383d3c4b4af8cae7a9d79967deef7d9d05b763f1cb391c4bfa212e942fb9e315103d496a13e379766d01382aed995c844015a91a0edcc9f55beb022f94ebe7192848c4d1c13247329541b556ad162afe,gx-no-cache=1521631920810 HTTP/1.1" 200 255
192.168.10.50 - - [21/Mar/2018:08:34:47 -0300] "POST /cormun/servlet/solicitudgral2?gx-no-cache=1521631920837 HTTP/1.1" 200 1398
192.168.10.50 - - [21/Mar/2018:08:34:47 -0300] "GET /cormun/servlet/solicitudgral2?e8b4a843a3d3bacdcf6138fd7f2dfce0cf478edb42792075d69e1489d1b15330be8b804e2184f16eab8b14bb111b0d06ec94940fbb8539d1954bab2734fdbf43f8d82f304f5c3ffac9a32ea2023969f0cfb131b2fe44ba8d3f0d2d6094dfab639056c1dba0b929df87527886c7d9fb0c,gx-no-cache=1521631920874 HTTP/1.1" 200 41
192.168.10.61 - - [21/Mar/2018:08:34:47 -0300] "GET /cormun/servlet/vesolicitudgral?2018,10735,, HTTP/1.1" 200 9090
192.168.10.61 - - [21/Mar/2018:08:34:49 -0300] "POST /cormun/servlet/vesolicitudgral?cfcaefd90bcb0007b17d8955bda4f583,2018,10735,,,gx-no-cache=1521631946858 HTTP/1.1" 200 12006
192.168.10.61 - - [21/Mar/2018:08:34:49 -0300] "POST /cormun/servlet/vesolicitudgral?cfcaefd90bcb0007b17d8955bda4f583,2018,10735,,,gx-no-cache=1521631947062 HTTP/1.1" 200 11941
192.168.10.50 - - [21/Mar/2018:08:34:51 -0300] "POST /cormun/servlet/solicitudgral2?bc7612828c296bced7c64129bba4911c,UPD,2018,10717,,gx-no-cache=1521631924900 HTTP/1.1" 200 93
192.168.10.50 - - [21/Mar/2018:08:34:51 -0300] "GET /cormun/servlet/hpexe_return? HTTP/1.1" 200 1019
192.168.10.50 - - [21/Mar/2018:08:34:51 -0300] "GET /cormun/servlet/trsolicitudgral? HTTP/1.1" 200 10367
192.168.10.61 - - [21/Mar/2018:08:34:52 -0300] "POST /cormun/servlet/vesolicitudgral?cfcaefd90bcb0007b17d8955bda4f583,2018,10735,,,gx-no-cache=1521631949839 HTTP/1.1" 200 93
192.168.10.50 - - [21/Mar/2018:08:34:52 -0300] "GET /cormun/servlet/trsolicitudgral? HTTP/1.1" 200 10363
192.168.10.61 - - [21/Mar/2018:08:34:52 -0300] "GET /cormun/servlet/hpexe_return? HTTP/1.1" 200 1010
192.168.10.61 - - [21/Mar/2018:08:34:52 -0300] "GET /cormun/servlet/trsolicitudgral HTTP/1.1" 200 17610
192.168.10.61 - - [21/Mar/2018:08:34:52 -0300] "GET /cormun/servlet/trsolicitudgral HTTP/1.1" 200 17605
192.168.10.61 - - [21/Mar/2018:08:34:55 -0300] "GET /cormun/servlet/vesolicitudgral?2018,10736,, HTTP/1.1" 200 9080
192.168.10.61 - - [21/Mar/2018:08:34:55 -0300] "GET /cormun/pexe_scrolldiv.js HTTP/1.1" 404 1009
192.168.10.61 - - [21/Mar/2018:08:34:55 -0300] "GET /cormun/pexe_scrolldiv.js HTTP/1.1" 404 1009
192.168.10.61 - - [21/Mar/2018:08:34:56 -0300] "GET /cormun/servlet/vesolicitudgral?2018,10736,, HTTP/1.1" 200 9079
192.168.10.61 - - [21/Mar/2018:08:34:57 -0300] "POST /cormun/servlet/vesolicitudgral?cfcaefd90bcb0007b17d8955bda4f583,2018,10736,,,gx-no-cache=1521631955530 HTTP/1.1" 200 11993
192.168.10.61 - - [21/Mar/2018:08:34:58 -0300] "POST /cormun/servlet/vesolicitudgral?cfcaefd90bcb0007b17d8955bda4f583,2018,10736,,,gx-no-cache=1521631955744 HTTP/1.1" 200 11928
192.168.10.61 - - [21/Mar/2018:08:35:00 -0300] "POST /cormun/servlet/vesolicitudgral?cfcaefd90bcb0007b17d8955bda4f583,2018,10736,,,gx-no-cache=1521631958097 HTTP/1.1" 200 93
192.168.10.61 - - [21/Mar/2018:08:35:00 -0300] "GET /cormun/servlet/hpexe_return? HTTP/1.1" 200 1009
192.168.10.61 - - [21/Mar/2018:08:35:00 -0300] "GET /cormun/servlet/trsolicitudgral HTTP/1.1" 200 17278
192.168.10.61 - - [21/Mar/2018:08:35:01 -0300] "GET /cormun/servlet/trsolicitudgral HTTP/1.1" 200 17273
192.168.10.61 - - [21/Mar/2018:08:35:05 -0300] "GET /cormun/servlet/vesolicitudgral?2018,10737,, HTTP/1.1" 200 9089
192.168.10.61 - - [21/Mar/2018:08:35:05 -0300] "GET /cormun/pexe_scrolldiv.js HTTP/1.1" 404 1009
192.168.10.61 - - [21/Mar/2018:08:35:05 -0300] "GET /cormun/pexe_scrolldiv.js HTTP/1.1" 404 1009
192.168.10.61 - - [21/Mar/2018:08:35:05 -0300] "GET /cormun/servlet/vesolicitudgral?2018,10737,, HTTP/1.1" 200 9088
192.168.10.61 - - [21/Mar/2018:08:35:07 -0300] "POST /cormun/servlet/vesolicitudgral?cfcaefd90bcb0007b17d8955bda4f583,2018,10737,,,gx-no-cache=1521631964994 HTTP/1.1" 200 12009
192.168.10.61 - - [21/Mar/2018:08:35:07 -0300] "POST /cormun/servlet/vesolicitudgral?cfcaefd90bcb0007b17d8955bda4f583,2018,10737,,,gx-no-cache=1521631965203 HTTP/1.1" 200 11942
192.168.10.61 - - [21/Mar/2018:08:35:09 -0300] "POST /cormun/servlet/vesolicitudgral?cfcaefd90bcb0007b17d8955bda4f583,2018,10737,,,gx-no-cache=1521631967687 HTTP/1.1" 200 93
192.168.10.61 - - [21/Mar/2018:08:35:09 -0300] "GET /cormun/servlet/hpexe_return? HTTP/1.1" 200 1010
192.168.10.61 - - [21/Mar/2018:08:35:10 -0300] "GET /cormun/servlet/trsolicitudgral HTTP/1.1" 200 16988
192.168.10.61 - - [21/Mar/2018:08:35:10 -0300] "GET /cormun/servlet/trsolicitudgral HTTP/1.1" 200 16984
186.103.158.250 - - [21/Mar/2018:08:35:12 -0300] "POST /cormun/servlet/solicitudot?32366b039a62718c02ca8979598bb920,INS,0,0,,gx-no-cache=1521632059851 HTTP/1.1" 200 11968
186.103.158.250 - - [21/Mar/2018:08:35:12 -0300] "GET /cormun/static/Shared/jqueryui/images/ui-bg_highlight-soft_100_c6c2c8_1x100.png HTTP/1.1" 404 1117
186.103.158.250 - - [21/Mar/2018:08:35:12 -0300] "GET /cormun/static/Shared/jqueryui/images/ui-icons_82798d_256x240.png HTTP/1.1" 404 1089
186.103.158.250 - - [21/Mar/2018:08:35:12 -0300] "GET /cormun/static/Shared/jqueryui/images/ui-bg_flat_55_994d53_40x100.png HTTP/1.1" 404 1097
186.103.158.250 - - [21/Mar/2018:08:35:12 -0300] "GET /cormun/static/Shared/jqueryui/images/ui-icons_ebccce_256x240.png HTTP/1.1" 404 1089
192.168.10.62 - - [21/Mar/2018:08:35:56 -0300] "POST /cormun/servlet/trsolicitudgral?49e836af1b1bda6bcfc412fdf4eae66d,,gx-no-cache=1521631990942 HTTP/1.1" 200 5925
186.103.158.250 - - [21/Mar/2018:08:36:00 -0300] "POST /cormun/servlet/solicitudot?gx-no-cache=1521632108055 HTTP/1.1" 200 30
186.103.158.250 - - [21/Mar/2018:08:36:05 -0300] "POST /cormun/servlet/solicitudot?gx-no-cache=1521632112525 HTTP/1.1" 200 1335
186.103.158.250 - - [21/Mar/2018:08:36:05 -0300] "POST /cormun/servlet/solicitudot?gx-no-cache=1521632113051 HTTP/1.1" 200 41
186.103.158.250 - - [21/Mar/2018:08:36:05 -0300] "POST /cormun/servlet/solicitudot?gx-no-cache=1521632113152 HTTP/1.1" 200 1317
186.103.158.250 - - [21/Mar/2018:08:36:05 -0300] "POST /cormun/servlet/solicitudot?gx-no-cache=1521632113273 HTTP/1.1" 200 1218
186.103.158.250 - - [21/Mar/2018:08:36:05 -0300] "GET /cormun/servlet/solicitudot?e42e40fcab60920a6b6d084d5f7d4e79b3256f4ecf4ac36e358766734d1186440f8a9cdca26e311ad8cb252d741acb56,gx-no-cache=1521632113370 HTTP/1.1" 200 30
186.103.158.250 - - [21/Mar/2018:08:36:05 -0300] "POST /cormun/servlet/solicitudot?gx-no-cache=1521632113436 HTTP/1.1" 200 30
186.103.158.250 - - [21/Mar/2018:08:36:05 -0300] "POST /cormun/servlet/solicitudot?32366b039a62718c02ca8979598bb920,INS,0,0,,gx-no-cache=1521632113492 HTTP/1.1" 200 93
186.103.158.250 - - [21/Mar/2018:08:36:06 -0300] "GET /cormun/servlet/hpexe_return? HTTP/1.1" 200 1003
186.103.158.250 - - [21/Mar/2018:08:36:06 -0300] "GET /cormun/servlet/trsolicitudot HTTP/1.1" 200 8786
186.103.158.250 - - [21/Mar/2018:08:36:08 -0300] "GET /cormun/servlet/trsolicitudot HTTP/1.1" 200 8783
192.168.10.62 - - [21/Mar/2018:08:36:10 -0300] "POST /cormun/servlet/trsolicitudgral?49e836af1b1bda6bcfc412fdf4eae66d,,gx-no-cache=1521632004407 HTTP/1.1" 200 5923
186.103.158.250 - - [21/Mar/2018:08:36:13 -0300] "POST /cormun/servlet/trsolicitudot?32366b039a62718c02ca8979598bb920,gx-no-cache=1521632121378 HTTP/1.1" 200 4673
186.103.158.250 - - [21/Mar/2018:08:36:13 -0300] "GET /cormun/static/Shared/jqueryui/images/ui-bg_highlight-soft_100_c6c2c8_1x100.png HTTP/1.1" 404 1117
192.168.10.89 - - [21/Mar/2018:08:36:13 -0300] "POST /cormun/servlet/hlogin?365833147da0e8127fade5dba06dfbf2,gx-no-cache=1521632007229 HTTP/1.1" 200 90
186.103.158.250 - - [21/Mar/2018:08:36:13 -0300] "GET /cormun/static/Shared/jqueryui/images/ui-icons_82798d_256x240.png HTTP/1.1" 404 1089
192.168.10.89 - - [21/Mar/2018:08:36:13 -0300] "GET /cormun/servlet/hpexe_link HTTP/1.1" 200 953
186.103.158.250 - - [21/Mar/2018:08:36:13 -0300] "GET /cormun/static/Shared/jqueryui/images/ui-bg_flat_55_fafafa_40x100.png HTTP/1.1" 404 1097
186.103.158.250 - - [21/Mar/2018:08:36:13 -0300] "GET /cormun/static/Shared/jqueryui/images/ui-icons_8d78a5_256x240.png HTTP/1.1" 404 1089
192.168.10.89 - - [21/Mar/2018:08:36:14 -0300] "GET /cormun/servlet/hhome HTTP/1.1" 200 4921
186.103.158.250 - - [21/Mar/2018:08:36:14 -0300] "POST /cormun/servlet/trsolicitudot?32366b039a62718c02ca8979598bb920,gx-no-cache=1521632121763 HTTP/1.1" 200 4448
192.168.10.89 - - [21/Mar/2018:08:36:16 -0300] "GET /cormun/servlet/trsolicitudgral? HTTP/1.1" 200 11132
186.103.158.250 - - [21/Mar/2018:08:36:18 -0300] "GET /cormun/servlet/trautorizarsolicitud? HTTP/1.1" 200 8672
186.103.158.250 - - [21/Mar/2018:08:36:19 -0300] "GET /cormun/servlet/trautorizarsolicitud? HTTP/1.1" 200 8671
186.103.158.250 - - [21/Mar/2018:08:36:26 -0300] "POST /cormun/servlet/trautorizarsolicitud?32366b039a62718c02ca8979598bb920,,gx-no-cache=1521632133902 HTTP/1.1" 200 4603
186.103.158.250 - - [21/Mar/2018:08:36:26 -0300] "GET /cormun/static/Shared/jqueryui/images/ui-bg_highlight-soft_100_c6c2c8_1x100.png HTTP/1.1" 404 1117
186.103.158.250 - - [21/Mar/2018:08:36:26 -0300] "GET /cormun/static/Shared/jqueryui/images/ui-icons_82798d_256x240.png HTTP/1.1" 404 1089
186.103.158.250 - - [21/Mar/2018:08:36:26 -0300] "GET /cormun/static/Shared/jqueryui/images/ui-bg_flat_55_fafafa_40x100.png HTTP/1.1" 404 1097
186.103.158.250 - - [21/Mar/2018:08:36:26 -0300] "GET /cormun/static/Shared/jqueryui/images/ui-icons_8d78a5_256x240.png HTTP/1.1" 404 1089
186.103.158.250 - - [21/Mar/2018:08:36:26 -0300] "POST /cormun/servlet/trautorizarsolicitud?32366b039a62718c02ca8979598bb920,,gx-no-cache=1521632134276 HTTP/1.1" 200 4383
192.168.10.89 - - [21/Mar/2018:08:36:32 -0300] "POST /cormun/servlet/trsolicitudgral?365833147da0e8127fade5dba06dfbf2,,gx-no-cache=1521632025738 HTTP/1.1" 200 7663
192.168.10.62 - - [21/Mar/2018:08:38:09 -0300] "GET /cormun/servlet/trsolicitudgral? HTTP/1.1" 200 8991
192.168.10.62 - - [21/Mar/2018:08:38:09 -0300] "GET /cormun/servlet/trsolicitudgral? HTTP/1.1" 200 8991
192.168.10.62 - - [21/Mar/2018:08:38:24 -0300] "POST /cormun/servlet/trsolicitudgral?49e836af1b1bda6bcfc412fdf4eae66d,,gx-no-cache=1521632138132 HTTP/1.1" 200 25348
192.168.10.62 - - [21/Mar/2018:08:38:37 -0300] "POST /cormun/servlet/trsolicitudgral?49e836af1b1bda6bcfc412fdf4eae66d,,gx-no-cache=1521632151143 HTTP/1.1" 200 25672
192.168.10.62 - - [21/Mar/2018:08:38:46 -0300] "POST /cormun/servlet/trsolicitudgral?49e836af1b1bda6bcfc412fdf4eae66d,,gx-no-cache=1521632160539 HTTP/1.1" 200 7651
192.168.10.62 - - [21/Mar/2018:08:38:50 -0300] "POST /cormun/servlet/trsolicitudgral?49e836af1b1bda6bcfc412fdf4eae66d,,gx-no-cache=1521632164831 HTTP/1.1" 200 7651
192.168.10.62 - - [21/Mar/2018:08:38:57 -0300] "POST /cormun/servlet/trsolicitudgral?49e836af1b1bda6bcfc412fdf4eae66d,,gx-no-cache=1521632172030 HTTP/1.1" 200 105
192.168.10.62 - - [21/Mar/2018:08:38:58 -0300] "POST /cormun/servlet/trsolicitudgral?49e836af1b1bda6bcfc412fdf4eae66d,,gx-no-cache=1521632172190 HTTP/1.1" 200 7636
192.168.10.62 - - [21/Mar/2018:08:38:58 -0300] "GET /cormun/SolicitudGral-6363.xls HTTP/1.1" 200 12288
192.168.10.62 - - [21/Mar/2018:08:39:00 -0300] "POST /cormun/servlet/trsolicitudgral?49e836af1b1bda6bcfc412fdf4eae66d,,gx-no-cache=1521632174638 HTTP/1.1" 200 7651
192.168.10.50 - - [21/Mar/2018:08:39:23 -0300] "POST /cormun/servlet/trsolicitudgral?bc7612828c296bced7c64129bba4911c,,gx-no-cache=1521632196322 HTTP/1.1" 200 13311
192.168.10.50 - - [21/Mar/2018:08:39:34 -0300] "POST /cormun/servlet/trsolicitudgral?bc7612828c296bced7c64129bba4911c,,gx-no-cache=1521632207604 HTTP/1.1" 200 7650
192.168.10.62 - - [21/Mar/2018:08:40:14 -0300] "GET /cormun/servlet/vesolicitudgral?2018,10649,, HTTP/1.1" 200 9071
192.168.10.62 - - [21/Mar/2018:08:40:14 -0300] "GET /cormun/pexe_scrolldiv.js HTTP/1.1" 404 1009
192.168.10.62 - - [21/Mar/2018:08:40:15 -0300] "GET /cormun/pexe_scrolldiv.js HTTP/1.1" 404 1009
192.168.10.62 - - [21/Mar/2018:08:40:15 -0300] "GET /cormun/servlet/vesolicitudgral?2018,10649,, HTTP/1.1" 200 9070
192.168.10.62 - - [21/Mar/2018:08:40:18 -0300] "POST /cormun/servlet/vesolicitudgral?49e836af1b1bda6bcfc412fdf4eae66d,2018,10649,,,gx-no-cache=1521632252650 HTTP/1.1" 200 107
192.168.10.62 - - [21/Mar/2018:08:40:18 -0300] "GET /cormun/servlet/solicitudgral?UPD,2018,10649, HTTP/1.1" 200 12873
192.168.10.62 - - [21/Mar/2018:08:40:18 -0300] "GET /cormun/static/gxcfg.js?20181911354237 HTTP/1.1" 304 -
192.168.10.62 - - [21/Mar/2018:08:40:19 -0300] "GET /cormun/servlet/solicitudgral?UPD,2018,10649, HTTP/1.1" 200 12873
192.168.10.62 - - [21/Mar/2018:08:40:19 -0300] "POST /cormun/servlet/solicitudgral?gx-no-cache=1521632254036 HTTP/1.1" 200 3877
192.168.10.62 - - [21/Mar/2018:08:40:20 -0300] "GET /cormun/servlet/solicitudgral?83104e14b747774755d1065c4db47fbdfe52797661faade1540df5c3742cad395a17eceaf775584dcb3cf74c03701bbe6f5bfb47c5564935f85df5f48b04d05ff84e0430de8a30dfa1b6eae51612d89975d9d02593e89d98a6e940de5a7cf158c2565ac5a822b71bb1c0d6c66b3c1b4dc9cd15355aaaf0ca42ffa4a4950bf9f1cebeac26dc997daa0178c91527651b958f7d49bbf8755ee78885cbbbcd1b4a6f7af7b0ddf369ce9af0dd4643e40213aa3f43b0780bf0801a0b83e98ce37ea5fc6eb935bb7b31432a2e4cd1321efd793d69f25b6ee6576c2e2eedea5b484be4a2efc4af373e72cf03d3d39cb7e28930673674a9e4e03d1812cbbfcebe4d669a8d39de4a039a634b91bba72ed6dc29011d01f25751cd467f92b266fd5071a0b7397a75aae42177bce49194a0b4e91f4a85cda20ac4f414ac0edc4697d57b731a6098f0c46a9f485e649e1e54425afe4432,gx-no-cache=1521632254338 HTTP/1.1" 200 255
192.168.10.62 - - [21/Mar/2018:08:40:21 -0300] "GET /cormun/servlet/solicitudgral?83104e14b747774755d1065c4db47fbd37524fbd3b5ffddf4272dfffc45019eb3694716ced9e1572b739aff43bbfda951047c2993a24a8ee386115e89e2f78a9973a6cc189eab0f66d4e8abfe3f8058dc6f6914c08250381fd1a5db2be58652c914cba00f25bc59dd1711046b66471c9956014aaff3d80daff3f91c8fcc560058445fa95f3562535b5668eabf6034018b101a28681c98eaf59d0e4bfe214bfd2df82851ddf85043dcabe169128e843c3b720f01362b50f76eab4028a83598fd41e222b9ad54cb049b44662db153265955b139a6213d24ec8bcd338fbf75cc38d7f97ad4b372b679d0c18026ce84793102782f71c52bce491d8890fce66a8b0e3e8056794023c68708625478fc7ad3ceb935f81c3ca8fb04107fb8bde483b7a8999a40e85c119038b6d0becb7b852b2bb223df996a5c71587c39399d21a1fe86ae9b999a24a45b488b8649ad14101418d18668c3e21187614b8bf2e7f289cd9f3feba6d04dd352f617865df3cc93e53b852b710669c43d52e152b634792cbfe6e5285d21db8fdaa4fb2c69f2933821c42f75ee4e01284c5472526ae69e96630dcfd7c1307617745688733024eb8facbfe,gx-no-cache=1521632255362 HTTP/1.1" 200 48
192.168.10.62 - - [21/Mar/2018:08:40:21 -0300] "POST /cormun/servlet/solicitudgral?49e836af1b1bda6bcfc412fdf4eae66d,UPD,2018,10649,,gx-no-cache=1521632255393 HTTP/1.1" 200 11793
192.168.10.62 - - [21/Mar/2018:08:40:21 -0300] "GET /cormun/servlet/solicitudgral?83104e14b747774755d1065c4db47fbdf118f1716fdc43e6cea0c3859993ad89ce33109e3ff076955bef2d05e280ed106a19df7585da16d4cc18a0806573aaefd20dd21d8fcef8a23ed7e0c00065de46e78e57537e8edd75282aa5e382bfdd98d2a5025e6caf4e9d225d71b415629b1c96baa40d5cf80362d3529ca5dc984e08ba9089e20db6c17c299dfc7dd2f8731968d94f5ed4dd19718ad513a7a206e3db,gx-no-cache=1521632255580 HTTP/1.1" 200 29
192.168.10.62 - - [21/Mar/2018:08:40:21 -0300] "POST /cormun/servlet/solicitudgral?gx-no-cache=1521632255594 HTTP/1.1" 200 1297
192.168.10.62 - - [21/Mar/2018:08:40:21 -0300] "POST /cormun/servlet/solicitudgral?gx-no-cache=1521632255619 HTTP/1.1" 200 1219
192.168.10.62 - - [21/Mar/2018:08:40:25 -0300] "POST /cormun/servlet/solicitudgral?49e836af1b1bda6bcfc412fdf4eae66d,UPD,2018,10649,,gx-no-cache=1521632259312 HTTP/1.1" 200 93
192.168.10.62 - - [21/Mar/2018:08:40:25 -0300] "GET /cormun/servlet/hpexe_return? HTTP/1.1" 200 1016
192.168.10.62 - - [21/Mar/2018:08:40:25 -0300] "GET /cormun/servlet/vesolicitudgral?2018,10649,, HTTP/1.1" 200 9075
192.168.10.62 - - [21/Mar/2018:08:40:26 -0300] "GET /cormun/pexe_scrolldiv.js HTTP/1.1" 404 1009
192.168.10.62 - - [21/Mar/2018:08:40:26 -0300] "GET /cormun/pexe_scrolldiv.js HTTP/1.1" 404 1009
192.168.10.62 - - [21/Mar/2018:08:40:26 -0300] "GET /cormun/servlet/vesolicitudgral?2018,10649,, HTTP/1.1" 200 9071
192.168.10.62 - - [21/Mar/2018:08:40:27 -0300] "POST /cormun/servlet/vesolicitudgral?49e836af1b1bda6bcfc412fdf4eae66d,2018,10649,,,gx-no-cache=1521632262058 HTTP/1.1" 200 11996
192.168.10.62 - - [21/Mar/2018:08:40:28 -0300] "GET /cormun/static/Shared/jqueryui/images/ui-icons_82798d_256x240.png HTTP/1.1" 404 1089
192.168.10.62 - - [21/Mar/2018:08:40:28 -0300] "GET /cormun/static/Shared/jqueryui/images/ui-bg_highlight-soft_100_c6c2c8_1x100.png HTTP/1.1" 404 1117
192.168.10.62 - - [21/Mar/2018:08:40:28 -0300] "GET /cormun/static/Shared/jqueryui/images/ui-icons_8d78a5_256x240.png HTTP/1.1" 404 1089
192.168.10.62 - - [21/Mar/2018:08:40:28 -0300] "GET /cormun/static/Shared/jqueryui/images/ui-bg_flat_55_fafafa_40x100.png HTTP/1.1" 404 1097
192.168.10.62 - - [21/Mar/2018:08:40:28 -0300] "POST /cormun/servlet/vesolicitudgral?49e836af1b1bda6bcfc412fdf4eae66d,2018,10649,,,gx-no-cache=1521632262265 HTTP/1.1" 200 11930
192.168.10.62 - - [21/Mar/2018:08:40:30 -0300] "POST /cormun/servlet/vesolicitudgral?49e836af1b1bda6bcfc412fdf4eae66d,2018,10649,,,gx-no-cache=1521632264519 HTTP/1.1" 200 90
192.168.10.62 - - [21/Mar/2018:08:40:30 -0300] "GET /cormun/servlet/hpexe_link HTTP/1.1" 200 964
192.168.10.62 - - [21/Mar/2018:08:40:30 -0300] "GET /cormun/servlet/trsolicitudgral? HTTP/1.1" 200 10361
192.168.10.62 - - [21/Mar/2018:08:40:31 -0300] "GET /cormun/servlet/trsolicitudgral? HTTP/1.1" 200 10360
192.168.10.62 - - [21/Mar/2018:08:40:33 -0300] "GET /cormun/servlet/vesolicitudgral?2018,10648,, HTTP/1.1" 200 9101
192.168.10.62 - - [21/Mar/2018:08:40:33 -0300] "GET /cormun/pexe_scrolldiv.js HTTP/1.1" 404 1009
192.168.10.62 - - [21/Mar/2018:08:40:33 -0300] "GET /cormun/pexe_scrolldiv.js HTTP/1.1" 404 1009
192.168.10.96 - - [21/Mar/2018:08:40:33 -0300] "GET /cormun/servlet/trsolicitudgral? HTTP/1.1" 500 10
192.168.10.62 - - [21/Mar/2018:08:40:33 -0300] "GET /cormun/servlet/vesolicitudgral?2018,10648,, HTTP/1.1" 200 9100
192.168.10.62 - - [21/Mar/2018:08:40:34 -0300] "POST /cormun/servlet/vesolicitudgral?49e836af1b1bda6bcfc412fdf4eae66d,2018,10648,,,gx-no-cache=1521632268946 HTTP/1.1" 200 107
192.168.10.62 - - [21/Mar/2018:08:40:34 -0300] "GET /cormun/servlet/solicitudgral?UPD,2018,10648, HTTP/1.1" 200 12944
192.168.10.62 - - [21/Mar/2018:08:40:35 -0300] "GET /cormun/servlet/solicitudgral?UPD,2018,10648, HTTP/1.1" 200 12944
192.168.10.62 - - [21/Mar/2018:08:40:35 -0300] "POST /cormun/servlet/solicitudgral?gx-no-cache=1521632269911 HTTP/1.1" 200 3897
192.168.10.62 - - [21/Mar/2018:08:40:35 -0300] "GET /cormun/servlet/solicitudgral?83104e14b747774755d1065c4db47fbdfe52797661faade1540df5c3742cad395a17eceaf775584dcb3cf74c03701bbe6f5bfb47c5564935f85df5f48b04d05ff84e0430de8a30dfa1b6eae51612d89975d9d02593e89d98a6e940de5a7cf158c2565ac5a822b71bb1c0d6c66b3c1b4dc9cd15355aaaf0ca42ffa4a4950bf9f1cebeac26dc997daa0178c91527651b958f7d49bbf8755ee78885cbbbcd1b4a6f7af7b0ddf369ce9af0dd4643e40213aa3f43b0780bf0801a0b83e98ce37ea5fc6eb935bb7b31432a2e4cd1321efd793d69f25b6ee6576c2e2eedea5b484be4a2efc4af373e72cf03d3d39cb7e28930673674a9e4e03d1812cbbfcebe4d669a8d39de4a039a634b91bba72ed6dc29011d01f25751cd467f92b266fd5071a0b7397a75aae42177bce49194a0b4e91f4a85cda20ac4f414ac0edc4697d57b731a6098f0c46a9f485e649e1e54425afe4432,gx-no-cache=1521632270036 HTTP/1.1" 200 255
192.168.10.62 - - [21/Mar/2018:08:40:36 -0300] "GET /cormun/servlet/solicitudgral?83104e14b747774755d1065c4db47fbd37524fbd3b5ffddf4272dfffc45019eb3694716ced9e1572b739aff43bbfda951047c2993a24a8ee386115e89e2f78a9973a6cc189eab0f66d4e8abfe3f8058dc6f6914c08250381fd1a5db2be58652c914cba00f25bc59dd1711046b66471c9956014aaff3d80daff3f91c8fcc560058445fa95f3562535b5668eabf6034018b101a28681c98eaf59d0e4bfe214bfd2df82851ddf85043dcabe169128e843c3b720f01362b50f76eab4028a83598fd41e222b9ad54cb049b44662db153265955b139a6213d24ec8bcd338fbf75cc38d7f97ad4b372b679d0c18026ce84793102782f71c52bce491d8890fce66a8b0e3e8056794023c68708625478fc7ad3ceb935f81c3ca8fb04107fb8bde483b7a8999a40e85c119038b6d0becb7b852b2bb223df996a5c71587c39399d21a1fe86ae9b999a24a45b488b8649ad14101418d18668c3e21187614b8bf2e7f289cd9f3feba6d04dd352f617865df3cc93e53b852b710669c43d52e152b634792cbfe6e5285d21db8fdaa4fb2c69f2933821c42f75ee4e01284c5472526ae69e96630dcfd7c1307617745688733024eb8facbfe,gx-no-cache=1521632270425 HTTP/1.1" 200 48
192.168.10.62 - - [21/Mar/2018:08:40:36 -0300] "POST /cormun/servlet/solicitudgral?49e836af1b1bda6bcfc412fdf4eae66d,UPD,2018,10648,,gx-no-cache=1521632270452 HTTP/1.1" 200 11822
192.168.10.62 - - [21/Mar/2018:08:40:36 -0300] "GET /cormun/servlet/solicitudgral?83104e14b747774755d1065c4db47fbdf118f1716fdc43e6cea0c3859993ad89ce33109e3ff076955bef2d05e280ed106a19df7585da16d4cc18a0806573aaefd20dd21d8fcef8a23ed7e0c00065de46e78e57537e8edd75282aa5e382bfdd98d2a5025e6caf4e9d225d71b415629b1c96baa40d5cf80362d3529ca5dc984e08ba9089e20db6c17c299dfc7dd2f8731968d94f5ed4dd19718ad513a7a206e3db,gx-no-cache=1521632270594 HTTP/1.1" 200 29
192.168.10.62 - - [21/Mar/2018:08:40:36 -0300] "POST /cormun/servlet/solicitudgral?gx-no-cache=1521632270608 HTTP/1.1" 200 1297
192.168.10.62 - - [21/Mar/2018:08:40:36 -0300] "POST /cormun/servlet/solicitudgral?gx-no-cache=1521632270701 HTTP/1.1" 200 1219
192.168.10.96 - - [21/Mar/2018:08:40:37 -0300] "GET /cormun/servlet/hlogin HTTP/1.1" 200 1717
192.168.10.62 - - [21/Mar/2018:08:40:39 -0300] "GET /cormun/static/menuarrow.gif HTTP/1.1" 404 1015
192.168.10.62 - - [21/Mar/2018:08:40:42 -0300] "POST /cormun/servlet/solicitudgral?49e836af1b1bda6bcfc412fdf4eae66d,UPD,2018,10648,,gx-no-cache=1521632276872 HTTP/1.1" 200 93
192.168.10.62 - - [21/Mar/2018:08:40:42 -0300] "GET /cormun/servlet/hpexe_return? HTTP/1.1" 200 1015
192.168.10.62 - - [21/Mar/2018:08:40:42 -0300] "GET /cormun/servlet/vesolicitudgral?2018,10648,, HTTP/1.1" 200 9132
192.168.10.62 - - [21/Mar/2018:08:40:42 -0300] "GET /cormun/pexe_scrolldiv.js HTTP/1.1" 404 1009
192.168.10.62 - - [21/Mar/2018:08:40:43 -0300] "GET /cormun/pexe_scrolldiv.js HTTP/1.1" 404 1009
192.168.10.62 - - [21/Mar/2018:08:40:43 -0300] "GET /cormun/servlet/vesolicitudgral?2018,10648,, HTTP/1.1" 200 9128
192.168.10.96 - - [21/Mar/2018:08:40:43 -0300] "POST /cormun/servlet/hlogin?0c2be5221493147fbc44151bdb6aef22,gx-no-cache=1521632277310 HTTP/1.1" 200 90
192.168.10.96 - - [21/Mar/2018:08:40:43 -0300] "GET /cormun/servlet/hpexe_link HTTP/1.1" 200 949
192.168.10.96 - - [21/Mar/2018:08:40:44 -0300] "GET /cormun/servlet/hhome HTTP/1.1" 200 4701
192.168.10.62 - - [21/Mar/2018:08:40:44 -0300] "POST /cormun/servlet/vesolicitudgral?49e836af1b1bda6bcfc412fdf4eae66d,2018,10648,,,gx-no-cache=1521632278505 HTTP/1.1" 200 12038
192.168.10.62 - - [21/Mar/2018:08:40:44 -0300] "GET /cormun/static/Shared/jqueryui/images/ui-bg_highlight-soft_100_c6c2c8_1x100.png HTTP/1.1" 404 1117
192.168.10.62 - - [21/Mar/2018:08:40:44 -0300] "GET /cormun/static/Shared/jqueryui/images/ui-icons_82798d_256x240.png HTTP/1.1" 404 1089
192.168.10.62 - - [21/Mar/2018:08:40:44 -0300] "GET /cormun/static/Shared/jqueryui/images/ui-icons_8d78a5_256x240.png HTTP/1.1" 404 1089
192.168.10.62 - - [21/Mar/2018:08:40:44 -0300] "GET /cormun/static/Shared/jqueryui/images/ui-bg_flat_55_fafafa_40x100.png HTTP/1.1" 404 1097
192.168.10.96 - - [21/Mar/2018:08:40:44 -0300] "GET /cormun/servlet/hhome HTTP/1.1" 200 4697
192.168.10.62 - - [21/Mar/2018:08:40:44 -0300] "POST /cormun/servlet/vesolicitudgral?49e836af1b1bda6bcfc412fdf4eae66d,2018,10648,,,gx-no-cache=1521632278701 HTTP/1.1" 200 11973
192.168.10.62 - - [21/Mar/2018:08:40:46 -0300] "POST /cormun/servlet/vesolicitudgral?49e836af1b1bda6bcfc412fdf4eae66d,2018,10648,,,gx-no-cache=1521632280566 HTTP/1.1" 200 90
192.168.10.62 - - [21/Mar/2018:08:40:46 -0300] "GET /cormun/servlet/hpexe_link HTTP/1.1" 200 963
192.168.10.62 - - [21/Mar/2018:08:40:46 -0300] "GET /cormun/servlet/trsolicitudgral HTTP/1.1" 200 8993
192.168.10.62 - - [21/Mar/2018:08:40:46 -0300] "GET /cormun/servlet/trsolicitudgral HTTP/1.1" 200 8992
192.168.10.62 - - [21/Mar/2018:08:40:51 -0300] "POST /cormun/servlet/trsolicitudgral?49e836af1b1bda6bcfc412fdf4eae66d,gx-no-cache=1521632285448 HTTP/1.1" 200 7278
192.168.10.96 - - [21/Mar/2018:08:41:21 -0300] "GET /cormun/servlet/trsolicitudgral? HTTP/1.1" 200 28312
192.168.10.96 - - [21/Mar/2018:08:41:23 -0300] "GET /cormun/servlet/trsolicitudgral? HTTP/1.1" 200 28310
192.168.10.96 - - [21/Mar/2018:08:41:30 -0300] "POST /cormun/servlet/trsolicitudgral?0c2be5221493147fbc44151bdb6aef22,,gx-no-cache=1521632324268 HTTP/1.1" 200 5921
192.168.10.62 - - [21/Mar/2018:08:41:39 -0300] "POST /cormun/servlet/trsolicitudgral?49e836af1b1bda6bcfc412fdf4eae66d,gx-no-cache=1521632333382 HTTP/1.1" 200 105
192.168.10.62 - - [21/Mar/2018:08:41:39 -0300] "POST /cormun/servlet/trsolicitudgral?49e836af1b1bda6bcfc412fdf4eae66d,gx-no-cache=1521632333472 HTTP/1.1" 200 7262
192.168.10.62 - - [21/Mar/2018:08:41:39 -0300] "GET /cormun/SolicitudGral-7179.xls HTTP/1.1" 200 5632
192.168.10.96 - - [21/Mar/2018:08:41:41 -0300] "POST /cormun/servlet/trsolicitudgral?0c2be5221493147fbc44151bdb6aef22,,gx-no-cache=1521632333887 HTTP/1.1" 200 25629
192.168.10.50 - - [21/Mar/2018:08:42:05 -0300] "POST /cormun/servlet/trsolicitudgral?bc7612828c296bced7c64129bba4911c,,gx-no-cache=1521632358795 HTTP/1.1" 200 7685
192.168.10.50 - - [21/Mar/2018:08:42:05 -0300] "GET /cormun/static/Shared/jqueryui/images/ui-bg_highlight-soft_100_c6c2c8_1x100.png HTTP/1.1" 404 1117
192.168.10.50 - - [21/Mar/2018:08:42:05 -0300] "GET /cormun/static/Shared/jqueryui/images/ui-icons_82798d_256x240.png HTTP/1.1" 404 1089
192.168.10.50 - - [21/Mar/2018:08:42:05 -0300] "GET /cormun/static/Shared/jqueryui/images/ui-icons_8d78a5_256x240.png HTTP/1.1" 404 1089
192.168.10.50 - - [21/Mar/2018:08:42:05 -0300] "GET /cormun/static/Shared/jqueryui/images/ui-bg_flat_55_fafafa_40x100.png HTTP/1.1" 404 1097
192.168.10.50 - - [21/Mar/2018:08:42:44 -0300] "POST /cormun/servlet/trsolicitudgral?bc7612828c296bced7c64129bba4911c,,gx-no-cache=1521632397497 HTTP/1.1" 200 5942
192.168.10.50 - - [21/Mar/2018:08:42:49 -0300] "POST /cormun/servlet/trsolicitudgral?bc7612828c296bced7c64129bba4911c,,gx-no-cache=1521632402767 HTTP/1.1" 200 5941
192.168.10.50 - - [21/Mar/2018:08:42:50 -0300] "POST /cormun/servlet/trsolicitudgral?bc7612828c296bced7c64129bba4911c,,gx-no-cache=1521632404190 HTTP/1.1" 200 5941
192.168.10.50 - - [21/Mar/2018:08:42:55 -0300] "POST /cormun/servlet/trsolicitudgral?bc7612828c296bced7c64129bba4911c,,gx-no-cache=1521632408590 HTTP/1.1" 200 5942
192.168.10.96 - - [21/Mar/2018:08:43:03 -0300] "POST /cormun/servlet/trsolicitudgral?0c2be5221493147fbc44151bdb6aef22,,gx-no-cache=1521632416722 HTTP/1.1" 200 8527
192.168.10.50 - - [21/Mar/2018:08:43:04 -0300] "POST /cormun/servlet/trsolicitudgral?bc7612828c296bced7c64129bba4911c,,gx-no-cache=1521632417454 HTTP/1.1" 200 5942
192.168.10.50 - - [21/Mar/2018:08:43:06 -0300] "POST /cormun/servlet/trsolicitudgral?bc7612828c296bced7c64129bba4911c,,gx-no-cache=1521632420109 HTTP/1.1" 200 5941
186.103.159.230 - - [21/Mar/2018:08:43:07 -0300] "GET /cormun/servlet/hlogin HTTP/1.1" 200 1723
192.168.10.50 - - [21/Mar/2018:08:43:10 -0300] "POST /cormun/servlet/trsolicitudgral?bc7612828c296bced7c64129bba4911c,,gx-no-cache=1521632423974 HTTP/1.1" 200 8074
186.103.159.230 - - [21/Mar/2018:08:43:10 -0300] "GET /cormun/servlet/hlogin HTTP/1.1" 200 1723
186.103.159.230 - - [21/Mar/2018:08:43:11 -0300] "GET /cormun/servlet/hlogin HTTP/1.1" 200 1734
186.103.159.230 - - [21/Mar/2018:08:43:52 -0300] "POST /cormun/servlet/hlogin?c64510df9a41a450bb0208cecebed179,gx-no-cache=1521632581253 HTTP/1.1" 200 90
186.103.159.230 - - [21/Mar/2018:08:43:52 -0300] "GET /cormun/servlet/hpexe_link HTTP/1.1" 200 954
186.103.159.230 - - [21/Mar/2018:08:43:52 -0300] "GET /cormun/servlet/hhome HTTP/1.1" 200 4166
186.103.159.230 - - [21/Mar/2018:08:43:53 -0300] "GET /cormun/servlet/hhome HTTP/1.1" 200 4162
186.103.159.230 - - [21/Mar/2018:08:43:58 -0300] "GET /cormun/servlet/trsolicitudot? HTTP/1.1" 200 7378
186.103.159.230 - - [21/Mar/2018:08:43:58 -0300] "GET /cormun/static/calendar.js?85251 HTTP/1.1" 304 -
186.103.159.230 - - [21/Mar/2018:08:43:58 -0300] "GET /cormun/static/calendar-setup.js?85251 HTTP/1.1" 304 -
186.103.159.230 - - [21/Mar/2018:08:43:58 -0300] "GET /cormun/static/calendar-es.js?85251 HTTP/1.1" 304 -
186.103.159.230 - - [21/Mar/2018:08:43:58 -0300] "GET /cormun/static/gxdec.js?85251 HTTP/1.1" 304 -
186.103.159.230 - - [21/Mar/2018:08:43:59 -0300] "GET /cormun/servlet/trsolicitudot? HTTP/1.1" 200 7378
186.103.159.230 - - [21/Mar/2018:08:44:02 -0300] "GET /cormun/servlet/solicitudot?INS,0,0, HTTP/1.1" 200 13608
186.103.159.230 - - [21/Mar/2018:08:44:02 -0300] "GET /cormun/servlet/solicitudot?INS,0,0, HTTP/1.1" 200 13613
192.168.10.62 - - [21/Mar/2018:08:44:11 -0300] "POST /cormun/servlet/trsolicitudgral?49e836af1b1bda6bcfc412fdf4eae66d,gx-no-cache=1521632485904 HTTP/1.1" 200 6122
192.168.10.62 - - [21/Mar/2018:08:44:11 -0300] "GET /cormun/static/Shared/jqueryui/images/ui-bg_flat_55_fafafa_40x100.png HTTP/1.1" 404 1097
192.168.10.62 - - [21/Mar/2018:08:44:11 -0300] "GET /cormun/static/Shared/jqueryui/images/ui-icons_8d78a5_256x240.png HTTP/1.1" 404 1089
192.168.10.62 - - [21/Mar/2018:08:44:11 -0300] "GET /cormun/static/Shared/jqueryui/images/ui-bg_highlight-soft_100_c6c2c8_1x100.png HTTP/1.1" 404 1117
192.168.10.62 - - [21/Mar/2018:08:44:11 -0300] "GET /cormun/static/Shared/jqueryui/images/ui-icons_82798d_256x240.png HTTP/1.1" 404 1089
192.168.10.50 - - [21/Mar/2018:08:44:13 -0300] "POST /cormun/servlet/trsolicitudgral?bc7612828c296bced7c64129bba4911c,,gx-no-cache=1521632487122 HTTP/1.1" 200 6142
192.168.10.50 - - [21/Mar/2018:08:44:22 -0300] "POST /cormun/servlet/trsolicitudgral?bc7612828c296bced7c64129bba4911c,,gx-no-cache=1521632495940 HTTP/1.1" 200 8058
192.168.10.62 - - [21/Mar/2018:08:44:25 -0300] "POST /cormun/servlet/trsolicitudgral?49e836af1b1bda6bcfc412fdf4eae66d,gx-no-cache=1521632499475 HTTP/1.1" 200 25213
192.168.10.62 - - [21/Mar/2018:08:44:29 -0300] "POST /cormun/servlet/trsolicitudgral?49e836af1b1bda6bcfc412fdf4eae66d,gx-no-cache=1521632503369 HTTP/1.1" 200 105
192.168.10.62 - - [21/Mar/2018:08:44:29 -0300] "GET /cormun/SolicitudGral-4087.xls HTTP/1.1" 200 28672
192.168.10.50 - - [21/Mar/2018:08:44:31 -0300] "POST /cormun/servlet/trsolicitudgral?bc7612828c296bced7c64129bba4911c,,gx-no-cache=1521632505004 HTTP/1.1" 200 6132
192.168.10.50 - - [21/Mar/2018:08:45:01 -0300] "POST /cormun/servlet/trsolicitudgral?bc7612828c296bced7c64129bba4911c,,gx-no-cache=1521632534314 HTTP/1.1" 200 11302
192.168.10.50 - - [21/Mar/2018:08:45:11 -0300] "POST /cormun/servlet/trsolicitudgral?bc7612828c296bced7c64129bba4911c,,gx-no-cache=1521632544725 HTTP/1.1" 200 10935
192.168.10.62 - - [21/Mar/2018:08:45:18 -0300] "POST /cormun/servlet/trsolicitudgral?49e836af1b1bda6bcfc412fdf4eae66d,gx-no-cache=1521632552904 HTTP/1.1" 200 13744
192.168.10.50 - - [21/Mar/2018:08:45:20 -0300] "POST /cormun/servlet/trsolicitudgral?bc7612828c296bced7c64129bba4911c,,gx-no-cache=1521632553906 HTTP/1.1" 200 10535
192.168.10.62 - - [21/Mar/2018:08:45:23 -0300] "POST /cormun/servlet/trsolicitudgral?49e836af1b1bda6bcfc412fdf4eae66d,gx-no-cache=1521632557526 HTTP/1.1" 200 105
192.168.10.62 - - [21/Mar/2018:08:45:23 -0300] "POST /cormun/servlet/trsolicitudgral?49e836af1b1bda6bcfc412fdf4eae66d,gx-no-cache=1521632557724 HTTP/1.1" 200 13724
192.168.10.62 - - [21/Mar/2018:08:45:24 -0300] "GET /cormun/SolicitudGral-9211.xls HTTP/1.1" 200 12800
186.103.159.230 - - [21/Mar/2018:08:45:30 -0300] "POST /cormun/servlet/solicitudot?gx-no-cache=1521632678755 HTTP/1.1" 200 3430
186.103.159.230 - - [21/Mar/2018:08:45:31 -0300] "POST /cormun/servlet/solicitudot?c64510df9a41a450bb0208cecebed179,INS,0,0,,gx-no-cache=1521632679497 HTTP/1.1" 200 10614
186.103.159.230 - - [21/Mar/2018:08:45:41 -0300] "GET /cormun/servlet/solicitudot?08085f679a780d2cb3ae72517f20e93e4556f96eb83cfa5a287907c7ace9d747d912cbba72ee0c727318636b0e27065e,gx-no-cache=1521632690433 HTTP/1.1" 200 30
186.103.159.230 - - [21/Mar/2018:08:45:41 -0300] "GET /cormun/servlet/solicitudot?08085f679a780d2cb3ae72517f20e93e500d96461ecdf07132a2818522784df552ba60142836502df6646006b15d871b34ed4bb0ebddd0f99ec20f5361562619,gx-no-cache=1521632690502 HTTP/1.1" 200 30
186.103.159.230 - - [21/Mar/2018:08:45:42 -0300] "GET /cormun/servlet/solicitudot?08085f679a780d2cb3ae72517f20e93eaf7eeb6812224533f0ec07f9856b2e6f,gx-no-cache=1521632690556 HTTP/1.1" 200 45
186.103.159.230 - - [21/Mar/2018:08:45:42 -0300] "POST /cormun/servlet/solicitudot?gx-no-cache=1521632690616 HTTP/1.1" 200 297
