186.103.159.204 - - [21/Mar/2018:16:28:10 -0300] "POST /cormun/servlet/solicitudot?gx-no-cache=1521660434788 HTTP/1.1" 200 30
186.103.159.204 - - [21/Mar/2018:16:28:10 -0300] "POST /cormun/servlet/solicitudot?gx-no-cache=1521660434840 HTTP/1.1" 200 1333
186.103.159.204 - - [21/Mar/2018:16:28:10 -0300] "POST /cormun/servlet/solicitudot?gx-no-cache=1521660434924 HTTP/1.1" 200 41
186.103.159.204 - - [21/Mar/2018:16:28:10 -0300] "POST /cormun/servlet/solicitudot?gx-no-cache=1521660434962 HTTP/1.1" 200 1317
186.103.159.204 - - [21/Mar/2018:16:28:10 -0300] "POST /cormun/servlet/solicitudot?gx-no-cache=1521660435010 HTTP/1.1" 200 1218
186.103.159.204 - - [21/Mar/2018:16:28:10 -0300] "GET /cormun/servlet/solicitudot?990456c93b679d25785ade1bbfdb9694a64a6193de464ff891d843e814fb2622ca758a0f8fb19c71f7e974e0992a1fdc,gx-no-cache=1521660435056 HTTP/1.1" 200 30
186.103.159.204 - - [21/Mar/2018:16:28:10 -0300] "POST /cormun/servlet/solicitudot?gx-no-cache=1521660435084 HTTP/1.1" 200 30
186.103.159.204 - - [21/Mar/2018:16:28:11 -0300] "POST /cormun/servlet/solicitudot?3f5ea993a82d21563d824483d2c47349,INS,0,0,,gx-no-cache=1521660435114 HTTP/1.1" 200 93
186.103.159.204 - - [21/Mar/2018:16:28:11 -0300] "GET /cormun/servlet/hpexe_return? HTTP/1.1" 200 1008
186.103.159.204 - - [21/Mar/2018:16:28:11 -0300] "GET /cormun/static/hpexe_return.js?2016101716175153 HTTP/1.1" 304 -
186.103.159.204 - - [21/Mar/2018:16:28:11 -0300] "GET /cormun/servlet/trsolicitudot? HTTP/1.1" 200 9304
186.103.159.204 - - [21/Mar/2018:16:28:11 -0300] "GET /cormun/static/gxui/gxui-all.css?120300 HTTP/1.1" 200 2179
186.103.159.204 - - [21/Mar/2018:16:28:11 -0300] "GET /cormun/servlet/trsolicitudot? HTTP/1.1" 200 9300
186.103.159.204 - - [21/Mar/2018:16:28:15 -0300] "GET /cormun/servlet/solicitudot?INS,0,0, HTTP/1.1" 200 13338
186.103.159.204 - - [21/Mar/2018:16:28:16 -0300] "GET /cormun/servlet/solicitudot?INS,0,0, HTTP/1.1" 200 13343
186.103.159.204 - - [21/Mar/2018:16:28:30 -0300] "POST /cormun/servlet/solicitudot?gx-no-cache=1521660454946 HTTP/1.1" 200 3284
186.103.159.204 - - [21/Mar/2018:16:28:31 -0300] "POST /cormun/servlet/solicitudot?3f5ea993a82d21563d824483d2c47349,INS,0,0,,gx-no-cache=1521660455370 HTTP/1.1" 200 10255
186.103.159.204 - - [21/Mar/2018:16:28:40 -0300] "GET /cormun/servlet/solicitudot?990456c93b679d25785ade1bbfdb96946aa555159435881925a4eebff2ab24a2c28e1b37ab84d55223718d7030e11964,gx-no-cache=1521660464238 HTTP/1.1" 200 30
186.103.159.187 - - [21/Mar/2018:16:28:40 -0300] "GET /cormun/servlet/renuncias?a4a7ac924e851de834e649eb7b893e109fb8434216e746cb234766f59a0e05d229d3ef80e184a67fd076cdbadf14ed1d,gx-no-cache=1521664159862 HTTP/1.1" 200 178
186.103.159.204 - - [21/Mar/2018:16:28:45 -0300] "GET /cormun/servlet/prfichaempleado?,MD,,gxPopupLevel%3D0%3B HTTP/1.1" 200 9214
186.103.159.204 - - [21/Mar/2018:16:28:45 -0300] "GET /cormun/static/hmpwkw011.js?20177612121862 HTTP/1.1" 200 1968
186.103.159.204 - - [21/Mar/2018:16:28:45 -0300] "GET /cormun/static/Resources/PXToolsMenuSearchCancel.png HTTP/1.1" 200 2972
186.103.159.204 - - [21/Mar/2018:16:28:45 -0300] "GET /cormun/static/Resources/PXToolsMenuSearch.png HTTP/1.1" 200 2914
186.103.159.187 - - [21/Mar/2018:16:28:53 -0300] "POST /cormun/servlet/renuncias?18f508e37da062589b6aca722dcd5b85,INS,0,,gx-no-cache=1521664172793 HTTP/1.1" 200 93
186.103.159.187 - - [21/Mar/2018:16:28:53 -0300] "GET /cormun/servlet/hpexe_return? HTTP/1.1" 200 1004
186.103.159.187 - - [21/Mar/2018:16:28:53 -0300] "GET /cormun/servlet/trrenuncias HTTP/1.1" 200 6780
186.103.159.187 - - [21/Mar/2018:16:28:54 -0300] "GET /cormun/servlet/trrenuncias HTTP/1.1" 200 6776
186.103.159.204 - - [21/Mar/2018:16:28:58 -0300] "POST /cormun/servlet/prfichaempleado?3f5ea993a82d21563d824483d2c47349,,MD,,gxPopupLevel%3D0%3B,gx-no-cache=1521660482894 HTTP/1.1" 200 3197
186.103.159.187 - - [21/Mar/2018:16:29:15 -0300] "GET /cormun/servlet/trrenuncias? HTTP/1.1" 200 6776
186.103.159.187 - - [21/Mar/2018:16:29:16 -0300] "GET /cormun/servlet/trrenuncias? HTTP/1.1" 200 6776
186.103.159.187 - - [21/Mar/2018:16:29:24 -0300] "GET /cormun/servlet/renuncias?INS,0, HTTP/1.1" 200 6060
186.103.159.187 - - [21/Mar/2018:16:29:25 -0300] "GET /cormun/servlet/renuncias?INS,0, HTTP/1.1" 200 6060
186.103.159.204 - - [21/Mar/2018:16:29:47 -0300] "GET /cormun/servlet/solicitudot?990456c93b679d25785ade1bbfdb969431107ad14b466cedd62549d1a9a56af5,gx-no-cache=1521660531978 HTTP/1.1" 200 94
186.103.159.204 - - [21/Mar/2018:16:29:47 -0300] "GET /cormun/static/Shared/jqueryui/images/ui-bg_highlight-soft_100_c6c2c8_1x100.png HTTP/1.1" 404 1117
186.103.159.204 - - [21/Mar/2018:16:29:48 -0300] "GET /cormun/static/Shared/jqueryui/images/ui-icons_82798d_256x240.png HTTP/1.1" 404 1089
186.103.159.204 - - [21/Mar/2018:16:29:48 -0300] "GET /cormun/static/Shared/jqueryui/images/ui-bg_flat_55_994d53_40x100.png HTTP/1.1" 404 1097
186.103.159.204 - - [21/Mar/2018:16:29:48 -0300] "GET /cormun/static/Shared/jqueryui/images/ui-icons_ebccce_256x240.png HTTP/1.1" 404 1089
186.103.159.204 - - [21/Mar/2018:16:29:48 -0300] "GET /cormun/servlet/solicitudot?990456c93b679d25785ade1bbfdb9694e00be3a9ecfb1308266176c372a1caf4,gx-no-cache=1521660532112 HTTP/1.1" 200 29
186.103.159.204 - - [21/Mar/2018:16:29:48 -0300] "POST /cormun/servlet/solicitudot?gx-no-cache=1521660532162 HTTP/1.1" 200 297
186.103.159.204 - - [21/Mar/2018:16:29:50 -0300] "GET /cormun/servlet/solicitudot?990456c93b679d25785ade1bbfdb96942636a3549ef546ec2d7c887fe180d6d7313db742898f34c8c60b60f690f8b9930f11052de9a533ed82716d12f220473094e2b7f83b80dfa8f21cde41013b6cf4abfa7e0c7575ff5be3cabdc8855c60612545d65cb6054169989074d7bf20bbf431d434c6f01d953d4a921377da3f60a85bcb0f7868fd43282f11df8423fa398ed64ad358fc93c9c23e5cf0f4afbe76ad573ba4e940f7d33c2d95dc1afd808bedd87b4fc85886a72814b81ba0869ca3926936a9ee8e15446e1c24fa1e1b8d6c9b21f63654e9f9d2eacbac4cfc1ffac39427258b77172aa59fb028318df0872fa8d4d7373e9e5c21b52181eee767fc45bba1bc4c14da4515598d8faa6e5a7a8cf7a46938254fca6634915be019abb7b41e3f84e1440291b2016c8f5efb3c9f9892ea8d814a363f664d254b5fd8eb6b0e3423261c4202d99b163ff8c83d90ec317751246eb4c4445eb6cd6e26ba4beeac331192f49b844325ebe3b4669c3a4507e56869b259813abf67e12b363d4293ac6113b2d40885f8a7fea91d843642e05ed2,gx-no-cache=1521660534344 HTTP/1.1" 200 30
186.103.159.204 - - [21/Mar/2018:16:29:52 -0300] "POST /cormun/servlet/solicitudot?gx-no-cache=1521660536232 HTTP/1.1" 200 30
186.103.159.204 - - [21/Mar/2018:16:29:54 -0300] "POST /cormun/servlet/solicitudot?gx-no-cache=1521660538232 HTTP/1.1" 200 1333
186.103.159.204 - - [21/Mar/2018:16:29:54 -0300] "POST /cormun/servlet/solicitudot?gx-no-cache=1521660538314 HTTP/1.1" 200 38
186.103.156.24 - - [21/Mar/2018:16:30:00 -0300] "GET /cormun/servlet/hlogin HTTP/1.1" 200 1717
186.103.156.24 - - [21/Mar/2018:16:30:00 -0300] "GET /cormun/servlet/hlogin HTTP/1.1" 200 1727
186.103.156.24 - - [21/Mar/2018:16:30:01 -0300] "GET /favicon.ico HTTP/1.1" 200 21630
186.103.159.204 - - [21/Mar/2018:16:30:22 -0300] "GET /cormun/servlet/solicitudot?990456c93b679d25785ade1bbfdb9694c499aa7e330f1427b19f16e99b7d82cca7b17dcbc220cc58479276048de561eb9f3d4ecb5e8c8d31fdb91fb7cc8e3b6248cf24d700eb01b0a8d56c1448f60c33fc514bfeed1dd7042fe581c98466761242a88237dcf6e6ed8b3e3f9300e75d08,gx-no-cache=1521660566568 HTTP/1.1" 200 29
186.103.159.204 - - [21/Mar/2018:16:30:22 -0300] "POST /cormun/servlet/solicitudot?gx-no-cache=1521660566626 HTTP/1.1" 200 1319
186.103.159.204 - - [21/Mar/2018:16:30:22 -0300] "POST /cormun/servlet/solicitudot?gx-no-cache=1521660566684 HTTP/1.1" 200 1215
186.103.159.204 - - [21/Mar/2018:16:30:32 -0300] "GET /cormun/static/menuarrow.gif HTTP/1.1" 404 1015
186.103.156.24 - - [21/Mar/2018:16:30:34 -0300] "POST /cormun/servlet/hlogin?0388ee6492df8ef464edb8599de062d2,gx-no-cache=1521660583434 HTTP/1.1" 200 90
186.103.156.24 - - [21/Mar/2018:16:30:34 -0300] "GET /cormun/servlet/hpexe_link HTTP/1.1" 200 950
186.103.156.24 - - [21/Mar/2018:16:30:34 -0300] "GET /cormun/servlet/hhome HTTP/1.1" 200 4225
186.103.156.24 - - [21/Mar/2018:16:30:35 -0300] "GET /cormun/servlet/hhome HTTP/1.1" 200 4221
186.103.159.204 - - [21/Mar/2018:16:30:36 -0300] "GET /cormun/servlet/solicitudot?990456c93b679d25785ade1bbfdb9694a64a6193de464ff891d843e814fb2622ca758a0f8fb19c71f7e974e0992a1fdc,gx-no-cache=1521660580366 HTTP/1.1" 200 30
186.103.159.204 - - [21/Mar/2018:16:30:44 -0300] "POST /cormun/servlet/solicitudot?gx-no-cache=1521660588558 HTTP/1.1" 200 30
186.103.156.24 - - [21/Mar/2018:16:30:55 -0300] "GET /cormun/servlet/trsolicitudot? HTTP/1.1" 200 8792
186.103.156.24 - - [21/Mar/2018:16:30:56 -0300] "GET /cormun/servlet/trsolicitudot? HTTP/1.1" 200 8790
186.103.156.24 - - [21/Mar/2018:16:31:04 -0300] "GET /cormun/servlet/solicitudot?INS,0,0, HTTP/1.1" 200 13670
186.103.156.24 - - [21/Mar/2018:16:31:04 -0300] "GET /cormun/static/gxcfg.js?201812313224582 HTTP/1.1" 200 953
186.103.156.24 - - [21/Mar/2018:16:31:04 -0300] "GET /cormun/static/Resources/prompt.gif HTTP/1.1" 200 902
186.103.156.24 - - [21/Mar/2018:16:31:04 -0300] "GET /cormun/static/solicitudot.js?201812313224831 HTTP/1.1" 200 72336
186.103.156.24 - - [21/Mar/2018:16:31:05 -0300] "GET /cormun/servlet/solicitudot?INS,0,0, HTTP/1.1" 200 13675
186.103.159.204 - - [21/Mar/2018:16:31:05 -0300] "POST /cormun/servlet/solicitudot?3f5ea993a82d21563d824483d2c47349,INS,0,0,,gx-no-cache=1521660609504 HTTP/1.1" 200 11678
186.103.156.24 - - [21/Mar/2018:16:31:07 -0300] "GET /cormun/static/Resources/resize.gif HTTP/1.1" 200 77
186.103.156.24 - - [21/Mar/2018:16:31:08 -0300] "GET /cormun/servlet/prfichaempleado?,MD,,gxPopupLevel%3D0%3B HTTP/1.1" 200 9384
186.103.156.24 - - [21/Mar/2018:16:31:08 -0300] "GET /cormun/static/gxui/gxui-all.css?110300 HTTP/1.1" 200 2179
186.103.156.24 - - [21/Mar/2018:16:31:08 -0300] "GET /cormun/static/gxcfg.js?20177612134814 HTTP/1.1" 200 953
186.103.156.24 - - [21/Mar/2018:16:31:08 -0300] "GET /cormun/static/Resources/PXToolsMenuSearch.png HTTP/1.1" 200 2914
186.103.156.24 - - [21/Mar/2018:16:31:08 -0300] "GET /cormun/static/menusearch.js?201610171694467 HTTP/1.1" 200 1424
186.103.156.24 - - [21/Mar/2018:16:31:08 -0300] "GET /cormun/static/hmpwkw011.js?20177612121862 HTTP/1.1" 200 1968
186.103.156.24 - - [21/Mar/2018:16:31:08 -0300] "GET /cormun/static/Resources/PXToolsMenuSearchCancel.png HTTP/1.1" 200 2972
186.103.156.24 - - [21/Mar/2018:16:31:08 -0300] "GET /cormun/static/prfichaempleado.js?20177612134999 HTTP/1.1" 200 16006
186.103.156.24 - - [21/Mar/2018:16:31:08 -0300] "GET /cormun/static/Shared/ext/resources/css/ext-all.css?205870 HTTP/1.1" 200 416045
192.168.10.62 - - [21/Mar/2018:16:31:46 -0300] "POST /cormun/servlet/trsolicitudgral?8876080dbe7f02b8098f9b220e3b160e,,gx-no-cache=1521660539882 HTTP/1.1" 440 972
192.168.10.62 - - [21/Mar/2018:16:31:47 -0300] "GET /cormun/servlet/trsolicitudgral? HTTP/1.1" 500 10
192.168.10.62 - - [21/Mar/2018:16:31:52 -0300] "GET /cormun/servlet/hlogin HTTP/1.1" 200 1710
186.103.159.204 - - [21/Mar/2018:16:32:01 -0300] "GET /cormun/servlet/solicitudot?990456c93b679d25785ade1bbfdb9694b5cf0f0ce918a9b3835f2025f43b6694d78180556bb518b89eac5cf5e03826a39c6304ccc055c15b1a6d9003c1f670bc,gx-no-cache=1521660665586 HTTP/1.1" 200 30
186.103.159.204 - - [21/Mar/2018:16:32:01 -0300] "GET /cormun/servlet/solicitudot?990456c93b679d25785ade1bbfdb96942636a3549ef546ec2d7c887fe180d6d7313db742898f34c8c60b60f690f8b9930f11052de9a533ed82716d12f220473094e2b7f83b80dfa8f21cde41013b6cf4abfa7e0c7575ff5be3cabdc8855c60612545d65cb6054169989074d7bf20bbf431d434c6f01d953d4a921377da3f60a85bcb0f7868fd43282f11df8423fa398ed64ad358fc93c9c23e5cf0f4afbe76ad573ba4e940f7d33c2d95dc1afd808bedd87b4fc85886a72814b81ba0869ca3926936a9ee8e15446e1c24fa1e1b8d6c9b21f63654e9f9d2eacbac4cfc1ffac39427258b77172aa59fb028318df0872fa8d4d7373e9e5c21b52181eee767fc45bba1bc4c14da4515598d8faa6e5a7a8cf7a46938254fca6634915be019abb7b41e3f84e1440291b2016c8f5efb3c9f9892ea8d814a363f664d254b5fd8eb6b0e3423261c4202d99b163ff8c83d90ec317751246eb4c4445eb6cd6e26ba4beeac331192f49b844325ebe3b4669c3a4507e55dae1f4e3476d0f0565bfb6a25abfe8e13b2d40885f8a7fea91d843642e05ed2,gx-no-cache=1521660665644 HTTP/1.1" 200 30
186.103.159.204 - - [21/Mar/2018:16:32:01 -0300] "POST /cormun/servlet/solicitudot?gx-no-cache=1521660665978 HTTP/1.1" 200 30
186.103.159.204 - - [21/Mar/2018:16:32:01 -0300] "POST /cormun/servlet/solicitudot?gx-no-cache=1521660666036 HTTP/1.1" 200 1334
186.103.159.204 - - [21/Mar/2018:16:32:02 -0300] "POST /cormun/servlet/solicitudot?gx-no-cache=1521660666144 HTTP/1.1" 200 41
186.103.159.204 - - [21/Mar/2018:16:32:02 -0300] "POST /cormun/servlet/solicitudot?gx-no-cache=1521660666186 HTTP/1.1" 200 1319
186.103.159.204 - - [21/Mar/2018:16:32:02 -0300] "POST /cormun/servlet/solicitudot?gx-no-cache=1521660666234 HTTP/1.1" 200 1218
186.103.159.204 - - [21/Mar/2018:16:32:02 -0300] "GET /cormun/servlet/solicitudot?990456c93b679d25785ade1bbfdb9694a64a6193de464ff891d843e814fb2622ca758a0f8fb19c71f7e974e0992a1fdc,gx-no-cache=1521660666290 HTTP/1.1" 200 30
186.103.159.204 - - [21/Mar/2018:16:32:02 -0300] "POST /cormun/servlet/solicitudot?gx-no-cache=1521660666318 HTTP/1.1" 200 30
186.103.159.204 - - [21/Mar/2018:16:32:02 -0300] "POST /cormun/servlet/solicitudot?3f5ea993a82d21563d824483d2c47349,INS,0,0,,gx-no-cache=1521660666348 HTTP/1.1" 200 11744
192.168.10.62 - - [21/Mar/2018:16:32:02 -0300] "POST /cormun/servlet/hlogin?92e44658d942819b2ccfaacd1da7a682,gx-no-cache=1521660556264 HTTP/1.1" 200 422
192.168.10.62 - - [21/Mar/2018:16:32:09 -0300] "POST /cormun/servlet/hlogin?92e44658d942819b2ccfaacd1da7a682,gx-no-cache=1521660562398 HTTP/1.1" 200 90
192.168.10.62 - - [21/Mar/2018:16:32:09 -0300] "GET /cormun/servlet/hpexe_link HTTP/1.1" 200 942
192.168.10.62 - - [21/Mar/2018:16:32:09 -0300] "GET /cormun/servlet/hhome HTTP/1.1" 200 4469
192.168.10.62 - - [21/Mar/2018:16:32:10 -0300] "GET /cormun/servlet/hhome HTTP/1.1" 200 4465
192.168.10.62 - - [21/Mar/2018:16:32:19 -0300] "GET /cormun/servlet/trsolicitudgral? HTTP/1.1" 200 27836
192.168.10.62 - - [21/Mar/2018:16:32:20 -0300] "GET /cormun/servlet/trsolicitudgral? HTTP/1.1" 200 27833
186.103.159.204 - - [21/Mar/2018:16:32:21 -0300] "GET /cormun/servlet/solicitudot?990456c93b679d25785ade1bbfdb96942636a3549ef546ec2d7c887fe180d6d7313db742898f34c8c60b60f690f8b9930f11052de9a533ed82716d12f220473094e2b7f83b80dfa8f21cde41013b6cf4abfa7e0c7575ff5be3cabdc8855c60612545d65cb6054169989074d7bf20bbf431d434c6f01d953d4a921377da3f60a85bcb0f7868fd43282f11df8423fa398ed64ad358fc93c9c23e5cf0f4afbe76ad573ba4e940f7d33c2d95dc1afd808bedd87b4fc85886a72814b81ba0869ca3926936a9ee8e15446e1c24fa1e1b8d6c9b21f63654e9f9d2eacbac4cfc1ffac39427258b77172aa59fb028318df0872fa8d4d7373e9e5c21b52181eee767fc45bba1bc4c14da4515598d8faa6e5a7a8cf7a46938254fca6634915be019abb7b41e3f84e1440291b2016c8f5efb3c9f9892ea8d814a363f664d254b5fd8eb6b0e3423261c4202d99b163ff8c83d90ec317751246eb4c4445eb6cd6e26ba4beeac331192f49b844325ebe3b4669c3a4507e55dae1f4e3476d0f0565bfb6a25abfe8e13b2d40885f8a7fea91d843642e05ed2,gx-no-cache=1521660685772 HTTP/1.1" 200 30
186.103.159.204 - - [21/Mar/2018:16:32:21 -0300] "POST /cormun/servlet/solicitudot?gx-no-cache=1521660686100 HTTP/1.1" 200 30
186.103.159.204 - - [21/Mar/2018:16:32:22 -0300] "POST /cormun/servlet/solicitudot?gx-no-cache=1521660686158 HTTP/1.1" 200 1334
186.103.159.204 - - [21/Mar/2018:16:32:22 -0300] "POST /cormun/servlet/solicitudot?gx-no-cache=1521660686242 HTTP/1.1" 200 41
186.103.159.204 - - [21/Mar/2018:16:32:22 -0300] "POST /cormun/servlet/solicitudot?gx-no-cache=1521660686284 HTTP/1.1" 200 1319
186.103.159.204 - - [21/Mar/2018:16:32:22 -0300] "POST /cormun/servlet/solicitudot?gx-no-cache=1521660686330 HTTP/1.1" 200 1218
186.103.159.204 - - [21/Mar/2018:16:32:22 -0300] "GET /cormun/servlet/solicitudot?990456c93b679d25785ade1bbfdb9694a64a6193de464ff891d843e814fb2622ca758a0f8fb19c71f7e974e0992a1fdc,gx-no-cache=1521660686368 HTTP/1.1" 200 30
186.103.159.204 - - [21/Mar/2018:16:32:22 -0300] "POST /cormun/servlet/solicitudot?gx-no-cache=1521660686394 HTTP/1.1" 200 30
186.103.159.204 - - [21/Mar/2018:16:32:22 -0300] "POST /cormun/servlet/solicitudot?3f5ea993a82d21563d824483d2c47349,INS,0,0,,gx-no-cache=1521660686422 HTTP/1.1" 200 93
186.103.159.204 - - [21/Mar/2018:16:32:22 -0300] "GET /cormun/servlet/hpexe_return? HTTP/1.1" 200 1008
186.103.159.204 - - [21/Mar/2018:16:32:22 -0300] "GET /cormun/servlet/trsolicitudot HTTP/1.1" 200 9555
186.103.159.204 - - [21/Mar/2018:16:32:22 -0300] "GET /cormun/static/gxui/gxui-all.css?120300 HTTP/1.1" 200 2179
186.103.159.204 - - [21/Mar/2018:16:32:22 -0300] "GET /cormun/static/Resources/PXToolsDataSearch.png HTTP/1.1" 200 419
186.103.159.204 - - [21/Mar/2018:16:32:23 -0300] "GET /cormun/servlet/trsolicitudot HTTP/1.1" 200 9551
186.103.159.204 - - [21/Mar/2018:16:32:31 -0300] "POST /cormun/servlet/trsolicitudot?3f5ea993a82d21563d824483d2c47349,gx-no-cache=1521660695586 HTTP/1.1" 200 6766
192.168.10.62 - - [21/Mar/2018:16:32:34 -0300] "POST /cormun/servlet/trsolicitudgral?92e44658d942819b2ccfaacd1da7a682,,gx-no-cache=1521660587205 HTTP/1.1" 200 25906
192.168.10.62 - - [21/Mar/2018:16:32:40 -0300] "POST /cormun/servlet/trsolicitudgral?92e44658d942819b2ccfaacd1da7a682,,gx-no-cache=1521660593122 HTTP/1.1" 200 25907
192.168.10.62 - - [21/Mar/2018:16:32:42 -0300] "POST /cormun/servlet/trsolicitudgral?92e44658d942819b2ccfaacd1da7a682,,gx-no-cache=1521660595133 HTTP/1.1" 200 105
192.168.10.62 - - [21/Mar/2018:16:32:42 -0300] "GET /cormun/SolicitudGral-6377.xls HTTP/1.1" 200 53760
186.103.156.24 - - [21/Mar/2018:16:33:23 -0300] "POST /cormun/servlet/prfichaempleado?0388ee6492df8ef464edb8599de062d2,,MD,,gxPopupLevel%3D0%3B,gx-no-cache=1521660752451 HTTP/1.1" 200 3192
186.103.159.204 - - [21/Mar/2018:16:33:35 -0300] "POST /cormun/servlet/trsolicitudot?3f5ea993a82d21563d824483d2c47349,gx-no-cache=1521660759410 HTTP/1.1" 200 22723
200.120.230.197 - - [21/Mar/2018:16:34:19 -0300] "POST /cormun/servlet/hlogin?9617aaf0838c479ab96434a8cbf1a1e8,gx-no-cache=1521660808225 HTTP/1.1" 440 972
200.120.230.197 - - [21/Mar/2018:16:34:23 -0300] "GET /cormun/servlet/hlogin HTTP/1.1" 200 1726
200.120.230.197 - - [21/Mar/2018:16:34:41 -0300] "POST /cormun/servlet/hlogin?510bcaa54b7ff3520a390a5767212917,gx-no-cache=1521660830359 HTTP/1.1" 200 90
200.120.230.197 - - [21/Mar/2018:16:34:41 -0300] "GET /cormun/servlet/hpexe_link HTTP/1.1" 200 948
186.103.159.204 - - [21/Mar/2018:16:34:42 -0300] "GET /cormun/servlet/vesolicitudot?2018,8069,, HTTP/1.1" 200 8280
186.103.159.204 - - [21/Mar/2018:16:34:42 -0300] "GET /cormun/pexe_scrolldiv.js HTTP/1.1" 404 1009
186.103.159.204 - - [21/Mar/2018:16:34:42 -0300] "GET /cormun/static/gxcfg.js?2017111422591385 HTTP/1.1" 200 953
186.103.159.204 - - [21/Mar/2018:16:34:42 -0300] "GET /cormun/static/hwcviewtabs.js?20177611594913 HTTP/1.1" 200 1074
186.103.159.204 - - [21/Mar/2018:16:34:42 -0300] "GET /cormun/static/vesolicitudot.js?2017111422591449 HTTP/1.1" 200 6091
186.103.159.204 - - [21/Mar/2018:16:34:42 -0300] "GET /cormun/static/hpexe_tabsview.js?201610171694228 HTTP/1.1" 200 1661
186.103.159.204 - - [21/Mar/2018:16:34:42 -0300] "GET /cormun/static/Resources/PXToolsTabFirstSelected.png HTTP/1.1" 200 1259
186.103.159.204 - - [21/Mar/2018:16:34:42 -0300] "GET /cormun/static/Resources/PXToolsTabLastUnselected.png HTTP/1.1" 200 1291
186.103.159.204 - - [21/Mar/2018:16:34:42 -0300] "GET /cormun/static/tbsolicitudot01.js?2017111422581186 HTTP/1.1" 200 30566
186.103.159.204 - - [21/Mar/2018:16:34:42 -0300] "GET /cormun/static/Resources/PXToolsTabPrevious.gif HTTP/1.1" 200 172
186.103.159.204 - - [21/Mar/2018:16:34:42 -0300] "GET /cormun/pexe_scrolldiv.js HTTP/1.1" 404 1009
186.103.159.204 - - [21/Mar/2018:16:34:42 -0300] "GET /cormun/static/Resources/PXToolsTabNext.gif HTTP/1.1" 200 168
200.120.230.197 - - [21/Mar/2018:16:34:42 -0300] "GET /cormun/servlet/hhome HTTP/1.1" 200 4229
186.103.159.204 - - [21/Mar/2018:16:34:42 -0300] "GET /cormun/static/calendar-system.css HTTP/1.1" 200 5572
186.103.159.204 - - [21/Mar/2018:16:34:42 -0300] "GET /cormun/static/Resources/PXToolsTabUnselectedUnselected.png HTTP/1.1" 200 1459
186.103.159.204 - - [21/Mar/2018:16:34:42 -0300] "GET /cormun/static/Resources/PXToolsTabSelectedUnselected.png HTTP/1.1" 200 1428
186.103.159.204 - - [21/Mar/2018:16:34:42 -0300] "GET /cormun/static/Resources/PXToolsTabBackUnselected.png HTTP/1.1" 200 1175
186.103.159.204 - - [21/Mar/2018:16:34:42 -0300] "GET /cormun/static/Resources/PXToolsTabBackSelected.png HTTP/1.1" 200 1157
186.103.159.204 - - [21/Mar/2018:16:34:42 -0300] "GET /cormun/servlet/vesolicitudot?2018,8069,, HTTP/1.1" 200 8281
200.120.230.197 - - [21/Mar/2018:16:34:44 -0300] "GET /cormun/servlet/hhome HTTP/1.1" 200 4225
186.103.159.204 - - [21/Mar/2018:16:35:09 -0300] "POST /cormun/servlet/vesolicitudot?3f5ea993a82d21563d824483d2c47349,2018,8069,,,gx-no-cache=1521660853530 HTTP/1.1" 200 93
186.103.159.204 - - [21/Mar/2018:16:35:09 -0300] "GET /cormun/servlet/hpexe_return? HTTP/1.1" 200 1033
186.103.159.204 - - [21/Mar/2018:16:35:09 -0300] "GET /cormun/static/Resources/Spanish/PXTools.css?167811 HTTP/1.1" 200 16384
186.103.159.204 - - [21/Mar/2018:16:35:10 -0300] "GET /cormun/servlet/trsolicitudot?gx-no-cache=1521660759410 HTTP/1.1" 200 25364
186.103.159.204 - - [21/Mar/2018:16:35:10 -0300] "GET /cormun/static/gxui/gxui-all.css?120300 HTTP/1.1" 200 2179
186.103.159.204 - - [21/Mar/2018:16:35:10 -0300] "GET /cormun/static/gxcfg.js?2017111422585916 HTTP/1.1" 200 953
186.103.159.204 - - [21/Mar/2018:16:35:10 -0300] "GET /cormun/servlet/trsolicitudot?gx-no-cache=1521660759410 HTTP/1.1" 200 25380
186.79.227.120 - - [21/Mar/2018:16:35:25 -0300] "GET /cormun/servlet/trautorizarsolicitud? HTTP/1.1" 200 8718
186.79.227.120 - - [21/Mar/2018:16:35:27 -0300] "GET /cormun/servlet/trautorizarsolicitud? HTTP/1.1" 200 8716
186.103.159.204 - - [21/Mar/2018:16:36:33 -0300] "GET /cormun/servlet/solicitudot?INS,0,0, HTTP/1.1" 200 13359
186.103.159.204 - - [21/Mar/2018:16:36:34 -0300] "GET /cormun/servlet/solicitudot?INS,0,0, HTTP/1.1" 200 13342
186.103.159.204 - - [21/Mar/2018:16:36:52 -0300] "POST /cormun/servlet/solicitudot?gx-no-cache=1521660956588 HTTP/1.1" 200 3501
186.103.159.204 - - [21/Mar/2018:16:36:52 -0300] "GET /cormun/static/Shared/jqueryui/images/ui-bg_highlight-soft_100_c6c2c8_1x100.png HTTP/1.1" 404 1117
186.103.159.204 - - [21/Mar/2018:16:36:52 -0300] "GET /cormun/static/Shared/jqueryui/images/ui-icons_82798d_256x240.png HTTP/1.1" 404 1089
186.103.159.204 - - [21/Mar/2018:16:36:52 -0300] "GET /cormun/static/Shared/jqueryui/images/ui-bg_flat_55_994d53_40x100.png HTTP/1.1" 404 1097
186.103.159.204 - - [21/Mar/2018:16:36:52 -0300] "GET /cormun/static/Shared/jqueryui/images/ui-icons_ebccce_256x240.png HTTP/1.1" 404 1089
186.103.159.204 - - [21/Mar/2018:16:37:05 -0300] "GET /cormun/static/Resources/resize.gif HTTP/1.1" 200 77
186.103.159.204 - - [21/Mar/2018:16:37:06 -0300] "GET /cormun/servlet/prfichaempleado?,MD,,gxPopupLevel%3D0%3B HTTP/1.1" 200 9214
186.103.159.204 - - [21/Mar/2018:16:37:06 -0300] "GET /cormun/static/gxui/gxui-all.css?110300 HTTP/1.1" 200 2179
186.103.159.204 - - [21/Mar/2018:16:37:06 -0300] "GET /cormun/static/hmpwkw011.js?20177612121862 HTTP/1.1" 304 -
186.103.159.204 - - [21/Mar/2018:16:37:06 -0300] "GET /cormun/static/Resources/PXToolsMenuSearchCancel.png HTTP/1.1" 200 2972
186.103.159.204 - - [21/Mar/2018:16:37:06 -0300] "GET /cormun/static/Resources/PXToolsMenuSearch.png HTTP/1.1" 200 2914
186.79.227.120 - - [21/Mar/2018:16:37:12 -0300] "POST /cormun/servlet/trautorizarsolicitud?510bcaa54b7ff3520a390a5767212917,,gx-no-cache=1521660981132 HTTP/1.1" 200 116
186.79.227.120 - - [21/Mar/2018:16:37:12 -0300] "GET /cormun/servlet/solicitudotlog?INS,2018,10755,0,REC, HTTP/1.1" 200 6030
186.79.227.120 - - [21/Mar/2018:16:37:12 -0300] "GET /cormun/static/gxcfg.js?2017761245646 HTTP/1.1" 200 953
200.120.230.197 - - [21/Mar/2018:16:37:13 -0300] "GET /cormun/static/solicitudotlog.js?2017761245655 HTTP/1.1" 200 8934
200.120.230.197 - - [21/Mar/2018:16:37:14 -0300] "GET /cormun/servlet/solicitudotlog?INS,2018,10755,0,REC, HTTP/1.1" 200 6029
200.120.230.197 - - [21/Mar/2018:16:37:14 -0300] "GET /cormun/servlet/solicitudotlog?f3f9a735240344ff6e2f112c49d525d9c1fdc54d7519700ee52c129e03c1ff4de27eaec977bd39245f51d421cf9813c1660042867225b4cc823cdaefbb04de834b9869589cda8cca61f9ba7f25934b26fbe7132a295e87a1dd38608dd3145820ea22befa2979afa0b2bbe4f329f2b5602e73f72f59f8caf82b65444602b34d2b444fc862bfcc4566fdb0351bd055deb8a5c687299d8c532006831f9325131215,gx-no-cache=1521660983841 HTTP/1.1" 200 94
186.103.159.204 - - [21/Mar/2018:16:37:21 -0300] "POST /cormun/servlet/prfichaempleado?3f5ea993a82d21563d824483d2c47349,,MD,,gxPopupLevel%3D0%3B,gx-no-cache=1521660984998 HTTP/1.1" 200 3428
186.103.159.204 - - [21/Mar/2018:16:37:27 -0300] "POST /cormun/servlet/solicitudot?gx-no-cache=1521660991760 HTTP/1.1" 200 3501
186.103.156.24 - - [21/Mar/2018:16:37:42 -0300] "GET /cormun/servlet/prfichaempleado?,MD,,gxPopupLevel%3D0%3B HTTP/1.1" 200 9384
186.103.159.204 - - [21/Mar/2018:16:37:44 -0300] "GET /cormun/servlet/solicitudot?990456c93b679d25785ade1bbfdb9694446b5f9a76e17a3f699de58ac2aa2bc5c28e1b37ab84d55223718d7030e11964,gx-no-cache=1521661008902 HTTP/1.1" 200 30
200.120.230.197 - - [21/Mar/2018:16:37:57 -0300] "POST /cormun/servlet/solicitudotlog?510bcaa54b7ff3520a390a5767212917,INS,2018,10755,0,REC,,gx-no-cache=1521661026061 HTTP/1.1" 200 93
200.120.230.197 - - [21/Mar/2018:16:37:57 -0300] "GET /cormun/servlet/hpexe_return? HTTP/1.1" 200 1025
200.120.230.197 - - [21/Mar/2018:16:37:57 -0300] "GET /cormun/static/Resources/Spanish/PXTools.css?167811 HTTP/1.1" 200 89042
186.79.227.120 - - [21/Mar/2018:16:37:57 -0300] "GET /cormun/static/gxcfg.js?2016101716175148 HTTP/1.1" 200 953
200.120.230.197 - - [21/Mar/2018:16:37:57 -0300] "GET /cormun/static/hpexe_return.js?2016101716175153 HTTP/1.1" 200 1633
186.79.227.120 - - [21/Mar/2018:16:37:58 -0300] "GET /cormun/servlet/trautorizarsolicitud HTTP/1.1" 200 7343
186.79.227.120 - - [21/Mar/2018:16:38:00 -0300] "GET /cormun/servlet/trautorizarsolicitud HTTP/1.1" 200 7339
186.103.159.204 - - [21/Mar/2018:16:38:02 -0300] "GET /cormun/servlet/prfichaempleado?,MD,,gxPopupLevel%3D0%3B HTTP/1.1" 200 9214
186.103.156.24 - - [21/Mar/2018:16:38:05 -0300] "GET /cormun/servlet/prfichaempleado?,MD,,gxPopupLevel%3D0%3B HTTP/1.1" 200 9384
186.103.159.204 - - [21/Mar/2018:16:38:19 -0300] "POST /cormun/servlet/prfichaempleado?3f5ea993a82d21563d824483d2c47349,,MD,,gxPopupLevel%3D0%3B,gx-no-cache=1521661043444 HTTP/1.1" 200 3427
186.103.156.24 - - [21/Mar/2018:16:38:40 -0300] "POST /cormun/servlet/prfichaempleado?0388ee6492df8ef464edb8599de062d2,,MD,,gxPopupLevel%3D0%3B,gx-no-cache=1521661070043 HTTP/1.1" 200 3474
186.103.159.204 - - [21/Mar/2018:16:39:20 -0300] "POST /cormun/servlet/solicitudot?gx-no-cache=1521661104784 HTTP/1.1" 200 3501
186.103.156.24 - - [21/Mar/2018:16:39:33 -0300] "POST /cormun/servlet/solicitudot?gx-no-cache=1521661122812 HTTP/1.1" 200 3411
186.103.156.24 - - [21/Mar/2018:16:39:33 -0300] "POST /cormun/servlet/solicitudot?0388ee6492df8ef464edb8599de062d2,INS,0,0,,gx-no-cache=1521661122982 HTTP/1.1" 200 10583
186.103.159.204 - - [21/Mar/2018:16:39:34 -0300] "POST /cormun/servlet/solicitudot?3f5ea993a82d21563d824483d2c47349,INS,0,0,,gx-no-cache=1521661118114 HTTP/1.1" 200 93
186.103.159.204 - - [21/Mar/2018:16:39:34 -0300] "GET /cormun/servlet/hpexe_return? HTTP/1.1" 200 1029
186.103.159.204 - - [21/Mar/2018:16:39:34 -0300] "GET /cormun/servlet/trsolicitudot?gx-no-cache=1521660759410 HTTP/1.1" 200 25364
186.103.159.204 - - [21/Mar/2018:16:39:34 -0300] "GET /cormun/static/gxui/gxui-all.css?120300 HTTP/1.1" 304 -
186.103.159.204 - - [21/Mar/2018:16:39:34 -0300] "GET /cormun/static/Resources/PXToolsActionExcel.png HTTP/1.1" 200 3187
186.103.159.204 - - [21/Mar/2018:16:39:34 -0300] "GET /cormun//static/Resources/PXToolsGridDelete.png HTTP/1.1" 200 357
186.103.159.204 - - [21/Mar/2018:16:39:34 -0300] "GET /cormun//static/Resources/PXToolsGridUpdate.png HTTP/1.1" 200 2984
186.103.159.204 - - [21/Mar/2018:16:39:35 -0300] "GET /cormun/servlet/trsolicitudot?gx-no-cache=1521660759410 HTTP/1.1" 200 25380
186.103.156.24 - - [21/Mar/2018:16:39:40 -0300] "GET /cormun/servlet/solicitudot?c9546fef97717c3b8bba318ce608881f88569e4390f0308ce3ab842d94589cab9c0c4128bb72da3c3e3fb30ca385d953,gx-no-cache=1521661129751 HTTP/1.1" 200 30
186.103.156.24 - - [21/Mar/2018:16:39:40 -0300] "GET /cormun/servlet/solicitudot?c9546fef97717c3b8bba318ce608881f9fb21fcea464660a5df087b56838fe3c95de33d4b994f8539c73b83e51950d1fcb07733eb69a6e4ab5943439dd28a0d1,gx-no-cache=1521661129785 HTTP/1.1" 200 30
186.103.156.24 - - [21/Mar/2018:16:39:40 -0300] "GET /cormun/servlet/solicitudot?c9546fef97717c3b8bba318ce608881f3c4bb949ccc81f7d8c6d385f7d13ce73,gx-no-cache=1521661129813 HTTP/1.1" 200 70
186.103.156.24 - - [21/Mar/2018:16:39:40 -0300] "POST /cormun/servlet/solicitudot?gx-no-cache=1521661129846 HTTP/1.1" 200 297
186.103.156.24 - - [21/Mar/2018:16:39:40 -0300] "GET /cormun/servlet/solicitudot?c9546fef97717c3b8bba318ce608881f706216a906c344cef265f8a40ef0d6f0d750b380738953dcd59f3ee43ad11a55ab4fc5240e6201bfe3d604a4ead90ab33652facf4a9c42a3f1c678166a7fd2789ac15b6aaa0a4517574d84fb005739e68bc8045a01cfa45b9b0df7922786251935e4ca0a97d852dbca6493171f64e96da2fd50a16e7009c9052bd9e6252a437db401a6660f0bb1b6a5c8124bd957da98b361b3d43855cb80c614da2d5527246719cb8621cade246a39002031e931087bef7aeb0cbe006d247dbf46f519fecc74b795c3513c6adfaf6a0522cae7e61ff4e56736e4557fbdea9d2df9aa56861ca37a4019bf3f94dccdeb6db452e8f80677cd64cb948778ca1858448d97fbe2b0672241aec0a1f6bb6dcea2844629b4b59acf999720371eb50cd388419e8d2ebb6287ddee48d12867278a9da061cbbddd3deb31319f0c1d3821a116d712d683483cbfff323d7a6f31fb8ad23ada6aad2adaae4634bf4cebd4ba6dfb9b24d23d25eb8bee8d9f1168847e605ca1bea64685b4cb07733eb69a6e4ab5943439dd28a0d1,gx-no-cache=1521661129885 HTTP/1.1" 200 30
186.103.156.24 - - [21/Mar/2018:16:39:43 -0300] "POST /cormun/servlet/solicitudot?gx-no-cache=1521661132975 HTTP/1.1" 200 30
186.103.156.24 - - [21/Mar/2018:16:39:46 -0300] "POST /cormun/servlet/solicitudot?gx-no-cache=1521661136030 HTTP/1.1" 200 1336
186.103.156.24 - - [21/Mar/2018:16:39:46 -0300] "POST /cormun/servlet/solicitudot?gx-no-cache=1521661136081 HTTP/1.1" 200 38
186.103.156.24 - - [21/Mar/2018:16:40:10 -0300] "GET /cormun/servlet/solicitudot?c9546fef97717c3b8bba318ce608881f1c3543783bc5df03ad673d0a6427c43c393c37609a4089f9b9a5b6d5c4133a3d194e5cdf1537cb04bc4238243dd983c111abee45f98ee31dd199918f1e9ca9cd3552c2e3df7fb9f3ee3acab18ccd06bb0442f88b43e41c74b70191a4a4d3091b,gx-no-cache=1521661160040 HTTP/1.1" 200 29
186.103.156.24 - - [21/Mar/2018:16:40:10 -0300] "POST /cormun/servlet/solicitudot?gx-no-cache=1521661160081 HTTP/1.1" 200 1318
186.103.156.24 - - [21/Mar/2018:16:40:10 -0300] "POST /cormun/servlet/solicitudot?gx-no-cache=1521661160134 HTTP/1.1" 200 1218
186.103.156.24 - - [21/Mar/2018:16:40:10 -0300] "GET /cormun/static/menuarrow.gif HTTP/1.1" 404 1015
186.103.156.24 - - [21/Mar/2018:16:40:17 -0300] "POST /cormun/servlet/solicitudot?gx-no-cache=1521661166510 HTTP/1.1" 200 1318
186.103.156.24 - - [21/Mar/2018:16:40:17 -0300] "POST /cormun/servlet/solicitudot?gx-no-cache=1521661166555 HTTP/1.1" 200 1218
186.103.156.24 - - [21/Mar/2018:16:40:31 -0300] "GET /cormun/servlet/solicitudot?c9546fef97717c3b8bba318ce608881f48d822c675da4407a72094c50ce745d68e11b9900395a02f7a8bf6593e2180df,gx-no-cache=1521661180518 HTTP/1.1" 200 30
186.103.156.24 - - [21/Mar/2018:16:40:42 -0300] "POST /cormun/servlet/solicitudot?gx-no-cache=1521661191466 HTTP/1.1" 200 30
186.103.156.24 - - [21/Mar/2018:16:41:21 -0300] "POST /cormun/servlet/solicitudot?0388ee6492df8ef464edb8599de062d2,INS,0,0,,gx-no-cache=1521661230361 HTTP/1.1" 200 93
186.103.156.24 - - [21/Mar/2018:16:41:21 -0300] "GET /cormun/servlet/hpexe_return? HTTP/1.1" 200 1007
186.103.156.24 - - [21/Mar/2018:16:41:21 -0300] "GET /cormun/static/gxcfg.js?2016101716175148 HTTP/1.1" 200 953
186.103.156.24 - - [21/Mar/2018:16:41:21 -0300] "GET /cormun/static/hpexe_return.js?2016101716175153 HTTP/1.1" 200 1633
186.103.156.24 - - [21/Mar/2018:16:41:21 -0300] "GET /cormun/static/Resources/Spanish/PXTools.css?167811 HTTP/1.1" 200 89042
186.103.156.24 - - [21/Mar/2018:16:41:21 -0300] "GET /cormun/servlet/trsolicitudot HTTP/1.1" 200 9197
186.103.156.24 - - [21/Mar/2018:16:41:22 -0300] "GET /cormun/servlet/trsolicitudot HTTP/1.1" 200 9193
186.103.156.24 - - [21/Mar/2018:16:41:30 -0300] "POST /cormun/servlet/trsolicitudot?0388ee6492df8ef464edb8599de062d2,gx-no-cache=1521661239403 HTTP/1.1" 200 5854
186.103.156.24 - - [21/Mar/2018:16:41:30 -0300] "GET /cormun/static/Shared/jqueryui/images/ui-bg_highlight-soft_100_c6c2c8_1x100.png HTTP/1.1" 404 1117
186.103.156.24 - - [21/Mar/2018:16:41:30 -0300] "GET /cormun/static/Shared/jqueryui/images/ui-icons_82798d_256x240.png HTTP/1.1" 404 1089
186.103.156.24 - - [21/Mar/2018:16:41:30 -0300] "GET /cormun/static/Shared/jqueryui/images/ui-bg_flat_55_fafafa_40x100.png HTTP/1.1" 404 1097
186.103.156.24 - - [21/Mar/2018:16:41:30 -0300] "GET /cormun/static/Shared/jqueryui/images/ui-icons_8d78a5_256x240.png HTTP/1.1" 404 1089
186.103.156.24 - - [21/Mar/2018:16:41:30 -0300] "POST /cormun/servlet/trsolicitudot?0388ee6492df8ef464edb8599de062d2,gx-no-cache=1521661240004 HTTP/1.1" 200 5794
186.103.156.24 - - [21/Mar/2018:16:41:37 -0300] "GET /cormun/servlet/trsolicitudot? HTTP/1.1" 200 8790
186.103.156.24 - - [21/Mar/2018:16:41:37 -0300] "GET /cormun/servlet/trsolicitudot? HTTP/1.1" 200 8790
186.103.156.24 - - [21/Mar/2018:16:41:41 -0300] "GET /cormun/servlet/trautorizarsolicitud? HTTP/1.1" 200 8671
186.103.156.24 - - [21/Mar/2018:16:41:41 -0300] "GET /cormun/static/gxcfg.js?2017111423403364 HTTP/1.1" 200 953
186.103.156.24 - - [21/Mar/2018:16:41:41 -0300] "GET /cormun/static/trautorizarsolicitud.js?201711142340425 HTTP/1.1" 200 53910
186.103.156.24 - - [21/Mar/2018:16:41:41 -0300] "GET /cormun/servlet/trautorizarsolicitud? HTTP/1.1" 200 8671
186.103.156.24 - - [21/Mar/2018:16:41:43 -0300] "POST /cormun/servlet/trautorizarsolicitud?0388ee6492df8ef464edb8599de062d2,,gx-no-cache=1521661253192 HTTP/1.1" 200 4601
186.103.156.24 - - [21/Mar/2018:16:41:43 -0300] "GET /cormun/static/Shared/jqueryui/images/ui-bg_highlight-soft_100_c6c2c8_1x100.png HTTP/1.1" 404 1117
186.103.156.24 - - [21/Mar/2018:16:41:43 -0300] "GET /cormun/static/Shared/jqueryui/images/ui-icons_82798d_256x240.png HTTP/1.1" 404 1089
186.103.156.24 - - [21/Mar/2018:16:41:43 -0300] "GET /cormun/static/Shared/jqueryui/images/ui-bg_flat_55_fafafa_40x100.png HTTP/1.1" 404 1097
186.103.156.24 - - [21/Mar/2018:16:41:43 -0300] "GET /cormun/static/Shared/jqueryui/images/ui-icons_8d78a5_256x240.png HTTP/1.1" 404 1089
186.103.156.24 - - [21/Mar/2018:16:41:44 -0300] "POST /cormun/servlet/trautorizarsolicitud?0388ee6492df8ef464edb8599de062d2,,gx-no-cache=1521661253405 HTTP/1.1" 200 4386
186.103.156.24 - - [21/Mar/2018:16:41:48 -0300] "POST /cormun/servlet/trautorizarsolicitud?0388ee6492df8ef464edb8599de062d2,,gx-no-cache=1521661257974 HTTP/1.1" 200 108
186.103.156.24 - - [21/Mar/2018:16:41:48 -0300] "POST /cormun/servlet/trautorizarsolicitud?0388ee6492df8ef464edb8599de062d2,,gx-no-cache=1521661258086 HTTP/1.1" 200 4387
186.103.156.24 - - [21/Mar/2018:16:41:48 -0300] "GET /cormun/AutorizarSolicitud-120.xls HTTP/1.1" 200 4608
186.103.156.24 - - [21/Mar/2018:16:41:53 -0300] "GET /cormun/servlet/trsolicitudot? HTTP/1.1" 200 8790
186.103.156.24 - - [21/Mar/2018:16:41:54 -0300] "GET /cormun/servlet/trsolicitudot? HTTP/1.1" 200 8790
186.103.156.24 - - [21/Mar/2018:16:41:57 -0300] "GET /cormun/servlet/solicitudot?INS,0,0, HTTP/1.1" 200 13672
186.103.156.24 - - [21/Mar/2018:16:41:57 -0300] "GET /cormun/servlet/solicitudot?INS,0,0, HTTP/1.1" 200 13677
192.168.10.62 - - [21/Mar/2018:16:42:03 -0300] "POST /cormun/servlet/trsolicitudgral?92e44658d942819b2ccfaacd1da7a682,,gx-no-cache=1521661151865 HTTP/1.1" 200 25846
186.103.156.24 - - [21/Mar/2018:16:42:06 -0300] "GET /cormun/servlet/prfichaempleado?,MD,,gxPopupLevel%3D0%3B HTTP/1.1" 200 9384
192.168.10.62 - - [21/Mar/2018:16:42:10 -0300] "POST /cormun/servlet/trsolicitudgral?92e44658d942819b2ccfaacd1da7a682,,gx-no-cache=1521661164031 HTTP/1.1" 200 15861
192.168.10.62 - - [21/Mar/2018:16:42:13 -0300] "POST /cormun/servlet/trsolicitudgral?92e44658d942819b2ccfaacd1da7a682,,gx-no-cache=1521661166895 HTTP/1.1" 200 105
192.168.10.62 - - [21/Mar/2018:16:42:13 -0300] "GET /cormun/SolicitudGral-5769.xls HTTP/1.1" 200 15360
186.103.156.24 - - [21/Mar/2018:16:42:56 -0300] "POST /cormun/servlet/prfichaempleado?0388ee6492df8ef464edb8599de062d2,,MD,,gxPopupLevel%3D0%3B,gx-no-cache=1521661325723 HTTP/1.1" 200 3487
186.103.156.24 - - [21/Mar/2018:16:43:13 -0300] "POST /cormun/servlet/solicitudot?gx-no-cache=1521661343249 HTTP/1.1" 200 3428
186.103.156.24 - - [21/Mar/2018:16:43:14 -0300] "POST /cormun/servlet/solicitudot?0388ee6492df8ef464edb8599de062d2,INS,0,0,,gx-no-cache=1521661343395 HTTP/1.1" 200 10602
186.103.156.24 - - [21/Mar/2018:16:43:46 -0300] "GET /cormun/servlet/solicitudot?c9546fef97717c3b8bba318ce608881f9459b23771f187ecec489f81a0ded33c9c0c4128bb72da3c3e3fb30ca385d953,gx-no-cache=1521661376327 HTTP/1.1" 200 30
186.103.156.24 - - [21/Mar/2018:16:43:46 -0300] "GET /cormun/servlet/solicitudot?c9546fef97717c3b8bba318ce608881f48fbcdb88d9e27b03f96997f0f82122f94db3625cda76339d9c2d5486807501a09b26460a8de65affdad3baf824cb90c,gx-no-cache=1521661376384 HTTP/1.1" 200 30
186.103.156.24 - - [21/Mar/2018:16:43:47 -0300] "GET /cormun/servlet/solicitudot?c9546fef97717c3b8bba318ce608881f2006c60e31eb6c9d683c9b86b2b0802a,gx-no-cache=1521661376414 HTTP/1.1" 200 53
186.103.156.24 - - [21/Mar/2018:16:43:47 -0300] "POST /cormun/servlet/solicitudot?gx-no-cache=1521661376444 HTTP/1.1" 200 297
186.103.156.24 - - [21/Mar/2018:16:43:47 -0300] "GET /cormun/servlet/solicitudot?c9546fef97717c3b8bba318ce608881f706216a906c344cef265f8a40ef0d6f0d750b380738953dcd59f3ee43ad11a55ab4fc5240e6201bfe3d604a4ead90ab33652facf4a9c42a3f1c678166a7fd2789ac15b6aaa0a4517574d84fb005739e68bc8045a01cfa45b9b0df7922786251935e4ca0a97d852dbca6493171f64e96da2fd50a16e7009c9052bd9e6252a437db401a6660f0bb1b6a5c8124bd957da98b361b3d43855cb80c614da2d5527246719cb8621cade246a39002031e931087bef7aeb0cbe006d247dbf46f519fecc74b795c3513c6adfaf6a0522cae7e61ff4e56736e4557fbdea9d2df9aa56861ca37a4019bf3f94dccdeb6db452e8f80677cd64cb948778ca1858448d97fbe2b0672241aec0a1f6bb6dcea2844629b4b59acf999720371eb50cd388419e8d2ebb6287ddee48d12867278a9da061cbbddd3deb31319f0c1d3821a116d712d683483cbfff323d7a6f31fb8ad23ada6aad2adaae4634bf4cebd4ba6dfb9b24d23d25eb8bee8d9f1168847e605ca1bea64685b4cb07733eb69a6e4ab5943439dd28a0d1,gx-no-cache=1521661376480 HTTP/1.1" 200 30
186.103.156.24 - - [21/Mar/2018:16:43:47 -0300] "POST /cormun/servlet/solicitudot?gx-no-cache=1521661376816 HTTP/1.1" 200 30
186.103.156.24 - - [21/Mar/2018:16:43:47 -0300] "POST /cormun/servlet/solicitudot?gx-no-cache=1521661376848 HTTP/1.1" 200 1337
186.103.156.24 - - [21/Mar/2018:16:43:47 -0300] "POST /cormun/servlet/solicitudot?gx-no-cache=1521661376898 HTTP/1.1" 200 38
186.103.156.24 - - [21/Mar/2018:16:43:55 -0300] "POST /cormun/servlet/solicitudot?gx-no-cache=1521661384743 HTTP/1.1" 200 30
186.103.156.24 - - [21/Mar/2018:16:43:58 -0300] "POST /cormun/servlet/solicitudot?gx-no-cache=1521661388118 HTTP/1.1" 200 1337
186.103.156.24 - - [21/Mar/2018:16:43:58 -0300] "POST /cormun/servlet/solicitudot?gx-no-cache=1521661388173 HTTP/1.1" 200 38
186.103.156.24 - - [21/Mar/2018:16:44:08 -0300] "GET /cormun/servlet/solicitudot?c9546fef97717c3b8bba318ce608881f1c3543783bc5df03ad673d0a6427c43c393c37609a4089f9b9a5b6d5c4133a3d194e5cdf1537cb04bc4238243dd983c111abee45f98ee31dd199918f1e9ca9cd3552c2e3df7fb9f3ee3acab18ccd06bb0442f88b43e41c74b70191a4a4d3091b,gx-no-cache=1521661397569 HTTP/1.1" 200 29
186.103.156.24 - - [21/Mar/2018:16:44:08 -0300] "POST /cormun/servlet/solicitudot?gx-no-cache=1521661397598 HTTP/1.1" 200 1317
186.103.156.24 - - [21/Mar/2018:16:44:08 -0300] "POST /cormun/servlet/solicitudot?gx-no-cache=1521661397648 HTTP/1.1" 200 1217
186.103.156.24 - - [21/Mar/2018:16:44:16 -0300] "POST /cormun/servlet/solicitudot?gx-no-cache=1521661405616 HTTP/1.1" 200 1317
186.103.156.24 - - [21/Mar/2018:16:44:16 -0300] "POST /cormun/servlet/solicitudot?gx-no-cache=1521661405674 HTTP/1.1" 200 1217
186.103.156.24 - - [21/Mar/2018:16:44:16 -0300] "GET /cormun/static/menuarrow.gif HTTP/1.1" 404 1015
186.103.156.24 - - [21/Mar/2018:16:44:20 -0300] "POST /cormun/servlet/solicitudot?gx-no-cache=1521661409728 HTTP/1.1" 200 1317
186.103.156.24 - - [21/Mar/2018:16:44:20 -0300] "POST /cormun/servlet/solicitudot?gx-no-cache=1521661409779 HTTP/1.1" 200 1217
186.103.156.24 - - [21/Mar/2018:16:44:22 -0300] "GET /cormun/servlet/solicitudot?c9546fef97717c3b8bba318ce608881f48d822c675da4407a72094c50ce745d68e11b9900395a02f7a8bf6593e2180df,gx-no-cache=1521661411663 HTTP/1.1" 200 30
186.103.156.24 - - [21/Mar/2018:16:44:37 -0300] "POST /cormun/servlet/solicitudot?gx-no-cache=1521661426517 HTTP/1.1" 200 30
186.103.156.24 - - [21/Mar/2018:16:45:52 -0300] "POST /cormun/servlet/solicitudot?0388ee6492df8ef464edb8599de062d2,INS,0,0,,gx-no-cache=1521661501876 HTTP/1.1" 200 93
186.103.156.24 - - [21/Mar/2018:16:45:52 -0300] "GET /cormun/servlet/hpexe_return? HTTP/1.1" 200 1007
186.103.156.24 - - [21/Mar/2018:16:45:53 -0300] "GET /cormun/servlet/trsolicitudot HTTP/1.1" 200 9207
186.103.156.24 - - [21/Mar/2018:16:45:53 -0300] "GET /cormun/servlet/trsolicitudot HTTP/1.1" 200 9203
186.103.156.24 - - [21/Mar/2018:16:45:58 -0300] "POST /cormun/servlet/trsolicitudot?0388ee6492df8ef464edb8599de062d2,gx-no-cache=1521661507496 HTTP/1.1" 200 5853
186.103.156.24 - - [21/Mar/2018:16:45:58 -0300] "GET /cormun/static/Shared/jqueryui/images/ui-bg_highlight-soft_100_c6c2c8_1x100.png HTTP/1.1" 404 1117
186.103.156.24 - - [21/Mar/2018:16:45:58 -0300] "GET /cormun/static/Shared/jqueryui/images/ui-icons_82798d_256x240.png HTTP/1.1" 404 1089
186.103.156.24 - - [21/Mar/2018:16:45:58 -0300] "GET /cormun/static/Shared/jqueryui/images/ui-bg_flat_55_fafafa_40x100.png HTTP/1.1" 404 1097
186.103.156.24 - - [21/Mar/2018:16:45:58 -0300] "GET /cormun/static/Shared/jqueryui/images/ui-icons_8d78a5_256x240.png HTTP/1.1" 404 1089
186.103.156.24 - - [21/Mar/2018:16:45:58 -0300] "POST /cormun/servlet/trsolicitudot?0388ee6492df8ef464edb8599de062d2,gx-no-cache=1521661507686 HTTP/1.1" 200 5795
186.103.156.24 - - [21/Mar/2018:16:46:02 -0300] "GET /cormun/servlet/trsolicitudot? HTTP/1.1" 200 8790
186.103.156.24 - - [21/Mar/2018:16:46:02 -0300] "GET /cormun/servlet/trsolicitudot? HTTP/1.1" 200 8790
186.103.156.24 - - [21/Mar/2018:16:46:07 -0300] "POST /cormun/servlet/trsolicitudot?0388ee6492df8ef464edb8599de062d2,,gx-no-cache=1521661516590 HTTP/1.1" 200 4676
186.103.156.24 - - [21/Mar/2018:16:46:07 -0300] "GET /cormun/static/Shared/jqueryui/images/ui-icons_82798d_256x240.png HTTP/1.1" 404 1089
186.103.156.24 - - [21/Mar/2018:16:46:07 -0300] "GET /cormun/static/Shared/jqueryui/images/ui-icons_8d78a5_256x240.png HTTP/1.1" 404 1089
186.103.156.24 - - [21/Mar/2018:16:46:07 -0300] "GET /cormun/static/Shared/jqueryui/images/ui-bg_flat_55_fafafa_40x100.png HTTP/1.1" 404 1097
186.103.156.24 - - [21/Mar/2018:16:46:07 -0300] "GET /cormun/static/Shared/jqueryui/images/ui-bg_highlight-soft_100_c6c2c8_1x100.png HTTP/1.1" 404 1117
186.103.156.24 - - [21/Mar/2018:16:46:07 -0300] "POST /cormun/servlet/trsolicitudot?0388ee6492df8ef464edb8599de062d2,,gx-no-cache=1521661516781 HTTP/1.1" 200 4448
186.103.156.24 - - [21/Mar/2018:16:46:13 -0300] "GET /cormun/servlet/trsolicitudot? HTTP/1.1" 200 7439
186.103.156.24 - - [21/Mar/2018:16:46:14 -0300] "GET /cormun/servlet/trsolicitudot? HTTP/1.1" 200 7439
186.103.156.24 - - [21/Mar/2018:16:46:17 -0300] "GET /cormun/servlet/solicitudot?INS,0,0, HTTP/1.1" 200 13672
186.103.156.24 - - [21/Mar/2018:16:46:18 -0300] "GET /cormun/servlet/solicitudot?INS,0,0, HTTP/1.1" 200 13677
186.103.156.24 - - [21/Mar/2018:16:46:21 -0300] "GET /cormun/servlet/prfichaempleado?,MD,,gxPopupLevel%3D0%3B HTTP/1.1" 200 9384
192.168.10.50 - - [21/Mar/2018:16:46:36 -0300] "GET /cormun/servlet/hlogin HTTP/1.1" 200 1720
186.103.156.24 - - [21/Mar/2018:16:46:44 -0300] "POST /cormun/servlet/prfichaempleado?0388ee6492df8ef464edb8599de062d2,,MD,,gxPopupLevel%3D0%3B,gx-no-cache=1521661553709 HTTP/1.1" 200 3415
186.103.156.24 - - [21/Mar/2018:16:46:49 -0300] "POST /cormun/servlet/solicitudot?gx-no-cache=1521661559038 HTTP/1.1" 200 3396
186.103.156.24 - - [21/Mar/2018:16:46:49 -0300] "POST /cormun/servlet/solicitudot?0388ee6492df8ef464edb8599de062d2,INS,0,0,,gx-no-cache=1521661559167 HTTP/1.1" 200 10580
186.103.156.24 - - [21/Mar/2018:16:46:53 -0300] "GET /cormun/servlet/solicitudot?c9546fef97717c3b8bba318ce608881f632cd87022961365ef0cc9c3b8fe3c7f9c0c4128bb72da3c3e3fb30ca385d953,gx-no-cache=1521661562650 HTTP/1.1" 200 30
186.103.156.24 - - [21/Mar/2018:16:46:53 -0300] "GET /cormun/servlet/solicitudot?c9546fef97717c3b8bba318ce608881f4dfe6b4b7b0f037a7ddfc011a3d9e0b937dc03430236e4606268cd5f3629d49b1d165fc16eab483af20fc13cf7e5f7ff,gx-no-cache=1521661562733 HTTP/1.1" 200 30
186.103.156.24 - - [21/Mar/2018:16:46:53 -0300] "GET /cormun/servlet/solicitudot?c9546fef97717c3b8bba318ce608881f2006c60e31eb6c9d683c9b86b2b0802a,gx-no-cache=1521661562805 HTTP/1.1" 200 53
186.103.156.24 - - [21/Mar/2018:16:46:53 -0300] "POST /cormun/servlet/solicitudot?gx-no-cache=1521661562889 HTTP/1.1" 200 255
186.103.156.24 - - [21/Mar/2018:16:46:54 -0300] "GET /cormun/servlet/solicitudot?c9546fef97717c3b8bba318ce608881f706216a906c344cef265f8a40ef0d6f0c71e742bb5030a1580bd6439f43b0d63ab4fc5240e6201bfe3d604a4ead90ab33652facf4a9c42a3f1c678166a7fd2789ac15b6aaa0a4517574d84fb005739e68bc8045a01cfa45b9b0df7922786251935e4ca0a97d852dbca6493171f64e96da2fd50a16e7009c9052bd9e6252a437db401a6660f0bb1b6a5c8124bd957da98b361b3d43855cb80c614da2d5527246719cb8621cade246a39002031e931087bef7aeb0cbe006d247dbf46f519fecc74b795c3513c6adfaf6a0522cae7e61ff4e56736e4557fbdea9d2df9aa56861ca3250084520c34d4292994c705b9a9c47acd64cb948778ca1858448d97fbe2b067e78ff888151d2a82db1d01e7a0e671c84bb4f69966c24133e549aa2b528503427bef355d088381ea6aaebea6aa7b3d0d5a63c9041fd3bfc09b86bfb7c9c2d10ac3167f438f143c15198905deb5dfa0704ca9f1ed433e3a7a603ac70fbcbdc15ba387725aa9b722a053800465e71cd94a,gx-no-cache=1521661563102 HTTP/1.1" 200 30
186.103.156.24 - - [21/Mar/2018:16:46:57 -0300] "POST /cormun/servlet/solicitudot?gx-no-cache=1521661566544 HTTP/1.1" 200 30
192.168.10.50 - - [21/Mar/2018:16:46:58 -0300] "POST /cormun/servlet/hlogin?4c5c2817c86a0ca072b7fb71717b2972,gx-no-cache=1521661452211 HTTP/1.1" 200 90
192.168.10.50 - - [21/Mar/2018:16:46:59 -0300] "GET /cormun/servlet/hpexe_link HTTP/1.1" 200 944
192.168.10.50 - - [21/Mar/2018:16:46:59 -0300] "GET /cormun/servlet/hhome HTTP/1.1" 200 4455
192.168.10.50 - - [21/Mar/2018:16:46:59 -0300] "GET /cormun/servlet/hhome HTTP/1.1" 200 4451
186.103.156.24 - - [21/Mar/2018:16:47:01 -0300] "POST /cormun/servlet/solicitudot?gx-no-cache=1521661570616 HTTP/1.1" 200 1337
186.103.156.24 - - [21/Mar/2018:16:47:01 -0300] "POST /cormun/servlet/solicitudot?gx-no-cache=1521661570702 HTTP/1.1" 200 38
186.103.156.24 - - [21/Mar/2018:16:47:12 -0300] "GET /cormun/servlet/solicitudot?c9546fef97717c3b8bba318ce608881f1c3543783bc5df03ad673d0a6427c43c393c37609a4089f9b9a5b6d5c4133a3d67fc7c9258f927780275123434bd99ca2ba75b5749c9ca353fbc1b7c37716a5e6e59477d80580b13390cf7c58cab01858c0af26dfcbe2daa635037e474950bf97e0cb4f05f9d1646e0a5eda68a0386445dbd8f513e59251142f5229988d02545408016468e892a036e57875d56976285876cb448a7005c0b24d6c327864a960a3e51c1cfeebb74e449400428b40b53ad066223a10c7a29afc5bf3edac19506a7,gx-no-cache=1521661582258 HTTP/1.1" 200 29
186.103.156.24 - - [21/Mar/2018:16:47:12 -0300] "POST /cormun/servlet/solicitudot?gx-no-cache=1521661582288 HTTP/1.1" 200 1318
186.103.156.24 - - [21/Mar/2018:16:47:12 -0300] "POST /cormun/servlet/solicitudot?gx-no-cache=1521661582332 HTTP/1.1" 200 1218
186.103.156.24 - - [21/Mar/2018:16:47:12 -0300] "GET /cormun/static/menuarrow.gif HTTP/1.1" 404 1015
186.103.156.24 - - [21/Mar/2018:16:47:18 -0300] "POST /cormun/servlet/solicitudot?gx-no-cache=1521661587568 HTTP/1.1" 200 1318
186.103.156.24 - - [21/Mar/2018:16:47:18 -0300] "POST /cormun/servlet/solicitudot?gx-no-cache=1521661587627 HTTP/1.1" 200 1218
186.103.156.24 - - [21/Mar/2018:16:47:22 -0300] "GET /cormun/servlet/solicitudot?c9546fef97717c3b8bba318ce608881fd73bdeadbe98f66a3cf6d1d6524e082a8e11b9900395a02f7a8bf6593e2180df,gx-no-cache=1521661591568 HTTP/1.1" 200 30
186.103.156.24 - - [21/Mar/2018:16:47:34 -0300] "POST /cormun/servlet/solicitudot?gx-no-cache=1521661603781 HTTP/1.1" 200 30
186.103.159.204 - - [21/Mar/2018:16:47:35 -0300] "POST /cormun/servlet/trsolicitudot?3f5ea993a82d21563d824483d2c47349,gx-no-cache=1521660759410,gx-no-cache=1521661599048 HTTP/1.1" 200 6765
186.103.159.204 - - [21/Mar/2018:16:47:52 -0300] "POST /cormun/servlet/trsolicitudot?3f5ea993a82d21563d824483d2c47349,gx-no-cache=1521660759410,gx-no-cache=1521661616216 HTTP/1.1" 200 4282
186.103.159.204 - - [21/Mar/2018:16:47:55 -0300] "POST /cormun/servlet/trsolicitudot?3f5ea993a82d21563d824483d2c47349,gx-no-cache=1521660759410,gx-no-cache=1521661619644 HTTP/1.1" 200 4282
186.103.156.24 - - [21/Mar/2018:16:48:00 -0300] "POST /cormun/servlet/solicitudot?0388ee6492df8ef464edb8599de062d2,INS,0,0,,gx-no-cache=1521661629826 HTTP/1.1" 200 93
186.103.156.24 - - [21/Mar/2018:16:48:00 -0300] "GET /cormun/servlet/hpexe_return? HTTP/1.1" 200 1007
186.103.156.24 - - [21/Mar/2018:16:48:01 -0300] "GET /cormun/servlet/trsolicitudot HTTP/1.1" 200 8830
186.103.156.24 - - [21/Mar/2018:16:48:01 -0300] "GET /cormun/servlet/trsolicitudot HTTP/1.1" 200 8826
186.103.159.204 - - [21/Mar/2018:16:48:03 -0300] "POST /cormun/servlet/trsolicitudot?3f5ea993a82d21563d824483d2c47349,gx-no-cache=1521660759410,gx-no-cache=1521661627222 HTTP/1.1" 200 4282
186.103.159.204 - - [21/Mar/2018:16:48:04 -0300] "POST /cormun/servlet/trsolicitudot?3f5ea993a82d21563d824483d2c47349,gx-no-cache=1521660759410,gx-no-cache=1521661628788 HTTP/1.1" 200 4282
186.103.156.24 - - [21/Mar/2018:16:48:06 -0300] "POST /cormun/servlet/trsolicitudot?0388ee6492df8ef464edb8599de062d2,gx-no-cache=1521661635349 HTTP/1.1" 200 4679
