200.111.122.170 - - [21/Mar/2018:09:13:47 -0300] "GET /cormun/servlet/trsolicitudot?gx-no-cache=1521634291555 HTTP/1.1" 200 8809
200.120.230.197 - - [21/Mar/2018:09:13:53 -0300] "GET /cormun/servlet/trautorizarsolicitud? HTTP/1.1" 200 7341
200.120.230.197 - - [21/Mar/2018:09:13:55 -0300] "GET /cormun/servlet/trautorizarsolicitud? HTTP/1.1" 200 7341
192.168.10.89 - - [21/Mar/2018:09:13:56 -0300] "GET /cormun/servlet/vesolicitudgral?2018,7790,,SolicitudOTAdjuntos HTTP/1.1" 200 11706
192.168.10.89 - - [21/Mar/2018:09:13:56 -0300] "GET /cormun/pexe_scrolldiv.js HTTP/1.1" 404 1009
200.120.230.197 - - [21/Mar/2018:09:13:56 -0300] "GET /cormun/servlet/hlogin HTTP/1.1" 200 1711
200.120.230.197 - - [21/Mar/2018:09:13:58 -0300] "GET /cormun/servlet/hlogin HTTP/1.1" 200 1722
192.168.10.89 - - [21/Mar/2018:09:13:58 -0300] "POST /cormun/servlet/acontrolpreferencessavestate?None,CDROGUETT,true HTTP/1.1" 200 35
192.168.10.89 - - [21/Mar/2018:09:13:59 -0300] "POST /cormun/servlet/vesolicitudgral?3f24882751723f380c31a90dba9e1483,2018,7790,,SolicitudOTAdjuntos,gx-no-cache=1521634272866 HTTP/1.1" 200 90
192.168.10.89 - - [21/Mar/2018:09:13:59 -0300] "GET /cormun/servlet/hpexe_link HTTP/1.1" 200 999
192.168.10.89 - - [21/Mar/2018:09:13:59 -0300] "GET /cormun/servlet/trsolicitudgral?gx-no-cache=1521634219122 HTTP/1.1" 200 11094
192.168.10.62 - - [21/Mar/2018:09:14:03 -0300] "GET /cormun/servlet/vesolicitudgral?2018,9999,, HTTP/1.1" 200 9045
192.168.10.62 - - [21/Mar/2018:09:14:03 -0300] "GET /cormun/pexe_scrolldiv.js HTTP/1.1" 404 1009
192.168.10.62 - - [21/Mar/2018:09:14:03 -0300] "GET /cormun/pexe_scrolldiv.js HTTP/1.1" 404 1009
192.168.10.62 - - [21/Mar/2018:09:14:03 -0300] "GET /cormun/servlet/vesolicitudgral?2018,9999,, HTTP/1.1" 200 9022
200.120.230.197 - - [21/Mar/2018:09:14:04 -0300] "POST /cormun/servlet/hlogin?0a2d05eea6edc94ab06c3251232c9490,gx-no-cache=1521634403901 HTTP/1.1" 200 90
200.120.230.197 - - [21/Mar/2018:09:14:04 -0300] "GET /cormun/servlet/hpexe_link HTTP/1.1" 200 941
200.120.230.197 - - [21/Mar/2018:09:14:05 -0300] "GET /cormun/servlet/hhome HTTP/1.1" 200 4220
192.168.10.62 - - [21/Mar/2018:09:14:05 -0300] "POST /cormun/servlet/vesolicitudgral?49e836af1b1bda6bcfc412fdf4eae66d,2018,9999,,,gx-no-cache=1521634279222 HTTP/1.1" 200 113
192.168.10.62 - - [21/Mar/2018:09:14:05 -0300] "GET /cormun/servlet/solicitudotlog?INS,2018,9999,0,REC, HTTP/1.1" 200 6295
192.168.10.62 - - [21/Mar/2018:09:14:06 -0300] "GET /cormun/servlet/solicitudotlog?INS,2018,9999,0,REC, HTTP/1.1" 200 6290
200.120.230.197 - - [21/Mar/2018:09:14:06 -0300] "GET /cormun/servlet/hhome HTTP/1.1" 200 4216
192.168.10.62 - - [21/Mar/2018:09:14:06 -0300] "GET /cormun/servlet/solicitudotlog?83104e14b747774755d1065c4db47fbdebdb2e64591d4b5d640d16832768b5213674a9e4e03d1812cbbfcebe4d669a8d0a7041562d59b6f455f5c0ca43890d7f9d95e1f589fe8edf0643c23c4f812c809fc2b660c4af64044f97436c0f311b6bdfedea2aaff66347c816ed5a47cb64b8a6403f6c60b1244cd9002bf1e999dd284f878063ec2ab0ec57f208cbfff2f18d1aef2096ea25afc8aef3f18b03ee1b7c,gx-no-cache=1521634280270 HTTP/1.1" 200 94
200.120.230.197 - - [21/Mar/2018:09:14:09 -0300] "GET /cormun/servlet/trlicencias? HTTP/1.1" 200 12844
200.120.230.197 - - [21/Mar/2018:09:14:09 -0300] "GET /cormun/servlet/trcontratosolicitud? HTTP/1.1" 200 14673
200.120.230.197 - - [21/Mar/2018:09:14:10 -0300] "GET /cormun/servlet/trlicencias? HTTP/1.1" 200 12841
200.120.230.197 - - [21/Mar/2018:09:14:11 -0300] "GET /cormun/servlet/trcontratosolicitud? HTTP/1.1" 200 14677
200.120.230.197 - - [21/Mar/2018:09:14:16 -0300] "POST /cormun/servlet/trcontratosolicitud?01923a3da0b6be7fa181adb102d9e604,,gx-no-cache=1521634405392 HTTP/1.1" 200 6517
192.168.10.62 - - [21/Mar/2018:09:14:18 -0300] "POST /cormun/servlet/solicitudotlog?49e836af1b1bda6bcfc412fdf4eae66d,INS,2018,9999,0,REC,,gx-no-cache=1521634292263 HTTP/1.1" 200 93
192.168.10.62 - - [21/Mar/2018:09:14:18 -0300] "GET /cormun/servlet/hpexe_return? HTTP/1.1" 200 1024
192.168.10.62 - - [21/Mar/2018:09:14:19 -0300] "GET /cormun/servlet/vesolicitudgral?2018,9999,, HTTP/1.1" 200 9032
192.168.10.62 - - [21/Mar/2018:09:14:19 -0300] "GET /cormun/pexe_scrolldiv.js HTTP/1.1" 404 1009
192.168.10.62 - - [21/Mar/2018:09:14:19 -0300] "GET /cormun/pexe_scrolldiv.js HTTP/1.1" 404 1009
192.168.10.62 - - [21/Mar/2018:09:14:19 -0300] "GET /cormun/servlet/vesolicitudgral?2018,9999,, HTTP/1.1" 200 9028
192.168.10.62 - - [21/Mar/2018:09:14:21 -0300] "POST /cormun/servlet/vesolicitudgral?49e836af1b1bda6bcfc412fdf4eae66d,2018,9999,,,gx-no-cache=1521634294456 HTTP/1.1" 200 90
192.168.10.62 - - [21/Mar/2018:09:14:21 -0300] "GET /cormun/servlet/hpexe_link HTTP/1.1" 200 981
192.168.10.62 - - [21/Mar/2018:09:14:21 -0300] "GET /cormun/servlet/trsolicitudgral?gx-no-cache=1521632672086 HTTP/1.1" 200 10315
192.168.10.62 - - [21/Mar/2018:09:14:21 -0300] "GET /cormun/servlet/trsolicitudgral?gx-no-cache=1521632672086 HTTP/1.1" 200 10335
192.168.10.89 - - [21/Mar/2018:09:14:27 -0300] "POST /cormun/servlet/trsolicitudgral?3f24882751723f380c31a90dba9e1483,gx-no-cache=1521634219122,gx-no-cache=1521634300491 HTTP/1.1" 200 22835
200.120.230.197 - - [21/Mar/2018:09:14:28 -0300] "GET /cormun/servlet/hlogin HTTP/1.1" 200 1728
200.112.48.142 - - [21/Mar/2018:09:14:50 -0300] "POST /cormun/servlet/solicitudot?gx-no-cache=1521634439688 HTTP/1.1" 200 3341
200.112.48.142 - - [21/Mar/2018:09:14:50 -0300] "GET /cormun/static/Shared/jqueryui/images/ui-bg_highlight-soft_100_c6c2c8_1x100.png HTTP/1.1" 404 1117
200.112.48.142 - - [21/Mar/2018:09:14:50 -0300] "GET /cormun/static/Shared/jqueryui/images/ui-icons_82798d_256x240.png HTTP/1.1" 404 1089
200.112.48.142 - - [21/Mar/2018:09:14:50 -0300] "GET /cormun/static/Shared/jqueryui/images/ui-bg_flat_55_994d53_40x100.png HTTP/1.1" 404 1097
200.112.48.142 - - [21/Mar/2018:09:14:50 -0300] "GET /cormun/static/Shared/jqueryui/images/ui-icons_ebccce_256x240.png HTTP/1.1" 404 1089
192.168.10.96 - - [21/Mar/2018:09:15:50 -0300] "POST /cormun/servlet/trsolicitudgral?0c2be5221493147fbc44151bdb6aef22,,gx-no-cache=1521634383993 HTTP/1.1" 200 5953
192.168.10.96 - - [21/Mar/2018:09:15:54 -0300] "POST /cormun/servlet/trsolicitudgral?0c2be5221493147fbc44151bdb6aef22,,gx-no-cache=1521634387667 HTTP/1.1" 200 5942
186.79.227.120 - - [21/Mar/2018:09:15:54 -0300] "POST /cormun/servlet/trcontratosolicitud?01923a3da0b6be7fa181adb102d9e604,,gx-no-cache=1521634503036 HTTP/1.1" 200 12314
192.168.10.96 - - [21/Mar/2018:09:16:02 -0300] "POST /cormun/servlet/trsolicitudgral?0c2be5221493147fbc44151bdb6aef22,,gx-no-cache=1521634395177 HTTP/1.1" 200 23491
200.120.230.197 - - [21/Mar/2018:09:16:28 -0300] "POST /cormun/servlet/trcontratosolicitud?01923a3da0b6be7fa181adb102d9e604,,gx-no-cache=1521634533224 HTTP/1.1" 200 12288
192.168.10.62 - - [21/Mar/2018:09:17:54 -0300] "POST /cormun/servlet/trsolicitudgral?49e836af1b1bda6bcfc412fdf4eae66d,gx-no-cache=1521632672086,gx-no-cache=1521634507674 HTTP/1.1" 200 11505
192.168.10.62 - - [21/Mar/2018:09:17:58 -0300] "GET /cormun/servlet/vesolicitudgral?2018,9830,, HTTP/1.1" 200 9113
192.168.10.62 - - [21/Mar/2018:09:17:58 -0300] "GET /cormun/pexe_scrolldiv.js HTTP/1.1" 404 1009
192.168.10.62 - - [21/Mar/2018:09:17:58 -0300] "GET /cormun/pexe_scrolldiv.js HTTP/1.1" 404 1009
192.168.10.62 - - [21/Mar/2018:09:17:58 -0300] "GET /cormun/servlet/vesolicitudgral?2018,9830,, HTTP/1.1" 200 9091
200.120.230.197 - - [21/Mar/2018:09:17:59 -0300] "POST /cormun/servlet/trcontratosolicitud?01923a3da0b6be7fa181adb102d9e604,,gx-no-cache=1521634628267 HTTP/1.1" 200 12302
192.168.10.62 - - [21/Mar/2018:09:17:59 -0300] "GET /cormun/servlet/vesolicitudgral?2018,9830,,SolicitudOTLog HTTP/1.1" 200 10119
192.168.10.62 - - [21/Mar/2018:09:17:59 -0300] "GET /cormun/pexe_scrolldiv.js HTTP/1.1" 404 1009
192.168.10.62 - - [21/Mar/2018:09:17:59 -0300] "GET /cormun/pexe_scrolldiv.js HTTP/1.1" 404 1009
192.168.10.62 - - [21/Mar/2018:09:18:00 -0300] "GET /cormun/servlet/vesolicitudgral?2018,9830,,SolicitudOTLog HTTP/1.1" 200 10120
192.168.10.62 - - [21/Mar/2018:09:18:01 -0300] "POST /cormun/servlet/acontrolpreferencessavestate?None,FGONZALEZ,true HTTP/1.1" 200 35
186.103.156.24 - - [21/Mar/2018:09:18:56 -0300] "GET /cormun/servlet/hlogin HTTP/1.1" 200 1719
186.103.156.24 - - [21/Mar/2018:09:19:09 -0300] "POST /cormun/servlet/hlogin?5b96db092336e07036b176c63eb0a5a9,gx-no-cache=1521634699197 HTTP/1.1" 200 90
186.103.156.24 - - [21/Mar/2018:09:19:09 -0300] "GET /cormun/servlet/hpexe_link HTTP/1.1" 200 951
186.103.156.24 - - [21/Mar/2018:09:19:09 -0300] "GET /cormun/servlet/hhome HTTP/1.1" 200 4233
186.103.156.24 - - [21/Mar/2018:09:19:10 -0300] "GET /cormun/servlet/hhome HTTP/1.1" 200 4229
192.168.10.62 - - [21/Mar/2018:09:19:31 -0300] "POST /cormun/servlet/vesolicitudgral?49e836af1b1bda6bcfc412fdf4eae66d,2018,9830,,SolicitudOTLog,gx-no-cache=1521634604428 HTTP/1.1" 200 90
192.168.10.62 - - [21/Mar/2018:09:19:31 -0300] "GET /cormun/servlet/hpexe_link HTTP/1.1" 200 990
192.168.10.62 - - [21/Mar/2018:09:19:31 -0300] "GET /cormun/servlet/trsolicitudgral?gx-no-cache=1521632672086 HTTP/1.1" 200 14534
192.168.10.62 - - [21/Mar/2018:09:19:31 -0300] "GET /cormun/servlet/trsolicitudgral?gx-no-cache=1521632672086 HTTP/1.1" 200 14554
186.103.156.24 - - [21/Mar/2018:09:19:41 -0300] "GET /cormun/servlet/trvisualizadoreventos? HTTP/1.1" 200 6991
186.103.156.24 - - [21/Mar/2018:09:19:41 -0300] "GET /cormun/static/gxcfg.js?20175251251426 HTTP/1.1" 200 953
186.103.156.24 - - [21/Mar/2018:09:19:41 -0300] "GET /cormun/static/Resources/PXToolsActionPrint.png HTTP/1.1" 200 3317
186.103.156.24 - - [21/Mar/2018:09:19:42 -0300] "GET /cormun/servlet/trvisualizadoreventos? HTTP/1.1" 200 6990
186.103.156.24 - - [21/Mar/2018:09:19:48 -0300] "GET /cormun/servlet/trautorizarsolicitud? HTTP/1.1" 200 7340
186.103.156.24 - - [21/Mar/2018:09:19:48 -0300] "GET /cormun/servlet/trautorizarsolicitud? HTTP/1.1" 200 7339
186.103.156.24 - - [21/Mar/2018:09:19:52 -0300] "GET /cormun/servlet/trsolicitudot? HTTP/1.1" 200 8792
186.103.156.24 - - [21/Mar/2018:09:19:53 -0300] "GET /cormun/servlet/trsolicitudot? HTTP/1.1" 200 8792
186.103.156.24 - - [21/Mar/2018:09:20:12 -0300] "GET /cormun/servlet/trcontratounov2? HTTP/1.1" 200 17868
186.103.156.24 - - [21/Mar/2018:09:20:12 -0300] "GET /cormun/static/gxcfg.js?201752512124396 HTTP/1.1" 200 953
186.103.156.24 - - [21/Mar/2018:09:20:12 -0300] "GET /cormun/static/Resources/PXToolsAddSelectedAction.png HTTP/1.1" 200 3660
186.103.156.24 - - [21/Mar/2018:09:20:13 -0300] "GET /cormun/static/trcontratounov2.js?201752512125146 HTTP/1.1" 200 38486
186.103.156.24 - - [21/Mar/2018:09:20:13 -0300] "GET /cormun/servlet/trcontratounov2? HTTP/1.1" 200 17875
186.103.156.24 - - [21/Mar/2018:09:21:27 -0300] "GET /cormun/servlet/trcontratoobservaciondir? HTTP/1.1" 200 6432
186.103.156.24 - - [21/Mar/2018:09:21:27 -0300] "GET /cormun/static/gxcfg.js?20175251262281 HTTP/1.1" 200 953
186.103.156.24 - - [21/Mar/2018:09:21:28 -0300] "GET /cormun/servlet/trcontratoobservaciondir? HTTP/1.1" 200 6432
186.103.156.24 - - [21/Mar/2018:09:21:33 -0300] "POST /cormun/servlet/trcontratoobservaciondir?5b96db092336e07036b176c63eb0a5a9,,gx-no-cache=1521634843064 HTTP/1.1" 200 114
186.103.156.24 - - [21/Mar/2018:09:21:33 -0300] "GET /cormun/ContratoObservacionDir-9039.xls HTTP/1.1" 200 4608
186.103.156.24 - - [21/Mar/2018:09:22:27 -0300] "GET /cormun/servlet/trvisualizadoreventos? HTTP/1.1" 200 6991
186.103.156.24 - - [21/Mar/2018:09:22:27 -0300] "GET /cormun/servlet/trvisualizadoreventos? HTTP/1.1" 200 6990
186.103.156.24 - - [21/Mar/2018:09:22:31 -0300] "POST /cormun/servlet/trvisualizadoreventos?5b96db092336e07036b176c63eb0a5a9,,gx-no-cache=1521634901784 HTTP/1.1" 200 111
186.103.156.24 - - [21/Mar/2018:09:22:31 -0300] "GET /cormun/VisualizadorEventos-1197.xls HTTP/1.1" 200 4096
186.103.156.24 - - [21/Mar/2018:09:22:41 -0300] "GET /cormun/servlet/trlicencias? HTTP/1.1" 200 10338
186.103.156.24 - - [21/Mar/2018:09:22:42 -0300] "GET /cormun/servlet/trlicencias? HTTP/1.1" 200 10337
192.168.10.62 - - [21/Mar/2018:09:22:49 -0300] "POST /cormun/servlet/trsolicitudgral?49e836af1b1bda6bcfc412fdf4eae66d,gx-no-cache=1521632672086,gx-no-cache=1521634802560 HTTP/1.1" 200 5924
192.168.10.62 - - [21/Mar/2018:09:22:57 -0300] "POST /cormun/servlet/trsolicitudgral?49e836af1b1bda6bcfc412fdf4eae66d,gx-no-cache=1521632672086,gx-no-cache=1521634809984 HTTP/1.1" 200 23628
192.168.10.62 - - [21/Mar/2018:09:23:13 -0300] "POST /cormun/servlet/trsolicitudgral?49e836af1b1bda6bcfc412fdf4eae66d,gx-no-cache=1521632672086,gx-no-cache=1521634826408 HTTP/1.1" 200 7268
192.168.10.62 - - [21/Mar/2018:09:23:18 -0300] "POST /cormun/servlet/trsolicitudgral?49e836af1b1bda6bcfc412fdf4eae66d,gx-no-cache=1521632672086,gx-no-cache=1521634831532 HTTP/1.1" 200 6110
192.168.10.62 - - [21/Mar/2018:09:23:18 -0300] "GET /cormun/static/Shared/jqueryui/images/ui-bg_highlight-soft_100_c6c2c8_1x100.png HTTP/1.1" 404 1117
192.168.10.62 - - [21/Mar/2018:09:23:18 -0300] "GET /cormun/static/Shared/jqueryui/images/ui-bg_flat_55_fafafa_40x100.png HTTP/1.1" 404 1097
192.168.10.62 - - [21/Mar/2018:09:23:18 -0300] "GET /cormun/static/Shared/jqueryui/images/ui-icons_82798d_256x240.png HTTP/1.1" 404 1089
192.168.10.62 - - [21/Mar/2018:09:23:18 -0300] "GET /cormun/static/Shared/jqueryui/images/ui-icons_8d78a5_256x240.png HTTP/1.1" 404 1089
200.112.48.142 - - [21/Mar/2018:09:25:22 -0300] "GET /cormun/servlet/trpermisosgoce? HTTP/1.1" 200 8411
200.112.48.142 - - [21/Mar/2018:09:25:22 -0300] "GET /cormun/servlet/trpermisosgoce? HTTP/1.1" 200 8406
200.112.48.142 - - [21/Mar/2018:09:25:26 -0300] "GET /cormun/servlet/trpermisosadjuntos?15739045,20180320154215,P, HTTP/1.1" 200 6310
200.112.48.142 - - [21/Mar/2018:09:25:26 -0300] "GET /cormun/static/gxcfg.js?201762817193957 HTTP/1.1" 200 953
200.112.48.142 - - [21/Mar/2018:09:25:26 -0300] "GET /cormun/static/Resources/Spanish/PXTools.css?17315867 HTTP/1.1" 200 89042
200.112.48.142 - - [21/Mar/2018:09:25:26 -0300] "GET /cormun/static/trpermisosadjuntos.js?201762817194366 HTTP/1.1" 200 20158
200.112.48.142 - - [21/Mar/2018:09:25:27 -0300] "GET /cormun/servlet/trpermisosadjuntos?15739045,20180320154215,P, HTTP/1.1" 200 6309
200.112.48.142 - - [21/Mar/2018:09:25:28 -0300] "GET /cormun/servlet/permisosadjuntos?INS,15739045,P,20180320154215,, HTTP/1.1" 200 5641
200.112.48.142 - - [21/Mar/2018:09:25:28 -0300] "GET /cormun/static/gxcfg.js?201762717441171 HTTP/1.1" 200 953
200.112.48.142 - - [21/Mar/2018:09:25:29 -0300] "GET /cormun/static/permisosadjuntos.js?201762717441184 HTTP/1.1" 200 8724
200.112.48.142 - - [21/Mar/2018:09:25:29 -0300] "GET /cormun/static/about:blank HTTP/1.1" 404 1011
200.112.48.142 - - [21/Mar/2018:09:25:29 -0300] "GET /cormun/servlet/permisosadjuntos?INS,15739045,P,20180320154215,, HTTP/1.1" 200 5632
200.112.48.142 - - [21/Mar/2018:09:25:45 -0300] "POST /cormun/servlet/permisosadjuntos?a8e9647036a608d599ece7d4aebaa76a,INS,15739045,P,20180320154215,, HTTP/1.1" 200 116
200.112.48.142 - - [21/Mar/2018:09:25:46 -0300] "GET /cormun/servlet/hpexe_return? HTTP/1.1" 200 1036
200.112.48.142 - - [21/Mar/2018:09:25:46 -0300] "GET /cormun/servlet/trpermisosadjuntos?15739045,20180320154215,P, HTTP/1.1" 200 6804
200.112.48.142 - - [21/Mar/2018:09:25:47 -0300] "GET /cormun/servlet/trpermisosadjuntos?15739045,20180320154215,P, HTTP/1.1" 200 6800
200.112.48.142 - - [21/Mar/2018:09:25:52 -0300] "GET /cormun/servlet/trpermisosgoce? HTTP/1.1" 200 8407
200.112.48.142 - - [21/Mar/2018:09:25:52 -0300] "GET /cormun/servlet/trpermisosgoce? HTTP/1.1" 200 8406
200.112.48.142 - - [21/Mar/2018:09:25:55 -0300] "POST /cormun/servlet/trpermisosgoce?a8e9647036a608d599ece7d4aebaa76a,,gx-no-cache=1521635104043 HTTP/1.1" 200 5586
200.112.48.142 - - [21/Mar/2018:09:25:55 -0300] "GET /cormun/static/Shared/jqueryui/images/ui-bg_highlight-soft_100_c6c2c8_1x100.png HTTP/1.1" 404 1117
200.112.48.142 - - [21/Mar/2018:09:25:55 -0300] "GET /cormun/static/Shared/jqueryui/images/ui-bg_flat_55_fafafa_40x100.png HTTP/1.1" 404 1097
200.112.48.142 - - [21/Mar/2018:09:25:55 -0300] "GET /cormun/static/Shared/jqueryui/images/ui-icons_8d78a5_256x240.png HTTP/1.1" 404 1089
200.112.48.142 - - [21/Mar/2018:09:25:55 -0300] "GET /cormun/static/Shared/jqueryui/images/ui-icons_82798d_256x240.png HTTP/1.1" 404 1089
157.55.39.97 - - [21/Mar/2018:09:25:59 -0300] "GET /cormun/servlet/trsolicitudot?_escaped_fragment_= HTTP/1.1" 200 6416
200.112.48.142 - - [21/Mar/2018:09:26:04 -0300] "GET /cormun/servlet/hlogin HTTP/1.1" 200 1720
200.112.48.142 - - [21/Mar/2018:09:26:07 -0300] "POST /cormun/servlet/hlogin?a8e9647036a608d599ece7d4aebaa76a,gx-no-cache=1521635116926 HTTP/1.1" 200 90
200.112.48.142 - - [21/Mar/2018:09:26:07 -0300] "GET /cormun/servlet/hpexe_link HTTP/1.1" 200 951
200.112.48.142 - - [21/Mar/2018:09:26:08 -0300] "GET /cormun/servlet/hhome HTTP/1.1" 200 4203
200.112.48.142 - - [21/Mar/2018:09:26:08 -0300] "GET /cormun/servlet/hhome HTTP/1.1" 200 4199
186.103.156.24 - - [21/Mar/2018:09:26:10 -0300] "GET /cormun/servlet/trfichaempleado? HTTP/1.1" 200 13574
157.55.39.96 - - [21/Mar/2018:09:26:10 -0300] "GET /cormun/static/gxfxSD.js?85251 HTTP/1.1" 200 15384
157.55.39.98 - - [21/Mar/2018:09:26:11 -0300] "GET /cormun/static/gxgralSD.js?85251 HTTP/1.1" 200 20927
200.112.48.142 - - [21/Mar/2018:09:26:12 -0300] "GET /cormun/servlet/trautorizarsolicitud? HTTP/1.1" 200 7316
200.112.48.142 - - [21/Mar/2018:09:26:12 -0300] "GET /cormun/static/gxcfg.js?2017111423403364 HTTP/1.1" 200 953
200.112.48.142 - - [21/Mar/2018:09:26:12 -0300] "GET /cormun/servlet/trautorizarsolicitud? HTTP/1.1" 200 7315
157.55.39.97 - - [21/Mar/2018:09:26:16 -0300] "GET /cormun/static/Shared/ext/resources/css/ext-all.css?215870 HTTP/1.1" 200 416045
200.112.48.142 - - [21/Mar/2018:09:26:23 -0300] "GET /cormun/servlet/trautorizarpermisogoce? HTTP/1.1" 200 8219
200.112.48.142 - - [21/Mar/2018:09:26:23 -0300] "GET /cormun/static/gxcfg.js?20177612165975 HTTP/1.1" 200 953
200.112.48.142 - - [21/Mar/2018:09:26:23 -0300] "GET /cormun/static/trautorizarpermisogoce.js?2017761217384 HTTP/1.1" 200 34948
200.112.48.142 - - [21/Mar/2018:09:26:23 -0300] "GET /cormun/servlet/trautorizarpermisogoce? HTTP/1.1" 200 8219
200.112.48.142 - - [21/Mar/2018:09:26:35 -0300] "POST /cormun/servlet/trautorizarpermisogoce?a8e9647036a608d599ece7d4aebaa76a,,gx-no-cache=1521635144169 HTTP/1.1" 200 5124
200.112.48.142 - - [21/Mar/2018:09:26:35 -0300] "GET /cormun/static/Shared/jqueryui/images/ui-bg_highlight-soft_100_c6c2c8_1x100.png HTTP/1.1" 404 1117
200.112.48.142 - - [21/Mar/2018:09:26:35 -0300] "GET /cormun/static/Shared/jqueryui/images/ui-icons_82798d_256x240.png HTTP/1.1" 404 1089
200.112.48.142 - - [21/Mar/2018:09:26:35 -0300] "GET /cormun/static/Shared/jqueryui/images/ui-bg_flat_55_fafafa_40x100.png HTTP/1.1" 404 1097
200.112.48.142 - - [21/Mar/2018:09:26:35 -0300] "GET /cormun/static/Shared/jqueryui/images/ui-icons_8d78a5_256x240.png HTTP/1.1" 404 1089
200.112.48.142 - - [21/Mar/2018:09:26:47 -0300] "POST /cormun/servlet/trautorizarpermisogoce?a8e9647036a608d599ece7d4aebaa76a,,gx-no-cache=1521635156799 HTTP/1.1" 200 4370
186.103.132.155 - - [21/Mar/2018:09:27:29 -0300] "GET /cormun/servlet/hlogin HTTP/1.1" 200 1759
192.168.10.62 - - [21/Mar/2018:09:29:24 -0300] "POST /cormun/servlet/trsolicitudgral?49e836af1b1bda6bcfc412fdf4eae66d,gx-no-cache=1521632672086,gx-no-cache=1521635197263 HTTP/1.1" 200 23193
192.168.10.62 - - [21/Mar/2018:09:30:54 -0300] "POST /cormun/servlet/trsolicitudgral?49e836af1b1bda6bcfc412fdf4eae66d,gx-no-cache=1521632672086,gx-no-cache=1521635287980 HTTP/1.1" 200 8097
192.168.10.62 - - [21/Mar/2018:09:30:57 -0300] "POST /cormun/servlet/trsolicitudgral?49e836af1b1bda6bcfc412fdf4eae66d,gx-no-cache=1521632672086,gx-no-cache=1521635291183 HTTP/1.1" 200 6115
192.168.10.62 - - [21/Mar/2018:09:31:20 -0300] "POST /cormun/servlet/trsolicitudgral?49e836af1b1bda6bcfc412fdf4eae66d,gx-no-cache=1521632672086,gx-no-cache=1521635313822 HTTP/1.1" 200 7670
192.168.10.62 - - [21/Mar/2018:09:31:22 -0300] "POST /cormun/servlet/trsolicitudgral?49e836af1b1bda6bcfc412fdf4eae66d,gx-no-cache=1521632672086,gx-no-cache=1521635316232 HTTP/1.1" 200 6133
192.168.10.62 - - [21/Mar/2018:09:31:55 -0300] "POST /cormun/servlet/trsolicitudgral?49e836af1b1bda6bcfc412fdf4eae66d,gx-no-cache=1521632672086,gx-no-cache=1521635348016 HTTP/1.1" 200 21330
192.168.10.62 - - [21/Mar/2018:09:32:51 -0300] "POST /cormun/servlet/trsolicitudgral?49e836af1b1bda6bcfc412fdf4eae66d,gx-no-cache=1521632672086,gx-no-cache=1521635404721 HTTP/1.1" 200 21330
192.168.10.62 - - [21/Mar/2018:09:32:53 -0300] "POST /cormun/servlet/trsolicitudgral?49e836af1b1bda6bcfc412fdf4eae66d,gx-no-cache=1521632672086,gx-no-cache=1521635406762 HTTP/1.1" 200 105
192.168.10.62 - - [21/Mar/2018:09:32:53 -0300] "GET /cormun/SolicitudGral-3510.xls HTTP/1.1" 200 23040
192.168.10.62 - - [21/Mar/2018:09:33:35 -0300] "POST /cormun/servlet/trsolicitudgral?49e836af1b1bda6bcfc412fdf4eae66d,gx-no-cache=1521632672086,gx-no-cache=1521635448152 HTTP/1.1" 200 105
192.168.10.62 - - [21/Mar/2018:09:33:35 -0300] "GET /cormun/SolicitudGral-8145.xls HTTP/1.1" 200 23040
192.168.10.96 - - [21/Mar/2018:09:33:58 -0300] "POST /cormun/servlet/trsolicitudgral?0c2be5221493147fbc44151bdb6aef22,,gx-no-cache=1521635457897 HTTP/1.1" 200 25579
192.168.10.96 - - [21/Mar/2018:09:35:43 -0300] "POST /cormun/servlet/trsolicitudgral?0c2be5221493147fbc44151bdb6aef22,,gx-no-cache=1521635576497 HTTP/1.1" 200 24441
192.168.10.62 - - [21/Mar/2018:09:37:50 -0300] "POST /cormun/servlet/trsolicitudgral?49e836af1b1bda6bcfc412fdf4eae66d,gx-no-cache=1521632672086,gx-no-cache=1521635702729 HTTP/1.1" 200 25678
192.168.10.62 - - [21/Mar/2018:09:37:57 -0300] "POST /cormun/servlet/trsolicitudgral?49e836af1b1bda6bcfc412fdf4eae66d,gx-no-cache=1521632672086,gx-no-cache=1521635710722 HTTP/1.1" 200 105
192.168.10.62 - - [21/Mar/2018:09:37:58 -0300] "GET /cormun/SolicitudGral-6072.xls HTTP/1.1" 200 52736
186.103.159.46 - - [21/Mar/2018:09:40:57 -0300] "GET /cormun/servlet/hlogin HTTP/1.1" 200 1729
186.103.159.46 - - [21/Mar/2018:09:41:00 -0300] "GET /cormun/servlet/hlogin HTTP/1.1" 200 1733
192.168.10.96 - - [21/Mar/2018:09:42:32 -0300] "GET /cormun/servlet/trsolicitudgral? HTTP/1.1" 200 27160
192.168.10.96 - - [21/Mar/2018:09:42:33 -0300] "GET /cormun/servlet/trsolicitudgral? HTTP/1.1" 200 27160
192.168.10.96 - - [21/Mar/2018:09:42:40 -0300] "POST /cormun/servlet/trsolicitudgral?0c2be5221493147fbc44151bdb6aef22,,gx-no-cache=1521635993941 HTTP/1.1" 200 5920
192.168.10.96 - - [21/Mar/2018:09:42:44 -0300] "POST /cormun/servlet/trsolicitudgral?0c2be5221493147fbc44151bdb6aef22,,gx-no-cache=1521635997388 HTTP/1.1" 200 5922
192.168.10.96 - - [21/Mar/2018:09:42:47 -0300] "POST /cormun/servlet/trsolicitudgral?0c2be5221493147fbc44151bdb6aef22,,gx-no-cache=1521636000596 HTTP/1.1" 200 11439
192.168.10.96 - - [21/Mar/2018:09:42:57 -0300] "POST /cormun/servlet/trsolicitudgral?0c2be5221493147fbc44151bdb6aef22,,gx-no-cache=1521636010686 HTTP/1.1" 200 16420
192.168.10.96 - - [21/Mar/2018:09:42:58 -0300] "POST /cormun/servlet/trsolicitudgral?0c2be5221493147fbc44151bdb6aef22,,gx-no-cache=1521636011201 HTTP/1.1" 200 16419
192.168.10.96 - - [21/Mar/2018:09:43:10 -0300] "POST /cormun/servlet/trsolicitudgral?0c2be5221493147fbc44151bdb6aef22,,gx-no-cache=1521636023645 HTTP/1.1" 200 5920
192.168.10.96 - - [21/Mar/2018:09:43:13 -0300] "POST /cormun/servlet/trsolicitudgral?0c2be5221493147fbc44151bdb6aef22,,gx-no-cache=1521636027245 HTTP/1.1" 200 5922
192.168.10.62 - - [21/Mar/2018:09:43:43 -0300] "POST /cormun/servlet/trsolicitudgral?49e836af1b1bda6bcfc412fdf4eae66d,gx-no-cache=1521632672086,gx-no-cache=1521636055851 HTTP/1.1" 200 21330
192.168.10.97 - - [21/Mar/2018:09:44:08 -0300] "GET /cormun/servlet/hlogin HTTP/1.1" 200 1728
192.168.10.97 - - [21/Mar/2018:09:44:11 -0300] "POST /cormun/servlet/hlogin?7e50f263e0042767a63d85a236fc61de,gx-no-cache=1521636084793 HTTP/1.1" 200 90
192.168.10.97 - - [21/Mar/2018:09:44:11 -0300] "GET /cormun/servlet/hpexe_link HTTP/1.1" 200 955
192.168.10.97 - - [21/Mar/2018:09:44:11 -0300] "GET /cormun/servlet/hhome HTTP/1.1" 200 4575
192.168.10.97 - - [21/Mar/2018:09:44:12 -0300] "GET /cormun/servlet/hhome HTTP/1.1" 200 4572
192.168.10.97 - - [21/Mar/2018:09:44:16 -0300] "GET /cormun/servlet/trsolicitudgral? HTTP/1.1" 200 10445
192.168.10.97 - - [21/Mar/2018:09:44:16 -0300] "GET /cormun/static/trsolicitudgral.js?201813119462015 HTTP/1.1" 304 -
192.168.10.97 - - [21/Mar/2018:09:44:16 -0300] "GET /cormun/servlet/trsolicitudgral? HTTP/1.1" 200 10443
192.168.10.97 - - [21/Mar/2018:09:44:49 -0300] "POST /cormun/servlet/trsolicitudgral?7e50f263e0042767a63d85a236fc61de,,gx-no-cache=1521636123332 HTTP/1.1" 200 5922
192.168.10.97 - - [21/Mar/2018:09:44:58 -0300] "POST /cormun/servlet/trsolicitudgral?7e50f263e0042767a63d85a236fc61de,,gx-no-cache=1521636131637 HTTP/1.1" 200 5924
186.67.164.142 - - [21/Mar/2018:09:45:06 -0300] "GET /cormun/servlet/hlogin HTTP/1.1" 200 1720
186.67.164.142 - - [21/Mar/2018:09:45:06 -0300] "GET /favicon.ico HTTP/1.1" 200 21630
192.168.10.97 - - [21/Mar/2018:09:45:08 -0300] "POST /cormun/servlet/trsolicitudgral?7e50f263e0042767a63d85a236fc61de,,gx-no-cache=1521636141290 HTTP/1.1" 200 5925
192.168.10.97 - - [21/Mar/2018:09:45:18 -0300] "POST /cormun/servlet/trsolicitudgral?7e50f263e0042767a63d85a236fc61de,,gx-no-cache=1521636151861 HTTP/1.1" 200 5925
192.168.10.97 - - [21/Mar/2018:09:45:27 -0300] "POST /cormun/servlet/trsolicitudgral?7e50f263e0042767a63d85a236fc61de,,gx-no-cache=1521636160750 HTTP/1.1" 200 5924
192.168.10.97 - - [21/Mar/2018:09:45:36 -0300] "POST /cormun/servlet/trsolicitudgral?7e50f263e0042767a63d85a236fc61de,,gx-no-cache=1521636169671 HTTP/1.1" 200 5927
192.168.10.97 - - [21/Mar/2018:09:45:45 -0300] "POST /cormun/servlet/trsolicitudgral?7e50f263e0042767a63d85a236fc61de,,gx-no-cache=1521636179249 HTTP/1.1" 200 5923
192.168.10.96 - - [21/Mar/2018:09:45:46 -0300] "POST /cormun/servlet/trsolicitudgral?0c2be5221493147fbc44151bdb6aef22,,gx-no-cache=1521636179693 HTTP/1.1" 200 23824
192.168.10.89 - - [21/Mar/2018:09:45:52 -0300] "POST /cormun/servlet/trsolicitudgral?3f24882751723f380c31a90dba9e1483,gx-no-cache=1521634219122,gx-no-cache=1521636185811 HTTP/1.1" 440 972
192.168.10.89 - - [21/Mar/2018:09:45:53 -0300] "GET /cormun/servlet/trsolicitudgral?gx-no-cache=1521634219122 HTTP/1.1" 500 10
192.168.10.97 - - [21/Mar/2018:09:45:53 -0300] "POST /cormun/servlet/trsolicitudgral?7e50f263e0042767a63d85a236fc61de,,gx-no-cache=1521636187139 HTTP/1.1" 200 5921
186.67.164.142 - - [21/Mar/2018:09:45:54 -0300] "POST /cormun/servlet/hlogin?5bbbdfbbf8c0cdbb9302c1b6e6e31466,gx-no-cache=1521636303192 HTTP/1.1" 200 90
186.67.164.142 - - [21/Mar/2018:09:45:54 -0300] "GET /cormun/servlet/hpexe_link HTTP/1.1" 200 949
186.67.164.142 - - [21/Mar/2018:09:45:54 -0300] "GET /cormun/servlet/hhome HTTP/1.1" 200 3971
186.67.164.142 - - [21/Mar/2018:09:45:55 -0300] "GET /cormun/servlet/hhome HTTP/1.1" 200 3968
192.168.10.97 - - [21/Mar/2018:09:45:59 -0300] "POST /cormun/servlet/trsolicitudgral?7e50f263e0042767a63d85a236fc61de,,gx-no-cache=1521636192857 HTTP/1.1" 200 5924
186.67.164.142 - - [21/Mar/2018:09:45:59 -0300] "GET /cormun/servlet/trpermisosgoce? HTTP/1.1" 200 7726
186.67.164.142 - - [21/Mar/2018:09:46:00 -0300] "GET /cormun/static/gxcfg.js?20177612163875 HTTP/1.1" 200 953
186.67.164.142 - - [21/Mar/2018:09:46:00 -0300] "GET /cormun/static/trpermisosgoce.js?20177612164335 HTTP/1.1" 200 35904
186.67.164.142 - - [21/Mar/2018:09:46:00 -0300] "GET /cormun/servlet/trpermisosgoce? HTTP/1.1" 200 7724
192.168.10.89 - - [21/Mar/2018:09:46:01 -0300] "GET /cormun/servlet/hlogin HTTP/1.1" 200 1718
186.67.164.142 - - [21/Mar/2018:09:46:06 -0300] "GET /cormun/servlet/permisogoce?INS,0,,, HTTP/1.1" 200 6803
186.67.164.142 - - [21/Mar/2018:09:46:06 -0300] "GET /cormun/static/permisogoce.js?2017761264459 HTTP/1.1" 200 27897
186.67.164.142 - - [21/Mar/2018:09:46:06 -0300] "GET /cormun/static/gxcfg.js?201776126440 HTTP/1.1" 200 953
186.67.164.142 - - [21/Mar/2018:09:46:07 -0300] "GET /cormun/servlet/permisogoce?INS,0,,, HTTP/1.1" 200 6802
192.168.10.97 - - [21/Mar/2018:09:46:07 -0300] "POST /cormun/servlet/trsolicitudgral?7e50f263e0042767a63d85a236fc61de,,gx-no-cache=1521636201362 HTTP/1.1" 200 5920
192.168.10.89 - - [21/Mar/2018:09:46:08 -0300] "POST /cormun/servlet/hlogin?6d27a504d9b7c271391423927aa2eb92,gx-no-cache=1521636201637 HTTP/1.1" 200 90
192.168.10.89 - - [21/Mar/2018:09:46:08 -0300] "GET /cormun/servlet/hpexe_link HTTP/1.1" 200 953
192.168.10.89 - - [21/Mar/2018:09:46:08 -0300] "GET /cormun/servlet/hhome HTTP/1.1" 200 4920
192.168.10.89 - - [21/Mar/2018:09:46:11 -0300] "GET /cormun/servlet/trsolicitudgral? HTTP/1.1" 200 28508
192.168.10.97 - - [21/Mar/2018:09:46:17 -0300] "POST /cormun/servlet/trsolicitudgral?7e50f263e0042767a63d85a236fc61de,,gx-no-cache=1521636210394 HTTP/1.1" 200 8344
186.67.164.142 - - [21/Mar/2018:09:46:17 -0300] "GET /cormun/servlet/permisogoce?f3927abd44ea45034a6bd49611da4cccedcd057a60368d1ac004fcacfd8cc65981034a0b9ae0d117616f49a87eda9e82e87e0f1d287a526777ffef855b573ff8,gx-no-cache=1521636326677 HTTP/1.1" 200 82
186.67.164.142 - - [21/Mar/2018:09:46:22 -0300] "GET /cormun/static/menuarrow.gif HTTP/1.1" 404 1015
186.67.164.142 - - [21/Mar/2018:09:46:26 -0300] "GET /cormun/servlet/permisogoce?f3927abd44ea45034a6bd49611da4ccc2f7bda5813d2252cc9df3969eddf9fd3d7f314f76ee08ab3d6d28999066c43a3aadc18d4c9c36c5f3352a661256a379e,gx-no-cache=1521636335600 HTTP/1.1" 200 47
192.168.10.89 - - [21/Mar/2018:09:46:28 -0300] "POST /cormun/servlet/trsolicitudgral?6d27a504d9b7c271391423927aa2eb92,,gx-no-cache=1521636220702 HTTP/1.1" 200 25114
186.67.164.142 - - [21/Mar/2018:09:46:30 -0300] "POST /cormun/servlet/permisogoce?5bbbdfbbf8c0cdbb9302c1b6e6e31466,INS,0,,,,gx-no-cache=1521636338789 HTTP/1.1" 200 93
186.67.164.142 - - [21/Mar/2018:09:46:30 -0300] "GET /cormun/servlet/hpexe_return? HTTP/1.1" 200 1009
186.67.164.142 - - [21/Mar/2018:09:46:30 -0300] "GET /cormun/servlet/trpermisosgoce HTTP/1.1" 200 8047
186.67.164.142 - - [21/Mar/2018:09:46:31 -0300] "GET /cormun/servlet/trpermisosgoce HTTP/1.1" 200 8043
192.168.10.89 - - [21/Mar/2018:09:46:36 -0300] "POST /cormun/servlet/trsolicitudgral?6d27a504d9b7c271391423927aa2eb92,,gx-no-cache=1521636229717 HTTP/1.1" 200 8029
186.67.164.142 - - [21/Mar/2018:09:46:37 -0300] "GET /cormun/servlet/trpermisosadjuntos?18040542,20180321094319,P, HTTP/1.1" 200 6289
186.67.164.142 - - [21/Mar/2018:09:46:37 -0300] "GET /cormun/static/gxcfg.js?201762817193957 HTTP/1.1" 200 953
186.67.164.142 - - [21/Mar/2018:09:46:37 -0300] "GET /cormun/static/trpermisosadjuntos.js?201762817194366 HTTP/1.1" 200 20158
186.67.164.142 - - [21/Mar/2018:09:46:38 -0300] "GET /cormun/servlet/trpermisosadjuntos?18040542,20180321094319,P, HTTP/1.1" 200 6288
186.67.164.142 - - [21/Mar/2018:09:46:39 -0300] "GET /cormun/servlet/permisosadjuntos?INS,18040542,P,20180321094319,, HTTP/1.1" 200 5609
186.67.164.142 - - [21/Mar/2018:09:46:39 -0300] "GET /cormun/static/gxcfg.js?201762717441171 HTTP/1.1" 200 953
186.67.164.142 - - [21/Mar/2018:09:46:39 -0300] "GET /cormun/static/permisosadjuntos.js?201762717441184 HTTP/1.1" 200 8724
186.67.164.142 - - [21/Mar/2018:09:46:39 -0300] "GET /cormun/static/about:blank HTTP/1.1" 404 1011
186.67.164.142 - - [21/Mar/2018:09:46:40 -0300] "GET /cormun/servlet/permisosadjuntos?INS,18040542,P,20180321094319,, HTTP/1.1" 200 5599
186.67.164.142 - - [21/Mar/2018:09:46:58 -0300] "POST /cormun/servlet/permisosadjuntos?5bbbdfbbf8c0cdbb9302c1b6e6e31466,INS,18040542,P,20180321094319,, HTTP/1.1" 200 116
186.67.164.142 - - [21/Mar/2018:09:46:58 -0300] "GET /cormun/servlet/hpexe_return? HTTP/1.1" 200 1037
186.67.164.142 - - [21/Mar/2018:09:46:59 -0300] "GET /cormun/servlet/trpermisosadjuntos?18040542,20180321094319,P, HTTP/1.1" 200 6764
186.67.164.142 - - [21/Mar/2018:09:46:59 -0300] "GET /cormun/servlet/trpermisosadjuntos?18040542,20180321094319,P, HTTP/1.1" 200 6759
186.67.164.142 - - [21/Mar/2018:09:47:02 -0300] "POST /cormun/servlet/trpermisosadjuntos?5bbbdfbbf8c0cdbb9302c1b6e6e31466,18040542,20180321094319,P,,gx-no-cache=1521636371000 HTTP/1.1" 200 90
186.67.164.142 - - [21/Mar/2018:09:47:02 -0300] "GET /cormun/servlet/hpexe_link HTTP/1.1" 200 982
186.67.164.142 - - [21/Mar/2018:09:47:02 -0300] "GET /cormun/servlet/trpermisosgoce HTTP/1.1" 200 8045
186.67.164.142 - - [21/Mar/2018:09:47:02 -0300] "GET /cormun/servlet/trpermisosgoce HTTP/1.1" 200 8043
186.67.164.142 - - [21/Mar/2018:09:47:06 -0300] "GET /cormun/servlet/apermisogoceprn?18040542,P,20180321094319,PU HTTP/1.1" 200 1657
192.168.10.62 - - [21/Mar/2018:09:47:06 -0300] "POST /cormun/servlet/trsolicitudgral?49e836af1b1bda6bcfc412fdf4eae66d,gx-no-cache=1521632672086,gx-no-cache=1521636259872 HTTP/1.1" 200 7291
186.67.164.142 - - [21/Mar/2018:09:47:43 -0300] "POST /cormun/servlet/trpermisosgoce?5bbbdfbbf8c0cdbb9302c1b6e6e31466,gx-no-cache=1521636411981 HTTP/1.1" 200 5275
186.67.164.142 - - [21/Mar/2018:09:47:43 -0300] "GET /cormun/static/Shared/jqueryui/images/ui-bg_highlight-soft_100_c6c2c8_1x100.png HTTP/1.1" 404 1117
186.67.164.142 - - [21/Mar/2018:09:47:43 -0300] "GET /cormun/static/Shared/jqueryui/images/ui-icons_82798d_256x240.png HTTP/1.1" 404 1089
186.67.164.142 - - [21/Mar/2018:09:47:43 -0300] "GET /cormun/static/Shared/jqueryui/images/ui-icons_8d78a5_256x240.png HTTP/1.1" 404 1089
186.67.164.142 - - [21/Mar/2018:09:47:43 -0300] "GET /cormun/static/Shared/jqueryui/images/ui-bg_flat_55_fafafa_40x100.png HTTP/1.1" 404 1097
192.168.10.89 - - [21/Mar/2018:09:49:45 -0300] "GET /cormun/servlet/hlogin HTTP/1.1" 200 1738
192.168.10.89 - - [21/Mar/2018:09:49:57 -0300] "POST /cormun/servlet/hlogin?6d27a504d9b7c271391423927aa2eb92,gx-no-cache=1521636430380 HTTP/1.1" 200 90
192.168.10.89 - - [21/Mar/2018:09:49:57 -0300] "GET /cormun/servlet/hpexe_link HTTP/1.1" 200 953
192.168.10.89 - - [21/Mar/2018:09:49:57 -0300] "GET /cormun/servlet/hhome HTTP/1.1" 200 4228
192.168.10.89 - - [21/Mar/2018:09:50:00 -0300] "GET /cormun/servlet/trsolicitudot? HTTP/1.1" 200 9188
192.168.10.89 - - [21/Mar/2018:09:50:03 -0300] "GET /cormun/servlet/solicitudot?INS,0,0, HTTP/1.1" 200 13667
192.168.10.89 - - [21/Mar/2018:09:50:06 -0300] "GET /cormun/servlet/prfichaempleado?,MD,,gxPopupLevel%3D0%3B HTTP/1.1" 200 9381
192.168.10.89 - - [21/Mar/2018:09:50:11 -0300] "POST /cormun/servlet/prfichaempleado?6d27a504d9b7c271391423927aa2eb92,,MD,,gxPopupLevel%3D0%3B,gx-no-cache=1521636445057 HTTP/1.1" 200 3533
192.168.10.89 - - [21/Mar/2018:09:50:14 -0300] "POST /cormun/servlet/solicitudot?gx-no-cache=1521636447526 HTTP/1.1" 200 3403
192.168.10.89 - - [21/Mar/2018:09:50:14 -0300] "POST /cormun/servlet/solicitudot?6d27a504d9b7c271391423927aa2eb92,INS,0,0,,gx-no-cache=1521636447742 HTTP/1.1" 200 10580
192.168.10.89 - - [21/Mar/2018:09:50:15 -0300] "GET /cormun/servlet/solicitudot?856556e581ce4008992dcb8ee39d35f63affa1d2de08c5ba5e14731638e4f2fe6fcb36dff499ae7011de9ac05e57ff7c,gx-no-cache=1521636448795 HTTP/1.1" 200 30
192.168.10.89 - - [21/Mar/2018:09:50:15 -0300] "GET /cormun/servlet/solicitudot?856556e581ce4008992dcb8ee39d35f684dd565a590d4816fe238636e6a56ad106771a97c030ca534bd1d2825875118b19c786b72a2ae7f3e6f31769b0d06b40,gx-no-cache=1521636448836 HTTP/1.1" 200 30
192.168.10.89 - - [21/Mar/2018:09:50:15 -0300] "GET /cormun/servlet/solicitudot?856556e581ce4008992dcb8ee39d35f6a7c8f21d0166c04b39c2677136f3a0d8,gx-no-cache=1521636448856 HTTP/1.1" 200 70
192.168.10.89 - - [21/Mar/2018:09:50:15 -0300] "POST /cormun/servlet/solicitudot?gx-no-cache=1521636448885 HTTP/1.1" 200 255
192.168.10.89 - - [21/Mar/2018:09:50:15 -0300] "GET /cormun/servlet/solicitudot?856556e581ce4008992dcb8ee39d35f6a45d169aab65d28762e818e5145441e0fe8d0d09559f563e7eba83d595509e80b10fddf450b805364a9fd6ac35202cf621114be4b5e61f01fd4fd26c365a3db116abdfe5f439116d498c5b214107cb240a08bb359192ba2926c14c420ba2452f29b2097c1ae218a19cd25ad2b48a79595d4c122a2e5dd027945b58b8f83b18e9e403147a47e37f784f938cd586cd370eaef3898a621c45dead4edbadd008f0921f558fe28f5229a16569daa509bc48c90c1176387ea76baa5c807e3e4640ab548a8727c0131554faf1d2058f540d9009c3fb5ecd6ede84426f4ef9680baf8d5a06306e2def86d01b951c0f3405cf30f7b969be7141e11ff74792100768c986b31641a56b9c8edd3af75ec103a044eff97916bed2284e02bdb9607721369f4008e413d71911039d86bd8b04e784b307f3ae28671b63cd1a3391238d04d6b47ddbf8b678c51fe6b2d52b55628c2855b95dd86c77f17da96075e361dd4f2c76288f015975ad313be578d6262182aa0e7b84,gx-no-cache=1521636448924 HTTP/1.1" 200 30
192.168.10.89 - - [21/Mar/2018:09:50:17 -0300] "POST /cormun/servlet/solicitudot?gx-no-cache=1521636451339 HTTP/1.1" 200 30
192.168.10.89 - - [21/Mar/2018:09:50:19 -0300] "GET /cormun/servlet/prcontratosol?6152035,,,,,MD,,gxPopupLevel%3D0%3B HTTP/1.1" 200 8904
192.168.10.89 - - [21/Mar/2018:09:50:21 -0300] "POST /cormun/servlet/solicitudot?gx-no-cache=1521636455182 HTTP/1.1" 200 1337
192.168.10.89 - - [21/Mar/2018:09:50:21 -0300] "POST /cormun/servlet/solicitudot?gx-no-cache=1521636455302 HTTP/1.1" 200 38
192.168.10.89 - - [21/Mar/2018:09:50:21 -0300] "GET /cormun/servlet/solicitudot?856556e581ce4008992dcb8ee39d35f63f1e65f60277328c20996f19df23293b312766115248b4d5a07bf0d4782b20e11b4cfa0ba95d3b0b000884e7ac9b93659d165114c923912d85650a55949de860ce16f6c5f0e1353088cd03f8a03e9b6367223374fd7af1c962fa9f69133200bf11663c114f13e20805655fde6a3e6b5a1ad697c18ee624fc9465e6892d9c6fd50d124550a0f4da47dccaa7ba9a56143e70fd294e31a776bc0efe47db600d96e1034b570b41304d9e2809e731584c92279dcfc9060abe4766095a22b80a11ad4b,gx-no-cache=1521636455326 HTTP/1.1" 200 29
192.168.10.89 - - [21/Mar/2018:09:50:21 -0300] "POST /cormun/servlet/solicitudot?gx-no-cache=1521636455347 HTTP/1.1" 200 1319
192.168.10.89 - - [21/Mar/2018:09:50:21 -0300] "POST /cormun/servlet/solicitudot?gx-no-cache=1521636455382 HTTP/1.1" 200 1218
192.168.10.89 - - [21/Mar/2018:09:50:21 -0300] "GET /cormun/servlet/solicitudot?856556e581ce4008992dcb8ee39d35f625d1912961dde63d86af46bb317be9c435c1cf6c4cfe7067e5f5c6e16814ec82,gx-no-cache=1521636455413 HTTP/1.1" 200 30
192.168.10.89 - - [21/Mar/2018:09:50:28 -0300] "GET /cormun/servlet/solicitudot?856556e581ce4008992dcb8ee39d35f63f1e65f60277328c20996f19df23293b312766115248b4d5a07bf0d4782b20e18775831b33c784730f5e2b84856a85f99d165114c923912d85650a55949de860ce16f6c5f0e1353088cd03f8a03e9b6367223374fd7af1c962fa9f69133200bf11663c114f13e20805655fde6a3e6b5a1ad697c18ee624fc9465e6892d9c6fd50d124550a0f4da47dccaa7ba9a56143e70fd294e31a776bc0efe47db600d96e1034b570b41304d9e2809e731584c92279dcfc9060abe4766095a22b80a11ad4b,gx-no-cache=1521636461444 HTTP/1.1" 200 29
192.168.10.89 - - [21/Mar/2018:09:50:28 -0300] "POST /cormun/servlet/solicitudot?gx-no-cache=1521636461832 HTTP/1.1" 200 1319
192.168.10.89 - - [21/Mar/2018:09:50:28 -0300] "POST /cormun/servlet/solicitudot?gx-no-cache=1521636461870 HTTP/1.1" 200 1218
192.168.10.89 - - [21/Mar/2018:09:50:29 -0300] "GET /cormun/servlet/solicitudot?856556e581ce4008992dcb8ee39d35f625d1912961dde63d86af46bb317be9c435c1cf6c4cfe7067e5f5c6e16814ec82,gx-no-cache=1521636462721 HTTP/1.1" 200 30
192.168.10.89 - - [21/Mar/2018:09:50:29 -0300] "POST /cormun/servlet/solicitudot?gx-no-cache=1521636463015 HTTP/1.1" 200 33
192.168.10.89 - - [21/Mar/2018:09:50:32 -0300] "POST /cormun/servlet/solicitudot?6d27a504d9b7c271391423927aa2eb92,INS,0,0,,gx-no-cache=1521636466011 HTTP/1.1" 200 93
192.168.10.89 - - [21/Mar/2018:09:50:32 -0300] "GET /cormun/servlet/hpexe_return? HTTP/1.1" 200 1009
192.168.10.89 - - [21/Mar/2018:09:50:33 -0300] "GET /cormun/servlet/trsolicitudot HTTP/1.1" 200 9714
192.168.10.89 - - [21/Mar/2018:09:50:37 -0300] "POST /cormun/servlet/trsolicitudot?6d27a504d9b7c271391423927aa2eb92,gx-no-cache=1521636470515 HTTP/1.1" 200 6241
192.168.10.89 - - [21/Mar/2018:09:50:37 -0300] "POST /cormun/servlet/trsolicitudot?6d27a504d9b7c271391423927aa2eb92,gx-no-cache=1521636470810 HTTP/1.1" 200 6181
192.168.10.89 - - [21/Mar/2018:09:50:37 -0300] "GET /cormun/static/Shared/jqueryui/images/ui-bg_flat_55_fafafa_40x100.png HTTP/1.1" 404 1097
192.168.10.89 - - [21/Mar/2018:09:50:37 -0300] "GET /cormun/static/Shared/jqueryui/images/ui-bg_highlight-soft_100_c6c2c8_1x100.png HTTP/1.1" 404 1117
192.168.10.89 - - [21/Mar/2018:09:50:37 -0300] "GET /cormun/static/Shared/jqueryui/images/ui-icons_82798d_256x240.png HTTP/1.1" 404 1089
192.168.10.89 - - [21/Mar/2018:09:50:37 -0300] "GET /cormun/static/Shared/jqueryui/images/ui-icons_8d78a5_256x240.png HTTP/1.1" 404 1089
186.67.172.234 - - [21/Mar/2018:09:50:39 -0300] "POST /cormun/servlet/hlogin?e4f7c5ef35d9b3c35714cf008161083e,gx-no-cache=1521636587665 HTTP/1.1" 440 972
192.168.10.89 - - [21/Mar/2018:09:50:39 -0300] "GET /cormun/servlet/trautorizarsolicitud? HTTP/1.1" 200 8749
186.67.172.234 - - [21/Mar/2018:09:50:41 -0300] "GET /cormun/servlet/hlogin HTTP/1.1" 200 1729
192.168.10.89 - - [21/Mar/2018:09:50:42 -0300] "POST /cormun/servlet/trautorizarsolicitud?6d27a504d9b7c271391423927aa2eb92,,gx-no-cache=1521636475873 HTTP/1.1" 200 4627
192.168.10.89 - - [21/Mar/2018:09:50:42 -0300] "POST /cormun/servlet/trautorizarsolicitud?6d27a504d9b7c271391423927aa2eb92,,gx-no-cache=1521636476097 HTTP/1.1" 200 4389
186.79.227.120 - - [21/Mar/2018:09:50:42 -0300] "POST /cormun/servlet/trcontratosolicitud?01923a3da0b6be7fa181adb102d9e604,,gx-no-cache=1521636592080 HTTP/1.1" 440 972
192.168.10.89 - - [21/Mar/2018:09:50:42 -0300] "GET /cormun/static/Shared/jqueryui/images/ui-icons_8d78a5_256x240.png HTTP/1.1" 404 1089
192.168.10.89 - - [21/Mar/2018:09:50:42 -0300] "GET /cormun/static/Shared/jqueryui/images/ui-bg_flat_55_fafafa_40x100.png HTTP/1.1" 404 1097
192.168.10.89 - - [21/Mar/2018:09:50:42 -0300] "GET /cormun/static/Shared/jqueryui/images/ui-icons_82798d_256x240.png HTTP/1.1" 404 1089
192.168.10.89 - - [21/Mar/2018:09:50:42 -0300] "GET /cormun/static/Shared/jqueryui/images/ui-bg_highlight-soft_100_c6c2c8_1x100.png HTTP/1.1" 404 1117
186.79.227.120 - - [21/Mar/2018:09:50:45 -0300] "GET /cormun/servlet/trcontratosolicitud? HTTP/1.1" 200 5749
186.79.227.120 - - [21/Mar/2018:09:50:46 -0300] "GET /cormun/servlet/trcontratosolicitud? HTTP/1.1" 200 5749
186.79.227.120 - - [21/Mar/2018:09:50:46 -0300] "GET /cormun/servlet/hlogin HTTP/1.1" 200 1744
186.79.227.120 - - [21/Mar/2018:09:51:00 -0300] "POST /cormun/servlet/hlogin?5122030258877308ee2cdd957c8f5321,gx-no-cache=1521636609921 HTTP/1.1" 200 90
186.79.227.120 - - [21/Mar/2018:09:51:00 -0300] "GET /cormun/servlet/hpexe_link HTTP/1.1" 200 962
186.79.227.120 - - [21/Mar/2018:09:51:01 -0300] "GET /cormun/servlet/trcontratosolicitud HTTP/1.1" 200 14550
186.79.227.120 - - [21/Mar/2018:09:51:04 -0300] "GET /cormun/servlet/trcontratosolicitud HTTP/1.1" 200 14539
192.168.10.96 - - [21/Mar/2018:09:51:16 -0300] "POST /cormun/servlet/trsolicitudgral?0c2be5221493147fbc44151bdb6aef22,,gx-no-cache=1521636509154 HTTP/1.1" 200 24077
186.79.227.120 - - [21/Mar/2018:09:51:19 -0300] "POST /cormun/servlet/trcontratosolicitud?5122030258877308ee2cdd957c8f5321,gx-no-cache=1521636626781 HTTP/1.1" 200 6289
192.168.10.96 - - [21/Mar/2018:09:51:20 -0300] "GET /cormun/servlet/vesolicitudgral?2018,10112,, HTTP/1.1" 200 9269
192.168.10.96 - - [21/Mar/2018:09:51:20 -0300] "GET /cormun/pexe_scrolldiv.js HTTP/1.1" 404 1009
192.168.10.96 - - [21/Mar/2018:09:51:20 -0300] "GET /cormun/pexe_scrolldiv.js HTTP/1.1" 404 1009
192.168.10.96 - - [21/Mar/2018:09:51:20 -0300] "GET /cormun/servlet/vesolicitudgral?2018,10112,, HTTP/1.1" 200 9268
192.168.10.96 - - [21/Mar/2018:09:51:22 -0300] "GET /cormun/servlet/vesolicitudgral?2018,10112,,SolicitudOTAdjuntos HTTP/1.1" 200 11304
192.168.10.96 - - [21/Mar/2018:09:51:22 -0300] "GET /cormun/pexe_scrolldiv.js HTTP/1.1" 404 1009
192.168.10.96 - - [21/Mar/2018:09:51:22 -0300] "GET /cormun/pexe_scrolldiv.js HTTP/1.1" 404 1009
192.168.10.96 - - [21/Mar/2018:09:51:23 -0300] "GET /cormun/servlet/vesolicitudgral?2018,10112,,SolicitudOTAdjuntos HTTP/1.1" 200 11307
192.168.10.96 - - [21/Mar/2018:09:51:24 -0300] "POST /cormun/servlet/acontrolpreferencessavestate?None,DZAMUDIO,true HTTP/1.1" 200 35
192.168.10.96 - - [21/Mar/2018:09:51:25 -0300] "GET /cormun/PublicTempStorage/curri671976.pdf HTTP/1.1" 200 49102
186.67.172.234 - - [21/Mar/2018:09:51:31 -0300] "POST /cormun/servlet/hlogin?9a867751dda4c5090abfe56d939d32df,gx-no-cache=1521636639719 HTTP/1.1" 200 90
186.67.172.234 - - [21/Mar/2018:09:51:31 -0300] "GET /cormun/servlet/hpexe_link HTTP/1.1" 200 948
186.67.172.234 - - [21/Mar/2018:09:51:31 -0300] "GET /cormun/servlet/hhome HTTP/1.1" 200 4223
186.67.172.234 - - [21/Mar/2018:09:51:32 -0300] "GET /cormun/servlet/hhome HTTP/1.1" 200 4219
186.67.172.234 - - [21/Mar/2018:09:51:36 -0300] "GET /cormun/servlet/trsolicitudot? HTTP/1.1" 200 9184
186.67.172.234 - - [21/Mar/2018:09:51:36 -0300] "GET /cormun/servlet/trsolicitudot? HTTP/1.1" 200 9182
186.67.172.234 - - [21/Mar/2018:09:51:51 -0300] "GET /cormun/servlet/solicitudot?INS,0,0, HTTP/1.1" 200 13664
186.67.172.234 - - [21/Mar/2018:09:51:51 -0300] "GET /cormun/servlet/solicitudot?INS,0,0, HTTP/1.1" 200 13669
186.67.172.234 - - [21/Mar/2018:09:51:59 -0300] "POST /cormun/servlet/solicitudot?gx-no-cache=1521636667908 HTTP/1.1" 200 3291
186.67.172.234 - - [21/Mar/2018:09:51:59 -0300] "POST /cormun/servlet/solicitudot?9a867751dda4c5090abfe56d939d32df,INS,0,0,,gx-no-cache=1521636668120 HTTP/1.1" 200 10440
186.67.172.234 - - [21/Mar/2018:09:52:18 -0300] "GET /cormun/servlet/solicitudot?2ffa2498a30d6f2bd077a96517a1d9eacd56ee07bb7763ee46165644b83e4fda86a3ffa693facd37494b2345a06d90c7,gx-no-cache=1521636686873 HTTP/1.1" 200 30
200.120.230.197 - - [21/Mar/2018:09:53:20 -0300] "POST /cormun/servlet/trcontratosolicitud?5122030258877308ee2cdd957c8f5321,gx-no-cache=1521636749650 HTTP/1.1" 200 12012
192.168.10.96 - - [21/Mar/2018:09:53:23 -0300] "GET /cormun/servlet/vesolicitudgral?2018,10112,,SolicitudOTAdjuntos HTTP/1.1" 200 11304
192.168.10.96 - - [21/Mar/2018:09:53:24 -0300] "GET /cormun/servlet/vesolicitudgral?2018,10112,,SolicitudOTAdjuntos HTTP/1.1" 200 11306
192.168.10.96 - - [21/Mar/2018:09:53:25 -0300] "POST /cormun/servlet/acontrolpreferencessavestate?None,DZAMUDIO,true HTTP/1.1" 200 35
186.67.172.234 - - [21/Mar/2018:09:53:36 -0300] "POST /cormun/servlet/solicitudot?gx-no-cache=1521636764377 HTTP/1.1" 200 3298
186.67.172.234 - - [21/Mar/2018:09:53:36 -0300] "POST /cormun/servlet/solicitudot?9a867751dda4c5090abfe56d939d32df,INS,0,0,,gx-no-cache=1521636764547 HTTP/1.1" 200 10506
186.67.172.234 - - [21/Mar/2018:09:53:39 -0300] "GET /cormun/servlet/solicitudot?2ffa2498a30d6f2bd077a96517a1d9eacd56ee07bb7763ee46165644b83e4fda80d0bfdd4856d7bba7e5c4dd25f99200,gx-no-cache=1521636767475 HTTP/1.1" 200 30
157.55.39.99 - - [21/Mar/2018:09:54:10 -0300] "GET /cormun/servlet/trautorizarsolicitud HTTP/1.1" 200 6271
192.168.10.89 - - [21/Mar/2018:09:54:13 -0300] "GET /cormun/servlet/hlogin HTTP/1.1" 200 1741
192.168.10.89 - - [21/Mar/2018:09:54:18 -0300] "POST /cormun/servlet/hlogin?6d27a504d9b7c271391423927aa2eb92,gx-no-cache=1521636691923 HTTP/1.1" 200 90
192.168.10.89 - - [21/Mar/2018:09:54:18 -0300] "GET /cormun/servlet/hpexe_link HTTP/1.1" 200 953
192.168.10.89 - - [21/Mar/2018:09:54:18 -0300] "GET /cormun/servlet/hhome HTTP/1.1" 200 4920
192.168.10.89 - - [21/Mar/2018:09:54:20 -0300] "GET /cormun/servlet/trsolicitudgral? HTTP/1.1" 200 11804
192.168.10.89 - - [21/Mar/2018:09:54:28 -0300] "POST /cormun/servlet/trsolicitudgral?6d27a504d9b7c271391423927aa2eb92,,gx-no-cache=1521636702046 HTTP/1.1" 200 7576
157.55.39.99 - - [21/Mar/2018:09:54:33 -0300] "GET /cormun/servlet/solicitudot?INS,0,0, HTTP/1.1" 200 12630
157.55.39.97 - - [21/Mar/2018:09:54:41 -0300] "GET /cormun/servlet/trlicencias HTTP/1.1" 200 6145
186.67.172.234 - - [21/Mar/2018:09:54:45 -0300] "GET /cormun/servlet/solicitudot?2ffa2498a30d6f2bd077a96517a1d9eaf940d4af296c9f89461c7d72911fc58f8fadb2ffa455504879e391b8774a2bcf7f00f4ac16eb324e4d660f82bb526d0c,gx-no-cache=1521636833800 HTTP/1.1" 200 30
186.67.172.234 - - [21/Mar/2018:09:54:45 -0300] "GET /cormun/servlet/solicitudot?2ffa2498a30d6f2bd077a96517a1d9eafc771c4d8091a1ace52b62393f51eb5f,gx-no-cache=1521636833919 HTTP/1.1" 200 29
192.168.10.62 - - [21/Mar/2018:09:54:48 -0300] "POST /cormun/servlet/trsolicitudgral?49e836af1b1bda6bcfc412fdf4eae66d,gx-no-cache=1521632672086,gx-no-cache=1521636721793 HTTP/1.1" 200 15770
186.67.172.234 - - [21/Mar/2018:09:54:49 -0300] "POST /cormun/servlet/solicitudot?gx-no-cache=1521636837828 HTTP/1.1" 200 256
186.67.172.234 - - [21/Mar/2018:09:54:55 -0300] "GET /cormun/servlet/solicitudot?2ffa2498a30d6f2bd077a96517a1d9eabe43786237ca147f8d881fe0f34cda0026dcdf5c6da0e85e9cab35f86d50da0b379323e1e8800591b5ca2d345476d25b6f5df0de17dcc6acc7aa402624fbc3396c05962648d70af98a792afad0c7a4ad0eec0f781d41e9a69289e44b1d06739f19edc4c7eba04e500b4f08c1f645af83bf9093644451b407026d4d67704abde6dbe083344de336b32a7a07311fd83c0ecdb51303a95e68061423664e42796f0437a764894e0c0f60cddc892a5164c457524144257ec8d0a18d9709349846364e576db0c0bde072a15346b95f198f2cfdc8115b43153cf7e76763eeac950adf38c9bd5823891bc57c8639fd704616877e3810cd7fae611c5069b9616f687d1b0a1e7419eebd0dde04ee48a9144ba906f3cd20788666f4182e3de6ad0b8f6837931d76fc5d3e47d0fc95b8f06847d7210647f47cbd742aeeea54c59686af98b49da9395ea828f76e1b840781dc2eacf92c44db7f456e017986d0a9d3b3757e73e18d81e5704799dd3d3e445b7ab33efaf2,gx-no-cache=1521636841624 HTTP/1.1" 200 30
192.168.10.62 - - [21/Mar/2018:09:54:58 -0300] "POST /cormun/servlet/trsolicitudgral?49e836af1b1bda6bcfc412fdf4eae66d,gx-no-cache=1521632672086,gx-no-cache=1521636731450 HTTP/1.1" 200 5925
186.67.172.234 - - [21/Mar/2018:09:55:02 -0300] "POST /cormun/servlet/solicitudot?gx-no-cache=1521636845604 HTTP/1.1" 200 30
186.67.172.234 - - [21/Mar/2018:09:55:42 -0300] "POST /cormun/servlet/solicitudot?gx-no-cache=1521636890491 HTTP/1.1" 200 1336
186.67.172.234 - - [21/Mar/2018:09:55:42 -0300] "POST /cormun/servlet/solicitudot?gx-no-cache=1521636890675 HTTP/1.1" 200 38
186.67.172.234 - - [21/Mar/2018:09:56:04 -0300] "GET /cormun/servlet/solicitudot?2ffa2498a30d6f2bd077a96517a1d9ea461c0430d5947a3e583fc8a7f7613d53e779a941c2b98978ae414ce99952cacd766f20884d9bd9968b1c4a5c7e60d177249ef0fa58ddd64db52e8c5903a08a0b9d5bc8c55bb84a4e91871b846d2d3c6d386bb54c5bc0e3b1438680b741ab8b4f,gx-no-cache=1521636912247 HTTP/1.1" 200 29
