186.103.161.206 - - [21/Mar/2018:11:35:31 -0300] "GET /cormun/static/Resources/PXToolsGridFirstDisabled.gif HTTP/1.1" 200 100
186.103.161.206 - - [21/Mar/2018:11:35:31 -0300] "GET /cormun/static/Resources/PXToolsGridPreviousDisabled.gif HTTP/1.1" 200 90
186.103.161.206 - - [21/Mar/2018:11:35:31 -0300] "GET /cormun/static/Resources/PXToolsGridNextDisabled.gif HTTP/1.1" 200 90
186.103.161.206 - - [21/Mar/2018:11:35:32 -0300] "GET /cormun/static/Resources/PXToolsGridLastDisabled.gif HTTP/1.1" 200 98
186.103.161.206 - - [21/Mar/2018:11:35:32 -0300] "GET /cormun/static/Resources/PXToolsGridPage.gif HTTP/1.1" 200 725
186.103.161.206 - - [21/Mar/2018:11:35:32 -0300] "GET /cormun/static/Resources/PXToolsActionExcel.png HTTP/1.1" 200 3187
186.9.26.183 - - [21/Mar/2018:11:35:32 -0300] "POST /cormun/servlet/trsolicitudgral?c3a562785fbf44370c7c66066532e316,,gx-no-cache=1521642883835 HTTP/1.1" 200 10591
200.120.230.197 - - [21/Mar/2018:11:35:34 -0300] "GET /cormun/servlet/solicitudot?0ec0331272234f1bf4342b3ef2cc1ff3b3b170a9480cdc79c26b4003e1447c3ffac963c33daf54b28a78da613f33fa8f,gx-no-cache=1521642893344 HTTP/1.1" 200 30
200.120.230.197 - - [21/Mar/2018:11:35:34 -0300] "GET /cormun/servlet/solicitudot?0ec0331272234f1bf4342b3ef2cc1ff3f360f47fd63c6266083cff2bdf7e232dd2ed7ace2ee8384ef6482ebbaf5e1f94781d973d0cb122ca9c93eca755e6b0c6,gx-no-cache=1521642893517 HTTP/1.1" 200 30
200.120.230.197 - - [21/Mar/2018:11:35:34 -0300] "GET /cormun/servlet/solicitudot?0ec0331272234f1bf4342b3ef2cc1ff3f1734173bf4b9d644e4275348c214aa1,gx-no-cache=1521642893564 HTTP/1.1" 200 53
200.120.230.197 - - [21/Mar/2018:11:35:34 -0300] "POST /cormun/servlet/solicitudot?gx-no-cache=1521642893624 HTTP/1.1" 200 255
200.120.230.197 - - [21/Mar/2018:11:35:34 -0300] "GET /cormun/servlet/solicitudot?0ec0331272234f1bf4342b3ef2cc1ff36c8aed4870ea86549d63eca18299cb27c6f68a2ef662100774ef6a97c8e5bc3105b824b0a05b21dac35e2fd13e36ab5c4d707d7556cba263ded41ed17aaea4a15187246cc7540c557c85408203b72a2d26d1645aefd50bc9abbcccf60c4ea13a6bbde92b123cb39ed3552ea9d846690800aaa556c27d3427bb2853bef8f3b961a646e9889cf981cc52b77ccac649385b09cc9452f05195f678a3964dfdff141ba75b88653ee3da6e45991534f4812411852ba26949424dfdf99ce21730a91bf6b5a7b0c0868ff77dfed75fb3e93418c6673837a3fffb780e4c8811f5343fbbf259b7d162e9703df13f50f8519b919dc6d180940ab5c85c5843f4ed220f368269ac285f4470d8ed5136357efd8ebd2fe44809a2d8b5072cc82063e04ef39b4ddbd5689bd99e5cf6c4326a2acae7250c51a3a47285528815edff88135cd5dfa6e37b8f2dc96f19a7745d058a12a40d1a23cee306bfa433b40b43fd8abe5b1eb0f2268579b50c51afd0a07047581f9ad554,gx-no-cache=1521642893954 HTTP/1.1" 200 30
200.120.230.197 - - [21/Mar/2018:11:35:38 -0300] "POST /cormun/servlet/solicitudot?gx-no-cache=1521642897767 HTTP/1.1" 200 30
186.103.159.230 - - [21/Mar/2018:11:35:39 -0300] "GET /cormun/servlet/solicitudotadjuntos?8bd02cec29992618dd8e6c7981e77c9415d59e0ecf96d5df43b14973be9c6ab2,gx-no-cache=1521642886794 HTTP/1.1" 200 30
186.103.159.230 - - [21/Mar/2018:11:35:39 -0300] "GET /cormun/servlet/solicitudotadjuntos?8bd02cec29992618dd8e6c7981e77c9415d59e0ecf96d5df43b14973be9c6ab2,gx-no-cache=1521642886847 HTTP/1.1" 200 30
190.151.100.218 - - [21/Mar/2018:11:35:39 -0300] "GET /cormun/static/Shared/ext/resources/css/ext-all.css?215870 HTTP/1.1" 200 416045
186.103.159.230 - - [21/Mar/2018:11:35:39 -0300] "POST /cormun/servlet/solicitudotadjuntos?8fd0c3b27c189311233f38bd94e359f0,INS,2018,10748,,2,,gx-no-cache=1521642886895 HTTP/1.1" 200 93
186.103.159.230 - - [21/Mar/2018:11:35:39 -0300] "GET /cormun/servlet/hpexe_return? HTTP/1.1" 200 1028
186.103.159.230 - - [21/Mar/2018:11:35:39 -0300] "GET /cormun/servlet/trsolicitudadjuntos?2018,10748, HTTP/1.1" 200 9994
200.120.230.197 - - [21/Mar/2018:11:35:39 -0300] "GET /cormun/servlet/prsolicitudot?13344089,,,,,MD,,gxPopupLevel%3D0%3B HTTP/1.1" 200 6280
186.103.159.230 - - [21/Mar/2018:11:35:40 -0300] "GET /cormun/servlet/trsolicitudadjuntos?2018,10748, HTTP/1.1" 200 9994
190.151.100.218 - - [21/Mar/2018:11:35:42 -0300] "GET /cormun/servlet/trautorizarsolicitud? HTTP/1.1" 200 7302
186.103.161.206 - - [21/Mar/2018:11:35:42 -0300] "GET /cormun/static/Resources/asc.gif HTTP/1.1" 200 67
190.151.100.218 - - [21/Mar/2018:11:35:42 -0300] "GET /cormun/static/Resources/desc.gif HTTP/1.1" 200 65
186.103.132.155 - - [21/Mar/2018:11:35:42 -0300] "GET /cormun/static/Shared/ext/resources/themes/images/default/panel/bg-headersPanel.png HTTP/1.1" 200 255
200.72.197.82 - - [21/Mar/2018:11:35:44 -0300] "GET /cormun/static/Shared/ext/resources/themes/images/default/tools/tool-sprites.gif HTTP/1.1" 200 5434
186.9.26.183 - - [21/Mar/2018:11:36:00 -0300] "POST /cormun/servlet/trsolicitudgral?c3a562785fbf44370c7c66066532e316,,gx-no-cache=1521642911529 HTTP/1.1" 200 8059
186.103.159.230 - - [21/Mar/2018:11:36:06 -0300] "POST /cormun/servlet/trsolicitudadjuntos?8fd0c3b27c189311233f38bd94e359f0,2018,10748,,gx-no-cache=1521642913694 HTTP/1.1" 200 90
186.103.159.230 - - [21/Mar/2018:11:36:06 -0300] "GET /cormun/servlet/hpexe_link HTTP/1.1" 200 969
186.103.159.230 - - [21/Mar/2018:11:36:06 -0300] "GET /cormun/servlet/trsolicitudot HTTP/1.1" 200 8725
186.103.159.230 - - [21/Mar/2018:11:36:07 -0300] "GET /cormun/servlet/trsolicitudot HTTP/1.1" 200 8726
186.79.227.120 - - [21/Mar/2018:11:36:23 -0300] "POST /cormun/servlet/solicitudot?gx-no-cache=1521642942249 HTTP/1.1" 200 1337
186.103.159.230 - - [21/Mar/2018:11:36:23 -0300] "POST /cormun/servlet/trsolicitudot?8fd0c3b27c189311233f38bd94e359f0,gx-no-cache=1521642930722 HTTP/1.1" 200 4660
186.103.159.230 - - [21/Mar/2018:11:36:23 -0300] "GET /cormun/static/Shared/jqueryui/images/ui-bg_highlight-soft_100_c6c2c8_1x100.png HTTP/1.1" 404 1117
186.103.159.230 - - [21/Mar/2018:11:36:23 -0300] "GET /cormun/static/Shared/jqueryui/images/ui-icons_82798d_256x240.png HTTP/1.1" 404 1089
186.103.159.230 - - [21/Mar/2018:11:36:23 -0300] "GET /cormun/static/Shared/jqueryui/images/ui-bg_flat_55_fafafa_40x100.png HTTP/1.1" 404 1097
186.103.159.230 - - [21/Mar/2018:11:36:23 -0300] "GET /cormun/static/Shared/jqueryui/images/ui-icons_8d78a5_256x240.png HTTP/1.1" 404 1089
186.79.227.120 - - [21/Mar/2018:11:36:23 -0300] "POST /cormun/servlet/solicitudot?gx-no-cache=1521642942771 HTTP/1.1" 200 38
186.103.159.230 - - [21/Mar/2018:11:36:23 -0300] "POST /cormun/servlet/trsolicitudot?8fd0c3b27c189311233f38bd94e359f0,gx-no-cache=1521642931018 HTTP/1.1" 200 4447
186.79.227.120 - - [21/Mar/2018:11:36:23 -0300] "GET /cormun/servlet/solicitudot?0ec0331272234f1bf4342b3ef2cc1ff319132ea3690a53dda87eb544b3b19c11806ad32b562503d4cd84a194e0287517797f9df20e594cc8d8558836a6ac7aca691c94cbc34b9f4ddda79905593f180b1e3700bd37cac29fab7af86c53a366a50dd81174d5638f2d27424d0583f2a5f7e58f1344fc098c8d5665b15a3256b053a938d88546f2d9908774d19852609e85dbc7253da2ba857ffdf4d614a36ef78d,gx-no-cache=1521642942969 HTTP/1.1" 200 29
186.79.227.120 - - [21/Mar/2018:11:36:23 -0300] "POST /cormun/servlet/solicitudot?gx-no-cache=1521642943130 HTTP/1.1" 200 1319
186.79.227.120 - - [21/Mar/2018:11:36:24 -0300] "POST /cormun/servlet/solicitudot?gx-no-cache=1521642943356 HTTP/1.1" 200 1218
186.79.227.120 - - [21/Mar/2018:11:36:24 -0300] "GET /cormun/servlet/solicitudot?0ec0331272234f1bf4342b3ef2cc1ff3a9ae807a0ed7f312a8035288306234c8,gx-no-cache=1521642943605 HTTP/1.1" 200 30
186.9.26.183 - - [21/Mar/2018:11:36:25 -0300] "POST /cormun/servlet/trsolicitudgral?c3a562785fbf44370c7c66066532e316,,gx-no-cache=1521642936439 HTTP/1.1" 200 115
186.9.26.183 - - [21/Mar/2018:11:36:25 -0300] "GET /cormun/servlet/solicitudotlog?INS,2018,7745,0,REC, HTTP/1.1" 200 6265
186.79.227.120 - - [21/Mar/2018:11:36:26 -0300] "GET /cormun/servlet/trcontratounov2? HTTP/1.1" 200 17724
186.79.172.104 - - [21/Mar/2018:11:36:27 -0300] "GET /cormun/servlet/solicitudot?1be9d68d482a6c459b0b80f325f28b830d5ace4afb0fe315096e6d32df1cea10,gx-no-cache=1521642937967 HTTP/1.1" 200 94
186.79.172.104 - - [21/Mar/2018:11:36:27 -0300] "GET /cormun/static/Shared/jqueryui/images/ui-bg_highlight-soft_100_c6c2c8_1x100.png HTTP/1.1" 404 1117
186.79.172.104 - - [21/Mar/2018:11:36:27 -0300] "GET /cormun/static/Shared/jqueryui/images/ui-icons_82798d_256x240.png HTTP/1.1" 404 1089
186.79.172.104 - - [21/Mar/2018:11:36:27 -0300] "GET /cormun/static/Shared/jqueryui/images/ui-bg_flat_55_994d53_40x100.png HTTP/1.1" 404 1097
186.79.172.104 - - [21/Mar/2018:11:36:27 -0300] "GET /cormun/static/Shared/jqueryui/images/ui-icons_ebccce_256x240.png HTTP/1.1" 404 1089
186.9.26.183 - - [21/Mar/2018:11:36:27 -0300] "GET /cormun/servlet/solicitudotlog?INS,2018,7745,0,REC, HTTP/1.1" 200 6265
186.9.26.183 - - [21/Mar/2018:11:36:28 -0300] "GET /cormun/servlet/solicitudotlog?2ee00e2f885f69f7893511cc2cb380db38f6a0b491770b936ea2181dd0745d1bb31ce40dbe46a86c65fb670e906aff9e4c104182d4e67b7994994e9b1ff605b0238a43653c68cd6c50128df0e26d2828f70cd50708edb9d3ade099708eb1cb2b87e48bfa6fec7ddb9027cd7f4e00be67fbb57c1d15476ff5a511c28f6e1a9638ff382e01fb52ce5b65106c0c5de36fb321f11d643606cfbae73bbb712c498001,gx-no-cache=1521642939779 HTTP/1.1" 200 94
186.79.227.120 - - [21/Mar/2018:11:36:28 -0300] "GET /cormun/servlet/trcontratounov2? HTTP/1.1" 200 17753
186.9.26.183 - - [21/Mar/2018:11:36:32 -0300] "POST /cormun/servlet/solicitudotlog?c3a562785fbf44370c7c66066532e316,INS,2018,7745,0,REC,,gx-no-cache=1521642943873 HTTP/1.1" 200 93
186.9.26.183 - - [21/Mar/2018:11:36:33 -0300] "GET /cormun/servlet/hpexe_return? HTTP/1.1" 200 1020
186.9.26.183 - - [21/Mar/2018:11:36:33 -0300] "GET /cormun/servlet/trsolicitudgral? HTTP/1.1" 200 10742
186.9.26.183 - - [21/Mar/2018:11:36:33 -0300] "GET /cormun/servlet/trsolicitudgral? HTTP/1.1" 200 10738
200.120.230.197 - - [21/Mar/2018:11:36:35 -0300] "POST /cormun/servlet/trcontratounov2?c20d6bd701b40a924c8873a5306cb100,,gx-no-cache=1521642954056 HTTP/1.1" 200 17537
186.9.26.183 - - [21/Mar/2018:11:36:36 -0300] "POST /cormun/servlet/trsolicitudgral?c3a562785fbf44370c7c66066532e316,,gx-no-cache=1521642947618 HTTP/1.1" 200 115
186.9.26.183 - - [21/Mar/2018:11:36:36 -0300] "GET /cormun/servlet/solicitudotlog?INS,2018,7746,0,REC, HTTP/1.1" 200 6265
186.9.26.183 - - [21/Mar/2018:11:36:36 -0300] "GET /cormun/servlet/solicitudotlog?INS,2018,7746,0,REC, HTTP/1.1" 200 6265
186.9.26.183 - - [21/Mar/2018:11:36:37 -0300] "GET /cormun/servlet/solicitudotlog?2ee00e2f885f69f7893511cc2cb380db14baaea177de0204b39a7d431f4ed292b31ce40dbe46a86c65fb670e906aff9e4c104182d4e67b7994994e9b1ff605b0238a43653c68cd6c50128df0e26d2828f70cd50708edb9d3ade099708eb1cb2b87e48bfa6fec7ddb9027cd7f4e00be67fbb57c1d15476ff5a511c28f6e1a9638ff382e01fb52ce5b65106c0c5de36fb321f11d643606cfbae73bbb712c498001,gx-no-cache=1521642948840 HTTP/1.1" 200 94
186.9.26.183 - - [21/Mar/2018:11:36:41 -0300] "POST /cormun/servlet/solicitudotlog?c3a562785fbf44370c7c66066532e316,INS,2018,7746,0,REC,,gx-no-cache=1521642953185 HTTP/1.1" 200 93
186.9.26.183 - - [21/Mar/2018:11:36:41 -0300] "GET /cormun/servlet/hpexe_return? HTTP/1.1" 200 1019
186.9.26.183 - - [21/Mar/2018:11:36:42 -0300] "GET /cormun/servlet/trsolicitudgral HTTP/1.1" 200 10347
186.9.26.183 - - [21/Mar/2018:11:36:42 -0300] "GET /cormun/servlet/trsolicitudgral HTTP/1.1" 200 10343
186.103.159.230 - - [21/Mar/2018:11:36:43 -0300] "GET /cormun/servlet/trautorizarsolicitud? HTTP/1.1" 200 8620
186.103.159.230 - - [21/Mar/2018:11:36:43 -0300] "GET /cormun/servlet/trautorizarsolicitud? HTTP/1.1" 200 8620
186.9.26.183 - - [21/Mar/2018:11:36:44 -0300] "POST /cormun/servlet/trsolicitudgral?c3a562785fbf44370c7c66066532e316,gx-no-cache=1521642955947 HTTP/1.1" 200 115
186.9.26.183 - - [21/Mar/2018:11:36:45 -0300] "GET /cormun/servlet/solicitudotlog?INS,2018,7749,0,REC, HTTP/1.1" 200 6266
186.9.26.183 - - [21/Mar/2018:11:36:45 -0300] "GET /cormun/servlet/solicitudotlog?INS,2018,7749,0,REC, HTTP/1.1" 200 6265
186.9.26.183 - - [21/Mar/2018:11:36:46 -0300] "GET /cormun/servlet/solicitudotlog?2ee00e2f885f69f7893511cc2cb380dbd13698728d6ad58c9ba9da2538aa1c4fb31ce40dbe46a86c65fb670e906aff9e4c104182d4e67b7994994e9b1ff605b0238a43653c68cd6c50128df0e26d2828f70cd50708edb9d3ade099708eb1cb2b87e48bfa6fec7ddb9027cd7f4e00be67fbb57c1d15476ff5a511c28f6e1a9638ff382e01fb52ce5b65106c0c5de36fb321f11d643606cfbae73bbb712c498001,gx-no-cache=1521642957563 HTTP/1.1" 200 94
186.9.26.183 - - [21/Mar/2018:11:36:49 -0300] "POST /cormun/servlet/solicitudotlog?c3a562785fbf44370c7c66066532e316,INS,2018,7749,0,REC,,gx-no-cache=1521642961089 HTTP/1.1" 200 93
186.9.26.183 - - [21/Mar/2018:11:36:49 -0300] "GET /cormun/servlet/hpexe_return? HTTP/1.1" 200 1020
186.9.26.183 - - [21/Mar/2018:11:36:50 -0300] "GET /cormun/servlet/trsolicitudgral HTTP/1.1" 200 8977
186.9.26.183 - - [21/Mar/2018:11:36:50 -0300] "GET /cormun/servlet/trsolicitudgral HTTP/1.1" 200 8973
200.120.230.197 - - [21/Mar/2018:11:37:27 -0300] "GET /cormun/servlet/trsolicitudot? HTTP/1.1" 200 7442
200.120.230.197 - - [21/Mar/2018:11:37:28 -0300] "GET /cormun/servlet/trsolicitudot? HTTP/1.1" 200 7442
186.79.227.120 - - [21/Mar/2018:11:37:31 -0300] "GET /cormun/servlet/solicitudot?INS,0,0, HTTP/1.1" 200 13665
186.79.227.120 - - [21/Mar/2018:11:37:32 -0300] "GET /cormun/servlet/solicitudot?INS,0,0, HTTP/1.1" 200 13670
186.103.159.230 - - [21/Mar/2018:11:37:36 -0300] "POST /cormun/servlet/trautorizarsolicitud?8fd0c3b27c189311233f38bd94e359f0,,gx-no-cache=1521643003317 HTTP/1.1" 200 4595
186.103.159.230 - - [21/Mar/2018:11:37:36 -0300] "GET /cormun/static/Shared/jqueryui/images/ui-bg_highlight-soft_100_c6c2c8_1x100.png HTTP/1.1" 404 1117
186.103.159.230 - - [21/Mar/2018:11:37:36 -0300] "GET /cormun/static/Shared/jqueryui/images/ui-bg_flat_55_fafafa_40x100.png HTTP/1.1" 404 1097
186.103.159.230 - - [21/Mar/2018:11:37:36 -0300] "GET /cormun/static/Shared/jqueryui/images/ui-icons_82798d_256x240.png HTTP/1.1" 404 1089
186.103.159.230 - - [21/Mar/2018:11:37:36 -0300] "GET /cormun/static/Shared/jqueryui/images/ui-icons_8d78a5_256x240.png HTTP/1.1" 404 1089
186.103.159.230 - - [21/Mar/2018:11:37:36 -0300] "POST /cormun/servlet/trautorizarsolicitud?8fd0c3b27c189311233f38bd94e359f0,,gx-no-cache=1521643003684 HTTP/1.1" 200 4385
200.120.230.197 - - [21/Mar/2018:11:37:41 -0300] "POST /cormun/servlet/solicitudot?gx-no-cache=1521643020453 HTTP/1.1" 200 3402
200.72.197.82 - - [21/Mar/2018:11:37:41 -0300] "GET /cormun/servlet/trsolicitudot? HTTP/1.1" 200 8769
200.72.197.82 - - [21/Mar/2018:11:37:41 -0300] "GET /cormun/static/gxcfg.js?2017111422585916 HTTP/1.1" 200 953
200.120.230.197 - - [21/Mar/2018:11:37:41 -0300] "POST /cormun/servlet/solicitudot?c20d6bd701b40a924c8873a5306cb100,INS,0,0,,gx-no-cache=1521643020924 HTTP/1.1" 200 10567
186.103.132.155 - - [21/Mar/2018:11:37:41 -0300] "GET /cormun/static/trsolicitudot.js?201711142259839 HTTP/1.1" 200 54041
186.103.132.155 - - [21/Mar/2018:11:37:42 -0300] "GET /cormun/static/Resources/PXToolsGridNew.png HTTP/1.1" 200 2949
186.103.132.155 - - [21/Mar/2018:11:37:42 -0300] "GET /cormun/servlet/trsolicitudot? HTTP/1.1" 200 8769
200.72.197.82 - - [21/Mar/2018:11:37:42 -0300] "GET /cormun//static/Resources/PXToolsActionView.png HTTP/1.1" 200 2995
190.151.100.218 - - [21/Mar/2018:11:37:42 -0300] "GET /cormun//static/Resources/PXToolsGridUpdate.png HTTP/1.1" 200 2984
200.111.122.170 - - [21/Mar/2018:11:37:42 -0300] "GET /cormun//static/Resources/PXToolsGridDelete.png HTTP/1.1" 200 357
190.151.100.218 - - [21/Mar/2018:11:37:42 -0300] "GET /cormun//static/Resources/PXTools/ActionInsert.png HTTP/1.1" 200 1482
186.103.132.155 - - [21/Mar/2018:11:37:42 -0300] "GET /cormun//static/Resources/PXToolsRemoveAllAction.png HTTP/1.1" 200 3558
200.120.230.197 - - [21/Mar/2018:11:37:43 -0300] "GET /cormun/servlet/solicitudot?0ec0331272234f1bf4342b3ef2cc1ff3b3b170a9480cdc79c26b4003e1447c3ffac963c33daf54b28a78da613f33fa8f,gx-no-cache=1521643022690 HTTP/1.1" 200 30
200.120.230.197 - - [21/Mar/2018:11:37:43 -0300] "GET /cormun/servlet/solicitudot?0ec0331272234f1bf4342b3ef2cc1ff3f360f47fd63c6266083cff2bdf7e232dd2ed7ace2ee8384ef6482ebbaf5e1f94781d973d0cb122ca9c93eca755e6b0c6,gx-no-cache=1521643022835 HTTP/1.1" 200 30
200.120.230.197 - - [21/Mar/2018:11:37:43 -0300] "GET /cormun/servlet/solicitudot?0ec0331272234f1bf4342b3ef2cc1ff3f1734173bf4b9d644e4275348c214aa1,gx-no-cache=1521643022930 HTTP/1.1" 200 53
200.120.230.197 - - [21/Mar/2018:11:37:43 -0300] "POST /cormun/servlet/solicitudot?gx-no-cache=1521643023038 HTTP/1.1" 200 255
200.120.230.197 - - [21/Mar/2018:11:37:43 -0300] "GET /cormun/servlet/solicitudot?0ec0331272234f1bf4342b3ef2cc1ff36c8aed4870ea86549d63eca18299cb27c6f68a2ef662100774ef6a97c8e5bc3105b824b0a05b21dac35e2fd13e36ab5c4d707d7556cba263ded41ed17aaea4a15187246cc7540c557c85408203b72a2d26d1645aefd50bc9abbcccf60c4ea13a6bbde92b123cb39ed3552ea9d846690800aaa556c27d3427bb2853bef8f3b961a646e9889cf981cc52b77ccac649385b09cc9452f05195f678a3964dfdff141ba75b88653ee3da6e45991534f4812411852ba26949424dfdf99ce21730a91bf6b5a7b0c0868ff77dfed75fb3e93418c6673837a3fffb780e4c8811f5343fbbf259b7d162e9703df13f50f8519b919dc6d180940ab5c85c5843f4ed220f368269ac285f4470d8ed5136357efd8ebd2fe44809a2d8b5072cc82063e04ef39b4ddbd5689bd99e5cf6c4326a2acae7250c51a3a47285528815edff88135cd5dfa6e37b8f2dc96f19a7745d058a12a40d1a23cee306bfa433b40b43fd8abe5b1eb0f2268579b50c51afd0a07047581f9ad554,gx-no-cache=1521643023156 HTTP/1.1" 200 30
186.103.132.155 - - [21/Mar/2018:11:37:46 -0300] "POST /cormun/servlet/trsolicitudot?1973ec7cc1250c97511f7b7b716f0aab,,gx-no-cache=1521643015585 HTTP/1.1" 200 107
186.103.132.155 - - [21/Mar/2018:11:37:47 -0300] "GET /cormun/servlet/trsolicitudadjuntos?2018,10659, HTTP/1.1" 200 9606
200.72.197.82 - - [21/Mar/2018:11:37:47 -0300] "GET /cormun/static/gxcfg.js?20177612135366 HTTP/1.1" 200 953
190.151.100.218 - - [21/Mar/2018:11:37:47 -0300] "GET /cormun/static/gxui/gxui-all.css?110300 HTTP/1.1" 200 2179
190.151.100.218 - - [21/Mar/2018:11:37:47 -0300] "GET /cormun/static/calendar-system.css?75620 HTTP/1.1" 200 5572
190.151.100.218 - - [21/Mar/2018:11:37:47 -0300] "GET /cormun/static/trsolicitudadjuntos.js?20177612135632 HTTP/1.1" 200 17922
200.120.230.197 - - [21/Mar/2018:11:37:48 -0300] "POST /cormun/servlet/solicitudot?gx-no-cache=1521643027830 HTTP/1.1" 200 30
200.120.230.197 - - [21/Mar/2018:11:37:52 -0300] "GET /cormun/servlet/prsolicitudot?13344089,,,,,MD,,gxPopupLevel%3D0%3B HTTP/1.1" 200 6280
200.111.122.170 - - [21/Mar/2018:11:37:52 -0300] "GET /cormun/static/Shared/ext/resources/css/ext-all.css?205870 HTTP/1.1" 200 416045
200.111.122.170 - - [21/Mar/2018:11:37:55 -0300] "GET /cormun/servlet/trsolicitudadjuntos?2018,10659, HTTP/1.1" 200 9612
200.120.230.197 - - [21/Mar/2018:11:38:00 -0300] "POST /cormun/servlet/solicitudot?gx-no-cache=1521643039601 HTTP/1.1" 200 1337
200.120.230.197 - - [21/Mar/2018:11:38:00 -0300] "POST /cormun/servlet/solicitudot?gx-no-cache=1521643039765 HTTP/1.1" 200 38
200.120.230.197 - - [21/Mar/2018:11:38:00 -0300] "GET /cormun/servlet/solicitudot?0ec0331272234f1bf4342b3ef2cc1ff319132ea3690a53dda87eb544b3b19c11806ad32b562503d4cd84a194e0287517797f9df20e594cc8d8558836a6ac7aca691c94cbc34b9f4ddda79905593f180b1e3700bd37cac29fab7af86c53a366a50dd81174d5638f2d27424d0583f2a5f7e58f1344fc098c8d5665b15a3256b053a938d88546f2d9908774d19852609e85dbc7253da2ba857ffdf4d614a36ef78d,gx-no-cache=1521643039903 HTTP/1.1" 200 29
200.120.230.197 - - [21/Mar/2018:11:38:00 -0300] "POST /cormun/servlet/solicitudot?gx-no-cache=1521643040014 HTTP/1.1" 200 1319
200.120.230.197 - - [21/Mar/2018:11:38:00 -0300] "POST /cormun/servlet/solicitudot?gx-no-cache=1521643040141 HTTP/1.1" 200 1218
200.120.230.197 - - [21/Mar/2018:11:38:00 -0300] "GET /cormun/servlet/solicitudot?0ec0331272234f1bf4342b3ef2cc1ff3a0f8ee1220bf7d3c3c77fc736a7ccacd012051080e673a1143f1fdcf518bc2d4,gx-no-cache=1521643040273 HTTP/1.1" 200 30
200.120.230.197 - - [21/Mar/2018:11:38:23 -0300] "POST /cormun/servlet/solicitudot?c20d6bd701b40a924c8873a5306cb100,INS,0,0,,gx-no-cache=1521643062899 HTTP/1.1" 200 93
200.120.230.197 - - [21/Mar/2018:11:38:23 -0300] "GET /cormun/servlet/hpexe_return? HTTP/1.1" 200 1006
200.120.230.197 - - [21/Mar/2018:11:38:24 -0300] "GET /cormun/servlet/trsolicitudot HTTP/1.1" 200 7446
186.67.203.186 - - [21/Mar/2018:11:38:26 -0300] "GET /cormun/servlet/solicitudotadjuntos?INS,2018,10659,,1, HTTP/1.1" 200 6231
186.67.203.186 - - [21/Mar/2018:11:38:28 -0300] "GET /cormun/static/gxcfg.js?2017761244068 HTTP/1.1" 200 953
200.72.197.82 - - [21/Mar/2018:11:38:28 -0300] "GET /cormun/static/solicitudotadjuntos.js?2017761244086 HTTP/1.1" 200 11771
200.72.197.82 - - [21/Mar/2018:11:38:28 -0300] "GET /cormun/static/about:blank HTTP/1.1" 404 1011
186.67.203.186 - - [21/Mar/2018:11:38:28 -0300] "GET /cormun/servlet/solicitudotadjuntos?INS,2018,10659,,1, HTTP/1.1" 200 6225
186.67.203.186 - - [21/Mar/2018:11:38:29 -0300] "GET /cormun/servlet/solicitudotadjuntos?80de2ffe3ea1b3714b819cc6bd74aa356d9c3edce1f7179594a22ae20e16cb59e60ff6eba6c3d8fbec9c2cc06c0d1ffc,gx-no-cache=1521643058682 HTTP/1.1" 200 30
186.67.203.186 - - [21/Mar/2018:11:38:30 -0300] "POST /cormun/servlet/solicitudotadjuntos?1973ec7cc1250c97511f7b7b716f0aab,INS,2018,10659,,1,,gx-no-cache=1521643058850 HTTP/1.1" 200 3977
186.67.203.186 - - [21/Mar/2018:11:38:32 -0300] "POST /cormun/servlet/solicitudotadjuntos?gx-no-cache=1521643061541 HTTP/1.1" 200 26
186.67.203.186 - - [21/Mar/2018:11:38:51 -0300] "GET /cormun/servlet/solicitudotadjuntos?80de2ffe3ea1b3714b819cc6bd74aa351cd0a3d971ce15b9a56ee8b129893a9e,gx-no-cache=1521643080613 HTTP/1.1" 200 30
186.67.203.186 - - [21/Mar/2018:11:38:51 -0300] "GET /cormun/servlet/solicitudotadjuntos?80de2ffe3ea1b3714b819cc6bd74aa351cd0a3d971ce15b9a56ee8b129893a9e,gx-no-cache=1521643080682 HTTP/1.1" 200 30
186.67.203.186 - - [21/Mar/2018:11:39:07 -0300] "POST /cormun/servlet/solicitudotadjuntos?1973ec7cc1250c97511f7b7b716f0aab,INS,2018,10659,,1, HTTP/1.1" 200 116
186.67.203.186 - - [21/Mar/2018:11:39:07 -0300] "GET /cormun/servlet/hpexe_return? HTTP/1.1" 200 1021
200.72.197.82 - - [21/Mar/2018:11:39:08 -0300] "GET /cormun/static/hpexe_return.js?2016101716175153 HTTP/1.1" 200 1633
186.103.161.206 - - [21/Mar/2018:11:39:08 -0300] "GET /cormun/static/gxcfg.js?2016101716175148 HTTP/1.1" 200 953
186.67.203.186 - - [21/Mar/2018:11:39:08 -0300] "GET /cormun/static/Resources/Spanish/PXTools.css?167811 HTTP/1.1" 200 89042
186.67.203.186 - - [21/Mar/2018:11:39:08 -0300] "GET /cormun/servlet/trsolicitudadjuntos?2018,10659, HTTP/1.1" 200 9909
186.67.203.186 - - [21/Mar/2018:11:39:10 -0300] "GET /cormun/servlet/trsolicitudadjuntos?2018,10659, HTTP/1.1" 200 9910
192.168.10.89 - - [21/Mar/2018:11:39:55 -0300] "GET /cormun/servlet/trsolicitudgral? HTTP/1.1" 200 14210
192.168.10.89 - - [21/Mar/2018:11:40:06 -0300] "POST /cormun/servlet/trsolicitudgral?e5b08cb7639f86c3e8d169b6a961b63d,,gx-no-cache=1521643039939 HTTP/1.1" 200 7594
186.103.161.206 - - [21/Mar/2018:11:40:08 -0300] "GET /cormun/servlet/trsolicitudot? HTTP/1.1" 200 8775
186.103.161.206 - - [21/Mar/2018:11:40:09 -0300] "GET /cormun/servlet/trsolicitudot? HTTP/1.1" 200 8769
190.151.99.26 - - [21/Mar/2018:11:40:34 -0300] "GET /cormun/servlet/solicitudot?INS,0,0, HTTP/1.1" 200 13652
190.151.99.26 - - [21/Mar/2018:11:40:35 -0300] "GET /cormun/servlet/solicitudot?INS,0,0, HTTP/1.1" 200 13657
186.103.196.84 - - [21/Mar/2018:11:40:37 -0300] "GET /cormun/servlet/prfichaempleado?,MD,,gxPopupLevel%3D0%3B HTTP/1.1" 200 9358
186.103.196.84 - - [21/Mar/2018:11:40:49 -0300] "POST /cormun/servlet/prfichaempleado?383cf0aed135a3e48938933c7eb796ac,,MD,,gxPopupLevel%3D0%3B,gx-no-cache=1521643196858 HTTP/1.1" 200 3472
186.103.196.84 - - [21/Mar/2018:11:40:55 -0300] "POST /cormun/servlet/solicitudot?gx-no-cache=1521643202818 HTTP/1.1" 200 3399
186.103.196.84 - - [21/Mar/2018:11:40:55 -0300] "POST /cormun/servlet/solicitudot?383cf0aed135a3e48938933c7eb796ac,INS,0,0,,gx-no-cache=1521643203110 HTTP/1.1" 200 10556
186.103.196.84 - - [21/Mar/2018:11:40:56 -0300] "GET /cormun/servlet/solicitudot?6831928d8b47e2d0df668aa50dac00ab23df9a937c868b9963ec8705b4536c9f72537bb1105c5c0bfcd13dd699cff331,gx-no-cache=1521643204005 HTTP/1.1" 200 30
186.103.196.84 - - [21/Mar/2018:11:41:01 -0300] "GET /cormun/servlet/solicitudot?6831928d8b47e2d0df668aa50dac00ab797a0dd3518c4e79306230f89fe878083982ceab8cd205a986c623bd48b78fbd3b0a09fd3e3064a58e4105bb763702dd,gx-no-cache=1521643209118 HTTP/1.1" 200 30
186.103.196.84 - - [21/Mar/2018:11:41:01 -0300] "GET /cormun/servlet/solicitudot?6831928d8b47e2d0df668aa50dac00aba08b63b066546ce9516f3ad9980111ac,gx-no-cache=1521643209209 HTTP/1.1" 200 45
186.103.196.84 - - [21/Mar/2018:11:41:02 -0300] "POST /cormun/servlet/solicitudot?gx-no-cache=1521643210252 HTTP/1.1" 200 255
186.103.196.84 - - [21/Mar/2018:11:41:02 -0300] "GET /cormun/servlet/solicitudot?6831928d8b47e2d0df668aa50dac00ab4cbbc59719a784e98e2c3132be8519e4b80588f9bdeb2609059ff6f731815e79a3415bcbe550b13e2f37417adb60ce7d3c58c4b3388338ef1e505ed6a52e65ab594da4e9c6f2187cfe0b596dd8ed5185dd671a8d1ef708b04c811f0548c71d60f966455b8b9fe56b0c1bfaebf36d1a04bcf39b406222a196dc98c93eda002ee09edf05d114d63a90dd733bd872b2fe782600b747f1061742d58257547a3327f90c0a78f44de13fd35ca924a0f91fe5066639c700d43edff4a0ed6c91917e6b88c28cc1a862b6bba5f15171c0b5256f7017136bfcfef5aa222099608f42d22b3a5d569e9b26a4c0bc4cc7d8a5a6db4f8c447bae71cf856c7993969a9b8b6d6507eda5a5306af821e21cbd06c83328799c4de10019d54686b08231677562c6e6798d0946b2be02ae3f21323ba31e02d1ed23b39ef6741676a114b46457847e85bbcbb8c3e2b6f300f6aeed48f5dacf136d26ac4da4adde2c383a55d7940774de4e86d6ceeeded3a8e6d87557391a35b9e0,gx-no-cache=1521643210357 HTTP/1.1" 200 30
190.151.124.170 - - [21/Mar/2018:11:41:36 -0300] "POST /cormun/servlet/solicitudot?gx-no-cache=1521643244422 HTTP/1.1" 200 30
200.111.122.170 - - [21/Mar/2018:11:41:38 -0300] "POST /cormun/servlet/trsolicitudot?1973ec7cc1250c97511f7b7b716f0aab,,gx-no-cache=1521643244945 HTTP/1.1" 200 106
190.151.124.170 - - [21/Mar/2018:11:41:39 -0300] "GET /cormun/servlet/prcontratosol?9515367,,,,,MD,,gxPopupLevel%3D0%3B HTTP/1.1" 200 9114
200.111.122.170 - - [21/Mar/2018:11:41:41 -0300] "GET /cormun/servlet/solicitudot?UPD,2018,10659, HTTP/1.1" 200 15399
186.67.203.186 - - [21/Mar/2018:11:42:24 -0300] "GET /cormun/static/gxcfg.js?201812313224582 HTTP/1.1" 200 953
186.67.203.186 - - [21/Mar/2018:11:42:24 -0300] "GET /cormun/static/Resources/prompt.gif HTTP/1.1" 200 902
186.67.203.186 - - [21/Mar/2018:11:42:24 -0300] "GET /cormun/static/solicitudot.js?201812313224831 HTTP/1.1" 200 72336
186.67.203.186 - - [21/Mar/2018:11:42:25 -0300] "GET /cormun/servlet/solicitudot?UPD,2018,10659, HTTP/1.1" 200 15409
186.67.203.186 - - [21/Mar/2018:11:42:26 -0300] "POST /cormun/servlet/solicitudot?gx-no-cache=1521643295376 HTTP/1.1" 200 3353
186.67.203.186 - - [21/Mar/2018:11:42:26 -0300] "POST /cormun/servlet/solicitudot?1973ec7cc1250c97511f7b7b716f0aab,UPD,2018,10659,,gx-no-cache=1521643295717 HTTP/1.1" 200 11661
186.67.203.186 - - [21/Mar/2018:11:42:26 -0300] "GET /cormun/servlet/solicitudot?80de2ffe3ea1b3714b819cc6bd74aa351a8263fe08ea4ac6295816f73f9f255ca06b9e18435ec4229e5d8224026bddfd,gx-no-cache=1521643296230 HTTP/1.1" 200 30
186.67.203.186 - - [21/Mar/2018:11:42:27 -0300] "GET /cormun/servlet/solicitudot?80de2ffe3ea1b3714b819cc6bd74aa35a2f3ea986deb49a474100f1a2149d764fdca8fbd2aceaab6f1fecc17d713f15016e89856cbdf8824dea51de6d74391f4,gx-no-cache=1521643296312 HTTP/1.1" 200 30
186.67.203.186 - - [21/Mar/2018:11:42:27 -0300] "GET /cormun/servlet/solicitudot?80de2ffe3ea1b3714b819cc6bd74aa35e4e8d27e51edfed12c0651e6d2d0edf2,gx-no-cache=1521643296400 HTTP/1.1" 200 29
186.67.203.186 - - [21/Mar/2018:11:42:27 -0300] "POST /cormun/servlet/solicitudot?gx-no-cache=1521643296491 HTTP/1.1" 200 297
186.67.203.186 - - [21/Mar/2018:11:42:27 -0300] "GET /cormun/servlet/solicitudot?80de2ffe3ea1b3714b819cc6bd74aa357516ae2862a620d4d241f7484b06208e55a489bc09d5aa43a4e224b13ae4bb4e5de145edaf22821b622ff597549dd70357c20df49575e0cc99997eba89b35e24ec1c2a643a23ab28375c75372ea6f96a2c14d5bdb622f80eb4f536139309c4c30fa1701d5d8f2f342799aaaf5d54197212538bdcc51fcd75afae2137b26e9f0f24f78a3157e148f19bb7742f486e383bcc51b31c9155280b1facf551664d5bb9563b4d3977418943544782cd8c56d791f28f2d1eb01a305a533a8cf2d06ca98aebe68bb37d6c0cefb58fa9c70e4f7f23ba622267e743557d62c5ff60ac5cd5a50badb66938594023d1d4cd9ff2638315cb89d62a89dcb3ee1028be1ad89ad4ed8501b6fb7d2143237bf63c2cab37642e8bb5b166105219cede3d43189770ed621b311f1bf6d2177ff8f8cd46ac5507a9f0c9b366d541eaf2c4ca173df27dc60b85943e273144d8969ab16467582f1e79871457d4d37e38f90eed774c79f116cef79c723f2bf2f944e8211a9e39657d1aba56b209905ea35dc55bfd9d04d78e6a,gx-no-cache=1521643296997 HTTP/1.1" 200 30
186.67.203.186 - - [21/Mar/2018:11:42:28 -0300] "POST /cormun/servlet/solicitudot?gx-no-cache=1521643297779 HTTP/1.1" 200 30
186.67.203.186 - - [21/Mar/2018:11:42:28 -0300] "POST /cormun/servlet/solicitudot?gx-no-cache=1521643297954 HTTP/1.1" 200 1332
186.67.203.186 - - [21/Mar/2018:11:42:29 -0300] "POST /cormun/servlet/solicitudot?gx-no-cache=1521643298469 HTTP/1.1" 200 41
186.9.26.183 - - [21/Mar/2018:11:42:40 -0300] "GET /cormun/servlet/trsolicitudgral? HTTP/1.1" 200 8973
186.9.26.183 - - [21/Mar/2018:11:42:42 -0300] "GET /cormun/servlet/trsolicitudgral? HTTP/1.1" 200 8973
200.54.18.125 - - [21/Mar/2018:11:43:11 -0300] "POST /cormun/servlet/solicitudot?gx-no-cache=1521643319522 HTTP/1.1" 200 1337
200.54.18.125 - - [21/Mar/2018:11:43:11 -0300] "POST /cormun/servlet/solicitudot?gx-no-cache=1521643338830 HTTP/1.1" 200 38
200.54.18.125 - - [21/Mar/2018:11:43:11 -0300] "GET /cormun/servlet/solicitudot?6831928d8b47e2d0df668aa50dac00ab60e894ddea8506834c5d9db7c44c40d0caf47447dc41bbb40e96ed123527e035ff880b13bc872016d8e4fd17a53a4d69f1380f77fc7968d2df9043576a6a83940120fe6b1b0769a9864e80fbd29d7f58215c998f128719b20ff10fd21a20ef467e15d278bb083ec5eb4bec76891d8b0636f7f29c61fbbb56f19a434f3cba61dc1c5414ae9e71d07f8041ba436665b911,gx-no-cache=1521643338928 HTTP/1.1" 200 29
200.54.18.125 - - [21/Mar/2018:11:43:11 -0300] "POST /cormun/servlet/solicitudot?gx-no-cache=1521643339280 HTTP/1.1" 200 1319
200.54.18.125 - - [21/Mar/2018:11:43:12 -0300] "POST /cormun/servlet/solicitudot?gx-no-cache=1521643339751 HTTP/1.1" 200 1218
200.54.18.125 - - [21/Mar/2018:11:43:13 -0300] "GET /cormun/servlet/solicitudot?6831928d8b47e2d0df668aa50dac00ab00ff05733de9a45573fdd712690ffc9b655a36efeb03ed955857e7846c2af810,gx-no-cache=1521643340751 HTTP/1.1" 200 134
200.54.18.125 - - [21/Mar/2018:11:43:13 -0300] "GET /cormun/static/Shared/jqueryui/images/ui-bg_highlight-soft_100_c6c2c8_1x100.png HTTP/1.1" 404 1117
152.231.70.146 - - [21/Mar/2018:11:43:13 -0300] "GET /cormun/static/Shared/jqueryui/images/ui-icons_ebccce_256x240.png HTTP/1.1" 404 1089
200.54.18.125 - - [21/Mar/2018:11:43:13 -0300] "GET /cormun/static/Shared/jqueryui/images/ui-bg_flat_55_994d53_40x100.png HTTP/1.1" 404 1097
186.103.196.90 - - [21/Mar/2018:11:43:13 -0300] "GET /cormun/static/Shared/jqueryui/images/ui-icons_82798d_256x240.png HTTP/1.1" 404 1089
186.67.203.186 - - [21/Mar/2018:11:43:31 -0300] "GET /cormun/servlet/solicitudot?80de2ffe3ea1b3714b819cc6bd74aa35e10f9ee13b3ce73c2067fa73b511a4771ec3836b289942968368fb3a4ed65e78dcad6a53e6c0284776003461c2a2079a4e660c2efdcbf8f8a61225b264ccba0e6f6f6f38ab393e9117cfce14d4652f6ccca3620e7ea05efeb874d0e03e77a942,gx-no-cache=1521643360434 HTTP/1.1" 200 29
186.67.203.186 - - [21/Mar/2018:11:43:31 -0300] "POST /cormun/servlet/solicitudot?gx-no-cache=1521643360813 HTTP/1.1" 200 1317
186.67.203.186 - - [21/Mar/2018:11:43:32 -0300] "POST /cormun/servlet/solicitudot?gx-no-cache=1521643361343 HTTP/1.1" 200 1215
186.67.203.186 - - [21/Mar/2018:11:43:32 -0300] "GET /cormun/static/menuarrow.gif HTTP/1.1" 404 1015
186.67.203.186 - - [21/Mar/2018:11:43:36 -0300] "POST /cormun/servlet/solicitudot?gx-no-cache=1521643364704 HTTP/1.1" 200 1317
186.67.203.186 - - [21/Mar/2018:11:43:37 -0300] "POST /cormun/servlet/solicitudot?gx-no-cache=1521643366249 HTTP/1.1" 200 1215
186.67.203.186 - - [21/Mar/2018:11:43:44 -0300] "GET /cormun/servlet/solicitudot?80de2ffe3ea1b3714b819cc6bd74aa35c6ca5bc2280f0e412fb6295eaa18e6df529577fcff81dcebcf5a6f787df202d7,gx-no-cache=1521643374194 HTTP/1.1" 200 30
186.67.203.186 - - [21/Mar/2018:11:43:45 -0300] "POST /cormun/servlet/solicitudot?gx-no-cache=1521643374348 HTTP/1.1" 200 30
186.67.203.186 - - [21/Mar/2018:11:43:47 -0300] "POST /cormun/servlet/solicitudot?1973ec7cc1250c97511f7b7b716f0aab,UPD,2018,10659,,gx-no-cache=1521643374592 HTTP/1.1" 200 93
186.67.203.186 - - [21/Mar/2018:11:43:47 -0300] "GET /cormun/servlet/hpexe_return? HTTP/1.1" 200 1008
186.67.84.236 - - [21/Mar/2018:11:43:47 -0300] "POST /cormun/servlet/solicitudot?gx-no-cache=1521643375429 HTTP/1.1" 200 30
186.67.84.236 - - [21/Mar/2018:11:43:48 -0300] "POST /cormun/servlet/solicitudot?gx-no-cache=1521643375963 HTTP/1.1" 200 1337
186.67.203.186 - - [21/Mar/2018:11:43:48 -0300] "GET /cormun/servlet/trsolicitudot HTTP/1.1" 200 8762
186.67.84.236 - - [21/Mar/2018:11:43:48 -0300] "POST /cormun/servlet/solicitudot?gx-no-cache=1521643376254 HTTP/1.1" 200 41
186.67.84.236 - - [21/Mar/2018:11:43:48 -0300] "POST /cormun/servlet/solicitudot?gx-no-cache=1521643376360 HTTP/1.1" 200 1319
186.67.84.236 - - [21/Mar/2018:11:43:49 -0300] "POST /cormun/servlet/solicitudot?gx-no-cache=1521643376865 HTTP/1.1" 200 1218
186.67.203.186 - - [21/Mar/2018:11:43:49 -0300] "GET /cormun/servlet/trsolicitudot HTTP/1.1" 200 8758
186.67.84.236 - - [21/Mar/2018:11:43:50 -0300] "GET /cormun/static/menuarrow.gif HTTP/1.1" 404 1015
186.79.172.104 - - [21/Mar/2018:11:43:56 -0300] "GET /cormun/servlet/solicitudot?1be9d68d482a6c459b0b80f325f28b835b40b791566c43d9bbfe87100bd678c25dc64fc1fb96a6b7b8d030df021e674baf6c31c8656cb25015bf7e713de2e234,gx-no-cache=1521643386101 HTTP/1.1" 200 30
186.67.84.236 - - [21/Mar/2018:11:43:58 -0300] "POST /cormun/servlet/solicitudot?gx-no-cache=1521643385881 HTTP/1.1" 200 30
186.67.84.236 - - [21/Mar/2018:11:43:58 -0300] "POST /cormun/servlet/solicitudot?gx-no-cache=1521643385985 HTTP/1.1" 200 1337
186.67.84.236 - - [21/Mar/2018:11:43:58 -0300] "POST /cormun/servlet/solicitudot?gx-no-cache=1521643386106 HTTP/1.1" 200 41
186.67.84.236 - - [21/Mar/2018:11:43:58 -0300] "POST /cormun/servlet/solicitudot?gx-no-cache=1521643386203 HTTP/1.1" 200 1319
186.67.84.236 - - [21/Mar/2018:11:43:58 -0300] "POST /cormun/servlet/solicitudot?gx-no-cache=1521643386350 HTTP/1.1" 200 1218
186.67.203.186 - - [21/Mar/2018:11:43:59 -0300] "POST /cormun/servlet/trsolicitudot?1973ec7cc1250c97511f7b7b716f0aab,gx-no-cache=1521643388017 HTTP/1.1" 200 4677
186.67.203.186 - - [21/Mar/2018:11:43:59 -0300] "GET /cormun/static/Shared/jqueryui/images/ui-bg_highlight-soft_100_c6c2c8_1x100.png HTTP/1.1" 404 1117
200.111.122.170 - - [21/Mar/2018:11:43:59 -0300] "GET /cormun/static/Shared/jqueryui/images/ui-icons_82798d_256x240.png HTTP/1.1" 404 1089
186.67.203.186 - - [21/Mar/2018:11:43:59 -0300] "GET /cormun/static/Shared/jqueryui/images/ui-bg_flat_55_fafafa_40x100.png HTTP/1.1" 404 1097
186.103.132.155 - - [21/Mar/2018:11:43:59 -0300] "GET /cormun/static/Shared/jqueryui/images/ui-icons_8d78a5_256x240.png HTTP/1.1" 404 1089
200.72.197.82 - - [21/Mar/2018:11:44:00 -0300] "POST /cormun/servlet/trsolicitudot?1973ec7cc1250c97511f7b7b716f0aab,gx-no-cache=1521643388678 HTTP/1.1" 200 4445
200.72.197.82 - - [21/Mar/2018:11:44:05 -0300] "GET /cormun/servlet/trautorizarsolicitud? HTTP/1.1" 200 8652
200.72.197.82 - - [21/Mar/2018:11:44:06 -0300] "GET /cormun/servlet/trautorizarsolicitud? HTTP/1.1" 200 8652
200.72.197.82 - - [21/Mar/2018:11:44:14 -0300] "POST /cormun/servlet/trautorizarsolicitud?1973ec7cc1250c97511f7b7b716f0aab,,gx-no-cache=1521643401326 HTTP/1.1" 200 4605
200.111.122.170 - - [21/Mar/2018:11:44:14 -0300] "GET /cormun/static/Shared/jqueryui/images/ui-icons_8d78a5_256x240.png HTTP/1.1" 404 1089
200.72.197.82 - - [21/Mar/2018:11:44:14 -0300] "GET /cormun/static/Shared/jqueryui/images/ui-bg_highlight-soft_100_c6c2c8_1x100.png HTTP/1.1" 404 1117
186.103.132.155 - - [21/Mar/2018:11:44:14 -0300] "GET /cormun/static/Shared/jqueryui/images/ui-icons_82798d_256x240.png HTTP/1.1" 404 1089
186.67.203.186 - - [21/Mar/2018:11:44:14 -0300] "GET /cormun/static/Shared/jqueryui/images/ui-bg_flat_55_fafafa_40x100.png HTTP/1.1" 404 1097
186.67.203.186 - - [21/Mar/2018:11:44:15 -0300] "POST /cormun/servlet/trautorizarsolicitud?1973ec7cc1250c97511f7b7b716f0aab,,gx-no-cache=1521643403894 HTTP/1.1" 200 4372
186.67.84.236 - - [21/Mar/2018:11:44:18 -0300] "GET /cormun/servlet/solicitudot?6831928d8b47e2d0df668aa50dac00ab062491dd1f6b34d507590b1f3e3d83c44de8c68220ba314ee175b8ebb56b7f4b,gx-no-cache=1521643406104 HTTP/1.1" 200 30
186.67.203.186 - - [21/Mar/2018:11:44:20 -0300] "GET /cormun/servlet/trsolicitudot? HTTP/1.1" 200 7404
186.67.203.186 - - [21/Mar/2018:11:44:20 -0300] "GET /cormun/servlet/trsolicitudot? HTTP/1.1" 200 7403
186.103.132.155 - - [21/Mar/2018:11:44:48 -0300] "GET /cormun/servlet/trsolicitudot? HTTP/1.1" 200 7403
186.103.132.155 - - [21/Mar/2018:11:44:49 -0300] "GET /cormun/servlet/trsolicitudot? HTTP/1.1" 200 7403
186.103.132.155 - - [21/Mar/2018:11:44:51 -0300] "GET /cormun/servlet/solicitudot?INS,0,0, HTTP/1.1" 200 13635
200.54.18.125 - - [21/Mar/2018:11:44:52 -0300] "POST /cormun/servlet/solicitudot?gx-no-cache=1521643439259 HTTP/1.1" 200 1319
186.103.132.155 - - [21/Mar/2018:11:44:52 -0300] "GET /cormun/servlet/solicitudot?INS,0,0, HTTP/1.1" 200 13639
200.54.18.125 - - [21/Mar/2018:11:44:52 -0300] "POST /cormun/servlet/solicitudot?gx-no-cache=1521643440440 HTTP/1.1" 200 1218
200.72.197.82 - - [21/Mar/2018:11:45:54 -0300] "POST /cormun/servlet/solicitudot?gx-no-cache=1521643501840 HTTP/1.1" 200 3284
200.72.197.82 - - [21/Mar/2018:11:45:55 -0300] "POST /cormun/servlet/solicitudot?1973ec7cc1250c97511f7b7b716f0aab,INS,0,0,,gx-no-cache=1521643504412 HTTP/1.1" 200 10441
192.168.10.89 - - [21/Mar/2018:11:46:46 -0300] "POST /cormun/servlet/trsolicitudgral?e5b08cb7639f86c3e8d169b6a961b63d,,gx-no-cache=1521643440118 HTTP/1.1" 200 7311
192.168.10.89 - - [21/Mar/2018:11:47:04 -0300] "GET /cormun/servlet/solicitudgral?UPD,2018,8069, HTTP/1.1" 200 13243
190.151.99.26 - - [21/Mar/2018:11:47:05 -0300] "POST /cormun/servlet/solicitudot?gx-no-cache=1521643572926 HTTP/1.1" 200 33
192.168.10.89 - - [21/Mar/2018:11:47:06 -0300] "POST /cormun/servlet/solicitudgral?gx-no-cache=1521643459420 HTTP/1.1" 200 3922
192.168.10.89 - - [21/Mar/2018:11:47:06 -0300] "GET /cormun/servlet/solicitudgral?8599e72bf8381f3f350a610593f3820a8458f91b31add9047d8eda91ff19600c28aac8ff217712a7f3868841d57770aa632cbc77266f7d8ab45218470156e44bee61cdcb7a07ad6e25c11da66eaf2eb917e7d4bd017c0bde5e98b53427f3fcf0e3b7fcabc39955184047fdea900e743fe5f26bfe900838dba49490540089a5bf08e57202b8adcf18729b59d7efe57f32f0a0a132223e1bc0360e111807c42ba6a7e320a99575249401a3abff022605bbc2c345aa0cd5a6a952a1088d05b2e44bc8898b5d1e57236326b2d35569c2bb53c89cb53cff77f768735b19fba9dc8da9737c1a619c18fe2fdc759a033e84e3c7292a304e79e2e8134a68ae511a12f4b05d3e6742bbf54764393f6d75c610b9e976bdc8584bf680cd6688b07b0c84f699938354ed76072967e1386ef14371c700f28a4acf8187939ded055ae512c7ba62bbad9e6d2efedd8b48761b633640ae73,gx-no-cache=1521643459598 HTTP/1.1" 200 297
192.168.10.89 - - [21/Mar/2018:11:47:07 -0300] "GET /cormun/servlet/solicitudgral?8599e72bf8381f3f350a610593f3820ac3eb7a1c07732617068fc17e89366979a036494887908648e48c455b76554b6eb7877c5db3a1c5452170e3fbb6ccfe33d5cfe0d26f4c97e23022a6fd5d7f9099d00586aa2af89e182cc71ec9b2e6c298a90ce36e71ff0faf9e2db80dee7bfcdfd063af225710b48f8300fa15ba6a23a9b509957db519465de6bf9e4018b2de86cd3c774fdff376edbeb788a5262b63dea668462afe7355ee1371abd4b9748f1b10c3bd5a45d3934eeb1d48dc5c3440a4588788434bb89bf378c464e2a6909b90fe9ced45cef2284843714261cf1c0984af086bc03521b8fbcd9ddadb9f8583bc5ced5abdf5ca09e2e307e61f6fff9937ccc6c5835cc81c8266ec6d8dfa3a78f0307837c1f8a8268189ac6281bc9c2b54518fc8ad116b6b59163d3a6ebc6b409924908b14072b43d5b66010e3d89145669781bb1c3e9619f82a374c526c087ede08ffc77a2aa74cb3d594365594516b6b3bc185b7045ca7f827e9d27b65180e57a2ae9f5f9a524b9ec14bced2ade5755977e0f454fecca352596a2afd73fde6efc444cd235bef9346bd40ebbbbc4b3576cb6c1396b0fd789bd988920ad7d00b58,gx-no-cache=1521643460898 HTTP/1.1" 200 48
192.168.10.89 - - [21/Mar/2018:11:47:08 -0300] "POST /cormun/servlet/solicitudgral?e5b08cb7639f86c3e8d169b6a961b63d,UPD,2018,8069,,gx-no-cache=1521643461439 HTTP/1.1" 200 11852
192.168.10.89 - - [21/Mar/2018:11:47:08 -0300] "GET /cormun/servlet/solicitudgral?8599e72bf8381f3f350a610593f3820a3fe4cd63ce9e5fe168b318a028288812bebd2c748cb2fdb6012a430d552334f00d5516dcd231fff28b23ede23eed4f9639793acf4acf2ec0477124992778d264f29ca1bfdbb90516b9d12080ed695c10263b4d1452aa474104aecfc498387025,gx-no-cache=1521643462109 HTTP/1.1" 200 29
192.168.10.89 - - [21/Mar/2018:11:47:08 -0300] "POST /cormun/servlet/solicitudgral?gx-no-cache=1521643462130 HTTP/1.1" 200 1295
192.168.10.89 - - [21/Mar/2018:11:47:08 -0300] "POST /cormun/servlet/solicitudgral?gx-no-cache=1521643462167 HTTP/1.1" 200 1218
192.168.10.89 - - [21/Mar/2018:11:47:11 -0300] "GET /cormun/servlet/solicitudgral?8599e72bf8381f3f350a610593f3820ac3eb7a1c07732617068fc17e893669791ef1ebf526ebe1b0181eda55326e6e340143ad6d5cfda20b9eba0ca3a9379ce443fbc5f1cb563e8b05d240766dd9c50a71c873cf588cd34a89b64841838f5574cf3fd485ed056920834b326db83ab55b76e26c77a2c8a99c7df68682aea4ff4ebac80e0a1b463bacc1dc9c79258391719aec4992b3dc3ffaf2ac8f2f116fd2f47a86dcf046b44315a1131beefc6f1c6d2c56b428358afd0576d2028b516d2c315b58c3909d4e64427b8a1068f7c9779645577a8c14f626680e9612d2f92826ce0342bf9b5da17f3728a09baae260e612791bd3217c63ffddc08ff574435d0a2e518e2a7d3e97ee29de107f06a304e746d2ae25e3b891dd3f4eaf67b195268af68bbf1086ddddd969b7dd9a6e63cdbc2c0030db132cb46fd0fee2598a250db083b40f19aa0469e30cdde408af63e9fa4a53089e52735e781741c22aa5c4d313ceeb8ea8f248c60514d1ea25097cbe7800ee01ebb8be68cdf2328179722fb722da46e9d2911e69fae41595654b7032d8e072a85829d91bca1b05284d48208d63c4bd3d47a6434e938e6a93400ae9421cf270ccd598ed884699b3fae003a93acfcb,gx-no-cache=1521643464658 HTTP/1.1" 200 48
192.168.10.89 - - [21/Mar/2018:11:47:12 -0300] "POST /cormun/servlet/solicitudgral?e5b08cb7639f86c3e8d169b6a961b63d,UPD,2018,8069,,gx-no-cache=1521643465527 HTTP/1.1" 200 11853
192.168.10.89 - - [21/Mar/2018:11:47:12 -0300] "GET /cormun/servlet/solicitudgral?8599e72bf8381f3f350a610593f3820a3fe4cd63ce9e5fe168b318a028288812bebd2c748cb2fdb6012a430d552334f00d5516dcd231fff28b23ede23eed4f9639793acf4acf2ec0477124992778d264f29ca1bfdbb90516b9d12080ed695c10263b4d1452aa474104aecfc498387025,gx-no-cache=1521643466249 HTTP/1.1" 200 29
192.168.10.89 - - [21/Mar/2018:11:47:12 -0300] "POST /cormun/servlet/solicitudgral?gx-no-cache=1521643466271 HTTP/1.1" 200 1297
192.168.10.89 - - [21/Mar/2018:11:47:12 -0300] "POST /cormun/servlet/solicitudgral?gx-no-cache=1521643466306 HTTP/1.1" 200 1218
192.168.10.89 - - [21/Mar/2018:11:47:20 -0300] "POST /cormun/servlet/solicitudgral?e5b08cb7639f86c3e8d169b6a961b63d,UPD,2018,8069,,gx-no-cache=1521643473418 HTTP/1.1" 200 93
192.168.10.89 - - [21/Mar/2018:11:47:20 -0300] "GET /cormun/servlet/hpexe_return? HTTP/1.1" 200 1017
190.151.100.218 - - [21/Mar/2018:11:47:20 -0300] "GET /cormun/servlet/solicitudot?80de2ffe3ea1b3714b819cc6bd74aa351a8263fe08ea4ac6295816f73f9f255c218a425ab045f3d4408392ad0e174d1e,gx-no-cache=1521643586725 HTTP/1.1" 200 30
192.168.10.89 - - [21/Mar/2018:11:47:20 -0300] "GET /cormun/servlet/trsolicitudgral? HTTP/1.1" 200 10816
200.72.197.82 - - [21/Mar/2018:11:47:28 -0300] "GET /cormun/servlet/hlogin HTTP/1.1" 200 1722
200.72.197.82 - - [21/Mar/2018:11:47:28 -0300] "GET /cormun/static/gxtimezone.js?85251 HTTP/1.1" 304 -
200.72.197.82 - - [21/Mar/2018:11:47:29 -0300] "GET /cormun/static/messages.spa.js?85251 HTTP/1.1" 304 -
200.72.197.82 - - [21/Mar/2018:11:47:29 -0300] "GET /cormun/servlet/hlogin HTTP/1.1" 200 1727
186.79.172.104 - - [21/Mar/2018:11:47:33 -0300] "GET /cormun/servlet/solicitudot?1be9d68d482a6c459b0b80f325f28b83b915d8441668cb16c6bfeec94c6dd33f179b48dc8d3b09d3df6a212be219863f,gx-no-cache=1521643604347 HTTP/1.1" 200 123
200.72.197.82 - - [21/Mar/2018:11:47:38 -0300] "POST /cormun/servlet/hlogin?a9e4151febc83fffb791892af1d405b7,gx-no-cache=1521643625255 HTTP/1.1" 200 90
200.72.197.82 - - [21/Mar/2018:11:47:38 -0300] "GET /cormun/servlet/hpexe_link HTTP/1.1" 200 948
200.72.197.82 - - [21/Mar/2018:11:47:38 -0300] "GET /cormun/servlet/hhome HTTP/1.1" 200 3980
200.72.197.82 - - [21/Mar/2018:11:47:39 -0300] "GET /cormun/servlet/hhome HTTP/1.1" 200 3976
200.72.197.82 - - [21/Mar/2018:11:47:42 -0300] "GET /cormun/servlet/trsolicitudot? HTTP/1.1" 200 8588
200.72.197.82 - - [21/Mar/2018:11:47:42 -0300] "GET /cormun/static/gxdec.js?85251 HTTP/1.1" 304 -
200.72.197.82 - - [21/Mar/2018:11:47:42 -0300] "GET /cormun/servlet/trsolicitudot? HTTP/1.1" 200 8585
200.72.197.82 - - [21/Mar/2018:11:47:49 -0300] "GET /cormun/servlet/solicitudot?INS,0,0, HTTP/1.1" 200 13416
200.72.197.82 - - [21/Mar/2018:11:47:50 -0300] "GET /cormun/servlet/solicitudot?INS,0,0, HTTP/1.1" 200 13421
186.103.161.206 - - [21/Mar/2018:11:47:52 -0300] "GET /cormun/servlet/prfichaempleado?,MD,,gxPopupLevel%3D0%3B HTTP/1.1" 200 9333
186.79.172.104 - - [21/Mar/2018:11:47:53 -0300] "GET /cormun/servlet/solicitudot?1be9d68d482a6c459b0b80f325f28b83d80a027d5a48d4513690330b6bf798c1,gx-no-cache=1521643623793 HTTP/1.1" 200 53
192.168.10.89 - - [21/Mar/2018:11:48:21 -0300] "POST /cormun/servlet/trsolicitudgral?e5b08cb7639f86c3e8d169b6a961b63d,,gx-no-cache=1521643534678 HTTP/1.1" 200 7328
186.79.172.104 - - [21/Mar/2018:11:48:21 -0300] "POST /cormun/servlet/solicitudot?gx-no-cache=1521643652081 HTTP/1.1" 200 255
186.79.172.104 - - [21/Mar/2018:11:48:25 -0300] "GET /cormun/servlet/solicitudot?1be9d68d482a6c459b0b80f325f28b83f4cb7f2ddf248e5e210570e245fb7d05333e6b5a1d654026a90d94d548428d20507833e79d16e13f2ad3fd791d08e1200189c1dbba631e6ea99733cb1109ac76a6995e29013423c3f646cc6af1d36667456a1b8bc0359f108b1c766b5084ae0b10d8c3a991b97246edcef429be90a991d2995cc900d34a33be60b757c334c7c3ccd59958e3c8152b139c73ef9139db0f2c7b22c31ed468f941216a79e328cd95aef0ed075b140ce0f7cae262124a9251518ad0962350b6fecb9a90f607db258afc259137216936365e47eeedbeac1bfee9de684cdfd2c36b8967732c34465444139ba133c7ca6bc7ccff7045cac93ef5da4084e472d7a569e737ca20ea3809fa6d87848b8009320c7169105bc9aa0cab4238954f7872da3f84ad80949a004907915964a43262f53f14f84ec72009210a1e79c6acbfd7acf746b48ab787a480fe2700ea3acd4003c01907db3d7bfb174fa3328a2427498e87a22e8d78ffcba9e0b55400ac9e57b03f5a14a8d5c85b819d,gx-no-cache=1521643655777 HTTP/1.1" 200 30
186.79.172.104 - - [21/Mar/2018:11:48:30 -0300] "POST /cormun/servlet/solicitudot?gx-no-cache=1521643660844 HTTP/1.1" 200 30
186.79.172.104 - - [21/Mar/2018:11:48:33 -0300] "POST /cormun/servlet/solicitudot?gx-no-cache=1521643664262 HTTP/1.1" 200 1333
186.79.172.104 - - [21/Mar/2018:11:48:33 -0300] "POST /cormun/servlet/solicitudot?gx-no-cache=1521643664444 HTTP/1.1" 200 38
200.72.197.82 - - [21/Mar/2018:11:48:45 -0300] "GET /cormun/servlet/solicitudot?80de2ffe3ea1b3714b819cc6bd74aa3528ff86182ddacfad975a4812615320fc,gx-no-cache=1521643673985 HTTP/1.1" 200 94
200.72.197.82 - - [21/Mar/2018:11:48:45 -0300] "GET /cormun/static/Shared/jqueryui/images/ui-bg_highlight-soft_100_c6c2c8_1x100.png HTTP/1.1" 404 1117
186.67.203.186 - - [21/Mar/2018:11:48:45 -0300] "GET /cormun/static/Shared/jqueryui/images/ui-bg_flat_55_994d53_40x100.png HTTP/1.1" 404 1097
186.103.161.206 - - [21/Mar/2018:11:48:46 -0300] "GET /cormun/static/Shared/jqueryui/images/ui-icons_82798d_256x240.png HTTP/1.1" 404 1089
200.111.122.170 - - [21/Mar/2018:11:48:46 -0300] "GET /cormun/servlet/solicitudot?80de2ffe3ea1b3714b819cc6bd74aa35e4e8d27e51edfed12c0651e6d2d0edf2,gx-no-cache=1521643674592 HTTP/1.1" 200 29
200.72.197.82 - - [21/Mar/2018:11:48:47 -0300] "GET /cormun/static/Shared/jqueryui/images/ui-icons_ebccce_256x240.png HTTP/1.1" 404 1089
190.151.100.218 - - [21/Mar/2018:11:49:14 -0300] "GET /cormun/servlet/solicitudot?80de2ffe3ea1b3714b819cc6bd74aa35a2f3ea986deb49a474100f1a2149d764fdca8fbd2aceaab6f1fecc17d713f150425a702762eabe3de91133cbc9f71461,gx-no-cache=1521643703392 HTTP/1.1" 200 30
186.79.172.104 - - [21/Mar/2018:11:49:15 -0300] "GET /cormun/servlet/solicitudot?1be9d68d482a6c459b0b80f325f28b83e5416d4187bd833702f905a10051d9f2c6180366003c86501f42e7f126e7260124c9abd11004eda802b3dcee463612b2c27630ba39b7053a287499b4198f2b4aa6a0f32d41a19c6c88d813140b789aa087c2bb9666217fcd854fcb26212ba561,gx-no-cache=1521643705841 HTTP/1.1" 200 29
186.79.172.104 - - [21/Mar/2018:11:49:15 -0300] "POST /cormun/servlet/solicitudot?gx-no-cache=1521643706058 HTTP/1.1" 200 1318
186.79.172.104 - - [21/Mar/2018:11:49:15 -0300] "POST /cormun/servlet/solicitudot?gx-no-cache=1521643706325 HTTP/1.1" 200 1215
190.151.100.218 - - [21/Mar/2018:11:49:18 -0300] "POST /cormun/servlet/solicitudot?gx-no-cache=1521643707385 HTTP/1.1" 200 256
190.151.100.218 - - [21/Mar/2018:11:49:24 -0300] "GET /cormun/servlet/solicitudot?80de2ffe3ea1b3714b819cc6bd74aa357516ae2862a620d4d241f7484b06208efb7ec05c897cb48386d8aaa9642be2a65de145edaf22821b622ff597549dd70357c20df49575e0cc99997eba89b35e24ec1c2a643a23ab28375c75372ea6f96a2c14d5bdb622f80eb4f536139309c4c30fa1701d5d8f2f342799aaaf5d54197212538bdcc51fcd75afae2137b26e9f0f24f78a3157e148f19bb7742f486e383bcc51b31c9155280b1facf551664d5bb9563b4d3977418943544782cd8c56d791f28f2d1eb01a305a533a8cf2d06ca98aebe68bb37d6c0cefb58fa9c70e4f7f23ba622267e743557d62c5ff60ac5cd5a50badb66938594023d1d4cd9ff2638315cb89d62a89dcb3ee1028be1ad89ad4ed8501b6fb7d2143237bf63c2cab37642e8bb5b166105219cede3d43189770ed621b311f1bf6d2177ff8f8cd46ac5507a946e8c709f339536ed87dddf79bf008f86609a685e9a477b259c76c4ed0944314907d06ff2fa501ecd8127ea252ee618056d2016aadeb3e455c9055657ea9c2bf,gx-no-cache=1521643713868 HTTP/1.1" 200 30
200.112.233.47 - - [21/Mar/2018:11:49:25 -0300] "GET /cormun/servlet/hlogin HTTP/1.1" 200 1720
200.112.233.47 - - [21/Mar/2018:11:49:25 -0300] "GET /cormun/static/Resources/Spanish/PXTools.css?11423723 HTTP/1.1" 200 16384
200.112.233.47 - - [21/Mar/2018:11:49:25 -0300] "GET /cormun/static/gxcfg.js?20175251213516 HTTP/1.1" 200 953
200.112.233.47 - - [21/Mar/2018:11:49:25 -0300] "GET /cormun/static/Resources/ComunLogin.png HTTP/1.1" 200 17326
200.112.233.47 - - [21/Mar/2018:11:49:25 -0300] "GET /cormun/static/Resources/PXToolsLoginTop.png HTTP/1.1" 200 1337
200.112.233.47 - - [21/Mar/2018:11:49:25 -0300] "GET /cormun/static/Resources/PXToolsLoginBackground.png HTTP/1.1" 200 1164
