200.112.233.47 - - [21/Mar/2018:11:49:25 -0300] "GET /cormun/static/Resources/PXToolsButtonRight21.png HTTP/1.1" 200 1283
200.112.233.47 - - [21/Mar/2018:11:49:25 -0300] "GET /cormun/static/Resources/PXToolsButtonLeft21.png HTTP/1.1" 200 1287
200.112.233.47 - - [21/Mar/2018:11:49:25 -0300] "GET /cormun/static/Resources/PXToolsButtonBackground2.png HTTP/1.1" 200 1181
200.112.233.47 - - [21/Mar/2018:11:49:25 -0300] "GET /cormun/static/Resources/PXToolsLoginBottom.png HTTP/1.1" 200 1389
200.112.233.47 - - [21/Mar/2018:11:49:25 -0300] "GET /cormun/static/Resources/indicator.gif HTTP/1.1" 200 1553
200.112.233.47 - - [21/Mar/2018:11:49:26 -0300] "GET /favicon.ico HTTP/1.1" 200 21630
190.151.100.218 - - [21/Mar/2018:11:49:28 -0300] "POST /cormun/servlet/solicitudot?gx-no-cache=1521643717062 HTTP/1.1" 200 30
200.112.233.47 - - [21/Mar/2018:11:49:35 -0300] "POST /cormun/servlet/hlogin?2ec0718b322defb1b77e2429868d148e,gx-no-cache=1521643722964 HTTP/1.1" 200 90
200.112.233.47 - - [21/Mar/2018:11:49:35 -0300] "GET /cormun/servlet/hpexe_link HTTP/1.1" 200 952
200.112.233.47 - - [21/Mar/2018:11:49:35 -0300] "GET /cormun/static/gxcfg.js?20177612121792 HTTP/1.1" 200 953
200.112.233.47 - - [21/Mar/2018:11:49:35 -0300] "GET /cormun/static/hpexe_link.js?20177612121795 HTTP/1.1" 200 625
200.112.233.47 - - [21/Mar/2018:11:49:35 -0300] "GET /cormun/static/Resources/Spanish/PXTools.css?1155365 HTTP/1.1" 200 40960
200.112.233.47 - - [21/Mar/2018:11:49:35 -0300] "GET /cormun/servlet/hhome HTTP/1.1" 200 4205
200.112.233.47 - - [21/Mar/2018:11:49:36 -0300] "GET /cormun/static/SmoothNavMenu/resources/ddsmoothmenu.css?1012540 HTTP/1.1" 200 2223
200.112.233.47 - - [21/Mar/2018:11:49:36 -0300] "GET /cormun/static/SmoothNavMenu/resources/ddsmoothmenu-v.css?1012540 HTTP/1.1" 200 1188
200.112.233.47 - - [21/Mar/2018:11:49:36 -0300] "GET /cormun/static/Shared/jqueryui/jquery-ui.min.css?1245370 HTTP/1.1" 200 16384
200.112.233.47 - - [21/Mar/2018:11:49:36 -0300] "GET /cormun/static/gxcfg.js?20175251212442 HTTP/1.1" 200 953
200.112.233.47 - - [21/Mar/2018:11:49:36 -0300] "GET /cormun/static/scaMessage/css/jquery.pnotify.default.css?1716380 HTTP/1.1" 200 1707
200.112.233.47 - - [21/Mar/2018:11:49:36 -0300] "GET /cormun/static/PXToolsJavascripts/pexe_cookies.js HTTP/1.1" 200 792
200.112.233.47 - - [21/Mar/2018:11:49:36 -0300] "GET /cormun/static/PXToolsJavascripts/pexe_menudivfix.js HTTP/1.1" 200 333
200.112.233.47 - - [21/Mar/2018:11:49:36 -0300] "GET /cormun/static/PXToolsJavascripts/pexe_oavdivfix.js HTTP/1.1" 200 639
200.112.233.47 - - [21/Mar/2018:11:49:36 -0300] "GET /cormun/static/PXToolsJavascripts/pexe_oav.js HTTP/1.1" 200 645
200.112.233.47 - - [21/Mar/2018:11:49:36 -0300] "GET /cormun/static/PXToolsJavascripts/pexe_picture.js HTTP/1.1" 200 689
200.112.233.47 - - [21/Mar/2018:11:49:36 -0300] "GET /cormun/static/PXToolsJavascripts/pexe_tabdivfix.js HTTP/1.1" 200 876
200.112.233.47 - - [21/Mar/2018:11:49:36 -0300] "GET /cormun/static/PXToolsJavascripts/PXToolsJavascriptsRender.js HTTP/1.1" 200 367
200.112.233.47 - - [21/Mar/2018:11:49:36 -0300] "GET /cormun/static/RunJS/RunJS.js HTTP/1.1" 200 288
200.112.233.47 - - [21/Mar/2018:11:49:36 -0300] "GET /cormun/static/hhome.js?20175251212450 HTTP/1.1" 200 777
200.112.233.47 - - [21/Mar/2018:11:49:36 -0300] "GET /cormun/static/hpexe_messagecontroller.js?20177611595012 HTTP/1.1" 200 870
200.112.233.47 - - [21/Mar/2018:11:49:36 -0300] "GET /cormun/static/hpexe_messagepopupcomponent.js?20161017169425 HTTP/1.1" 200 605
200.112.233.47 - - [21/Mar/2018:11:49:36 -0300] "GET /cormun/static/hpexe_messagegenexuscomponent.js?201752511465344 HTTP/1.1" 200 587
200.112.233.47 - - [21/Mar/2018:11:49:36 -0300] "GET /cormun/static/Resources/PXToolsHeaderActionsLeft.png HTTP/1.1" 200 1118
200.112.233.47 - - [21/Mar/2018:11:49:36 -0300] "GET /cormun/static/Resources/logo4.png HTTP/1.1" 200 6582
200.112.233.47 - - [21/Mar/2018:11:49:36 -0300] "GET /cormun/static/Resources/PXToolsHeaderHome.png HTTP/1.1" 200 4147
200.112.233.47 - - [21/Mar/2018:11:49:36 -0300] "GET /cormun/static/Resources/PXToolsHeaderLogin.png HTTP/1.1" 200 4279
200.112.233.47 - - [21/Mar/2018:11:49:36 -0300] "GET /cormun/static/Resources/PXToolsHeaderPreferences.png HTTP/1.1" 200 4189
200.112.233.47 - - [21/Mar/2018:11:49:36 -0300] "GET /cormun/static/Resources/PXToolsHeaderSecurity.png HTTP/1.1" 200 4166
200.112.233.47 - - [21/Mar/2018:11:49:36 -0300] "GET /cormun/static/Resources/PXToolsHeaderActionsRight.png HTTP/1.1" 200 1201
190.151.100.218 - - [21/Mar/2018:11:49:36 -0300] "POST /cormun/servlet/solicitudot?gx-no-cache=1521643725646 HTTP/1.1" 200 30
200.112.233.47 - - [21/Mar/2018:11:49:36 -0300] "GET /cormun/static/Resources/PXToolsHeaderActionsBackground.png HTTP/1.1" 200 484
200.112.233.47 - - [21/Mar/2018:11:49:36 -0300] "GET /cormun/static/Resources/PXToolsFooterBackground2.png HTTP/1.1" 200 1172
200.112.233.47 - - [21/Mar/2018:11:49:36 -0300] "GET /cormun/static/Resources/PXToolsHeaderBackground2.png HTTP/1.1" 200 1174
200.112.233.47 - - [21/Mar/2018:11:49:36 -0300] "GET /cormun/static/Resources/PXToolsDataTitle.png HTTP/1.1" 200 1173
200.112.233.47 - - [21/Mar/2018:11:49:38 -0300] "GET /cormun/static/SmoothNavMenu/resources/images/down.gif HTTP/1.1" 200 854
200.112.233.47 - - [21/Mar/2018:11:49:38 -0300] "GET /cormun/static/SmoothNavMenu/resources/images/right.gif HTTP/1.1" 200 860
200.112.233.47 - - [21/Mar/2018:11:49:38 -0300] "GET /cormun/servlet/hhome HTTP/1.1" 200 4202
190.151.100.218 - - [21/Mar/2018:11:49:38 -0300] "POST /cormun/servlet/solicitudot?gx-no-cache=1521643727166 HTTP/1.1" 200 1333
190.151.100.218 - - [21/Mar/2018:11:49:39 -0300] "POST /cormun/servlet/solicitudot?gx-no-cache=1521643728076 HTTP/1.1" 200 38
152.231.70.146 - - [21/Mar/2018:11:49:42 -0300] "POST /cormun/servlet/solicitudot?383cf0aed135a3e48938933c7eb796ac,INS,0,0,,gx-no-cache=1521643729914 HTTP/1.1" 200 93
152.231.70.146 - - [21/Mar/2018:11:49:42 -0300] "GET /cormun/servlet/hpexe_return? HTTP/1.1" 200 1002
152.231.70.146 - - [21/Mar/2018:11:49:42 -0300] "GET /cormun/servlet/trsolicitudot HTTP/1.1" 200 9317
152.231.70.146 - - [21/Mar/2018:11:49:43 -0300] "GET /cormun/servlet/trsolicitudot HTTP/1.1" 200 9313
200.112.233.47 - - [21/Mar/2018:11:49:43 -0300] "GET /cormun/servlet/trautorizarsolicitud? HTTP/1.1" 200 7319
200.112.233.47 - - [21/Mar/2018:11:49:43 -0300] "GET /cormun/static/calendar-system.css?85620 HTTP/1.1" 200 5572
200.112.233.47 - - [21/Mar/2018:11:49:43 -0300] "GET /cormun/static/gxui/gxui-all.css?120300 HTTP/1.1" 200 2179
200.112.233.47 - - [21/Mar/2018:11:49:43 -0300] "GET /cormun/static/gxcfg.js?2017111423403364 HTTP/1.1" 200 953
200.112.233.47 - - [21/Mar/2018:11:49:44 -0300] "GET /cormun/static/Resources/Spanish/PXTools.css?1255365 HTTP/1.1" 200 89042
200.112.233.47 - - [21/Mar/2018:11:49:44 -0300] "GET /cormun/static/Resources/PXTools/calendar.png HTTP/1.1" 200 1306
200.112.233.47 - - [21/Mar/2018:11:49:44 -0300] "GET /cormun/static/Resources/PXToolsDataSearch.png HTTP/1.1" 200 419
200.112.233.47 - - [21/Mar/2018:11:49:44 -0300] "GET /cormun/static/Resources/PXToolsGridLastDisabled.gif HTTP/1.1" 200 98
200.112.233.47 - - [21/Mar/2018:11:49:44 -0300] "GET /cormun/static/Resources/PXToolsGridNextDisabled.gif HTTP/1.1" 200 90
200.112.233.47 - - [21/Mar/2018:11:49:44 -0300] "GET /cormun/static/Resources/PXToolsGridFirstDisabled.gif HTTP/1.1" 200 100
200.112.233.47 - - [21/Mar/2018:11:49:44 -0300] "GET /cormun/static/Resources/PXToolsGridPreviousDisabled.gif HTTP/1.1" 200 90
200.112.233.47 - - [21/Mar/2018:11:49:44 -0300] "GET /cormun/static/Resources/PXToolsGridPage.gif HTTP/1.1" 200 725
200.112.233.47 - - [21/Mar/2018:11:49:44 -0300] "GET /cormun/static/Resources/PXToolsActionExcel.png HTTP/1.1" 200 3187
200.112.233.47 - - [21/Mar/2018:11:49:44 -0300] "GET /cormun/static/Resources/asc.gif HTTP/1.1" 200 67
200.112.233.47 - - [21/Mar/2018:11:49:44 -0300] "GET /cormun/static/Resources/desc.gif HTTP/1.1" 200 65
200.112.233.47 - - [21/Mar/2018:11:49:44 -0300] "GET /cormun/servlet/trautorizarsolicitud? HTTP/1.1" 200 7319
200.112.233.47 - - [21/Mar/2018:11:49:44 -0300] "GET /cormun/static/Shared/ext/resources/themes/images/default/panel/bg-headersPanel.png HTTP/1.1" 200 255
200.112.233.47 - - [21/Mar/2018:11:49:44 -0300] "GET /cormun/static/Shared/ext/resources/themes/images/default/tools/tool-sprites.gif HTTP/1.1" 200 5434
190.151.100.218 - - [21/Mar/2018:11:49:48 -0300] "POST /cormun/servlet/prfichaempleado?a9e4151febc83fffb791892af1d405b7,,MD,,gxPopupLevel%3D0%3B,gx-no-cache=1521643754152 HTTP/1.1" 200 3423
200.112.233.47 - - [21/Mar/2018:11:49:51 -0300] "POST /cormun/servlet/trautorizarsolicitud?2ec0718b322defb1b77e2429868d148e,,gx-no-cache=1521643738326 HTTP/1.1" 200 4405
190.151.100.218 - - [21/Mar/2018:11:49:51 -0300] "POST /cormun/servlet/solicitudot?gx-no-cache=1521643758220 HTTP/1.1" 200 3400
190.151.100.218 - - [21/Mar/2018:11:49:51 -0300] "POST /cormun/servlet/solicitudot?a9e4151febc83fffb791892af1d405b7,INS,0,0,,gx-no-cache=1521643758472 HTTP/1.1" 200 10375
190.151.100.218 - - [21/Mar/2018:11:49:51 -0300] "GET /cormun/servlet/solicitudot?bcf034eaa21c6014f085c0dbb8142207490824722aa77f6e758fd81842a46073ec4ddaa21e1ecaebbebb8c9d70b8f929,gx-no-cache=1521643758719 HTTP/1.1" 200 30
192.168.10.89 - - [21/Mar/2018:11:49:54 -0300] "POST /cormun/servlet/trsolicitudgral?e5b08cb7639f86c3e8d169b6a961b63d,,gx-no-cache=1521643628266 HTTP/1.1" 200 7328
200.112.233.47 - - [21/Mar/2018:11:49:55 -0300] "POST /cormun/servlet/trautorizarsolicitud?2ec0718b322defb1b77e2429868d148e,,gx-no-cache=1521643742996 HTTP/1.1" 200 14101
200.112.233.47 - - [21/Mar/2018:11:49:56 -0300] "GET /cormun//static/Resources/PXToolsGridDelete.png HTTP/1.1" 200 357
200.112.233.47 - - [21/Mar/2018:11:49:56 -0300] "GET /cormun//static/Resources/PXToolsGridUpdate.png HTTP/1.1" 200 2984
200.112.233.47 - - [21/Mar/2018:11:49:56 -0300] "GET /cormun//static/Resources/PXToolsActionView.png HTTP/1.1" 200 2995
200.112.233.47 - - [21/Mar/2018:11:49:56 -0300] "GET /cormun//static/Resources/PXTools/ActionInsert.png HTTP/1.1" 200 1482
200.112.233.47 - - [21/Mar/2018:11:49:56 -0300] "GET /cormun//static/Resources/PXToolsRemoveAllAction.png HTTP/1.1" 200 3558
190.151.100.218 - - [21/Mar/2018:11:49:58 -0300] "GET /cormun/servlet/solicitudot?bcf034eaa21c6014f085c0dbb8142207c8d2b4f9c8a913b3676f43214ea0df2bd4a1c635216e8c48bd8a0fee310c38d7d40e41bc4ed683f1d0dd620ecff56f4e,gx-no-cache=1521643765357 HTTP/1.1" 200 30
190.151.100.218 - - [21/Mar/2018:11:49:58 -0300] "GET /cormun/servlet/solicitudot?bcf034eaa21c6014f085c0dbb81422073553e168b1fa9c69eb04663833aabeaa,gx-no-cache=1521643765436 HTTP/1.1" 200 53
190.151.100.218 - - [21/Mar/2018:11:49:58 -0300] "POST /cormun/servlet/solicitudot?gx-no-cache=1521643765534 HTTP/1.1" 200 297
190.151.100.218 - - [21/Mar/2018:11:49:58 -0300] "GET /cormun/servlet/solicitudot?bcf034eaa21c6014f085c0dbb8142207f2ef733420d7dd02d87b64fba33c529d7f86e81da0f803d9e3f6cd2d58404bdaea41954b468bcd123dead7d797ff9dd8ce55abf65698ece92228462bc7edf46e033d8ae2642043e8f05a91344d24d250995e4127c822c3510729e7d3a6cf26fb036da9194d3c06ef2ee51fd0038620241a696306b51f683d30cceb19809a70a3e969c0ff0629c28cfb5df5a020535d000782bbc3ae57cd429352ecf153d97495d4fe5702bae651eda71da68beaabe6a4a0ac5ab3c644857207f59428d695932ed44a363eb66d7c7b1d8a31db61f6afb0337cadcfd967a39fb40109f94f42ce41586f33bd4825e53443128ede145e2bd6fe5d32632d03f0de63bd1f11eea8f7b76297b363456f3960b293bbe6eb1381d6a5afb2ad3917d81c0096db52fd5268dc4f734260c54cdd693d680e8503577a3ce31d9528961a9c6425c323f32949abb6e94dfd814433ffb439ec3a89b480aec9936178b8bdb26909033515a2d073e3082ebdb24c63a2632fe36a825fcdf9f4cab9fa5e7d0884d53e1b2e86c6e858bef8,gx-no-cache=1521643765629 HTTP/1.1" 200 30
190.151.100.218 - - [21/Mar/2018:11:49:58 -0300] "GET /cormun/servlet/solicitudot?80de2ffe3ea1b3714b819cc6bd74aa355be5eda164159bb170818db92001c9bb5ed86521a7aba3be1331fe2af5ed0410beb7057f664c02bdc49741adfa662bb9c49ee8d158992ffcb1c4ee97fe38d564313161db96130303304c0bcbe32c8f64c303755299401fd995932b9ee25a753a,gx-no-cache=1521643748249 HTTP/1.1" 200 29
190.151.100.218 - - [21/Mar/2018:11:49:59 -0300] "POST /cormun/servlet/solicitudot?gx-no-cache=1521643748396 HTTP/1.1" 200 1319
190.151.100.218 - - [21/Mar/2018:11:50:00 -0300] "POST /cormun/servlet/solicitudot?gx-no-cache=1521643749627 HTTP/1.1" 200 1215
190.151.100.218 - - [21/Mar/2018:11:50:01 -0300] "POST /cormun/servlet/solicitudot?gx-no-cache=1521643768257 HTTP/1.1" 200 30
190.151.100.218 - - [21/Mar/2018:11:50:06 -0300] "POST /cormun/servlet/solicitudot?gx-no-cache=1521643772887 HTTP/1.1" 200 30
190.151.100.218 - - [21/Mar/2018:11:50:07 -0300] "GET /cormun/servlet/prsolicitudot?15340383,,,,,MD,,gxPopupLevel%3D0%3B HTTP/1.1" 200 6167
190.151.100.218 - - [21/Mar/2018:11:50:11 -0300] "POST /cormun/servlet/solicitudot?gx-no-cache=1521643777976 HTTP/1.1" 200 1336
190.151.100.218 - - [21/Mar/2018:11:50:11 -0300] "POST /cormun/servlet/solicitudot?gx-no-cache=1521643778108 HTTP/1.1" 200 38
200.54.18.125 - - [21/Mar/2018:11:50:11 -0300] "POST /cormun/servlet/trsolicitudot?383cf0aed135a3e48938933c7eb796ac,gx-no-cache=1521643758508 HTTP/1.1" 200 5870
190.151.100.218 - - [21/Mar/2018:11:50:11 -0300] "GET /cormun/servlet/solicitudot?bcf034eaa21c6014f085c0dbb814220728bb9c86ca741f5b495676ccb7bb1eea835e7fcef458c6d4729bb1c3616b4ac248d81e4fbd78d32755f86b4d54c47fd2089e4d80b00c5178f82345bdb175be8467ed208da42774e3dd5270d10aca15a50b76db5e611acb4daea393a9701513ba,gx-no-cache=1521643778162 HTTP/1.1" 200 29
190.151.100.218 - - [21/Mar/2018:11:50:11 -0300] "POST /cormun/servlet/solicitudot?gx-no-cache=1521643778229 HTTP/1.1" 200 1319
200.54.18.125 - - [21/Mar/2018:11:50:11 -0300] "GET /cormun/static/Shared/jqueryui/images/ui-bg_highlight-soft_100_c6c2c8_1x100.png HTTP/1.1" 404 1117
152.231.70.146 - - [21/Mar/2018:11:50:11 -0300] "GET /cormun/static/Shared/jqueryui/images/ui-icons_82798d_256x240.png HTTP/1.1" 404 1089
200.54.18.125 - - [21/Mar/2018:11:50:11 -0300] "GET /cormun/static/Shared/jqueryui/images/ui-bg_flat_55_fafafa_40x100.png HTTP/1.1" 404 1097
200.54.18.125 - - [21/Mar/2018:11:50:11 -0300] "GET /cormun/static/Shared/jqueryui/images/ui-icons_8d78a5_256x240.png HTTP/1.1" 404 1089
190.151.100.218 - - [21/Mar/2018:11:50:11 -0300] "POST /cormun/servlet/solicitudot?gx-no-cache=1521643778314 HTTP/1.1" 200 1218
190.151.100.218 - - [21/Mar/2018:11:50:11 -0300] "GET /cormun/servlet/solicitudot?bcf034eaa21c6014f085c0dbb8142207599040216988f4d33fc2ae565ef19dfd1ac30104fc3891e6d79aaba233f71761,gx-no-cache=1521643778408 HTTP/1.1" 200 30
186.67.84.236 - - [21/Mar/2018:11:50:11 -0300] "POST /cormun/servlet/trsolicitudot?383cf0aed135a3e48938933c7eb796ac,gx-no-cache=1521643759185 HTTP/1.1" 200 5814
190.151.100.218 - - [21/Mar/2018:11:50:13 -0300] "GET /cormun/static/menuarrow.gif HTTP/1.1" 404 1015
190.151.100.218 - - [21/Mar/2018:11:50:17 -0300] "GET /cormun/servlet/solicitudot?80de2ffe3ea1b3714b819cc6bd74aa35c6ca5bc2280f0e412fb6295eaa18e6df529577fcff81dcebcf5a6f787df202d7,gx-no-cache=1521643766533 HTTP/1.1" 200 30
190.151.100.218 - - [21/Mar/2018:11:50:24 -0300] "POST /cormun/servlet/solicitudot?gx-no-cache=1521643773224 HTTP/1.1" 200 30
190.151.100.218 - - [21/Mar/2018:11:50:26 -0300] "POST /cormun/servlet/solicitudot?gx-no-cache=1521643792943 HTTP/1.1" 200 1318
190.151.100.218 - - [21/Mar/2018:11:50:26 -0300] "POST /cormun/servlet/solicitudot?gx-no-cache=1521643793106 HTTP/1.1" 200 1218
190.151.100.218 - - [21/Mar/2018:11:50:26 -0300] "POST /cormun/servlet/solicitudot?gx-no-cache=1521643793241 HTTP/1.1" 200 33
186.103.132.155 - - [21/Mar/2018:11:50:55 -0300] "GET /cormun/servlet/solicitudot?80de2ffe3ea1b3714b819cc6bd74aa357516ae2862a620d4d241f7484b06208efb7ec05c897cb48386d8aaa9642be2a65de145edaf22821b622ff597549dd70357c20df49575e0cc99997eba89b35e24ec1c2a643a23ab28375c75372ea6f96a2c14d5bdb622f80eb4f536139309c4c30fa1701d5d8f2f342799aaaf5d54197212538bdcc51fcd75afae2137b26e9f0f24f78a3157e148f19bb7742f486e383bcc51b31c9155280b1facf551664d5bb9563b4d3977418943544782cd8c56d791f28f2d1eb01a305a533a8cf2d06ca98aebe68bb37d6c0cefb58fa9c70e4f7f23ba622267e743557d62c5ff60ac5cd5a50badb66938594023d1d4cd9ff2638315cb89d62a89dcb3ee1028be1ad89ad4ed8501b6fb7d2143237bf63c2cab37642e8bb5b166105219cede3d43189770ed621b311f1bf6d2177ff8f8cd46ac5507a946e8c709f339536ed87dddf79bf008f86609a685e9a477b259c76c4ed0944314907d06ff2fa501ecd8127ea252ee61800bdc4a27dd586c7f46d7c5e845bebeeb,gx-no-cache=1521643804941 HTTP/1.1" 200 30
186.103.132.155 - - [21/Mar/2018:11:50:56 -0300] "POST /cormun/servlet/solicitudot?gx-no-cache=1521643805252 HTTP/1.1" 200 30
186.103.132.155 - - [21/Mar/2018:11:50:57 -0300] "POST /cormun/servlet/solicitudot?gx-no-cache=1521643806029 HTTP/1.1" 200 1334
186.103.132.155 - - [21/Mar/2018:11:50:57 -0300] "POST /cormun/servlet/solicitudot?gx-no-cache=1521643806508 HTTP/1.1" 200 41
186.103.132.155 - - [21/Mar/2018:11:50:57 -0300] "POST /cormun/servlet/solicitudot?gx-no-cache=1521643806783 HTTP/1.1" 200 1319
186.103.132.155 - - [21/Mar/2018:11:50:57 -0300] "POST /cormun/servlet/solicitudot?gx-no-cache=1521643807159 HTTP/1.1" 200 1217
186.103.132.155 - - [21/Mar/2018:11:50:58 -0300] "GET /cormun/servlet/solicitudot?80de2ffe3ea1b3714b819cc6bd74aa35c6ca5bc2280f0e412fb6295eaa18e6df529577fcff81dcebcf5a6f787df202d7,gx-no-cache=1521643807324 HTTP/1.1" 200 30
186.103.132.155 - - [21/Mar/2018:11:50:58 -0300] "POST /cormun/servlet/solicitudot?gx-no-cache=1521643807436 HTTP/1.1" 200 30
186.103.132.155 - - [21/Mar/2018:11:50:59 -0300] "POST /cormun/servlet/solicitudot?1973ec7cc1250c97511f7b7b716f0aab,INS,0,0,,gx-no-cache=1521643807658 HTTP/1.1" 200 93
186.103.132.155 - - [21/Mar/2018:11:51:00 -0300] "GET /cormun/servlet/hpexe_return? HTTP/1.1" 200 1002
186.103.132.155 - - [21/Mar/2018:11:51:00 -0300] "GET /cormun/servlet/trsolicitudot HTTP/1.1" 200 8749
186.103.132.155 - - [21/Mar/2018:11:51:03 -0300] "GET /cormun/servlet/trsolicitudot HTTP/1.1" 200 8745
186.79.172.104 - - [21/Mar/2018:11:51:05 -0300] "GET /cormun/servlet/solicitudot?1be9d68d482a6c459b0b80f325f28b836d03946a1517ed587f9b4c12c6fd00af408f2dc8b954a3cad7a7a7b0b3d74aeb,gx-no-cache=1521643815635 HTTP/1.1" 200 30
186.67.203.186 - - [21/Mar/2018:11:51:05 -0300] "POST /cormun/servlet/solicitudot?a9e4151febc83fffb791892af1d405b7,INS,0,0,,gx-no-cache=1521643831819 HTTP/1.1" 200 93
186.67.203.186 - - [21/Mar/2018:11:51:05 -0300] "GET /cormun/servlet/hpexe_return? HTTP/1.1" 200 1003
186.67.203.186 - - [21/Mar/2018:11:51:05 -0300] "GET /cormun/servlet/trsolicitudot HTTP/1.1" 200 9049
186.67.203.186 - - [21/Mar/2018:11:51:06 -0300] "GET /cormun/servlet/trsolicitudot HTTP/1.1" 200 9045
186.67.203.186 - - [21/Mar/2018:11:51:10 -0300] "POST /cormun/servlet/trsolicitudot?a9e4151febc83fffb791892af1d405b7,gx-no-cache=1521643836187 HTTP/1.1" 200 5699
186.67.203.186 - - [21/Mar/2018:11:51:10 -0300] "GET /cormun/static/Shared/jqueryui/images/ui-bg_highlight-soft_100_c6c2c8_1x100.png HTTP/1.1" 404 1117
200.111.122.170 - - [21/Mar/2018:11:51:10 -0300] "GET /cormun/static/Shared/jqueryui/images/ui-icons_82798d_256x240.png HTTP/1.1" 404 1089
200.111.122.170 - - [21/Mar/2018:11:51:10 -0300] "GET /cormun/static/Shared/jqueryui/images/ui-bg_flat_55_fafafa_40x100.png HTTP/1.1" 404 1097
186.67.203.186 - - [21/Mar/2018:11:51:10 -0300] "GET /cormun/static/Shared/jqueryui/images/ui-icons_8d78a5_256x240.png HTTP/1.1" 404 1089
200.111.122.170 - - [21/Mar/2018:11:51:10 -0300] "POST /cormun/servlet/trsolicitudot?a9e4151febc83fffb791892af1d405b7,gx-no-cache=1521643837010 HTTP/1.1" 200 5642
186.79.172.104 - - [21/Mar/2018:11:51:14 -0300] "POST /cormun/servlet/solicitudot?gx-no-cache=1521643824466 HTTP/1.1" 200 30
200.111.122.170 - - [21/Mar/2018:11:51:19 -0300] "GET /cormun/servlet/hlogin HTTP/1.1" 200 1734
200.111.122.170 - - [21/Mar/2018:11:51:30 -0300] "POST /cormun/servlet/hlogin?a9e4151febc83fffb791892af1d405b7,gx-no-cache=1521643856823 HTTP/1.1" 200 90
200.111.122.170 - - [21/Mar/2018:11:51:30 -0300] "GET /cormun/servlet/hpexe_link HTTP/1.1" 200 948
200.111.122.170 - - [21/Mar/2018:11:51:30 -0300] "GET /cormun/servlet/hhome HTTP/1.1" 200 4185
200.111.122.170 - - [21/Mar/2018:11:51:30 -0300] "GET /cormun/servlet/hhome HTTP/1.1" 200 4181
192.168.10.89 - - [21/Mar/2018:11:51:31 -0300] "POST /cormun/servlet/trsolicitudgral?e5b08cb7639f86c3e8d169b6a961b63d,,gx-no-cache=1521643725087 HTTP/1.1" 200 7292
186.67.203.186 - - [21/Mar/2018:11:51:33 -0300] "POST /cormun/servlet/trsolicitudot?1973ec7cc1250c97511f7b7b716f0aab,gx-no-cache=1521643841973 HTTP/1.1" 200 6022
186.67.203.186 - - [21/Mar/2018:11:51:34 -0300] "GET /cormun/static/Shared/jqueryui/images/ui-bg_highlight-soft_100_c6c2c8_1x100.png HTTP/1.1" 404 1117
200.111.122.170 - - [21/Mar/2018:11:51:34 -0300] "GET /cormun/static/Shared/jqueryui/images/ui-icons_82798d_256x240.png HTTP/1.1" 404 1089
186.67.203.186 - - [21/Mar/2018:11:51:34 -0300] "GET /cormun/static/Shared/jqueryui/images/ui-bg_flat_55_fafafa_40x100.png HTTP/1.1" 404 1097
190.151.100.218 - - [21/Mar/2018:11:51:34 -0300] "GET /cormun/static/Shared/jqueryui/images/ui-icons_8d78a5_256x240.png HTTP/1.1" 404 1089
186.103.161.206 - - [21/Mar/2018:11:51:34 -0300] "GET /cormun/servlet/trautorizarsolicitud? HTTP/1.1" 200 8667
186.103.161.206 - - [21/Mar/2018:11:51:34 -0300] "GET /cormun/static/gxcfg.js?2017111423403364 HTTP/1.1" 304 -
186.103.161.206 - - [21/Mar/2018:11:51:35 -0300] "GET /cormun/servlet/trautorizarsolicitud? HTTP/1.1" 200 8667
186.103.161.206 - - [21/Mar/2018:11:51:38 -0300] "POST /cormun/servlet/trautorizarsolicitud?a9e4151febc83fffb791892af1d405b7,,gx-no-cache=1521643865075 HTTP/1.1" 200 4599
186.103.161.206 - - [21/Mar/2018:11:51:38 -0300] "GET /cormun/static/Shared/jqueryui/images/ui-bg_highlight-soft_100_c6c2c8_1x100.png HTTP/1.1" 404 1117
186.67.203.186 - - [21/Mar/2018:11:51:38 -0300] "GET /cormun/static/Shared/jqueryui/images/ui-bg_flat_55_fafafa_40x100.png HTTP/1.1" 404 1097
186.103.161.206 - - [21/Mar/2018:11:51:38 -0300] "GET /cormun/static/Shared/jqueryui/images/ui-icons_82798d_256x240.png HTTP/1.1" 404 1089
186.103.161.206 - - [21/Mar/2018:11:51:38 -0300] "GET /cormun/static/Shared/jqueryui/images/ui-icons_8d78a5_256x240.png HTTP/1.1" 404 1089
200.72.197.82 - - [21/Mar/2018:11:51:38 -0300] "POST /cormun/servlet/trautorizarsolicitud?a9e4151febc83fffb791892af1d405b7,,gx-no-cache=1521643865442 HTTP/1.1" 200 4370
200.72.197.82 - - [21/Mar/2018:11:51:48 -0300] "GET /cormun/servlet/hlogin HTTP/1.1" 200 1739
190.151.100.218 - - [21/Mar/2018:11:51:49 -0300] "POST /cormun/servlet/trsolicitudot?1973ec7cc1250c97511f7b7b716f0aab,gx-no-cache=1521643855153 HTTP/1.1" 200 107
190.151.100.218 - - [21/Mar/2018:11:51:49 -0300] "GET /cormun/servlet/trsolicitudadjuntos?2018,10750, HTTP/1.1" 200 6284
190.151.100.218 - - [21/Mar/2018:11:51:50 -0300] "GET /cormun/servlet/trsolicitudadjuntos?2018,10750, HTTP/1.1" 200 6284
190.151.100.218 - - [21/Mar/2018:11:52:02 -0300] "GET /cormun/servlet/solicitudotadjuntos?INS,2018,10750,,1, HTTP/1.1" 200 6232
190.151.100.218 - - [21/Mar/2018:11:52:03 -0300] "GET /cormun/servlet/solicitudotadjuntos?INS,2018,10750,,1, HTTP/1.1" 200 6225
200.72.197.82 - - [21/Mar/2018:11:52:03 -0300] "GET /cormun/servlet/solicitudotadjuntos?80de2ffe3ea1b3714b819cc6bd74aa3518598512040c2fb0b7aca887848e6153e60ff6eba6c3d8fbec9c2cc06c0d1ffc,gx-no-cache=1521643872782 HTTP/1.1" 200 30
190.151.100.218 - - [21/Mar/2018:11:52:04 -0300] "GET /cormun/static/about:blank HTTP/1.1" 404 1011
200.72.197.82 - - [21/Mar/2018:11:52:04 -0300] "POST /cormun/servlet/solicitudotadjuntos?1973ec7cc1250c97511f7b7b716f0aab,INS,2018,10750,,1,,gx-no-cache=1521643873361 HTTP/1.1" 200 3977
200.72.197.82 - - [21/Mar/2018:11:52:22 -0300] "POST /cormun/servlet/solicitudotadjuntos?gx-no-cache=1521643890417 HTTP/1.1" 200 26
192.168.10.89 - - [21/Mar/2018:11:52:36 -0300] "GET /cormun/servlet/vesolicitudgral?2018,10030,, HTTP/1.1" 200 9522
192.168.10.89 - - [21/Mar/2018:11:52:36 -0300] "GET /cormun/pexe_scrolldiv.js HTTP/1.1" 404 1009
192.168.10.89 - - [21/Mar/2018:11:52:38 -0300] "GET /cormun/servlet/vesolicitudgral?2018,10030,,SolicitudOTAdjuntos HTTP/1.1" 200 11702
192.168.10.89 - - [21/Mar/2018:11:52:38 -0300] "GET /cormun/pexe_scrolldiv.js HTTP/1.1" 404 1009
200.112.233.47 - - [21/Mar/2018:11:52:39 -0300] "GET /cormun/servlet/veautorizarsolicitud?2018,10723,, HTTP/1.1" 200 8595
200.112.233.47 - - [21/Mar/2018:11:52:39 -0300] "GET /cormun/static/gxcfg.js?2017111423404691 HTTP/1.1" 200 953
200.112.233.47 - - [21/Mar/2018:11:52:39 -0300] "GET /cormun/pexe_scrolldiv.js HTTP/1.1" 404 1009
200.112.233.47 - - [21/Mar/2018:11:52:39 -0300] "GET /cormun/static/hwcviewtabs.js?20177611594913 HTTP/1.1" 200 1074
200.112.233.47 - - [21/Mar/2018:11:52:39 -0300] "GET /cormun/static/Resources/PXToolsTabFirstSelected.png HTTP/1.1" 200 1259
200.112.233.47 - - [21/Mar/2018:11:52:39 -0300] "GET /cormun/static/hpexe_tabsview.js?201610171694228 HTTP/1.1" 200 1661
200.112.233.47 - - [21/Mar/2018:11:52:39 -0300] "GET /cormun/static/veautorizarsolicitud.js?2017111423404756 HTTP/1.1" 200 6140
200.112.233.47 - - [21/Mar/2018:11:52:39 -0300] "GET /cormun/static/Resources/PXToolsTabLastUnselected.png HTTP/1.1" 200 1291
200.112.233.47 - - [21/Mar/2018:11:52:39 -0300] "GET /cormun/static/Resources/PXToolsTabPrevious.gif HTTP/1.1" 200 172
200.112.233.47 - - [21/Mar/2018:11:52:39 -0300] "GET /cormun/static/Resources/PXToolsTabNext.gif HTTP/1.1" 200 168
200.112.233.47 - - [21/Mar/2018:11:52:39 -0300] "GET /cormun/static/tbautorizarsolicitud01.js?2017111423392092 HTTP/1.1" 200 30580
200.112.233.47 - - [21/Mar/2018:11:52:39 -0300] "GET /cormun/pexe_scrolldiv.js HTTP/1.1" 404 1009
200.112.233.47 - - [21/Mar/2018:11:52:39 -0300] "GET /cormun/static/Resources/PXToolsButtonRight21.png HTTP/1.1" 200 1283
200.112.233.47 - - [21/Mar/2018:11:52:39 -0300] "GET /cormun/static/Resources/PXToolsButtonLeft21.png HTTP/1.1" 200 1287
200.112.233.47 - - [21/Mar/2018:11:52:39 -0300] "GET /cormun/static/Resources/PXToolsButtonBackground2.png HTTP/1.1" 200 1181
200.112.233.47 - - [21/Mar/2018:11:52:40 -0300] "GET /cormun/static/calendar-system.css HTTP/1.1" 200 5572
200.112.233.47 - - [21/Mar/2018:11:52:40 -0300] "GET /cormun/static/Resources/PXToolsTabSelectedUnselected.png HTTP/1.1" 200 1428
200.112.233.47 - - [21/Mar/2018:11:52:40 -0300] "GET /cormun/static/Resources/PXToolsTabUnselectedUnselected.png HTTP/1.1" 200 1459
200.112.233.47 - - [21/Mar/2018:11:52:40 -0300] "GET /cormun/static/Resources/PXToolsTabBackSelected.png HTTP/1.1" 200 1157
200.112.233.47 - - [21/Mar/2018:11:52:40 -0300] "GET /cormun/static/Resources/PXToolsTabBackUnselected.png HTTP/1.1" 200 1175
200.112.233.47 - - [21/Mar/2018:11:52:40 -0300] "GET /cormun/servlet/veautorizarsolicitud?2018,10723,, HTTP/1.1" 200 8594
192.168.10.89 - - [21/Mar/2018:11:52:40 -0300] "POST /cormun/servlet/acontrolpreferencessavestate?None,CDROGUETT,true HTTP/1.1" 200 35
200.72.197.82 - - [21/Mar/2018:11:52:41 -0300] "GET /cormun/servlet/solicitudotadjuntos?80de2ffe3ea1b3714b819cc6bd74aa351cd0a3d971ce15b9a56ee8b129893a9e,gx-no-cache=1521643910859 HTTP/1.1" 200 30
192.168.10.89 - - [21/Mar/2018:11:52:43 -0300] "GET /cormun/PublicTempStorage/fotocopia_carnet20180302_134330151421146.jpg HTTP/1.1" 200 177716
200.72.197.82 - - [21/Mar/2018:11:52:44 -0300] "GET /cormun/servlet/solicitudotadjuntos?80de2ffe3ea1b3714b819cc6bd74aa351cd0a3d971ce15b9a56ee8b129893a9e,gx-no-cache=1521643913530 HTTP/1.1" 200 30
192.168.10.89 - - [21/Mar/2018:11:52:45 -0300] "GET /cormun/servlet/vesolicitudgral?2018,10030,,SolicitudOTAdjuntos HTTP/1.1" 200 11699
192.168.10.89 - - [21/Mar/2018:11:52:46 -0300] "GET /cormun/pexe_scrolldiv.js HTTP/1.1" 404 1009
192.168.10.89 - - [21/Mar/2018:11:52:47 -0300] "POST /cormun/servlet/acontrolpreferencessavestate?None,CDROGUETT,true HTTP/1.1" 200 35
192.168.10.89 - - [21/Mar/2018:11:52:49 -0300] "POST /cormun/servlet/vesolicitudgral?e5b08cb7639f86c3e8d169b6a961b63d,2018,10030,,SolicitudOTAdjuntos,gx-no-cache=1521643803150 HTTP/1.1" 200 90
192.168.10.89 - - [21/Mar/2018:11:52:49 -0300] "GET /cormun/servlet/hpexe_link HTTP/1.1" 200 981
192.168.10.89 - - [21/Mar/2018:11:52:50 -0300] "GET /cormun/servlet/trsolicitudgral? HTTP/1.1" 200 10795
200.72.197.82 - - [21/Mar/2018:11:52:55 -0300] "POST /cormun/servlet/solicitudotadjuntos?1973ec7cc1250c97511f7b7b716f0aab,INS,2018,10750,,1, HTTP/1.1" 200 6497
200.72.197.82 - - [21/Mar/2018:11:52:55 -0300] "GET /cormun/static/Shared/jqueryui/images/ui-bg_highlight-soft_100_c6c2c8_1x100.png HTTP/1.1" 404 1117
190.151.100.218 - - [21/Mar/2018:11:52:55 -0300] "GET /cormun/static/Shared/jqueryui/images/ui-icons_82798d_256x240.png HTTP/1.1" 404 1089
190.151.100.218 - - [21/Mar/2018:11:52:55 -0300] "GET /cormun/static/Shared/jqueryui/images/ui-icons_ebccce_256x240.png HTTP/1.1" 404 1089
186.103.161.206 - - [21/Mar/2018:11:52:55 -0300] "GET /cormun/static/Shared/jqueryui/images/ui-bg_flat_55_994d53_40x100.png HTTP/1.1" 404 1097
192.168.10.89 - - [21/Mar/2018:11:52:56 -0300] "POST /cormun/servlet/trsolicitudgral?e5b08cb7639f86c3e8d169b6a961b63d,,gx-no-cache=1521643809340 HTTP/1.1" 200 7641
200.72.197.82 - - [21/Mar/2018:11:52:57 -0300] "GET /cormun/PrivateTempStorage/upload_00017123.jpg HTTP/1.1" 200 244542
192.168.10.89 - - [21/Mar/2018:11:52:59 -0300] "GET /cormun/servlet/vesolicitudgral?2018,9403,, HTTP/1.1" 200 9521
192.168.10.89 - - [21/Mar/2018:11:52:59 -0300] "GET /cormun/pexe_scrolldiv.js HTTP/1.1" 404 1009
192.168.10.89 - - [21/Mar/2018:11:53:01 -0300] "GET /cormun/servlet/vesolicitudgral?2018,9403,,SolicitudOTAdjuntos HTTP/1.1" 200 11862
192.168.10.89 - - [21/Mar/2018:11:53:01 -0300] "GET /cormun/pexe_scrolldiv.js HTTP/1.1" 404 1009
192.168.10.89 - - [21/Mar/2018:11:53:03 -0300] "POST /cormun/servlet/acontrolpreferencessavestate?None,CDROGUETT,true HTTP/1.1" 200 35
192.168.10.89 - - [21/Mar/2018:11:53:04 -0300] "GET /cormun/PublicTempStorage/carnet_identidad_mario20180116_102454351603957.jpg HTTP/1.1" 200 376538
192.168.10.89 - - [21/Mar/2018:11:53:15 -0300] "GET /cormun/servlet/vesolicitudgral?2018,9403,,SolicitudOTAdjuntos HTTP/1.1" 200 11865
192.168.10.89 - - [21/Mar/2018:11:53:15 -0300] "GET /cormun/pexe_scrolldiv.js HTTP/1.1" 404 1009
192.168.10.89 - - [21/Mar/2018:11:53:17 -0300] "POST /cormun/servlet/acontrolpreferencessavestate?None,CDROGUETT,true HTTP/1.1" 200 35
192.168.10.89 - - [21/Mar/2018:11:53:17 -0300] "GET /cormun/PublicTempStorage/afp_mario20180116_103717335622815.jpg HTTP/1.1" 200 192526
192.168.10.89 - - [21/Mar/2018:11:53:26 -0300] "GET /cormun/servlet/vesolicitudgral?2018,9403,,SolicitudOTAdjuntos HTTP/1.1" 200 11865
192.168.10.89 - - [21/Mar/2018:11:53:26 -0300] "GET /cormun/pexe_scrolldiv.js HTTP/1.1" 404 1009
192.168.10.89 - - [21/Mar/2018:11:53:27 -0300] "POST /cormun/servlet/acontrolpreferencessavestate?None,CDROGUETT,true HTTP/1.1" 200 35
192.168.10.89 - - [21/Mar/2018:11:53:28 -0300] "GET /cormun/PublicTempStorage/salud_mario20180116_103850061973547.jpg HTTP/1.1" 200 259998
192.168.10.89 - - [21/Mar/2018:11:53:36 -0300] "GET /cormun/servlet/vesolicitudgral?2018,9403,,SolicitudOTAdjuntos HTTP/1.1" 200 11864
192.168.10.89 - - [21/Mar/2018:11:53:36 -0300] "GET /cormun/pexe_scrolldiv.js HTTP/1.1" 404 1009
192.168.10.89 - - [21/Mar/2018:11:53:38 -0300] "POST /cormun/servlet/acontrolpreferencessavestate?None,CDROGUETT,true HTTP/1.1" 200 35
192.168.10.89 - - [21/Mar/2018:11:53:39 -0300] "GET /cormun/PublicTempStorage/antecedentes_mario20180116_102943222754022.jpg HTTP/1.1" 200 350022
192.168.10.89 - - [21/Mar/2018:11:53:46 -0300] "GET /cormun/servlet/vesolicitudgral?2018,9403,,SolicitudOTAdjuntos HTTP/1.1" 200 11865
192.168.10.89 - - [21/Mar/2018:11:53:46 -0300] "GET /cormun/pexe_scrolldiv.js HTTP/1.1" 404 1009
192.168.10.89 - - [21/Mar/2018:11:53:47 -0300] "POST /cormun/servlet/acontrolpreferencessavestate?None,CDROGUETT,true HTTP/1.1" 200 35
192.168.10.89 - - [21/Mar/2018:11:53:50 -0300] "GET /cormun/PublicTempStorage/curriculum_mario20180116_102343019198485.jpg HTTP/1.1" 200 412560
192.168.10.89 - - [21/Mar/2018:11:53:56 -0300] "GET /cormun/servlet/vesolicitudgral?2018,9403,,SolicitudOTAdjuntos HTTP/1.1" 200 11864
192.168.10.89 - - [21/Mar/2018:11:53:56 -0300] "GET /cormun/pexe_scrolldiv.js HTTP/1.1" 404 1009
192.168.10.89 - - [21/Mar/2018:11:53:57 -0300] "POST /cormun/servlet/acontrolpreferencessavestate?None,CDROGUETT,true HTTP/1.1" 200 35
192.168.10.89 - - [21/Mar/2018:11:53:58 -0300] "GET /cormun/PublicTempStorage/foto_mario20180116_102215274739629.jpg HTTP/1.1" 200 80681
192.168.10.89 - - [21/Mar/2018:11:54:00 -0300] "GET /cormun/servlet/vesolicitudgral?2018,9403,,SolicitudOTAdjuntos HTTP/1.1" 200 11864
192.168.10.89 - - [21/Mar/2018:11:54:00 -0300] "GET /cormun/pexe_scrolldiv.js HTTP/1.1" 404 1009
192.168.10.89 - - [21/Mar/2018:11:54:01 -0300] "POST /cormun/servlet/acontrolpreferencessavestate?None,CDROGUETT,true HTTP/1.1" 200 35
190.151.100.218 - - [21/Mar/2018:11:54:01 -0300] "POST /cormun/servlet/solicitudotadjuntos?1973ec7cc1250c97511f7b7b716f0aab,INS,2018,10750,,1, HTTP/1.1" 200 116
190.151.100.218 - - [21/Mar/2018:11:54:02 -0300] "GET /cormun/servlet/hpexe_return? HTTP/1.1" 200 1021
192.168.10.89 - - [21/Mar/2018:11:54:02 -0300] "GET /cormun/PublicTempStorage/certificado_titulo_mario20180116_102656464321269.jpg HTTP/1.1" 200 430705
190.151.100.218 - - [21/Mar/2018:11:54:02 -0300] "GET /cormun/servlet/trsolicitudadjuntos?2018,10750, HTTP/1.1" 200 6288
190.151.100.218 - - [21/Mar/2018:11:54:06 -0300] "GET /cormun/servlet/trsolicitudadjuntos?2018,10750, HTTP/1.1" 200 6284
192.168.10.89 - - [21/Mar/2018:11:54:14 -0300] "GET /cormun/servlet/vesolicitudgral?2018,9403,,SolicitudOTAdjuntos HTTP/1.1" 200 11863
192.168.10.89 - - [21/Mar/2018:11:54:14 -0300] "GET /cormun/pexe_scrolldiv.js HTTP/1.1" 404 1009
192.168.10.89 - - [21/Mar/2018:11:54:15 -0300] "POST /cormun/servlet/acontrolpreferencessavestate?None,CDROGUETT,true HTTP/1.1" 200 35
186.103.132.155 - - [21/Mar/2018:11:54:59 -0300] "GET /cormun/servlet/solicitudotadjuntos?INS,2018,10750,,1, HTTP/1.1" 200 6233
186.103.132.155 - - [21/Mar/2018:11:54:59 -0300] "GET /cormun/static/about:blank HTTP/1.1" 404 1011
186.103.132.155 - - [21/Mar/2018:11:55:00 -0300] "GET /cormun/servlet/solicitudotadjuntos?INS,2018,10750,,1, HTTP/1.1" 200 6226
186.103.132.155 - - [21/Mar/2018:11:55:10 -0300] "GET /cormun/servlet/solicitudotadjuntos?80de2ffe3ea1b3714b819cc6bd74aa3518598512040c2fb0b7aca887848e6153e60ff6eba6c3d8fbec9c2cc06c0d1ffc,gx-no-cache=1521644060127 HTTP/1.1" 200 30
186.103.132.155 - - [21/Mar/2018:11:55:11 -0300] "POST /cormun/servlet/solicitudotadjuntos?1973ec7cc1250c97511f7b7b716f0aab,INS,2018,10750,,1,,gx-no-cache=1521644060468 HTTP/1.1" 200 3978
186.103.132.155 - - [21/Mar/2018:11:55:17 -0300] "POST /cormun/servlet/solicitudotadjuntos?gx-no-cache=1521644065967 HTTP/1.1" 200 26
186.103.132.155 - - [21/Mar/2018:11:55:22 -0300] "GET /cormun/servlet/solicitudotadjuntos?80de2ffe3ea1b3714b819cc6bd74aa351cd0a3d971ce15b9a56ee8b129893a9e,gx-no-cache=1521644072106 HTTP/1.1" 200 30
186.103.132.155 - - [21/Mar/2018:11:55:22 -0300] "GET /cormun/servlet/solicitudotadjuntos?80de2ffe3ea1b3714b819cc6bd74aa351cd0a3d971ce15b9a56ee8b129893a9e,gx-no-cache=1521644072200 HTTP/1.1" 200 30
186.103.159.188 - - [21/Mar/2018:11:55:29 -0300] "GET /cormun/servlet/hlogin HTTP/1.1" 200 1724
186.103.159.188 - - [21/Mar/2018:11:55:38 -0300] "POST /cormun/servlet/hlogin?b9bf815e30e90b4a35365fe4920d0e64,gx-no-cache=1521644088988 HTTP/1.1" 200 90
186.103.159.188 - - [21/Mar/2018:11:55:38 -0300] "GET /cormun/servlet/hpexe_link HTTP/1.1" 200 950
186.103.159.188 - - [21/Mar/2018:11:55:38 -0300] "GET /cormun/servlet/hhome HTTP/1.1" 200 3946
186.103.159.188 - - [21/Mar/2018:11:55:39 -0300] "GET /cormun/servlet/hhome HTTP/1.1" 200 3943
190.161.236.41 - - [21/Mar/2018:11:55:42 -0300] "GET /cormun/servlet/trsolicitudot? HTTP/1.1" 200 7160
190.161.236.41 - - [21/Mar/2018:11:55:42 -0300] "GET /cormun/servlet/trsolicitudot? HTTP/1.1" 200 7160
190.161.236.41 - - [21/Mar/2018:11:55:54 -0300] "GET /cormun/servlet/solicitudot?INS,0,0, HTTP/1.1" 200 13398
190.161.236.41 - - [21/Mar/2018:11:55:54 -0300] "GET /cormun/servlet/solicitudot?INS,0,0, HTTP/1.1" 200 13402
186.103.132.155 - - [21/Mar/2018:11:56:35 -0300] "POST /cormun/servlet/solicitudotadjuntos?1973ec7cc1250c97511f7b7b716f0aab,INS,2018,10750,,1, HTTP/1.1" 200 116
186.103.132.155 - - [21/Mar/2018:11:56:35 -0300] "GET /cormun/servlet/hpexe_return? HTTP/1.1" 200 1021
186.103.132.155 - - [21/Mar/2018:11:56:36 -0300] "GET /cormun/servlet/trsolicitudadjuntos?2018,10750, HTTP/1.1" 200 8744
186.103.132.155 - - [21/Mar/2018:11:56:37 -0300] "GET /cormun/servlet/trsolicitudadjuntos?2018,10750, HTTP/1.1" 200 8738
186.103.159.188 - - [21/Mar/2018:11:56:48 -0300] "POST /cormun/servlet/solicitudot?gx-no-cache=1521644159285 HTTP/1.1" 200 3284
186.103.159.188 - - [21/Mar/2018:11:56:49 -0300] "POST /cormun/servlet/solicitudot?b9bf815e30e90b4a35365fe4920d0e64,INS,0,0,,gx-no-cache=1521644159605 HTTP/1.1" 200 10247
186.103.159.188 - - [21/Mar/2018:11:56:50 -0300] "GET /cormun/servlet/solicitudot?4311ee5fedb448cde579fbae046e813dc8ced3d669141f4203022a5118685d189f138e9e1a88b8e16d658bb32339c2bc,gx-no-cache=1521644160926 HTTP/1.1" 200 30
186.67.203.186 - - [21/Mar/2018:11:57:07 -0300] "GET /cormun/servlet/solicitudotadjuntos?INS,2018,10750,,1, HTTP/1.1" 200 6233
186.67.203.186 - - [21/Mar/2018:11:57:08 -0300] "GET /cormun/static/about:blank HTTP/1.1" 404 1011
200.72.197.82 - - [21/Mar/2018:11:57:08 -0300] "GET /cormun/servlet/solicitudotadjuntos?INS,2018,10750,,1, HTTP/1.1" 200 6226
200.72.197.82 - - [21/Mar/2018:11:57:08 -0300] "GET /cormun/servlet/solicitudotadjuntos?80de2ffe3ea1b3714b819cc6bd74aa3518598512040c2fb0b7aca887848e6153e60ff6eba6c3d8fbec9c2cc06c0d1ffc,gx-no-cache=1521644177941 HTTP/1.1" 200 30
200.72.197.82 - - [21/Mar/2018:11:57:09 -0300] "POST /cormun/servlet/solicitudotadjuntos?1973ec7cc1250c97511f7b7b716f0aab,INS,2018,10750,,1,,gx-no-cache=1521644178092 HTTP/1.1" 200 3978
186.79.172.104 - - [21/Mar/2018:11:57:18 -0300] "POST /cormun/servlet/solicitudot?4644728c1b8bb6f9a6122bbe7fae814a,INS,0,0,,gx-no-cache=1521644188179 HTTP/1.1" 200 93
186.79.172.104 - - [21/Mar/2018:11:57:18 -0300] "GET /cormun/servlet/hpexe_return? HTTP/1.1" 200 1006
186.79.172.104 - - [21/Mar/2018:11:57:19 -0300] "GET /cormun/servlet/trsolicitudot HTTP/1.1" 200 8507
186.79.172.104 - - [21/Mar/2018:11:57:20 -0300] "GET /cormun/servlet/trsolicitudot HTTP/1.1" 200 8503
190.151.100.218 - - [21/Mar/2018:11:57:42 -0300] "POST /cormun/servlet/solicitudotadjuntos?gx-no-cache=1521644211229 HTTP/1.1" 200 26
190.151.100.218 - - [21/Mar/2018:11:57:47 -0300] "GET /cormun/servlet/solicitudotadjuntos?80de2ffe3ea1b3714b819cc6bd74aa351cd0a3d971ce15b9a56ee8b129893a9e,gx-no-cache=1521644216893 HTTP/1.1" 200 30
190.151.100.218 - - [21/Mar/2018:11:57:47 -0300] "GET /cormun/servlet/solicitudotadjuntos?80de2ffe3ea1b3714b819cc6bd74aa351cd0a3d971ce15b9a56ee8b129893a9e,gx-no-cache=1521644217021 HTTP/1.1" 200 30
192.168.10.89 - - [21/Mar/2018:11:57:51 -0300] "GET /cormun/servlet/hlogin HTTP/1.1" 200 1761
190.151.100.218 - - [21/Mar/2018:11:57:55 -0300] "POST /cormun/servlet/solicitudotadjuntos?1973ec7cc1250c97511f7b7b716f0aab,INS,2018,10750,,1, HTTP/1.1" 200 116
190.151.100.218 - - [21/Mar/2018:11:57:55 -0300] "GET /cormun/servlet/hpexe_return? HTTP/1.1" 200 1021
190.151.100.218 - - [21/Mar/2018:11:57:57 -0300] "GET /cormun/servlet/trsolicitudadjuntos?2018,10750, HTTP/1.1" 200 8975
192.168.10.61 - - [21/Mar/2018:11:57:59 -0300] "GET /cormun/servlet/trsolicitudgral HTTP/1.1" 500 10
190.151.100.218 - - [21/Mar/2018:11:58:00 -0300] "GET /cormun/servlet/trsolicitudadjuntos?2018,10750, HTTP/1.1" 200 8975
192.168.10.61 - - [21/Mar/2018:11:58:01 -0300] "GET /cormun/servlet/vesolicitudgral?2018,10737,, HTTP/1.1" 200 7884
192.168.10.61 - - [21/Mar/2018:11:58:01 -0300] "GET /cormun/pexe_scrolldiv.js HTTP/1.1" 404 1009
192.168.10.61 - - [21/Mar/2018:11:58:02 -0300] "GET /cormun/pexe_scrolldiv.js HTTP/1.1" 404 1009
192.168.10.89 - - [21/Mar/2018:11:58:02 -0300] "POST /cormun/servlet/hlogin?e5b08cb7639f86c3e8d169b6a961b63d,gx-no-cache=1521644115693 HTTP/1.1" 200 90
192.168.10.89 - - [21/Mar/2018:11:58:02 -0300] "GET /cormun/servlet/hpexe_link HTTP/1.1" 200 953
192.168.10.61 - - [21/Mar/2018:11:58:02 -0300] "GET /cormun/servlet/hlogin HTTP/1.1" 200 1752
192.168.10.89 - - [21/Mar/2018:11:58:02 -0300] "GET /cormun/servlet/hhome HTTP/1.1" 200 4116
192.168.10.61 - - [21/Mar/2018:11:58:02 -0300] "GET /cormun/servlet/vesolicitudgral?2018,10737,, HTTP/1.1" 200 7883
192.168.10.89 - - [21/Mar/2018:11:58:07 -0300] "GET /cormun/servlet/trcontratounov2? HTTP/1.1" 200 16041
192.168.10.89 - - [21/Mar/2018:11:58:07 -0300] "GET /cormun/static/gxcfg.js?201752512124396 HTTP/1.1" 304 -
192.168.10.61 - - [21/Mar/2018:11:58:14 -0300] "POST /cormun/servlet/hlogin?677a2a2f249c07be9a6cd50532303f8f,gx-no-cache=1521644152083 HTTP/1.1" 200 90
192.168.10.61 - - [21/Mar/2018:11:58:14 -0300] "GET /cormun/servlet/hpexe_link HTTP/1.1" 200 970
192.168.10.61 - - [21/Mar/2018:11:58:14 -0300] "GET /cormun/servlet/vesolicitudgral?2018,10737,, HTTP/1.1" 200 8987
192.168.10.61 - - [21/Mar/2018:11:58:14 -0300] "GET /cormun/pexe_scrolldiv.js HTTP/1.1" 404 1009
192.168.10.61 - - [21/Mar/2018:11:58:14 -0300] "GET /cormun/pexe_scrolldiv.js HTTP/1.1" 404 1009
192.168.10.61 - - [21/Mar/2018:11:58:15 -0300] "GET /cormun/servlet/vesolicitudgral?2018,10737,, HTTP/1.1" 200 8985
190.151.100.218 - - [21/Mar/2018:11:58:17 -0300] "GET /cormun/servlet/solicitudotadjuntos?INS,2018,10750,,1, HTTP/1.1" 200 6233
192.168.10.61 - - [21/Mar/2018:11:58:17 -0300] "POST /cormun/servlet/vesolicitudgral?677a2a2f249c07be9a6cd50532303f8f,2018,10737,,,gx-no-cache=1521644155009 HTTP/1.1" 200 93
192.168.10.61 - - [21/Mar/2018:11:58:17 -0300] "GET /cormun/servlet/hpexe_return? HTTP/1.1" 200 1014
192.168.10.61 - - [21/Mar/2018:11:58:17 -0300] "GET /cormun/servlet/hhome HTTP/1.1" 200 4479
192.168.10.61 - - [21/Mar/2018:11:58:17 -0300] "GET /cormun/servlet/hhome HTTP/1.1" 200 4473
190.151.100.218 - - [21/Mar/2018:11:58:17 -0300] "GET /cormun/static/about:blank HTTP/1.1" 404 1011
190.151.100.218 - - [21/Mar/2018:11:58:18 -0300] "GET /cormun/servlet/solicitudotadjuntos?INS,2018,10750,,1, HTTP/1.1" 200 6226
190.151.100.218 - - [21/Mar/2018:11:58:18 -0300] "GET /cormun/servlet/solicitudotadjuntos?80de2ffe3ea1b3714b819cc6bd74aa3518598512040c2fb0b7aca887848e6153e60ff6eba6c3d8fbec9c2cc06c0d1ffc,gx-no-cache=1521644247969 HTTP/1.1" 200 30
190.151.100.218 - - [21/Mar/2018:11:58:19 -0300] "POST /cormun/servlet/solicitudotadjuntos?1973ec7cc1250c97511f7b7b716f0aab,INS,2018,10750,,1,,gx-no-cache=1521644248123 HTTP/1.1" 200 3978
192.168.10.61 - - [21/Mar/2018:11:58:21 -0300] "GET /cormun/servlet/trsolicitudgral? HTTP/1.1" 200 11159
192.168.10.61 - - [21/Mar/2018:11:58:21 -0300] "GET /cormun/servlet/trsolicitudgral? HTTP/1.1" 200 11156
192.168.10.89 - - [21/Mar/2018:11:58:24 -0300] "POST /cormun/servlet/trcontratounov2?e5b08cb7639f86c3e8d169b6a961b63d,,gx-no-cache=1521644137456 HTTP/1.1" 200 104
192.168.10.89 - - [21/Mar/2018:11:58:24 -0300] "POST /cormun/servlet/trcontratounov2?e5b08cb7639f86c3e8d169b6a961b63d,,gx-no-cache=1521644137659 HTTP/1.1" 200 15201
192.168.10.89 - - [21/Mar/2018:11:58:25 -0300] "GET /cormun/ContratoUnoV3-307.xls HTTP/1.1" 200 13824
192.168.10.89 - - [21/Mar/2018:11:58:28 -0300] "OPTIONS /cormun/ HTTP/1.1" 200 -
192.168.10.89 - - [21/Mar/2018:11:58:28 -0300] "OPTIONS /cormun/ HTTP/1.1" 200 -
190.151.100.218 - - [21/Mar/2018:11:58:31 -0300] "POST /cormun/servlet/solicitudotadjuntos?gx-no-cache=1521644260590 HTTP/1.1" 200 26
192.168.10.89 - - [21/Mar/2018:11:58:33 -0300] "HEAD /cormun/ContratoUnoV3-307.xls HTTP/1.1" 200 -
192.168.10.89 - - [21/Mar/2018:11:58:34 -0300] "HEAD /cormun/ContratoUnoV3-307.xls HTTP/1.1" 200 -
190.151.100.218 - - [21/Mar/2018:11:58:38 -0300] "GET /cormun/servlet/solicitudotadjuntos?80de2ffe3ea1b3714b819cc6bd74aa351cd0a3d971ce15b9a56ee8b129893a9e,gx-no-cache=1521644268195 HTTP/1.1" 200 30
192.168.10.89 - - [21/Mar/2018:11:58:39 -0300] "GET /cormun/ContratoUnoV3-307.xls HTTP/1.1" 200 13824
192.168.10.89 - - [21/Mar/2018:11:58:39 -0300] "HEAD /cormun/ContratoUnoV3-307.xls HTTP/1.1" 200 -
190.151.100.218 - - [21/Mar/2018:11:58:39 -0300] "GET /cormun/servlet/solicitudotadjuntos?80de2ffe3ea1b3714b819cc6bd74aa351cd0a3d971ce15b9a56ee8b129893a9e,gx-no-cache=1521644269111 HTTP/1.1" 200 30
190.151.100.218 - - [21/Mar/2018:11:58:42 -0300] "POST /cormun/servlet/solicitudotadjuntos?1973ec7cc1250c97511f7b7b716f0aab,INS,2018,10750,,1, HTTP/1.1" 200 116
190.151.100.218 - - [21/Mar/2018:11:58:43 -0300] "GET /cormun/servlet/hpexe_return? HTTP/1.1" 200 1021
186.103.159.188 - - [21/Mar/2018:11:58:44 -0300] "GET /cormun/servlet/prbanco?,MD,,gxPopupLevel%3D0%3B HTTP/1.1" 200 6567
190.151.100.218 - - [21/Mar/2018:11:58:45 -0300] "GET /cormun/servlet/trsolicitudadjuntos?2018,10750, HTTP/1.1" 200 9153
190.151.100.218 - - [21/Mar/2018:11:58:47 -0300] "GET /cormun/servlet/trsolicitudadjuntos?2018,10750, HTTP/1.1" 200 9149
186.103.159.188 - - [21/Mar/2018:11:58:49 -0300] "GET /cormun/servlet/solicitudot?4311ee5fedb448cde579fbae046e813dd8a694e9be9ede987de8a6fb7aa2aee9b8ae00289d4a15e60ea48a16121e32c332bdbb67f9863b607736c8d09f9dbaad,gx-no-cache=1521644280357 HTTP/1.1" 200 30
192.168.10.61 - - [21/Mar/2018:11:58:51 -0300] "POST /cormun/servlet/trsolicitudgral?677a2a2f249c07be9a6cd50532303f8f,,gx-no-cache=1521644189170 HTTP/1.1" 200 11600
186.103.159.188 - - [21/Mar/2018:11:58:52 -0300] "GET /cormun/servlet/solicitudot?4311ee5fedb448cde579fbae046e813dc233c129291e75621cc3bb19f551bd64,gx-no-cache=1521644282766 HTTP/1.1" 200 53
186.103.159.188 - - [21/Mar/2018:11:59:04 -0300] "POST /cormun/servlet/solicitudot?b9bf815e30e90b4a35365fe4920d0e64,INS,0,0,,gx-no-cache=1521644294483 HTTP/1.1" 200 10446
186.103.159.188 - - [21/Mar/2018:11:59:04 -0300] "GET /cormun/static/Shared/jqueryui/images/ui-bg_highlight-soft_100_c6c2c8_1x100.png HTTP/1.1" 404 1117
186.103.159.188 - - [21/Mar/2018:11:59:04 -0300] "GET /cormun/static/Shared/jqueryui/images/ui-icons_82798d_256x240.png HTTP/1.1" 404 1089
186.103.159.188 - - [21/Mar/2018:11:59:04 -0300] "GET /cormun/static/Shared/jqueryui/images/ui-bg_flat_55_fafafa_40x100.png HTTP/1.1" 404 1097
190.161.236.41 - - [21/Mar/2018:11:59:04 -0300] "GET /cormun/static/Shared/jqueryui/images/ui-icons_8d78a5_256x240.png HTTP/1.1" 404 1089
192.168.10.61 - - [21/Mar/2018:11:59:05 -0300] "POST /cormun/servlet/trsolicitudgral?677a2a2f249c07be9a6cd50532303f8f,,gx-no-cache=1521644202869 HTTP/1.1" 200 7238
190.161.236.41 - - [21/Mar/2018:11:59:07 -0300] "GET /cormun/servlet/solicitudot?4311ee5fedb448cde579fbae046e813dd8a694e9be9ede987de8a6fb7aa2aee9b8ae00289d4a15e60ea48a16121e32c3529d65811de602d68b4b76fdedcb295d,gx-no-cache=1521644298134 HTTP/1.1" 200 30
190.161.236.41 - - [21/Mar/2018:11:59:07 -0300] "GET /cormun/servlet/solicitudot?4311ee5fedb448cde579fbae046e813df31e5d15944dd4993f87bf0c484ead302f5dd7d6627f807433a278549e2ad4487ed33fdd992c4d6ce87515f3e0754ff8,gx-no-cache=1521644298214 HTTP/1.1" 200 53
190.161.236.41 - - [21/Mar/2018:11:59:07 -0300] "POST /cormun/servlet/solicitudot?gx-no-cache=1521644298286 HTTP/1.1" 200 297
190.161.236.41 - - [21/Mar/2018:11:59:09 -0300] "GET /cormun/servlet/solicitudot?4311ee5fedb448cde579fbae046e813d8bb46f540ebce49b681976dab325ba7e0922507eb3179e29dfbf9c225a7dc8e8d8c1a6a71f2f48dee795e64c9d8f8ae6f9b7047b2345c77222b3173f0ab274089e90a51c67c085381767f5104a8ddc559b2976909d2b96cb2395669e9a1c3759b692e0c7f70d830a126b293457fff4799b2b2596c09e9eb209f2b496ffd4a9d96522d65025a1574eed4fbed292d09fb784e9b3a20c9a16b1dc50cba79d478cd31d21d6f37bdd34380be3fde2ef459d71b70ec2982639050a1ffd6ad16c4a2d0a7be54f4db83787c0571b54a67ceacd5e0dc9895d23599e3cbf6df3ce2854fba20536fceeb2807ad15ed17095beb793e25d6ab181711cdb4c5bb712a0e01a702d245e309e88288bdcd2e4a9ea391b2c6f56d1ffe8818aac4086adc9488b11225d2ab4ba8a61ddc27cfd23c104db6308a6ba6e581577b806ae985cf0adbe9bc4924c7269bae99cbca2693f121eced67077d3e2144a66d7635791d75b9f82fd95012a078ebc49804ffa28f3598b65c3142b263c6d3164fd7db351cba6c4ed5b8b25,gx-no-cache=1521644299613 HTTP/1.1" 200 30
192.168.10.61 - - [21/Mar/2018:11:59:13 -0300] "GET /cormun/servlet/vesolicitudgral?2018,10751,, HTTP/1.1" 200 9053
192.168.10.61 - - [21/Mar/2018:11:59:13 -0300] "GET /cormun/pexe_scrolldiv.js HTTP/1.1" 404 1009
192.168.10.61 - - [21/Mar/2018:11:59:13 -0300] "GET /cormun/pexe_scrolldiv.js HTTP/1.1" 404 1009
192.168.10.61 - - [21/Mar/2018:11:59:13 -0300] "GET /cormun/servlet/vesolicitudgral?2018,10751,, HTTP/1.1" 200 9053
190.161.236.41 - - [21/Mar/2018:11:59:13 -0300] "POST /cormun/servlet/solicitudot?gx-no-cache=1521644304250 HTTP/1.1" 200 30
190.161.236.41 - - [21/Mar/2018:11:59:18 -0300] "POST /cormun/servlet/solicitudot?gx-no-cache=1521644309216 HTTP/1.1" 200 1333
190.161.236.41 - - [21/Mar/2018:11:59:18 -0300] "POST /cormun/servlet/solicitudot?gx-no-cache=1521644309341 HTTP/1.1" 200 38
200.112.233.47 - - [21/Mar/2018:11:59:53 -0300] "GET /cormun/servlet/veautorizarsolicitud?2018,10723,,SolicitudOTAdjuntos HTTP/1.1" 200 7437
200.112.233.47 - - [21/Mar/2018:11:59:53 -0300] "GET /cormun/pexe_scrolldiv.js HTTP/1.1" 404 1009
200.112.233.47 - - [21/Mar/2018:11:59:53 -0300] "GET /cormun/static/tbautorizarsolicitud02.js?2017111423391281 HTTP/1.1" 200 14747
200.112.233.47 - - [21/Mar/2018:11:59:53 -0300] "GET /cormun/pexe_scrolldiv.js HTTP/1.1" 404 1009
200.112.233.47 - - [21/Mar/2018:11:59:55 -0300] "GET /cormun/static/calendar-system.css HTTP/1.1" 200 5572
200.112.233.47 - - [21/Mar/2018:11:59:55 -0300] "GET /cormun/static/gxui/gxui-all.css HTTP/1.1" 200 2179
200.112.233.47 - - [21/Mar/2018:11:59:55 -0300] "GET /cormun/static/Shared/ext/resources/css/ext-all.css HTTP/1.1" 200 416045
200.112.233.47 - - [21/Mar/2018:11:59:55 -0300] "GET /cormun/static/Resources/PXToolsTabFirstUnselected.png HTTP/1.1" 200 1264
200.112.233.47 - - [21/Mar/2018:11:59:55 -0300] "GET /cormun/static/Resources/PXToolsTabUnselectedSelected.png HTTP/1.1" 200 1444
200.112.233.47 - - [21/Mar/2018:11:59:55 -0300] "GET /cormun/servlet/veautorizarsolicitud?2018,10723,,SolicitudOTAdjuntos HTTP/1.1" 200 7437
